03-14 03:51:08.243 2770 2770 I auditd : type=1400 audit(0.0:799): avc: denied { getattr } for comm="crash_dump64" path="/dev/__properties__/u:object_r:vendor_bluetooth_prop:s0" dev="tmpfs" ino=3481 scontext=u:r:crash_dump:s0 tcontext=u:object_r:vendor_bluetooth_prop:s0 tclass=file permissive=1
03-14 03:51:08.243 2770 2770 I auditd : type=1400 audit(0.0:800): avc: denied { map } for comm="crash_dump64" path="/dev/__properties__/u:object_r:vendor_bluetooth_prop:s0" dev="tmpfs" ino=3481 scontext=u:r:crash_dump:s0 tcontext=u:object_r:vendor_bluetooth_prop:s0 tclass=file permissive=1
03-14 03:51:08.243 2770 2770 I auditd : type=1400 audit(0.0:801): avc: denied { open } for comm="crash_dump64" path="/dev/__properties__/u:object_r:vendor_audio_prop:s0" dev="tmpfs" ino=3480 scontext=u:r:crash_dump:s0 tcontext=u:object_r:vendor_audio_prop:s0 tclass=file permissive=1
03-14 03:51:08.243 2770 2770 I auditd : type=1400 audit(0.0:802): avc: denied { getattr } for comm="crash_dump64" path="/dev/__properties__/u:object_r:vendor_audio_prop:s0" dev="tmpfs" ino=3480 scontext=u:r:crash_dump:s0 tcontext=u:object_r:vendor_audio_prop:s0 tclass=file permissive=1
03-14 03:51:08.247 2770 2770 I auditd : type=1400 audit(0.0:803): avc: denied { open } for comm="crash_dump64" path="/dev/__properties__/u:object_r:vendor_alarm_boot_prop:s0" dev="tmpfs" ino=3479 scontext=u:r:crash_dump:s0 tcontext=u:object_r:vendor_alarm_boot_prop:s0 tclass=file permissive=1
03-14 03:51:08.247 2770 2770 I auditd : type=1400 audit(0.0:804): avc: denied { getattr } for comm="crash_dump64" path="/dev/__properties__/u:object_r:vendor_alarm_boot_prop:s0" dev="tmpfs" ino=3479 scontext=u:r:crash_dump:s0 tcontext=u:object_r:vendor_alarm_boot_prop:s0 tclass=file permissive=1
03-14 03:51:08.247 2770 2770 I auditd : type=1400 audit(0.0:805): avc: denied { map } for comm="crash_dump64" path="/dev/__properties__/u:object_r:vendor_alarm_boot_prop:s0" dev="tmpfs" ino=3479 scontext=u:r:crash_dump:s0 tcontext=u:object_r:vendor_alarm_boot_prop:s0 tclass=file permissive=1
03-14 03:51:08.251 2770 2770 I auditd : type=1400 audit(0.0:806): avc: denied { getattr } for comm="crash_dump64" path="/dev/__properties__/u:object_r:vendor_adsprpc_prop:s0" dev="tmpfs" ino=3478 scontext=u:r:crash_dump:s0 tcontext=u:object_r:vendor_adsprpc_prop:s0 tclass=file permissive=1
03-14 03:51:08.251 2770 2770 I auditd : type=1400 audit(0.0:807): avc: denied { map } for comm="crash_dump64" path="/dev/__properties__/u:object_r:vendor_adsprpc_prop:s0" dev="tmpfs" ino=3478 scontext=u:r:crash_dump:s0 tcontext=u:object_r:vendor_adsprpc_prop:s0 tclass=file permissive=1
03-14 03:51:08.251 2770 2770 I auditd : type=1400 audit(0.0:808): avc: denied { open } for comm="crash_dump64" path="/dev/__properties__/u:object_r:vehicle_hal_prop:s0" dev="tmpfs" ino=3477 scontext=u:r:crash_dump:s0 tcontext=u:object_r:vehicle_hal_prop:s0 tclass=file permissive=1
03-14 03:51:08.251 2770 2770 I auditd : type=1400 audit(0.0:809): avc: denied { getattr } for comm="crash_dump64" path="/dev/__properties__/u:object_r:vehicle_hal_prop:s0" dev="tmpfs" ino=3477 scontext=u:r:crash_dump:s0 tcontext=u:object_r:vehicle_hal_prop:s0 tclass=file permissive=1
03-14 03:51:08.255 2770 2770 I auditd : type=1400 audit(0.0:810): avc: denied { open } for comm="crash_dump64" path="/dev/__properties__/u:object_r:recovery_config_prop:s0" dev="tmpfs" ino=3434 scontext=u:r:crash_dump:s0 tcontext=u:object_r:recovery_config_prop:s0 tclass=file permissive=1
03-14 03:51:08.255 2770 2770 I auditd : type=1400 audit(0.0:811): avc: denied { getattr } for comm="crash_dump64" path="/dev/__properties__/u:object_r:recovery_config_prop:s0" dev="tmpfs" ino=3434 scontext=u:r:crash_dump:s0 tcontext=u:object_r:recovery_config_prop:s0 tclass=file permissive=1
03-14 03:51:08.255 2770 2770 I auditd : type=1400 audit(0.0:812): avc: denied { map } for comm="crash_dump64" path="/dev/__properties__/u:object_r:recovery_config_prop:s0" dev="tmpfs" ino=3434 scontext=u:r:crash_dump:s0 tcontext=u:object_r:recovery_config_prop:s0 tclass=file permissive=1
03-14 03:51:08.255 2770 2770 I auditd : type=1400 audit(0.0:813): avc: denied { open } for comm="crash_dump64" path="/dev/__properties__/u:object_r:rebootescrow_hal_prop:s0" dev="tmpfs" ino=3433 scontext=u:r:crash_dump:s0 tcontext=u:object_r:rebootescrow_hal_prop:s0 tclass=file permissive=1
03-14 03:51:08.255 2770 2770 I auditd : type=1400 audit(0.0:814): avc: denied { getattr } for comm="crash_dump64" path="/dev/__properties__/u:object_r:rebootescrow_hal_prop:s0" dev="tmpfs" ino=3433 scontext=u:r:crash_dump:s0 tcontext=u:object_r:rebootescrow_hal_prop:s0 tclass=file permissive=1
03-14 03:51:08.255 2770 2770 I auditd : type=1400 audit(0.0:815): avc: denied { map } for comm="crash_dump64" path="/dev/__properties__/u:object_r:rebootescrow_hal_prop:s0" dev="tmpfs" ino=3433 scontext=u:r:crash_dump:s0 tcontext=u:object_r:rebootescrow_hal_prop:s0 tclass=file permissive=1
03-14 03:51:08.255 2770 2770 I auditd : type=1400 audit(0.0:816): avc: denied { open } for comm="crash_dump64" path="/dev/__properties__/u:object_r:radio_cdma_ecm_prop:s0" dev="tmpfs" ino=3430 scontext=u:r:crash_dump:s0 tcontext=u:object_r:radio_cdma_ecm_prop:s0 tclass=file permissive=1
03-14 03:51:08.255 2770 2770 I auditd : type=1400 audit(0.0:817): avc: denied { getattr } for comm="crash_dump64" path="/dev/__properties__/u:object_r:radio_cdma_ecm_prop:s0" dev="tmpfs" ino=3430 scontext=u:r:crash_dump:s0 tcontext=u:object_r:radio_cdma_ecm_prop:s0 tclass=file permissive=1
03-14 03:51:08.255 2770 2770 I auditd : type=1400 audit(0.0:818): avc: denied { map } for comm="crash_dump64" path="/dev/__properties__/u:object_r:radio_cdma_ecm_prop:s0" dev="tmpfs" ino=3430 scontext=u:r:crash_dump:s0 tcontext=u:object_r:radio_cdma_ecm_prop:s0 tclass=file permissive=1
03-14 03:51:08.255 2770 2770 I auditd : type=1400 audit(0.0:819): avc: denied { open } for comm="crash_dump64" path="/dev/__properties__/u:object_r:qemu_sf_lcd_density_prop:s0" dev="tmpfs" ino=3429 scontext=u:r:crash_dump:s0 tcontext=u:object_r:qemu_sf_lcd_density_prop:s0 tclass=file permissive=1
03-14 03:51:08.255 2770 2770 I auditd : type=1400 audit(0.0:820): avc: denied { getattr } for comm="crash_dump64" path="/dev/__properties__/u:object_r:qemu_sf_lcd_density_prop:s0" dev="tmpfs" ino=3429 scontext=u:r:crash_dump:s0 tcontext=u:object_r:qemu_sf_lcd_density_prop:s0 tclass=file permissive=1
03-14 03:51:08.255 2770 2770 I auditd : type=1400 audit(0.0:821): avc: denied { open } for comm="crash_dump64" path="/dev/__properties__/u:object_r:persistent_properties_ready_prop:s0" dev="tmpfs" ino=3421 scontext=u:r:crash_dump:s0 tcontext=u:object_r:persistent_properties_ready_prop:s0 tclass=file permissive=1
03-14 03:51:08.255 2770 2770 I auditd : type=1400 audit(0.0:822): avc: denied { open } for comm="crash_dump64" path="/dev/__properties__/u:object_r:packagemanager_config_prop:s0" dev="tmpfs" ino=3416 scontext=u:r:crash_dump:s0 tcontext=u:object_r:packagemanager_config_prop:s0 tclass=file permissive=1
03-14 03:51:08.255 2770 2770 I auditd : type=1400 audit(0.0:823): avc: denied { getattr } for comm="crash_dump64" path="/dev/__properties__/u:object_r:packagemanager_config_prop:s0" dev="tmpfs" ino=3416 scontext=u:r:crash_dump:s0 tcontext=u:object_r:packagemanager_config_prop:s0 tclass=file permissive=1
03-14 03:51:08.255 2770 2770 I auditd : type=1400 audit(0.0:824): avc: denied { open } for comm="crash_dump64" path="/dev/__properties__/u:object_r:overlay_prop:s0" dev="tmpfs" ino=3415 scontext=u:r:crash_dump:s0 tcontext=u:object_r:overlay_prop:s0 tclass=file permissive=1
03-14 03:51:08.255 2770 2770 I auditd : type=1400 audit(0.0:825): avc: denied { open } for comm="crash_dump64" path="/dev/__properties__/u:object_r:net_dns_prop:s0" dev="tmpfs" ino=3407 scontext=u:r:crash_dump:s0 tcontext=u:object_r:net_dns_prop:s0 tclass=file permissive=1
03-14 03:51:08.255 2770 2770 I auditd : type=1400 audit(0.0:826): avc: denied { open } for comm="crash_dump64" path="/dev/__properties__/u:object_r:logpersistd_logging_prop:s0" dev="tmpfs" ino=3394 scontext=u:r:crash_dump:s0 tcontext=u:object_r:logpersistd_logging_prop:s0 tclass=file permissive=1
03-14 03:51:08.255 2770 2770 I auditd : type=1400 audit(0.0:827): avc: denied { getattr } for comm="crash_dump64" path="/dev/__properties__/u:object_r:logpersistd_logging_prop:s0" dev="tmpfs" ino=3394 scontext=u:r:crash_dump:s0 tcontext=u:object_r:logpersistd_logging_prop:s0 tclass=file permissive=1
03-14 03:51:08.255 2770 2770 I auditd : type=1400 audit(0.0:828): avc: denied { map } for comm="crash_dump64" path="/dev/__properties__/u:object_r:logpersistd_logging_prop:s0" dev="tmpfs" ino=3394 scontext=u:r:crash_dump:s0 tcontext=u:object_r:logpersistd_logging_prop:s0 tclass=file permissive=1
03-14 03:51:08.255 2770 2770 I auditd : type=1400 audit(0.0:829): avc: denied { open } for comm="crash_dump64" path="/dev/__properties__/u:object_r:lmkd_prop:s0" dev="tmpfs" ino=3389 scontext=u:r:crash_dump:s0 tcontext=u:object_r:lmkd_prop:s0 tclass=file permissive=1
03-14 03:51:08.255 2770 2770 I auditd : type=1400 audit(0.0:830): avc: denied { open } for comm="crash_dump64" path="/dev/__properties__/u:object_r:hal_dumpstate_config_prop:s0" dev="tmpfs" ino=3370 scontext=u:r:crash_dump:s0 tcontext=u:object_r:hal_dumpstate_config_prop:s0 tclass=file permissive=1
03-14 03:51:08.255 2770 2770 I auditd : type=1400 audit(0.0:831): avc: denied { getattr } for comm="crash_dump64" path="/dev/__properties__/u:object_r:hal_dumpstate_config_prop:s0" dev="tmpfs" ino=3370 scontext=u:r:crash_dump:s0 tcontext=u:object_r:hal_dumpstate_config_prop:s0 tclass=file permissive=1
03-14 03:51:08.255 2770 2770 I auditd : type=1400 audit(0.0:832): avc: denied { map } for comm="crash_dump64" path="/dev/__properties__/u:object_r:hal_dumpstate_config_prop:s0" dev="tmpfs" ino=3370 scontext=u:r:crash_dump:s0 tcontext=u:object_r:hal_dumpstate_config_prop:s0 tclass=file permissive=1
03-14 03:51:08.255 2770 2770 I auditd : type=1400 audit(0.0:833): avc: denied { open } for comm="crash_dump64" path="/dev/__properties__/u:object_r:fastbootd_protocol_prop:s0" dev="tmpfs" ino=3362 scontext=u:r:crash_dump:s0 tcontext=u:object_r:fastbootd_protocol_prop:s0 tclass=file permissive=1
03-14 03:51:08.255 2770 2770 I auditd : type=1400 audit(0.0:834): avc: denied { open } for comm="crash_dump64" path="/dev/__properties__/u:object_r:exported_bluetooth_prop:s0" dev="tmpfs" ino=3355 scontext=u:r:crash_dump:s0 tcontext=u:object_r:exported_bluetooth_prop:s0 tclass=file permissive=1
03-14 03:51:08.255 2770 2770 I auditd : type=1400 audit(0.0:835): avc: denied { open } for comm="crash_dump64" path="/dev/__properties__/u:object_r:device_config_reset_performed_prop:s0" dev="tmpfs" ino=3339 scontext=u:r:crash_dump:s0 tcontext=u:object_r:device_config_reset_performed_prop:s0 tclass=file permissive=1
03-14 03:51:08.255 2770 2770 I auditd : type=1400 audit(0.0:836): avc: denied { open } for comm="crash_dump64" path="/dev/__properties__/u:object_r:device_config_media_native_prop:s0" dev="tmpfs" ino=3336 scontext=u:r:crash_dump:s0 tcontext=u:object_r:device_config_media_native_prop:s0 tclass=file permissive=1
03-14 03:51:08.255 2770 2770 I auditd : type=1400 audit(0.0:837): avc: denied { open } for comm="crash_dump64" path="/dev/__properties__/u:object_r:ctl_snapuserd_prop:s0" dev="tmpfs" ino=3318 scontext=u:r:crash_dump:s0 tcontext=u:object_r:ctl_snapuserd_prop:s0 tclass=file permissive=1
03-14 03:51:08.255 2770 2770 I auditd : type=1400 audit(0.0:838): avc: denied { getattr } for comm="crash_dump64" path="/dev/__properties__/u:object_r:ctl_snapuserd_prop:s0" dev="tmpfs" ino=3318 scontext=u:r:crash_dump:s0 tcontext=u:object_r:ctl_snapuserd_prop:s0 tclass=file permissive=1
03-14 03:51:08.255 2770 2770 I auditd : type=1400 audit(0.0:839): avc: denied { map } for comm="crash_dump64" path="/dev/__properties__/u:object_r:ctl_snapuserd_prop:s0" dev="tmpfs" ino=3318 scontext=u:r:crash_dump:s0 tcontext=u:object_r:ctl_snapuserd_prop:s0 tclass=file permissive=1
03-14 03:51:08.255 2770 2770 I auditd : type=1400 audit(0.0:840): avc: denied { open } for comm="crash_dump64" path="/dev/__properties__/u:object_r:ctl_interface_stop_prop:s0" dev="tmpfs" ino=3311 scontext=u:r:crash_dump:s0 tcontext=u:object_r:ctl_interface_stop_prop:s0 tclass=file permissive=1
03-14 03:51:08.255 2770 2770 I auditd : type=1400 audit(0.0:841): avc: denied { open } for comm="crash_dump64" path="/dev/__properties__/u:object_r:ctl_console_prop:s0" dev="tmpfs" ino=3303 scontext=u:r:crash_dump:s0 tcontext=u:object_r:ctl_console_prop:s0 tclass=file permissive=1
03-14 03:51:08.255 2770 2770 I auditd : type=1400 audit(0.0:842): avc: denied { getattr } for comm="crash_dump64" path="/dev/__properties__/u:object_r:ctl_console_prop:s0" dev="tmpfs" ino=3303 scontext=u:r:crash_dump:s0 tcontext=u:object_r:ctl_console_prop:s0 tclass=file permissive=1
03-14 03:51:08.255 2770 2770 I auditd : type=1400 audit(0.0:843): avc: denied { map } for comm="crash_dump64" path="/dev/__properties__/u:object_r:ctl_console_prop:s0" dev="tmpfs" ino=3303 scontext=u:r:crash_dump:s0 tcontext=u:object_r:ctl_console_prop:s0 tclass=file permissive=1
03-14 03:51:08.255 2770 2770 I auditd : type=1400 audit(0.0:844): avc: denied { open } for comm="crash_dump64" path="/dev/__properties__/u:object_r:ctl_bugreport_prop:s0" dev="tmpfs" ino=3302 scontext=u:r:crash_dump:s0 tcontext=u:object_r:ctl_bugreport_prop:s0 tclass=file permissive=1
03-14 03:51:08.255 2770 2770 I auditd : type=1400 audit(0.0:845): avc: denied { getattr } for comm="crash_dump64" path="/dev/__properties__/u:object_r:ctl_bugreport_prop:s0" dev="tmpfs" ino=3302 scontext=u:r:crash_dump:s0 tcontext=u:object_r:ctl_bugreport_prop:s0 tclass=file permissive=1
01-01 08:00:41.679 0 0 I init : Untracked pid 2787 exited with status 0
03-14 03:51:08.255 2770 2770 I auditd : type=1400 audit(0.0:846): avc: denied { map } for comm="crash_dump64" path="/dev/__properties__/u:object_r:ctl_bugreport_prop:s0" dev="tmpfs" ino=3302 scontext=u:r:crash_dump:s0 tcontext=u:object_r:ctl_bugreport_prop:s0 tclass=file permissive=1
01-01 08:00:41.679 0 0 I init : Untracked pid 2770 exited with status 0
03-14 03:51:08.255 2770 2770 I auditd : type=1400 audit(0.0:847): avc: denied { open } for comm="crash_dump64" path="/dev/__properties__/u:object_r:ctl_bootanim_prop:s0" dev="tmpfs" ino=3301 scontext=u:r:crash_dump:s0 tcontext=u:object_r:ctl_bootanim_prop:s0 tclass=file permissive=1
03-14 03:51:08.255 2770 2770 I auditd : type=1400 audit(0.0:848): avc: denied { open } for comm="crash_dump64" path="/dev/__properties__/u:object_r:ctl_adbd_prop:s0" dev="tmpfs" ino=3299 scontext=u:r:crash_dump:s0 tcontext=u:object_r:ctl_adbd_prop:s0 tclass=file permissive=1
03-14 03:51:08.255 2770 2770 I auditd : type=1400 audit(0.0:849): avc: denied { open } for comm="crash_dump64" path="/dev/__properties__/u:object_r:cpu_variant_prop:s0" dev="tmpfs" ino=3298 scontext=u:r:crash_dump:s0 tcontext=u:object_r:cpu_variant_prop:s0 tclass=file permissive=1
03-14 03:51:08.255 2770 2770 I auditd : type=1400 audit(0.0:850): avc: denied { open } for comm="crash_dump64" path="/dev/__properties__/u:object_r:cold_boot_done_prop:s0" dev="tmpfs" ino=3295 scontext=u:r:crash_dump:s0 tcontext=u:object_r:cold_boot_done_prop:s0 tclass=file permissive=1
03-14 03:51:08.259 2770 2770 I auditd : type=1400 audit(0.0:851): avc: denied { getattr } for comm="crash_dump64" path="/dev/__properties__/u:object_r:cold_boot_done_prop:s0" dev="tmpfs" ino=3295 scontext=u:r:crash_dump:s0 tcontext=u:object_r:cold_boot_done_prop:s0 tclass=file permissive=1
03-14 03:51:08.259 2770 2770 I auditd : type=1400 audit(0.0:852): avc: denied { open } for comm="crash_dump64" path="/dev/__properties__/u:object_r:codec2_config_prop:s0" dev="tmpfs" ino=3294 scontext=u:r:crash_dump:s0 tcontext=u:object_r:codec2_config_prop:s0 tclass=file permissive=1
03-14 03:51:08.259 2770 2770 I auditd : type=1400 audit(0.0:853): avc: denied { open } for comm="crash_dump64" path="/dev/__properties__/u:object_r:charger_prop:s0" dev="tmpfs" ino=3292 scontext=u:r:crash_dump:s0 tcontext=u:object_r:charger_prop:s0 tclass=file permissive=1
03-14 03:51:08.259 2770 2770 I auditd : type=1400 audit(0.0:854): avc: denied { getattr } for comm="crash_dump64" path="/dev/__properties__/u:object_r:charger_prop:s0" dev="tmpfs" ino=3292 scontext=u:r:crash_dump:s0 tcontext=u:object_r:charger_prop:s0 tclass=file permissive=1
03-14 03:51:08.259 2770 2770 I auditd : type=1400 audit(0.0:855): avc: denied { map } for comm="crash_dump64" path="/dev/__properties__/u:object_r:charger_prop:s0" dev="tmpfs" ino=3292 scontext=u:r:crash_dump:s0 tcontext=u:object_r:charger_prop:s0 tclass=file permissive=1
03-14 03:51:08.259 2770 2770 I auditd : type=1400 audit(0.0:856): avc: denied { open } for comm="crash_dump64" path="/dev/__properties__/u:object_r:charger_config_prop:s0" dev="tmpfs" ino=3291 scontext=u:r:crash_dump:s0 tcontext=u:object_r:charger_config_prop:s0 tclass=file permissive=1
03-14 03:51:08.259 2770 2770 I auditd : type=1400 audit(0.0:857): avc: denied { open } for comm="crash_dump64" path="/dev/__properties__/u:object_r:camerax_extensions_prop:s0" dev="tmpfs" ino=3290 scontext=u:r:crash_dump:s0 tcontext=u:object_r:camerax_extensions_prop:s0 tclass=file permissive=1
03-14 03:51:08.259 2770 2770 I auditd : type=1400 audit(0.0:858): avc: denied { open } for comm="crash_dump64" path="/dev/__properties__/u:object_r:camera_calibration_prop:s0" dev="tmpfs" ino=3288 scontext=u:r:crash_dump:s0 tcontext=u:object_r:camera_calibration_prop:s0 tclass=file permissive=1
03-14 03:51:08.259 2770 2770 I auditd : type=1400 audit(0.0:859): avc: denied { getattr } for comm="crash_dump64" path="/dev/__properties__/u:object_r:camera_calibration_prop:s0" dev="tmpfs" ino=3288 scontext=u:r:crash_dump:s0 tcontext=u:object_r:camera_calibration_prop:s0 tclass=file permissive=1
03-14 03:51:08.259 2770 2770 I auditd : type=1400 audit(0.0:860): avc: denied { open } for comm="crash_dump64" path="/dev/__properties__/u:object_r:bpf_progs_loaded_prop:s0" dev="tmpfs" ino=3280 scontext=u:r:crash_dump:s0 tcontext=u:object_r:bpf_progs_loaded_prop:s0 tclass=file permissive=1
03-14 03:51:08.259 2770 2770 I auditd : type=1400 audit(0.0:861): avc: denied { getattr } for comm="crash_dump64" path="/dev/__properties__/u:object_r:bpf_progs_loaded_prop:s0" dev="tmpfs" ino=3280 scontext=u:r:crash_dump:s0 tcontext=u:object_r:bpf_progs_loaded_prop:s0 tclass=file permissive=1
03-14 03:51:08.259 2770 2770 I auditd : type=1400 audit(0.0:862): avc: denied { map } for comm="crash_dump64" path="/dev/__properties__/u:object_r:bpf_progs_loaded_prop:s0" dev="tmpfs" ino=3280 scontext=u:r:crash_dump:s0 tcontext=u:object_r:bpf_progs_loaded_prop:s0 tclass=file permissive=1
03-14 03:51:08.259 2770 2770 I auditd : type=1400 audit(0.0:863): avc: denied { open } for comm="crash_dump64" path="/dev/__properties__/u:object_r:boottime_public_prop:s0" dev="tmpfs" ino=3279 scontext=u:r:crash_dump:s0 tcontext=u:object_r:boottime_public_prop:s0 tclass=file permissive=1
03-14 03:51:08.259 2770 2770 I auditd : type=1400 audit(0.0:864): avc: denied { getattr } for comm="crash_dump64" path="/dev/__properties__/u:object_r:boottime_public_prop:s0" dev="tmpfs" ino=3279 scontext=u:r:crash_dump:s0 tcontext=u:object_r:boottime_public_prop:s0 tclass=file permissive=1
03-14 03:51:08.259 2770 2770 I auditd : type=1400 audit(0.0:865): avc: denied { map } for comm="crash_dump64" path="/dev/__properties__/u:object_r:boottime_public_prop:s0" dev="tmpfs" ino=3279 scontext=u:r:crash_dump:s0 tcontext=u:object_r:boottime_public_prop:s0 tclass=file permissive=1
03-14 03:51:08.259 2770 2770 I auditd : type=1400 audit(0.0:866): avc: denied { open } for comm="crash_dump64" path="/dev/__properties__/u:object_r:boottime_prop:s0" dev="tmpfs" ino=3278 scontext=u:r:crash_dump:s0 tcontext=u:object_r:boottime_prop:s0 tclass=file permissive=1
03-14 03:51:08.259 2770 2770 I auditd : type=1400 audit(0.0:867): avc: denied { getattr } for comm="crash_dump64" path="/dev/__properties__/u:object_r:boottime_prop:s0" dev="tmpfs" ino=3278 scontext=u:r:crash_dump:s0 tcontext=u:object_r:boottime_prop:s0 tclass=file permissive=1
03-14 03:51:08.259 2770 2770 I auditd : type=1400 audit(0.0:868): avc: denied { map } for comm="crash_dump64" path="/dev/__properties__/u:object_r:boottime_prop:s0" dev="tmpfs" ino=3278 scontext=u:r:crash_dump:s0 tcontext=u:object_r:boottime_prop:s0 tclass=file permissive=1
03-14 03:51:08.259 2770 2770 I auditd : type=1400 audit(0.0:869): avc: denied { open } for comm="crash_dump64" path="/dev/__properties__/u:object_r:bootloader_boot_reason_prop:s0" dev="tmpfs" ino=3276 scontext=u:r:crash_dump:s0 tcontext=u:object_r:bootloader_boot_reason_prop:s0 tclass=file permissive=1
03-14 03:51:08.263 2770 2770 I auditd : type=1400 audit(0.0:870): avc: denied { open } for comm="crash_dump64" path="/dev/__properties__/u:object_r:bluetooth_a2dp_offload_prop:s0" dev="tmpfs" ino=3270 scontext=u:r:crash_dump:s0 tcontext=u:object_r:bluetooth_a2dp_offload_prop:s0 tclass=file permissive=1
03-14 03:51:08.263 2770 2770 I auditd : type=1400 audit(0.0:871): avc: denied { getattr } for comm="crash_dump64" path="/dev/__properties__/u:object_r:bluetooth_a2dp_offload_prop:s0" dev="tmpfs" ino=3270 scontext=u:r:crash_dump:s0 tcontext=u:object_r:bluetooth_a2dp_offload_prop:s0 tclass=file permissive=1
03-14 03:51:08.263 2770 2770 I auditd : type=1400 audit(0.0:872): avc: denied { open } for comm="crash_dump64" path="/dev/__properties__/u:object_r:apk_verity_prop:s0" dev="tmpfs" ino=3263 scontext=u:r:crash_dump:s0 tcontext=u:object_r:apk_verity_prop:s0 tclass=file permissive=1
03-14 03:51:08.267 2759 2759 I auditd : type=1400 audit(0.0:873): avc: denied { add_name } for comm="init.qcom.post_" name="min_cpus" scontext=u:r:vendor_qti_init_shell:s0 tcontext=u:object_r:sysfs_devices_system_cpu:s0 tclass=dir permissive=1
03-14 03:51:08.267 2759 2759 I auditd : type=1400 audit(0.0:874): avc: denied { create } for comm="init.qcom.post_" name="min_cpus" scontext=u:r:vendor_qti_init_shell:s0 tcontext=u:object_r:sysfs_devices_system_cpu:s0 tclass=file permissive=1
03-14 03:51:08.271 2759 2759 I auditd : type=1400 audit(0.0:875): avc: denied { add_name } for comm="init.qcom.post_" name="governor" scontext=u:r:vendor_qti_init_shell:s0 tcontext=u:object_r:vendor_sysfs_devfreq:s0 tclass=dir permissive=1
03-14 03:51:08.271 2759 2759 I auditd : type=1400 audit(0.0:876): avc: denied { create } for comm="init.qcom.post_" name="governor" scontext=u:r:vendor_qti_init_shell:s0 tcontext=u:object_r:vendor_sysfs_devfreq:s0 tclass=file permissive=1
03-14 03:51:08.275 2759 2759 I auditd : type=1400 audit(0.0:877): avc: denied { create } for comm="init.qcom.post_" name="governor" scontext=u:r:vendor_qti_init_shell:s0 tcontext=u:object_r:vendor_sysfs_devfreq:s0 tclass=file permissive=1
03-14 03:51:08.275 2759 2759 I auditd : type=1400 audit(0.0:878): avc: denied { add_name } for comm="init.qcom.post_" name="pwr" scontext=u:r:vendor_qti_init_shell:s0 tcontext=u:object_r:sysfs:s0 tclass=dir permissive=1
03-14 03:51:08.275 2759 2759 I auditd : type=1400 audit(0.0:879): avc: denied { create } for comm="init.qcom.post_" name="pwr" scontext=u:r:vendor_qti_init_shell:s0 tcontext=u:object_r:sysfs:s0 tclass=file permissive=1
03-14 03:51:08.292 782 1315 I commit_sys_config_file: [log-files,1671]
03-14 03:51:08.295 782 1315 I commit_sys_config_file: [log-files,1674]
01-01 08:00:41.689 0 0 I init : qssi copy & sync /metadata/vold/metadata_encryption/key/version to /persist/key/version_bak: No such file or directory
01-01 08:00:41.689 0 0 I init : processing action (sys.boot_completed=1 && sys.bootstat.first_boot_completed=0) from (/system/etc/init/bootstat.rc:77)
01-01 08:00:41.689 0 0 I init : starting service 'exec 29 (/system/bin/bootstat --record_boot_complete --record_boot_reason --record_time_since_factory_reset -l)'...
01-01 08:00:41.691 0 0 I init : processing action (sys.boot_completed=1) from (/system/etc/init/flags_health_check.rc:7)
03-14 03:51:08.307 2759 2759 I auditd : type=1400 audit(0.0:880): avc: denied { add_name } for comm="init.qcom.post_" name="sleep_disabled" scontext=u:r:vendor_qti_init_shell:s0 tcontext=u:object_r:vendor_sysfs_msm_power:s0 tclass=dir permissive=1
03-14 03:51:08.307 2759 2759 I auditd : type=1400 audit(0.0:881): avc: denied { create } for comm="init.qcom.post_" name="sleep_disabled" scontext=u:r:vendor_qti_init_shell:s0 tcontext=u:object_r:vendor_sysfs_msm_power:s0 tclass=file permissive=1
01-01 08:00:41.696 0 0 E init : Control message: Could not find 'vendor.qti.hardware.iop@2.0::IIop/default' for ctl.interface_start from pid: 514 (/system/bin/hwservicemanager)
01-01 08:00:41.712 0 0 I init : processing action (sys.boot_completed=1) from (/system/etc/init/hht_ota_mgr.rc:6)
01-01 08:00:41.712 0 0 I init : Service 'exec 29 (/system/bin/bootstat --record_boot_complete --record_boot_reason --record_time_since_factory_reset -l)' (pid 2816) exited with status 0 oneshot service took 0.021000 seconds in background
01-01 08:00:41.712 0 0 I init : Sending signal 9 to service 'exec 29 (/system/bin/bootstat --record_boot_complete --record_boot_reason --record_time_since_factory_reset -l)' (pid 2816) process group...
01-01 08:00:41.712 0 0 I libprocessgroup: Successfully killed process cgroup uid 1000 pid 2816 in 0ms
01-01 08:00:41.713 0 0 I init : processing action (sys.boot_completed=1) from (/system/etc/init/logd.rc:33)
01-01 08:00:41.713 0 0 I init : starting service 'logd-auditctl'...
01-01 08:00:41.718 0 0 I init : processing action (sys.boot_completed=1) from (/system/etc/init/selfinstaller.rc:6)
01-01 08:00:41.718 0 0 I init : processing action (sys.boot_completed=1 && sys.wifitracing.started=0) from (/system/etc/init/wifi.rc:28)
01-01 08:00:41.720 0 0 E selinux : SELinux: Could not get canonical path for /sys/kernel/debug/tracing/instances/wifi restorecon: No such file or directory.
01-01 08:00:41.731 0 0 W QSEECOM : qseecom_load_app: App with id 7 (fingerpr) now loaded
01-01 08:00:41.734 0 0 E selinux :
01-01 08:00:41.736 0 0 I binder : 2768:2827 ioctl 40046210 713dc0c934 returned -22
01-01 08:00:41.755 0 0 I init : Service 'logd-auditctl' (pid 2824) exited with status 0 oneshot service took 0.039000 seconds in background
03-14 03:51:08.360 782 2679 I am_uid_running: 10085
01-01 08:00:41.755 0 0 I init : Sending signal 9 to service 'logd-auditctl' (pid 2824) process group...
01-01 08:00:41.755 0 0 I libprocessgroup: Successfully killed process cgroup uid 1036 pid 2824 in 0ms
03-14 03:51:08.368 782 873 I am_proc_start: [0,2840,10085,com.qualcomm.qtil.aptxui,broadcast,{com.qualcomm.qtil.aptxui/com.qualcomm.qtil.aptxui.aptxuiBootReceiver}]
03-14 03:51:08.367 551 551 I auditd : type=1400 audit(0.0:882): avc: denied { open } for comm="qseecomd" path="/" dev="dm-5" ino=2 scontext=u:r:tee:s0 tcontext=u:object_r:rootfs:s0 tclass=dir permissive=1
01-01 08:00:41.771 0 0 I init : processing action (sys.boot_completed=1) from (/system_ext/etc/init/qspmsvc.rc:14)
01-01 08:00:41.771 0 0 I init : starting service 'vendor.qspmsvc'...
01-01 08:00:41.773 0 0 I init : processing action (sys.boot_completed=1) from (/vendor/etc/init/android.hardware.camera.provider@2.4-service_64.rc:8)
01-01 08:00:41.774 0 0 I init : processing action (sys.boot_completed=1) from (/vendor/etc/init/ethernet.rc:8)
01-01 08:00:41.774 0 0 I init : starting service 'ethernet'...
01-01 08:00:41.776 0 0 I init : processing action (sys.boot_completed=1) from (/vendor/etc/init/init_thermal-engine.rc:19)
01-01 08:00:41.776 0 0 I init : Sending signal 9 to service 'thermal-engine' (pid 1420) process group...
01-01 08:00:41.781 0 0 I libprocessgroup: Successfully killed process cgroup uid 0 pid 1420 in 5ms
01-01 08:00:41.782 0 0 I init : Service 'thermal-engine' (pid 1420) received signal 9
01-01 08:00:41.782 0 0 I init : processing action (lmkd.reinit=1) from (/system/etc/init/lmkd.rc:10)
01-01 08:00:41.782 0 0 I init : starting service 'exec 30 (/system/bin/lmkd --reinit)'...
01-01 08:00:41.782 0 0 I binder : 2840:2840 ioctl 40046210 7fc8a60c34 returned -22
03-14 03:51:08.378 782 1678 D TelephonyRegistry: listen oscl: mHasNotifySubscriptionInfoChangedOccurred==false no callback
01-01 08:00:41.783 0 0 I init : starting service 'thermal-engine'...
03-14 03:51:08.391 782 2679 I am_proc_bound: [0,2840,com.qualcomm.qtil.aptxui]
01-01 08:00:41.784 0 0 I init : Created socket '/dev/socket/thermal-send-client', mode 660, user 1000, group 2907
01-01 08:00:41.784 0 0 I init : Created socket '/dev/socket/thermal-recv-client', mode 660, user 1000, group 2907
01-01 08:00:41.784 0 0 I init : Created socket '/dev/socket/thermal-recv-passive-client', mode 660, user 1000, group 2907
01-01 08:00:41.784 0 0 I init : Created socket '/dev/socket/thermal-send-rule', mode 660, user 1000, group 2907
01-01 08:00:41.787 0 0 I init : processing action (init.svc.adbd=stopped) from (/system/etc/init/hw/init.usb.configfs.rc:14)
01-01 08:00:41.787 0 0 I init : processing action (sys.usb.config=adb && sys.usb.configfs=1 && sys.usb.ffs.ready=1) from (/system/etc/init/hw/init.usb.configfs.rc:20)
01-01 08:00:41.788 0 0 I init : Command 'symlink /config/usb_gadget/g1/functions/ffs.adb /config/usb_gadget/g1/configs/b.1/f1' action=sys.usb.config=adb && sys.usb.configfs=1 && sys.usb.ffs.ready=1 (/system/etc/init/hw/init.usb.configfs.rc:22) took 0ms and failed: symlink() failed: File exists
01-01 08:00:41.788 0 0 I binder : 2843:2843 ioctl 40046210 7ff4943fa4 returned -22
03-14 03:51:08.395 782 2679 I am_uid_active: 10085
03-14 03:51:08.419 2759 2759 I auditd : type=1400 audit(0.0:883): avc: denied { add_name } for comm="init.qcom.post_" name="min_score_adj" scontext=u:r:vendor_qti_init_shell:s0 tcontext=u:object_r:vendor_sysfs_process_reclaim:s0 tclass=dir permissive=1
03-14 03:51:08.419 2759 2759 I auditd : type=1400 audit(0.0:884): avc: denied { create } for comm="init.qcom.post_" name="min_score_adj" scontext=u:r:vendor_qti_init_shell:s0 tcontext=u:object_r:vendor_sysfs_process_reclaim:s0 tclass=file permissive=1
01-01 08:00:41.848 0 0 I android_work: sent uevent USB_STATE=DISCONNECTED
01-01 08:00:41.849 0 0 I init : Command 'write /config/usb_gadget/g1/UDC ${sys.usb.controller}' action=sys.usb.config=adb && sys.usb.configfs=1 && sys.usb.ffs.ready=1 (/system/etc/init/hw/init.usb.configfs.rc:23) took 61ms and succeeded
01-01 08:00:41.849 0 0 I init : Service 'exec 30 (/system/bin/lmkd --reinit)' (pid 2859) exited with status 0 oneshot service took 0.065000 seconds in background
01-01 08:00:41.849 0 0 I init : Sending signal 9 to service 'exec 30 (/system/bin/lmkd --reinit)' (pid 2859) process group...
01-01 08:00:41.849 0 0 I libprocessgroup: Successfully killed process cgroup uid 0 pid 2859 in 0ms
01-01 08:00:41.850 0 0 I init : processing action (sys.user.0.ce_available=true) from (/system/etc/init/wifi.rc:21)
01-01 08:00:41.850 0 0 I selinux : SELinux: Skipping restorecon on directory(/data/misc_ce/0/apexdata/com.android.wifi)
01-01 08:00:41.850 0 0 I selinux :
01-01 08:00:41.850 0 0 I init : processing action (vendor.dcvs.prop=1) from (/vendor/etc/init/hw/init.target.rc:169)
01-01 08:00:41.850 0 0 I init : starting service 'dcvs-sh'...
01-01 08:00:41.852 0 0 I init : processing action (sys.boot_completed=1 && sys.wifitracing.started=1 && wifi.interface=*) from (/system/etc/init/wifi.rc:98)
03-14 03:51:08.455 2759 2759 I auditd : type=1400 audit(0.0:885): avc: denied { add_name } for comm="init.qcom.post_" name="store_user" scontext=u:r:vendor_qti_init_shell:s0 tcontext=u:object_r:sysfs:s0 tclass=dir permissive=1
03-14 03:51:08.455 2759 2759 I auditd : type=1400 audit(0.0:886): avc: denied { create } for comm="init.qcom.post_" name="store_user" scontext=u:r:vendor_qti_init_shell:s0 tcontext=u:object_r:sysfs:s0 tclass=file permissive=1
01-01 08:00:41.857 0 0 I zram0 : detected capacity change from 0 to 4294967296
03-14 03:51:08.471 782 822 I am_user_state_changed: [0,2]
03-14 03:51:08.472 782 872 I ssm_user_unlocking: 0
03-14 03:51:08.467 2935 2935 I auditd : type=1400 audit(0.0:887): avc: denied { add_name } for comm="init.qti.dcvs.s" name="governor" scontext=u:r:vendor_init-qti-dcvs-sh:s0 tcontext=u:object_r:vendor_sysfs_devfreq:s0 tclass=dir permissive=1
01-01 08:00:41.869 0 0 I : Adding 4194300k swap on /dev/block/zram0. Priority:32758 extents:1 across:4194300k SS
03-14 03:51:08.467 2935 2935 I auditd : type=1400 audit(0.0:888): avc: denied { create } for comm="init.qti.dcvs.s" name="governor" scontext=u:r:vendor_init-qti-dcvs-sh:s0 tcontext=u:object_r:vendor_sysfs_devfreq:s0 tclass=file permissive=1
01-01 08:00:41.874 0 0 I devfreq-qcom-fw 18590000.qcom,devfreq-l3: qcom,cdsp-cdsp-l3-lat: Successfully started CDSP L3 governor
01-01 08:00:41.875 0 0 I init : Service 'dcvs-sh' (pid 2935) exited with status 0 oneshot service took 0.023000 seconds in background
01-01 08:00:41.875 0 0 I init : Sending signal 9 to service 'dcvs-sh' (pid 2935) process group...
01-01 08:00:41.875 0 0 I libprocessgroup: Successfully killed process cgroup uid 0 pid 2935 in 0ms
01-01 08:00:41.879 0 0 I : sdcardfs version 2.0
01-01 08:00:41.879 0 0 I sdcardfs: dev_name -> /data/media
01-01 08:00:41.879 0 0 I sdcardfs: options -> fsuid=1023,fsgid=1023,multiuser,derive_gid,default_normal,unshared_obb,mask=6,userid=0,gid=1015
01-01 08:00:41.879 0 0 I sdcardfs: mnt -> 0000000048ed1041
01-01 08:00:41.879 0 0 I sdcardfs: mounted on top of /data/media type f2fs
01-01 08:00:41.879 0 0 I : Remount options were mask=23,gid=9997 for vfsmnt 000000006d15f268.
01-01 08:00:41.879 0 0 I sdcardfs: options - debug:1
01-01 08:00:41.879 0 0 I sdcardfs: options - gid:9997
01-01 08:00:41.879 0 0 I sdcardfs: options - mask:23
01-01 08:00:41.880 0 0 I : Remount options were mask=7,gid=9997 for vfsmnt 00000000590c60b6.
01-01 08:00:41.880 0 0 I sdcardfs: options - debug:1
01-01 08:00:41.880 0 0 I sdcardfs: options - gid:9997
01-01 08:00:41.880 0 0 I sdcardfs: options - mask:7
01-01 08:00:41.880 0 0 I : Remount options were mask=7,gid=9997 for vfsmnt 00000000fbd9f995.
01-01 08:00:41.880 0 0 I sdcardfs: options - debug:1
01-01 08:00:41.880 0 0 I sdcardfs: options - gid:9997
01-01 08:00:41.880 0 0 I sdcardfs: options - mask:7
01-01 08:00:41.881 0 0 E init : Control message: Could not find 'vendor.qti.hardware.iop@2.0::IIop/default' for ctl.interface_start from pid: 514 (/system/bin/hwservicemanager)
01-01 08:00:41.885 0 0 W QSEECOM : __qseecom_unload_app: App (7) is unloaded
01-01 08:00:41.887 0 0 I binder : 2257:2257 ioctl 40046210 7fc8a605c4 returned -22
01-01 08:00:41.896 0 0 D qbt : qbt_release: entry minor_no=0 fd_available=0
01-01 08:00:41.896 0 0 D qbt : qbt_release: Releasing wakelock
01-01 08:00:41.896 0 0 D qbt : qbt_release: exit : fd_available=1
01-01 08:00:41.896 0 0 D qbt : qbt_release: entry minor_no=1 fd_available=1
01-01 08:00:41.896 0 0 D qbt : qbt_release: exit : fd_available=1
03-14 03:51:08.502 782 782 I sysui_multi_action: [757,1501,758,1,793,350,794,0,795,350,796,26,806,android,857,DEVELOPER_IMPORTANT,858,4,947,0,1500,0]
03-14 03:51:08.502 782 782 I sysui_multi_action: [757,804,799,note_interruptive,801,0,802,1]
03-14 03:51:08.506 782 782 I sysui_multi_action: [757,1501,758,1,793,321,794,0,795,321,796,55,806,android,857,DEVELOPER,858,2,947,0,1500,0]
03-14 03:51:08.506 782 782 I sysui_multi_action: [757,804,799,note_interruptive,801,0,802,1]
03-14 03:51:08.516 782 872 I uc_finish_user_unlocked: 0
03-14 03:51:08.516 782 872 I am_user_state_changed: [0,3]
03-14 03:51:08.521 782 822 I wm_task_created: [74,-1]
03-14 03:51:08.522 782 822 I wm_task_created: [96,-1]
03-14 03:51:08.523 782 822 I wm_task_created: [98,-1]
03-14 03:51:08.525 782 822 I wm_task_created: [85,-1]
03-14 03:51:08.526 782 822 I wm_task_created: [101,-1]
03-14 03:51:08.527 782 872 I am_uid_running: 10082
03-14 03:51:08.527 782 872 I am_uid_running: 10058
03-14 03:51:08.529 782 872 I am_uid_running: 10054
03-14 03:51:08.529 782 872 I am_uid_running: 10069
03-14 03:51:08.530 782 872 I am_uid_running: 10083
03-14 03:51:08.531 782 872 I am_uid_running: 10079
03-14 03:51:08.532 782 873 I am_proc_start: [0,2965,10082,com.hht.lebocast,added application,com.hht.lebocast]
03-14 03:51:08.533 782 872 I uc_send_user_broadcast: [0,android.intent.action.USER_UNLOCKED]
03-14 03:51:08.534 782 872 I uc_finish_user_unlocked_completed: 0
01-01 08:00:41.931 0 0 D qbt : qbt_open: entry minor_no=0 fd_available=1
01-01 08:00:41.931 0 0 D qbt : qbt_open: exit : 0 fd_available=0
01-01 08:00:41.931 0 0 D qbt : qbt_open: entry minor_no=1 fd_available=0
01-01 08:00:41.931 0 0 D qbt : qbt_open: exit : 0 fd_available=0
01-01 08:00:41.931 0 0 D qbt : qbt_ioctl: cmd received 107
01-01 08:00:41.931 0 0 D qbt : qbt_ioctl: Acquiring wakelock
03-14 03:51:08.537 782 872 I ssm_user_unlocked: 0
03-14 03:51:08.538 782 822 I uc_send_user_broadcast: [0,android.intent.action.BOOT_COMPLETED]
03-14 03:51:08.540 782 2173 I wm_finish_activity: [0,60932722,2,com.android.settings/.FallbackHome,app-request]
03-14 03:51:08.541 782 2173 I wm_pause_activity: [0,60932722,com.android.settings/.FallbackHome,userLeaving=false,finish]
03-14 03:51:08.544 2501 2501 I wm_on_top_resumed_lost_called: [60932722,com.android.settings.FallbackHome,topStateChangedWhenResumed]
03-14 03:51:08.545 2501 2501 I wm_on_paused_called: [60932722,com.android.settings.FallbackHome,performPause]
03-14 03:51:08.543 2971 2971 I auditd : type=1400 audit(0.0:889): avc: denied { read } for comm="ip" name="rt_tables" dev="dm-10" ino=344 scontext=u:r:ethernet:s0 tcontext=u:object_r:net_data_file:s0 tclass=file permissive=1
03-14 03:51:08.543 2971 2971 I auditd : type=1400 audit(0.0:890): avc: denied { open } for comm="ip" path="/data/misc/net/rt_tables" dev="dm-10" ino=344 scontext=u:r:ethernet:s0 tcontext=u:object_r:net_data_file:s0 tclass=file permissive=1
01-01 08:00:41.949 0 0 W QSEECOM : qseecom_load_app: App (fingerpr) does'nt exist, loading apps for first time
01-01 08:00:41.951 0 0 I binder : 2965:2965 ioctl 40046210 ff89b9a8 returned -22
03-14 03:51:08.557 782 2173 I wm_task_created: [102,-1]
03-14 03:51:08.559 782 2173 I wm_task_moved: [102,1,2147483647]
01-01 08:00:41.953 0 0 I binder : 2972:2972 ioctl 40046210 7fc8a60c34 returned -22
03-14 03:51:08.560 782 2173 I wm_task_moved: [1,1,5]
03-14 03:51:08.560 782 2173 I wm_create_task: [0,102]
03-14 03:51:08.560 782 2173 I wm_create_activity: [0,174418215,102,com.android.launcher3/.uioverrides.QuickstepLauncher,android.intent.action.MAIN,NULL,NULL,268435712]
03-14 03:51:08.560 782 2173 I wm_task_moved: [1,1,5]
03-14 03:51:08.560 782 2173 I wm_task_moved: [102,1,2147483647]
03-14 03:51:08.560 782 2173 I wm_task_to_front: [0,102]
03-14 03:51:08.564 782 2173 I wm_restart_activity: [0,174418215,102,com.android.launcher3/.uioverrides.QuickstepLauncher]
03-14 03:51:08.565 782 2173 I wm_set_resumed_activity: [0,com.android.launcher3/.uioverrides.QuickstepLauncher,minimalResumeActivityLocked]
03-14 03:51:08.568 782 1628 I am_uid_running: 10091
03-14 03:51:08.571 782 872 I am_uid_running: 10021
03-14 03:51:08.575 782 873 I am_proc_start: [0,2972,10058,ts.car.uart,added application,ts.car.uart]
03-14 03:51:08.577 782 1678 I am_proc_bound: [0,2965,com.hht.lebocast]
03-14 03:51:08.581 782 1678 I am_uid_active: 10082
03-14 03:51:08.582 782 2679 I am_proc_bound: [0,2972,ts.car.uart]
01-01 08:00:41.959 0 0 E init : Control message: Could not find 'vendor.qti.hardware.iop@2.0::IIop/default' for ctl.interface_start from pid: 514 (/system/bin/hwservicemanager)
01-01 08:00:41.961 0 0 E msm-dwc3 a600000.ssusb: Could not get usb psy
03-14 03:51:08.584 782 2679 I am_uid_active: 10058
03-14 03:51:08.589 782 825 I sysui_multi_action: [757,803,799,window_time_0,802,7]
03-14 03:51:08.590 782 873 I am_proc_start: [0,3011,1000,com.hryt.hiphishowfsecontrol,added application,com.hryt.hiphishowfsecontrol]
03-14 03:51:08.598 782 2190 I am_uid_running: 10071
03-14 03:51:08.602 782 873 I am_proc_start: [0,3017,10054,.pasr,added application,.pasr]
03-14 03:51:08.610 782 873 I am_proc_start: [0,3033,10069,com.qualcomm.qti.services.systemhelper:systemhelper_service,added application,com.qualcomm.qti.services.systemhelper:systemhelper_service]
01-01 08:00:41.990 0 0 E init : Control message: Could not find 'vendor.qti.hardware.iop@2.0::IIop/default' for ctl.interface_start from pid: 514 (/system/bin/hwservicemanager)
01-01 08:00:42.001 0 0 I binder : 3011:3011 ioctl 40046210 7fc8a60c34 returned -22
01-01 08:00:42.014 0 0 I binder : 3017:3017 ioctl 40046210 7fc8a60c34 returned -22
03-14 03:51:08.615 782 1678 I am_proc_bound: [0,3011,com.hryt.hiphishowfsecontrol]
03-14 03:51:08.623 782 2190 I am_proc_bound: [0,3017,.pasr]
03-14 03:51:08.625 782 2190 I am_uid_active: 10054
03-14 03:51:08.630 782 873 I am_proc_start: [0,3061,10083,com.qualcomm.qti.qccnetstat,added application,com.qualcomm.qti.qccnetstat]
01-01 08:00:42.029 0 0 I binder : 3033:3033 ioctl 40046210 7fc8a60c34 returned -22
01-01 08:00:42.029 0 0 I binder : 2972:2972 ioctl 40046210 7fc8a5fb24 returned -22
03-14 03:51:08.635 782 872 I am_wtf : [0,782,system_server,-1,ActivityManager,Sending non-protected broadcast android.location.HIGH_POWER_REQUEST_CHANGE from system 2768:com.qualcomm.location/u0a70 pkg com.qualcomm.location]
03-14 03:51:08.644 782 873 I am_proc_start: [0,3078,10079,com.qualcomm.qti.workloadclassifier,added application,com.qualcomm.qti.workloadclassifier]
01-01 08:00:42.031 0 0 E bt_ioctl: BT_CMD_PWR_CTRL pwr_cntrl:2
01-01 08:00:42.037 0 0 E bt_vreg_unvote: vreg_unvote successful for : qca,bt-vdd-rfa2
01-01 08:00:42.044 0 0 E bt_vreg_unvote: vreg_unvote successful for : qca,bt-vdd-rfa1
01-01 08:00:42.047 0 0 E init : Control message: Could not find 'vendor.qti.hardware.iop@2.0::IIop/default' for ctl.interface_start from pid: 514 (/system/bin/hwservicemanager)
03-14 03:51:08.652 782 873 I am_proc_start: [0,3080,10091,com.android.providers.media.module,service,{com.android.providers.media.module/com.android.providers.media.fuse.ExternalStorageServiceImpl}]
03-14 03:51:08.657 782 2149 I am_proc_bound: [0,3033,com.qualcomm.qti.services.systemhelper:systemhelper_service]
03-14 03:51:08.661 782 2149 I am_uid_active: 10069
03-14 03:51:08.662 782 873 I am_proc_start: [0,3083,10021,com.android.traceur,broadcast,{com.android.traceur/com.android.traceur.Receiver}]
03-14 03:51:08.678 782 2149 I am_proc_bound: [0,3061,com.qualcomm.qti.qccnetstat]
01-01 08:00:42.051 0 0 E bt_vreg_unvote: vreg_unvote successful for : qca,bt-vdd-dig
01-01 08:00:42.066 0 0 E msm-dwc3 a600000.ssusb: Could not get usb psy
01-01 08:00:42.066 0 0 I android_work: did not send uevent (0 0 0000000000000000)
01-01 08:00:42.070 0 0 I binder : 3061:3061 ioctl 40046210 7fc8a60c34 returned -22
01-01 08:00:42.074 0 0 E bt_vreg_unvote: vreg_unvote successful for : qca,bt-vdd-aon
03-14 03:51:08.685 782 2149 I am_uid_active: 10083
03-14 03:51:08.686 782 873 I am_proc_start: [0,3100,10071,com.qualcomm.location.XT,service,{com.qualcomm.location.XT/com.qualcomm.location.XT.XTSrv}]
01-01 08:00:42.101 0 0 I binder : 3080:3080 ioctl 40046210 7fc8a60c34 returned -22
01-01 08:00:42.103 0 0 I binder : 3083:3083 ioctl 40046210 7fc8a60c34 returned -22
01-01 08:00:42.111 0 0 W QSEECOM : qseecom_load_app: App with id 8 (fingerpr) now loaded
01-01 08:00:42.112 0 0 I binder : 3078:3078 ioctl 40046210 7fc8a60c34 returned -22
01-01 08:00:42.118 0 0 I binder : 3100:3100 ioctl 40046210 7fc8a60c34 returned -22
03-14 03:51:08.712 782 2173 I am_proc_bound: [0,3083,com.android.traceur]
03-14 03:51:08.717 782 2173 I am_uid_active: 10021
03-14 03:51:08.720 782 2149 I am_proc_bound: [0,3080,com.android.providers.media.module]
03-14 03:51:08.723 782 2149 I am_uid_active: 10091
03-14 03:51:08.736 782 2144 I am_proc_bound: [0,3100,com.qualcomm.location.XT]
03-14 03:51:08.743 782 2144 I am_uid_active: 10071
03-14 03:51:08.745 782 2190 I am_proc_bound: [0,3078,com.qualcomm.qti.workloadclassifier]
03-14 03:51:08.750 782 2190 I am_uid_active: 10079
03-14 03:51:08.759 782 872 I am_uid_running: 10017
03-14 03:51:08.768 782 873 I am_proc_start: [0,3192,10017,android.process.media,broadcast,{com.android.mtp/com.android.mtp.MtpReceiver}]
01-01 08:00:42.141 0 0 E init : Control message: Could not find 'vendor.qti.hardware.iop@2.0::IIop/default' for ctl.interface_start from pid: 514 (/system/bin/hwservicemanager)
01-01 08:00:42.144 0 0 I android_work: sent uevent USB_STATE=CONNECTED
01-01 08:00:42.158 0 0 W cnss-daemon: wlfw_qmi_ind_cb: Receive Ind : 0x2a
01-01 08:00:42.159 0 0 E DTC_ETH,link_delay_work_func: 3003, SQI=0, link=0
01-01 08:00:42.160 0 0 I binder : 2646:3135 ioctl 40046210 70d88b2254 returned -22
01-01 08:00:42.163 0 0 E init : Control message: Could not find 'vendor.qti.hardware.iop@2.0::IIop/default' for ctl.interface_start from pid: 514 (/system/bin/hwservicemanager)
01-01 08:00:42.163 0 0 E init : Control message: Could not find 'vendor.qti.hardware.iop@2.0::IIop/default' for ctl.interface_start from pid: 514 (/system/bin/hwservicemanager)
01-01 08:00:42.176 0 0 E msm-dwc3 a600000.ssusb: Could not get usb psy
01-01 08:00:42.188 0 0 E init : Control message: Could not find 'vendor.qti.hardware.iop@2.0::IIop/default' for ctl.interface_start from pid: 514 (/system/bin/hwservicemanager)
01-01 08:00:42.199 0 0 I configfs-gadget gadget: high-speed config #1: b
01-01 08:00:42.211 0 0 E init : Control message: Could not find 'vendor.qti.hardware.iop@2.0::IIop/default' for ctl.interface_start from pid: 514 (/system/bin/hwservicemanager)
01-01 08:00:42.215 0 0 I android_work: sent uevent USB_STATE=CONFIGURED
01-01 08:00:42.215 0 0 E msm-dwc3 a600000.ssusb: Could not get usb psy
01-01 08:00:42.221 0 0 I binder : 3192:3192 ioctl 40046210 7fc8a60c34 returned -22
03-14 03:51:08.837 782 2170 I am_proc_bound: [0,3192,android.process.media]
03-14 03:51:08.843 782 830 I am_meminfo: [936542208,4938858496,12288,305311744,644090880]
01-01 08:00:42.241 0 0 I binder : 3100:3224 ioctl 40046210 713dd16944 returned -22
03-14 03:51:08.849 782 830 I am_pss : [2549,10063,com.thundercomm.gamemode.provider,8542208,5799936,0,96018432,2,5,5]
03-14 03:51:08.856 782 830 I am_pss : [2513,10092,android.ext.services,7199744,4591616,0,94269440,2,5,5]
03-14 03:51:08.864 782 830 I am_pss : [2001,1002,com.android.bluetooth,23064576,17838080,0,126115840,2,0,6]
01-01 08:00:42.258 0 0 E init : Control message: Could not find 'vendor.qti.hardware.iop@2.0::IIop/default' for ctl.interface_start from pid: 514 (/system/bin/hwservicemanager)
01-01 08:00:42.262 0 0 W ALERT : changing window size from 20000000 to 16000000 at 39760035451
03-14 03:51:08.870 782 830 I am_pss : [2492,1000,com.qualcomm.qti.qdma,11530240,7507968,0,106205184,2,0,5]
03-14 03:51:08.878 782 830 I am_pss : [2501,1000,com.android.settings,44057600,29655040,0,156696576,2,2,7]
03-14 03:51:08.884 782 830 I am_pss : [2481,10061,com.qualcomm.qti.devicestatisticsservice,5741568,3477504,0,89436160,2,0,6]
01-01 08:00:42.274 0 0 E init : Control message: Could not find 'vendor.qti.hardware.iop@2.0::IIop/default' for ctl.interface_start from pid: 514 (/system/bin/hwservicemanager)
01-01 08:00:42.290 0 0 E init : Control message: Could not find 'vendor.qti.hardware.iop@2.0::IIop/default' for ctl.interface_start from pid: 514 (/system/bin/hwservicemanager)
03-14 03:51:08.904 2481 2481 E AndroidRuntime: FATAL EXCEPTION: main
03-14 03:51:08.904 2481 2481 E AndroidRuntime: Process: com.qualcomm.qti.devicestatisticsservice, PID: 2481
03-14 03:51:08.904 2481 2481 E AndroidRuntime: java.lang.NoClassDefFoundError: Failed resolution of: Landroid/hidl/manager/V1_0/IServiceNotification$Stub;
03-14 03:51:08.904 2481 2481 E AndroidRuntime: at com.qualcomm.qti.devicestatisticsservice.DeviceStatisticsService.onStartCommand(DeviceStatisticsService.java:83)
03-14 03:51:08.904 2481 2481 E AndroidRuntime: at android.app.ActivityThread.handleServiceArgs(ActivityThread.java:4640)
03-14 03:51:08.904 2481 2481 E AndroidRuntime: at android.app.ActivityThread.access$2000(ActivityThread.java:248)
03-14 03:51:08.904 2481 2481 E AndroidRuntime: at android.app.ActivityThread$H.handleMessage(ActivityThread.java:2092)
03-14 03:51:08.904 2481 2481 E AndroidRuntime: at android.os.Handler.dispatchMessage(Handler.java:106)
03-14 03:51:08.904 2481 2481 E AndroidRuntime: at android.os.Looper.loopOnce(Looper.java:201)
03-14 03:51:08.904 2481 2481 E AndroidRuntime: at android.os.Looper.loop(Looper.java:288)
03-14 03:51:08.904 2481 2481 E AndroidRuntime: at android.app.ActivityThread.main(ActivityThread.java:7880)
03-14 03:51:08.904 2481 2481 E AndroidRuntime: at java.lang.reflect.Method.invoke(Native Method)
03-14 03:51:08.904 2481 2481 E AndroidRuntime: at com.android.internal.os.RuntimeInit$MethodAndArgsCaller.run(RuntimeInit.java:548)
03-14 03:51:08.904 2481 2481 E AndroidRuntime: at com.android.internal.os.ZygoteInit.main(ZygoteInit.java:1009)
03-14 03:51:08.904 2481 2481 E AndroidRuntime: Caused by: java.lang.ClassNotFoundException: android.hidl.manager.V1_0.IServiceNotification$Stub
03-14 03:51:08.904 2481 2481 E AndroidRuntime: ... 11 more
03-14 03:51:08.906 782 2144 I am_crash: [2481,0,com.qualcomm.qti.devicestatisticsservice,814235213,java.lang.ClassNotFoundException,android.hidl.manager.V1_0.IServiceNotification$Stub,DeviceStatisticsService.java,83]
03-14 03:51:08.906 782 830 I am_pss : [2462,1000,com.thundercomm.tcservice,8438784,5922816,0,95133696,2,0,5]
03-14 03:51:08.909 782 2144 I sysui_multi_action: [757,316,758,4,759,-1]
03-14 03:51:08.913 782 830 I am_pss : [2439,1000,com.thundercomm.remotecontrolservice,9989120,6852608,0,101359616,2,0,5]
01-01 08:00:42.313 0 0 W QSEECOM : __qseecom_unload_app: App (8) is unloaded
03-14 03:51:08.919 782 830 I am_pss : [2436,1068,com.android.se,6337536,3948544,0,91467776,2,0,5]
01-01 08:00:42.314 0 0 D qbt : qbt_release: entry minor_no=0 fd_available=0
01-01 08:00:42.314 0 0 D qbt : qbt_release: Releasing wakelock
01-01 08:00:42.314 0 0 D qbt : qbt_release: exit : fd_available=1
01-01 08:00:42.314 0 0 D qbt : qbt_release: entry minor_no=1 fd_available=1
