03-14 04:02:42.223 782 872 I am_wtf : [0,782,system_server,-1,DisplayDeviceConfig,requesting nits when no mapping exists.]
03-14 04:02:42.239 782 1952 E DisplayDeviceConfig: requesting nits when no mapping exists.
03-14 04:02:42.239 782 1952 E DisplayDeviceConfig: requesting nits when no mapping exists.
03-14 04:02:42.239 782 872 I am_wtf : [0,782,system_server,-1,DisplayDeviceConfig,requesting nits when no mapping exists.]
03-14 04:02:42.240 782 872 I am_wtf : [0,782,system_server,-1,DisplayDeviceConfig,requesting nits when no mapping exists.]
03-14 04:02:42.256 782 1952 E DisplayDeviceConfig: requesting nits when no mapping exists.
03-14 04:02:42.256 782 1952 E DisplayDeviceConfig: requesting nits when no mapping exists.
03-14 04:02:42.256 782 872 I am_wtf : [0,782,system_server,-1,DisplayDeviceConfig,requesting nits when no mapping exists.]
03-14 04:02:42.256 782 872 I am_wtf : [0,782,system_server,-1,DisplayDeviceConfig,requesting nits when no mapping exists.]
03-14 04:02:42.273 782 1952 E DisplayDeviceConfig: requesting nits when no mapping exists.
03-14 04:02:42.273 782 1952 E DisplayDeviceConfig: requesting nits when no mapping exists.
03-14 04:02:42.273 782 872 I am_wtf : [0,782,system_server,-1,DisplayDeviceConfig,requesting nits when no mapping exists.]
03-14 04:02:42.273 782 872 I am_wtf : [0,782,system_server,-1,DisplayDeviceConfig,requesting nits when no mapping exists.]
01-01 08:12:18.471 0 0 E DTC_ETH,link_delay_work_func: 3003, SQI=0, link=0
01-01 08:12:23.591 0 0 E DTC_ETH,link_delay_work_func: 3003, SQI=0, link=0
01-01 08:12:28.711 0 0 E DTC_ETH,link_delay_work_func: 3003, SQI=0, link=0
01-01 08:12:33.831 0 0 E DTC_ETH,link_delay_work_func: 3003, SQI=0, link=0
01-01 08:12:38.951 0 0 E DTC_ETH,link_delay_work_func: 3003, SQI=0, link=0
01-01 08:12:44.071 0 0 E DTC_ETH,link_delay_work_func: 3003, SQI=0, link=0
01-01 08:12:49.191 0 0 E DTC_ETH,link_delay_work_func: 3003, SQI=0, link=0
01-01 08:12:54.311 0 0 E DTC_ETH,link_delay_work_func: 3003, SQI=0, link=0
01-01 08:12:59.431 0 0 E DTC_ETH,link_delay_work_func: 3003, SQI=0, link=0
01-01 08:13:04.551 0 0 E DTC_ETH,link_delay_work_func: 3003, SQI=0, link=0
01-01 08:13:09.671 0 0 E DTC_ETH,link_delay_work_func: 3003, SQI=0, link=0
01-01 08:13:14.791 0 0 E DTC_ETH,link_delay_work_func: 3003, SQI=0, link=0
01-01 08:13:19.911 0 0 E DTC_ETH,link_delay_work_func: 3003, SQI=0, link=0
03-14 04:03:47.363 782 872 I am_uid_idle: 10063
01-01 08:13:25.031 0 0 E DTC_ETH,link_delay_work_func: 3003, SQI=0, link=0
01-01 08:13:30.151 0 0 E DTC_ETH,link_delay_work_func: 3003, SQI=0, link=0
01-01 08:13:35.271 0 0 E DTC_ETH,link_delay_work_func: 3003, SQI=0, link=0
01-01 08:13:40.391 0 0 E DTC_ETH,link_delay_work_func: 3003, SQI=0, link=0
01-01 08:13:45.511 0 0 E DTC_ETH,link_delay_work_func: 3003, SQI=0, link=0
01-01 08:13:50.631 0 0 E DTC_ETH,link_delay_work_func: 3003, SQI=0, link=0
01-01 08:13:55.751 0 0 E DTC_ETH,link_delay_work_func: 3003, SQI=0, link=0
01-01 08:14:00.871 0 0 E DTC_ETH,link_delay_work_func: 3003, SQI=0, link=0
01-01 08:14:05.991 0 0 E DTC_ETH,link_delay_work_func: 3003, SQI=0, link=0
01-01 08:14:10.048 0 0 I [schedu][0x3cc7c135e][04:04:36.653884] wlan: [3522:I:OSIF] scan start scan id 40967
01-01 08:14:11.111 0 0 E DTC_ETH,link_delay_work_func: 3003, SQI=0, link=0
01-01 08:14:11.208 0 0 I [schedu][0x3cdcfd249][04:04:37.813550] wlan: [3522:I:OSIF] vdev 0, scan id 40967 type COMPLETED(1) reason COMPLETED(1) scan found 14 bss
01-01 08:14:16.231 0 0 E DTC_ETH,link_delay_work_func: 3003, SQI=0, link=0
01-01 08:14:21.351 0 0 E DTC_ETH,link_delay_work_func: 3003, SQI=0, link=0
03-14 04:04:51.753 782 1605 I input_interaction: Interaction with: 145c459 com.thundercomm.screensaver/android.service.dreams.DreamActivity (server), edge-swipe (server), swipe-up (server), PointerEventDispatcher0 (server),
03-14 04:04:51.754 782 782 I service_manager_stats: [122,20,130487]
03-14 04:04:51.755 782 2144 I wm_finish_activity: [0,108761298,119,com.thundercomm.screensaver/android.service.dreams.DreamActivity,finish-activity]
03-14 04:04:51.756 782 2144 I wm_task_moved: [1,1,5]
03-14 04:04:51.757 782 2144 I wm_task_moved: [102,1,2147483647]
03-14 04:04:51.757 782 2144 I wm_task_to_front: [0,102]
03-14 04:04:51.757 782 2144 I wm_focused_root_task: [0,0,1,119,finish-top adjustFocusToNextFocusableTask]
03-14 04:04:51.757 782 2144 I wm_set_resumed_activity: [0,com.android.launcher3/.uioverrides.QuickstepLauncher,finish-top adjustFocusToNextFocusableTask]
03-14 04:04:51.758 782 2144 I wm_pause_activity: [0,108761298,com.thundercomm.screensaver/android.service.dreams.DreamActivity,userLeaving=false,finish]
03-14 04:04:51.763 782 825 I sysui_multi_action: [757,803,799,window_time_0,802,130]
03-14 04:04:51.765 782 2148 I DreamManagerService: Gently waking up from dream.
03-14 04:04:51.766 782 822 I DreamManagerService: Performing gentle wake from dream.
03-14 04:04:51.766 4589 4589 I wm_on_top_resumed_lost_called: [108761298,android.service.dreams.DreamActivity,topStateChangedWhenResumed]
03-14 04:04:51.767 4589 4589 I wm_on_paused_called: [108761298,android.service.dreams.DreamActivity,performPause]
03-14 04:04:51.767 782 2148 I wm_add_to_stopping: [0,108761298,com.thundercomm.screensaver/android.service.dreams.DreamActivity,completeFinishing]
03-14 04:04:51.768 782 2148 I ActivityTaskManager: FOREGROUND_APPLICATION_CHANGED to com.android.launcher3.uioverrides.QuickstepLauncher
03-14 04:04:51.769 782 2148 I wm_set_resumed_activity: [0,com.android.launcher3/.uioverrides.QuickstepLauncher,resumeTopActivityInnerLocked]
03-14 04:04:51.771 782 2148 I wm_resume_activity: [0,174418215,102,com.android.launcher3/.uioverrides.QuickstepLauncher]
03-14 04:04:51.776 782 825 I sysui_multi_action: [757,803,799,window_time_0,802,0]
03-14 04:04:51.780 782 1605 I input_focus: [Focus leaving 145c459 com.thundercomm.screensaver/android.service.dreams.DreamActivity (server),reason=NO_WINDOW]
03-14 04:04:51.780 4589 4589 I view_enqueue_input_event: [Motion - Cancel,com.thundercomm.screensaver/android.service.dreams.DreamActivity]
03-14 04:04:51.782 782 2148 I am_uid_active: 10063
03-14 04:04:51.782 4407 4407 I wm_on_restart_called: [174418215,com.android.launcher3.uioverrides.QuickstepLauncher,performRestartActivity]
03-14 04:04:51.783 4407 4407 I wm_on_start_called: [174418215,com.android.launcher3.uioverrides.QuickstepLauncher,handleStartActivity]
03-14 04:04:51.783 4407 4407 I wm_on_resume_called: [174418215,com.android.launcher3.uioverrides.QuickstepLauncher,RESUME_ACTIVITY]
03-14 04:04:51.783 4407 4407 I wm_on_top_resumed_gained_called: [174418215,com.android.launcher3.uioverrides.QuickstepLauncher,topWhenResuming]
03-14 04:04:51.783 782 1605 I input_interaction: Interaction with: edge-swipe (server), swipe-up (server), PointerEventDispatcher0 (server),
03-14 04:04:51.803 782 826 I input_focus: [Focus request e892cf3 com.android.launcher3/com.android.launcher3.uioverrides.QuickstepLauncher,reason=UpdateInputWindows]
03-14 04:04:51.815 782 1000 I PowerManagerService: Powering on display group fromDreaming (groupId=0, uid=1000, reason=WAKE_REASON_UNKNOWN, details=android.server.power:DREAM_FINISHED)...
03-14 04:04:51.815 782 1000 I PowerManagerService: Waking up from Dreaming (uid=1000, reason=WAKE_REASON_UNKNOWN, details=android.server.power:DREAM_FINISHED)...
03-14 04:04:51.822 782 1605 I input_focus: [Focus entering e892cf3 com.android.launcher3/com.android.launcher3.uioverrides.QuickstepLauncher (server),reason=setFocusedWindow]
03-14 04:04:51.872 782 796 W FreeFormWindowHelper: Current Display FreeFormTask is null
03-14 04:04:52.058 782 825 I wm_destroy_activity: [0,108761298,119,com.thundercomm.screensaver/android.service.dreams.DreamActivity,finish-imm:idle]
03-14 04:04:52.080 4589 4589 I wm_on_stop_called: [108761298,android.service.dreams.DreamActivity,LIFECYCLER_STOP_ACTIVITY]
03-14 04:04:52.082 4589 4589 I wm_on_destroy_called: [108761298,android.service.dreams.DreamActivity,performDestroy]
03-14 04:04:52.082 782 796 I DreamManagerService: Leaving dreamland.
03-14 04:04:52.083 782 822 I DreamManagerService: Performing gentle wake from dream.
03-14 04:04:52.083 782 822 I DreamController: Stopping dream: name=ComponentInfo{com.thundercomm.screensaver/com.thundercomm.screensaver.service.SystemDream}, isTest=false, canDoze=false, userId=0, reason='finished self'(from 'finished self')
03-14 04:04:52.083 782 822 I sysui_multi_action: [757,222,758,2]
03-14 04:04:52.083 782 822 I sysui_multi_action: [757,804,799,dreaming_minutes,801,2,802,1]
03-14 04:04:52.089 782 2144 I wm_task_removed: [119,removeChild:removeChild last r=ActivityRecord{67b90d2 u0 com.thundercomm.screensaver/android.service.dreams.DreamActivity t-1 f}} in t=Task{c31561b #119 type=dream A=10050:android:com.thundercomm.screensaver/dream U=0 visible=false mode=fullscreen translucent=true sz=0}]
03-14 04:04:52.089 782 2144 I wm_task_removed: [119,removeChild]
03-14 04:04:52.090 782 826 W ActivityTaskManager: Can't find TaskDisplayArea to determine support for multi window. Task id=119 attached=false
03-14 04:04:52.411 782 1605 I input_interaction: Interaction with: e892cf3 com.android.launcher3/com.android.launcher3.uioverrides.QuickstepLauncher (server), d04e39a com.android.systemui.ImageWallpaper (server), edge-swipe (server), swipe-up (server), PointerEventDispatcher0 (server),
01-01 08:14:26.471 0 0 E DTC_ETH,link_delay_work_func: 3003, SQI=0, link=0
01-01 08:14:29.385 0 0 I msm_vidc: err : ffffffff: .....: DBLP Set: status 0
01-01 08:14:31.591 0 0 E DTC_ETH,link_delay_work_func: 3003, SQI=0, link=0
01-01 08:14:35.977 0 0 I msm_vidc: err : ffffffff: .....: DBLP Set: status 0
01-01 08:14:36.711 0 0 E DTC_ETH,link_delay_work_func: 3003, SQI=0, link=0
01-01 08:14:41.831 0 0 E DTC_ETH,link_delay_work_func: 3003, SQI=0, link=0
01-01 08:14:46.951 0 0 E DTC_ETH,link_delay_work_func: 3003, SQI=0, link=0
01-01 08:14:52.071 0 0 E DTC_ETH,link_delay_work_func: 3003, SQI=0, link=0
01-01 08:14:57.191 0 0 E DTC_ETH,link_delay_work_func: 3003, SQI=0, link=0
03-14 04:05:25.043 782 2144 I thunderperf: PlatormCompat.setOverrides: Uid1=10074 Pid1=4407 Uid2=10074 Pid2=4407
03-14 04:05:25.043 782 2144 I thunderperf: PlatormCompat.setOverrides: needCheck:false
03-14 04:05:25.043 782 2144 I thunderperf: CompatConfig.addOverrideUnsafe: bef-state=0
03-14 04:05:25.043 782 2144 I thunderperf: CompatConfig.addOverrideUnsafe: aft-state=0
03-14 04:05:25.044 782 2144 I thunderperf: CompatConfig.addOverrideUnsafe: bef-state=0
03-14 04:05:25.044 782 2144 I thunderperf: CompatConfig.addOverrideUnsafe: aft-state=0
03-14 04:05:25.044 782 2144 I thunderperf: CompatConfig.addOverrideUnsafe: bef-state=0
03-14 04:05:25.044 782 2144 I thunderperf: CompatConfig.addOverrideUnsafe: aft-state=0
03-14 04:05:25.045 782 2144 I thunderperf: CompatConfig.addOverrideUnsafe: bef-state=0
03-14 04:05:25.045 782 2144 I thunderperf: CompatConfig.addOverrideUnsafe: aft-state=0
03-14 04:05:25.045 782 2144 I thunderperf: CompatConfig.addOverrideUnsafe: bef-state=0
03-14 04:05:25.045 782 2144 I thunderperf: CompatConfig.addOverrideUnsafe: aft-state=0
03-14 04:05:25.045 782 2144 I thunderperf: CompatConfig.addOverrideUnsafe: bef-state=0
03-14 04:05:25.045 782 2144 I thunderperf: CompatConfig.addOverrideUnsafe: aft-state=0
03-14 04:05:25.046 782 2144 I thunderperf: CompatConfig.addOverrideUnsafe: bef-state=0
03-14 04:05:25.046 782 2144 I thunderperf: CompatConfig.addOverrideUnsafe: aft-state=0
03-14 04:05:25.046 782 2144 I thunderperf: CompatConfig.addOverrideUnsafe: bef-state=0
03-14 04:05:25.046 782 2144 I thunderperf: CompatConfig.addOverrideUnsafe: aft-state=0
03-14 04:05:25.046 782 2144 I thunderperf: CompatConfig.addOverrideUnsafe: bef-state=0
03-14 04:05:25.047 782 2144 I thunderperf: CompatConfig.addOverrideUnsafe: aft-state=0
03-14 04:05:25.047 782 2144 I thunderperf: CompatConfig.addOverrideUnsafe: bef-state=0
03-14 04:05:25.047 782 2144 I thunderperf: CompatConfig.addOverrideUnsafe: aft-state=0
03-14 04:05:25.047 782 2144 I thunderperf: CompatConfig.addOverrideUnsafe: bef-state=0
03-14 04:05:25.047 782 2144 I thunderperf: CompatConfig.addOverrideUnsafe: aft-state=0
03-14 04:05:25.048 782 2144 I thunderperf: CompatConfig.addOverrideUnsafe: bef-state=0
03-14 04:05:25.048 782 2144 I thunderperf: CompatConfig.addOverrideUnsafe: aft-state=0
03-14 04:05:25.048 782 2144 I thunderperf: CompatConfig.addOverrideUnsafe: bef-state=0
03-14 04:05:25.048 782 2144 I thunderperf: CompatConfig.addOverrideUnsafe: aft-state=0
03-14 04:05:25.049 782 2144 I thunderperf: CompatConfig.addOverrideUnsafe: bef-state=0
03-14 04:05:25.049 782 2144 I thunderperf: CompatConfig.addOverrideUnsafe: aft-state=0
03-14 04:05:25.056 782 2144 I ActivityTaskManager: START u0 {act=android.intent.action.MAIN cat=[android.intent.category.LAUNCHER] flg=0x10200000 cmp=com.android.gallery3d/.app.GalleryActivity} from uid 10074
03-14 04:05:25.060 782 2144 I wm_task_created: [120,-1]
03-14 04:05:25.060 782 2144 W ActivityTaskManager: Can't find TaskDisplayArea to determine support for multi window. Task id=120 attached=false
03-14 04:05:25.060 782 2144 D FreeFormWindowHelper: Add freeform task=Task{f3c1b0 #120 type=standard ?? U=0 visible=false mode=freeform translucent=true sz=0}
03-14 04:05:25.062 782 2144 I wm_task_moved: [120,1,6]
03-14 04:05:25.062 782 2144 I wm_task_to_front: [0,120]
03-14 04:05:25.063 782 2144 I wm_create_task: [0,120]
03-14 04:05:25.063 782 2144 I wm_create_activity: [0,143219023,120,com.android.gallery3d/.app.GalleryActivity,android.intent.action.MAIN,NULL,NULL,270532608]
03-14 04:05:25.063 782 2144 I wm_task_moved: [120,1,6]
03-14 04:05:25.063 782 2144 V SplashScreenExceptionList: SplashScreen checking exception for package com.android.gallery3d (target sdk:29) -> false
03-14 04:05:25.063 782 2144 I ActivityTaskManager: FOREGROUND_APPLICATION_CHANGED to com.android.gallery3d.app.GalleryActivity
03-14 04:05:25.063 782 2144 I ActivityTaskManager: The Process com.android.gallery3d Already Exists in BG. So sending its PID: 4293
03-14 04:05:25.064 782 2144 W ActivityTaskManager: Tried to set launchTime (0) < mLastActivityLaunchTime (670760)
03-14 04:05:25.064 782 2144 I wm_restart_activity: [0,143219023,120,com.android.gallery3d/.app.GalleryActivity]
03-14 04:05:25.065 782 2144 I wm_set_resumed_activity: [0,com.android.gallery3d/.app.GalleryActivity,minimalResumeActivityLocked]
03-14 04:05:25.067 782 825 I am_uid_active: 10065
03-14 04:05:25.067 4407 4407 I wm_on_top_resumed_lost_called: [174418215,com.android.launcher3.uioverrides.QuickstepLauncher,topStateChangedWhenResumed]
03-14 04:05:25.078 4293 4293 I wm_on_create_called: [143219023,com.android.gallery3d.app.GalleryActivity,performCreate]
03-14 04:05:25.078 4293 4293 I wm_on_start_called: [143219023,com.android.gallery3d.app.GalleryActivity,handleStartActivity]
03-14 04:05:25.080 4293 4293 I wm_on_resume_called: [143219023,com.android.gallery3d.app.GalleryActivity,RESUME_ACTIVITY]
03-14 04:05:25.081 4293 4293 I wm_on_top_resumed_gained_called: [143219023,com.android.gallery3d.app.GalleryActivity,topStateChangedWhenResumed]
03-14 04:05:25.084 782 2144 W WindowManager: updateScale : 0.79357797
03-14 04:05:25.085 782 826 I input_focus: [Focus request 9f4d361 com.android.gallery3d/com.android.gallery3d.app.GalleryActivity,reason=UpdateInputWindows]
03-14 04:05:25.117 782 826 W WindowManager: updateScale : 0.79357797
03-14 04:05:25.118 782 1605 I input_focus: [Focus leaving e892cf3 com.android.launcher3/com.android.launcher3.uioverrides.QuickstepLauncher (server),reason=Waiting for window because NOT_VISIBLE]
03-14 04:05:25.119 782 826 W WindowManager: updateScale : 0.79357797
03-14 04:05:25.120 782 822 I sysui_multi_action: [319,63,322,63,325,895,757,761,758,8,759,2,806,com.android.gallery3d,871,com.android.gallery3d.app.GalleryActivity,904,com.android.launcher3,905,0,1320,4,1321,1]
03-14 04:05:25.120 782 826 W WindowManager: updateScale : 0.79357797
03-14 04:05:25.121 782 822 I wm_activity_launch_time: [0,143219023,com.android.gallery3d/.app.GalleryActivity,63]
03-14 04:05:25.135 782 1605 I input_focus: [Focus entering 9f4d361 com.android.gallery3d/com.android.gallery3d.app.GalleryActivity (server),reason=Window became focusable. Previous reason: NOT_VISIBLE]
03-14 04:05:25.401 782 826 W WindowManager: updateScale : 0.79357797
03-14 04:05:26.000 782 1605 I input_interaction: Interaction with: 9f4d361 com.android.gallery3d/com.android.gallery3d.app.GalleryActivity (server), edge-swipe (server), swipe-up (server), PointerEventDispatcher0 (server),
03-14 04:05:27.280 782 827 I ActivityTaskManager: clear resize flag in freeform mode
03-14 04:05:27.282 782 827 W WindowManager: updateScale : 0.72782874
03-14 04:05:27.283 782 827 W WindowManager: updateScale : 0.72782874
03-14 04:05:27.293 782 827 I ActivityTaskManager: clear resize flag in freeform mode
03-14 04:05:27.293 782 827 W WindowManager: updateScale : 0.6727829
03-14 04:05:27.310 782 827 I ActivityTaskManager: clear resize flag in freeform mode
03-14 04:05:27.310 782 827 W WindowManager: updateScale : 0.6284404
03-14 04:05:27.323 782 796 W WindowManager: updateScale : 0.6284404
03-14 04:05:27.331 782 827 I ActivityTaskManager: clear resize flag in freeform mode
03-14 04:05:27.332 782 827 W WindowManager: updateScale : 0.5902141
03-14 04:05:27.342 782 827 I ActivityTaskManager: clear resize flag in freeform mode
03-14 04:05:27.343 782 827 W WindowManager: updateScale : 0.559633
03-14 04:05:27.356 782 2144 W WindowManager: updateScale : 0.559633
03-14 04:05:27.359 782 827 I ActivityTaskManager: clear resize flag in freeform mode
03-14 04:05:27.360 782 827 W WindowManager: updateScale : 0.5351682
03-14 04:05:27.373 782 2144 W WindowManager: updateScale : 0.5351682
03-14 04:05:27.376 782 827 I ActivityTaskManager: clear resize flag in freeform mode
03-14 04:05:27.377 782 827 W WindowManager: updateScale : 0.5152905
03-14 04:05:27.393 782 827 I ActivityTaskManager: clear resize flag in freeform mode
03-14 04:05:27.393 782 827 W WindowManager: updateScale : 0.5
03-14 04:05:27.406 782 2144 W WindowManager: updateScale : 0.5
03-14 04:05:27.409 782 827 I ActivityTaskManager: clear resize flag in freeform mode
03-14 04:05:27.410 782 827 W WindowManager: updateScale : 0.48776758
03-14 04:05:27.426 782 827 I ActivityTaskManager: clear resize flag in freeform mode
03-14 04:05:27.427 782 827 W WindowManager: updateScale : 0.47859326
03-14 04:05:27.440 782 796 W WindowManager: updateScale : 0.47859326
03-14 04:05:27.443 782 827 I ActivityTaskManager: clear resize flag in freeform mode
03-14 04:05:27.443 782 827 W WindowManager: updateScale : 0.470948
03-14 04:05:27.459 782 827 I ActivityTaskManager: clear resize flag in freeform mode
03-14 04:05:27.460 782 827 W WindowManager: updateScale : 0.46636087
03-14 04:05:27.474 782 796 W WindowManager: updateScale : 0.46636087
03-14 04:05:27.478 782 827 I ActivityTaskManager: clear resize flag in freeform mode
03-14 04:05:27.478 782 827 W WindowManager: updateScale : 0.4617737
03-14 04:05:27.488 782 2148 W WindowManager: updateScale : 0.4617737
03-14 04:05:27.493 782 827 I ActivityTaskManager: clear resize flag in freeform mode
03-14 04:05:27.494 782 827 W WindowManager: updateScale : 0.46024466
03-14 04:05:27.504 782 2148 W WindowManager: updateScale : 0.46024466
03-14 04:05:27.510 782 827 I ActivityTaskManager: clear resize flag in freeform mode
03-14 04:05:27.510 782 827 W WindowManager: updateScale : 0.4587156
03-14 04:05:27.521 782 796 W WindowManager: updateScale : 0.4587156
03-14 04:05:27.526 782 827 I ActivityTaskManager: clear resize flag in freeform mode
03-14 04:05:27.526 782 827 W WindowManager: updateScale : 0.45718655
03-14 04:05:27.537 782 796 W WindowManager: updateScale : 0.45718655
03-14 04:05:27.543 782 827 I ActivityTaskManager: clear resize flag in freeform mode
03-14 04:05:27.543 782 827 W WindowManager: updateScale : 0.45565748
03-14 04:05:27.554 782 796 W WindowManager: updateScale : 0.45565748
03-14 04:05:27.559 782 827 I ActivityTaskManager: clear resize flag in freeform mode
03-14 04:05:27.560 782 827 W WindowManager: updateScale : 0.45565748
03-14 04:05:27.571 782 796 W WindowManager: updateScale : 0.45565748
03-14 04:05:27.601 782 796 W WindowManager: updateScale : 0.45565748
03-14 04:05:27.871 782 1605 I input_interaction: Interaction with: e892cf3 com.android.launcher3/com.android.launcher3.uioverrides.QuickstepLauncher (server), d04e39a com.android.systemui.ImageWallpaper (server), edge-swipe (server), swipe-up (server), PointerEventDispatcher0 (server),
03-14 04:05:27.909 782 796 W FreeFormWindowHelper: Current Display FreeFormTask is Task{f3c1b0 #120 type=standard A=10065:com.android.gallery3d U=0 visible=true mode=freeform translucent=false sz=1}
03-14 04:05:27.925 782 2144 W FreeFormWindowHelper: Current Display FreeFormTask is Task{f3c1b0 #120 type=standard A=10065:com.android.gallery3d U=0 visible=true mode=freeform translucent=false sz=1}
03-14 04:05:27.925 782 822 D AutofillManagerService: Close system dialogs
03-14 04:05:27.926 4407 4407 I view_enqueue_input_event: [Motion - Cancel,com.android.launcher3/com.android.launcher3.uioverrides.QuickstepLauncher]
03-14 04:05:27.926 782 796 W FreeFormWindowHelper: Current Display FreeFormTask is Task{f3c1b0 #120 type=standard A=10065:com.android.gallery3d U=0 visible=true mode=freeform translucent=false sz=1}
03-14 04:05:27.926 782 796 W FreeFormWindowHelper: Current Display FreeFormTask is Task{f3c1b0 #120 type=standard A=10065:com.android.gallery3d U=0 visible=true mode=freeform translucent=false sz=1}
03-14 04:05:27.927 782 796 W FreeFormWindowHelper: Current Display FreeFormTask is Task{f3c1b0 #120 type=standard A=10065:com.android.gallery3d U=0 visible=true mode=freeform translucent=false sz=1}
03-14 04:05:27.927 782 2144 W FreeFormWindowHelper: Current Display FreeFormTask is Task{f3c1b0 #120 type=standard A=10065:com.android.gallery3d U=0 visible=true mode=freeform translucent=false sz=1}
03-14 04:05:27.929 782 2144 W FreeFormWindowHelper: Current Display FreeFormTask is Task{f3c1b0 #120 type=standard A=10065:com.android.gallery3d U=0 visible=true mode=freeform translucent=false sz=1}
03-14 04:05:27.929 782 796 W ActivityTaskManager: getTaskSnapshot: taskId=-809 not found
03-14 04:05:27.930 782 796 W FreeFormWindowHelper: Current Display FreeFormTask is Task{f3c1b0 #120 type=standard A=10065:com.android.gallery3d U=0 visible=true mode=freeform translucent=false sz=1}
03-14 04:05:27.930 782 796 W FreeFormWindowHelper: Current Display FreeFormTask is Task{f3c1b0 #120 type=standard A=10065:com.android.gallery3d U=0 visible=true mode=freeform translucent=false sz=1}
03-14 04:05:27.933 782 796 W ActivityTaskManager: getTaskSnapshot: taskId=-808 not found
03-14 04:05:27.936 782 2144 W ActivityTaskManager: getTaskSnapshot: taskId=-808 not found
03-14 04:05:27.936 782 2144 W ActivityTaskManager: getTaskSnapshot: taskId=-808 not found
03-14 04:05:27.936 782 1605 I input_interaction: Interaction with: edge-swipe (server), swipe-up (server), PointerEventDispatcher0 (server),
03-14 04:05:27.938 782 2144 W FreeFormWindowHelper: Current Display FreeFormTask is Task{f3c1b0 #120 type=standard A=10065:com.android.gallery3d U=0 visible=true mode=freeform translucent=false sz=1}
03-14 04:05:27.939 782 2144 W FreeFormWindowHelper: Current Display FreeFormTask is Task{f3c1b0 #120 type=standard A=10065:com.android.gallery3d U=0 visible=true mode=freeform translucent=false sz=1}
03-14 04:05:27.956 782 2144 W FreeFormWindowHelper: Current Display FreeFormTask is Task{f3c1b0 #120 type=standard A=10065:com.android.gallery3d U=0 visible=true mode=freeform translucent=false sz=1}
03-14 04:05:27.956 782 2144 W FreeFormWindowHelper: Current Display FreeFormTask is Task{f3c1b0 #120 type=standard A=10065:com.android.gallery3d U=0 visible=true mode=freeform translucent=false sz=1}
03-14 04:05:28.117 782 1331 I commit_sys_config_file: [settings-1-0,9]
03-14 04:05:28.235 782 2144 W FreeFormWindowHelper: Current Display FreeFormTask is Task{f3c1b0 #120 type=standard A=10065:com.android.gallery3d U=0 visible=true mode=freeform translucent=false sz=1}
03-14 04:05:28.240 782 4406 W FreeFormWindowHelper: Current Display FreeFormTask is Task{f3c1b0 #120 type=standard A=10065:com.android.gallery3d U=0 visible=true mode=freeform translucent=false sz=1}
03-14 04:05:28.241 782 796 W FreeFormWindowHelper: Current Display FreeFormTask is Task{f3c1b0 #120 type=standard A=10065:com.android.gallery3d U=0 visible=true mode=freeform translucent=false sz=1}
03-14 04:05:28.243 782 4406 W FreeFormWindowHelper: Current Display FreeFormTask is Task{f3c1b0 #120 type=standard A=10065:com.android.gallery3d U=0 visible=true mode=freeform translucent=false sz=1}
03-14 04:05:28.245 782 4406 W FreeFormWindowHelper: Current Display FreeFormTask is Task{f3c1b0 #120 type=standard A=10065:com.android.gallery3d U=0 visible=true mode=freeform translucent=false sz=1}
03-14 04:05:28.245 782 4406 W FreeFormWindowHelper: Current Display FreeFormTask is Task{f3c1b0 #120 type=standard A=10065:com.android.gallery3d U=0 visible=true mode=freeform translucent=false sz=1}
03-14 04:05:28.257 782 4406 W FreeFormWindowHelper: Current Display FreeFormTask is Task{f3c1b0 #120 type=standard A=10065:com.android.gallery3d U=0 visible=true mode=freeform translucent=false sz=1}
03-14 04:05:28.257 782 4406 W FreeFormWindowHelper: Current Display FreeFormTask is Task{f3c1b0 #120 type=standard A=10065:com.android.gallery3d U=0 visible=true mode=freeform translucent=false sz=1}
03-14 04:05:28.258 782 4406 W FreeFormWindowHelper: Current Display FreeFormTask is Task{f3c1b0 #120 type=standard A=10065:com.android.gallery3d U=0 visible=true mode=freeform translucent=false sz=1}
03-14 04:05:28.274 782 2144 W FreeFormWindowHelper: Current Display FreeFormTask is Task{f3c1b0 #120 type=standard A=10065:com.android.gallery3d U=0 visible=true mode=freeform translucent=false sz=1}
03-14 04:05:28.275 782 796 W FreeFormWindowHelper: Current Display FreeFormTask is Task{f3c1b0 #120 type=standard A=10065:com.android.gallery3d U=0 visible=true mode=freeform translucent=false sz=1}
03-14 04:05:28.275 782 796 W FreeFormWindowHelper: Current Display FreeFormTask is Task{f3c1b0 #120 type=standard A=10065:com.android.gallery3d U=0 visible=true mode=freeform translucent=false sz=1}
03-14 04:05:28.290 782 2144 W FreeFormWindowHelper: Current Display FreeFormTask is Task{f3c1b0 #120 type=standard A=10065:com.android.gallery3d U=0 visible=true mode=freeform translucent=false sz=1}
03-14 04:05:28.291 782 4406 W FreeFormWindowHelper: Current Display FreeFormTask is Task{f3c1b0 #120 type=standard A=10065:com.android.gallery3d U=0 visible=true mode=freeform translucent=false sz=1}
03-14 04:05:28.291 782 4406 W FreeFormWindowHelper: Current Display FreeFormTask is Task{f3c1b0 #120 type=standard A=10065:com.android.gallery3d U=0 visible=true mode=freeform translucent=false sz=1}
03-14 04:05:28.307 782 796 W FreeFormWindowHelper: Current Display FreeFormTask is Task{f3c1b0 #120 type=standard A=10065:com.android.gallery3d U=0 visible=true mode=freeform translucent=false sz=1}
03-14 04:05:28.308 782 796 W FreeFormWindowHelper: Current Display FreeFormTask is Task{f3c1b0 #120 type=standard A=10065:com.android.gallery3d U=0 visible=true mode=freeform translucent=false sz=1}
03-14 04:05:28.309 782 796 W FreeFormWindowHelper: Current Display FreeFormTask is Task{f3c1b0 #120 type=standard A=10065:com.android.gallery3d U=0 visible=true mode=freeform translucent=false sz=1}
03-14 04:05:28.325 782 4406 W FreeFormWindowHelper: Current Display FreeFormTask is Task{f3c1b0 #120 type=standard A=10065:com.android.gallery3d U=0 visible=true mode=freeform translucent=false sz=1}
03-14 04:05:28.327 782 796 W FreeFormWindowHelper: Current Display FreeFormTask is Task{f3c1b0 #120 type=standard A=10065:com.android.gallery3d U=0 visible=true mode=freeform translucent=false sz=1}
03-14 04:05:28.328 782 4406 W FreeFormWindowHelper: Current Display FreeFormTask is Task{f3c1b0 #120 type=standard A=10065:com.android.gallery3d U=0 visible=true mode=freeform translucent=false sz=1}
03-14 04:05:28.342 782 2190 W FreeFormWindowHelper: Current Display FreeFormTask is Task{f3c1b0 #120 type=standard A=10065:com.android.gallery3d U=0 visible=true mode=freeform translucent=false sz=1}
03-14 04:05:28.343 782 2190 W FreeFormWindowHelper: Current Display FreeFormTask is Task{f3c1b0 #120 type=standard A=10065:com.android.gallery3d U=0 visible=true mode=freeform translucent=false sz=1}
03-14 04:05:28.344 782 2190 W FreeFormWindowHelper: Current Display FreeFormTask is Task{f3c1b0 #120 type=standard A=10065:com.android.gallery3d U=0 visible=true mode=freeform translucent=false sz=1}
03-14 04:05:28.360 782 2190 W FreeFormWindowHelper: Current Display FreeFormTask is Task{f3c1b0 #120 type=standard A=10065:com.android.gallery3d U=0 visible=true mode=freeform translucent=false sz=1}
03-14 04:05:28.362 782 796 W FreeFormWindowHelper: Current Display FreeFormTask is Task{f3c1b0 #120 type=standard A=10065:com.android.gallery3d U=0 visible=true mode=freeform translucent=false sz=1}
03-14 04:05:28.363 782 796 W FreeFormWindowHelper: Current Display FreeFormTask is Task{f3c1b0 #120 type=standard A=10065:com.android.gallery3d U=0 visible=true mode=freeform translucent=false sz=1}
03-14 04:05:28.375 782 2190 W FreeFormWindowHelper: Current Display FreeFormTask is Task{f3c1b0 #120 type=standard A=10065:com.android.gallery3d U=0 visible=true mode=freeform translucent=false sz=1}
03-14 04:05:28.377 782 796 W FreeFormWindowHelper: Current Display FreeFormTask is Task{f3c1b0 #120 type=standard A=10065:com.android.gallery3d U=0 visible=true mode=freeform translucent=false sz=1}
03-14 04:05:28.378 782 796 W FreeFormWindowHelper: Current Display FreeFormTask is Task{f3c1b0 #120 type=standard A=10065:com.android.gallery3d U=0 visible=true mode=freeform translucent=false sz=1}
03-14 04:05:28.394 782 4406 W FreeFormWindowHelper: Current Display FreeFormTask is Task{f3c1b0 #120 type=standard A=10065:com.android.gallery3d U=0 visible=true mode=freeform translucent=false sz=1}
03-14 04:05:28.397 782 2144 W FreeFormWindowHelper: Current Display FreeFormTask is Task{f3c1b0 #120 type=standard A=10065:com.android.gallery3d U=0 visible=true mode=freeform translucent=false sz=1}
03-14 04:05:28.398 782 2144 W FreeFormWindowHelper: Current Display FreeFormTask is Task{f3c1b0 #120 type=standard A=10065:com.android.gallery3d U=0 visible=true mode=freeform translucent=false sz=1}
03-14 04:05:28.409 782 2144 W FreeFormWindowHelper: Current Display FreeFormTask is Task{f3c1b0 #120 type=standard A=10065:com.android.gallery3d U=0 visible=true mode=freeform translucent=false sz=1}
03-14 04:05:28.411 782 2144 W FreeFormWindowHelper: Current Display FreeFormTask is Task{f3c1b0 #120 type=standard A=10065:com.android.gallery3d U=0 visible=true mode=freeform translucent=false sz=1}
03-14 04:05:28.412 782 796 W FreeFormWindowHelper: Current Display FreeFormTask is Task{f3c1b0 #120 type=standard A=10065:com.android.gallery3d U=0 visible=true mode=freeform translucent=false sz=1}
03-14 04:05:28.426 782 2144 W FreeFormWindowHelper: Current Display FreeFormTask is Task{f3c1b0 #120 type=standard A=10065:com.android.gallery3d U=0 visible=true mode=freeform translucent=false sz=1}
03-14 04:05:28.428 782 2144 W FreeFormWindowHelper: Current Display FreeFormTask is Task{f3c1b0 #120 type=standard A=10065:com.android.gallery3d U=0 visible=true mode=freeform translucent=false sz=1}
03-14 04:05:28.428 782 2144 W FreeFormWindowHelper: Current Display FreeFormTask is Task{f3c1b0 #120 type=standard A=10065:com.android.gallery3d U=0 visible=true mode=freeform translucent=false sz=1}
03-14 04:05:28.435 782 1331 I commit_sys_config_file: [settings-1-0,4]
03-14 04:05:28.442 782 2144 W FreeFormWindowHelper: Current Display FreeFormTask is Task{f3c1b0 #120 type=standard A=10065:com.android.gallery3d U=0 visible=true mode=freeform translucent=false sz=1}
03-14 04:05:28.444 782 2144 W FreeFormWindowHelper: Current Display FreeFormTask is Task{f3c1b0 #120 type=standard A=10065:com.android.gallery3d U=0 visible=true mode=freeform translucent=false sz=1}
03-14 04:05:28.444 782 2144 W FreeFormWindowHelper: Current Display FreeFormTask is Task{f3c1b0 #120 type=standard A=10065:com.android.gallery3d U=0 visible=true mode=freeform translucent=false sz=1}
03-14 04:05:28.459 782 2144 W FreeFormWindowHelper: Current Display FreeFormTask is Task{f3c1b0 #120 type=standard A=10065:com.android.gallery3d U=0 visible=true mode=freeform translucent=false sz=1}
03-14 04:05:28.462 782 2144 W FreeFormWindowHelper: Current Display FreeFormTask is Task{f3c1b0 #120 type=standard A=10065:com.android.gallery3d U=0 visible=true mode=freeform translucent=false sz=1}
03-14 04:05:28.463 782 2144 W FreeFormWindowHelper: Current Display FreeFormTask is Task{f3c1b0 #120 type=standard A=10065:com.android.gallery3d U=0 visible=true mode=freeform translucent=false sz=1}
03-14 04:05:28.476 782 796 W FreeFormWindowHelper: Current Display FreeFormTask is Task{f3c1b0 #120 type=standard A=10065:com.android.gallery3d U=0 visible=true mode=freeform translucent=false sz=1}
03-14 04:05:28.478 782 796 W FreeFormWindowHelper: Current Display FreeFormTask is Task{f3c1b0 #120 type=standard A=10065:com.android.gallery3d U=0 visible=true mode=freeform translucent=false sz=1}
03-14 04:05:28.479 782 796 W FreeFormWindowHelper: Current Display FreeFormTask is Task{f3c1b0 #120 type=standard A=10065:com.android.gallery3d U=0 visible=true mode=freeform translucent=false sz=1}
03-14 04:05:28.494 782 4406 W FreeFormWindowHelper: Current Display FreeFormTask is Task{f3c1b0 #120 type=standard A=10065:com.android.gallery3d U=0 visible=true mode=freeform translucent=false sz=1}
03-14 04:05:28.497 782 4406 W FreeFormWindowHelper: Current Display FreeFormTask is Task{f3c1b0 #120 type=standard A=10065:com.android.gallery3d U=0 visible=true mode=freeform translucent=false sz=1}
03-14 04:05:28.498 782 4406 W FreeFormWindowHelper: Current Display FreeFormTask is Task{f3c1b0 #120 type=standard A=10065:com.android.gallery3d U=0 visible=true mode=freeform translucent=false sz=1}
03-14 04:05:28.510 782 4406 W FreeFormWindowHelper: Current Display FreeFormTask is Task{f3c1b0 #120 type=standard A=10065:com.android.gallery3d U=0 visible=true mode=freeform translucent=false sz=1}
03-14 04:05:28.512 782 796 W FreeFormWindowHelper: Current Display FreeFormTask is Task{f3c1b0 #120 type=standard A=10065:com.android.gallery3d U=0 visible=true mode=freeform translucent=false sz=1}
03-14 04:05:28.513 782 796 W FreeFormWindowHelper: Current Display FreeFormTask is Task{f3c1b0 #120 type=standard A=10065:com.android.gallery3d U=0 visible=true mode=freeform translucent=false sz=1}
03-14 04:05:28.527 782 4406 W FreeFormWindowHelper: Current Display FreeFormTask is Task{f3c1b0 #120 type=standard A=10065:com.android.gallery3d U=0 visible=true mode=freeform translucent=false sz=1}
03-14 04:05:28.529 782 796 W FreeFormWindowHelper: Current Display FreeFormTask is Task{f3c1b0 #120 type=standard A=10065:com.android.gallery3d U=0 visible=true mode=freeform translucent=false sz=1}
03-14 04:05:28.530 782 796 W FreeFormWindowHelper: Current Display FreeFormTask is Task{f3c1b0 #120 type=standard A=10065:com.android.gallery3d U=0 visible=true mode=freeform translucent=false sz=1}
03-14 04:05:28.544 782 2144 W FreeFormWindowHelper: Current Display FreeFormTask is Task{f3c1b0 #120 type=standard A=10065:com.android.gallery3d U=0 visible=true mode=freeform translucent=false sz=1}
03-14 04:05:28.547 782 2144 I wm_finish_activity: [0,143219023,120,com.android.gallery3d/.app.GalleryActivity,app-request]
03-14 04:05:28.547 782 2144 I wm_task_moved: [1,1,6]
03-14 04:05:28.551 782 2144 I wm_set_resumed_activity: [0,com.android.launcher3/.uioverrides.QuickstepLauncher,positionChildAt]
03-14 04:05:28.551 782 2144 I wm_task_moved: [102,1,2147483647]
03-14 04:05:28.551 782 2144 I wm_task_to_front: [0,102]
03-14 04:05:28.551 4293 4293 I wm_on_top_resumed_lost_called: [143219023,com.android.gallery3d.app.GalleryActivity,topStateChangedWhenResumed]
03-14 04:05:28.551 782 2144 I wm_focused_root_task: [0,0,1,-1,finish-top adjustFocusToNextFocusableTask]
03-14 04:05:28.551 782 2144 I wm_set_resumed_activity: [0,com.android.launcher3/.uioverrides.QuickstepLauncher,finish-top]
03-14 04:05:28.562 782 2144 I wm_pause_activity: [0,143219023,com.android.gallery3d/.app.GalleryActivity,userLeaving=false,finish]
03-14 04:05:28.567 782 826 I input_focus: [Focus request e892cf3 com.android.launcher3/com.android.launcher3.uioverrides.QuickstepLauncher,reason=UpdateInputWindows]
03-14 04:05:28.579 782 796 W FreeFormWindowHelper: Current Display FreeFormTask is Task{f3c1b0 #120 type=standard A=10065:com.android.gallery3d U=0 visible=false mode=freeform translucent=true sz=1}
03-14 04:05:28.580 782 796 W FreeFormWindowHelper: Current Display FreeFormTask is Task{f3c1b0 #120 type=standard A=10065:com.android.gallery3d U=0 visible=false mode=freeform translucent=true sz=1}
03-14 04:05:28.582 4293 4293 I wm_on_paused_called: [143219023,com.android.gallery3d.app.GalleryActivity,performPause]
03-14 04:05:28.582 782 4406 W FreeFormWindowHelper: Current Display FreeFormTask is Task{f3c1b0 #120 type=standard A=10065:com.android.gallery3d U=0 visible=false mode=freeform translucent=true sz=1}
03-14 04:05:28.587 782 2190 I ActivityTaskManager: FOREGROUND_APPLICATION_CHANGED to com.android.launcher3.uioverrides.QuickstepLauncher
03-14 04:05:28.587 782 2190 I wm_destroy_activity: [0,143219023,120,com.android.gallery3d/.app.GalleryActivity,finish-imm:completePausedLocked]
03-14 04:05:28.594 782 1605 I input_focus: [Focus leaving 9f4d361 com.android.gallery3d/com.android.gallery3d.app.GalleryActivity (server),reason=NO_WINDOW]
03-14 04:05:28.594 782 1605 I input_focus: [Focus entering e892cf3 com.android.launcher3/com.android.launcher3.uioverrides.QuickstepLauncher (server),reason=setFocusedWindow]
03-14 04:05:28.599 782 825 I sysui_multi_action: [757,803,799,window_time_0,802,37]
03-14 04:05:28.602 782 4406 W FreeFormWindowHelper: Current Display FreeFormTask is Task{f3c1b0 #120 type=standard A=10065:com.android.gallery3d U=0 visible=false mode=freeform translucent=true sz=1}
03-14 04:05:28.604 782 4406 W FreeFormWindowHelper: Current Display FreeFormTask is Task{f3c1b0 #120 type=standard A=10065:com.android.gallery3d U=0 visible=false mode=freeform translucent=true sz=1}
03-14 04:05:28.605 782 4406 W FreeFormWindowHelper: Current Display FreeFormTask is Task{f3c1b0 #120 type=standard A=10065:com.android.gallery3d U=0 visible=false mode=freeform translucent=true sz=1}
03-14 04:05:28.609 4407 4407 I wm_on_top_resumed_gained_called: [174418215,com.android.launcher3.uioverrides.QuickstepLauncher,topStateChangedWhenResumed]
03-14 04:05:28.609 4293 4293 I wm_on_stop_called: [143219023,com.android.gallery3d.app.GalleryActivity,LIFECYCLER_STOP_ACTIVITY]
03-14 04:05:28.618 4293 4293 I wm_on_destroy_called: [143219023,com.android.gallery3d.app.GalleryActivity,performDestroy]
03-14 04:05:28.690 782 4406 W FreeFormWindowHelper: Current Display FreeFormTask is Task{f3c1b0 #120 type=standard A=10065:com.android.gallery3d U=0 visible=false mode=freeform translucent=true sz=1}
03-14 04:05:28.893 782 826 I wm_task_removed: [120,removeChild:removeChild last r=ActivityRecord{889594f u0 com.android.gallery3d/.app.GalleryActivity t-1 f}} in t=Task{f3c1b0 #120 type=standard A=10065:com.android.gallery3d U=0 visible=false mode=freeform translucent=true sz=0}]
03-14 04:05:28.893 782 826 I wm_task_removed: [120,removeChild]
03-14 04:05:28.893 782 826 D FreeFormWindowHelper: Remove freefrom task=Task{f3c1b0 #120 type=standard A=10065:com.android.gallery3d U=0 visible=false mode=freeform translucent=true sz=0}
01-01 08:15:02.311 0 0 E DTC_ETH,link_delay_work_func: 3003, SQI=0, link=0
03-14 04:05:29.592 782 2969 E TaskPersister: File error accessing recents directory (directory doesn't exist?).
03-14 04:05:29.883 782 1605 I input_interaction: Interaction with: e892cf3 com.android.launcher3/com.android.launcher3.uioverrides.QuickstepLauncher (server), d04e39a com.android.systemui.ImageWallpaper (server), edge-swipe (server), swipe-up (server), PointerEventDispatcher0 (server),
03-14 04:05:29.929 4407 4407 I view_enqueue_input_event: [Motion - Cancel,com.android.launcher3/com.android.launcher3.uioverrides.QuickstepLauncher]
03-14 04:05:29.930 782 822 D AutofillManagerService: Close system dialogs
03-14 04:05:29.935 782 1605 I input_interaction: Interaction with: edge-swipe (server), swipe-up (server), PointerEventDispatcher0 (server),
03-14 04:05:30.056 782 2144 W FreeFormWindowHelper: exitRecentTasks type=0
03-14 04:05:30.056 782 2144 W ContextImpl: Calling a method in the system process without a qualified user: android.app.ContextImpl.startActivity:1067 com.android.server.wm.FreeFormWindowHelper.exitRecentTasks:435 com.android.server.wm.ActivityTaskManagerService.exitRecentTasks:3821 android.app.IActivityTaskManager$Stub.onTransact:2307 com.android.server.wm.ActivityTaskManagerService.onTransact:5072
03-14 04:05:30.057 782 2144 I thunderperf: PlatormCompat.setOverrides: Uid1=1000 Pid1=782 Uid2=1000 Pid2=782
03-14 04:05:30.057 782 2144 I thunderperf: PlatormCompat.setOverrides: needCheck:false
03-14 04:05:30.058 782 2144 I thunderperf: CompatConfig.addOverrideUnsafe: bef-state=0
03-14 04:05:30.058 782 2144 I thunderperf: CompatConfig.addOverrideUnsafe: aft-state=0
03-14 04:05:30.058 782 2144 I thunderperf: CompatConfig.addOverrideUnsafe: bef-state=0
03-14 04:05:30.058 782 2144 I thunderperf: CompatConfig.addOverrideUnsafe: aft-state=0
03-14 04:05:30.059 782 2144 I thunderperf: CompatConfig.addOverrideUnsafe: bef-state=0
03-14 04:05:30.059 782 2144 I thunderperf: CompatConfig.addOverrideUnsafe: aft-state=0
03-14 04:05:30.060 782 2144 I thunderperf: CompatConfig.addOverrideUnsafe: bef-state=0
03-14 04:05:30.060 782 2144 I thunderperf: CompatConfig.addOverrideUnsafe: aft-state=0
03-14 04:05:30.060 782 2144 I thunderperf: CompatConfig.addOverrideUnsafe: bef-state=0
03-14 04:05:30.060 782 2144 I thunderperf: CompatConfig.addOverrideUnsafe: aft-state=0
03-14 04:05:30.060 782 2144 I thunderperf: CompatConfig.addOverrideUnsafe: bef-state=0
03-14 04:05:30.060 782 2144 I thunderperf: CompatConfig.addOverrideUnsafe: aft-state=0
03-14 04:05:30.061 782 2144 I thunderperf: CompatConfig.addOverrideUnsafe: bef-state=0
03-14 04:05:30.061 782 2144 I thunderperf: CompatConfig.addOverrideUnsafe: aft-state=0
03-14 04:05:30.061 782 2144 I thunderperf: CompatConfig.addOverrideUnsafe: bef-state=0
03-14 04:05:30.061 782 2144 I thunderperf: CompatConfig.addOverrideUnsafe: aft-state=0
03-14 04:05:30.062 782 2144 I thunderperf: CompatConfig.addOverrideUnsafe: bef-state=0
03-14 04:05:30.062 782 2144 I thunderperf: CompatConfig.addOverrideUnsafe: aft-state=0
03-14 04:05:30.062 782 2144 I thunderperf: CompatConfig.addOverrideUnsafe: bef-state=0
03-14 04:05:30.062 782 2144 I thunderperf: CompatConfig.addOverrideUnsafe: aft-state=0
03-14 04:05:30.062 782 2144 I thunderperf: CompatConfig.addOverrideUnsafe: bef-state=0
03-14 04:05:30.063 782 2144 I thunderperf: CompatConfig.addOverrideUnsafe: aft-state=0
03-14 04:05:30.063 782 2144 I thunderperf: CompatConfig.addOverrideUnsafe: bef-state=0
03-14 04:05:30.063 782 2144 I thunderperf: CompatConfig.addOverrideUnsafe: aft-state=0
03-14 04:05:30.063 782 2144 I thunderperf: CompatConfig.addOverrideUnsafe: bef-state=0
03-14 04:05:30.063 782 2144 I thunderperf: CompatConfig.addOverrideUnsafe: aft-state=0
03-14 04:05:30.064 782 2144 I thunderperf: CompatConfig.addOverrideUnsafe: bef-state=0
03-14 04:05:30.064 782 2144 I thunderperf: CompatConfig.addOverrideUnsafe: aft-state=0
03-14 04:05:30.068 782 2144 I ActivityTaskManager: START u0 {act=android.intent.action.MAIN cat=[android.intent.category.LAUNCHER] flg=0x10200000 cmp=com.android.gallery3d/.app.GalleryActivity} from uid 1000
03-14 04:05:30.071 782 2144 I wm_task_created: [121,-1]
03-14 04:05:30.071 782 2144 W ActivityTaskManager: Can't find TaskDisplayArea to determine support for multi window. Task id=121 attached=false
03-14 04:05:30.071 782 2144 D FreeFormWindowHelper: Add freeform task=Task{9b477a #121 type=standard ?? U=0 visible=false mode=freeform translucent=true sz=0}
03-14 04:05:30.073 782 2144 I wm_task_moved: [121,1,6]
03-14 04:05:30.073 782 2144 I wm_task_to_front: [0,121]
03-14 04:05:30.073 782 2144 I wm_create_task: [0,121]
03-14 04:05:30.073 782 2144 I wm_create_activity: [0,71355179,121,com.android.gallery3d/.app.GalleryActivity,android.intent.action.MAIN,NULL,NULL,270532608]
03-14 04:05:30.074 782 2144 I wm_task_moved: [121,1,6]
03-14 04:05:30.074 782 2144 V SplashScreenExceptionList: SplashScreen checking exception for package com.android.gallery3d (target sdk:29) -> false
03-14 04:05:30.074 782 2144 I ActivityTaskManager: FOREGROUND_APPLICATION_CHANGED to com.android.gallery3d.app.GalleryActivity
03-14 04:05:30.074 782 2144 I ActivityTaskManager: The Process com.android.gallery3d Already Exists in BG. So sending its PID: 4293
03-14 04:05:30.074 782 2144 W ActivityTaskManager: Tried to set launchTime (0) < mLastActivityLaunchTime (895956)
03-14 04:05:30.075 782 2144 I wm_restart_activity: [0,71355179,121,com.android.gallery3d/.app.GalleryActivity]
03-14 04:05:30.075 782 2144 I wm_set_resumed_activity: [0,com.android.gallery3d/.app.GalleryActivity,minimalResumeActivityLocked]
03-14 04:05:30.079 4407 4407 I wm_on_top_resumed_lost_called: [174418215,com.android.launcher3.uioverrides.QuickstepLauncher,topStateChangedWhenResumed]
03-14 04:05:30.082 782 822 D AutofillManagerService: Close system dialogs
03-14 04:05:30.088 4293 4293 I wm_on_create_called: [71355179,com.android.gallery3d.app.GalleryActivity,performCreate]
03-14 04:05:30.088 4293 4293 I wm_on_start_called: [71355179,com.android.gallery3d.app.GalleryActivity,handleStartActivity]
03-14 04:05:30.090 4293 4293 I wm_on_resume_called: [71355179,com.android.gallery3d.app.GalleryActivity,RESUME_ACTIVITY]
03-14 04:05:30.091 4293 4293 I wm_on_top_resumed_gained_called: [71355179,com.android.gallery3d.app.GalleryActivity,topStateChangedWhenResumed]
03-14 04:05:30.096 782 2144 W WindowManager: updateScale : 0.45565748
03-14 04:05:30.097 782 826 I input_focus: [Focus request 424565d com.android.gallery3d/com.android.gallery3d.app.GalleryActivity,reason=UpdateInputWindows]
03-14 04:05:30.114 782 826 W WindowManager: updateScale : 0.45565748
03-14 04:05:30.116 782 826 W WindowManager: updateScale : 0.45565748
03-14 04:05:30.116 782 826 W WindowManager: updateScale : 0.45565748
03-14 04:05:30.116 782 822 I sysui_multi_action: [319,47,322,47,325,900,757,761,758,8,759,2,806,com.android.gallery3d,871,com.android.gallery3d.app.GalleryActivity,904,android,905,0,1320,4,1321,1]
03-14 04:05:30.117 782 822 I wm_activity_launch_time: [0,71355179,com.android.gallery3d/.app.GalleryActivity,47]
03-14 04:05:30.131 782 1605 I input_focus: [Focus leaving e892cf3 com.android.launcher3/com.android.launcher3.uioverrides.QuickstepLauncher (server),reason=setFocusedWindow]
03-14 04:05:30.131 782 1605 I input_focus: [Focus entering 424565d com.android.gallery3d/com.android.gallery3d.app.GalleryActivity (server),reason=setFocusedWindow]
03-14 04:05:30.397 782 826 W WindowManager: updateScale : 0.45565748
01-01 08:15:07.431 0 0 E DTC_ETH,link_delay_work_func: 3003, SQI=0, link=0
03-14 04:05:34.089 782 2969 E TaskPersister: File error accessing recents directory (directory doesn't exist?).
01-01 08:15:12.551 0 0 E DTC_ETH,link_delay_work_func: 3003, SQI=0, link=0
01-01 08:15:17.671 0 0 E DTC_ETH,link_delay_work_func: 3003, SQI=0, link=0
01-01 08:15:22.791 0 0 E DTC_ETH,link_delay_work_func: 3003, SQI=0, link=0
03-14 04:05:52.103 782 872 I am_uid_idle: 10050
01-01 08:15:27.911 0 0 E DTC_ETH,link_delay_work_func: 3003, SQI=0, link=0
03-14 04:05:57.805 782 872 I am_uid_idle: 10063
01-01 08:15:33.031 0 0 E DTC_ETH,link_delay_work_func: 3003, SQI=0, link=0
01-01 08:15:36.009 0 0 I msm_vidc: err : ffffffff: .....: DBLP Set: status 0
01-01 08:15:38.151 0 0 E DTC_ETH,link_delay_work_func: 3003, SQI=0, link=0
01-01 08:15:43.271 0 0 E DTC_ETH,link_delay_work_func: 3003, SQI=0, link=0
01-01 08:15:48.391 0 0 E DTC_ETH,link_delay_work_func: 3003, SQI=0, link=0
01-01 08:15:53.511 0 0 E DTC_ETH,link_delay_work_func: 3003, SQI=0, link=0
03-14 04:06:23.016 782 1000 V DisplayPowerController[0]: Brightness [0.05] reason changing to: 'manual [ dim ]', previous reason: 'manual'.
03-14 04:06:23.016 782 1000 I sysui_multi_action: [757,1696,758,6,759,2]
03-14 04:06:23.016 782 1000 W PowerManagerService: Screen on took 91202 ms
03-14 04:06:23.033 782 1952 E DisplayDeviceConfig: requesting nits when no mapping exists.
03-14 04:06:23.034 782 1952 E DisplayDeviceConfig: requesting nits when no mapping exists.
03-14 04:06:23.034 782 872 I am_wtf : [0,782,system_server,-1,DisplayDeviceConfig,requesting nits when no mapping exists.]
03-14 04:06:23.036 782 872 I DropBoxManagerService: add tag=system_server_wtf isTagEnabled=true flags=0x2
03-14 04:06:23.037 782 872 I am_wtf : [0,782,system_server,-1,DisplayDeviceConfig,requesting nits when no mapping exists.]
03-14 04:06:23.038 782 872 I DropBoxManagerService: add tag=system_server_wtf isTagEnabled=true flags=0x2
03-14 04:06:23.049 782 1952 E DisplayDeviceConfig: requesting nits when no mapping exists.
03-14 04:06:23.049 782 1952 E DisplayDeviceConfig: requesting nits when no mapping exists.
03-14 04:06:23.049 782 872 I am_wtf : [0,782,system_server,-1,DisplayDeviceConfig,requesting nits when no mapping exists.]
03-14 04:06:23.050 782 872 I DropBoxManagerService: add tag=system_server_wtf isTagEnabled=true flags=0x2
03-14 04:06:23.051 782 872 I am_wtf : [0,782,system_server,-1,DisplayDeviceConfig,requesting nits when no mapping exists.]
03-14 04:06:23.052 782 872 I DropBoxManagerService: add tag=system_server_wtf isTagEnabled=true flags=0x2
