03-14 04:00:56.352 4293 4293 I wm_on_destroy_called: [52212183,com.android.gallery3d.app.GalleryActivity,performDestroy]
03-14 04:00:56.360 782 3182 W FreeFormWindowHelper: Current Display FreeFormTask is Task{4692d56 #113 type=standard A=10065:com.android.gallery3d U=0 visible=false mode=freeform translucent=true sz=1}
03-14 04:00:56.360 782 3182 W FreeFormWindowHelper: Current Display FreeFormTask is Task{4692d56 #113 type=standard A=10065:com.android.gallery3d U=0 visible=false mode=freeform translucent=true sz=1}
03-14 04:00:56.361 782 3182 W WindowManager: updateScale : 0.79357797
03-14 04:00:56.433 782 1973 W FreeFormWindowHelper: Current Display FreeFormTask is Task{4692d56 #113 type=standard A=10065:com.android.gallery3d U=0 visible=false mode=freeform translucent=true sz=1}
03-14 04:00:56.608 782 826 W WindowManager: updateScale : 0.79357797
03-14 04:00:56.612 782 826 W WindowManager: updateScale : 0.79357797
03-14 04:00:56.622 782 826 I wm_task_removed: [113,removeChild:removeChild last r=ActivityRecord{31cb1d7 u0 com.android.gallery3d/.app.GalleryActivity t-1 f}} in t=Task{4692d56 #113 type=standard A=10065:com.android.gallery3d U=0 visible=false mode=freeform translucent=true sz=0}]
03-14 04:00:56.622 782 826 I wm_task_removed: [113,removeChild]
03-14 04:00:56.623 782 826 D FreeFormWindowHelper: Remove freefrom task=Task{4692d56 #113 type=standard A=10065:com.android.gallery3d U=0 visible=false mode=freeform translucent=true sz=0}
03-14 04:00:56.624 782 826 W WindowManager: updateScale : 0.79357797
03-14 04:00:57.356 782 1605 I input_interaction: Interaction with: e892cf3 com.android.launcher3/com.android.launcher3.uioverrides.QuickstepLauncher (server), d04e39a com.android.systemui.ImageWallpaper (server), edge-swipe (server), swipe-up (server), PointerEventDispatcher0 (server),
03-14 04:00:57.487 782 2148 W FreeFormWindowHelper: Current Display FreeFormTask is TaskInfo{userId=0 taskId=113 displayId=0 isRunning=true baseIntent=Intent { act=android.intent.action.MAIN cat=[android.intent.category.LAUNCHER] flg=0x10200000 cmp=com.android.gallery3d/.app.GalleryActivity } baseActivity=ComponentInfo{com.android.gallery3d/com.android.gallery3d.app.GalleryActivity} topActivity=ComponentInfo{com.android.gallery3d/com.android.gallery3d.app.GalleryActivity} origActivity=null realActivity=ComponentInfo{com.android.gallery3d/com.android.gallery3d.app.GalleryActivity} numActivities=1 lastActiveTime=592484 supportsSplitScreenMultiWindow=true supportsMultiWindow=true resizeMode=1 isResizeable=true token=WCT{RemoteToken{139911f Task{4692d56 #113 type=standard A=10065:com.android.gallery3d U=0 visible=false mode=freeform translucent=true sz=0}}} topActivityType=1 pictureInPictureParams=PictureInPictureParams( aspectRatio=null sourceRectHint=null hasSetActions=false isAutoPipEnabled=false isSeamlessResizeEnabled=true) displayCutoutSafeInsets=null topActivityInfo=ActivityInfo{cb46c6c com.android.gallery3d.app.GalleryActivity} launchCookies=[] positionInParent=Point(22, 464) parentTaskId=-1 isFocused=false isVisible=true topActivityInSizeCompat=false locusId= null}
01-01 08:10:30.955 0 0 E DTC_ETH,link_delay_work_func: 3003, SQI=0, link=0
03-14 04:00:57.805 782 2148 W FreeFormWindowHelper: Current Display FreeFormTask is null
03-14 04:00:57.892 782 2148 W ActivityTaskManager: Request to remove task ignored for non-existent task 85
03-14 04:00:57.893 782 2148 I wm_finish_activity: [0,187016116,103,com.android.settings/.Settings,recent-task-trimmed]
03-14 04:00:57.895 782 2148 I wm_destroy_activity: [0,187016116,103,com.android.settings/.Settings,finish-imm:finishIfPossible]
03-14 04:00:57.898 782 2148 W ActivityTaskManager: Request to remove task ignored for non-existent task 104
03-14 04:00:57.906 782 2148 I wm_finish_activity: [0,22182734,110,com.android.music/.MusicBrowserActivity,recent-task-trimmed]
03-14 04:00:57.906 782 2148 I wm_task_moved: [1,1,7]
03-14 04:00:57.907 782 2148 I wm_set_resumed_activity: [0,com.android.launcher3/.uioverrides.QuickstepLauncher,positionChildAt]
03-14 04:00:57.907 782 2148 I wm_task_moved: [102,1,2147483647]
03-14 04:00:57.907 782 2148 I wm_task_to_front: [0,102]
03-14 04:00:57.907 3694 3694 I wm_on_top_resumed_lost_called: [22182734,com.android.music.MusicBrowserActivity,topStateChangedWhenResumed]
03-14 04:00:57.907 782 2148 I wm_focused_root_task: [0,0,1,-1,finish-top adjustFocusToNextFocusableTask]
03-14 04:00:57.907 782 2148 I wm_set_resumed_activity: [0,com.android.launcher3/.uioverrides.QuickstepLauncher,finish-top]
03-14 04:00:57.908 782 2148 I wm_pause_activity: [0,22182734,com.android.music/.MusicBrowserActivity,userLeaving=false,finish]
03-14 04:00:57.910 782 2148 W ActivityTaskManager: Request to remove task ignored for non-existent task 113
03-14 04:00:57.911 782 2149 W ActivityTaskManager: removeTask: No task remove with id=113
03-14 04:00:57.912 782 1605 I input_focus: [Focus leaving 6b182e5 com.android.music/com.android.music.MusicBrowserActivity (server),reason=NOT_VISIBLE]
03-14 04:00:57.914 782 826 I input_focus: [Focus request e892cf3 com.android.launcher3/com.android.launcher3.uioverrides.QuickstepLauncher,reason=UpdateInputWindows]
03-14 04:00:57.916 4407 4407 I wm_on_top_resumed_gained_called: [174418215,com.android.launcher3.uioverrides.QuickstepLauncher,topStateChangedWhenResumed]
03-14 04:00:57.918 782 825 I ActivityManager: Killing 2501:com.android.settings/1000 (adj 900): remove task
03-14 04:00:57.918 782 825 I am_kill : [0,2501,com.android.settings,900,remove task]
03-14 04:00:57.920 782 825 I sysui_multi_action: [757,803,799,window_time_2,802,1]
03-14 04:00:57.924 782 825 I sysui_multi_action: [757,803,799,window_time_0,802,0]
03-14 04:00:57.931 782 2969 E TaskPersister: File error accessing recents directory (directory doesn't exist?).
03-14 04:00:57.932 3694 3694 I wm_on_paused_called: [22182734,com.android.music.MusicBrowserActivity,performPause]
03-14 04:00:57.934 782 1678 I ActivityTaskManager: FOREGROUND_APPLICATION_CHANGED to com.android.launcher3.uioverrides.QuickstepLauncher
03-14 04:00:57.934 782 1678 I wm_destroy_activity: [0,22182734,110,com.android.music/.MusicBrowserActivity,finish-imm:completePausedLocked]
03-14 04:00:57.938 782 825 I sysui_multi_action: [757,803,799,window_time_0,802,0]
03-14 04:00:57.944 782 1605 I input_focus: [Focus entering e892cf3 com.android.launcher3/com.android.launcher3.uioverrides.QuickstepLauncher (server),reason=setFocusedWindow]
03-14 04:00:57.948 782 3182 W ActivityManager: Receiver with filter android.content.IntentFilter@3b68517 already registered for pid 3694, callerPackage is com.android.music
03-14 04:00:57.953 3694 3694 I wm_on_stop_called: [22182734,com.android.music.MusicBrowserActivity,LIFECYCLER_STOP_ACTIVITY]
03-14 04:00:57.957 3694 3694 I wm_on_destroy_called: [22182734,com.android.music.MusicBrowserActivity,performDestroy]
03-14 04:00:57.964 782 782 I sysui_multi_action: [757,128,758,5,759,8,793,485510,794,0,795,109626,796,1,806,com.android.music,857,Channel-music,858,2,947,0,1500,109626,1641,transport,1688,1,1745,1043716538]
03-14 04:00:57.964 782 782 I notification_canceled: [0|com.android.music|1|null|10086,8,485510,109626,0,-1,-1,NULL]
03-14 04:00:57.967 782 3182 I wm_task_removed: [110,removeChild:removeChild last r=ActivityRecord{1527b4e u0 com.android.music/.MusicBrowserActivity t-1 f}} in t=Task{86da180 #110 type=standard A=10086:android.task.music U=0 visible=false mode=freeform translucent=true sz=0}]
03-14 04:00:57.967 782 3182 I wm_task_removed: [110,removeChild]
03-14 04:00:57.978 782 782 I notification_cancel_all: [1000,782,com.android.music,0,0,0,20,NULL]
03-14 04:00:57.978 782 1973 I sysui_multi_action: [757,856,758,2,806,com.android.music,857,Channel-music,858,2]
03-14 04:00:57.978 782 1973 W NotificationHistory: Attempted to remove channel for locked/gone/disabled user 0
03-14 04:00:57.979 782 872 W BroadcastQueue: Background execution not allowed: receiving Intent { act=com.android.music.updatewidget flg=0x10 } to com.android.music/.MediaAppWidgetProvider
03-14 04:00:57.979 782 872 W BroadcastQueue: Background execution not allowed: receiving Intent { act=com.android.music.updatewidget flg=0x10 } to com.android.music/.MediaAppWidgetProviderLarge
03-14 04:00:57.995 782 1699 I GameModeConfig: isGameModeOn = false
03-14 04:00:57.995 782 1699 I GameModeConfig: isGameModeOn = false
03-14 04:00:57.995 782 1699 I GameModeConfig: isGameModeOn = false
03-14 04:00:57.995 782 782 I notification_enqueue: [10078,2006,com.android.systemui,1,empty_media,0,Notification(channel=empty_media_style_id shortcut=null contentView=null vibrate=null sound=null defaults=0x0 flags=0x20 color=0x00000000 category=transport groupKey=empty_media actions=4 vis=PRIVATE),0]
01-01 08:10:31.408 0 0 I binder : undelivered transaction 176407, process died.
03-14 04:00:58.014 782 4133 I WindowManager: WIN DEATH: Window{9450c14 u0 com.android.settings/com.android.settings.Settings}
03-14 04:00:58.015 782 2170 I am_proc_died: [0,2501,com.android.settings,900,19]
03-14 04:00:58.020 782 2170 I wm_task_removed: [103,removeChild:removeChild last r=ActivityRecord{b25a3b4 u0 com.android.settings/.Settings t-1 f}} in t=Task{f0d829e #103 type=standard A=1000:com.android.settings.root U=0 visible=false mode=fullscreen translucent=true sz=0}]
03-14 04:00:58.020 782 2170 I wm_task_removed: [103,removeChild]
03-14 04:00:58.022 782 826 W ActivityTaskManager: Can't find TaskDisplayArea to determine support for multi window. Task id=103 attached=false
03-14 04:00:58.022 782 826 W ActivityTaskManager: Can't find TaskDisplayArea to determine support for multi window. Task id=103 attached=false
03-14 04:00:58.023 782 825 W ActivityManager: setHasOverlayUi called on unknown pid: 2501
03-14 04:00:58.025 782 2170 W FreeFormWindowHelper: exitRecentTasks type=2
03-14 04:00:58.028 782 825 D CompatibilityChangeReporter: Compat change id reported: 135634846; UID 1000; state: DISABLED
03-14 04:00:58.028 782 825 D CompatibilityChangeReporter: Compat change id reported: 177438394; UID 1000; state: DISABLED
03-14 04:00:58.028 782 825 D CompatibilityChangeReporter: Compat change id reported: 135772972; UID 1000; state: DISABLED
03-14 04:00:58.028 782 825 D CompatibilityChangeReporter: Compat change id reported: 135754954; UID 1000; state: ENABLED
03-14 04:00:58.033 782 830 I am_pss : [4589,10050,com.thundercomm.screensaver,36760576,31432704,0,149504000,0,19,6]
03-14 04:00:58.034 782 830 W UsageStatsService: Unexpected activity event reported! (com.android.settings/com.android.settings.homepage.SettingsHomepageActivity event : 23 instanceId : 195384993)
03-14 04:00:58.036 782 873 I am_proc_start: [0,4682,1000,com.android.settings,NULL,]
03-14 04:00:58.036 782 873 I ActivityManager: Start proc 4682:com.android.settings/1000 for null
03-14 04:00:58.041 782 4680 W FreeFormWindowHelper: Current Display FreeFormTask is null
03-14 04:00:58.041 782 4680 W FreeFormWindowHelper: Current Display FreeFormTask is null
03-14 04:00:58.041 782 4680 W FreeFormWindowHelper: Current Display FreeFormTask is null
01-01 08:10:31.451 0 0 I binder : 4682:4682 ioctl 40046210 7fc8a60c34 returned -22
03-14 04:00:58.062 782 4133 I am_proc_bound: [0,4682,com.android.settings]
03-14 04:00:58.197 782 782 I sysui_multi_action: [757,1501,758,1,793,201,794,0,795,201,796,1,797,empty_media,806,com.android.systemui,857,empty_media_style_id,858,4,946,empty_media,947,0,1500,0,1641,transport,1688,1,1745,1043716538]
03-14 04:00:58.197 782 782 I sysui_multi_action: [757,804,799,note_interruptive,801,0,802,1]
03-14 04:00:58.197 782 782 I GameModeConfig: isGameModeOn = false
03-14 04:00:58.200 782 782 W NotificationHistory: Attempted to add notif for locked/gone/disabled user 0
03-14 04:00:58.233 782 824 I commit_sys_config_file: [notification-policy,594012]
03-14 04:00:59.829 782 4680 I thunderperf: PlatormCompat.setOverrides: Uid1=10074 Pid1=4407 Uid2=10074 Pid2=4407
03-14 04:00:59.829 782 4680 I thunderperf: PlatormCompat.setOverrides: needCheck:false
03-14 04:00:59.829 782 4680 I thunderperf: CompatConfig.addOverrideUnsafe: bef-state=0
03-14 04:00:59.829 782 4680 I thunderperf: CompatConfig.addOverrideUnsafe: aft-state=0
03-14 04:00:59.830 782 4680 I thunderperf: CompatConfig.addOverrideUnsafe: bef-state=0
03-14 04:00:59.830 782 4680 I thunderperf: CompatConfig.addOverrideUnsafe: aft-state=0
03-14 04:00:59.831 782 4680 I thunderperf: CompatConfig.addOverrideUnsafe: bef-state=0
03-14 04:00:59.831 782 4680 I thunderperf: CompatConfig.addOverrideUnsafe: aft-state=0
03-14 04:00:59.832 782 4680 I thunderperf: CompatConfig.addOverrideUnsafe: bef-state=0
03-14 04:00:59.832 782 4680 I thunderperf: CompatConfig.addOverrideUnsafe: aft-state=0
03-14 04:00:59.832 782 4680 I thunderperf: CompatConfig.addOverrideUnsafe: bef-state=0
03-14 04:00:59.832 782 4680 I thunderperf: CompatConfig.addOverrideUnsafe: aft-state=0
03-14 04:00:59.833 782 4680 I thunderperf: CompatConfig.addOverrideUnsafe: bef-state=0
03-14 04:00:59.833 782 4680 I thunderperf: CompatConfig.addOverrideUnsafe: aft-state=0
03-14 04:00:59.833 782 4680 I thunderperf: CompatConfig.addOverrideUnsafe: bef-state=0
03-14 04:00:59.833 782 4680 I thunderperf: CompatConfig.addOverrideUnsafe: aft-state=0
03-14 04:00:59.834 782 4680 I thunderperf: CompatConfig.addOverrideUnsafe: bef-state=0
03-14 04:00:59.834 782 4680 I thunderperf: CompatConfig.addOverrideUnsafe: aft-state=0
03-14 04:00:59.834 782 4680 I thunderperf: CompatConfig.addOverrideUnsafe: bef-state=0
03-14 04:00:59.834 782 4680 I thunderperf: CompatConfig.addOverrideUnsafe: aft-state=0
03-14 04:00:59.835 782 4680 I thunderperf: CompatConfig.addOverrideUnsafe: bef-state=0
03-14 04:00:59.835 782 4680 I thunderperf: CompatConfig.addOverrideUnsafe: aft-state=0
03-14 04:00:59.835 782 4680 I thunderperf: CompatConfig.addOverrideUnsafe: bef-state=0
03-14 04:00:59.835 782 4680 I thunderperf: CompatConfig.addOverrideUnsafe: aft-state=0
03-14 04:00:59.836 782 4680 I thunderperf: CompatConfig.addOverrideUnsafe: bef-state=0
03-14 04:00:59.836 782 4680 I thunderperf: CompatConfig.addOverrideUnsafe: aft-state=0
03-14 04:00:59.836 782 4680 I thunderperf: CompatConfig.addOverrideUnsafe: bef-state=0
03-14 04:00:59.836 782 4680 I thunderperf: CompatConfig.addOverrideUnsafe: aft-state=0
03-14 04:00:59.837 782 4680 I thunderperf: CompatConfig.addOverrideUnsafe: bef-state=0
03-14 04:00:59.837 782 4680 I thunderperf: CompatConfig.addOverrideUnsafe: aft-state=0
03-14 04:00:59.843 782 4680 I ActivityTaskManager: START u0 {act=android.intent.action.MAIN cat=[android.intent.category.LAUNCHER] flg=0x10200000 cmp=com.android.gallery3d/.app.GalleryActivity} from uid 10074
03-14 04:00:59.849 782 4680 I wm_task_created: [114,-1]
03-14 04:00:59.849 782 4680 W ActivityTaskManager: Can't find TaskDisplayArea to determine support for multi window. Task id=114 attached=false
03-14 04:00:59.849 782 4680 D FreeFormWindowHelper: Add freeform task=Task{ce1ff15 #114 type=standard ?? U=0 visible=false mode=freeform translucent=true sz=0}
03-14 04:00:59.852 782 4680 I wm_task_moved: [114,1,6]
03-14 04:00:59.852 782 4680 I wm_task_to_front: [0,114]
03-14 04:00:59.852 782 4680 I wm_create_task: [0,114]
03-14 04:00:59.852 782 4680 I wm_create_activity: [0,123858360,114,com.android.gallery3d/.app.GalleryActivity,android.intent.action.MAIN,NULL,NULL,270532608]
03-14 04:00:59.852 782 4680 I wm_task_moved: [114,1,6]
03-14 04:00:59.853 782 4680 V SplashScreenExceptionList: SplashScreen checking exception for package com.android.gallery3d (target sdk:29) -> false
03-14 04:00:59.853 782 4680 I ActivityTaskManager: FOREGROUND_APPLICATION_CHANGED to com.android.gallery3d.app.GalleryActivity
03-14 04:00:59.853 782 4680 I ActivityTaskManager: The Process com.android.gallery3d Already Exists in BG. So sending its PID: 4293
03-14 04:00:59.853 782 4680 W ActivityTaskManager: Tried to set launchTime (0) < mLastActivityLaunchTime (579364)
03-14 04:00:59.854 782 4680 I wm_restart_activity: [0,123858360,114,com.android.gallery3d/.app.GalleryActivity]
03-14 04:00:59.854 782 4680 I wm_set_resumed_activity: [0,com.android.gallery3d/.app.GalleryActivity,minimalResumeActivityLocked]
03-14 04:00:59.857 4407 4407 I wm_on_top_resumed_lost_called: [174418215,com.android.launcher3.uioverrides.QuickstepLauncher,topStateChangedWhenResumed]
03-14 04:00:59.867 4293 4293 I wm_on_create_called: [123858360,com.android.gallery3d.app.GalleryActivity,performCreate]
03-14 04:00:59.867 4293 4293 I wm_on_start_called: [123858360,com.android.gallery3d.app.GalleryActivity,handleStartActivity]
03-14 04:00:59.869 4293 4293 I wm_on_resume_called: [123858360,com.android.gallery3d.app.GalleryActivity,RESUME_ACTIVITY]
03-14 04:00:59.870 4293 4293 I wm_on_top_resumed_gained_called: [123858360,com.android.gallery3d.app.GalleryActivity,topStateChangedWhenResumed]
03-14 04:00:59.880 782 4680 W WindowManager: updateScale : 0.79357797
03-14 04:00:59.882 782 826 I input_focus: [Focus request a48dc82 com.android.gallery3d/com.android.gallery3d.app.GalleryActivity,reason=UpdateInputWindows]
03-14 04:00:59.914 782 826 W WindowManager: updateScale : 0.79357797
03-14 04:00:59.914 782 1605 I input_focus: [Focus leaving e892cf3 com.android.launcher3/com.android.launcher3.uioverrides.QuickstepLauncher (server),reason=Waiting for window because NOT_VISIBLE]
03-14 04:00:59.916 782 826 W WindowManager: updateScale : 0.79357797
03-14 04:00:59.916 782 826 W WindowManager: updateScale : 0.79357797
03-14 04:00:59.917 782 822 I sysui_multi_action: [319,72,322,72,325,630,757,761,758,8,759,2,806,com.android.gallery3d,871,com.android.gallery3d.app.GalleryActivity,904,com.android.launcher3,905,0,1320,4,1321,1]
03-14 04:00:59.917 782 822 I wm_activity_launch_time: [0,123858360,com.android.gallery3d/.app.GalleryActivity,72]
03-14 04:00:59.931 782 1605 I input_focus: [Focus entering a48dc82 com.android.gallery3d/com.android.gallery3d.app.GalleryActivity (server),reason=Window became focusable. Previous reason: NOT_VISIBLE]
03-14 04:01:00.197 782 826 W WindowManager: updateScale : 0.79357797
03-14 04:01:00.797 782 1605 I input_interaction: Interaction with: a48dc82 com.android.gallery3d/com.android.gallery3d.app.GalleryActivity (server), edge-swipe (server), swipe-up (server), PointerEventDispatcher0 (server),
03-14 04:01:00.948 782 4133 I wm_finish_activity: [0,123858360,114,com.android.gallery3d/.app.GalleryActivity,finish-activity]
03-14 04:01:00.948 782 4133 I wm_task_moved: [1,1,6]
03-14 04:01:00.949 782 4133 I wm_set_resumed_activity: [0,com.android.launcher3/.uioverrides.QuickstepLauncher,positionChildAt]
03-14 04:01:00.949 782 4133 I wm_task_moved: [102,1,2147483647]
03-14 04:01:00.949 782 4133 I wm_task_to_front: [0,102]
03-14 04:01:00.949 782 4133 I wm_focused_root_task: [0,0,1,-1,finish-top adjustFocusToNextFocusableTask]
03-14 04:01:00.949 782 4133 I wm_set_resumed_activity: [0,com.android.launcher3/.uioverrides.QuickstepLauncher,finish-top]
03-14 04:01:00.949 782 4133 I wm_pause_activity: [0,123858360,com.android.gallery3d/.app.GalleryActivity,userLeaving=false,finish]
03-14 04:01:00.950 4293 4293 I wm_on_top_resumed_lost_called: [123858360,com.android.gallery3d.app.GalleryActivity,topStateChangedWhenResumed]
03-14 04:01:00.951 782 826 I input_focus: [Focus request e892cf3 com.android.launcher3/com.android.launcher3.uioverrides.QuickstepLauncher,reason=UpdateInputWindows]
03-14 04:01:00.951 4407 4407 I wm_on_top_resumed_gained_called: [174418215,com.android.launcher3.uioverrides.QuickstepLauncher,topStateChangedWhenResumed]
03-14 04:01:00.952 782 1605 I input_focus: [Focus leaving a48dc82 com.android.gallery3d/com.android.gallery3d.app.GalleryActivity (server),reason=NOT_VISIBLE]
03-14 04:01:00.953 4293 4293 I wm_on_paused_called: [123858360,com.android.gallery3d.app.GalleryActivity,performPause]
03-14 04:01:00.954 782 825 I sysui_multi_action: [757,803,799,window_time_0,802,3]
03-14 04:01:00.954 782 2170 I ActivityTaskManager: FOREGROUND_APPLICATION_CHANGED to com.android.launcher3.uioverrides.QuickstepLauncher
03-14 04:01:00.954 782 2170 I wm_destroy_activity: [0,123858360,114,com.android.gallery3d/.app.GalleryActivity,finish-imm:completePausedLocked]
03-14 04:01:00.957 782 825 I sysui_multi_action: [757,803,799,window_time_0,802,0]
03-14 04:01:00.959 782 2969 E TaskPersister: File error accessing recents directory (directory doesn't exist?).
03-14 04:01:00.968 4293 4293 I wm_on_stop_called: [123858360,com.android.gallery3d.app.GalleryActivity,LIFECYCLER_STOP_ACTIVITY]
03-14 04:01:00.969 782 1605 I input_focus: [Focus entering e892cf3 com.android.launcher3/com.android.launcher3.uioverrides.QuickstepLauncher (server),reason=setFocusedWindow]
03-14 04:01:00.969 4293 4293 I wm_on_destroy_called: [123858360,com.android.gallery3d.app.GalleryActivity,performDestroy]
03-14 04:01:00.972 782 4680 I wm_task_removed: [114,removeChild:removeChild last r=ActivityRecord{761edb8 u0 com.android.gallery3d/.app.GalleryActivity t-1 f}} in t=Task{ce1ff15 #114 type=standard A=10065:com.android.gallery3d U=0 visible=false mode=freeform translucent=true sz=0}]
03-14 04:01:00.972 782 4680 I wm_task_removed: [114,removeChild]
03-14 04:01:00.972 782 4680 D FreeFormWindowHelper: Remove freefrom task=Task{ce1ff15 #114 type=standard A=10065:com.android.gallery3d U=0 visible=false mode=freeform translucent=true sz=0}
03-14 04:01:01.056 782 4680 W FreeFormWindowHelper: Current Display FreeFormTask is null
03-14 04:01:01.553 782 1605 I input_interaction: Interaction with: e892cf3 com.android.launcher3/com.android.launcher3.uioverrides.QuickstepLauncher (server), d04e39a com.android.systemui.ImageWallpaper (server), edge-swipe (server), swipe-up (server), PointerEventDispatcher0 (server),
03-14 04:01:01.599 782 2170 W FreeFormWindowHelper: Current Display FreeFormTask is null
03-14 04:01:01.609 782 822 D AutofillManagerService: Close system dialogs
03-14 04:01:01.610 782 4133 W FreeFormWindowHelper: Current Display FreeFormTask is null
03-14 04:01:01.610 4407 4407 I view_enqueue_input_event: [Motion - Cancel,com.android.launcher3/com.android.launcher3.uioverrides.QuickstepLauncher]
03-14 04:01:01.610 782 4133 W FreeFormWindowHelper: Current Display FreeFormTask is null
03-14 04:01:01.611 782 2170 W FreeFormWindowHelper: Current Display FreeFormTask is null
03-14 04:01:01.612 782 2170 W FreeFormWindowHelper: Current Display FreeFormTask is null
03-14 04:01:01.614 782 2170 W ActivityTaskManager: getTaskSnapshot: taskId=-124 not found
03-14 04:01:01.615 782 4133 W ActivityTaskManager: getTaskSnapshot: taskId=-123 not found
03-14 04:01:01.615 782 4133 W FreeFormWindowHelper: Current Display FreeFormTask is null
03-14 04:01:01.615 782 4133 W FreeFormWindowHelper: Current Display FreeFormTask is null
03-14 04:01:01.616 782 4133 W ActivityTaskManager: getTaskSnapshot: taskId=-123 not found
03-14 04:01:01.616 782 4133 W ActivityTaskManager: getTaskSnapshot: taskId=-123 not found
03-14 04:01:01.617 782 4133 W ActivityTaskManager: getTaskSnapshot: taskId=-123 not found
03-14 04:01:01.619 782 1605 I input_interaction: Interaction with: edge-swipe (server), swipe-up (server), PointerEventDispatcher0 (server),
03-14 04:01:01.632 782 4406 W FreeFormWindowHelper: Current Display FreeFormTask is null
03-14 04:01:01.632 782 2170 W FreeFormWindowHelper: Current Display FreeFormTask is null
03-14 04:01:01.648 782 4406 W FreeFormWindowHelper: Current Display FreeFormTask is null
03-14 04:01:01.649 782 2170 W FreeFormWindowHelper: Current Display FreeFormTask is null
03-14 04:01:01.801 782 1331 I commit_sys_config_file: [settings-1-0,1]
03-14 04:01:01.900 782 4133 W FreeFormWindowHelper: Current Display FreeFormTask is null
03-14 04:01:01.900 782 4133 W FreeFormWindowHelper: Current Display FreeFormTask is null
03-14 04:01:01.918 782 4406 W FreeFormWindowHelper: Current Display FreeFormTask is null
03-14 04:01:01.918 782 4406 W FreeFormWindowHelper: Current Display FreeFormTask is null
03-14 04:01:01.934 782 4406 W FreeFormWindowHelper: Current Display FreeFormTask is null
03-14 04:01:01.934 782 4406 W FreeFormWindowHelper: Current Display FreeFormTask is null
03-14 04:01:01.951 782 4406 W FreeFormWindowHelper: Current Display FreeFormTask is null
03-14 04:01:01.951 782 4406 W FreeFormWindowHelper: Current Display FreeFormTask is null
03-14 04:01:01.971 782 4406 W FreeFormWindowHelper: Current Display FreeFormTask is null
03-14 04:01:01.971 782 4406 W FreeFormWindowHelper: Current Display FreeFormTask is null
03-14 04:01:01.988 782 4133 W FreeFormWindowHelper: Current Display FreeFormTask is null
03-14 04:01:01.988 782 4133 W FreeFormWindowHelper: Current Display FreeFormTask is null
03-14 04:01:02.002 782 4133 W FreeFormWindowHelper: Current Display FreeFormTask is null
03-14 04:01:02.003 782 4680 W FreeFormWindowHelper: Current Display FreeFormTask is null
03-14 04:01:02.020 782 4406 W FreeFormWindowHelper: Current Display FreeFormTask is null
03-14 04:01:02.021 782 4406 W FreeFormWindowHelper: Current Display FreeFormTask is null
03-14 04:01:02.037 782 4133 W FreeFormWindowHelper: Current Display FreeFormTask is null
03-14 04:01:02.037 782 4133 W FreeFormWindowHelper: Current Display FreeFormTask is null
03-14 04:01:02.055 782 4406 W FreeFormWindowHelper: Current Display FreeFormTask is null
03-14 04:01:02.055 782 4406 W FreeFormWindowHelper: Current Display FreeFormTask is null
03-14 04:01:02.071 782 4406 W FreeFormWindowHelper: Current Display FreeFormTask is null
03-14 04:01:02.071 782 4133 W FreeFormWindowHelper: Current Display FreeFormTask is null
03-14 04:01:02.086 782 2144 W FreeFormWindowHelper: Current Display FreeFormTask is null
03-14 04:01:02.087 782 2144 W FreeFormWindowHelper: Current Display FreeFormTask is null
03-14 04:01:02.090 782 1331 I commit_sys_config_file: [settings-1-0,4]
03-14 04:01:02.104 782 2144 W FreeFormWindowHelper: Current Display FreeFormTask is null
03-14 04:01:02.104 782 2144 W FreeFormWindowHelper: Current Display FreeFormTask is null
03-14 04:01:02.120 782 2144 W FreeFormWindowHelper: Current Display FreeFormTask is null
03-14 04:01:02.120 782 2144 W FreeFormWindowHelper: Current Display FreeFormTask is null
03-14 04:01:02.137 782 2144 W FreeFormWindowHelper: Current Display FreeFormTask is null
03-14 04:01:02.138 782 2144 W FreeFormWindowHelper: Current Display FreeFormTask is null
03-14 04:01:02.154 782 2144 W FreeFormWindowHelper: Current Display FreeFormTask is null
03-14 04:01:02.154 782 2144 W FreeFormWindowHelper: Current Display FreeFormTask is null
03-14 04:01:02.171 782 2144 W FreeFormWindowHelper: Current Display FreeFormTask is null
03-14 04:01:02.171 782 2144 W FreeFormWindowHelper: Current Display FreeFormTask is null
03-14 04:01:02.186 782 2144 W FreeFormWindowHelper: Current Display FreeFormTask is null
03-14 04:01:02.187 782 2144 W FreeFormWindowHelper: Current Display FreeFormTask is null
03-14 04:01:02.205 782 2144 W FreeFormWindowHelper: Current Display FreeFormTask is null
03-14 04:01:02.206 782 4406 W FreeFormWindowHelper: Current Display FreeFormTask is null
03-14 04:01:02.207 782 4406 W FreeFormWindowHelper: Current Display FreeFormTask is null
03-14 04:01:02.231 782 2144 W FreeFormWindowHelper: Current Display FreeFormTask is null
03-14 04:01:02.231 782 2144 W FreeFormWindowHelper: Current Display FreeFormTask is null
01-01 08:10:36.071 0 0 E DTC_ETH,link_delay_work_func: 3003, SQI=0, link=0
03-14 04:01:03.980 782 2969 E TaskPersister: File error accessing recents directory (directory doesn't exist?).
01-01 08:10:38.185 0 0 I msm_vidc: err : ffffffff: .....: DBLP Set: status 0
01-01 08:10:41.191 0 0 E DTC_ETH,link_delay_work_func: 3003, SQI=0, link=0
03-14 04:01:08.206 782 1699 I GameModeConfig: isGameModeOn = false
03-14 04:01:08.819 782 1605 I input_interaction: Interaction with: e892cf3 com.android.launcher3/com.android.launcher3.uioverrides.QuickstepLauncher (server), d04e39a com.android.systemui.ImageWallpaper (server), edge-swipe (server), swipe-up (server), PointerEventDispatcher0 (server),
03-14 04:01:08.904 782 1340 D ActivityManager: freezing 3083 com.android.traceur
03-14 04:01:08.905 782 1340 E ActivityManager: Unable to freeze binder for 3083 com.android.traceur
03-14 04:01:08.906 782 1340 D ActivityManager: froze 3083 com.android.traceur
03-14 04:01:08.906 782 1340 I am_freeze: [3083,com.android.traceur]
03-14 04:01:08.906 782 1340 E ActivityManager: Unable to freeze binder for 3083 com.android.traceur
01-01 08:10:42.299 0 0 I binder : 782:1340 ioctl 400c620e 70a125d5d8 returned -22
01-01 08:10:42.301 0 0 I binder : 782:1340 ioctl c00c620f 70a125d5b8 returned -22
03-14 04:01:08.907 782 1340 I ActivityManager: Killing 3083:com.android.traceur/u0a21 (adj 975): Unable to freeze binder interface
03-14 04:01:08.907 782 1340 I am_kill : [0,3083,com.android.traceur,975,Unable to freeze binder interface]
03-14 04:01:08.939 782 4406 I am_proc_died: [0,3083,com.android.traceur,975,19]
03-14 04:01:08.940 782 4406 I am_uid_stopped: 10021
03-14 04:01:10.157 782 4406 W FreeFormWindowHelper: exitRecentTasks type=0
03-14 04:01:10.950 782 825 W ActivityTaskManager: Launch timeout has expired, giving up wake lock!
03-14 04:01:11.111 782 2144 I thunderperf: PlatormCompat.setOverrides: Uid1=10074 Pid1=4407 Uid2=10074 Pid2=4407
03-14 04:01:11.111 782 2144 I thunderperf: PlatormCompat.setOverrides: needCheck:false
03-14 04:01:11.111 782 2144 I thunderperf: CompatConfig.addOverrideUnsafe: bef-state=0
03-14 04:01:11.111 782 2144 I thunderperf: CompatConfig.addOverrideUnsafe: aft-state=0
03-14 04:01:11.112 782 2144 I thunderperf: CompatConfig.addOverrideUnsafe: bef-state=0
03-14 04:01:11.112 782 2144 I thunderperf: CompatConfig.addOverrideUnsafe: aft-state=0
03-14 04:01:11.113 782 2144 I thunderperf: CompatConfig.addOverrideUnsafe: bef-state=0
03-14 04:01:11.113 782 2144 I thunderperf: CompatConfig.addOverrideUnsafe: aft-state=0
03-14 04:01:11.114 782 2144 I thunderperf: CompatConfig.addOverrideUnsafe: bef-state=0
03-14 04:01:11.114 782 2144 I thunderperf: CompatConfig.addOverrideUnsafe: aft-state=0
03-14 04:01:11.114 782 2144 I thunderperf: CompatConfig.addOverrideUnsafe: bef-state=0
03-14 04:01:11.114 782 2144 I thunderperf: CompatConfig.addOverrideUnsafe: aft-state=0
03-14 04:01:11.115 782 2144 I thunderperf: CompatConfig.addOverrideUnsafe: bef-state=0
03-14 04:01:11.115 782 2144 I thunderperf: CompatConfig.addOverrideUnsafe: aft-state=0
03-14 04:01:11.115 782 2144 I thunderperf: CompatConfig.addOverrideUnsafe: bef-state=0
03-14 04:01:11.115 782 2144 I thunderperf: CompatConfig.addOverrideUnsafe: aft-state=0
03-14 04:01:11.116 782 2144 I thunderperf: CompatConfig.addOverrideUnsafe: bef-state=0
03-14 04:01:11.116 782 2144 I thunderperf: CompatConfig.addOverrideUnsafe: aft-state=0
03-14 04:01:11.116 782 2144 I thunderperf: CompatConfig.addOverrideUnsafe: bef-state=0
03-14 04:01:11.116 782 2144 I thunderperf: CompatConfig.addOverrideUnsafe: aft-state=0
03-14 04:01:11.117 782 2144 I thunderperf: CompatConfig.addOverrideUnsafe: bef-state=0
03-14 04:01:11.117 782 2144 I thunderperf: CompatConfig.addOverrideUnsafe: aft-state=0
03-14 04:01:11.117 782 2144 I thunderperf: CompatConfig.addOverrideUnsafe: bef-state=0
03-14 04:01:11.117 782 2144 I thunderperf: CompatConfig.addOverrideUnsafe: aft-state=0
03-14 04:01:11.118 782 2144 I thunderperf: CompatConfig.addOverrideUnsafe: bef-state=0
03-14 04:01:11.118 782 2144 I thunderperf: CompatConfig.addOverrideUnsafe: aft-state=0
03-14 04:01:11.118 782 2144 I thunderperf: CompatConfig.addOverrideUnsafe: bef-state=0
03-14 04:01:11.118 782 2144 I thunderperf: CompatConfig.addOverrideUnsafe: aft-state=0
03-14 04:01:11.119 782 2144 I thunderperf: CompatConfig.addOverrideUnsafe: bef-state=0
03-14 04:01:11.119 782 2144 I thunderperf: CompatConfig.addOverrideUnsafe: aft-state=0
03-14 04:01:11.126 782 2144 I ActivityTaskManager: START u0 {act=android.intent.action.MAIN cat=[android.intent.category.LAUNCHER] flg=0x10200000 cmp=com.android.gallery3d/.app.GalleryActivity bnds=[2128,110][2314,310]} from uid 10074
03-14 04:01:11.130 782 2144 I wm_task_created: [115,-1]
03-14 04:01:11.130 782 2144 W ActivityTaskManager: Can't find TaskDisplayArea to determine support for multi window. Task id=115 attached=false
03-14 04:01:11.132 782 2144 I wm_task_moved: [115,1,6]
03-14 04:01:11.132 782 2144 I wm_task_to_front: [0,115]
03-14 04:01:11.133 782 2144 I wm_create_task: [0,115]
03-14 04:01:11.133 782 2144 I wm_create_activity: [0,263232849,115,com.android.gallery3d/.app.GalleryActivity,android.intent.action.MAIN,NULL,NULL,270532608]
03-14 04:01:11.133 782 2144 I wm_task_moved: [115,1,6]
03-14 04:01:11.133 782 2144 V SplashScreenExceptionList: SplashScreen checking exception for package com.android.gallery3d (target sdk:29) -> false
03-14 04:01:11.134 782 2144 I wm_pause_activity: [0,174418215,com.android.launcher3/.uioverrides.QuickstepLauncher,userLeaving=true,pauseBackTasks]
03-14 04:01:11.134 2006 2256 D PhoneStartingWindowTypeAlgorithm: preferredStartingWindowType newTask:true taskSwitch:true processRunning:true allowTaskSnapshot:true activityCreated:false useEmptySplashScreen:false legacySplashScreen:false topIsHome:false
03-14 04:01:11.134 2006 2256 D StartingSurfaceDrawer: addSplashScreen com.android.gallery3d theme=7f120034 task=115 suggestType=1
03-14 04:01:11.136 2006 2260 D StartingSurfaceDrawer: window attributes color: 0 icon null duration 0 brandImage null
03-14 04:01:11.136 782 2170 W FreeFormWindowHelper: Current Display FreeFormTask is null
03-14 04:01:11.137 4407 4407 I wm_on_top_resumed_lost_called: [174418215,com.android.launcher3.uioverrides.QuickstepLauncher,topStateChangedWhenResumed]
03-14 04:01:11.137 4407 4407 I wm_on_paused_called: [174418215,com.android.launcher3.uioverrides.QuickstepLauncher,performPause]
03-14 04:01:11.138 782 2170 I ActivityTaskManager: FOREGROUND_APPLICATION_CHANGED to com.android.gallery3d.app.GalleryActivity
03-14 04:01:11.138 782 2170 I ActivityTaskManager: The Process com.android.gallery3d Already Exists in BG. So sending its PID: 4293
03-14 04:01:11.138 782 2170 W ActivityTaskManager: Tried to set launchTime (0) < mLastActivityLaunchTime (630746)
03-14 04:01:11.138 2006 2260 D StartingSurfaceDrawer: quantize: this is pure transparent image
03-14 04:01:11.138 782 2170 I wm_add_to_stopping: [0,174418215,com.android.launcher3/.uioverrides.QuickstepLauncher,makeInvisible]
03-14 04:01:11.138 782 2170 I wm_restart_activity: [0,263232849,115,com.android.gallery3d/.app.GalleryActivity]
03-14 04:01:11.139 782 2170 I wm_set_resumed_activity: [0,com.android.gallery3d/.app.GalleryActivity,minimalResumeActivityLocked]
03-14 04:01:11.141 2006 2260 D StartingSurfaceDrawer: FgMainColor=ff000000 BgMainColor=0 IsBgComplex=false FromCache=false ThemeColor=ff000000
03-14 04:01:11.141 2006 2260 D StartingSurfaceDrawer: isRgbSimilarInHsv a: ff000000 b 0 contrast ratio: 1.0
03-14 04:01:11.141 2006 2260 D StartingSurfaceDrawer: makeSplashScreenContentView: choose fg icon
03-14 04:01:11.142 2006 2260 D StartingSurfaceDrawer: fillViewWithIcon surfaceWindowView android.window.SplashScreenView{820c271 V.E...... ......ID 0,0-0,0}
03-14 04:01:11.144 782 825 I sysui_multi_action: [757,803,799,window_time_0,802,11]
03-14 04:01:11.149 782 830 I am_pss : [3261,10061,com.qualcomm.qti.devicestatisticsservice,5152768,3637248,0,89804800,0,0,4]
03-14 04:01:11.150 4293 4293 I wm_on_create_called: [263232849,com.android.gallery3d.app.GalleryActivity,performCreate]
03-14 04:01:11.151 4293 4293 I wm_on_start_called: [263232849,com.android.gallery3d.app.GalleryActivity,handleStartActivity]
03-14 04:01:11.152 4293 4293 I wm_on_resume_called: [263232849,com.android.gallery3d.app.GalleryActivity,RESUME_ACTIVITY]
03-14 04:01:11.153 782 2170 W WindowManager: Failed looking up window session=Session{5d2de7e 4293:u0a10065} callers=com.android.server.wm.WindowManagerService.windowForClientLocked:5628 com.android.server.wm.Session.insetsModified:629 android.view.IWindowSession$Stub.onTransact:1151
03-14 04:01:11.154 4293 4293 I wm_on_top_resumed_gained_called: [263232849,com.android.gallery3d.app.GalleryActivity,topStateChangedWhenResumed]
03-14 04:01:11.157 782 1605 I input_focus: [Focus leaving e892cf3 com.android.launcher3/com.android.launcher3.uioverrides.QuickstepLauncher (server),reason=NO_WINDOW]
03-14 04:01:11.160 782 826 I input_focus: [Focus request 3fe65af com.android.gallery3d/com.android.gallery3d.app.GalleryActivity,reason=UpdateInputWindows]
03-14 04:01:11.180 782 822 I sysui_multi_action: [319,43,321,41,322,51,325,642,757,761,758,8,759,1,806,com.android.gallery3d,871,com.android.gallery3d.app.GalleryActivity,904,com.android.launcher3,905,0,1320,4,1321,1]
03-14 04:01:11.180 782 822 I wm_activity_launch_time: [0,263232849,com.android.gallery3d/.app.GalleryActivity,51]
03-14 04:01:11.191 2006 2256 D StartingSurfaceDrawer: Task start finish, remove starting surface for task 115
03-14 04:01:11.191 2006 2256 V StartingSurfaceDrawer: Removing splash screen window for task: 115
03-14 04:01:11.192 782 1605 I input_focus: [Focus entering 3fe65af com.android.gallery3d/com.android.gallery3d.app.GalleryActivity (server),reason=Window became focusable. Previous reason: NOT_VISIBLE]
03-14 04:01:11.241 782 2144 W FreeFormWindowHelper: Current Display FreeFormTask is null
03-14 04:01:11.693 782 825 I wm_stop_activity: [0,174418215,com.android.launcher3/.uioverrides.QuickstepLauncher]
03-14 04:01:11.699 782 1340 D ActivityManager: freezing 3597 com.android.dynsystem
03-14 04:01:11.699 782 1340 E ActivityManager: Unable to freeze binder for 3597 com.android.dynsystem
03-14 04:01:11.699 782 1340 D ActivityManager: froze 3597 com.android.dynsystem
03-14 04:01:11.699 782 1340 I am_freeze: [3597,com.android.dynsystem]
03-14 04:01:11.699 782 1340 E ActivityManager: Unable to freeze binder for 3597 com.android.dynsystem
01-01 08:10:45.094 0 0 I binder : 782:1340 ioctl 400c620e 70a125d5d8 returned -22
01-01 08:10:45.094 0 0 I binder : 782:1340 ioctl c00c620f 70a125d5b8 returned -22
03-14 04:01:11.700 782 1340 I ActivityManager: Killing 3597:com.android.dynsystem/1000 (adj 965): Unable to freeze binder interface
03-14 04:01:11.700 782 1340 I am_kill : [0,3597,com.android.dynsystem,965,Unable to freeze binder interface]
03-14 04:01:11.711 4407 4407 I wm_on_stop_called: [174418215,com.android.launcher3.uioverrides.QuickstepLauncher,STOP_ACTIVITY_ITEM]
03-14 04:01:11.717 782 2170 I am_proc_died: [0,3597,com.android.dynsystem,965,19]
03-14 04:01:11.734 782 1340 D ActivityManager: freezing 3620 com.android.localtransport
03-14 04:01:11.734 782 1340 E ActivityManager: Unable to freeze binder for 3620 com.android.localtransport
03-14 04:01:11.735 782 1340 D ActivityManager: froze 3620 com.android.localtransport
03-14 04:01:11.735 782 1340 I am_freeze: [3620,com.android.localtransport]
03-14 04:01:11.735 782 1340 E ActivityManager: Unable to freeze binder for 3620 com.android.localtransport
03-14 04:01:11.735 782 1340 I ActivityManager: Killing 3620:com.android.localtransport/1000 (adj 995): Unable to freeze binder interface
03-14 04:01:11.735 782 1340 I am_kill : [0,3620,com.android.localtransport,995,Unable to freeze binder interface]
01-01 08:10:45.129 0 0 I binder : 782:1340 ioctl 400c620e 70a125d5d8 returned -22
01-01 08:10:45.130 0 0 I binder : 782:1340 ioctl c00c620f 70a125d5b8 returned -22
03-14 04:01:11.751 782 2170 I am_proc_died: [0,3620,com.android.localtransport,995,19]
03-14 04:01:11.777 782 1340 D ActivityManager: freezing 3624 com.android.dynsystem:dynsystem
03-14 04:01:11.777 782 1340 E ActivityManager: Unable to freeze binder for 3624 com.android.dynsystem:dynsystem
03-14 04:01:11.778 782 1340 D ActivityManager: froze 3624 com.android.dynsystem:dynsystem
03-14 04:01:11.778 782 1340 I am_freeze: [3624,com.android.dynsystem:dynsystem]
03-14 04:01:11.778 782 1340 E ActivityManager: Unable to freeze binder for 3624 com.android.dynsystem:dynsystem
03-14 04:01:11.778 782 1340 I ActivityManager: Killing 3624:com.android.dynsystem:dynsystem/1000 (adj 985): Unable to freeze binder interface
03-14 04:01:11.778 782 1340 I am_kill : [0,3624,com.android.dynsystem:dynsystem,985,Unable to freeze binder interface]
01-01 08:10:45.172 0 0 I binder : 782:1340 ioctl 400c620e 70a125d5d8 returned -22
01-01 08:10:45.173 0 0 I binder : 782:1340 ioctl c00c620f 70a125d5b8 returned -22
03-14 04:01:11.794 782 2170 I am_proc_died: [0,3624,com.android.dynsystem:dynsystem,985,19]
03-14 04:01:11.868 782 1340 D ActivityManager: freezing 3317 com.android.keychain
03-14 04:01:11.868 782 1340 E ActivityManager: Unable to freeze binder for 3317 com.android.keychain
03-14 04:01:11.868 782 1340 D ActivityManager: froze 3317 com.android.keychain
03-14 04:01:11.868 782 1340 I am_freeze: [3317,com.android.keychain]
03-14 04:01:11.868 782 1340 E ActivityManager: Unable to freeze binder for 3317 com.android.keychain
03-14 04:01:11.869 782 1340 I ActivityManager: Killing 3317:com.android.keychain/1000 (adj 985): Unable to freeze binder interface
03-14 04:01:11.869 782 1340 I am_kill : [0,3317,com.android.keychain,985,Unable to freeze binder interface]
01-01 08:10:45.263 0 0 I binder : 782:1340 ioctl 400c620e 70a125d5d8 returned -22
01-01 08:10:45.263 0 0 I binder : 782:1340 ioctl c00c620f 70a125d5b8 returned -22
03-14 04:01:11.884 782 2170 I am_proc_died: [0,3317,com.android.keychain,985,19]
03-14 04:01:12.017 782 1605 I input_interaction: Interaction with: 3fe65af com.android.gallery3d/com.android.gallery3d.app.GalleryActivity (server), edge-swipe (server), swipe-up (server), PointerEventDispatcher0 (server),
03-14 04:01:12.022 782 2170 W FreeFormWindowHelper: Current Display FreeFormTask is null
03-14 04:01:12.022 782 2170 W FreeFormWindowHelper: Current Display FreeFormTask is null
03-14 04:01:12.024 782 2170 W FreeFormWindowHelper: Current Display FreeFormTask is null
03-14 04:01:12.024 782 2170 I wm_task_moved: [1,0,0]
03-14 04:01:12.024 782 2170 I wm_task_moved: [1,0,5]
03-14 04:01:12.025 782 4406 W FreeFormWindowHelper: Current Display FreeFormTask is null
03-14 04:01:12.043 4407 4407 I wm_on_restart_called: [174418215,com.android.launcher3.uioverrides.QuickstepLauncher,performRestartActivity]
03-14 04:01:12.044 782 2144 W FreeFormWindowHelper: Current Display FreeFormTask is null
03-14 04:01:12.044 782 2144 W FreeFormWindowHelper: Current Display FreeFormTask is null
03-14 04:01:12.044 782 2144 W FreeFormWindowHelper: Current Display FreeFormTask is null
03-14 04:01:12.053 782 2144 W ActivityTaskManager: getTaskSnapshot: taskId=-711 not found
03-14 04:01:12.053 4407 4407 I wm_on_start_called: [174418215,com.android.launcher3.uioverrides.QuickstepLauncher,handleStartActivity]
03-14 04:01:12.054 782 2144 W ActivityTaskManager: getTaskSnapshot: taskId=-710 not found
03-14 04:01:12.055 782 2144 W ActivityTaskManager: getTaskSnapshot: taskId=-710 not found
03-14 04:01:12.055 782 2144 W ActivityTaskManager: getTaskSnapshot: taskId=-710 not found
03-14 04:01:12.055 782 2144 W ActivityTaskManager: getTaskSnapshot: taskId=-710 not found
03-14 04:01:12.062 782 2144 W FreeFormWindowHelper: Current Display FreeFormTask is null
03-14 04:01:12.062 782 2144 W FreeFormWindowHelper: Current Display FreeFormTask is null
03-14 04:01:12.067 782 822 I sysui_multi_action: [319,2,322,41,325,642,757,761,758,9,759,5,806,com.android.launcher3,871,com.android.launcher3.uioverrides.QuickstepLauncher,905,0,1320,4,1321,1]
03-14 04:01:12.075 782 2170 W FreeFormWindowHelper: Current Display FreeFormTask is null
03-14 04:01:12.075 782 2170 W FreeFormWindowHelper: Current Display FreeFormTask is null
03-14 04:01:12.086 782 1340 D ActivityManager: freezing 3711 com.android.onetimeinitializer
03-14 04:01:12.087 782 1340 E ActivityManager: Unable to freeze binder for 3711 com.android.onetimeinitializer
03-14 04:01:12.087 782 1340 D ActivityManager: froze 3711 com.android.onetimeinitializer
03-14 04:01:12.087 782 1340 I am_freeze: [3711,com.android.onetimeinitializer]
03-14 04:01:12.087 782 1340 E ActivityManager: Unable to freeze binder for 3711 com.android.onetimeinitializer
01-01 08:10:45.482 0 0 I binder : 782:1340 ioctl 400c620e 70a125d5d8 returned -22
01-01 08:10:45.482 0 0 I binder : 782:1340 ioctl c00c620f 70a125d5b8 returned -22
03-14 04:01:12.088 782 1340 I ActivityManager: Killing 3711:com.android.onetimeinitializer/u0a59 (adj 975): Unable to freeze binder interface
03-14 04:01:12.088 782 1340 I am_kill : [0,3711,com.android.onetimeinitializer,975,Unable to freeze binder interface]
03-14 04:01:12.105 782 2170 I am_proc_died: [0,3711,com.android.onetimeinitializer,975,19]
03-14 04:01:12.105 782 2170 I am_uid_stopped: 10059
03-14 04:01:12.152 4293 4293 I view_enqueue_input_event: [Motion - Cancel,com.android.gallery3d/com.android.gallery3d.app.GalleryActivity]
03-14 04:01:12.152 782 822 D AutofillManagerService: Close system dialogs
03-14 04:01:12.154 4407 4407 I sysui_latency: [1,45]
03-14 04:01:12.154 782 826 I input_focus: [Focus request recents_animation_input_consumer,reason=UpdateInputWindows]
03-14 04:01:12.159 782 2144 W FreeFormWindowHelper: Current Display FreeFormTask is null
03-14 04:01:12.161 782 2144 W FreeFormWindowHelper: Current Display FreeFormTask is null
03-14 04:01:12.162 782 2144 W ActivityTaskManager: getTaskSnapshot: taskId=-575 not found
03-14 04:01:12.163 782 2144 W ActivityTaskManager: getTaskSnapshot: taskId=-575 not found
03-14 04:01:12.163 782 2144 W ActivityTaskManager: getTaskSnapshot: taskId=-575 not found
03-14 04:01:12.163 782 2144 W ActivityTaskManager: getTaskSnapshot: taskId=-575 not found
03-14 04:01:12.164 782 2144 W ActivityTaskManager: getTaskSnapshot: taskId=-575 not found
03-14 04:01:12.165 782 1605 I input_interaction: Interaction with: edge-swipe (server), swipe-up (server), PointerEventDispatcher0 (server),
03-14 04:01:12.176 782 1605 I input_focus: [Focus leaving 3fe65af com.android.gallery3d/com.android.gallery3d.app.GalleryActivity (server),reason=NOT_FOCUSABLE]
03-14 04:01:12.176 782 2170 W FreeFormWindowHelper: Current Display FreeFormTask is null
03-14 04:01:12.176 782 2170 W FreeFormWindowHelper: Current Display FreeFormTask is null
03-14 04:01:12.176 782 1605 I input_focus: [Focus entering recents_animation_input_consumer (server),reason=setFocusedWindow]
03-14 04:01:12.193 782 2170 W FreeFormWindowHelper: Current Display FreeFormTask is null
03-14 04:01:12.193 782 2170 W FreeFormWindowHelper: Current Display FreeFormTask is null
03-14 04:01:12.253 782 1331 I commit_sys_config_file: [settings-1-0,2]
03-14 04:01:12.367 782 830 I sysui_latency: [8,47]
03-14 04:01:12.566 782 2144 W FreeFormWindowHelper: Current Display FreeFormTask is null
03-14 04:01:12.566 782 2144 W FreeFormWindowHelper: Current Display FreeFormTask is null
03-14 04:01:12.566 782 2144 W FreeFormWindowHelper: Current Display FreeFormTask is null
03-14 04:01:12.862 782 4406 I wm_task_moved: [1,1,6]
03-14 04:01:12.863 782 4406 I wm_focused_root_task: [0,0,1,115,RecentsAnimation.onAnimationFinished()]
03-14 04:01:12.863 4293 4293 I wm_on_top_resumed_lost_called: [263232849,com.android.gallery3d.app.GalleryActivity,topStateChangedWhenResumed]
03-14 04:01:12.864 782 4406 I wm_pause_activity: [0,263232849,com.android.gallery3d/.app.GalleryActivity,userLeaving=false,pauseBackTasks]
03-14 04:01:12.864 782 4406 I ActivityTaskManager: FOREGROUND_APPLICATION_CHANGED to com.android.launcher3.uioverrides.QuickstepLauncher
03-14 04:01:12.865 782 4406 I wm_set_resumed_activity: [0,com.android.launcher3/.uioverrides.QuickstepLauncher,resumeTopActivityInnerLocked]
03-14 04:01:12.866 782 4406 I wm_resume_activity: [0,174418215,102,com.android.launcher3/.uioverrides.QuickstepLauncher]
03-14 04:01:12.866 782 4406 I wm_add_to_stopping: [0,263232849,com.android.gallery3d/.app.GalleryActivity,makeInvisible]
03-14 04:01:12.866 4407 4407 I wm_on_resume_called: [174418215,com.android.launcher3.uioverrides.QuickstepLauncher,RESUME_ACTIVITY]
03-14 04:01:12.869 782 826 I input_focus: [Focus request e892cf3 com.android.launcher3/com.android.launcher3.uioverrides.QuickstepLauncher,reason=UpdateInputWindows]
03-14 04:01:12.870 782 825 I sysui_multi_action: [757,803,799,window_time_0,802,1]
03-14 04:01:12.871 782 4680 I wm_stop_activity: [0,263232849,com.android.gallery3d/.app.GalleryActivity]
03-14 04:01:12.872 4293 4293 I wm_on_paused_called: [263232849,com.android.gallery3d.app.GalleryActivity,performPause]
03-14 04:01:12.873 4293 4293 I wm_on_stop_called: [263232849,com.android.gallery3d.app.GalleryActivity,STOP_ACTIVITY_ITEM]
03-14 04:01:12.874 782 825 I sysui_multi_action: [757,803,799,window_time_0,802,0]
03-14 04:01:12.879 782 1605 I input_focus: [Focus leaving recents_animation_input_consumer (server),reason=NOT_VISIBLE]
03-14 04:01:12.879 782 2144 W FreeFormWindowHelper: Current Display FreeFormTask is null
03-14 04:01:12.879 782 2144 W FreeFormWindowHelper: Current Display FreeFormTask is null
03-14 04:01:12.879 782 1605 I input_focus: [Focus entering e892cf3 com.android.launcher3/com.android.launcher3.uioverrides.QuickstepLauncher (server),reason=setFocusedWindow]
03-14 04:01:12.880 782 2144 W FreeFormWindowHelper: Current Display FreeFormTask is null
03-14 04:01:12.899 4407 4407 I wm_on_top_resumed_gained_called: [174418215,com.android.launcher3.uioverrides.QuickstepLauncher,topStateChangedWhenResumed]
03-14 04:01:12.900 782 4406 W FreeFormWindowHelper: Current Display FreeFormTask is null
03-14 04:01:12.901 782 4406 W FreeFormWindowHelper: Current Display FreeFormTask is null
01-01 08:10:46.311 0 0 E DTC_ETH,link_delay_work_func: 3003, SQI=0, link=0
03-14 04:01:12.970 782 3182 W FreeFormWindowHelper: Current Display FreeFormTask is null
03-14 04:01:13.096 782 1331 I commit_sys_config_file: [settings-1-0,1]
01-01 08:10:46.543 0 0 I binder : 782:1340 ioctl 400c620e 70a125d5d8 returned -22
01-01 08:10:46.544 0 0 I binder : 782:1340 ioctl c00c620f 70a125d5b8 returned -22
01-01 08:10:46.546 0 0 I binder : 782:1340 ioctl 400c620e 70a125d5d8 returned -22
01-01 08:10:46.547 0 0 I binder : 782:1340 ioctl c00c620f 70a125d5b8 returned -22
