03-14 04:01:13.148 782 1340 D ActivityManager: freezing 3850 com.qualcomm.qti.qms.service.connectionsecurity
03-14 04:01:13.149 782 1340 E ActivityManager: Unable to freeze binder for 3850 com.qualcomm.qti.qms.service.connectionsecurity
03-14 04:01:13.149 782 1340 D ActivityManager: froze 3850 com.qualcomm.qti.qms.service.connectionsecurity
03-14 04:01:13.149 782 1340 I am_freeze: [3850,com.qualcomm.qti.qms.service.connectionsecurity]
03-14 04:01:13.150 782 1340 E ActivityManager: Unable to freeze binder for 3850 com.qualcomm.qti.qms.service.connectionsecurity
03-14 04:01:13.151 782 1340 D ActivityManager: freezing 2840 com.qualcomm.qtil.aptxui
03-14 04:01:13.151 782 1340 E ActivityManager: Unable to freeze binder for 2840 com.qualcomm.qtil.aptxui
03-14 04:01:13.152 782 1340 D ActivityManager: froze 2840 com.qualcomm.qtil.aptxui
03-14 04:01:13.152 782 1340 I am_freeze: [2840,com.qualcomm.qtil.aptxui]
03-14 04:01:13.152 782 1340 E ActivityManager: Unable to freeze binder for 2840 com.qualcomm.qtil.aptxui
03-14 04:01:13.152 782 1340 I ActivityManager: Killing 3850:com.qualcomm.qti.qms.service.connectionsecurity/u0a57 (adj 955): Unable to freeze binder interface
03-14 04:01:13.153 782 1340 I am_kill : [0,3850,com.qualcomm.qti.qms.service.connectionsecurity,955,Unable to freeze binder interface]
03-14 04:01:13.155 782 1340 I ActivityManager: Killing 2840:com.qualcomm.qtil.aptxui/u0a85 (adj 955): Unable to freeze binder interface
03-14 04:01:13.155 782 1340 I am_kill : [0,2840,com.qualcomm.qtil.aptxui,955,Unable to freeze binder interface]
03-14 04:01:13.179 782 4406 I am_proc_died: [0,3850,com.qualcomm.qti.qms.service.connectionsecurity,955,19]
03-14 04:01:13.180 782 4406 I am_uid_stopped: 10057
03-14 04:01:13.189 782 4406 I am_proc_died: [0,2840,com.qualcomm.qtil.aptxui,955,19]
03-14 04:01:13.190 782 4406 I am_uid_stopped: 10085
03-14 04:01:13.669 782 1340 D ActivityManager: freezing 3876 com.android.externalstorage
03-14 04:01:13.669 782 1340 E ActivityManager: Unable to freeze binder for 3876 com.android.externalstorage
03-14 04:01:13.670 782 1340 D ActivityManager: froze 3876 com.android.externalstorage
03-14 04:01:13.670 782 1340 I am_freeze: [3876,com.android.externalstorage]
03-14 04:01:13.670 782 1340 E ActivityManager: Unable to freeze binder for 3876 com.android.externalstorage
01-01 08:10:47.064 0 0 I binder : 782:1340 ioctl 400c620e 70a125d5d8 returned -22
01-01 08:10:47.065 0 0 I binder : 782:1340 ioctl c00c620f 70a125d5b8 returned -22
03-14 04:01:13.672 782 1340 I ActivityManager: Killing 3876:com.android.externalstorage/u0a28 (adj 945): Unable to freeze binder interface
03-14 04:01:13.672 782 1340 I am_kill : [0,3876,com.android.externalstorage,945,Unable to freeze binder interface]
03-14 04:01:13.698 782 4406 I am_proc_died: [0,3876,com.android.externalstorage,945,19]
03-14 04:01:13.699 782 4406 I am_uid_stopped: 10028
03-14 04:01:13.934 782 1605 I input_interaction: Interaction with: e892cf3 com.android.launcher3/com.android.launcher3.uioverrides.QuickstepLauncher (server), d04e39a com.android.systemui.ImageWallpaper (server), edge-swipe (server), swipe-up (server), PointerEventDispatcher0 (server),
03-14 04:01:14.539 782 3182 W ActivityManager: Unable to start service Intent { act=android.intent.action.START_LEBO_SERVICE pkg=com.hpplay.happyplay.aw } U=0: not found
03-14 04:01:15.147 782 2969 E TaskPersister: File error accessing recents directory (directory doesn't exist?).
03-14 04:01:15.369 782 3182 W FreeFormWindowHelper: exitRecentTasks type=0
03-14 04:01:16.863 782 872 I am_uid_idle: 10050
01-01 08:10:50.952 0 0 I binder : 782:1340 ioctl 400c620e 70a125d5d8 returned -22
01-01 08:10:50.954 0 0 I binder : 782:1340 ioctl c00c620f 70a125d5b8 returned -22
03-14 04:01:17.557 782 1340 D ActivityManager: freezing 3762 com.android.providers.calendar
03-14 04:01:17.558 782 1340 E ActivityManager: Unable to freeze binder for 3762 com.android.providers.calendar
03-14 04:01:17.559 782 1340 D ActivityManager: froze 3762 com.android.providers.calendar
03-14 04:01:17.559 782 1340 I am_freeze: [3762,com.android.providers.calendar]
03-14 04:01:17.559 782 1340 E ActivityManager: Unable to freeze binder for 3762 com.android.providers.calendar
03-14 04:01:17.563 782 1340 I ActivityManager: Killing 3762:com.android.providers.calendar/u0a20 (adj 935): Unable to freeze binder interface
03-14 04:01:17.563 782 1340 I am_kill : [0,3762,com.android.providers.calendar,935,Unable to freeze binder interface]
03-14 04:01:17.596 782 4133 I am_proc_died: [0,3762,com.android.providers.calendar,935,19]
03-14 04:01:17.596 782 4133 I am_uid_stopped: 10020
01-01 08:10:51.431 0 0 E DTC_ETH,link_delay_work_func: 3003, SQI=0, link=0
03-14 04:01:18.576 782 1340 D ActivityManager: freezing 4011 com.qualcomm.qti.qms.service.trustzoneaccess
03-14 04:01:18.577 782 1340 E ActivityManager: Unable to freeze binder for 4011 com.qualcomm.qti.qms.service.trustzoneaccess
03-14 04:01:18.578 782 1340 D ActivityManager: froze 4011 com.qualcomm.qti.qms.service.trustzoneaccess
03-14 04:01:18.578 782 1340 I am_freeze: [4011,com.qualcomm.qti.qms.service.trustzoneaccess]
03-14 04:01:18.578 782 1340 E ActivityManager: Unable to freeze binder for 4011 com.qualcomm.qti.qms.service.trustzoneaccess
01-01 08:10:51.972 0 0 I binder : 782:1340 ioctl 400c620e 70a125d5d8 returned -22
01-01 08:10:51.973 0 0 I binder : 782:1340 ioctl c00c620f 70a125d5b8 returned -22
03-14 04:01:18.580 782 1340 I ActivityManager: Killing 4011:com.qualcomm.qti.qms.service.trustzoneaccess/u0a55 (adj 935): Unable to freeze binder interface
03-14 04:01:18.581 782 1340 I am_kill : [0,4011,com.qualcomm.qti.qms.service.trustzoneaccess,935,Unable to freeze binder interface]
03-14 04:01:18.615 782 3182 I am_proc_died: [0,4011,com.qualcomm.qti.qms.service.trustzoneaccess,935,19]
03-14 04:01:18.616 782 3182 I am_uid_stopped: 10055
03-14 04:01:18.626 782 830 I am_pss : [4682,1000,com.android.settings,26639360,15826944,0,123879424,0,19,7]
03-14 04:01:18.638 782 830 I am_pss : [3694,10086,com.android.music,133416960,126767104,0,254042112,0,19,11]
03-14 04:01:18.646 782 830 I am_pss : [4589,10050,com.thundercomm.screensaver,37059584,31432704,0,149504000,0,19,7]
03-14 04:01:18.740 782 782 I service_manager_stats: [100,54,53061]
03-14 04:01:22.688 782 4406 I thunderperf: PlatormCompat.setOverrides: Uid1=10074 Pid1=4407 Uid2=10074 Pid2=4407
03-14 04:01:22.688 782 4406 I thunderperf: PlatormCompat.setOverrides: needCheck:false
03-14 04:01:22.688 782 4406 I thunderperf: CompatConfig.addOverrideUnsafe: bef-state=0
03-14 04:01:22.688 782 4406 I thunderperf: CompatConfig.addOverrideUnsafe: aft-state=0
03-14 04:01:22.689 782 4406 I thunderperf: CompatConfig.addOverrideUnsafe: bef-state=0
03-14 04:01:22.689 782 4406 I thunderperf: CompatConfig.addOverrideUnsafe: aft-state=0
03-14 04:01:22.690 782 4406 I thunderperf: CompatConfig.addOverrideUnsafe: bef-state=0
03-14 04:01:22.690 782 4406 I thunderperf: CompatConfig.addOverrideUnsafe: aft-state=0
03-14 04:01:22.691 782 4406 I thunderperf: CompatConfig.addOverrideUnsafe: bef-state=0
03-14 04:01:22.691 782 4406 I thunderperf: CompatConfig.addOverrideUnsafe: aft-state=0
03-14 04:01:22.691 782 4406 I thunderperf: CompatConfig.addOverrideUnsafe: bef-state=0
03-14 04:01:22.691 782 4406 I thunderperf: CompatConfig.addOverrideUnsafe: aft-state=0
03-14 04:01:22.692 782 4406 I thunderperf: CompatConfig.addOverrideUnsafe: bef-state=0
03-14 04:01:22.692 782 4406 I thunderperf: CompatConfig.addOverrideUnsafe: aft-state=0
03-14 04:01:22.693 782 4406 I thunderperf: CompatConfig.addOverrideUnsafe: bef-state=0
03-14 04:01:22.693 782 4406 I thunderperf: CompatConfig.addOverrideUnsafe: aft-state=0
03-14 04:01:22.693 782 4406 I thunderperf: CompatConfig.addOverrideUnsafe: bef-state=0
03-14 04:01:22.693 782 4406 I thunderperf: CompatConfig.addOverrideUnsafe: aft-state=0
03-14 04:01:22.694 782 4406 I thunderperf: CompatConfig.addOverrideUnsafe: bef-state=0
03-14 04:01:22.694 782 4406 I thunderperf: CompatConfig.addOverrideUnsafe: aft-state=0
03-14 04:01:22.694 782 4406 I thunderperf: CompatConfig.addOverrideUnsafe: bef-state=0
03-14 04:01:22.694 782 4406 I thunderperf: CompatConfig.addOverrideUnsafe: aft-state=0
03-14 04:01:22.695 782 4406 I thunderperf: CompatConfig.addOverrideUnsafe: bef-state=0
03-14 04:01:22.695 782 4406 I thunderperf: CompatConfig.addOverrideUnsafe: aft-state=0
03-14 04:01:22.695 782 4406 I thunderperf: CompatConfig.addOverrideUnsafe: bef-state=0
03-14 04:01:22.695 782 4406 I thunderperf: CompatConfig.addOverrideUnsafe: aft-state=0
03-14 04:01:22.696 782 4406 I thunderperf: CompatConfig.addOverrideUnsafe: bef-state=0
03-14 04:01:22.696 782 4406 I thunderperf: CompatConfig.addOverrideUnsafe: aft-state=0
03-14 04:01:22.696 782 4406 I thunderperf: CompatConfig.addOverrideUnsafe: bef-state=0
03-14 04:01:22.696 782 4406 I thunderperf: CompatConfig.addOverrideUnsafe: aft-state=0
03-14 04:01:22.702 782 4406 I ActivityTaskManager: START u0 {act=android.intent.action.MAIN cat=[android.intent.category.LAUNCHER] flg=0x10200000 cmp=com.android.gallery3d/.app.GalleryActivity} from uid 10074
03-14 04:01:22.704 782 4406 I wm_task_moved: [115,1,6]
03-14 04:01:22.704 782 4406 I wm_focused_root_task: [0,0,115,1,bringingFoundTaskToFront]
03-14 04:01:22.705 782 4406 I wm_set_resumed_activity: [0,com.android.gallery3d/.app.GalleryActivity,bringingFoundTaskToFront]
03-14 04:01:22.709 782 4406 D FreeFormWindowHelper: Add freeform task=Task{48f5ba7 #115 type=standard A=10065:com.android.gallery3d U=0 visible=true mode=freeform translucent=true sz=1}
03-14 04:01:22.709 782 4406 I ActivityTaskManager: clear resize flag in freeform mode
03-14 04:01:22.710 782 4406 I ActivityTaskManager: FOREGROUND_APPLICATION_CHANGED to com.android.gallery3d.app.GalleryActivity
03-14 04:01:22.710 782 4406 I wm_set_resumed_activity: [0,com.android.gallery3d/.app.GalleryActivity,resumeTopActivityInnerLocked]
03-14 04:01:22.711 782 4406 I wm_resume_activity: [0,263232849,115,com.android.gallery3d/.app.GalleryActivity]
03-14 04:01:22.722 4407 4407 I wm_on_top_resumed_lost_called: [174418215,com.android.launcher3.uioverrides.QuickstepLauncher,topStateChangedWhenResumed]
03-14 04:01:22.732 4293 4293 I wm_on_restart_called: [263232849,com.android.gallery3d.app.GalleryActivity,performRestartActivity]
03-14 04:01:22.734 4293 4293 I wm_on_start_called: [263232849,com.android.gallery3d.app.GalleryActivity,handleStartActivity]
03-14 04:01:22.738 4293 4293 I wm_on_resume_called: [263232849,com.android.gallery3d.app.GalleryActivity,RESUME_ACTIVITY]
03-14 04:01:22.738 4293 4293 I wm_on_top_resumed_gained_called: [263232849,com.android.gallery3d.app.GalleryActivity,topStateChangedWhenResumed]
03-14 04:01:22.744 782 3182 W WindowManager: updateScale : 0.79357797
03-14 04:01:22.747 782 826 I input_focus: [Focus request 3fe65af com.android.gallery3d/com.android.gallery3d.app.GalleryActivity,reason=UpdateInputWindows]
03-14 04:01:22.753 782 825 W WindowManager: updateScale : 0.79357797
03-14 04:01:22.770 782 1605 I input_focus: [Focus leaving e892cf3 com.android.launcher3/com.android.launcher3.uioverrides.QuickstepLauncher (server),reason=Waiting for window because NOT_VISIBLE]
03-14 04:01:22.772 782 826 W WindowManager: updateScale : 0.79357797
03-14 04:01:22.774 782 826 W WindowManager: updateScale : 0.79357797
03-14 04:01:22.776 782 826 W WindowManager: updateScale : 0.79357797
03-14 04:01:22.777 782 825 W WindowManager: updateScale : 0.79357797
03-14 04:01:22.778 782 822 I sysui_multi_action: [319,72,322,72,325,653,757,761,758,9,759,2,806,com.android.gallery3d,871,com.android.gallery3d.app.GalleryActivity,904,com.android.launcher3,905,0,1320,4,1321,1]
03-14 04:01:22.786 782 1605 I input_focus: [Focus entering 3fe65af com.android.gallery3d/com.android.gallery3d.app.GalleryActivity (server),reason=Window became focusable. Previous reason: NOT_VISIBLE]
03-14 04:01:23.055 782 826 W WindowManager: updateScale : 0.79357797
01-01 08:10:56.551 0 0 E DTC_ETH,link_delay_work_func: 3003, SQI=0, link=0
03-14 04:01:23.743 782 2144 W FreeFormWindowHelper: Current Display FreeFormTask is Task{48f5ba7 #115 type=standard A=10065:com.android.gallery3d U=0 visible=true mode=freeform translucent=false sz=1}
03-14 04:01:23.744 782 3182 W FreeFormWindowHelper: Current Display FreeFormTask is Task{48f5ba7 #115 type=standard A=10065:com.android.gallery3d U=0 visible=true mode=freeform translucent=false sz=1}
03-14 04:01:23.745 782 3182 W FreeFormWindowHelper: Current Display FreeFormTask is Task{48f5ba7 #115 type=standard A=10065:com.android.gallery3d U=0 visible=true mode=freeform translucent=false sz=1}
03-14 04:01:23.761 782 2144 W FreeFormWindowHelper: Current Display FreeFormTask is Task{48f5ba7 #115 type=standard A=10065:com.android.gallery3d U=0 visible=true mode=freeform translucent=false sz=1}
03-14 04:01:23.761 782 822 D AutofillManagerService: Close system dialogs
03-14 04:01:23.761 782 4406 W FreeFormWindowHelper: Current Display FreeFormTask is Task{48f5ba7 #115 type=standard A=10065:com.android.gallery3d U=0 visible=true mode=freeform translucent=false sz=1}
03-14 04:01:23.763 4407 4407 I view_enqueue_input_event: [Motion - Cancel,com.android.launcher3/com.android.launcher3.uioverrides.QuickstepLauncher]
03-14 04:01:23.764 782 4406 W FreeFormWindowHelper: Current Display FreeFormTask is Task{48f5ba7 #115 type=standard A=10065:com.android.gallery3d U=0 visible=true mode=freeform translucent=false sz=1}
03-14 04:01:23.766 782 2144 W FreeFormWindowHelper: Current Display FreeFormTask is Task{48f5ba7 #115 type=standard A=10065:com.android.gallery3d U=0 visible=true mode=freeform translucent=false sz=1}
03-14 04:01:23.767 782 2144 W FreeFormWindowHelper: Current Display FreeFormTask is Task{48f5ba7 #115 type=standard A=10065:com.android.gallery3d U=0 visible=true mode=freeform translucent=false sz=1}
03-14 04:01:23.767 782 2144 W FreeFormWindowHelper: Current Display FreeFormTask is Task{48f5ba7 #115 type=standard A=10065:com.android.gallery3d U=0 visible=true mode=freeform translucent=false sz=1}
03-14 04:01:23.767 782 2144 W FreeFormWindowHelper: Current Display FreeFormTask is Task{48f5ba7 #115 type=standard A=10065:com.android.gallery3d U=0 visible=true mode=freeform translucent=false sz=1}
03-14 04:01:23.768 782 1605 I input_interaction: Interaction with: edge-swipe (server), swipe-up (server), PointerEventDispatcher0 (server),
03-14 04:01:23.769 782 4406 W FreeFormWindowHelper: Current Display FreeFormTask is Task{48f5ba7 #115 type=standard A=10065:com.android.gallery3d U=0 visible=true mode=freeform translucent=false sz=1}
03-14 04:01:23.769 782 2144 W ActivityTaskManager: getTaskSnapshot: taskId=-969 not found
03-14 04:01:23.771 782 2144 W FreeFormWindowHelper: Current Display FreeFormTask is Task{48f5ba7 #115 type=standard A=10065:com.android.gallery3d U=0 visible=true mode=freeform translucent=false sz=1}
03-14 04:01:23.771 782 2144 W FreeFormWindowHelper: Current Display FreeFormTask is Task{48f5ba7 #115 type=standard A=10065:com.android.gallery3d U=0 visible=true mode=freeform translucent=false sz=1}
03-14 04:01:23.780 782 4406 W ActivityTaskManager: getTaskSnapshot: taskId=-968 not found
03-14 04:01:23.782 782 2144 W ActivityTaskManager: getTaskSnapshot: taskId=-968 not found
03-14 04:01:23.782 782 2144 W ActivityTaskManager: getTaskSnapshot: taskId=-968 not found
03-14 04:01:23.786 782 2144 W FreeFormWindowHelper: Current Display FreeFormTask is Task{48f5ba7 #115 type=standard A=10065:com.android.gallery3d U=0 visible=true mode=freeform translucent=false sz=1}
03-14 04:01:23.786 782 2144 W FreeFormWindowHelper: Current Display FreeFormTask is Task{48f5ba7 #115 type=standard A=10065:com.android.gallery3d U=0 visible=true mode=freeform translucent=false sz=1}
03-14 04:01:23.803 782 4406 W FreeFormWindowHelper: Current Display FreeFormTask is Task{48f5ba7 #115 type=standard A=10065:com.android.gallery3d U=0 visible=true mode=freeform translucent=false sz=1}
03-14 04:01:23.804 782 4406 W FreeFormWindowHelper: Current Display FreeFormTask is Task{48f5ba7 #115 type=standard A=10065:com.android.gallery3d U=0 visible=true mode=freeform translucent=false sz=1}
03-14 04:01:23.946 782 1331 I commit_sys_config_file: [settings-1-0,5]
03-14 04:01:24.217 782 3182 W FreeFormWindowHelper: Current Display FreeFormTask is Task{48f5ba7 #115 type=standard A=10065:com.android.gallery3d U=0 visible=true mode=freeform translucent=false sz=1}
03-14 04:01:24.220 782 2144 W FreeFormWindowHelper: Current Display FreeFormTask is Task{48f5ba7 #115 type=standard A=10065:com.android.gallery3d U=0 visible=true mode=freeform translucent=false sz=1}
03-14 04:01:24.221 782 2144 W FreeFormWindowHelper: Current Display FreeFormTask is Task{48f5ba7 #115 type=standard A=10065:com.android.gallery3d U=0 visible=true mode=freeform translucent=false sz=1}
03-14 04:01:24.223 782 4133 W FreeFormWindowHelper: Current Display FreeFormTask is Task{48f5ba7 #115 type=standard A=10065:com.android.gallery3d U=0 visible=true mode=freeform translucent=false sz=1}
03-14 04:01:24.224 782 4133 W FreeFormWindowHelper: Current Display FreeFormTask is Task{48f5ba7 #115 type=standard A=10065:com.android.gallery3d U=0 visible=true mode=freeform translucent=false sz=1}
03-14 04:01:24.224 782 4133 W FreeFormWindowHelper: Current Display FreeFormTask is Task{48f5ba7 #115 type=standard A=10065:com.android.gallery3d U=0 visible=true mode=freeform translucent=false sz=1}
03-14 04:01:24.237 782 2144 W FreeFormWindowHelper: Current Display FreeFormTask is Task{48f5ba7 #115 type=standard A=10065:com.android.gallery3d U=0 visible=true mode=freeform translucent=false sz=1}
03-14 04:01:24.238 782 2144 W FreeFormWindowHelper: Current Display FreeFormTask is Task{48f5ba7 #115 type=standard A=10065:com.android.gallery3d U=0 visible=true mode=freeform translucent=false sz=1}
03-14 04:01:24.238 782 2144 W FreeFormWindowHelper: Current Display FreeFormTask is Task{48f5ba7 #115 type=standard A=10065:com.android.gallery3d U=0 visible=true mode=freeform translucent=false sz=1}
03-14 04:01:24.254 782 3182 W FreeFormWindowHelper: Current Display FreeFormTask is Task{48f5ba7 #115 type=standard A=10065:com.android.gallery3d U=0 visible=true mode=freeform translucent=false sz=1}
03-14 04:01:24.256 782 4406 W FreeFormWindowHelper: Current Display FreeFormTask is Task{48f5ba7 #115 type=standard A=10065:com.android.gallery3d U=0 visible=true mode=freeform translucent=false sz=1}
03-14 04:01:24.256 782 4406 W FreeFormWindowHelper: Current Display FreeFormTask is Task{48f5ba7 #115 type=standard A=10065:com.android.gallery3d U=0 visible=true mode=freeform translucent=false sz=1}
03-14 04:01:24.271 782 4406 W FreeFormWindowHelper: Current Display FreeFormTask is Task{48f5ba7 #115 type=standard A=10065:com.android.gallery3d U=0 visible=true mode=freeform translucent=false sz=1}
03-14 04:01:24.272 782 4406 W FreeFormWindowHelper: Current Display FreeFormTask is Task{48f5ba7 #115 type=standard A=10065:com.android.gallery3d U=0 visible=true mode=freeform translucent=false sz=1}
03-14 04:01:24.273 782 4406 W FreeFormWindowHelper: Current Display FreeFormTask is Task{48f5ba7 #115 type=standard A=10065:com.android.gallery3d U=0 visible=true mode=freeform translucent=false sz=1}
03-14 04:01:24.287 782 4406 W FreeFormWindowHelper: Current Display FreeFormTask is Task{48f5ba7 #115 type=standard A=10065:com.android.gallery3d U=0 visible=true mode=freeform translucent=false sz=1}
03-14 04:01:24.289 782 3182 W FreeFormWindowHelper: Current Display FreeFormTask is Task{48f5ba7 #115 type=standard A=10065:com.android.gallery3d U=0 visible=true mode=freeform translucent=false sz=1}
03-14 04:01:24.289 782 3182 W FreeFormWindowHelper: Current Display FreeFormTask is Task{48f5ba7 #115 type=standard A=10065:com.android.gallery3d U=0 visible=true mode=freeform translucent=false sz=1}
03-14 04:01:24.306 782 3182 W FreeFormWindowHelper: Current Display FreeFormTask is Task{48f5ba7 #115 type=standard A=10065:com.android.gallery3d U=0 visible=true mode=freeform translucent=false sz=1}
03-14 04:01:24.308 782 4680 W FreeFormWindowHelper: Current Display FreeFormTask is Task{48f5ba7 #115 type=standard A=10065:com.android.gallery3d U=0 visible=true mode=freeform translucent=false sz=1}
03-14 04:01:24.309 782 4680 W FreeFormWindowHelper: Current Display FreeFormTask is Task{48f5ba7 #115 type=standard A=10065:com.android.gallery3d U=0 visible=true mode=freeform translucent=false sz=1}
03-14 04:01:24.322 782 3182 W FreeFormWindowHelper: Current Display FreeFormTask is Task{48f5ba7 #115 type=standard A=10065:com.android.gallery3d U=0 visible=true mode=freeform translucent=false sz=1}
03-14 04:01:24.324 782 3182 W FreeFormWindowHelper: Current Display FreeFormTask is Task{48f5ba7 #115 type=standard A=10065:com.android.gallery3d U=0 visible=true mode=freeform translucent=false sz=1}
03-14 04:01:24.324 782 3182 W FreeFormWindowHelper: Current Display FreeFormTask is Task{48f5ba7 #115 type=standard A=10065:com.android.gallery3d U=0 visible=true mode=freeform translucent=false sz=1}
03-14 04:01:24.340 782 4133 W FreeFormWindowHelper: Current Display FreeFormTask is Task{48f5ba7 #115 type=standard A=10065:com.android.gallery3d U=0 visible=true mode=freeform translucent=false sz=1}
03-14 04:01:24.342 782 4133 W FreeFormWindowHelper: Current Display FreeFormTask is Task{48f5ba7 #115 type=standard A=10065:com.android.gallery3d U=0 visible=true mode=freeform translucent=false sz=1}
03-14 04:01:24.342 782 4133 W FreeFormWindowHelper: Current Display FreeFormTask is Task{48f5ba7 #115 type=standard A=10065:com.android.gallery3d U=0 visible=true mode=freeform translucent=false sz=1}
03-14 04:01:24.356 782 4133 W FreeFormWindowHelper: Current Display FreeFormTask is Task{48f5ba7 #115 type=standard A=10065:com.android.gallery3d U=0 visible=true mode=freeform translucent=false sz=1}
03-14 04:01:24.358 782 4133 W FreeFormWindowHelper: Current Display FreeFormTask is Task{48f5ba7 #115 type=standard A=10065:com.android.gallery3d U=0 visible=true mode=freeform translucent=false sz=1}
03-14 04:01:24.358 782 4133 W FreeFormWindowHelper: Current Display FreeFormTask is Task{48f5ba7 #115 type=standard A=10065:com.android.gallery3d U=0 visible=true mode=freeform translucent=false sz=1}
03-14 04:01:24.373 782 4680 W FreeFormWindowHelper: Current Display FreeFormTask is Task{48f5ba7 #115 type=standard A=10065:com.android.gallery3d U=0 visible=true mode=freeform translucent=false sz=1}
03-14 04:01:24.375 782 4680 W FreeFormWindowHelper: Current Display FreeFormTask is Task{48f5ba7 #115 type=standard A=10065:com.android.gallery3d U=0 visible=true mode=freeform translucent=false sz=1}
03-14 04:01:24.375 782 4680 W FreeFormWindowHelper: Current Display FreeFormTask is Task{48f5ba7 #115 type=standard A=10065:com.android.gallery3d U=0 visible=true mode=freeform translucent=false sz=1}
03-14 04:01:24.389 782 4133 W FreeFormWindowHelper: Current Display FreeFormTask is Task{48f5ba7 #115 type=standard A=10065:com.android.gallery3d U=0 visible=true mode=freeform translucent=false sz=1}
03-14 04:01:24.391 782 4133 W FreeFormWindowHelper: Current Display FreeFormTask is Task{48f5ba7 #115 type=standard A=10065:com.android.gallery3d U=0 visible=true mode=freeform translucent=false sz=1}
03-14 04:01:24.392 782 4133 W FreeFormWindowHelper: Current Display FreeFormTask is Task{48f5ba7 #115 type=standard A=10065:com.android.gallery3d U=0 visible=true mode=freeform translucent=false sz=1}
03-14 04:01:24.406 782 4133 W FreeFormWindowHelper: Current Display FreeFormTask is Task{48f5ba7 #115 type=standard A=10065:com.android.gallery3d U=0 visible=true mode=freeform translucent=false sz=1}
03-14 04:01:24.409 782 4680 W FreeFormWindowHelper: Current Display FreeFormTask is Task{48f5ba7 #115 type=standard A=10065:com.android.gallery3d U=0 visible=true mode=freeform translucent=false sz=1}
03-14 04:01:24.410 782 4680 W FreeFormWindowHelper: Current Display FreeFormTask is Task{48f5ba7 #115 type=standard A=10065:com.android.gallery3d U=0 visible=true mode=freeform translucent=false sz=1}
03-14 04:01:24.423 782 4680 W FreeFormWindowHelper: Current Display FreeFormTask is Task{48f5ba7 #115 type=standard A=10065:com.android.gallery3d U=0 visible=true mode=freeform translucent=false sz=1}
03-14 04:01:24.426 782 3182 W FreeFormWindowHelper: Current Display FreeFormTask is Task{48f5ba7 #115 type=standard A=10065:com.android.gallery3d U=0 visible=true mode=freeform translucent=false sz=1}
03-14 04:01:24.427 782 4133 W FreeFormWindowHelper: Current Display FreeFormTask is Task{48f5ba7 #115 type=standard A=10065:com.android.gallery3d U=0 visible=true mode=freeform translucent=false sz=1}
03-14 04:01:24.427 782 1331 I commit_sys_config_file: [settings-1-0,14]
03-14 04:01:24.440 782 2144 W FreeFormWindowHelper: Current Display FreeFormTask is Task{48f5ba7 #115 type=standard A=10065:com.android.gallery3d U=0 visible=true mode=freeform translucent=false sz=1}
03-14 04:01:24.443 782 3182 W FreeFormWindowHelper: Current Display FreeFormTask is Task{48f5ba7 #115 type=standard A=10065:com.android.gallery3d U=0 visible=true mode=freeform translucent=false sz=1}
03-14 04:01:24.443 782 3182 W FreeFormWindowHelper: Current Display FreeFormTask is Task{48f5ba7 #115 type=standard A=10065:com.android.gallery3d U=0 visible=true mode=freeform translucent=false sz=1}
03-14 04:01:24.456 782 2144 W FreeFormWindowHelper: Current Display FreeFormTask is Task{48f5ba7 #115 type=standard A=10065:com.android.gallery3d U=0 visible=true mode=freeform translucent=false sz=1}
03-14 04:01:24.459 782 2144 W FreeFormWindowHelper: Current Display FreeFormTask is Task{48f5ba7 #115 type=standard A=10065:com.android.gallery3d U=0 visible=true mode=freeform translucent=false sz=1}
03-14 04:01:24.459 782 2144 W FreeFormWindowHelper: Current Display FreeFormTask is Task{48f5ba7 #115 type=standard A=10065:com.android.gallery3d U=0 visible=true mode=freeform translucent=false sz=1}
03-14 04:01:24.473 782 3182 W FreeFormWindowHelper: Current Display FreeFormTask is Task{48f5ba7 #115 type=standard A=10065:com.android.gallery3d U=0 visible=true mode=freeform translucent=false sz=1}
03-14 04:01:24.476 782 3182 W FreeFormWindowHelper: Current Display FreeFormTask is Task{48f5ba7 #115 type=standard A=10065:com.android.gallery3d U=0 visible=true mode=freeform translucent=false sz=1}
03-14 04:01:24.476 782 3182 W FreeFormWindowHelper: Current Display FreeFormTask is Task{48f5ba7 #115 type=standard A=10065:com.android.gallery3d U=0 visible=true mode=freeform translucent=false sz=1}
03-14 04:01:24.490 782 4133 W FreeFormWindowHelper: Current Display FreeFormTask is Task{48f5ba7 #115 type=standard A=10065:com.android.gallery3d U=0 visible=true mode=freeform translucent=false sz=1}
03-14 04:01:24.493 782 4133 W FreeFormWindowHelper: Current Display FreeFormTask is Task{48f5ba7 #115 type=standard A=10065:com.android.gallery3d U=0 visible=true mode=freeform translucent=false sz=1}
03-14 04:01:24.494 782 4133 W FreeFormWindowHelper: Current Display FreeFormTask is Task{48f5ba7 #115 type=standard A=10065:com.android.gallery3d U=0 visible=true mode=freeform translucent=false sz=1}
03-14 04:01:24.507 782 4133 W FreeFormWindowHelper: Current Display FreeFormTask is Task{48f5ba7 #115 type=standard A=10065:com.android.gallery3d U=0 visible=true mode=freeform translucent=false sz=1}
03-14 04:01:24.509 782 2144 W FreeFormWindowHelper: Current Display FreeFormTask is Task{48f5ba7 #115 type=standard A=10065:com.android.gallery3d U=0 visible=true mode=freeform translucent=false sz=1}
03-14 04:01:24.510 782 2144 W FreeFormWindowHelper: Current Display FreeFormTask is Task{48f5ba7 #115 type=standard A=10065:com.android.gallery3d U=0 visible=true mode=freeform translucent=false sz=1}
03-14 04:01:24.524 782 4133 W FreeFormWindowHelper: Current Display FreeFormTask is Task{48f5ba7 #115 type=standard A=10065:com.android.gallery3d U=0 visible=true mode=freeform translucent=false sz=1}
03-14 04:01:24.527 782 2144 I wm_finish_activity: [0,263232849,115,com.android.gallery3d/.app.GalleryActivity,app-request]
03-14 04:01:24.527 782 2144 I wm_task_moved: [1,1,6]
03-14 04:01:24.531 782 2144 I wm_set_resumed_activity: [0,com.android.launcher3/.uioverrides.QuickstepLauncher,positionChildAt]
03-14 04:01:24.531 4293 4293 I wm_on_top_resumed_lost_called: [263232849,com.android.gallery3d.app.GalleryActivity,topStateChangedWhenResumed]
03-14 04:01:24.531 782 2144 I wm_task_moved: [102,1,2147483647]
03-14 04:01:24.531 782 2144 I wm_task_to_front: [0,102]
03-14 04:01:24.531 782 2144 I wm_focused_root_task: [0,0,1,-1,finish-top adjustFocusToNextFocusableTask]
03-14 04:01:24.531 782 2144 I wm_set_resumed_activity: [0,com.android.launcher3/.uioverrides.QuickstepLauncher,finish-top]
03-14 04:01:24.540 782 2144 I wm_pause_activity: [0,263232849,com.android.gallery3d/.app.GalleryActivity,userLeaving=false,finish]
03-14 04:01:24.546 782 826 I input_focus: [Focus request e892cf3 com.android.launcher3/com.android.launcher3.uioverrides.QuickstepLauncher,reason=UpdateInputWindows]
03-14 04:01:24.554 782 4133 W FreeFormWindowHelper: Current Display FreeFormTask is Task{48f5ba7 #115 type=standard A=10065:com.android.gallery3d U=0 visible=false mode=freeform translucent=true sz=1}
03-14 04:01:24.555 782 4133 W FreeFormWindowHelper: Current Display FreeFormTask is Task{48f5ba7 #115 type=standard A=10065:com.android.gallery3d U=0 visible=false mode=freeform translucent=true sz=1}
03-14 04:01:24.556 782 4133 W FreeFormWindowHelper: Current Display FreeFormTask is Task{48f5ba7 #115 type=standard A=10065:com.android.gallery3d U=0 visible=false mode=freeform translucent=true sz=1}
03-14 04:01:24.559 4293 4293 I wm_on_paused_called: [263232849,com.android.gallery3d.app.GalleryActivity,performPause]
03-14 04:01:24.560 782 2170 I ActivityTaskManager: FOREGROUND_APPLICATION_CHANGED to com.android.launcher3.uioverrides.QuickstepLauncher
03-14 04:01:24.560 782 2170 I wm_destroy_activity: [0,263232849,115,com.android.gallery3d/.app.GalleryActivity,finish-imm:completePausedLocked]
03-14 04:01:24.568 782 825 I sysui_multi_action: [757,803,799,window_time_0,802,12]
03-14 04:01:24.574 782 1605 I input_focus: [Focus leaving 3fe65af com.android.gallery3d/com.android.gallery3d.app.GalleryActivity (server),reason=NO_WINDOW]
03-14 04:01:24.574 782 1605 I input_focus: [Focus entering e892cf3 com.android.launcher3/com.android.launcher3.uioverrides.QuickstepLauncher (server),reason=setFocusedWindow]
03-14 04:01:24.574 4293 4293 I wm_on_stop_called: [263232849,com.android.gallery3d.app.GalleryActivity,LIFECYCLER_STOP_ACTIVITY]
03-14 04:01:24.578 4293 4293 I wm_on_destroy_called: [263232849,com.android.gallery3d.app.GalleryActivity,performDestroy]
03-14 04:01:24.581 782 2144 W FreeFormWindowHelper: Current Display FreeFormTask is Task{48f5ba7 #115 type=standard A=10065:com.android.gallery3d U=0 visible=false mode=freeform translucent=true sz=1}
03-14 04:01:24.582 782 2144 W FreeFormWindowHelper: Current Display FreeFormTask is Task{48f5ba7 #115 type=standard A=10065:com.android.gallery3d U=0 visible=false mode=freeform translucent=true sz=1}
03-14 04:01:24.584 782 4680 W FreeFormWindowHelper: Current Display FreeFormTask is Task{48f5ba7 #115 type=standard A=10065:com.android.gallery3d U=0 visible=false mode=freeform translucent=true sz=1}
03-14 04:01:24.584 782 4680 W FreeFormWindowHelper: Current Display FreeFormTask is Task{48f5ba7 #115 type=standard A=10065:com.android.gallery3d U=0 visible=false mode=freeform translucent=true sz=1}
03-14 04:01:24.587 4407 4407 I wm_on_top_resumed_gained_called: [174418215,com.android.launcher3.uioverrides.QuickstepLauncher,topStateChangedWhenResumed]
03-14 04:01:24.663 782 2170 W FreeFormWindowHelper: Current Display FreeFormTask is Task{48f5ba7 #115 type=standard A=10065:com.android.gallery3d U=0 visible=false mode=freeform translucent=true sz=1}
03-14 04:01:24.857 782 826 I wm_task_removed: [115,removeChild:removeChild last r=ActivityRecord{fb09d51 u0 com.android.gallery3d/.app.GalleryActivity t-1 f}} in t=Task{48f5ba7 #115 type=standard A=10065:com.android.gallery3d U=0 visible=false mode=freeform translucent=true sz=0}]
03-14 04:01:24.857 782 826 I wm_task_removed: [115,removeChild]
03-14 04:01:24.857 782 826 D FreeFormWindowHelper: Remove freefrom task=Task{48f5ba7 #115 type=standard A=10065:com.android.gallery3d U=0 visible=false mode=freeform translucent=true sz=0}
03-14 04:01:26.223 782 2969 E TaskPersister: File error accessing recents directory (directory doesn't exist?).
01-01 08:11:00.809 0 0 I msm_vidc: err : ffffffff: .....: DBLP Set: status 0
03-14 04:01:27.851 782 1605 I input_interaction: Interaction with: e892cf3 com.android.launcher3/com.android.launcher3.uioverrides.QuickstepLauncher (server), d04e39a com.android.systemui.ImageWallpaper (server), edge-swipe (server), swipe-up (server), PointerEventDispatcher0 (server),
03-14 04:01:27.968 782 4680 W FreeFormWindowHelper: exitRecentTasks type=0
03-14 04:01:27.969 782 4680 W ContextImpl: Calling a method in the system process without a qualified user: android.app.ContextImpl.startActivity:1067 com.android.server.wm.FreeFormWindowHelper.exitRecentTasks:435 com.android.server.wm.ActivityTaskManagerService.exitRecentTasks:3821 android.app.IActivityTaskManager$Stub.onTransact:2307 com.android.server.wm.ActivityTaskManagerService.onTransact:5072
03-14 04:01:27.972 782 4680 I thunderperf: PlatormCompat.setOverrides: Uid1=1000 Pid1=782 Uid2=1000 Pid2=782
03-14 04:01:27.972 782 4680 I thunderperf: PlatormCompat.setOverrides: needCheck:false
03-14 04:01:27.972 782 4680 I thunderperf: CompatConfig.addOverrideUnsafe: bef-state=0
03-14 04:01:27.972 782 4680 I thunderperf: CompatConfig.addOverrideUnsafe: aft-state=0
03-14 04:01:27.973 782 4680 I thunderperf: CompatConfig.addOverrideUnsafe: bef-state=0
03-14 04:01:27.973 782 4680 I thunderperf: CompatConfig.addOverrideUnsafe: aft-state=0
03-14 04:01:27.973 782 4680 I thunderperf: CompatConfig.addOverrideUnsafe: bef-state=0
03-14 04:01:27.973 782 4680 I thunderperf: CompatConfig.addOverrideUnsafe: aft-state=0
03-14 04:01:27.974 782 4680 I thunderperf: CompatConfig.addOverrideUnsafe: bef-state=0
03-14 04:01:27.974 782 4680 I thunderperf: CompatConfig.addOverrideUnsafe: aft-state=0
03-14 04:01:27.974 782 4680 I thunderperf: CompatConfig.addOverrideUnsafe: bef-state=0
03-14 04:01:27.974 782 4680 I thunderperf: CompatConfig.addOverrideUnsafe: aft-state=0
03-14 04:01:27.974 782 4680 I thunderperf: CompatConfig.addOverrideUnsafe: bef-state=0
03-14 04:01:27.974 782 4680 I thunderperf: CompatConfig.addOverrideUnsafe: aft-state=0
03-14 04:01:27.975 782 4680 I thunderperf: CompatConfig.addOverrideUnsafe: bef-state=0
03-14 04:01:27.975 782 4680 I thunderperf: CompatConfig.addOverrideUnsafe: aft-state=0
03-14 04:01:27.975 782 4680 I thunderperf: CompatConfig.addOverrideUnsafe: bef-state=0
03-14 04:01:27.975 782 4680 I thunderperf: CompatConfig.addOverrideUnsafe: aft-state=0
03-14 04:01:27.976 782 4680 I thunderperf: CompatConfig.addOverrideUnsafe: bef-state=0
03-14 04:01:27.976 782 4680 I thunderperf: CompatConfig.addOverrideUnsafe: aft-state=0
03-14 04:01:27.976 782 4680 I thunderperf: CompatConfig.addOverrideUnsafe: bef-state=0
03-14 04:01:27.976 782 4680 I thunderperf: CompatConfig.addOverrideUnsafe: aft-state=0
03-14 04:01:27.976 782 4680 I thunderperf: CompatConfig.addOverrideUnsafe: bef-state=0
03-14 04:01:27.976 782 4680 I thunderperf: CompatConfig.addOverrideUnsafe: aft-state=0
03-14 04:01:27.977 782 4680 I thunderperf: CompatConfig.addOverrideUnsafe: bef-state=0
03-14 04:01:27.977 782 4680 I thunderperf: CompatConfig.addOverrideUnsafe: aft-state=0
03-14 04:01:27.977 782 4680 I thunderperf: CompatConfig.addOverrideUnsafe: bef-state=0
03-14 04:01:27.977 782 4680 I thunderperf: CompatConfig.addOverrideUnsafe: aft-state=0
03-14 04:01:27.978 782 4680 I thunderperf: CompatConfig.addOverrideUnsafe: bef-state=0
03-14 04:01:27.978 782 4680 I thunderperf: CompatConfig.addOverrideUnsafe: aft-state=0
03-14 04:01:27.982 782 4680 I ActivityTaskManager: START u0 {act=android.intent.action.MAIN cat=[android.intent.category.LAUNCHER] flg=0x10200000 cmp=com.android.gallery3d/.app.GalleryActivity} from uid 1000
03-14 04:01:27.986 782 4680 I wm_task_created: [116,-1]
03-14 04:01:27.986 782 4680 W ActivityTaskManager: Can't find TaskDisplayArea to determine support for multi window. Task id=116 attached=false
03-14 04:01:27.987 782 4680 D FreeFormWindowHelper: Add freeform task=Task{41eff40 #116 type=standard ?? U=0 visible=false mode=freeform translucent=true sz=0}
03-14 04:01:27.989 782 4680 I wm_task_moved: [116,1,6]
03-14 04:01:27.989 782 4680 I wm_task_to_front: [0,116]
03-14 04:01:27.989 782 4680 I wm_create_task: [0,116]
03-14 04:01:27.989 782 4680 I wm_create_activity: [0,242769529,116,com.android.gallery3d/.app.GalleryActivity,android.intent.action.MAIN,NULL,NULL,270532608]
03-14 04:01:27.989 782 4680 I wm_task_moved: [116,1,6]
03-14 04:01:27.990 782 4680 V SplashScreenExceptionList: SplashScreen checking exception for package com.android.gallery3d (target sdk:29) -> false
03-14 04:01:27.990 782 4680 I ActivityTaskManager: FOREGROUND_APPLICATION_CHANGED to com.android.gallery3d.app.GalleryActivity
03-14 04:01:27.990 782 4680 I ActivityTaskManager: The Process com.android.gallery3d Already Exists in BG. So sending its PID: 4293
03-14 04:01:27.990 782 4680 W ActivityTaskManager: Tried to set launchTime (0) < mLastActivityLaunchTime (642031)
03-14 04:01:27.991 782 4680 I wm_restart_activity: [0,242769529,116,com.android.gallery3d/.app.GalleryActivity]
03-14 04:01:27.991 782 4680 I wm_set_resumed_activity: [0,com.android.gallery3d/.app.GalleryActivity,minimalResumeActivityLocked]
03-14 04:01:27.994 4407 4407 I wm_on_top_resumed_lost_called: [174418215,com.android.launcher3.uioverrides.QuickstepLauncher,topStateChangedWhenResumed]
03-14 04:01:28.003 4293 4293 I wm_on_create_called: [242769529,com.android.gallery3d.app.GalleryActivity,performCreate]
03-14 04:01:28.004 4293 4293 I wm_on_start_called: [242769529,com.android.gallery3d.app.GalleryActivity,handleStartActivity]
03-14 04:01:28.006 4293 4293 I wm_on_resume_called: [242769529,com.android.gallery3d.app.GalleryActivity,RESUME_ACTIVITY]
03-14 04:01:28.008 4293 4293 I wm_on_top_resumed_gained_called: [242769529,com.android.gallery3d.app.GalleryActivity,topStateChangedWhenResumed]
03-14 04:01:28.014 782 4133 W WindowManager: updateScale : 0.79357797
03-14 04:01:28.016 782 826 I input_focus: [Focus request 84a1f3b com.android.gallery3d/com.android.gallery3d.app.GalleryActivity,reason=UpdateInputWindows]
03-14 04:01:28.048 782 826 W WindowManager: updateScale : 0.79357797
03-14 04:01:28.048 782 1605 I input_focus: [Focus leaving e892cf3 com.android.launcher3/com.android.launcher3.uioverrides.QuickstepLauncher (server),reason=Waiting for window because NOT_VISIBLE]
03-14 04:01:28.050 782 826 W WindowManager: updateScale : 0.79357797
03-14 04:01:28.051 782 826 W WindowManager: updateScale : 0.79357797
03-14 04:01:28.052 782 822 I sysui_multi_action: [319,68,322,68,325,658,757,761,758,8,759,2,806,com.android.gallery3d,871,com.android.gallery3d.app.GalleryActivity,904,android,905,0,1320,4,1321,1]
03-14 04:01:28.052 782 822 I wm_activity_launch_time: [0,242769529,com.android.gallery3d/.app.GalleryActivity,68]
03-14 04:01:28.065 782 1605 I input_focus: [Focus entering 84a1f3b com.android.gallery3d/com.android.gallery3d.app.GalleryActivity (server),reason=Window became focusable. Previous reason: NOT_VISIBLE]
01-01 08:11:01.671 0 0 E DTC_ETH,link_delay_work_func: 3003, SQI=0, link=0
03-14 04:01:28.332 782 826 W WindowManager: updateScale : 0.79357797
03-14 04:01:29.287 782 1605 I input_interaction: Interaction with: 84a1f3b com.android.gallery3d/com.android.gallery3d.app.GalleryActivity (server), edge-swipe (server), swipe-up (server), PointerEventDispatcher0 (server),
03-14 04:01:29.809 782 2144 I wm_finish_activity: [0,242769529,116,com.android.gallery3d/.app.GalleryActivity,finish-activity]
03-14 04:01:29.809 782 2144 I wm_task_moved: [1,1,6]
03-14 04:01:29.809 782 2144 I wm_set_resumed_activity: [0,com.android.launcher3/.uioverrides.QuickstepLauncher,positionChildAt]
03-14 04:01:29.809 782 2144 I wm_task_moved: [102,1,2147483647]
03-14 04:01:29.809 782 2144 I wm_task_to_front: [0,102]
03-14 04:01:29.809 782 2144 I wm_focused_root_task: [0,0,1,-1,finish-top adjustFocusToNextFocusableTask]
03-14 04:01:29.809 782 2144 I wm_set_resumed_activity: [0,com.android.launcher3/.uioverrides.QuickstepLauncher,finish-top]
03-14 04:01:29.810 782 2144 I wm_pause_activity: [0,242769529,com.android.gallery3d/.app.GalleryActivity,userLeaving=false,finish]
03-14 04:01:29.811 4293 4293 I wm_on_top_resumed_lost_called: [242769529,com.android.gallery3d.app.GalleryActivity,topStateChangedWhenResumed]
03-14 04:01:29.811 782 826 I input_focus: [Focus request e892cf3 com.android.launcher3/com.android.launcher3.uioverrides.QuickstepLauncher,reason=UpdateInputWindows]
03-14 04:01:29.812 4407 4407 I wm_on_top_resumed_gained_called: [174418215,com.android.launcher3.uioverrides.QuickstepLauncher,topStateChangedWhenResumed]
03-14 04:01:29.812 782 825 I sysui_multi_action: [757,803,799,window_time_0,802,5]
03-14 04:01:29.813 4293 4293 I wm_on_paused_called: [242769529,com.android.gallery3d.app.GalleryActivity,performPause]
03-14 04:01:29.814 782 4133 I ActivityTaskManager: FOREGROUND_APPLICATION_CHANGED to com.android.launcher3.uioverrides.QuickstepLauncher
03-14 04:01:29.814 782 4133 I wm_destroy_activity: [0,242769529,116,com.android.gallery3d/.app.GalleryActivity,finish-imm:completePausedLocked]
03-14 04:01:29.816 782 825 I sysui_multi_action: [757,803,799,window_time_0,802,0]
03-14 04:01:29.818 782 2969 E TaskPersister: File error accessing recents directory (directory doesn't exist?).
03-14 04:01:29.821 782 1605 I input_focus: [Focus leaving 84a1f3b com.android.gallery3d/com.android.gallery3d.app.GalleryActivity (server),reason=NO_WINDOW]
03-14 04:01:29.821 782 1605 I input_focus: [Focus entering e892cf3 com.android.launcher3/com.android.launcher3.uioverrides.QuickstepLauncher (server),reason=setFocusedWindow]
03-14 04:01:29.822 4293 4293 I wm_on_stop_called: [242769529,com.android.gallery3d.app.GalleryActivity,LIFECYCLER_STOP_ACTIVITY]
03-14 04:01:29.822 782 830 I am_pss : [2513,10092,android.ext.services,17801216,7471104,0,135913472,0,5,5]
03-14 04:01:29.823 4293 4293 I wm_on_destroy_called: [242769529,com.android.gallery3d.app.GalleryActivity,performDestroy]
03-14 04:01:29.830 782 4680 I wm_task_removed: [116,removeChild:removeChild last r=ActivityRecord{e785e79 u0 com.android.gallery3d/.app.GalleryActivity t-1 f}} in t=Task{41eff40 #116 type=standard A=10065:com.android.gallery3d U=0 visible=false mode=freeform translucent=true sz=0}]
03-14 04:01:29.830 782 4680 I wm_task_removed: [116,removeChild]
03-14 04:01:29.830 782 4680 D FreeFormWindowHelper: Remove freefrom task=Task{41eff40 #116 type=standard A=10065:com.android.gallery3d U=0 visible=false mode=freeform translucent=true sz=0}
03-14 04:01:29.915 782 3182 W FreeFormWindowHelper: Current Display FreeFormTask is null
03-14 04:01:29.915 782 3182 W FreeFormWindowHelper: Current Display FreeFormTask is null
03-14 04:01:29.916 782 4133 W FreeFormWindowHelper: Current Display FreeFormTask is null
03-14 04:01:30.241 782 4133 W FreeFormWindowHelper: Current Display FreeFormTask is null
03-14 04:01:30.814 782 1605 I input_interaction: Interaction with: e892cf3 com.android.launcher3/com.android.launcher3.uioverrides.QuickstepLauncher (server), d04e39a com.android.systemui.ImageWallpaper (server), edge-swipe (server), swipe-up (server), PointerEventDispatcher0 (server),
03-14 04:01:32.411 782 4680 W FreeFormWindowHelper: Current Display FreeFormTask is null
03-14 04:01:32.423 782 822 D AutofillManagerService: Close system dialogs
03-14 04:01:32.423 782 4680 W FreeFormWindowHelper: Current Display FreeFormTask is null
03-14 04:01:32.425 4407 4407 I view_enqueue_input_event: [Motion - Cancel,com.android.launcher3/com.android.launcher3.uioverrides.QuickstepLauncher]
03-14 04:01:32.425 782 4680 W FreeFormWindowHelper: Current Display FreeFormTask is null
03-14 04:01:32.426 782 3182 W FreeFormWindowHelper: Current Display FreeFormTask is null
03-14 04:01:32.428 782 4133 W FreeFormWindowHelper: Current Display FreeFormTask is null
03-14 04:01:32.430 782 4133 W ActivityTaskManager: getTaskSnapshot: taskId=-308 not found
03-14 04:01:32.431 782 4680 W FreeFormWindowHelper: Current Display FreeFormTask is null
03-14 04:01:32.431 782 4133 W FreeFormWindowHelper: Current Display FreeFormTask is null
03-14 04:01:32.431 782 4680 W ActivityTaskManager: getTaskSnapshot: taskId=-308 not found
03-14 04:01:32.432 782 4680 W ActivityTaskManager: getTaskSnapshot: taskId=-308 not found
03-14 04:01:32.432 782 4680 W ActivityTaskManager: getTaskSnapshot: taskId=-307 not found
03-14 04:01:32.433 782 1605 I input_interaction: Interaction with: edge-swipe (server), swipe-up (server), PointerEventDispatcher0 (server),
03-14 04:01:32.434 782 4133 W ActivityTaskManager: getTaskSnapshot: taskId=-307 not found
03-14 04:01:32.440 782 4680 W FreeFormWindowHelper: Current Display FreeFormTask is null
03-14 04:01:32.440 782 4680 W FreeFormWindowHelper: Current Display FreeFormTask is null
03-14 04:01:32.456 782 4680 W FreeFormWindowHelper: Current Display FreeFormTask is null
03-14 04:01:32.456 782 4680 W FreeFormWindowHelper: Current Display FreeFormTask is null
03-14 04:01:32.614 782 1331 I commit_sys_config_file: [settings-1-0,5]
03-14 04:01:32.835 782 2969 E TaskPersister: File error accessing recents directory (directory doesn't exist?).
03-14 04:01:32.875 782 4133 W FreeFormWindowHelper: Current Display FreeFormTask is null
03-14 04:01:32.875 782 4133 W FreeFormWindowHelper: Current Display FreeFormTask is null
03-14 04:01:32.891 782 3182 W FreeFormWindowHelper: Current Display FreeFormTask is null
03-14 04:01:32.892 782 3182 W FreeFormWindowHelper: Current Display FreeFormTask is null
03-14 04:01:32.909 782 4133 W FreeFormWindowHelper: Current Display FreeFormTask is null
03-14 04:01:32.909 782 4133 W FreeFormWindowHelper: Current Display FreeFormTask is null
03-14 04:01:32.925 782 2170 W FreeFormWindowHelper: Current Display FreeFormTask is null
03-14 04:01:32.925 782 2170 W FreeFormWindowHelper: Current Display FreeFormTask is null
03-14 04:01:32.942 782 4133 W FreeFormWindowHelper: Current Display FreeFormTask is null
03-14 04:01:32.942 782 2170 W FreeFormWindowHelper: Current Display FreeFormTask is null
03-14 04:01:32.961 782 4133 W FreeFormWindowHelper: Current Display FreeFormTask is null
03-14 04:01:32.961 782 2144 W FreeFormWindowHelper: Current Display FreeFormTask is null
03-14 04:01:32.977 782 4680 W FreeFormWindowHelper: Current Display FreeFormTask is null
03-14 04:01:32.977 782 4680 W FreeFormWindowHelper: Current Display FreeFormTask is null
03-14 04:01:32.994 782 2144 W FreeFormWindowHelper: Current Display FreeFormTask is null
03-14 04:01:32.995 782 2144 W FreeFormWindowHelper: Current Display FreeFormTask is null
03-14 04:01:33.010 782 4133 W FreeFormWindowHelper: Current Display FreeFormTask is null
03-14 04:01:33.010 782 4133 W FreeFormWindowHelper: Current Display FreeFormTask is null
03-14 04:01:33.028 782 2144 W FreeFormWindowHelper: Current Display FreeFormTask is null
03-14 04:01:33.029 782 2144 W FreeFormWindowHelper: Current Display FreeFormTask is null
03-14 04:01:33.044 782 2144 W FreeFormWindowHelper: Current Display FreeFormTask is null
03-14 04:01:33.044 782 2144 W FreeFormWindowHelper: Current Display FreeFormTask is null
03-14 04:01:33.062 782 4680 W FreeFormWindowHelper: Current Display FreeFormTask is null
03-14 04:01:33.062 782 2144 W FreeFormWindowHelper: Current Display FreeFormTask is null
03-14 04:01:33.071 782 1331 I commit_sys_config_file: [settings-1-0,6]
03-14 04:01:33.078 782 2144 W FreeFormWindowHelper: Current Display FreeFormTask is null
03-14 04:01:33.078 782 2144 W FreeFormWindowHelper: Current Display FreeFormTask is null
03-14 04:01:33.094 782 4680 W FreeFormWindowHelper: Current Display FreeFormTask is null
03-14 04:01:33.094 782 4680 W FreeFormWindowHelper: Current Display FreeFormTask is null
03-14 04:01:33.111 782 4680 W FreeFormWindowHelper: Current Display FreeFormTask is null
03-14 04:01:33.112 782 4680 W FreeFormWindowHelper: Current Display FreeFormTask is null
03-14 04:01:33.128 782 2144 W FreeFormWindowHelper: Current Display FreeFormTask is null
03-14 04:01:33.128 782 2144 W FreeFormWindowHelper: Current Display FreeFormTask is null
03-14 04:01:33.144 782 4680 W FreeFormWindowHelper: Current Display FreeFormTask is null
03-14 04:01:33.144 782 4680 W FreeFormWindowHelper: Current Display FreeFormTask is null
03-14 04:01:33.161 782 4680 W FreeFormWindowHelper: Current Display FreeFormTask is null
03-14 04:01:33.161 782 4680 W FreeFormWindowHelper: Current Display FreeFormTask is null
03-14 04:01:33.179 782 4680 W FreeFormWindowHelper: Current Display FreeFormTask is null
03-14 04:01:33.179 782 2170 W FreeFormWindowHelper: Current Display FreeFormTask is null
03-14 04:01:33.181 782 2144 W FreeFormWindowHelper: Current Display FreeFormTask is null
03-14 04:01:33.205 782 4680 W FreeFormWindowHelper: Current Display FreeFormTask is null
03-14 04:01:33.205 782 4680 W FreeFormWindowHelper: Current Display FreeFormTask is null
01-01 08:11:06.791 0 0 E DTC_ETH,link_delay_work_func: 3003, SQI=0, link=0
03-14 04:01:33.435 782 1605 I input_interaction: Interaction with: e892cf3 com.android.launcher3/com.android.launcher3.uioverrides.QuickstepLauncher (server), d04e39a com.android.systemui.ImageWallpaper (server), edge-swipe (server), swipe-up (server), PointerEventDispatcher0 (server),
03-14 04:01:33.519 782 4680 W FreeFormWindowHelper: Current Display FreeFormTask is null
03-14 04:01:33.835 782 4680 W FreeFormWindowHelper: Current Display FreeFormTask is null
