03-14 03:59:03.498 782 872 I am_wtf : [0,782,system_server,-1,DisplayDeviceConfig,requesting nits when no mapping exists.]
03-14 03:59:03.514 782 1952 E DisplayDeviceConfig: requesting nits when no mapping exists.
03-14 03:59:03.514 782 872 I am_wtf : [0,782,system_server,-1,DisplayDeviceConfig,requesting nits when no mapping exists.]
03-14 03:59:03.514 782 1952 E DisplayDeviceConfig: requesting nits when no mapping exists.
03-14 03:59:03.515 782 872 I am_wtf : [0,782,system_server,-1,DisplayDeviceConfig,requesting nits when no mapping exists.]
03-14 03:59:03.531 782 1952 E DisplayDeviceConfig: requesting nits when no mapping exists.
03-14 03:59:03.531 782 1952 E DisplayDeviceConfig: requesting nits when no mapping exists.
03-14 03:59:03.531 782 872 I am_wtf : [0,782,system_server,-1,DisplayDeviceConfig,requesting nits when no mapping exists.]
03-14 03:59:03.531 782 872 I am_wtf : [0,782,system_server,-1,DisplayDeviceConfig,requesting nits when no mapping exists.]
03-14 03:59:03.547 782 1952 E DisplayDeviceConfig: requesting nits when no mapping exists.
03-14 03:59:03.548 782 1952 E DisplayDeviceConfig: requesting nits when no mapping exists.
03-14 03:59:03.548 782 872 I am_wtf : [0,782,system_server,-1,DisplayDeviceConfig,requesting nits when no mapping exists.]
03-14 03:59:03.548 782 872 I am_wtf : [0,782,system_server,-1,DisplayDeviceConfig,requesting nits when no mapping exists.]
03-14 03:59:03.564 782 1952 E DisplayDeviceConfig: requesting nits when no mapping exists.
03-14 03:59:03.564 782 872 I am_wtf : [0,782,system_server,-1,DisplayDeviceConfig,requesting nits when no mapping exists.]
03-14 03:59:03.564 782 1952 E DisplayDeviceConfig: requesting nits when no mapping exists.
03-14 03:59:03.565 782 872 I am_wtf : [0,782,system_server,-1,DisplayDeviceConfig,requesting nits when no mapping exists.]
03-14 03:59:03.581 782 1952 E DisplayDeviceConfig: requesting nits when no mapping exists.
03-14 03:59:03.581 782 1952 E DisplayDeviceConfig: requesting nits when no mapping exists.
03-14 03:59:03.581 782 872 I am_wtf : [0,782,system_server,-1,DisplayDeviceConfig,requesting nits when no mapping exists.]
03-14 03:59:03.581 782 872 I am_wtf : [0,782,system_server,-1,DisplayDeviceConfig,requesting nits when no mapping exists.]
03-14 03:59:03.597 782 1952 E DisplayDeviceConfig: requesting nits when no mapping exists.
03-14 03:59:03.598 782 872 I am_wtf : [0,782,system_server,-1,DisplayDeviceConfig,requesting nits when no mapping exists.]
03-14 03:59:03.598 782 1952 E DisplayDeviceConfig: requesting nits when no mapping exists.
03-14 03:59:03.598 782 872 I am_wtf : [0,782,system_server,-1,DisplayDeviceConfig,requesting nits when no mapping exists.]
03-14 03:59:03.614 782 1952 E DisplayDeviceConfig: requesting nits when no mapping exists.
03-14 03:59:03.614 782 872 I am_wtf : [0,782,system_server,-1,DisplayDeviceConfig,requesting nits when no mapping exists.]
03-14 03:59:03.614 782 1952 E DisplayDeviceConfig: requesting nits when no mapping exists.
03-14 03:59:03.615 782 872 I am_wtf : [0,782,system_server,-1,DisplayDeviceConfig,requesting nits when no mapping exists.]
03-14 03:59:03.631 782 1952 E DisplayDeviceConfig: requesting nits when no mapping exists.
03-14 03:59:03.631 782 872 I am_wtf : [0,782,system_server,-1,DisplayDeviceConfig,requesting nits when no mapping exists.]
03-14 03:59:03.631 782 1952 E DisplayDeviceConfig: requesting nits when no mapping exists.
03-14 03:59:03.631 782 872 I am_wtf : [0,782,system_server,-1,DisplayDeviceConfig,requesting nits when no mapping exists.]
03-14 03:59:03.648 782 1952 E DisplayDeviceConfig: requesting nits when no mapping exists.
03-14 03:59:03.648 782 872 I am_wtf : [0,782,system_server,-1,DisplayDeviceConfig,requesting nits when no mapping exists.]
03-14 03:59:03.648 782 1952 E DisplayDeviceConfig: requesting nits when no mapping exists.
03-14 03:59:03.649 782 872 I am_wtf : [0,782,system_server,-1,DisplayDeviceConfig,requesting nits when no mapping exists.]
03-14 03:59:03.664 782 1952 E DisplayDeviceConfig: requesting nits when no mapping exists.
03-14 03:59:03.665 782 1952 E DisplayDeviceConfig: requesting nits when no mapping exists.
03-14 03:59:03.665 782 872 I am_wtf : [0,782,system_server,-1,DisplayDeviceConfig,requesting nits when no mapping exists.]
03-14 03:59:03.665 782 872 I am_wtf : [0,782,system_server,-1,DisplayDeviceConfig,requesting nits when no mapping exists.]
03-14 03:59:03.669 782 826 D FreeFormWindowHelper: refreshTipWindow mTipWindowTitle : freeform_top_right_tip_window
03-14 03:59:03.670 782 826 I ActivityTaskManager: clear resize flag in freeform mode
03-14 03:59:03.671 782 826 W WindowManager: updateScale : 0.79357797
03-14 03:59:03.681 782 1952 E DisplayDeviceConfig: requesting nits when no mapping exists.
03-14 03:59:03.681 782 1952 E DisplayDeviceConfig: requesting nits when no mapping exists.
03-14 03:59:03.681 782 872 I am_wtf : [0,782,system_server,-1,DisplayDeviceConfig,requesting nits when no mapping exists.]
03-14 03:59:03.684 782 872 I am_wtf : [0,782,system_server,-1,DisplayDeviceConfig,requesting nits when no mapping exists.]
03-14 03:59:03.702 782 826 D FreeFormWindowHelper: refreshTipWindow mTipWindowTitle : freeform_bottom_right_tip_window
03-14 03:59:03.704 782 826 I ActivityTaskManager: clear resize flag in freeform mode
03-14 03:59:03.704 782 826 W WindowManager: updateScale : 0.79357797
03-14 03:59:03.716 782 3182 W WindowManager: updateScale : 0.79357797
03-14 03:59:03.719 782 826 D FreeFormWindowHelper: refreshTipWindow mTipWindowTitle : freeform_bottom_right_tip_window
03-14 03:59:03.720 782 826 I ActivityTaskManager: clear resize flag in freeform mode
03-14 03:59:03.720 782 826 W WindowManager: updateScale : 0.79357797
03-14 03:59:03.732 782 1678 W WindowManager: updateScale : 0.79357797
03-14 03:59:03.736 782 826 D FreeFormWindowHelper: refreshTipWindow mTipWindowTitle : freeform_bottom_right_tip_window
03-14 03:59:03.736 782 826 I ActivityTaskManager: clear resize flag in freeform mode
03-14 03:59:03.737 782 826 W WindowManager: updateScale : 0.79357797
03-14 03:59:03.752 782 826 D FreeFormWindowHelper: refreshTipWindow mTipWindowTitle : freeform_bottom_right_tip_window
03-14 03:59:03.753 782 826 I ActivityTaskManager: clear resize flag in freeform mode
03-14 03:59:03.753 782 826 W WindowManager: updateScale : 0.79357797
03-14 03:59:03.782 782 3182 W WindowManager: updateScale : 0.79357797
03-14 03:59:03.786 782 826 D FreeFormWindowHelper: refreshTipWindow mTipWindowTitle : freeform_bottom_right_tip_window
03-14 03:59:03.786 782 826 I ActivityTaskManager: clear resize flag in freeform mode
03-14 03:59:03.787 782 826 W WindowManager: updateScale : 0.79357797
03-14 03:59:03.799 782 1678 W WindowManager: updateScale : 0.79357797
03-14 03:59:03.803 782 826 D FreeFormWindowHelper: refreshTipWindow mTipWindowTitle : freeform_bottom_right_tip_window
03-14 03:59:03.803 782 826 I ActivityTaskManager: clear resize flag in freeform mode
03-14 03:59:03.804 782 826 W WindowManager: updateScale : 0.79357797
03-14 03:59:03.819 782 826 D FreeFormWindowHelper: refreshTipWindow mTipWindowTitle : freeform_bottom_right_tip_window
03-14 03:59:03.820 782 826 I ActivityTaskManager: clear resize flag in freeform mode
03-14 03:59:03.820 782 826 W WindowManager: updateScale : 0.79357797
03-14 03:59:03.836 782 826 D FreeFormWindowHelper: refreshTipWindow mTipWindowTitle : freeform_bottom_right_tip_window
03-14 03:59:03.837 782 826 I ActivityTaskManager: clear resize flag in freeform mode
03-14 03:59:03.837 782 826 W WindowManager: updateScale : 0.79357797
03-14 03:59:03.849 782 2679 W WindowManager: updateScale : 0.79357797
03-14 03:59:03.870 782 826 D FreeFormWindowHelper: refreshTipWindow mTipWindowTitle : freeform_bottom_right_tip_window
03-14 03:59:03.870 782 826 I ActivityTaskManager: clear resize flag in freeform mode
03-14 03:59:03.871 782 826 W WindowManager: updateScale : 0.79357797
03-14 03:59:03.883 782 1678 W WindowManager: updateScale : 0.79357797
03-14 03:59:03.919 782 826 D FreeFormWindowHelper: refreshTipWindow mTipWindowTitle : freeform_bottom_right_tip_window
03-14 03:59:03.921 782 826 I ActivityTaskManager: clear resize flag in freeform mode
03-14 03:59:03.923 782 826 W WindowManager: updateScale : 0.79357797
03-14 03:59:04.070 782 826 D FreeFormWindowHelper: refreshTipWindow mTipWindowTitle : freeform_bottom_right_tip_window
03-14 03:59:04.071 782 826 I ActivityTaskManager: clear resize flag in freeform mode
03-14 03:59:04.072 782 826 W WindowManager: updateScale : 0.79357797
03-14 03:59:04.304 782 826 D FreeFormWindowHelper: refreshTipWindow mTipWindowTitle : freeform_bottom_right_tip_window
03-14 03:59:04.305 782 826 I ActivityTaskManager: clear resize flag in freeform mode
03-14 03:59:04.306 782 826 W WindowManager: updateScale : 0.79357797
03-14 03:59:04.681 782 782 I service_manager_stats: [221,120,5074]
03-14 03:59:04.737 782 826 D WindowManager: updateWindowDragBounds: mIsSwipeYfalse
03-14 03:59:04.737 782 826 D WindowManager: updateWindowDragBounds: mIsTopfalse
03-14 03:59:04.774 782 827 I ActivityTaskManager: clear resize flag in freeform mode
03-14 03:59:04.774 782 827 W WindowManager: updateScale : 0.72782874
03-14 03:59:04.776 782 1678 W ActivityManager: Receiver with filter android.content.IntentFilter@cf31a2 already registered for pid 3694, callerPackage is com.android.music
03-14 03:59:04.786 782 1678 W WindowManager: updateScale : 0.72782874
03-14 03:59:04.790 782 827 I ActivityTaskManager: clear resize flag in freeform mode
03-14 03:59:04.791 782 827 W WindowManager: updateScale : 0.6712538
03-14 03:59:04.801 782 1678 W ActivityManager: Receiver with filter android.content.IntentFilter@ea3ae33 already registered for pid 3694, callerPackage is com.android.music
03-14 03:59:04.807 782 827 I ActivityTaskManager: clear resize flag in freeform mode
03-14 03:59:04.807 782 827 W WindowManager: updateScale : 0.62691134
03-14 03:59:04.823 782 827 I ActivityTaskManager: clear resize flag in freeform mode
03-14 03:59:04.823 782 827 W WindowManager: updateScale : 0.5902141
03-14 03:59:04.837 782 1678 W ActivityManager: Receiver with filter android.content.IntentFilter@3a7ccd9 already registered for pid 3694, callerPackage is com.android.music
03-14 03:59:04.839 782 827 I ActivityTaskManager: clear resize flag in freeform mode
03-14 03:59:04.840 782 827 W WindowManager: updateScale : 0.559633
03-14 03:59:04.841 782 1678 W WindowManager: updateScale : 0.559633
03-14 03:59:04.845 782 1699 I GameModeConfig: isGameModeOn = false
03-14 03:59:04.845 782 1699 I GameModeConfig: isGameModeOn = false
03-14 03:59:04.846 782 1699 I GameModeConfig: isGameModeOn = false
03-14 03:59:04.846 782 1699 I GameModeConfig: isGameModeOn = false
03-14 03:59:04.847 782 782 I notification_enqueue: [10086,3694,com.android.music,1,NULL,0,Notification(channel=Channel-music shortcut=null contentView=null vibrate=null sound=null defaults=0x0 flags=0x40 color=0x00000000 category=transport actions=4 vis=PRIVATE),1]
03-14 03:59:04.849 782 782 I notification_enqueue: [10086,3694,com.android.music,1,NULL,0,Notification(channel=Channel-music shortcut=null contentView=null vibrate=null sound=null defaults=0x0 flags=0x40 color=0x00000000 category=transport actions=4 vis=PRIVATE),1]
03-14 03:59:04.855 782 1678 W ActivityManager: Receiver with filter android.content.IntentFilter@a6eaa4d already registered for pid 3694, callerPackage is com.android.music
03-14 03:59:04.856 782 827 I ActivityTaskManager: clear resize flag in freeform mode
03-14 03:59:04.856 782 827 W WindowManager: updateScale : 0.5351682
03-14 03:59:04.857 782 1678 W WindowManager: updateScale : 0.5351682
03-14 03:59:04.866 782 2679 W ActivityManager: Receiver with filter android.content.IntentFilter@333d605 already registered for pid 3694, callerPackage is com.android.music
03-14 03:59:04.868 782 2679 W WindowManager: updateScale : 0.5351682
03-14 03:59:04.872 782 827 I ActivityTaskManager: clear resize flag in freeform mode
03-14 03:59:04.873 782 827 W WindowManager: updateScale : 0.5152905
03-14 03:59:04.886 782 2679 W ActivityManager: Receiver with filter android.content.IntentFilter@e68d6b2 already registered for pid 3694, callerPackage is com.android.music
03-14 03:59:04.889 782 827 I ActivityTaskManager: clear resize flag in freeform mode
03-14 03:59:04.889 782 827 W WindowManager: updateScale : 0.5
03-14 03:59:04.903 782 1678 W WindowManager: updateScale : 0.5
03-14 03:59:04.906 782 827 I ActivityTaskManager: clear resize flag in freeform mode
03-14 03:59:04.907 782 827 W WindowManager: updateScale : 0.48776758
03-14 03:59:04.910 782 1678 W ActivityManager: Receiver with filter android.content.IntentFilter@3b9d603 already registered for pid 3694, callerPackage is com.android.music
03-14 03:59:04.923 782 827 I ActivityTaskManager: clear resize flag in freeform mode
03-14 03:59:04.924 782 827 W WindowManager: updateScale : 0.47859326
01-01 08:08:38.313 0 0 E DTC_ETH,link_delay_work_func: 3003, SQI=0, link=0
03-14 03:59:04.938 782 1678 W ActivityManager: Receiver with filter android.content.IntentFilter@ea73980 already registered for pid 3694, callerPackage is com.android.music
03-14 03:59:04.940 782 827 I ActivityTaskManager: clear resize flag in freeform mode
03-14 03:59:04.941 782 827 W WindowManager: updateScale : 0.47247708
03-14 03:59:04.944 782 1678 W ActivityManager: Receiver with filter android.content.IntentFilter@9b8abb9 already registered for pid 3694, callerPackage is com.android.music
03-14 03:59:04.952 782 1678 W WindowManager: updateScale : 0.47247708
03-14 03:59:04.957 782 827 I ActivityTaskManager: clear resize flag in freeform mode
03-14 03:59:04.957 782 827 W WindowManager: updateScale : 0.46636087
03-14 03:59:04.969 782 1678 W ActivityManager: Receiver with filter android.content.IntentFilter@209abfe already registered for pid 3694, callerPackage is com.android.music
03-14 03:59:04.974 782 827 I ActivityTaskManager: clear resize flag in freeform mode
03-14 03:59:04.975 782 827 W WindowManager: updateScale : 0.4617737
03-14 03:59:04.986 782 2679 W WindowManager: updateScale : 0.4617737
03-14 03:59:04.990 782 827 I ActivityTaskManager: clear resize flag in freeform mode
03-14 03:59:04.991 782 827 W WindowManager: updateScale : 0.46024466
03-14 03:59:04.998 782 1678 W ActivityManager: Receiver with filter android.content.IntentFilter@4f9cf5f already registered for pid 3694, callerPackage is com.android.music
03-14 03:59:05.001 782 1678 W WindowManager: updateScale : 0.46024466
03-14 03:59:05.007 782 827 I ActivityTaskManager: clear resize flag in freeform mode
03-14 03:59:05.007 782 827 W WindowManager: updateScale : 0.4587156
03-14 03:59:05.024 782 827 I ActivityTaskManager: clear resize flag in freeform mode
03-14 03:59:05.024 782 827 W WindowManager: updateScale : 0.45718655
03-14 03:59:05.039 782 1678 W ActivityManager: Receiver with filter android.content.IntentFilter@6f6c644 already registered for pid 3694, callerPackage is com.android.music
03-14 03:59:05.040 782 1678 W WindowManager: updateScale : 0.45718655
03-14 03:59:05.048 782 782 I GameModeConfig: isGameModeOn = false
03-14 03:59:05.049 782 782 I GameModeConfig: isGameModeOn = false
03-14 03:59:05.056 782 827 I ActivityTaskManager: clear resize flag in freeform mode
03-14 03:59:05.057 782 827 W WindowManager: updateScale : 0.45565748
03-14 03:59:05.061 782 1678 W ActivityManager: Receiver with filter android.content.IntentFilter@32789ba already registered for pid 3694, callerPackage is com.android.music
03-14 03:59:05.063 782 1699 I GameModeConfig: isGameModeOn = false
03-14 03:59:05.063 782 1699 I GameModeConfig: isGameModeOn = false
03-14 03:59:05.063 782 1699 I GameModeConfig: isGameModeOn = false
03-14 03:59:05.063 782 1699 I GameModeConfig: isGameModeOn = false
03-14 03:59:05.068 782 782 I notification_enqueue: [10086,3694,com.android.music,1,NULL,0,Notification(channel=Channel-music shortcut=null contentView=null vibrate=null sound=null defaults=0x0 flags=0x40 color=0x00000000 category=transport actions=4 vis=PRIVATE),1]
03-14 03:59:05.069 782 782 I notification_enqueue: [10086,3694,com.android.music,1,NULL,0,Notification(channel=Channel-music shortcut=null contentView=null vibrate=null sound=null defaults=0x0 flags=0x40 color=0x00000000 category=transport actions=4 vis=PRIVATE),1]
03-14 03:59:05.074 782 2679 W WindowManager: updateScale : 0.45565748
03-14 03:59:05.270 782 782 I GameModeConfig: isGameModeOn = false
03-14 03:59:05.271 782 782 I GameModeConfig: isGameModeOn = false
03-14 03:59:06.021 782 1605 I input_interaction: Interaction with: 6b182e5 com.android.music/com.android.music.MusicBrowserActivity (server), edge-swipe (server), swipe-up (server), PointerEventDispatcher0 (server),
03-14 03:59:06.094 3694 3694 I view_enqueue_input_event: [Motion - Cancel,com.android.music/com.android.music.MusicBrowserActivity]
03-14 03:59:06.100 782 1605 I input_interaction: Interaction with: WindowManager (server), edge-swipe (server), swipe-up (server), PointerEventDispatcher0 (server),
03-14 03:59:06.109 782 826 I ActivityTaskManager: clear resize flag in freeform mode
03-14 03:59:06.110 782 826 W WindowManager: updateScale : 0.45565748
03-14 03:59:06.125 782 826 I ActivityTaskManager: clear resize flag in freeform mode
03-14 03:59:06.126 782 826 W WindowManager: updateScale : 0.45565748
03-14 03:59:06.142 782 826 I ActivityTaskManager: clear resize flag in freeform mode
03-14 03:59:06.142 782 826 W WindowManager: updateScale : 0.45565748
03-14 03:59:06.159 782 826 I ActivityTaskManager: clear resize flag in freeform mode
03-14 03:59:06.160 782 826 W WindowManager: updateScale : 0.45565748
03-14 03:59:06.175 782 826 I ActivityTaskManager: clear resize flag in freeform mode
03-14 03:59:06.176 782 826 W WindowManager: updateScale : 0.45565748
03-14 03:59:06.176 782 826 W WindowManager: updateScale : 0.45565748
03-14 03:59:06.188 782 2679 W WindowManager: updateScale : 0.45565748
03-14 03:59:06.192 782 826 I ActivityTaskManager: clear resize flag in freeform mode
03-14 03:59:06.193 782 826 W WindowManager: updateScale : 0.45565748
03-14 03:59:06.209 782 826 I ActivityTaskManager: clear resize flag in freeform mode
03-14 03:59:06.209 782 826 W WindowManager: updateScale : 0.45565748
03-14 03:59:06.225 782 826 I ActivityTaskManager: clear resize flag in freeform mode
03-14 03:59:06.226 782 826 W WindowManager: updateScale : 0.45565748
03-14 03:59:06.242 782 826 I ActivityTaskManager: clear resize flag in freeform mode
03-14 03:59:06.243 782 826 W WindowManager: updateScale : 0.45565748
03-14 03:59:06.259 782 826 I ActivityTaskManager: clear resize flag in freeform mode
03-14 03:59:06.259 782 826 W WindowManager: updateScale : 0.45565748
03-14 03:59:06.276 782 826 I ActivityTaskManager: clear resize flag in freeform mode
03-14 03:59:06.276 782 826 W WindowManager: updateScale : 0.45565748
03-14 03:59:06.292 782 826 I ActivityTaskManager: clear resize flag in freeform mode
03-14 03:59:06.293 782 826 W WindowManager: updateScale : 0.45565748
03-14 03:59:06.309 782 826 I ActivityTaskManager: clear resize flag in freeform mode
03-14 03:59:06.310 782 826 W WindowManager: updateScale : 0.45565748
03-14 03:59:06.326 782 826 I ActivityTaskManager: clear resize flag in freeform mode
03-14 03:59:06.326 782 826 W WindowManager: updateScale : 0.45565748
03-14 03:59:06.342 782 826 I ActivityTaskManager: clear resize flag in freeform mode
03-14 03:59:06.343 782 826 W WindowManager: updateScale : 0.45565748
03-14 03:59:06.359 782 826 I ActivityTaskManager: clear resize flag in freeform mode
03-14 03:59:06.360 782 826 W WindowManager: updateScale : 0.45565748
03-14 03:59:06.376 782 826 I ActivityTaskManager: clear resize flag in freeform mode
03-14 03:59:06.377 782 826 W WindowManager: updateScale : 0.45565748
03-14 03:59:06.393 782 826 I ActivityTaskManager: clear resize flag in freeform mode
03-14 03:59:06.393 782 826 W WindowManager: updateScale : 0.45565748
03-14 03:59:06.409 782 826 I ActivityTaskManager: clear resize flag in freeform mode
03-14 03:59:06.410 782 826 W WindowManager: updateScale : 0.45565748
03-14 03:59:06.426 782 826 I ActivityTaskManager: clear resize flag in freeform mode
03-14 03:59:06.427 782 826 W WindowManager: updateScale : 0.45565748
03-14 03:59:06.443 782 826 I ActivityTaskManager: clear resize flag in freeform mode
03-14 03:59:06.443 782 826 W WindowManager: updateScale : 0.45565748
03-14 03:59:06.459 782 826 I ActivityTaskManager: clear resize flag in freeform mode
03-14 03:59:06.460 782 826 W WindowManager: updateScale : 0.45565748
03-14 03:59:06.477 782 826 I ActivityTaskManager: clear resize flag in freeform mode
03-14 03:59:06.477 782 826 W WindowManager: updateScale : 0.45565748
03-14 03:59:06.493 782 826 I ActivityTaskManager: clear resize flag in freeform mode
03-14 03:59:06.494 782 826 W WindowManager: updateScale : 0.45565748
03-14 03:59:06.510 782 826 I ActivityTaskManager: clear resize flag in freeform mode
03-14 03:59:06.510 782 826 W WindowManager: updateScale : 0.45565748
03-14 03:59:06.522 782 2679 W WindowManager: updateScale : 0.45565748
03-14 03:59:06.526 782 826 I ActivityTaskManager: clear resize flag in freeform mode
03-14 03:59:06.527 782 826 W WindowManager: updateScale : 0.45565748
03-14 03:59:06.538 782 1678 W WindowManager: updateScale : 0.45565748
03-14 03:59:06.543 782 826 I ActivityTaskManager: clear resize flag in freeform mode
03-14 03:59:06.543 782 826 W WindowManager: updateScale : 0.45565748
03-14 03:59:06.555 782 1678 W WindowManager: updateScale : 0.45565748
03-14 03:59:06.560 782 826 I ActivityTaskManager: clear resize flag in freeform mode
03-14 03:59:06.560 782 826 W WindowManager: updateScale : 0.45565748
03-14 03:59:06.571 782 1678 W WindowManager: updateScale : 0.45565748
03-14 03:59:06.576 782 826 I ActivityTaskManager: clear resize flag in freeform mode
03-14 03:59:06.577 782 826 W WindowManager: updateScale : 0.45565748
03-14 03:59:06.588 782 2149 W WindowManager: updateScale : 0.45565748
03-14 03:59:06.593 782 826 I ActivityTaskManager: clear resize flag in freeform mode
03-14 03:59:06.593 782 826 W WindowManager: updateScale : 0.45565748
03-14 03:59:06.605 782 2149 W WindowManager: updateScale : 0.45565748
03-14 03:59:06.610 782 826 I ActivityTaskManager: clear resize flag in freeform mode
03-14 03:59:06.610 782 826 W WindowManager: updateScale : 0.45565748
03-14 03:59:06.622 782 1678 W WindowManager: updateScale : 0.45565748
03-14 03:59:06.626 782 826 I ActivityTaskManager: clear resize flag in freeform mode
03-14 03:59:06.627 782 826 W WindowManager: updateScale : 0.45565748
03-14 03:59:06.639 782 1678 W WindowManager: updateScale : 0.45565748
03-14 03:59:06.643 782 826 I ActivityTaskManager: clear resize flag in freeform mode
03-14 03:59:06.644 782 826 W WindowManager: updateScale : 0.45565748
03-14 03:59:06.656 782 2149 W WindowManager: updateScale : 0.45565748
03-14 03:59:06.660 782 826 I ActivityTaskManager: clear resize flag in freeform mode
03-14 03:59:06.660 782 826 W WindowManager: updateScale : 0.45565748
03-14 03:59:06.672 782 2149 W WindowManager: updateScale : 0.45565748
03-14 03:59:06.676 782 826 I ActivityTaskManager: clear resize flag in freeform mode
03-14 03:59:06.677 782 826 W WindowManager: updateScale : 0.45565748
03-14 03:59:06.689 782 2149 W WindowManager: updateScale : 0.45565748
03-14 03:59:06.693 782 826 I ActivityTaskManager: clear resize flag in freeform mode
03-14 03:59:06.694 782 826 W WindowManager: updateScale : 0.45565748
03-14 03:59:06.705 782 2149 W WindowManager: updateScale : 0.45565748
03-14 03:59:06.710 782 826 I ActivityTaskManager: clear resize flag in freeform mode
03-14 03:59:06.710 782 826 W WindowManager: updateScale : 0.45565748
03-14 03:59:06.722 782 2679 W WindowManager: updateScale : 0.45565748
03-14 03:59:06.727 782 826 I ActivityTaskManager: clear resize flag in freeform mode
03-14 03:59:06.727 782 826 W WindowManager: updateScale : 0.45565748
03-14 03:59:06.739 782 2679 W WindowManager: updateScale : 0.45565748
03-14 03:59:06.743 782 826 I ActivityTaskManager: clear resize flag in freeform mode
03-14 03:59:06.744 782 826 W WindowManager: updateScale : 0.45565748
03-14 03:59:06.756 782 2679 W WindowManager: updateScale : 0.45565748
03-14 03:59:06.772 782 2679 W WindowManager: updateScale : 0.45565748
03-14 03:59:06.789 782 826 D WindowManager: updateWindowDragBounds: mIsSwipeYfalse
03-14 03:59:06.789 782 826 D WindowManager: updateWindowDragBounds: mIsTopfalse
03-14 03:59:06.812 782 827 I ActivityTaskManager: clear resize flag in freeform mode
03-14 03:59:06.812 782 827 W WindowManager: updateScale : 0.45565748
03-14 03:59:06.828 782 827 I ActivityTaskManager: clear resize flag in freeform mode
03-14 03:59:06.828 782 827 W WindowManager: updateScale : 0.45565748
03-14 03:59:06.845 782 827 I ActivityTaskManager: clear resize flag in freeform mode
03-14 03:59:06.845 782 827 W WindowManager: updateScale : 0.45565748
03-14 03:59:06.860 782 827 I ActivityTaskManager: clear resize flag in freeform mode
03-14 03:59:06.861 782 827 W WindowManager: updateScale : 0.45565748
03-14 03:59:06.879 782 827 I ActivityTaskManager: clear resize flag in freeform mode
03-14 03:59:06.880 782 827 W WindowManager: updateScale : 0.45565748
03-14 03:59:06.894 782 827 I ActivityTaskManager: clear resize flag in freeform mode
03-14 03:59:06.895 782 827 W WindowManager: updateScale : 0.45565748
03-14 03:59:06.912 782 827 I ActivityTaskManager: clear resize flag in freeform mode
03-14 03:59:06.913 782 827 W WindowManager: updateScale : 0.45565748
03-14 03:59:06.928 782 827 I ActivityTaskManager: clear resize flag in freeform mode
03-14 03:59:06.928 782 827 W WindowManager: updateScale : 0.45565748
03-14 03:59:06.945 782 827 I ActivityTaskManager: clear resize flag in freeform mode
03-14 03:59:06.946 782 827 W WindowManager: updateScale : 0.45565748
03-14 03:59:06.962 782 827 I ActivityTaskManager: clear resize flag in freeform mode
03-14 03:59:06.963 782 827 W WindowManager: updateScale : 0.45565748
03-14 03:59:06.978 782 827 I ActivityTaskManager: clear resize flag in freeform mode
03-14 03:59:06.979 782 827 W WindowManager: updateScale : 0.45565748
03-14 03:59:06.995 782 827 I ActivityTaskManager: clear resize flag in freeform mode
03-14 03:59:06.996 782 827 W WindowManager: updateScale : 0.45565748
03-14 03:59:07.028 782 827 I ActivityTaskManager: clear resize flag in freeform mode
03-14 03:59:07.029 782 827 W WindowManager: updateScale : 0.45565748
03-14 03:59:07.699 782 1605 I input_interaction: Interaction with: 6b182e5 com.android.music/com.android.music.MusicBrowserActivity (server), edge-swipe (server), swipe-up (server), PointerEventDispatcher0 (server),
03-14 03:59:08.204 782 2679 W ActivityManager: Receiver with filter android.content.IntentFilter@3d47a28 already registered for pid 3694, callerPackage is com.android.music
03-14 03:59:08.206 782 827 I ActivityTaskManager: clear resize flag in freeform mode
03-14 03:59:08.207 782 827 W WindowManager: updateScale : 0.5229358
03-14 03:59:08.217 782 827 I ActivityTaskManager: clear resize flag in freeform mode
03-14 03:59:08.218 782 827 W WindowManager: updateScale : 0.5764526
03-14 03:59:08.231 782 827 I ActivityTaskManager: clear resize flag in freeform mode
03-14 03:59:08.232 782 827 W WindowManager: updateScale : 0.62232417
03-14 03:59:08.247 782 827 I ActivityTaskManager: clear resize flag in freeform mode
03-14 03:59:08.248 782 827 W WindowManager: updateScale : 0.6590214
03-14 03:59:08.264 782 827 I ActivityTaskManager: clear resize flag in freeform mode
03-14 03:59:08.264 782 827 W WindowManager: updateScale : 0.68960243
03-14 03:59:08.268 782 2144 W WindowManager: updateScale : 0.68960243
03-14 03:59:08.274 782 2144 W ActivityManager: Receiver with filter android.content.IntentFilter@c9eaf96 already registered for pid 3694, callerPackage is com.android.music
03-14 03:59:08.275 782 1699 I GameModeConfig: isGameModeOn = false
03-14 03:59:08.275 782 1699 I GameModeConfig: isGameModeOn = false
03-14 03:59:08.275 782 1699 I GameModeConfig: isGameModeOn = false
03-14 03:59:08.275 782 1699 I GameModeConfig: isGameModeOn = false
03-14 03:59:08.276 782 782 I notification_enqueue: [10086,3694,com.android.music,1,NULL,0,Notification(channel=Channel-music shortcut=null contentView=null vibrate=null sound=null defaults=0x0 flags=0x40 color=0x00000000 category=transport actions=4 vis=PRIVATE),1]
03-14 03:59:08.278 782 782 I notification_enqueue: [10086,3694,com.android.music,1,NULL,0,Notification(channel=Channel-music shortcut=null contentView=null vibrate=null sound=null defaults=0x0 flags=0x40 color=0x00000000 category=transport actions=4 vis=PRIVATE),1]
03-14 03:59:08.281 782 827 I ActivityTaskManager: clear resize flag in freeform mode
03-14 03:59:08.281 782 827 W WindowManager: updateScale : 0.7140673
03-14 03:59:08.285 782 2679 W ActivityManager: Receiver with filter android.content.IntentFilter@fda807a already registered for pid 3694, callerPackage is com.android.music
03-14 03:59:08.297 782 827 I ActivityTaskManager: clear resize flag in freeform mode
03-14 03:59:08.297 782 827 W WindowManager: updateScale : 0.7324159
03-14 03:59:08.314 782 827 I ActivityTaskManager: clear resize flag in freeform mode
03-14 03:59:08.314 782 827 W WindowManager: updateScale : 0.74923545
03-14 03:59:08.327 782 797 W ActivityManager: Receiver with filter android.content.IntentFilter@ebb000b already registered for pid 3694, callerPackage is com.android.music
03-14 03:59:08.328 782 2679 W WindowManager: updateScale : 0.74923545
03-14 03:59:08.331 782 827 I ActivityTaskManager: clear resize flag in freeform mode
03-14 03:59:08.331 782 827 W WindowManager: updateScale : 0.7614679
03-14 03:59:08.331 782 827 W WindowManager: updateScale : 0.7614679
03-14 03:59:08.334 782 2679 W ActivityManager: Receiver with filter android.content.IntentFilter@3248ee8 already registered for pid 3694, callerPackage is com.android.music
03-14 03:59:08.335 782 1699 I GameModeConfig: isGameModeOn = false
03-14 03:59:08.335 782 1699 I GameModeConfig: isGameModeOn = false
03-14 03:59:08.335 782 1699 I GameModeConfig: isGameModeOn = false
03-14 03:59:08.335 782 1699 I GameModeConfig: isGameModeOn = false
03-14 03:59:08.337 782 782 I notification_enqueue: [10086,3694,com.android.music,1,NULL,0,Notification(channel=Channel-music shortcut=null contentView=null vibrate=null sound=null defaults=0x0 flags=0x40 color=0x00000000 category=transport actions=4 vis=PRIVATE),1]
03-14 03:59:08.338 782 782 I notification_enqueue: [10086,3694,com.android.music,1,NULL,0,Notification(channel=Channel-music shortcut=null contentView=null vibrate=null sound=null defaults=0x0 flags=0x40 color=0x00000000 category=transport actions=4 vis=PRIVATE),1]
03-14 03:59:08.344 782 797 W WindowManager: updateScale : 0.7614679
03-14 03:59:08.347 782 827 I ActivityTaskManager: clear resize flag in freeform mode
03-14 03:59:08.348 782 827 W WindowManager: updateScale : 0.7706422
03-14 03:59:08.351 782 797 W ActivityManager: Receiver with filter android.content.IntentFilter@6af9f2c already registered for pid 3694, callerPackage is com.android.music
03-14 03:59:08.359 782 797 W WindowManager: updateScale : 0.7706422
03-14 03:59:08.364 782 827 I ActivityTaskManager: clear resize flag in freeform mode
03-14 03:59:08.364 782 827 W WindowManager: updateScale : 0.7782875
03-14 03:59:08.366 782 797 W ActivityManager: Receiver with filter android.content.IntentFilter@264a7c4 already registered for pid 3694, callerPackage is com.android.music
03-14 03:59:08.376 782 2679 W WindowManager: updateScale : 0.7782875
03-14 03:59:08.381 782 827 I ActivityTaskManager: clear resize flag in freeform mode
03-14 03:59:08.381 782 827 W WindowManager: updateScale : 0.78287464
03-14 03:59:08.393 782 2679 W WindowManager: updateScale : 0.78287464
03-14 03:59:08.398 782 827 I ActivityTaskManager: clear resize flag in freeform mode
03-14 03:59:08.398 782 827 W WindowManager: updateScale : 0.78746176
03-14 03:59:08.399 782 797 W ActivityManager: Receiver with filter android.content.IntentFilter@5b3ae65 already registered for pid 3694, callerPackage is com.android.music
03-14 03:59:08.409 782 2679 W WindowManager: updateScale : 0.78746176
03-14 03:59:08.414 782 827 I ActivityTaskManager: clear resize flag in freeform mode
03-14 03:59:08.415 782 827 W WindowManager: updateScale : 0.78899086
03-14 03:59:08.419 782 2679 W ActivityManager: Receiver with filter android.content.IntentFilter@3c2373a already registered for pid 3694, callerPackage is com.android.music
03-14 03:59:08.426 782 2679 W WindowManager: updateScale : 0.78899086
03-14 03:59:08.431 782 827 I ActivityTaskManager: clear resize flag in freeform mode
03-14 03:59:08.432 782 827 W WindowManager: updateScale : 0.7905199
03-14 03:59:08.443 782 2144 W WindowManager: updateScale : 0.7905199
03-14 03:59:08.448 782 827 I ActivityTaskManager: clear resize flag in freeform mode
03-14 03:59:08.449 782 827 W WindowManager: updateScale : 0.79204893
03-14 03:59:08.454 782 2144 W ActivityManager: Receiver with filter android.content.IntentFilter@7615feb already registered for pid 3694, callerPackage is com.android.music
03-14 03:59:08.460 782 2144 W WindowManager: updateScale : 0.79204893
03-14 03:59:08.465 782 827 I ActivityTaskManager: clear resize flag in freeform mode
03-14 03:59:08.465 782 827 W WindowManager: updateScale : 0.79357797
03-14 03:59:08.472 782 2679 W ActivityManager: Receiver with filter android.content.IntentFilter@a71a148 already registered for pid 3694, callerPackage is com.android.music
03-14 03:59:08.476 782 2679 W WindowManager: updateScale : 0.79357797
03-14 03:59:08.477 782 782 I GameModeConfig: isGameModeOn = false
03-14 03:59:08.480 782 782 I GameModeConfig: isGameModeOn = false
03-14 03:59:08.482 782 827 I ActivityTaskManager: clear resize flag in freeform mode
03-14 03:59:08.482 782 827 W WindowManager: updateScale : 0.79357797
03-14 03:59:08.493 782 797 W WindowManager: updateScale : 0.79357797
03-14 03:59:08.510 782 797 W WindowManager: updateScale : 0.79357797
03-14 03:59:08.539 782 782 I GameModeConfig: isGameModeOn = false
03-14 03:59:08.539 782 782 I GameModeConfig: isGameModeOn = false
01-01 08:08:43.431 0 0 E DTC_ETH,link_delay_work_func: 3003, SQI=0, link=0
01-01 08:08:46.345 0 0 I msm_vidc: err : ffffffff: .....: DBLP Set: status 0
01-01 08:08:48.551 0 0 E DTC_ETH,link_delay_work_func: 3003, SQI=0, link=0
01-01 08:08:53.671 0 0 E DTC_ETH,link_delay_work_func: 3003, SQI=0, link=0
01-01 08:08:58.791 0 0 E DTC_ETH,link_delay_work_func: 3003, SQI=0, link=0
01-01 08:09:03.911 0 0 E DTC_ETH,link_delay_work_func: 3003, SQI=0, link=0
01-01 08:09:09.031 0 0 E DTC_ETH,link_delay_work_func: 3003, SQI=0, link=0
01-01 08:09:14.151 0 0 E DTC_ETH,link_delay_work_func: 3003, SQI=0, link=0
01-01 08:09:19.271 0 0 E DTC_ETH,link_delay_work_func: 3003, SQI=0, link=0
01-01 08:09:24.391 0 0 E DTC_ETH,link_delay_work_func: 3003, SQI=0, link=0
01-01 08:09:29.511 0 0 E DTC_ETH,link_delay_work_func: 3003, SQI=0, link=0
01-01 08:09:30.049 0 0 I [schedu][0x28c0cec65][03:59:56.654218] wlan: [3522:I:OSIF] scan start scan id 40966
01-01 08:09:31.217 0 0 I [schedu][0x28d63211f][03:59:57.822281] wlan: [3522:I:OSIF] vdev 0, scan id 40966 type COMPLETED(1) reason COMPLETED(1) scan found 20 bss
03-14 04:00:00.821 782 1000 V DisplayPowerController[0]: Brightness [0.05] reason changing to: 'manual [ dim ]', previous reason: 'manual'.
03-14 04:00:00.821 782 1000 I sysui_multi_action: [757,1696,758,6,759,2]
03-14 04:00:00.834 782 1952 E DisplayDeviceConfig: requesting nits when no mapping exists.
03-14 04:00:00.835 782 1952 E DisplayDeviceConfig: requesting nits when no mapping exists.
03-14 04:00:00.835 782 872 I am_wtf : [0,782,system_server,-1,DisplayDeviceConfig,requesting nits when no mapping exists.]
03-14 04:00:00.836 782 872 I DropBoxManagerService: add tag=system_server_wtf isTagEnabled=true flags=0x2
03-14 04:00:00.838 782 872 I am_wtf : [0,782,system_server,-1,DisplayDeviceConfig,requesting nits when no mapping exists.]
03-14 04:00:00.839 782 872 I DropBoxManagerService: add tag=system_server_wtf isTagEnabled=true flags=0x2
03-14 04:00:00.850 782 1952 E DisplayDeviceConfig: requesting nits when no mapping exists.
03-14 04:00:00.851 782 1952 E DisplayDeviceConfig: requesting nits when no mapping exists.
03-14 04:00:00.851 782 872 I am_wtf : [0,782,system_server,-1,DisplayDeviceConfig,requesting nits when no mapping exists.]
03-14 04:00:00.852 782 872 I DropBoxManagerService: add tag=system_server_wtf isTagEnabled=true flags=0x2
03-14 04:00:00.853 782 872 I am_wtf : [0,782,system_server,-1,DisplayDeviceConfig,requesting nits when no mapping exists.]
03-14 04:00:00.853 782 872 I DropBoxManagerService: add tag=system_server_wtf isTagEnabled=true flags=0x2
03-14 04:00:00.867 782 1952 E DisplayDeviceConfig: requesting nits when no mapping exists.
03-14 04:00:00.867 782 1952 E DisplayDeviceConfig: requesting nits when no mapping exists.
03-14 04:00:00.867 782 872 I am_wtf : [0,782,system_server,-1,DisplayDeviceConfig,requesting nits when no mapping exists.]
03-14 04:00:00.868 782 872 I DropBoxManagerService: add tag=system_server_wtf isTagEnabled=true flags=0x2
03-14 04:00:00.869 782 872 I am_wtf : [0,782,system_server,-1,DisplayDeviceConfig,requesting nits when no mapping exists.]
03-14 04:00:00.886 782 1952 E DisplayDeviceConfig: requesting nits when no mapping exists.
03-14 04:00:00.886 782 1952 E DisplayDeviceConfig: requesting nits when no mapping exists.
03-14 04:00:00.887 782 872 I am_wtf : [0,782,system_server,-1,DisplayDeviceConfig,requesting nits when no mapping exists.]
03-14 04:00:00.888 782 872 I am_wtf : [0,782,system_server,-1,DisplayDeviceConfig,requesting nits when no mapping exists.]
03-14 04:00:00.902 782 1952 E DisplayDeviceConfig: requesting nits when no mapping exists.
03-14 04:00:00.903 782 1952 E DisplayDeviceConfig: requesting nits when no mapping exists.
03-14 04:00:00.903 782 872 I am_wtf : [0,782,system_server,-1,DisplayDeviceConfig,requesting nits when no mapping exists.]
03-14 04:00:00.904 782 872 I am_wtf : [0,782,system_server,-1,DisplayDeviceConfig,requesting nits when no mapping exists.]
03-14 04:00:00.919 782 1952 E DisplayDeviceConfig: requesting nits when no mapping exists.
03-14 04:00:00.919 782 1952 E DisplayDeviceConfig: requesting nits when no mapping exists.
03-14 04:00:00.919 782 872 I am_wtf : [0,782,system_server,-1,DisplayDeviceConfig,requesting nits when no mapping exists.]
03-14 04:00:00.920 782 872 I am_wtf : [0,782,system_server,-1,DisplayDeviceConfig,requesting nits when no mapping exists.]
03-14 04:00:00.936 782 1952 E DisplayDeviceConfig: requesting nits when no mapping exists.
03-14 04:00:00.936 782 872 I am_wtf : [0,782,system_server,-1,DisplayDeviceConfig,requesting nits when no mapping exists.]
03-14 04:00:00.936 782 1952 E DisplayDeviceConfig: requesting nits when no mapping exists.
03-14 04:00:00.937 782 872 I am_wtf : [0,782,system_server,-1,DisplayDeviceConfig,requesting nits when no mapping exists.]
03-14 04:00:00.952 782 1952 E DisplayDeviceConfig: requesting nits when no mapping exists.
03-14 04:00:00.953 782 1952 E DisplayDeviceConfig: requesting nits when no mapping exists.
03-14 04:00:00.953 782 872 I am_wtf : [0,782,system_server,-1,DisplayDeviceConfig,requesting nits when no mapping exists.]
03-14 04:00:00.954 782 872 I am_wtf : [0,782,system_server,-1,DisplayDeviceConfig,requesting nits when no mapping exists.]
03-14 04:00:00.969 782 1952 E DisplayDeviceConfig: requesting nits when no mapping exists.
03-14 04:00:00.970 782 1952 E DisplayDeviceConfig: requesting nits when no mapping exists.
03-14 04:00:00.970 782 872 I am_wtf : [0,782,system_server,-1,DisplayDeviceConfig,requesting nits when no mapping exists.]
03-14 04:00:00.971 782 872 I am_wtf : [0,782,system_server,-1,DisplayDeviceConfig,requesting nits when no mapping exists.]
03-14 04:00:00.986 782 1952 E DisplayDeviceConfig: requesting nits when no mapping exists.
03-14 04:00:00.986 782 1952 E DisplayDeviceConfig: requesting nits when no mapping exists.
03-14 04:00:00.986 782 872 I am_wtf : [0,782,system_server,-1,DisplayDeviceConfig,requesting nits when no mapping exists.]
03-14 04:00:00.987 782 872 I am_wtf : [0,782,system_server,-1,DisplayDeviceConfig,requesting nits when no mapping exists.]
03-14 04:00:01.002 782 1952 E DisplayDeviceConfig: requesting nits when no mapping exists.
03-14 04:00:01.003 782 1952 E DisplayDeviceConfig: requesting nits when no mapping exists.
03-14 04:00:01.003 782 872 I am_wtf : [0,782,system_server,-1,DisplayDeviceConfig,requesting nits when no mapping exists.]
03-14 04:00:01.004 782 872 I am_wtf : [0,782,system_server,-1,DisplayDeviceConfig,requesting nits when no mapping exists.]
03-14 04:00:01.019 782 1952 E DisplayDeviceConfig: requesting nits when no mapping exists.
03-14 04:00:01.020 782 872 I am_wtf : [0,782,system_server,-1,DisplayDeviceConfig,requesting nits when no mapping exists.]
03-14 04:00:01.020 782 1952 E DisplayDeviceConfig: requesting nits when no mapping exists.
03-14 04:00:01.020 782 872 I am_wtf : [0,782,system_server,-1,DisplayDeviceConfig,requesting nits when no mapping exists.]
03-14 04:00:01.036 782 1952 E DisplayDeviceConfig: requesting nits when no mapping exists.
03-14 04:00:01.037 782 1952 E DisplayDeviceConfig: requesting nits when no mapping exists.
03-14 04:00:01.037 782 872 I am_wtf : [0,782,system_server,-1,DisplayDeviceConfig,requesting nits when no mapping exists.]
03-14 04:00:01.037 782 872 I am_wtf : [0,782,system_server,-1,DisplayDeviceConfig,requesting nits when no mapping exists.]
03-14 04:00:01.053 782 1952 E DisplayDeviceConfig: requesting nits when no mapping exists.
03-14 04:00:01.053 782 1952 E DisplayDeviceConfig: requesting nits when no mapping exists.
03-14 04:00:01.054 782 872 I am_wtf : [0,782,system_server,-1,DisplayDeviceConfig,requesting nits when no mapping exists.]
03-14 04:00:01.054 782 872 I am_wtf : [0,782,system_server,-1,DisplayDeviceConfig,requesting nits when no mapping exists.]
03-14 04:00:01.069 782 1952 E DisplayDeviceConfig: requesting nits when no mapping exists.
03-14 04:00:01.070 782 1952 E DisplayDeviceConfig: requesting nits when no mapping exists.
03-14 04:00:01.070 782 872 I am_wtf : [0,782,system_server,-1,DisplayDeviceConfig,requesting nits when no mapping exists.]
03-14 04:00:01.071 782 872 I am_wtf : [0,782,system_server,-1,DisplayDeviceConfig,requesting nits when no mapping exists.]
03-14 04:00:01.086 782 1952 E DisplayDeviceConfig: requesting nits when no mapping exists.
03-14 04:00:01.086 782 1952 E DisplayDeviceConfig: requesting nits when no mapping exists.
03-14 04:00:01.086 782 872 I am_wtf : [0,782,system_server,-1,DisplayDeviceConfig,requesting nits when no mapping exists.]
03-14 04:00:01.087 782 872 I am_wtf : [0,782,system_server,-1,DisplayDeviceConfig,requesting nits when no mapping exists.]
03-14 04:00:01.103 782 1952 E DisplayDeviceConfig: requesting nits when no mapping exists.
03-14 04:00:01.104 782 872 I am_wtf : [0,782,system_server,-1,DisplayDeviceConfig,requesting nits when no mapping exists.]
03-14 04:00:01.104 782 1952 E DisplayDeviceConfig: requesting nits when no mapping exists.
03-14 04:00:01.104 782 872 I am_wtf : [0,782,system_server,-1,DisplayDeviceConfig,requesting nits when no mapping exists.]
03-14 04:00:01.119 782 1952 E DisplayDeviceConfig: requesting nits when no mapping exists.
03-14 04:00:01.120 782 1952 E DisplayDeviceConfig: requesting nits when no mapping exists.
03-14 04:00:01.120 782 872 I am_wtf : [0,782,system_server,-1,DisplayDeviceConfig,requesting nits when no mapping exists.]
03-14 04:00:01.121 782 872 I am_wtf : [0,782,system_server,-1,DisplayDeviceConfig,requesting nits when no mapping exists.]
03-14 04:00:01.136 782 1952 E DisplayDeviceConfig: requesting nits when no mapping exists.
03-14 04:00:01.136 782 1952 E DisplayDeviceConfig: requesting nits when no mapping exists.
03-14 04:00:01.136 782 872 I am_wtf : [0,782,system_server,-1,DisplayDeviceConfig,requesting nits when no mapping exists.]
03-14 04:00:01.137 782 872 I am_wtf : [0,782,system_server,-1,DisplayDeviceConfig,requesting nits when no mapping exists.]
03-14 04:00:01.153 782 1952 E DisplayDeviceConfig: requesting nits when no mapping exists.
03-14 04:00:01.153 782 872 I am_wtf : [0,782,system_server,-1,DisplayDeviceConfig,requesting nits when no mapping exists.]
03-14 04:00:01.153 782 1952 E DisplayDeviceConfig: requesting nits when no mapping exists.
03-14 04:00:01.154 782 872 I am_wtf : [0,782,system_server,-1,DisplayDeviceConfig,requesting nits when no mapping exists.]
03-14 04:00:01.170 782 1952 E DisplayDeviceConfig: requesting nits when no mapping exists.
03-14 04:00:01.170 782 872 I am_wtf : [0,782,system_server,-1,DisplayDeviceConfig,requesting nits when no mapping exists.]
03-14 04:00:01.170 782 1952 E DisplayDeviceConfig: requesting nits when no mapping exists.
03-14 04:00:01.171 782 872 I am_wtf : [0,782,system_server,-1,DisplayDeviceConfig,requesting nits when no mapping exists.]
03-14 04:00:01.186 782 1952 E DisplayDeviceConfig: requesting nits when no mapping exists.
03-14 04:00:01.187 782 1952 E DisplayDeviceConfig: requesting nits when no mapping exists.
03-14 04:00:01.187 782 872 I am_wtf : [0,782,system_server,-1,DisplayDeviceConfig,requesting nits when no mapping exists.]
03-14 04:00:01.188 782 872 I am_wtf : [0,782,system_server,-1,DisplayDeviceConfig,requesting nits when no mapping exists.]
03-14 04:00:01.203 782 1952 E DisplayDeviceConfig: requesting nits when no mapping exists.
03-14 04:00:01.203 782 872 I am_wtf : [0,782,system_server,-1,DisplayDeviceConfig,requesting nits when no mapping exists.]
03-14 04:00:01.203 782 1952 E DisplayDeviceConfig: requesting nits when no mapping exists.
03-14 04:00:01.204 782 872 I am_wtf : [0,782,system_server,-1,DisplayDeviceConfig,requesting nits when no mapping exists.]
03-14 04:00:01.220 782 1952 E DisplayDeviceConfig: requesting nits when no mapping exists.
03-14 04:00:01.220 782 1952 E DisplayDeviceConfig: requesting nits when no mapping exists.
03-14 04:00:01.220 782 872 I am_wtf : [0,782,system_server,-1,DisplayDeviceConfig,requesting nits when no mapping exists.]
03-14 04:00:01.221 782 872 I am_wtf : [0,782,system_server,-1,DisplayDeviceConfig,requesting nits when no mapping exists.]
03-14 04:00:01.242 782 1952 E DisplayDeviceConfig: requesting nits when no mapping exists.
03-14 04:00:01.242 782 1952 E DisplayDeviceConfig: requesting nits when no mapping exists.
03-14 04:00:01.243 782 872 I am_wtf : [0,782,system_server,-1,DisplayDeviceConfig,requesting nits when no mapping exists.]
01-01 08:09:34.631 0 0 E DTC_ETH,link_delay_work_func: 3003, SQI=0, link=0
03-14 04:00:01.244 782 872 I am_wtf : [0,782,system_server,-1,DisplayDeviceConfig,requesting nits when no mapping exists.]
03-14 04:00:01.253 782 1952 E DisplayDeviceConfig: requesting nits when no mapping exists.
03-14 04:00:01.253 782 872 I am_wtf : [0,782,system_server,-1,DisplayDeviceConfig,requesting nits when no mapping exists.]
03-14 04:00:01.253 782 1952 E DisplayDeviceConfig: requesting nits when no mapping exists.
03-14 04:00:01.254 782 872 I am_wtf : [0,782,system_server,-1,DisplayDeviceConfig,requesting nits when no mapping exists.]
03-14 04:00:01.270 782 1952 E DisplayDeviceConfig: requesting nits when no mapping exists.
03-14 04:00:01.271 782 1952 E DisplayDeviceConfig: requesting nits when no mapping exists.
03-14 04:00:01.271 782 872 I am_wtf : [0,782,system_server,-1,DisplayDeviceConfig,requesting nits when no mapping exists.]
03-14 04:00:01.272 782 872 I am_wtf : [0,782,system_server,-1,DisplayDeviceConfig,requesting nits when no mapping exists.]
03-14 04:00:01.286 782 1952 E DisplayDeviceConfig: requesting nits when no mapping exists.
03-14 04:00:01.287 782 1952 E DisplayDeviceConfig: requesting nits when no mapping exists.
03-14 04:00:01.287 782 872 I am_wtf : [0,782,system_server,-1,DisplayDeviceConfig,requesting nits when no mapping exists.]
03-14 04:00:01.288 782 872 I am_wtf : [0,782,system_server,-1,DisplayDeviceConfig,requesting nits when no mapping exists.]
03-14 04:00:01.303 782 1952 E DisplayDeviceConfig: requesting nits when no mapping exists.
03-14 04:00:01.304 782 1952 E DisplayDeviceConfig: requesting nits when no mapping exists.
03-14 04:00:01.304 782 872 I am_wtf : [0,782,system_server,-1,DisplayDeviceConfig,requesting nits when no mapping exists.]
03-14 04:00:01.304 782 872 I am_wtf : [0,782,system_server,-1,DisplayDeviceConfig,requesting nits when no mapping exists.]
03-14 04:00:01.320 782 1952 E DisplayDeviceConfig: requesting nits when no mapping exists.
03-14 04:00:01.321 782 1952 E DisplayDeviceConfig: requesting nits when no mapping exists.
03-14 04:00:01.321 782 872 I am_wtf : [0,782,system_server,-1,DisplayDeviceConfig,requesting nits when no mapping exists.]
03-14 04:00:01.322 782 872 I am_wtf : [0,782,system_server,-1,DisplayDeviceConfig,requesting nits when no mapping exists.]
03-14 04:00:01.337 782 1952 E DisplayDeviceConfig: requesting nits when no mapping exists.
03-14 04:00:01.337 782 1952 E DisplayDeviceConfig: requesting nits when no mapping exists.
03-14 04:00:01.337 782 872 I am_wtf : [0,782,system_server,-1,DisplayDeviceConfig,requesting nits when no mapping exists.]
03-14 04:00:01.338 782 872 I am_wtf : [0,782,system_server,-1,DisplayDeviceConfig,requesting nits when no mapping exists.]
03-14 04:00:01.353 782 1952 E DisplayDeviceConfig: requesting nits when no mapping exists.
03-14 04:00:01.354 782 1952 E DisplayDeviceConfig: requesting nits when no mapping exists.
03-14 04:00:01.354 782 872 I am_wtf : [0,782,system_server,-1,DisplayDeviceConfig,requesting nits when no mapping exists.]
03-14 04:00:01.355 782 872 I am_wtf : [0,782,system_server,-1,DisplayDeviceConfig,requesting nits when no mapping exists.]
03-14 04:00:01.370 782 1952 E DisplayDeviceConfig: requesting nits when no mapping exists.
03-14 04:00:01.370 782 1952 E DisplayDeviceConfig: requesting nits when no mapping exists.
