03-14 03:52:29.569 782 1973 W FreeFormWindowHelper: Current Display FreeFormTask is Task{3e609cc #105 type=standard A=10086:android.task.music U=0 visible=true mode=freeform translucent=false sz=1}
03-14 03:52:29.569 782 1973 W FreeFormWindowHelper: Current Display FreeFormTask is Task{3e609cc #105 type=standard A=10086:android.task.music U=0 visible=true mode=freeform translucent=false sz=1}
03-14 03:52:29.586 782 1973 W FreeFormWindowHelper: Current Display FreeFormTask is Task{3e609cc #105 type=standard A=10086:android.task.music U=0 visible=true mode=freeform translucent=false sz=1}
03-14 03:52:29.586 782 1973 W FreeFormWindowHelper: Current Display FreeFormTask is Task{3e609cc #105 type=standard A=10086:android.task.music U=0 visible=true mode=freeform translucent=false sz=1}
03-14 03:52:29.602 782 2170 W FreeFormWindowHelper: Current Display FreeFormTask is Task{3e609cc #105 type=standard A=10086:android.task.music U=0 visible=true mode=freeform translucent=false sz=1}
03-14 03:52:29.603 782 2170 W FreeFormWindowHelper: Current Display FreeFormTask is Task{3e609cc #105 type=standard A=10086:android.task.music U=0 visible=true mode=freeform translucent=false sz=1}
03-14 03:52:29.619 782 1973 W FreeFormWindowHelper: Current Display FreeFormTask is Task{3e609cc #105 type=standard A=10086:android.task.music U=0 visible=true mode=freeform translucent=false sz=1}
03-14 03:52:29.619 782 1973 W FreeFormWindowHelper: Current Display FreeFormTask is Task{3e609cc #105 type=standard A=10086:android.task.music U=0 visible=true mode=freeform translucent=false sz=1}
03-14 03:52:29.636 782 1973 W FreeFormWindowHelper: Current Display FreeFormTask is Task{3e609cc #105 type=standard A=10086:android.task.music U=0 visible=true mode=freeform translucent=false sz=1}
03-14 03:52:29.636 782 1973 W FreeFormWindowHelper: Current Display FreeFormTask is Task{3e609cc #105 type=standard A=10086:android.task.music U=0 visible=true mode=freeform translucent=false sz=1}
03-14 03:52:29.652 782 1973 W FreeFormWindowHelper: Current Display FreeFormTask is Task{3e609cc #105 type=standard A=10086:android.task.music U=0 visible=true mode=freeform translucent=false sz=1}
03-14 03:52:29.652 782 1973 W FreeFormWindowHelper: Current Display FreeFormTask is Task{3e609cc #105 type=standard A=10086:android.task.music U=0 visible=true mode=freeform translucent=false sz=1}
03-14 03:52:29.669 782 2170 W FreeFormWindowHelper: Current Display FreeFormTask is Task{3e609cc #105 type=standard A=10086:android.task.music U=0 visible=true mode=freeform translucent=false sz=1}
03-14 03:52:29.669 782 2170 W FreeFormWindowHelper: Current Display FreeFormTask is Task{3e609cc #105 type=standard A=10086:android.task.music U=0 visible=true mode=freeform translucent=false sz=1}
03-14 03:52:29.671 782 1331 I commit_sys_config_file: [settings-1-0,2]
03-14 03:52:29.686 782 2170 W FreeFormWindowHelper: Current Display FreeFormTask is Task{3e609cc #105 type=standard A=10086:android.task.music U=0 visible=true mode=freeform translucent=false sz=1}
03-14 03:52:29.686 782 2170 W FreeFormWindowHelper: Current Display FreeFormTask is Task{3e609cc #105 type=standard A=10086:android.task.music U=0 visible=true mode=freeform translucent=false sz=1}
03-14 03:52:29.702 782 1973 W FreeFormWindowHelper: Current Display FreeFormTask is Task{3e609cc #105 type=standard A=10086:android.task.music U=0 visible=true mode=freeform translucent=false sz=1}
03-14 03:52:29.703 782 1973 W FreeFormWindowHelper: Current Display FreeFormTask is Task{3e609cc #105 type=standard A=10086:android.task.music U=0 visible=true mode=freeform translucent=false sz=1}
03-14 03:52:29.719 782 1973 W FreeFormWindowHelper: Current Display FreeFormTask is Task{3e609cc #105 type=standard A=10086:android.task.music U=0 visible=true mode=freeform translucent=false sz=1}
03-14 03:52:29.719 782 1973 W FreeFormWindowHelper: Current Display FreeFormTask is Task{3e609cc #105 type=standard A=10086:android.task.music U=0 visible=true mode=freeform translucent=false sz=1}
03-14 03:52:29.736 782 2170 W FreeFormWindowHelper: Current Display FreeFormTask is Task{3e609cc #105 type=standard A=10086:android.task.music U=0 visible=true mode=freeform translucent=false sz=1}
03-14 03:52:29.736 782 2170 W FreeFormWindowHelper: Current Display FreeFormTask is Task{3e609cc #105 type=standard A=10086:android.task.music U=0 visible=true mode=freeform translucent=false sz=1}
03-14 03:52:29.752 782 2170 W FreeFormWindowHelper: Current Display FreeFormTask is Task{3e609cc #105 type=standard A=10086:android.task.music U=0 visible=true mode=freeform translucent=false sz=1}
03-14 03:52:29.753 782 2170 W FreeFormWindowHelper: Current Display FreeFormTask is Task{3e609cc #105 type=standard A=10086:android.task.music U=0 visible=true mode=freeform translucent=false sz=1}
03-14 03:52:29.769 782 2170 W FreeFormWindowHelper: Current Display FreeFormTask is Task{3e609cc #105 type=standard A=10086:android.task.music U=0 visible=true mode=freeform translucent=false sz=1}
03-14 03:52:29.769 782 2170 W FreeFormWindowHelper: Current Display FreeFormTask is Task{3e609cc #105 type=standard A=10086:android.task.music U=0 visible=true mode=freeform translucent=false sz=1}
03-14 03:52:29.786 782 2170 I wm_finish_activity: [0,263619605,105,com.android.music/.MusicBrowserActivity,app-request]
03-14 03:52:29.787 782 2170 I wm_task_moved: [1,1,7]
03-14 03:52:29.787 782 2170 I wm_set_resumed_activity: [0,com.android.launcher3/.uioverrides.QuickstepLauncher,positionChildAt]
03-14 03:52:29.788 782 2170 I wm_task_moved: [102,1,2147483647]
03-14 03:52:29.788 782 2170 I wm_task_to_front: [0,102]
03-14 03:52:29.788 782 2170 I wm_focused_root_task: [0,0,1,-1,finish-top adjustFocusToNextFocusableTask]
03-14 03:52:29.788 782 2170 I wm_set_resumed_activity: [0,com.android.launcher3/.uioverrides.QuickstepLauncher,finish-top]
03-14 03:52:29.790 782 2170 I wm_pause_activity: [0,263619605,com.android.music/.MusicBrowserActivity,userLeaving=false,finish]
03-14 03:52:29.791 782 826 I input_focus: [Focus request dc152a9 com.android.launcher3/com.android.launcher3.uioverrides.QuickstepLauncher,reason=UpdateInputWindows]
03-14 03:52:29.792 782 2170 W FreeFormWindowHelper: Current Display FreeFormTask is Task{3e609cc #105 type=standard A=10086:android.task.music U=0 visible=false mode=freeform translucent=true sz=1}
03-14 03:52:29.792 782 2170 W FreeFormWindowHelper: Current Display FreeFormTask is Task{3e609cc #105 type=standard A=10086:android.task.music U=0 visible=false mode=freeform translucent=true sz=1}
03-14 03:52:29.792 782 2170 W FreeFormWindowHelper: Current Display FreeFormTask is Task{3e609cc #105 type=standard A=10086:android.task.music U=0 visible=false mode=freeform translucent=true sz=1}
03-14 03:52:29.801 3694 3694 I wm_on_top_resumed_lost_called: [263619605,com.android.music.MusicBrowserActivity,topStateChangedWhenResumed]
03-14 03:52:29.802 3694 3694 I wm_on_paused_called: [263619605,com.android.music.MusicBrowserActivity,performPause]
03-14 03:52:29.802 782 2144 I ActivityTaskManager: FOREGROUND_APPLICATION_CHANGED to com.android.launcher3.uioverrides.QuickstepLauncher
03-14 03:52:29.803 782 2144 I wm_destroy_activity: [0,263619605,105,com.android.music/.MusicBrowserActivity,finish-imm:completePausedLocked]
03-14 03:52:29.805 782 1678 W FreeFormWindowHelper: Current Display FreeFormTask is Task{3e609cc #105 type=standard A=10086:android.task.music U=0 visible=false mode=freeform translucent=true sz=1}
03-14 03:52:29.806 782 1605 I input_focus: [Focus leaving 43bb0f5 com.android.music/com.android.music.MusicBrowserActivity (server),reason=NO_WINDOW]
03-14 03:52:29.806 782 1605 I input_focus: [Focus entering dc152a9 com.android.launcher3/com.android.launcher3.uioverrides.QuickstepLauncher (server),reason=setFocusedWindow]
03-14 03:52:29.808 782 825 I sysui_multi_action: [757,803,799,window_time_2,802,2]
03-14 03:52:29.808 782 2144 W FreeFormWindowHelper: Current Display FreeFormTask is Task{3e609cc #105 type=standard A=10086:android.task.music U=0 visible=false mode=freeform translucent=true sz=1}
03-14 03:52:29.809 782 2144 W FreeFormWindowHelper: Current Display FreeFormTask is Task{3e609cc #105 type=standard A=10086:android.task.music U=0 visible=false mode=freeform translucent=true sz=1}
03-14 03:52:29.813 2646 2646 I wm_on_top_resumed_gained_called: [174418215,com.android.launcher3.uioverrides.QuickstepLauncher,topStateChangedWhenResumed]
03-14 03:52:29.820 782 3162 W ActivityManager: Receiver with filter android.content.IntentFilter@ee80f7f already registered for pid 3694, callerPackage is com.android.music
03-14 03:52:29.821 3694 3694 I wm_on_stop_called: [263619605,com.android.music.MusicBrowserActivity,LIFECYCLER_STOP_ACTIVITY]
03-14 03:52:29.824 3694 3694 I wm_on_destroy_called: [263619605,com.android.music.MusicBrowserActivity,performDestroy]
03-14 03:52:29.827 782 872 I am_uid_running: 10032
03-14 03:52:29.827 782 872 D CompatibilityChangeReporter: Compat change id reported: 135634846; UID 10032; state: DISABLED
03-14 03:52:29.827 782 872 D CompatibilityChangeReporter: Compat change id reported: 177438394; UID 10032; state: DISABLED
03-14 03:52:29.827 782 872 D CompatibilityChangeReporter: Compat change id reported: 135772972; UID 10032; state: DISABLED
03-14 03:52:29.827 782 872 D CompatibilityChangeReporter: Compat change id reported: 135754954; UID 10032; state: ENABLED
03-14 03:52:29.827 782 873 D CompatibilityChangeReporter: Compat change id reported: 143937733; UID 10032; state: ENABLED
03-14 03:52:29.830 782 1973 I sysui_multi_action: [757,856,758,2,806,com.android.music,857,Channel-music,858,2]
03-14 03:52:29.830 782 782 I notification_cancel_all: [1000,782,com.android.music,0,0,0,20,NULL]
03-14 03:52:29.831 782 1973 W NotificationHistory: Attempted to remove channel for locked/gone/disabled user 0
03-14 03:52:29.833 782 873 I am_proc_start: [0,4216,10032,com.android.musicfx,broadcast,{com.android.musicfx/com.android.musicfx.ControlPanelReceiver}]
03-14 03:52:29.833 782 873 I ActivityManager: Start proc 4216:com.android.musicfx/u0a32 for broadcast {com.android.musicfx/com.android.musicfx.ControlPanelReceiver}
01-01 08:02:03.234 0 0 I binder : 4216:4216 ioctl 40046210 7fc8a60c34 returned -22
03-14 03:52:29.841 782 1973 I am_proc_bound: [0,4216,com.android.musicfx]
03-14 03:52:29.841 782 1973 D CompatibilityChangeReporter: Compat change id reported: 168419799; UID 10032; state: DISABLED
03-14 03:52:29.870 782 1973 W BroadcastQueue: Background execution not allowed: receiving Intent { act=com.android.music.updatewidget flg=0x10 } to com.android.music/.MediaAppWidgetProvider
03-14 03:52:29.870 782 872 W BroadcastQueue: Background execution not allowed: receiving Intent { act=com.android.music.updatewidget flg=0x10 } to com.android.music/.MediaAppWidgetProviderLarge
03-14 03:52:29.909 782 2170 W FreeFormWindowHelper: Current Display FreeFormTask is Task{3e609cc #105 type=standard A=10086:android.task.music U=0 visible=false mode=freeform translucent=true sz=1}
03-14 03:52:30.089 782 824 I commit_sys_config_file: [notification-policy,85868]
03-14 03:52:30.104 782 826 I wm_task_removed: [105,removeChild:removeChild last r=ActivityRecord{fb68415 u0 com.android.music/.MusicBrowserActivity t-1 f}} in t=Task{3e609cc #105 type=standard A=10086:android.task.music U=0 visible=false mode=freeform translucent=true sz=0}]
03-14 03:52:30.104 782 826 I wm_task_removed: [105,removeChild]
03-14 03:52:30.104 782 826 D FreeFormWindowHelper: Remove freefrom task=Task{3e609cc #105 type=standard A=10086:android.task.music U=0 visible=false mode=freeform translucent=true sz=0}
01-01 08:02:04.071 0 0 E DTC_ETH,link_delay_work_func: 3003, SQI=0, link=0
03-14 03:52:31.804 782 872 I am_uid_idle: 10025
03-14 03:52:32.005 782 872 I am_uid_idle: 10059
03-14 03:52:32.085 782 872 I am_uid_idle: 10030
03-14 03:52:32.381 782 2969 E TaskPersister: File error accessing recents directory (directory doesn't exist?).
03-14 03:52:32.384 782 872 I am_uid_idle: 10020
03-14 03:52:32.492 782 872 I am_uid_idle: 10017
03-14 03:52:32.542 782 872 I am_uid_idle: 2000
03-14 03:52:33.055 782 872 I am_uid_idle: 10057
03-14 03:52:33.140 782 872 I am_uid_idle: 10085
03-14 03:52:35.493 782 1605 I input_interaction: Interaction with: dc152a9 com.android.launcher3/com.android.launcher3.uioverrides.QuickstepLauncher (server), d04e39a com.android.systemui.ImageWallpaper (server), edge-swipe (server), swipe-up (server), PointerEventDispatcher0 (server),
03-14 03:52:35.554 2646 2646 I view_enqueue_input_event: [Motion - Cancel,com.android.launcher3/com.android.launcher3.uioverrides.QuickstepLauncher]
03-14 03:52:35.554 782 822 D AutofillManagerService: Close system dialogs
03-14 03:52:35.558 782 1605 I input_interaction: Interaction with: edge-swipe (server), swipe-up (server), PointerEventDispatcher0 (server),
03-14 03:52:35.679 782 2170 W FreeFormWindowHelper: exitRecentTasks type=0
03-14 03:52:35.680 782 2170 W ContextImpl: Calling a method in the system process without a qualified user: android.app.ContextImpl.startActivity:1067 com.android.server.wm.FreeFormWindowHelper.exitRecentTasks:435 com.android.server.wm.ActivityTaskManagerService.exitRecentTasks:3821 android.app.IActivityTaskManager$Stub.onTransact:2307 com.android.server.wm.ActivityTaskManagerService.onTransact:5072
03-14 03:52:35.683 782 2170 I thunderperf: PlatormCompat.setOverrides: Uid1=1000 Pid1=782 Uid2=1000 Pid2=782
03-14 03:52:35.683 782 2170 I thunderperf: PlatormCompat.setOverrides: needCheck:false
03-14 03:52:35.684 782 2170 I thunderperf: CompatConfig.addOverrideUnsafe: bef-state=0
03-14 03:52:35.684 782 2170 I thunderperf: CompatConfig.addOverrideUnsafe: aft-state=0
03-14 03:52:35.685 782 2170 I thunderperf: CompatConfig.addOverrideUnsafe: bef-state=0
03-14 03:52:35.685 782 2170 I thunderperf: CompatConfig.addOverrideUnsafe: aft-state=0
03-14 03:52:35.686 782 2170 I thunderperf: CompatConfig.addOverrideUnsafe: bef-state=0
03-14 03:52:35.686 782 2170 I thunderperf: CompatConfig.addOverrideUnsafe: aft-state=0
03-14 03:52:35.686 782 2170 I thunderperf: CompatConfig.addOverrideUnsafe: bef-state=0
03-14 03:52:35.686 782 2170 I thunderperf: CompatConfig.addOverrideUnsafe: aft-state=0
03-14 03:52:35.686 782 2170 I thunderperf: CompatConfig.addOverrideUnsafe: bef-state=0
03-14 03:52:35.686 782 2170 I thunderperf: CompatConfig.addOverrideUnsafe: aft-state=0
03-14 03:52:35.687 782 2170 I thunderperf: CompatConfig.addOverrideUnsafe: bef-state=0
03-14 03:52:35.687 782 2170 I thunderperf: CompatConfig.addOverrideUnsafe: aft-state=0
03-14 03:52:35.687 782 2170 I thunderperf: CompatConfig.addOverrideUnsafe: bef-state=0
03-14 03:52:35.687 782 2170 I thunderperf: CompatConfig.addOverrideUnsafe: aft-state=0
03-14 03:52:35.687 782 2170 I thunderperf: CompatConfig.addOverrideUnsafe: bef-state=0
03-14 03:52:35.687 782 2170 I thunderperf: CompatConfig.addOverrideUnsafe: aft-state=0
03-14 03:52:35.687 782 2170 I thunderperf: CompatConfig.addOverrideUnsafe: bef-state=0
03-14 03:52:35.687 782 2170 I thunderperf: CompatConfig.addOverrideUnsafe: aft-state=0
03-14 03:52:35.688 782 2170 I thunderperf: CompatConfig.addOverrideUnsafe: bef-state=0
03-14 03:52:35.688 782 2170 I thunderperf: CompatConfig.addOverrideUnsafe: aft-state=0
03-14 03:52:35.688 782 2170 I thunderperf: CompatConfig.addOverrideUnsafe: bef-state=0
03-14 03:52:35.688 782 2170 I thunderperf: CompatConfig.addOverrideUnsafe: aft-state=0
03-14 03:52:35.688 782 2170 I thunderperf: CompatConfig.addOverrideUnsafe: bef-state=0
03-14 03:52:35.688 782 2170 I thunderperf: CompatConfig.addOverrideUnsafe: aft-state=0
03-14 03:52:35.689 782 2170 I thunderperf: CompatConfig.addOverrideUnsafe: bef-state=0
03-14 03:52:35.689 782 2170 I thunderperf: CompatConfig.addOverrideUnsafe: aft-state=0
03-14 03:52:35.689 782 2170 I thunderperf: CompatConfig.addOverrideUnsafe: bef-state=0
03-14 03:52:35.689 782 2170 I thunderperf: CompatConfig.addOverrideUnsafe: aft-state=0
03-14 03:52:35.692 782 2170 I ActivityTaskManager: START u0 {act=android.intent.action.MAIN cat=[android.intent.category.LAUNCHER] flg=0x10200000 cmp=com.android.music/.MusicBrowserActivity} from uid 1000
03-14 03:52:35.694 782 2170 I wm_task_created: [106,-1]
03-14 03:52:35.694 782 2170 W ActivityTaskManager: Can't find TaskDisplayArea to determine support for multi window. Task id=106 attached=false
03-14 03:52:35.695 782 2170 D FreeFormWindowHelper: Add freeform task=Task{240a003 #106 type=standard ?? U=0 visible=false mode=freeform translucent=true sz=0}
03-14 03:52:35.697 782 2170 I wm_task_moved: [106,1,7]
03-14 03:52:35.697 782 2170 I wm_task_to_front: [0,106]
03-14 03:52:35.697 782 2170 I wm_create_task: [0,106]
03-14 03:52:35.697 782 2170 I wm_create_activity: [0,194460544,106,com.android.music/.MusicBrowserActivity,android.intent.action.MAIN,NULL,NULL,270532608]
03-14 03:52:35.697 782 2170 I wm_task_moved: [106,1,7]
03-14 03:52:35.698 782 2170 I ActivityTaskManager: FOREGROUND_APPLICATION_CHANGED to com.android.music.MusicBrowserActivity
03-14 03:52:35.698 782 2170 I ActivityTaskManager: The Process com.android.music Already Exists in BG. So sending its PID: 3694
03-14 03:52:35.698 782 2170 W ActivityTaskManager: Tried to set launchTime (0) < mLastActivityLaunchTime (118757)
03-14 03:52:35.699 782 2170 I wm_restart_activity: [0,194460544,106,com.android.music/.MusicBrowserActivity]
03-14 03:52:35.699 782 2170 I wm_set_resumed_activity: [0,com.android.music/.MusicBrowserActivity,minimalResumeActivityLocked]
03-14 03:52:35.703 2646 2646 I wm_on_top_resumed_lost_called: [174418215,com.android.launcher3.uioverrides.QuickstepLauncher,topStateChangedWhenResumed]
03-14 03:52:35.706 782 822 D AutofillManagerService: Close system dialogs
03-14 03:52:35.715 3694 3694 I wm_on_create_called: [194460544,com.android.music.MusicBrowserActivity,performCreate]
03-14 03:52:35.719 3694 3694 I wm_on_start_called: [194460544,com.android.music.MusicBrowserActivity,handleStartActivity]
03-14 03:52:35.720 3694 3694 I wm_on_resume_called: [194460544,com.android.music.MusicBrowserActivity,RESUME_ACTIVITY]
03-14 03:52:35.722 3694 3694 I wm_on_top_resumed_gained_called: [194460544,com.android.music.MusicBrowserActivity,topStateChangedWhenResumed]
03-14 03:52:35.731 782 2170 I sysui_multi_action: [757,856,758,1,806,com.android.music,857,Channel-music,858,2]
03-14 03:52:35.731 782 1699 I GameModeConfig: isGameModeOn = false
03-14 03:52:35.731 782 1699 I GameModeConfig: isGameModeOn = false
03-14 03:52:35.731 782 1699 I GameModeConfig: isGameModeOn = false
03-14 03:52:35.731 782 1699 I GameModeConfig: isGameModeOn = false
03-14 03:52:35.731 782 1699 I GameModeConfig: isGameModeOn = false
03-14 03:52:35.733 782 782 I notification_enqueue: [10086,3694,com.android.music,1,NULL,0,Notification(channel=Channel-music shortcut=null contentView=null vibrate=null sound=null defaults=0x0 flags=0x0 color=0x00000000 category=transport actions=4 vis=PRIVATE),0]
03-14 03:52:35.733 782 782 I notification_enqueue: [10086,3694,com.android.music,1,NULL,0,Notification(channel=Channel-music shortcut=null contentView=null vibrate=null sound=null defaults=0x0 flags=0x40 color=0x00000000 category=transport actions=4 vis=PRIVATE),0]
03-14 03:52:35.735 782 2144 W WindowManager: updateScale : 0.79357797
03-14 03:52:35.737 782 826 I input_focus: [Focus request 5f7e247 com.android.music/com.android.music.MusicBrowserActivity,reason=UpdateInputWindows]
03-14 03:52:35.742 782 826 W WindowManager: updateScale : 0.79357797
03-14 03:52:35.742 782 1699 I GameModeConfig: isGameModeOn = false
03-14 03:52:35.742 782 1699 I GameModeConfig: isGameModeOn = false
03-14 03:52:35.742 782 1699 I GameModeConfig: isGameModeOn = false
03-14 03:52:35.742 782 1699 I GameModeConfig: isGameModeOn = false
03-14 03:52:35.742 782 1699 I GameModeConfig: isGameModeOn = false
03-14 03:52:35.743 782 782 I notification_enqueue: [10086,3694,com.android.music,1,NULL,0,Notification(channel=Channel-music shortcut=null contentView=null vibrate=null sound=null defaults=0x0 flags=0x40 color=0x00000000 category=transport actions=4 vis=PRIVATE),0]
03-14 03:52:35.744 782 782 I notification_enqueue: [10086,3694,com.android.music,1,NULL,0,Notification(channel=Channel-music shortcut=null contentView=null vibrate=null sound=null defaults=0x0 flags=0x40 color=0x00000000 category=transport actions=4 vis=PRIVATE),0]
03-14 03:52:35.744 782 826 W WindowManager: updateScale : 0.79357797
03-14 03:52:35.745 782 826 W WindowManager: updateScale : 0.79357797
03-14 03:52:35.746 782 822 I sysui_multi_action: [319,52,322,52,325,126,757,761,758,8,759,2,806,com.android.music,871,com.android.music.MusicBrowserActivity,904,android,905,0,1320,4,1321,1]
03-14 03:52:35.746 782 782 I notification_enqueue: [10086,3694,com.android.music,1,NULL,0,Notification(channel=Channel-music shortcut=null contentView=null vibrate=null sound=null defaults=0x0 flags=0x40 color=0x00000000 category=transport actions=4 vis=PRIVATE),0]
03-14 03:52:35.746 782 822 I wm_activity_launch_time: [0,194460544,com.android.music/.MusicBrowserActivity,52]
03-14 03:52:35.747 782 782 I notification_enqueue: [10086,3694,com.android.music,1,NULL,0,Notification(channel=Channel-music shortcut=null contentView=null vibrate=null sound=null defaults=0x0 flags=0x40 color=0x00000000 category=transport actions=4 vis=PRIVATE),0]
03-14 03:52:35.747 782 1699 I GameModeConfig: isGameModeOn = false
03-14 03:52:35.747 782 1699 I GameModeConfig: isGameModeOn = false
03-14 03:52:35.748 782 1699 I GameModeConfig: isGameModeOn = false
03-14 03:52:35.748 782 1699 I GameModeConfig: isGameModeOn = false
03-14 03:52:35.748 782 1699 I GameModeConfig: isGameModeOn = false
03-14 03:52:35.749 782 782 I sysui_multi_action: [757,128,758,5,759,8,793,17,794,0,795,17,796,1,806,com.android.music,857,Channel-music,858,2,947,0,1500,17,1641,transport,1688,1,1745,1043716538]
03-14 03:52:35.749 782 782 I notification_canceled: [0|com.android.music|1|null|10086,8,17,17,0,-1,-1,NULL]
03-14 03:52:35.756 782 1605 I input_focus: [Focus leaving dc152a9 com.android.launcher3/com.android.launcher3.uioverrides.QuickstepLauncher (server),reason=setFocusedWindow]
03-14 03:52:35.756 782 1605 I input_focus: [Focus entering 5f7e247 com.android.music/com.android.music.MusicBrowserActivity (server),reason=setFocusedWindow]
03-14 03:52:35.768 782 2170 W WindowManager: updateScale : 0.79357797
01-01 08:02:09.191 0 0 E DTC_ETH,link_delay_work_func: 3003, SQI=0, link=0
03-14 03:52:35.933 782 782 I NotificationService: Cannot find enqueued record for key: 0|com.android.music|1|null|10086
03-14 03:52:35.933 782 782 I NotificationService: Cannot find enqueued record for key: 0|com.android.music|1|null|10086
03-14 03:52:35.943 782 782 I NotificationService: Cannot find enqueued record for key: 0|com.android.music|1|null|10086
03-14 03:52:35.944 782 782 I NotificationService: Cannot find enqueued record for key: 0|com.android.music|1|null|10086
03-14 03:52:35.946 782 782 I NotificationService: Cannot find enqueued record for key: 0|com.android.music|1|null|10086
03-14 03:52:35.947 782 782 I NotificationService: Cannot find enqueued record for key: 0|com.android.music|1|null|10086
03-14 03:52:35.983 782 824 I commit_sys_config_file: [notification-policy,91762]
03-14 03:52:36.019 782 826 W WindowManager: updateScale : 0.79357797
03-14 03:52:36.902 782 1605 I input_interaction: Interaction with: 5f7e247 com.android.music/com.android.music.MusicBrowserActivity (server), edge-swipe (server), swipe-up (server), PointerEventDispatcher0 (server),
03-14 03:52:37.056 782 827 I ActivityTaskManager: clear resize flag in freeform mode
03-14 03:52:37.056 782 827 W WindowManager: updateScale : 0.72782874
03-14 03:52:37.057 782 827 W WindowManager: updateScale : 0.72782874
03-14 03:52:37.069 782 797 W ActivityManager: Receiver with filter android.content.IntentFilter@210641b already registered for pid 3694, callerPackage is com.android.music
03-14 03:52:37.073 782 827 I ActivityTaskManager: clear resize flag in freeform mode
03-14 03:52:37.073 782 827 W WindowManager: updateScale : 0.675841
03-14 03:52:37.086 782 2170 W ActivityManager: Receiver with filter android.content.IntentFilter@75d09b8 already registered for pid 3694, callerPackage is com.android.music
03-14 03:52:37.090 782 827 I ActivityTaskManager: clear resize flag in freeform mode
03-14 03:52:37.090 782 827 W WindowManager: updateScale : 0.6284404
03-14 03:52:37.102 782 797 W WindowManager: updateScale : 0.6284404
03-14 03:52:37.107 782 827 I ActivityTaskManager: clear resize flag in freeform mode
03-14 03:52:37.107 782 827 W WindowManager: updateScale : 0.5902141
03-14 03:52:37.116 782 2170 W ActivityManager: Receiver with filter android.content.IntentFilter@e4ad5a6 already registered for pid 3694, callerPackage is com.android.music
03-14 03:52:37.119 782 797 W WindowManager: updateScale : 0.5902141
03-14 03:52:37.121 782 1699 I GameModeConfig: isGameModeOn = false
03-14 03:52:37.122 782 1699 I GameModeConfig: isGameModeOn = false
03-14 03:52:37.122 782 1699 I GameModeConfig: isGameModeOn = false
03-14 03:52:37.122 782 1699 I GameModeConfig: isGameModeOn = false
03-14 03:52:37.122 782 1699 I GameModeConfig: isGameModeOn = false
03-14 03:52:37.123 782 782 I notification_enqueue: [10086,3694,com.android.music,1,NULL,0,Notification(channel=Channel-music shortcut=null contentView=null vibrate=null sound=null defaults=0x0 flags=0x40 color=0x00000000 category=transport actions=4 vis=PRIVATE),0]
03-14 03:52:37.123 782 782 I notification_enqueue: [10086,3694,com.android.music,1,NULL,0,Notification(channel=Channel-music shortcut=null contentView=null vibrate=null sound=null defaults=0x0 flags=0x40 color=0x00000000 category=transport actions=4 vis=PRIVATE),0]
03-14 03:52:37.124 782 827 I ActivityTaskManager: clear resize flag in freeform mode
03-14 03:52:37.124 782 827 W WindowManager: updateScale : 0.559633
03-14 03:52:37.135 782 3162 W WindowManager: updateScale : 0.559633
03-14 03:52:37.138 782 3162 W ActivityManager: Receiver with filter android.content.IntentFilter@e20c98a already registered for pid 3694, callerPackage is com.android.music
03-14 03:52:37.140 782 827 I ActivityTaskManager: clear resize flag in freeform mode
03-14 03:52:37.140 782 827 W WindowManager: updateScale : 0.5351682
03-14 03:52:37.152 782 797 W WindowManager: updateScale : 0.5351682
03-14 03:52:37.157 782 827 I ActivityTaskManager: clear resize flag in freeform mode
03-14 03:52:37.157 782 827 W WindowManager: updateScale : 0.5152905
03-14 03:52:37.163 782 797 W ActivityManager: Receiver with filter android.content.IntentFilter@a46a93a already registered for pid 3694, callerPackage is com.android.music
03-14 03:52:37.169 782 797 W WindowManager: updateScale : 0.5152905
03-14 03:52:37.173 782 827 I ActivityTaskManager: clear resize flag in freeform mode
03-14 03:52:37.174 782 827 W WindowManager: updateScale : 0.5
03-14 03:52:37.185 782 797 W WindowManager: updateScale : 0.5
03-14 03:52:37.188 782 797 W ActivityManager: Receiver with filter android.content.IntentFilter@481e9eb already registered for pid 3694, callerPackage is com.android.music
03-14 03:52:37.190 782 827 I ActivityTaskManager: clear resize flag in freeform mode
03-14 03:52:37.190 782 827 W WindowManager: updateScale : 0.48776758
03-14 03:52:37.202 782 3162 W WindowManager: updateScale : 0.48776758
03-14 03:52:37.205 782 3162 W ActivityManager: Receiver with filter android.content.IntentFilter@7586348 already registered for pid 3694, callerPackage is com.android.music
03-14 03:52:37.207 782 827 I ActivityTaskManager: clear resize flag in freeform mode
03-14 03:52:37.207 782 827 W WindowManager: updateScale : 0.47859326
03-14 03:52:37.219 782 797 W WindowManager: updateScale : 0.47859326
03-14 03:52:37.222 782 797 W ActivityManager: Receiver with filter android.content.IntentFilter@9265e1 already registered for pid 3694, callerPackage is com.android.music
03-14 03:52:37.224 782 827 I ActivityTaskManager: clear resize flag in freeform mode
03-14 03:52:37.224 782 827 W WindowManager: updateScale : 0.470948
03-14 03:52:37.236 782 3162 W WindowManager: updateScale : 0.470948
03-14 03:52:37.239 782 3162 W ActivityManager: Receiver with filter android.content.IntentFilter@6661f06 already registered for pid 3694, callerPackage is com.android.music
03-14 03:52:37.240 782 827 I ActivityTaskManager: clear resize flag in freeform mode
03-14 03:52:37.241 782 827 W WindowManager: updateScale : 0.46636087
03-14 03:52:37.252 782 3162 W WindowManager: updateScale : 0.46636087
03-14 03:52:37.255 782 3162 W ActivityManager: Receiver with filter android.content.IntentFilter@b9339c7 already registered for pid 3694, callerPackage is com.android.music
03-14 03:52:37.257 782 827 I ActivityTaskManager: clear resize flag in freeform mode
03-14 03:52:37.257 782 827 W WindowManager: updateScale : 0.4617737
03-14 03:52:37.269 782 3162 W WindowManager: updateScale : 0.4617737
03-14 03:52:37.272 782 3162 W ActivityManager: Receiver with filter android.content.IntentFilter@346bf4 already registered for pid 3694, callerPackage is com.android.music
03-14 03:52:37.274 782 827 I ActivityTaskManager: clear resize flag in freeform mode
03-14 03:52:37.274 782 827 W WindowManager: updateScale : 0.46024466
03-14 03:52:37.285 782 797 W WindowManager: updateScale : 0.46024466
03-14 03:52:37.290 782 827 I ActivityTaskManager: clear resize flag in freeform mode
03-14 03:52:37.291 782 827 W WindowManager: updateScale : 0.4587156
03-14 03:52:37.300 782 2144 W ActivityManager: Receiver with filter android.content.IntentFilter@c9f74d5 already registered for pid 3694, callerPackage is com.android.music
03-14 03:52:37.302 782 2144 W WindowManager: updateScale : 0.4587156
03-14 03:52:37.307 782 827 I ActivityTaskManager: clear resize flag in freeform mode
03-14 03:52:37.308 782 827 W WindowManager: updateScale : 0.45718655
03-14 03:52:37.314 782 797 W ActivityManager: Receiver with filter android.content.IntentFilter@1623353 already registered for pid 3694, callerPackage is com.android.music
03-14 03:52:37.319 782 797 W WindowManager: updateScale : 0.45718655
03-14 03:52:37.322 782 1699 I GameModeConfig: isGameModeOn = false
03-14 03:52:37.322 782 1699 I GameModeConfig: isGameModeOn = false
03-14 03:52:37.322 782 1699 I GameModeConfig: isGameModeOn = false
03-14 03:52:37.322 782 1699 I GameModeConfig: isGameModeOn = false
03-14 03:52:37.322 782 1699 I GameModeConfig: isGameModeOn = false
03-14 03:52:37.323 782 782 I sysui_multi_action: [757,1501,758,1,793,201,794,0,795,201,796,1,806,com.android.music,857,Channel-music,858,2,947,0,1500,0,1641,transport,1688,1,1745,1043716538]
03-14 03:52:37.324 782 782 I sysui_multi_action: [757,804,799,note_interruptive,801,0,802,1]
03-14 03:52:37.324 782 782 I GameModeConfig: isGameModeOn = false
03-14 03:52:37.324 782 827 I ActivityTaskManager: clear resize flag in freeform mode
03-14 03:52:37.324 782 827 W WindowManager: updateScale : 0.45565748
03-14 03:52:37.324 782 782 W NotificationHistory: Attempted to add notif for locked/gone/disabled user 0
03-14 03:52:37.325 782 782 I GameModeConfig: isGameModeOn = false
03-14 03:52:37.326 782 782 I notification_enqueue: [10086,3694,com.android.music,1,NULL,0,Notification(channel=Channel-music shortcut=null contentView=null vibrate=null sound=null defaults=0x0 flags=0x40 color=0x00000000 category=transport actions=4 vis=PRIVATE),1]
03-14 03:52:37.326 782 782 I notification_enqueue: [10086,3694,com.android.music,1,NULL,0,Notification(channel=Channel-music shortcut=null contentView=null vibrate=null sound=null defaults=0x0 flags=0x40 color=0x00000000 category=transport actions=4 vis=PRIVATE),1]
03-14 03:52:37.336 782 797 W WindowManager: updateScale : 0.45565748
03-14 03:52:37.339 782 2170 W ActivityManager: Receiver with filter android.content.IntentFilter@c3f01c0 already registered for pid 3694, callerPackage is com.android.music
03-14 03:52:37.341 782 827 I ActivityTaskManager: clear resize flag in freeform mode
03-14 03:52:37.341 782 827 W WindowManager: updateScale : 0.45565748
03-14 03:52:37.344 782 782 I sysui_multi_action: [757,128,758,5,759,8,793,89958,794,0,795,89958,796,1,797,empty_media,806,com.android.systemui,857,empty_media_style_id,858,4,946,empty_media,947,0,1500,89957,1641,transport,1688,1,1745,1043716538]
03-14 03:52:37.344 782 782 I notification_canceled: [0|com.android.systemui|1|empty_media|10078,8,89958,89958,0,-1,-1,NULL]
03-14 03:52:37.344 782 782 D CompatibilityChangeReporter: Compat change id reported: 175319604; UID 10078; state: ENABLED
03-14 03:52:37.345 782 782 D CompatibilityChangeReporter: Compat change id reported: 175319604; UID 1000; state: ENABLED
03-14 03:52:37.345 782 782 D CompatibilityChangeReporter: Compat change id reported: 175319604; UID 1000; state: DISABLED
03-14 03:52:37.345 782 782 D CompatibilityChangeReporter: Compat change id reported: 175319604; UID 10092; state: DISABLED
03-14 03:52:37.353 782 2170 W WindowManager: updateScale : 0.45565748
03-14 03:52:37.369 782 2170 W WindowManager: updateScale : 0.45565748
03-14 03:52:37.527 782 782 I GameModeConfig: isGameModeOn = false
03-14 03:52:37.527 782 782 I GameModeConfig: isGameModeOn = false
03-14 03:52:39.244 782 1605 I input_interaction: Interaction with: dc152a9 com.android.launcher3/com.android.launcher3.uioverrides.QuickstepLauncher (server), d04e39a com.android.systemui.ImageWallpaper (server), edge-swipe (server), swipe-up (server), PointerEventDispatcher0 (server),
03-14 03:52:39.280 782 2170 W FreeFormWindowHelper: Current Display FreeFormTask is Task{240a003 #106 type=standard A=10086:android.task.music U=0 visible=true mode=freeform translucent=false sz=1}
03-14 03:52:39.281 782 2170 W FreeFormWindowHelper: Current Display FreeFormTask is Task{240a003 #106 type=standard A=10086:android.task.music U=0 visible=true mode=freeform translucent=false sz=1}
03-14 03:52:39.282 782 1678 W FreeFormWindowHelper: Current Display FreeFormTask is Task{240a003 #106 type=standard A=10086:android.task.music U=0 visible=true mode=freeform translucent=false sz=1}
03-14 03:52:39.292 782 2170 W FreeFormWindowHelper: Current Display FreeFormTask is Task{240a003 #106 type=standard A=10086:android.task.music U=0 visible=true mode=freeform translucent=false sz=1}
03-14 03:52:39.293 782 822 D AutofillManagerService: Close system dialogs
03-14 03:52:39.293 782 2170 W FreeFormWindowHelper: Current Display FreeFormTask is Task{240a003 #106 type=standard A=10086:android.task.music U=0 visible=true mode=freeform translucent=false sz=1}
03-14 03:52:39.294 2646 2646 I view_enqueue_input_event: [Motion - Cancel,com.android.launcher3/com.android.launcher3.uioverrides.QuickstepLauncher]
03-14 03:52:39.295 782 2170 W FreeFormWindowHelper: Current Display FreeFormTask is Task{240a003 #106 type=standard A=10086:android.task.music U=0 visible=true mode=freeform translucent=false sz=1}
03-14 03:52:39.295 782 1605 I input_interaction: Interaction with: edge-swipe (server), swipe-up (server), PointerEventDispatcher0 (server),
03-14 03:52:39.297 782 797 W FreeFormWindowHelper: Current Display FreeFormTask is Task{240a003 #106 type=standard A=10086:android.task.music U=0 visible=true mode=freeform translucent=false sz=1}
03-14 03:52:39.297 782 797 W FreeFormWindowHelper: Current Display FreeFormTask is Task{240a003 #106 type=standard A=10086:android.task.music U=0 visible=true mode=freeform translucent=false sz=1}
03-14 03:52:39.298 782 797 W FreeFormWindowHelper: Current Display FreeFormTask is Task{240a003 #106 type=standard A=10086:android.task.music U=0 visible=true mode=freeform translucent=false sz=1}
03-14 03:52:39.299 782 797 W FreeFormWindowHelper: Current Display FreeFormTask is Task{240a003 #106 type=standard A=10086:android.task.music U=0 visible=true mode=freeform translucent=false sz=1}
03-14 03:52:39.325 782 2170 W FreeFormWindowHelper: Current Display FreeFormTask is Task{240a003 #106 type=standard A=10086:android.task.music U=0 visible=true mode=freeform translucent=false sz=1}
03-14 03:52:39.325 782 2170 W FreeFormWindowHelper: Current Display FreeFormTask is Task{240a003 #106 type=standard A=10086:android.task.music U=0 visible=true mode=freeform translucent=false sz=1}
03-14 03:52:39.342 782 2170 W FreeFormWindowHelper: Current Display FreeFormTask is Task{240a003 #106 type=standard A=10086:android.task.music U=0 visible=true mode=freeform translucent=false sz=1}
03-14 03:52:39.342 782 2170 W FreeFormWindowHelper: Current Display FreeFormTask is Task{240a003 #106 type=standard A=10086:android.task.music U=0 visible=true mode=freeform translucent=false sz=1}
03-14 03:52:39.482 782 1331 I commit_sys_config_file: [settings-1-0,4]
03-14 03:52:39.564 782 797 W FreeFormWindowHelper: Current Display FreeFormTask is Task{240a003 #106 type=standard A=10086:android.task.music U=0 visible=true mode=freeform translucent=false sz=1}
03-14 03:52:39.572 782 797 W FreeFormWindowHelper: Current Display FreeFormTask is Task{240a003 #106 type=standard A=10086:android.task.music U=0 visible=true mode=freeform translucent=false sz=1}
03-14 03:52:39.577 782 1678 W FreeFormWindowHelper: Current Display FreeFormTask is Task{240a003 #106 type=standard A=10086:android.task.music U=0 visible=true mode=freeform translucent=false sz=1}
03-14 03:52:39.577 782 1678 W FreeFormWindowHelper: Current Display FreeFormTask is Task{240a003 #106 type=standard A=10086:android.task.music U=0 visible=true mode=freeform translucent=false sz=1}
03-14 03:52:39.594 782 2170 W FreeFormWindowHelper: Current Display FreeFormTask is Task{240a003 #106 type=standard A=10086:android.task.music U=0 visible=true mode=freeform translucent=false sz=1}
03-14 03:52:39.595 782 2170 W FreeFormWindowHelper: Current Display FreeFormTask is Task{240a003 #106 type=standard A=10086:android.task.music U=0 visible=true mode=freeform translucent=false sz=1}
03-14 03:52:39.612 782 797 W FreeFormWindowHelper: Current Display FreeFormTask is Task{240a003 #106 type=standard A=10086:android.task.music U=0 visible=true mode=freeform translucent=false sz=1}
03-14 03:52:39.612 782 797 W FreeFormWindowHelper: Current Display FreeFormTask is Task{240a003 #106 type=standard A=10086:android.task.music U=0 visible=true mode=freeform translucent=false sz=1}
03-14 03:52:39.628 782 1678 W FreeFormWindowHelper: Current Display FreeFormTask is Task{240a003 #106 type=standard A=10086:android.task.music U=0 visible=true mode=freeform translucent=false sz=1}
03-14 03:52:39.629 782 1678 W FreeFormWindowHelper: Current Display FreeFormTask is Task{240a003 #106 type=standard A=10086:android.task.music U=0 visible=true mode=freeform translucent=false sz=1}
03-14 03:52:39.650 782 797 W FreeFormWindowHelper: Current Display FreeFormTask is Task{240a003 #106 type=standard A=10086:android.task.music U=0 visible=true mode=freeform translucent=false sz=1}
03-14 03:52:39.650 782 797 W FreeFormWindowHelper: Current Display FreeFormTask is Task{240a003 #106 type=standard A=10086:android.task.music U=0 visible=true mode=freeform translucent=false sz=1}
03-14 03:52:39.664 782 797 W FreeFormWindowHelper: Current Display FreeFormTask is Task{240a003 #106 type=standard A=10086:android.task.music U=0 visible=true mode=freeform translucent=false sz=1}
03-14 03:52:39.665 782 797 W FreeFormWindowHelper: Current Display FreeFormTask is Task{240a003 #106 type=standard A=10086:android.task.music U=0 visible=true mode=freeform translucent=false sz=1}
03-14 03:52:39.682 782 797 W FreeFormWindowHelper: Current Display FreeFormTask is Task{240a003 #106 type=standard A=10086:android.task.music U=0 visible=true mode=freeform translucent=false sz=1}
03-14 03:52:39.682 782 797 W FreeFormWindowHelper: Current Display FreeFormTask is Task{240a003 #106 type=standard A=10086:android.task.music U=0 visible=true mode=freeform translucent=false sz=1}
03-14 03:52:39.700 782 2170 W FreeFormWindowHelper: Current Display FreeFormTask is Task{240a003 #106 type=standard A=10086:android.task.music U=0 visible=true mode=freeform translucent=false sz=1}
03-14 03:52:39.701 782 2170 W FreeFormWindowHelper: Current Display FreeFormTask is Task{240a003 #106 type=standard A=10086:android.task.music U=0 visible=true mode=freeform translucent=false sz=1}
03-14 03:52:39.717 782 1678 W FreeFormWindowHelper: Current Display FreeFormTask is Task{240a003 #106 type=standard A=10086:android.task.music U=0 visible=true mode=freeform translucent=false sz=1}
03-14 03:52:39.718 782 1678 W FreeFormWindowHelper: Current Display FreeFormTask is Task{240a003 #106 type=standard A=10086:android.task.music U=0 visible=true mode=freeform translucent=false sz=1}
03-14 03:52:39.721 782 2969 E TaskPersister: File error accessing recents directory (directory doesn't exist?).
03-14 03:52:39.733 782 1678 W FreeFormWindowHelper: Current Display FreeFormTask is Task{240a003 #106 type=standard A=10086:android.task.music U=0 visible=true mode=freeform translucent=false sz=1}
03-14 03:52:39.734 782 1678 W FreeFormWindowHelper: Current Display FreeFormTask is Task{240a003 #106 type=standard A=10086:android.task.music U=0 visible=true mode=freeform translucent=false sz=1}
03-14 03:52:39.748 782 2170 W FreeFormWindowHelper: Current Display FreeFormTask is Task{240a003 #106 type=standard A=10086:android.task.music U=0 visible=true mode=freeform translucent=false sz=1}
03-14 03:52:39.749 782 1678 W FreeFormWindowHelper: Current Display FreeFormTask is Task{240a003 #106 type=standard A=10086:android.task.music U=0 visible=true mode=freeform translucent=false sz=1}
03-14 03:52:39.766 782 1678 W FreeFormWindowHelper: Current Display FreeFormTask is Task{240a003 #106 type=standard A=10086:android.task.music U=0 visible=true mode=freeform translucent=false sz=1}
03-14 03:52:39.766 782 1331 I commit_sys_config_file: [settings-1-0,5]
03-14 03:52:39.767 782 1678 W FreeFormWindowHelper: Current Display FreeFormTask is Task{240a003 #106 type=standard A=10086:android.task.music U=0 visible=true mode=freeform translucent=false sz=1}
03-14 03:52:39.783 782 797 W FreeFormWindowHelper: Current Display FreeFormTask is Task{240a003 #106 type=standard A=10086:android.task.music U=0 visible=true mode=freeform translucent=false sz=1}
03-14 03:52:39.784 782 797 W FreeFormWindowHelper: Current Display FreeFormTask is Task{240a003 #106 type=standard A=10086:android.task.music U=0 visible=true mode=freeform translucent=false sz=1}
03-14 03:52:39.800 782 2170 W FreeFormWindowHelper: Current Display FreeFormTask is Task{240a003 #106 type=standard A=10086:android.task.music U=0 visible=true mode=freeform translucent=false sz=1}
03-14 03:52:39.801 782 2170 W FreeFormWindowHelper: Current Display FreeFormTask is Task{240a003 #106 type=standard A=10086:android.task.music U=0 visible=true mode=freeform translucent=false sz=1}
03-14 03:52:39.814 782 797 W FreeFormWindowHelper: Current Display FreeFormTask is Task{240a003 #106 type=standard A=10086:android.task.music U=0 visible=true mode=freeform translucent=false sz=1}
03-14 03:52:39.815 782 797 W FreeFormWindowHelper: Current Display FreeFormTask is Task{240a003 #106 type=standard A=10086:android.task.music U=0 visible=true mode=freeform translucent=false sz=1}
03-14 03:52:39.833 782 2170 W FreeFormWindowHelper: Current Display FreeFormTask is Task{240a003 #106 type=standard A=10086:android.task.music U=0 visible=true mode=freeform translucent=false sz=1}
03-14 03:52:39.834 782 2170 W FreeFormWindowHelper: Current Display FreeFormTask is Task{240a003 #106 type=standard A=10086:android.task.music U=0 visible=true mode=freeform translucent=false sz=1}
03-14 03:52:39.852 782 1678 W FreeFormWindowHelper: Current Display FreeFormTask is Task{240a003 #106 type=standard A=10086:android.task.music U=0 visible=true mode=freeform translucent=false sz=1}
03-14 03:52:39.853 782 1678 W FreeFormWindowHelper: Current Display FreeFormTask is Task{240a003 #106 type=standard A=10086:android.task.music U=0 visible=true mode=freeform translucent=false sz=1}
03-14 03:52:39.867 782 1678 W FreeFormWindowHelper: Current Display FreeFormTask is Task{240a003 #106 type=standard A=10086:android.task.music U=0 visible=true mode=freeform translucent=false sz=1}
03-14 03:52:39.868 782 1678 W FreeFormWindowHelper: Current Display FreeFormTask is Task{240a003 #106 type=standard A=10086:android.task.music U=0 visible=true mode=freeform translucent=false sz=1}
03-14 03:52:39.886 782 1678 I wm_finish_activity: [0,194460544,106,com.android.music/.MusicBrowserActivity,app-request]
03-14 03:52:39.887 782 1678 I wm_task_moved: [1,1,7]
03-14 03:52:39.890 3694 3694 I wm_on_top_resumed_lost_called: [194460544,com.android.music.MusicBrowserActivity,topStateChangedWhenResumed]
03-14 03:52:39.890 782 1678 I wm_set_resumed_activity: [0,com.android.launcher3/.uioverrides.QuickstepLauncher,positionChildAt]
03-14 03:52:39.890 782 1678 I wm_task_moved: [102,1,2147483647]
03-14 03:52:39.890 782 1678 I wm_task_to_front: [0,102]
03-14 03:52:39.890 782 1678 I wm_focused_root_task: [0,0,1,-1,finish-top adjustFocusToNextFocusableTask]
03-14 03:52:39.891 782 1678 I wm_set_resumed_activity: [0,com.android.launcher3/.uioverrides.QuickstepLauncher,finish-top]
03-14 03:52:39.897 782 1678 I wm_pause_activity: [0,194460544,com.android.music/.MusicBrowserActivity,userLeaving=false,finish]
03-14 03:52:39.901 782 826 I input_focus: [Focus request dc152a9 com.android.launcher3/com.android.launcher3.uioverrides.QuickstepLauncher,reason=UpdateInputWindows]
03-14 03:52:39.902 782 1678 W FreeFormWindowHelper: Current Display FreeFormTask is Task{240a003 #106 type=standard A=10086:android.task.music U=0 visible=false mode=freeform translucent=true sz=1}
03-14 03:52:39.904 3694 3694 I wm_on_paused_called: [194460544,com.android.music.MusicBrowserActivity,performPause]
03-14 03:52:39.906 782 2144 I ActivityTaskManager: FOREGROUND_APPLICATION_CHANGED to com.android.launcher3.uioverrides.QuickstepLauncher
03-14 03:52:39.906 782 1678 W FreeFormWindowHelper: Current Display FreeFormTask is Task{240a003 #106 type=standard A=10086:android.task.music U=0 visible=false mode=freeform translucent=true sz=1}
03-14 03:52:39.907 782 2144 I wm_destroy_activity: [0,194460544,106,com.android.music/.MusicBrowserActivity,finish-imm:completePausedLocked]
03-14 03:52:39.909 782 1678 W FreeFormWindowHelper: Current Display FreeFormTask is Task{240a003 #106 type=standard A=10086:android.task.music U=0 visible=false mode=freeform translucent=true sz=1}
03-14 03:52:39.915 782 1605 I input_focus: [Focus leaving 5f7e247 com.android.music/com.android.music.MusicBrowserActivity (server),reason=NO_WINDOW]
03-14 03:52:39.915 782 1605 I input_focus: [Focus entering dc152a9 com.android.launcher3/com.android.launcher3.uioverrides.QuickstepLauncher (server),reason=setFocusedWindow]
03-14 03:52:39.917 782 825 I sysui_multi_action: [757,803,799,window_time_0,802,10]
03-14 03:52:39.920 782 2170 W ActivityManager: Receiver with filter android.content.IntentFilter@d3fa39b already registered for pid 3694, callerPackage is com.android.music
03-14 03:52:39.925 3694 3694 I wm_on_stop_called: [194460544,com.android.music.MusicBrowserActivity,LIFECYCLER_STOP_ACTIVITY]
03-14 03:52:39.932 782 2170 W FreeFormWindowHelper: Current Display FreeFormTask is Task{240a003 #106 type=standard A=10086:android.task.music U=0 visible=false mode=freeform translucent=true sz=1}
03-14 03:52:39.935 3694 3694 I wm_on_destroy_called: [194460544,com.android.music.MusicBrowserActivity,performDestroy]
03-14 03:52:39.938 782 2144 W FreeFormWindowHelper: Current Display FreeFormTask is Task{240a003 #106 type=standard A=10086:android.task.music U=0 visible=false mode=freeform translucent=true sz=1}
03-14 03:52:39.939 782 2144 W FreeFormWindowHelper: Current Display FreeFormTask is Task{240a003 #106 type=standard A=10086:android.task.music U=0 visible=false mode=freeform translucent=true sz=1}
03-14 03:52:39.942 2646 2646 I wm_on_top_resumed_gained_called: [174418215,com.android.launcher3.uioverrides.QuickstepLauncher,topStateChangedWhenResumed]
03-14 03:52:39.945 782 782 I sysui_multi_action: [757,128,758,5,759,8,793,2822,794,0,795,2622,796,1,806,com.android.music,857,Channel-music,858,2,947,0,1500,2622,1641,transport,1688,1,1745,1043716538]
03-14 03:52:39.946 782 782 I notification_canceled: [0|com.android.music|1|null|10086,8,2822,2622,0,-1,-1,NULL]
03-14 03:52:39.959 782 872 D CompatibilityChangeReporter: Compat change id reported: 168419799; UID 10032; state: DISABLED
03-14 03:52:39.966 782 872 W BroadcastQueue: Background execution not allowed: receiving Intent { act=com.android.music.updatewidget flg=0x10 } to com.android.music/.MediaAppWidgetProvider
03-14 03:52:39.966 782 872 W BroadcastQueue: Background execution not allowed: receiving Intent { act=com.android.music.updatewidget flg=0x10 } to com.android.music/.MediaAppWidgetProviderLarge
03-14 03:52:39.967 782 782 I notification_cancel_all: [1000,782,com.android.music,0,0,0,20,NULL]
03-14 03:52:39.967 782 2144 I sysui_multi_action: [757,856,758,2,806,com.android.music,857,Channel-music,858,2]
03-14 03:52:39.968 782 2144 W NotificationHistory: Attempted to remove channel for locked/gone/disabled user 0
03-14 03:52:39.986 782 1699 I GameModeConfig: isGameModeOn = false
03-14 03:52:39.986 782 1699 I GameModeConfig: isGameModeOn = false
03-14 03:52:39.986 782 1699 I GameModeConfig: isGameModeOn = false
03-14 03:52:39.987 782 1699 I GameModeConfig: isGameModeOn = false
03-14 03:52:39.988 782 782 I notification_enqueue: [10078,2006,com.android.systemui,1,empty_media,0,Notification(channel=empty_media_style_id shortcut=null contentView=null vibrate=null sound=null defaults=0x0 flags=0x20 color=0x00000000 category=transport groupKey=empty_media actions=4 vis=PRIVATE),0]
03-14 03:52:40.010 782 2170 W FreeFormWindowHelper: Current Display FreeFormTask is Task{240a003 #106 type=standard A=10086:android.task.music U=0 visible=false mode=freeform translucent=true sz=1}
