03-14 03:51:42.489 782 830 I am_pss : [3033,10069,com.qualcomm.qti.services.systemhelper:systemhelper_service,6245376,4493312,0,94212096,0,0,4]
03-14 03:51:42.491 782 3182 W FreeFormWindowHelper: Current Display FreeFormTask is null
03-14 03:51:42.494 782 830 I am_pss : [3017,10054,.pasr,5285888,3694592,0,89980928,0,0,4]
03-14 03:51:42.498 782 830 I am_pss : [3011,1000,com.hryt.hiphishowfsecontrol,14187520,12075008,0,106000384,0,0,5]
03-14 03:51:42.503 782 830 I am_pss : [2972,10058,ts.car.uart,6081536,4489216,0,90947584,0,0,5]
03-14 03:51:42.509 782 830 I am_pss : [2965,10082,com.hht.lebocast,35049472,15904768,0,111312896,0,0,5]
03-14 03:51:42.514 782 830 I am_pss : [2492,1000,com.qualcomm.qti.qdma,9521152,6574080,0,105766912,0,0,5]
03-14 03:51:42.518 2501 2501 I wm_on_create_called: [187016116,com.android.settings.Settings,performCreate]
03-14 03:51:42.519 782 830 I am_pss : [2462,1000,com.thundercomm.tcservice,8168448,6356992,0,96432128,0,0,4]
03-14 03:51:42.524 782 830 I am_pss : [2439,1000,com.thundercomm.remotecontrolservice,9313280,7008256,0,101879808,0,0,4]
03-14 03:51:42.526 782 1973 E UserRestrictionsUtils: Unknown restriction queried by uid 1000 (com.android.keychain et al): null
03-14 03:51:42.527 782 1973 E UserRestrictionsUtils: Unknown restriction queried by uid 1000 (com.android.keychain et al): null
03-14 03:51:42.527 782 1973 E UserRestrictionsUtils: Unknown restriction queried by uid 1000 (com.android.keychain et al): null
03-14 03:51:42.527 782 1973 E UserRestrictionsUtils: Unknown restriction queried by uid 1000 (com.android.keychain et al): null
03-14 03:51:42.527 782 1973 E UserRestrictionsUtils: Unknown restriction queried by uid 1000 (com.android.keychain et al): null
03-14 03:51:42.527 782 1973 E UserRestrictionsUtils: Unknown restriction queried by uid 1000 (com.android.keychain et al): null
03-14 03:51:42.528 782 1973 E UserRestrictionsUtils: Unknown restriction queried by uid 1000 (com.android.keychain et al): null
03-14 03:51:42.528 782 1973 E UserRestrictionsUtils: Unknown restriction queried by uid 1000 (com.android.keychain et al): null
03-14 03:51:42.528 782 1973 E UserRestrictionsUtils: Unknown restriction queried by uid 1000 (com.android.keychain et al): null
03-14 03:51:42.528 782 1973 E UserRestrictionsUtils: Unknown restriction queried by uid 1000 (com.android.keychain et al): null
03-14 03:51:42.528 782 1973 E UserRestrictionsUtils: Unknown restriction queried by uid 1000 (com.android.keychain et al): null
03-14 03:51:42.528 782 1973 E UserRestrictionsUtils: Unknown restriction queried by uid 1000 (com.android.keychain et al): null
03-14 03:51:42.529 782 1973 E UserRestrictionsUtils: Unknown restriction queried by uid 1000 (com.android.keychain et al): null
03-14 03:51:42.529 782 830 I am_pss : [2436,1068,com.android.se,5668864,4018176,0,92033024,0,0,4]
03-14 03:51:42.529 782 1973 E UserRestrictionsUtils: Unknown restriction queried by uid 1000 (com.android.keychain et al): null
03-14 03:51:42.529 782 1973 E UserRestrictionsUtils: Unknown restriction queried by uid 1000 (com.android.keychain et al): null
03-14 03:51:42.529 782 1973 E UserRestrictionsUtils: Unknown restriction queried by uid 1000 (com.android.keychain et al): null
03-14 03:51:42.529 782 1973 E UserRestrictionsUtils: Unknown restriction queried by uid 1000 (com.android.keychain et al): null
03-14 03:51:42.530 782 1973 E UserRestrictionsUtils: Unknown restriction queried by uid 1000 (com.android.keychain et al): null
03-14 03:51:42.533 782 830 I am_pss : [2389,10080,com.qti.qualcomm.mstatssystemservice,5332992,3739648,0,90329088,0,0,4]
03-14 03:51:42.538 782 830 I am_pss : [2362,1000,vendor.qti.qesdk.sysservice,5454848,3801088,0,91791360,0,0,5]
03-14 03:51:42.543 782 830 I am_pss : [2347,1000,com.thundercomm.tcsetupwizard,6699008,5111808,0,91897856,0,0,4]
03-14 03:51:42.548 782 830 I am_pss : [2295,1000,com.tc.logclient,7519232,5517312,0,99254272,0,0,4]
03-14 03:51:42.553 782 830 I am_pss : [2264,1000,com.thundercomm.tchttpserver,7880704,6148096,0,94941184,0,0,4]
03-14 03:51:42.557 2501 2501 I wm_on_start_called: [187016116,com.android.settings.Settings,handleStartActivity]
03-14 03:51:42.558 782 830 I am_pss : [2257,10056,.qtidataservices,5792768,4161536,0,91893760,0,0,5]
03-14 03:51:42.559 2501 2501 I snet_event_log: [120484087,-1,]
03-14 03:51:42.561 2501 2501 I wm_on_resume_called: [187016116,com.android.settings.Settings,RESUME_ACTIVITY]
03-14 03:51:42.562 2501 2501 I sysui_multi_action: [757,35,758,1,833,0,1089,42]
03-14 03:51:42.564 782 830 I am_pss : [2216,1000,com.thundercomm.microsettings,19033088,9756672,0,115634176,0,0,6]
03-14 03:51:42.569 782 830 I am_pss : [2209,1000,com.thundercomm.microservice,8989696,7274496,0,96387072,0,0,5]
03-14 03:51:42.570 2501 2501 I sysui_multi_action: [757,1729,758,4,854,isParalleledControllers:false,1089,50]
03-14 03:51:42.573 2501 2501 I wm_on_top_resumed_gained_called: [187016116,com.android.settings.Settings,topStateChangedWhenResumed]
03-14 03:51:42.576 782 830 I am_pss : [2118,1000,com.thundercomm.gamemode,26757120,19955712,0,133533696,0,0,6]
03-14 03:51:42.614 782 826 I input_focus: [Focus request 9450c14 com.android.settings/com.android.settings.Settings,reason=UpdateInputWindows]
03-14 03:51:42.658 782 826 I sysui_multi_action: [324,1,757,1090,758,12,806,com.android.settings,871,com.android.settings.Settings,1091,285]
03-14 03:51:42.660 2006 2256 D StartingSurfaceDrawer: Task start finish, remove starting surface for task 103
03-14 03:51:42.660 2006 2256 V StartingSurfaceDrawer: Removing splash screen window for task: 103
03-14 03:51:42.662 782 822 I sysui_multi_action: [319,61,321,60,322,285,325,73,757,761,758,8,759,1,806,com.android.settings,871,com.android.settings.Settings,904,com.android.launcher3,905,0,1320,4,1321,1]
03-14 03:51:42.663 782 822 I wm_activity_launch_time: [0,187016116,com.android.settings/.Settings,285]
03-14 03:51:42.671 2501 2501 W CarrierConfigManager: Error getting config for subId -1 ICarrierConfigLoader is null
03-14 03:51:42.674 782 2170 E UserRestrictionsUtils: Unknown restriction queried by uid 1000 (com.android.keychain et al): null
03-14 03:51:42.674 782 1605 I input_focus: [Focus entering 9450c14 com.android.settings/com.android.settings.Settings (server),reason=Window became focusable. Previous reason: NOT_VISIBLE]
03-14 03:51:42.695 2501 2501 I sysui_multi_action: [757,746,758,1,833,0,1089,32]
03-14 03:51:42.696 782 2144 D TelephonyRegistry: listen oscl: mHasNotifySubscriptionInfoChangedOccurred==false no callback
03-14 03:51:42.700 782 797 D TelephonyRegistry: listen oscl: mHasNotifySubscriptionInfoChangedOccurred==false no callback
03-14 03:51:42.704 2501 2501 I sysui_multi_action: [757,1729,758,4,854,isParalleledControllers:false,1089,41]
01-01 08:01:16.142 0 0 I [schedu][0x56d19ae1][03:51:42.747211] wlan: [3522:I:OSIF] scan start scan id 40962
03-14 03:51:42.904 1354 1354 I wificond: Regulatory domain changed to country: CN on wiphy_index: 0
03-14 03:51:42.904 1354 1354 I wificond: 2.4Ghz frequencies: 2412 2417 2422 2427 2432 2437 2442 2447 2452 2457 2462 2467 2472
03-14 03:51:42.904 1354 1354 I wificond: 5Ghz non-DFS frequencies: 5180 5200 5220 5240 5745 5765 5785 5805 5825
03-14 03:51:42.904 1354 1354 I wificond: 5Ghz DFS frequencies: 5260 5280 5300 5320
03-14 03:51:42.904 1354 1354 I wificond: 6Ghz frequencies:
03-14 03:51:42.904 1354 1354 I wificond: 60Ghz frequencies:
03-14 03:51:42.977 782 825 I wm_stop_activity: [0,174418215,com.android.launcher3/.uioverrides.QuickstepLauncher]
03-14 03:51:42.993 2646 2646 I wm_on_stop_called: [174418215,com.android.launcher3.uioverrides.QuickstepLauncher,STOP_ACTIVITY_ITEM]
03-14 03:51:43.394 782 1605 I input_interaction: Interaction with: 9450c14 com.android.settings/com.android.settings.Settings (server), edge-swipe (server), swipe-up (server), PointerEventDispatcher0 (server),
03-14 03:51:43.399 782 2190 W FreeFormWindowHelper: Current Display FreeFormTask is null
03-14 03:51:43.400 782 2190 W FreeFormWindowHelper: Current Display FreeFormTask is null
03-14 03:51:43.400 782 2190 W FreeFormWindowHelper: Current Display FreeFormTask is null
03-14 03:51:43.401 782 2190 W FreeFormWindowHelper: Current Display FreeFormTask is null
03-14 03:51:43.401 782 3182 I wm_task_moved: [1,0,0]
03-14 03:51:43.402 782 3182 I wm_task_moved: [1,0,5]
03-14 03:51:43.402 782 2190 W FreeFormWindowHelper: Current Display FreeFormTask is null
03-14 03:51:43.408 2646 2646 I wm_on_restart_called: [174418215,com.android.launcher3.uioverrides.QuickstepLauncher,performRestartActivity]
03-14 03:51:43.409 782 3182 W FreeFormWindowHelper: Current Display FreeFormTask is null
03-14 03:51:43.409 782 3182 W FreeFormWindowHelper: Current Display FreeFormTask is null
03-14 03:51:43.410 782 3182 W FreeFormWindowHelper: Current Display FreeFormTask is null
03-14 03:51:43.437 2646 2646 I wm_on_start_called: [174418215,com.android.launcher3.uioverrides.QuickstepLauncher,handleStartActivity]
03-14 03:51:43.438 2501 2501 I view_enqueue_input_event: [Motion - Cancel,com.android.settings/com.android.settings.Settings]
03-14 03:51:43.439 782 822 D AutofillManagerService: Close system dialogs
03-14 03:51:43.439 782 826 I input_focus: [Focus request recents_animation_input_consumer,reason=UpdateInputWindows]
03-14 03:51:43.444 782 797 W FreeFormWindowHelper: Current Display FreeFormTask is null
03-14 03:51:43.444 782 797 W FreeFormWindowHelper: Current Display FreeFormTask is null
03-14 03:51:43.446 2646 2646 I sysui_latency: [1,50]
03-14 03:51:43.447 782 797 W ActivityTaskManager: getTaskSnapshot: taskId=-334 not found
03-14 03:51:43.447 782 1605 I input_interaction: Interaction with: edge-swipe (server), swipe-up (server), PointerEventDispatcher0 (server),
03-14 03:51:43.451 782 822 I sysui_multi_action: [319,4,322,47,325,74,757,761,758,9,759,5,806,com.android.launcher3,871,com.android.launcher3.uioverrides.QuickstepLauncher,905,0,1320,4,1321,1]
03-14 03:51:43.451 782 797 W FreeFormWindowHelper: Current Display FreeFormTask is null
03-14 03:51:43.452 782 797 W FreeFormWindowHelper: Current Display FreeFormTask is null
03-14 03:51:43.453 782 797 W FreeFormWindowHelper: Current Display FreeFormTask is null
03-14 03:51:43.454 782 797 W FreeFormWindowHelper: Current Display FreeFormTask is null
03-14 03:51:43.460 782 1605 I input_focus: [Focus leaving 9450c14 com.android.settings/com.android.settings.Settings (server),reason=NOT_FOCUSABLE]
03-14 03:51:43.460 782 1605 I input_focus: [Focus entering recents_animation_input_consumer (server),reason=setFocusedWindow]
03-14 03:51:43.477 782 3182 W FreeFormWindowHelper: Current Display FreeFormTask is null
03-14 03:51:43.477 782 3182 W FreeFormWindowHelper: Current Display FreeFormTask is null
03-14 03:51:43.487 782 2190 W ActivityTaskManager: getTaskSnapshot: taskId=-284 not found
03-14 03:51:43.493 782 2190 W FreeFormWindowHelper: Current Display FreeFormTask is null
03-14 03:51:43.493 782 3182 W FreeFormWindowHelper: Current Display FreeFormTask is null
03-14 03:51:43.509 782 2190 W FreeFormWindowHelper: Current Display FreeFormTask is null
03-14 03:51:43.510 782 3182 W FreeFormWindowHelper: Current Display FreeFormTask is null
03-14 03:51:43.636 782 1331 I commit_sys_config_file: [settings-1-0,1]
03-14 03:51:43.683 782 3182 W FreeFormWindowHelper: Current Display FreeFormTask is null
03-14 03:51:43.683 782 2190 W FreeFormWindowHelper: Current Display FreeFormTask is null
03-14 03:51:43.683 782 3182 W FreeFormWindowHelper: Current Display FreeFormTask is null
03-14 03:51:43.751 782 830 I sysui_latency: [8,53]
01-01 08:01:17.312 0 0 I [schedu][0x58285706][03:51:43.917079] wlan: [3522:I:OSIF] vdev 0, scan id 40962 type COMPLETED(1) reason COMPLETED(1) scan found 12 bss
03-14 03:51:44.078 782 797 I wm_task_moved: [1,1,6]
03-14 03:51:44.079 782 797 I wm_focused_root_task: [0,0,1,103,RecentsAnimation.onAnimationFinished()]
03-14 03:51:44.079 2501 2501 I wm_on_top_resumed_lost_called: [187016116,com.android.settings.Settings,topStateChangedWhenResumed]
03-14 03:51:44.080 782 797 I wm_pause_activity: [0,187016116,com.android.settings/.Settings,userLeaving=false,pauseBackTasks]
03-14 03:51:44.081 782 797 I ActivityTaskManager: FOREGROUND_APPLICATION_CHANGED to com.android.launcher3.uioverrides.QuickstepLauncher
03-14 03:51:44.081 782 797 I wm_set_resumed_activity: [0,com.android.launcher3/.uioverrides.QuickstepLauncher,resumeTopActivityInnerLocked]
03-14 03:51:44.082 782 797 I wm_resume_activity: [0,174418215,102,com.android.launcher3/.uioverrides.QuickstepLauncher]
03-14 03:51:44.082 782 797 I wm_add_to_stopping: [0,187016116,com.android.settings/.Settings,makeInvisible]
03-14 03:51:44.082 2646 2646 I wm_on_resume_called: [174418215,com.android.launcher3.uioverrides.QuickstepLauncher,RESUME_ACTIVITY]
03-14 03:51:44.086 782 826 I input_focus: [Focus request dc152a9 com.android.launcher3/com.android.launcher3.uioverrides.QuickstepLauncher,reason=UpdateInputWindows]
03-14 03:51:44.087 782 2144 W FreeFormWindowHelper: Current Display FreeFormTask is null
03-14 03:51:44.087 782 2144 W FreeFormWindowHelper: Current Display FreeFormTask is null
03-14 03:51:44.087 2501 2501 I sysui_multi_action: [757,35,758,2,1089,1525]
03-14 03:51:44.087 782 825 I sysui_multi_action: [757,803,799,window_time_0,802,1]
03-14 03:51:44.087 782 2190 W FreeFormWindowHelper: Current Display FreeFormTask is null
03-14 03:51:44.089 782 3162 I wm_stop_activity: [0,187016116,com.android.settings/.Settings]
03-14 03:51:44.090 2501 2501 I sysui_multi_action: [757,746,758,2,1089,1395]
03-14 03:51:44.091 782 825 I sysui_multi_action: [757,803,799,window_time_0,802,0]
03-14 03:51:44.094 782 1605 I input_focus: [Focus leaving recents_animation_input_consumer (server),reason=NOT_VISIBLE]
03-14 03:51:44.097 2501 2501 I wm_on_paused_called: [187016116,com.android.settings.Settings,performPause]
03-14 03:51:44.105 782 2190 W FreeFormWindowHelper: Current Display FreeFormTask is null
03-14 03:51:44.105 782 2190 W FreeFormWindowHelper: Current Display FreeFormTask is null
03-14 03:51:44.109 2646 2646 I wm_on_top_resumed_gained_called: [174418215,com.android.launcher3.uioverrides.QuickstepLauncher,topStateChangedWhenResumed]
03-14 03:51:44.110 782 1605 I input_focus: [Focus entering dc152a9 com.android.launcher3/com.android.launcher3.uioverrides.QuickstepLauncher (server),reason=setFocusedWindow]
03-14 03:51:44.115 2501 2501 I wm_on_stop_called: [187016116,com.android.settings.Settings,STOP_ACTIVITY_ITEM]
03-14 03:51:44.187 782 3162 W FreeFormWindowHelper: Current Display FreeFormTask is null
03-14 03:51:44.300 782 1331 I commit_sys_config_file: [settings-1-0,1]
01-01 08:01:17.991 0 0 E DTC_ETH,link_delay_work_func: 3003, SQI=0, link=0
03-14 03:51:46.340 782 1605 I input_interaction: Interaction with: dc152a9 com.android.launcher3/com.android.launcher3.uioverrides.QuickstepLauncher (server), d04e39a com.android.systemui.ImageWallpaper (server), edge-swipe (server), swipe-up (server), PointerEventDispatcher0 (server),
03-14 03:51:46.384 782 822 D AutofillManagerService: Close system dialogs
03-14 03:51:46.388 2646 2646 I view_enqueue_input_event: [Motion - Cancel,com.android.launcher3/com.android.launcher3.uioverrides.QuickstepLauncher]
03-14 03:51:46.392 782 1605 I input_interaction: Interaction with: edge-swipe (server), swipe-up (server), PointerEventDispatcher0 (server),
03-14 03:51:46.393 782 2969 E TaskPersister: File error accessing recents directory (directory doesn't exist?).
03-14 03:51:46.468 782 2144 W FreeFormWindowHelper: exitRecentTasks type=0
03-14 03:51:46.470 782 822 D AutofillManagerService: Close system dialogs
03-14 03:51:46.589 782 1660 I netstats_mobile_sample: [0,0,0,0,0,0,0,0,0,0,0,0,1678737106589]
03-14 03:51:46.590 782 1660 I netstats_wifi_sample: [0,0,0,0,0,0,0,0,0,0,0,0,1678737106589]
03-14 03:51:46.583 678 678 I auditd : type=1400 audit(0.0:1546): avc: denied { add_name } for comm="Binder:678_4" name="globalAlert" scontext=u:r:netd:s0 tcontext=u:object_r:proc_net:s0 tclass=dir permissive=1
03-14 03:51:46.583 678 678 I auditd : type=1400 audit(0.0:1547): avc: denied { create } for comm="Binder:678_4" name="globalAlert" scontext=u:r:netd:s0 tcontext=u:object_r:proc_net:s0 tclass=file permissive=1
01-01 08:01:20.034 0 0 I [schedu][0x5b460bd9][03:51:46.639917] wlan: [3522:I:OSIF] scan start scan id 40963
01-01 08:01:21.193 0 0 I [schedu][0x5c999eda][03:51:47.798997] wlan: [3522:I:OSIF] vdev 0, scan id 40963 type COMPLETED(1) reason COMPLETED(1) scan found 14 bss
01-01 08:01:23.111 0 0 E DTC_ETH,link_delay_work_func: 3003, SQI=0, link=0
01-01 08:01:28.231 0 0 E DTC_ETH,link_delay_work_func: 3003, SQI=0, link=0
01-01 08:01:33.351 0 0 E DTC_ETH,link_delay_work_func: 3003, SQI=0, link=0
01-01 08:01:38.471 0 0 E DTC_ETH,link_delay_work_func: 3003, SQI=0, link=0
03-14 03:52:06.552 782 822 D CompatibilityChangeReporter: Compat change id reported: 168419799; UID 10090; state: DISABLED
03-14 03:52:06.572 782 830 I am_pss : [3100,10071,com.qualcomm.location.XT,6418432,4673536,0,94212096,0,6,8]
03-14 03:52:06.584 782 830 I am_pss : [3379,10023,com.baidu.input,92405760,78532608,0,213729280,0,7,10]
01-01 08:01:43.591 0 0 E DTC_ETH,link_delay_work_func: 3003, SQI=0, link=0
01-01 08:01:43.910 0 0 I : boot log copy done
01-01 08:01:47.236 0 0 I logd : logdr: UID=2000 GID=2000 PID=4149 b tail=0 logMask=bf pid=0 start=0ns deadline=0ns
01-01 08:01:48.711 0 0 E DTC_ETH,link_delay_work_func: 3003, SQI=0, link=0
03-14 03:52:16.104 782 1605 I input_interaction: Interaction with: dc152a9 com.android.launcher3/com.android.launcher3.uioverrides.QuickstepLauncher (server), d04e39a com.android.systemui.ImageWallpaper (server), edge-swipe (server), swipe-up (server), PointerEventDispatcher0 (server),
03-14 03:52:16.620 782 872 I am_uid_idle: 10018
03-14 03:52:16.711 782 830 I am_pss : [3080,10091,com.android.providers.media.module,16326656,12640256,0,121118720,0,0,8]
03-14 03:52:16.719 782 830 I am_pss : [2768,10070,com.qualcomm.location,9690112,7356416,0,101974016,0,0,7]
01-01 08:01:53.831 0 0 E DTC_ETH,link_delay_work_func: 3003, SQI=0, link=0
03-14 03:52:21.082 782 3162 I thunderperf: PlatormCompat.setOverrides: Uid1=10074 Pid1=2646 Uid2=10074 Pid2=2646
03-14 03:52:21.082 782 3162 I thunderperf: PlatormCompat.setOverrides: needCheck:false
03-14 03:52:21.082 782 3162 I thunderperf: CompatConfig.addOverrideUnsafe: bef-state=0
03-14 03:52:21.082 782 3162 I thunderperf: CompatConfig.addOverrideUnsafe: aft-state=0
03-14 03:52:21.083 782 3162 I thunderperf: CompatConfig.addOverrideUnsafe: bef-state=0
03-14 03:52:21.083 782 3162 I thunderperf: CompatConfig.addOverrideUnsafe: aft-state=0
03-14 03:52:21.083 782 3162 I thunderperf: CompatConfig.addOverrideUnsafe: bef-state=0
03-14 03:52:21.084 782 3162 I thunderperf: CompatConfig.addOverrideUnsafe: aft-state=0
03-14 03:52:21.084 782 3162 I thunderperf: CompatConfig.addOverrideUnsafe: bef-state=0
03-14 03:52:21.084 782 3162 I thunderperf: CompatConfig.addOverrideUnsafe: aft-state=0
03-14 03:52:21.084 782 3162 I thunderperf: CompatConfig.addOverrideUnsafe: bef-state=0
03-14 03:52:21.084 782 3162 I thunderperf: CompatConfig.addOverrideUnsafe: aft-state=0
03-14 03:52:21.085 782 3162 I thunderperf: CompatConfig.addOverrideUnsafe: bef-state=0
03-14 03:52:21.085 782 3162 I thunderperf: CompatConfig.addOverrideUnsafe: aft-state=0
03-14 03:52:21.085 782 3162 I thunderperf: CompatConfig.addOverrideUnsafe: bef-state=0
03-14 03:52:21.085 782 3162 I thunderperf: CompatConfig.addOverrideUnsafe: aft-state=0
03-14 03:52:21.086 782 3162 I thunderperf: CompatConfig.addOverrideUnsafe: bef-state=0
03-14 03:52:21.086 782 3162 I thunderperf: CompatConfig.addOverrideUnsafe: aft-state=0
03-14 03:52:21.086 782 3162 I thunderperf: CompatConfig.addOverrideUnsafe: bef-state=0
03-14 03:52:21.086 782 3162 I thunderperf: CompatConfig.addOverrideUnsafe: aft-state=0
03-14 03:52:21.087 782 3162 I thunderperf: CompatConfig.addOverrideUnsafe: bef-state=0
03-14 03:52:21.087 782 3162 I thunderperf: CompatConfig.addOverrideUnsafe: aft-state=0
03-14 03:52:21.088 782 3162 I thunderperf: CompatConfig.addOverrideUnsafe: bef-state=0
03-14 03:52:21.088 782 3162 I thunderperf: CompatConfig.addOverrideUnsafe: aft-state=0
03-14 03:52:21.088 782 3162 I thunderperf: CompatConfig.addOverrideUnsafe: bef-state=0
03-14 03:52:21.088 782 3162 I thunderperf: CompatConfig.addOverrideUnsafe: aft-state=0
03-14 03:52:21.088 782 3162 I thunderperf: CompatConfig.addOverrideUnsafe: bef-state=0
03-14 03:52:21.088 782 3162 I thunderperf: CompatConfig.addOverrideUnsafe: aft-state=0
03-14 03:52:21.089 782 3162 I thunderperf: CompatConfig.addOverrideUnsafe: bef-state=0
03-14 03:52:21.089 782 3162 I thunderperf: CompatConfig.addOverrideUnsafe: aft-state=0
03-14 03:52:21.094 782 3162 I ActivityTaskManager: START u0 {act=android.intent.action.MAIN cat=[android.intent.category.LAUNCHER] flg=0x10200000 cmp=com.android.music/.VideoBrowserActivity} from uid 10074
03-14 03:52:21.101 782 3162 I wm_task_created: [104,-1]
03-14 03:52:21.101 782 3162 W ActivityTaskManager: Can't find TaskDisplayArea to determine support for multi window. Task id=104 attached=false
03-14 03:52:21.102 782 3162 D FreeFormWindowHelper: Add freeform task=Task{f8922c5 #104 type=standard ?? U=0 visible=false mode=freeform translucent=true sz=0}
03-14 03:52:21.103 782 3162 D CompatibilityChangeReporter: Compat change id reported: 174042980; UID 10086; state: DISABLED
03-14 03:52:21.103 782 3162 D CompatibilityChangeReporter: Compat change id reported: 184838306; UID 10086; state: DISABLED
03-14 03:52:21.104 782 3162 D CompatibilityChangeReporter: Compat change id reported: 185004937; UID 10086; state: DISABLED
03-14 03:52:21.104 782 3162 D CompatibilityChangeReporter: Compat change id reported: 181136395; UID 10086; state: DISABLED
03-14 03:52:21.104 782 3162 D CompatibilityChangeReporter: Compat change id reported: 174042936; UID 10086; state: DISABLED
03-14 03:52:21.105 782 3162 I wm_task_moved: [104,1,7]
03-14 03:52:21.105 782 3162 I wm_task_to_front: [0,104]
03-14 03:52:21.105 782 3162 I wm_create_task: [0,104]
03-14 03:52:21.105 782 3162 I wm_create_activity: [0,257557530,104,com.android.music/.VideoBrowserActivity,android.intent.action.MAIN,NULL,NULL,270532608]
03-14 03:52:21.105 782 3162 I wm_task_moved: [104,1,7]
03-14 03:52:21.105 782 3162 D CompatibilityChangeReporter: Compat change id reported: 168419799; UID 10086; state: DISABLED
03-14 03:52:21.106 782 3162 I ActivityTaskManager: FOREGROUND_APPLICATION_CHANGED to com.android.music.VideoBrowserActivity
03-14 03:52:21.106 782 3162 I ActivityTaskManager: The Process com.android.music Already Exists in BG. So sending its PID: 3694
03-14 03:52:21.107 782 3162 I wm_restart_activity: [0,257557530,104,com.android.music/.VideoBrowserActivity]
03-14 03:52:21.107 782 3162 I wm_set_resumed_activity: [0,com.android.music/.VideoBrowserActivity,minimalResumeActivityLocked]
03-14 03:52:21.110 2646 2646 I wm_on_top_resumed_lost_called: [174418215,com.android.launcher3.uioverrides.QuickstepLauncher,topStateChangedWhenResumed]
03-14 03:52:21.137 782 1678 D CompatibilityChangeReporter: Compat change id reported: 149924527; UID 10086; state: ENABLED
03-14 03:52:21.137 782 796 D CompatibilityChangeReporter: Compat change id reported: 132649864; UID 10086; state: DISABLED
03-14 03:52:21.137 782 2144 D CompatibilityChangeReporter: Compat change id reported: 182734110; UID 10086; state: ENABLED
03-14 03:52:21.139 3694 3694 I wm_on_create_called: [257557530,com.android.music.VideoBrowserActivity,performCreate]
03-14 03:52:21.139 3694 3694 I wm_on_start_called: [257557530,com.android.music.VideoBrowserActivity,handleStartActivity]
03-14 03:52:21.140 3694 3694 I wm_on_resume_called: [257557530,com.android.music.VideoBrowserActivity,RESUME_ACTIVITY]
03-14 03:52:21.143 3694 3694 I wm_on_top_resumed_gained_called: [257557530,com.android.music.VideoBrowserActivity,topStateChangedWhenResumed]
03-14 03:52:21.147 782 3162 W WindowManager: updateScale : 0.79357797
03-14 03:52:21.148 782 826 I input_focus: [Focus request e603540 com.android.music/com.android.music.VideoBrowserActivity,reason=UpdateInputWindows]
01-01 08:01:54.557 0 0 I binder : 3694:4170 ioctl 40046210 7144ce51f4 returned -22
03-14 03:52:21.167 782 1605 I input_focus: [Focus leaving dc152a9 com.android.launcher3/com.android.launcher3.uioverrides.QuickstepLauncher (server),reason=Waiting for window because NOT_VISIBLE]
03-14 03:52:21.171 782 826 W WindowManager: updateScale : 0.79357797
03-14 03:52:21.173 782 826 W WindowManager: updateScale : 0.79357797
03-14 03:52:21.175 782 826 W WindowManager: updateScale : 0.79357797
03-14 03:52:21.176 782 822 I sysui_multi_action: [319,79,322,79,325,111,757,761,758,8,759,2,806,com.android.music,871,com.android.music.VideoBrowserActivity,904,com.android.launcher3,905,0,1320,4,1321,1]
03-14 03:52:21.176 782 822 I wm_activity_launch_time: [0,257557530,com.android.music/.VideoBrowserActivity,79]
03-14 03:52:21.184 782 1605 I input_focus: [Focus entering e603540 com.android.music/com.android.music.VideoBrowserActivity (server),reason=Window became focusable. Previous reason: NOT_VISIBLE]
03-14 03:52:21.222 782 830 I am_pss : [2549,10063,com.thundercomm.gamemode.provider,7818240,5963776,0,96567296,0,19,5]
03-14 03:52:21.227 782 830 I am_pss : [4011,10055,com.qualcomm.qti.qms.service.trustzoneaccess,5594112,3821568,0,92237824,0,19,4]
03-14 03:52:21.231 782 830 I am_pss : [3762,10020,com.android.providers.calendar,7156736,5156864,0,98287616,0,19,4]
03-14 03:52:21.235 782 830 I am_pss : [3192,10017,android.process.media,9775104,7766016,0,101199872,0,19,4]
03-14 03:52:21.240 782 830 I am_pss : [3876,10028,com.android.externalstorage,5577728,3883008,0,92258304,0,19,4]
03-14 03:52:21.244 782 830 I am_pss : [2840,10085,com.qualcomm.qtil.aptxui,7303168,5730304,0,91967488,0,19,4]
03-14 03:52:21.248 782 830 I am_pss : [3850,10057,com.qualcomm.qti.qms.service.connectionsecurity,18788352,4374528,0,77692928,0,19,3]
03-14 03:52:21.252 782 830 I am_pss : [3784,2000,com.android.shell,5836800,4231168,0,90775552,0,19,5]
03-14 03:52:21.257 782 830 I am_pss : [3729,10030,com.android.packageinstaller,7110656,5541888,0,91746304,0,19,4]
03-14 03:52:21.261 782 830 I am_pss : [3711,10059,com.android.onetimeinitializer,5174272,3547136,0,90882048,0,19,4]
03-14 03:52:21.265 782 830 I am_pss : [3676,10025,com.android.managedprovisioning,8951808,7303168,0,94806016,0,19,3]
03-14 03:52:21.269 782 830 I am_pss : [3317,1000,com.android.keychain,8117248,6443008,0,94384128,0,19,4]
03-14 03:52:21.274 782 830 I am_pss : [3624,1000,com.android.dynsystem:dynsystem,5694464,3907584,0,91938816,0,19,4]
03-14 03:52:21.277 782 830 I am_pss : [3620,1000,com.android.localtransport,5471232,3833856,0,91578368,0,19,3]
03-14 03:52:21.281 782 830 I am_pss : [3597,1000,com.android.dynsystem,5510144,3829760,0,90923008,0,19,3]
03-14 03:52:21.287 782 830 I am_pss : [3395,10018,android.process.acore,13609984,9981952,0,117813248,0,19,5]
03-14 03:52:21.291 782 830 I am_pss : [3314,1000,com.qti.diagservices,6103040,4050944,0,95641600,0,10,3]
03-14 03:52:21.295 782 830 I am_pss : [3078,10079,com.qualcomm.qti.workloadclassifier,8353792,6717440,0,93974528,0,0,3]
03-14 03:52:21.299 782 830 I am_pss : [3083,10021,com.android.traceur,10290176,8593408,0,97230848,0,19,3]
03-14 03:52:21.304 782 830 I am_pss : [3061,10083,com.qualcomm.qti.qccnetstat,6021120,4349952,0,92323840,0,0,4]
03-14 03:52:21.308 782 830 I am_pss : [3033,10069,com.qualcomm.qti.services.systemhelper:systemhelper_service,6242304,4493312,0,94212096,0,0,4]
03-14 03:52:21.312 782 830 I am_pss : [3017,10054,.pasr,5286912,3694592,0,89980928,0,0,4]
03-14 03:52:21.317 782 830 I am_pss : [3011,1000,com.hryt.hiphishowfsecontrol,14149632,12075008,0,106000384,0,0,4]
03-14 03:52:21.321 782 830 I am_pss : [2972,10058,ts.car.uart,6082560,4489216,0,90947584,0,0,3]
03-14 03:52:21.326 782 830 I am_pss : [2965,10082,com.hht.lebocast,34468864,15347712,0,110764032,0,0,4]
03-14 03:52:21.450 782 826 W WindowManager: updateScale : 0.79357797
03-14 03:52:22.329 782 1605 I input_interaction: Interaction with: e603540 com.android.music/com.android.music.VideoBrowserActivity (server), edge-swipe (server), swipe-up (server), PointerEventDispatcher0 (server),
03-14 03:52:22.471 782 827 I ActivityTaskManager: clear resize flag in freeform mode
03-14 03:52:22.471 782 827 W WindowManager: updateScale : 0.72782874
03-14 03:52:22.472 782 827 W WindowManager: updateScale : 0.72782874
03-14 03:52:22.488 782 827 I ActivityTaskManager: clear resize flag in freeform mode
03-14 03:52:22.488 782 827 W WindowManager: updateScale : 0.675841
03-14 03:52:22.505 782 827 I ActivityTaskManager: clear resize flag in freeform mode
03-14 03:52:22.505 782 827 W WindowManager: updateScale : 0.6284404
03-14 03:52:22.517 782 3162 W WindowManager: updateScale : 0.6284404
03-14 03:52:22.522 782 827 I ActivityTaskManager: clear resize flag in freeform mode
03-14 03:52:22.522 782 827 W WindowManager: updateScale : 0.5902141
03-14 03:52:22.533 782 3162 W WindowManager: updateScale : 0.5902141
03-14 03:52:22.538 782 827 I ActivityTaskManager: clear resize flag in freeform mode
03-14 03:52:22.538 782 827 W WindowManager: updateScale : 0.559633
03-14 03:52:22.550 782 3162 W WindowManager: updateScale : 0.559633
03-14 03:52:22.555 782 827 I ActivityTaskManager: clear resize flag in freeform mode
03-14 03:52:22.555 782 827 W WindowManager: updateScale : 0.5351682
03-14 03:52:22.567 782 3162 W WindowManager: updateScale : 0.5351682
03-14 03:52:22.572 782 827 I ActivityTaskManager: clear resize flag in freeform mode
03-14 03:52:22.572 782 827 W WindowManager: updateScale : 0.5152905
03-14 03:52:22.583 782 2144 W WindowManager: updateScale : 0.5152905
03-14 03:52:22.588 782 827 I ActivityTaskManager: clear resize flag in freeform mode
03-14 03:52:22.589 782 827 W WindowManager: updateScale : 0.5
03-14 03:52:22.600 782 2144 W WindowManager: updateScale : 0.5
03-14 03:52:22.605 782 827 I ActivityTaskManager: clear resize flag in freeform mode
03-14 03:52:22.605 782 827 W WindowManager: updateScale : 0.48776758
03-14 03:52:22.617 782 3162 W WindowManager: updateScale : 0.48776758
03-14 03:52:22.622 782 827 I ActivityTaskManager: clear resize flag in freeform mode
03-14 03:52:22.622 782 827 W WindowManager: updateScale : 0.47859326
03-14 03:52:22.634 782 2144 W WindowManager: updateScale : 0.47859326
03-14 03:52:22.639 782 827 I ActivityTaskManager: clear resize flag in freeform mode
03-14 03:52:22.639 782 827 W WindowManager: updateScale : 0.470948
03-14 03:52:22.650 782 3162 W WindowManager: updateScale : 0.470948
03-14 03:52:22.655 782 827 I ActivityTaskManager: clear resize flag in freeform mode
03-14 03:52:22.656 782 827 W WindowManager: updateScale : 0.46636087
03-14 03:52:22.667 782 2144 W WindowManager: updateScale : 0.46636087
03-14 03:52:22.672 782 827 I ActivityTaskManager: clear resize flag in freeform mode
03-14 03:52:22.672 782 827 W WindowManager: updateScale : 0.4617737
03-14 03:52:22.684 782 2144 W WindowManager: updateScale : 0.4617737
03-14 03:52:22.689 782 827 I ActivityTaskManager: clear resize flag in freeform mode
03-14 03:52:22.689 782 827 W WindowManager: updateScale : 0.46024466
03-14 03:52:22.700 782 2144 W WindowManager: updateScale : 0.46024466
03-14 03:52:22.705 782 827 I ActivityTaskManager: clear resize flag in freeform mode
03-14 03:52:22.706 782 827 W WindowManager: updateScale : 0.4587156
03-14 03:52:22.717 782 2144 W WindowManager: updateScale : 0.4587156
03-14 03:52:22.722 782 827 I ActivityTaskManager: clear resize flag in freeform mode
03-14 03:52:22.722 782 827 W WindowManager: updateScale : 0.45718655
03-14 03:52:22.734 782 2144 W WindowManager: updateScale : 0.45718655
03-14 03:52:22.739 782 827 I ActivityTaskManager: clear resize flag in freeform mode
03-14 03:52:22.739 782 827 W WindowManager: updateScale : 0.45565748
03-14 03:52:22.750 782 2144 W WindowManager: updateScale : 0.45565748
03-14 03:52:22.755 782 827 I ActivityTaskManager: clear resize flag in freeform mode
03-14 03:52:22.756 782 827 W WindowManager: updateScale : 0.45565748
03-14 03:52:22.767 782 2144 W WindowManager: updateScale : 0.45565748
03-14 03:52:22.784 782 3162 W WindowManager: updateScale : 0.45565748
03-14 03:52:25.122 782 2969 E TaskPersister: File error accessing recents directory (directory doesn't exist?).
01-01 08:01:58.951 0 0 E DTC_ETH,link_delay_work_func: 3003, SQI=0, link=0
03-14 03:52:26.754 782 1605 I input_interaction: Interaction with: dc152a9 com.android.launcher3/com.android.launcher3.uioverrides.QuickstepLauncher (server), d04e39a com.android.systemui.ImageWallpaper (server), edge-swipe (server), swipe-up (server), PointerEventDispatcher0 (server),
03-14 03:52:27.355 782 782 I service_manager_stats: [100,51,75801]
03-14 03:52:27.831 782 3162 I thunderperf: PlatormCompat.setOverrides: Uid1=10074 Pid1=2646 Uid2=10074 Pid2=2646
03-14 03:52:27.831 782 3162 I thunderperf: PlatormCompat.setOverrides: needCheck:false
03-14 03:52:27.832 782 3162 I thunderperf: CompatConfig.addOverrideUnsafe: bef-state=0
03-14 03:52:27.832 782 3162 I thunderperf: CompatConfig.addOverrideUnsafe: aft-state=0
03-14 03:52:27.833 782 3162 I thunderperf: CompatConfig.addOverrideUnsafe: bef-state=0
03-14 03:52:27.833 782 3162 I thunderperf: CompatConfig.addOverrideUnsafe: aft-state=0
03-14 03:52:27.834 782 3162 I thunderperf: CompatConfig.addOverrideUnsafe: bef-state=0
03-14 03:52:27.834 782 3162 I thunderperf: CompatConfig.addOverrideUnsafe: aft-state=0
03-14 03:52:27.834 782 3162 I thunderperf: CompatConfig.addOverrideUnsafe: bef-state=0
03-14 03:52:27.834 782 3162 I thunderperf: CompatConfig.addOverrideUnsafe: aft-state=0
03-14 03:52:27.834 782 3162 I thunderperf: CompatConfig.addOverrideUnsafe: bef-state=0
03-14 03:52:27.834 782 3162 I thunderperf: CompatConfig.addOverrideUnsafe: aft-state=0
03-14 03:52:27.835 782 3162 I thunderperf: CompatConfig.addOverrideUnsafe: bef-state=0
03-14 03:52:27.835 782 3162 I thunderperf: CompatConfig.addOverrideUnsafe: aft-state=0
03-14 03:52:27.835 782 3162 I thunderperf: CompatConfig.addOverrideUnsafe: bef-state=0
03-14 03:52:27.835 782 3162 I thunderperf: CompatConfig.addOverrideUnsafe: aft-state=0
03-14 03:52:27.836 782 3162 I thunderperf: CompatConfig.addOverrideUnsafe: bef-state=0
03-14 03:52:27.836 782 3162 I thunderperf: CompatConfig.addOverrideUnsafe: aft-state=0
03-14 03:52:27.836 782 3162 I thunderperf: CompatConfig.addOverrideUnsafe: bef-state=0
03-14 03:52:27.836 782 3162 I thunderperf: CompatConfig.addOverrideUnsafe: aft-state=0
03-14 03:52:27.836 782 3162 I thunderperf: CompatConfig.addOverrideUnsafe: bef-state=0
03-14 03:52:27.837 782 3162 I thunderperf: CompatConfig.addOverrideUnsafe: aft-state=0
03-14 03:52:27.837 782 3162 I thunderperf: CompatConfig.addOverrideUnsafe: bef-state=0
03-14 03:52:27.837 782 3162 I thunderperf: CompatConfig.addOverrideUnsafe: aft-state=0
03-14 03:52:27.837 782 3162 I thunderperf: CompatConfig.addOverrideUnsafe: bef-state=0
03-14 03:52:27.837 782 3162 I thunderperf: CompatConfig.addOverrideUnsafe: aft-state=0
03-14 03:52:27.838 782 3162 I thunderperf: CompatConfig.addOverrideUnsafe: bef-state=0
03-14 03:52:27.838 782 3162 I thunderperf: CompatConfig.addOverrideUnsafe: aft-state=0
03-14 03:52:27.838 782 3162 I thunderperf: CompatConfig.addOverrideUnsafe: bef-state=0
03-14 03:52:27.838 782 3162 I thunderperf: CompatConfig.addOverrideUnsafe: aft-state=0
03-14 03:52:27.843 782 3162 I ActivityTaskManager: START u0 {act=android.intent.action.MAIN cat=[android.intent.category.LAUNCHER] flg=0x10200000 cmp=com.android.music/.MusicBrowserActivity} from uid 10074
03-14 03:52:27.848 782 3162 I wm_task_created: [105,-1]
03-14 03:52:27.848 782 3162 W ActivityTaskManager: Can't find TaskDisplayArea to determine support for multi window. Task id=105 attached=false
03-14 03:52:27.849 782 3162 D FreeFormWindowHelper: finish old freeform task = ActivityRecord{f5a041a u0 com.android.music/.VideoBrowserActivity t104}
03-14 03:52:27.849 782 3162 I wm_finish_activity: [0,257557530,104,com.android.music/.VideoBrowserActivity,app-request]
03-14 03:52:27.849 782 3162 I wm_task_moved: [1,1,8]
03-14 03:52:27.850 3694 3694 I wm_on_top_resumed_lost_called: [257557530,com.android.music.VideoBrowserActivity,topStateChangedWhenResumed]
03-14 03:52:27.850 782 3162 I wm_set_resumed_activity: [0,com.android.launcher3/.uioverrides.QuickstepLauncher,positionChildAt]
03-14 03:52:27.850 782 3162 I wm_task_moved: [102,1,2147483647]
03-14 03:52:27.850 782 3162 I wm_task_to_front: [0,102]
03-14 03:52:27.850 782 3162 I wm_focused_root_task: [0,0,1,-1,finish-top adjustFocusToNextFocusableTask]
03-14 03:52:27.850 782 3162 I wm_set_resumed_activity: [0,com.android.launcher3/.uioverrides.QuickstepLauncher,finish-top]
03-14 03:52:27.858 782 3162 I wm_pause_activity: [0,257557530,com.android.music/.VideoBrowserActivity,userLeaving=false,finish]
03-14 03:52:27.859 782 3162 D FreeFormWindowHelper: Add freeform task=Task{3e609cc #105 type=standard ?? U=0 visible=false mode=freeform translucent=true sz=0}
03-14 03:52:27.861 782 3162 I wm_task_moved: [105,1,8]
03-14 03:52:27.861 782 3162 I wm_task_to_front: [0,105]
03-14 03:52:27.861 782 3162 I wm_focused_root_task: [0,0,105,1,reuseOrNewTask]
03-14 03:52:27.861 782 3162 I wm_create_task: [0,105]
03-14 03:52:27.861 782 3162 I wm_create_activity: [0,263619605,105,com.android.music/.MusicBrowserActivity,android.intent.action.MAIN,NULL,NULL,270532608]
03-14 03:52:27.861 782 3162 I wm_task_moved: [105,1,8]
03-14 03:52:27.863 3694 3694 I wm_on_paused_called: [257557530,com.android.music.VideoBrowserActivity,performPause]
03-14 03:52:27.863 782 2144 I wm_add_to_stopping: [0,257557530,com.android.music/.VideoBrowserActivity,completeFinishing]
03-14 03:52:27.863 782 2144 I ActivityTaskManager: FOREGROUND_APPLICATION_CHANGED to com.android.music.MusicBrowserActivity
03-14 03:52:27.864 782 2144 I ActivityTaskManager: The Process com.android.music Already Exists in BG. So sending its PID: 3694
03-14 03:52:27.864 782 2144 W ActivityTaskManager: Tried to set launchTime (0) < mLastActivityLaunchTime (111999)
03-14 03:52:27.865 782 2144 I wm_restart_activity: [0,263619605,105,com.android.music/.MusicBrowserActivity]
03-14 03:52:27.865 782 2144 I wm_set_resumed_activity: [0,com.android.music/.MusicBrowserActivity,minimalResumeActivityLocked]
03-14 03:52:27.870 782 825 I sysui_multi_action: [757,803,799,window_time_0,802,44]
03-14 03:52:27.883 782 1605 I input_focus: [Focus leaving e603540 com.android.music/com.android.music.VideoBrowserActivity (server),reason=NO_WINDOW]
03-14 03:52:27.888 3694 3694 I wm_on_create_called: [263619605,com.android.music.MusicBrowserActivity,performCreate]
03-14 03:52:27.893 3694 3694 I wm_on_start_called: [263619605,com.android.music.MusicBrowserActivity,handleStartActivity]
03-14 03:52:27.893 3694 3694 I wm_on_resume_called: [263619605,com.android.music.MusicBrowserActivity,RESUME_ACTIVITY]
03-14 03:52:27.895 3694 3694 I wm_on_top_resumed_gained_called: [263619605,com.android.music.MusicBrowserActivity,topStateChangedWhenResumed]
03-14 03:52:27.915 782 1973 I sysui_multi_action: [757,856,758,1,806,com.android.music,857,Channel-music,858,2]
03-14 03:52:27.915 782 1699 I GameModeConfig: isGameModeOn = false
03-14 03:52:27.915 782 1699 I GameModeConfig: isGameModeOn = false
03-14 03:52:27.915 782 1699 I GameModeConfig: isGameModeOn = false
03-14 03:52:27.915 782 1699 I GameModeConfig: isGameModeOn = false
03-14 03:52:27.915 782 1699 I GameModeConfig: isGameModeOn = false
03-14 03:52:27.917 782 782 I notification_enqueue: [10086,3694,com.android.music,1,NULL,0,Notification(channel=Channel-music shortcut=null contentView=null vibrate=null sound=null defaults=0x0 flags=0x0 color=0x00000000 category=transport actions=4 vis=PRIVATE),0]
03-14 03:52:27.918 782 782 I notification_enqueue: [10086,3694,com.android.music,1,NULL,0,Notification(channel=Channel-music shortcut=null contentView=null vibrate=null sound=null defaults=0x0 flags=0x40 color=0x00000000 category=transport actions=4 vis=PRIVATE),0]
03-14 03:52:27.919 782 782 I notification_enqueue: [10086,3694,com.android.music,1,NULL,0,Notification(channel=Channel-music shortcut=null contentView=null vibrate=null sound=null defaults=0x0 flags=0x40 color=0x00000000 category=transport actions=4 vis=PRIVATE),0]
03-14 03:52:27.920 782 782 I notification_enqueue: [10086,3694,com.android.music,1,NULL,0,Notification(channel=Channel-music shortcut=null contentView=null vibrate=null sound=null defaults=0x0 flags=0x40 color=0x00000000 category=transport actions=4 vis=PRIVATE),0]
03-14 03:52:27.920 782 1699 I GameModeConfig: isGameModeOn = false
03-14 03:52:27.920 782 1699 I GameModeConfig: isGameModeOn = false
03-14 03:52:27.920 782 1699 I GameModeConfig: isGameModeOn = false
03-14 03:52:27.920 782 1699 I GameModeConfig: isGameModeOn = false
03-14 03:52:27.920 782 1699 I GameModeConfig: isGameModeOn = false
03-14 03:52:27.921 782 1699 I GameModeConfig: isGameModeOn = false
03-14 03:52:27.921 782 1699 I GameModeConfig: isGameModeOn = false
03-14 03:52:27.921 782 1699 I GameModeConfig: isGameModeOn = false
03-14 03:52:27.921 782 1699 I GameModeConfig: isGameModeOn = false
03-14 03:52:27.921 782 1699 I GameModeConfig: isGameModeOn = false
03-14 03:52:27.922 782 782 I notification_enqueue: [10086,3694,com.android.music,1,NULL,0,Notification(channel=Channel-music shortcut=null contentView=null vibrate=null sound=null defaults=0x0 flags=0x40 color=0x00000000 category=transport actions=4 vis=PRIVATE),0]
03-14 03:52:27.922 782 782 I notification_enqueue: [10086,3694,com.android.music,1,NULL,0,Notification(channel=Channel-music shortcut=null contentView=null vibrate=null sound=null defaults=0x0 flags=0x40 color=0x00000000 category=transport actions=4 vis=PRIVATE),0]
03-14 03:52:27.925 782 2144 W WindowManager: updateScale : 0.79357797
03-14 03:52:27.926 782 826 I input_focus: [Focus request 43bb0f5 com.android.music/com.android.music.MusicBrowserActivity,reason=UpdateInputWindows]
03-14 03:52:27.933 782 826 W WindowManager: updateScale : 0.79357797
03-14 03:52:27.934 782 782 I sysui_multi_action: [757,128,758,5,759,8,793,18,794,0,795,18,796,1,806,com.android.music,857,Channel-music,858,2,947,0,1500,18,1641,transport,1688,1,1745,1043716538]
03-14 03:52:27.934 782 782 I notification_canceled: [0|com.android.music|1|null|10086,8,18,18,0,-1,-1,NULL]
03-14 03:52:27.935 782 822 I wm_activity_launch_time: [0,263619605,com.android.music/.MusicBrowserActivity,91]
03-14 03:52:27.936 782 826 W WindowManager: updateScale : 0.79357797
03-14 03:52:27.937 782 826 W WindowManager: updateScale : 0.79357797
03-14 03:52:27.950 782 2170 W WindowManager: updateScale : 0.79357797
03-14 03:52:27.950 782 1605 I input_focus: [Focus entering 43bb0f5 com.android.music/com.android.music.MusicBrowserActivity (server),reason=setFocusedWindow]
03-14 03:52:27.968 782 1973 W FreeFormWindowHelper: Current Display FreeFormTask is Task{3e609cc #105 type=standard A=10086:android.task.music U=0 visible=true mode=freeform translucent=false sz=1}
03-14 03:52:27.968 782 1973 W FreeFormWindowHelper: Current Display FreeFormTask is Task{3e609cc #105 type=standard A=10086:android.task.music U=0 visible=true mode=freeform translucent=false sz=1}
03-14 03:52:28.117 782 782 I NotificationService: Cannot find enqueued record for key: 0|com.android.music|1|null|10086
03-14 03:52:28.118 782 782 I NotificationService: Cannot find enqueued record for key: 0|com.android.music|1|null|10086
03-14 03:52:28.119 782 782 I NotificationService: Cannot find enqueued record for key: 0|com.android.music|1|null|10086
03-14 03:52:28.120 782 782 I NotificationService: Cannot find enqueued record for key: 0|com.android.music|1|null|10086
03-14 03:52:28.122 782 782 I NotificationService: Cannot find enqueued record for key: 0|com.android.music|1|null|10086
03-14 03:52:28.123 782 782 I NotificationService: Cannot find enqueued record for key: 0|com.android.music|1|null|10086
03-14 03:52:28.167 782 824 I commit_sys_config_file: [notification-policy,83946]
03-14 03:52:28.217 782 826 W WindowManager: updateScale : 0.79357797
03-14 03:52:28.218 782 825 I wm_destroy_activity: [0,257557530,104,com.android.music/.VideoBrowserActivity,finish-imm:idle]
03-14 03:52:28.218 782 1973 W WindowManager: updateScale : 0.79357797
03-14 03:52:28.220 3694 3694 I wm_on_stop_called: [257557530,com.android.music.VideoBrowserActivity,LIFECYCLER_STOP_ACTIVITY]
03-14 03:52:28.220 3694 3694 I wm_on_destroy_called: [257557530,com.android.music.VideoBrowserActivity,performDestroy]
03-14 03:52:28.221 782 1973 W WindowManager: updateScale : 0.79357797
03-14 03:52:28.222 782 1973 I wm_task_removed: [104,removeChild:removeChild last r=ActivityRecord{f5a041a u0 com.android.music/.VideoBrowserActivity t-1 f}} in t=Task{f8922c5 #104 type=standard A=10086:android.task.video U=0 visible=false mode=freeform translucent=true sz=0}]
03-14 03:52:28.222 782 1973 I wm_task_removed: [104,removeChild]
03-14 03:52:28.586 782 872 I am_uid_idle: 10021
03-14 03:52:29.069 782 1678 W FreeFormWindowHelper: Current Display FreeFormTask is Task{3e609cc #105 type=standard A=10086:android.task.music U=0 visible=true mode=freeform translucent=false sz=1}
03-14 03:52:29.069 782 1678 W FreeFormWindowHelper: Current Display FreeFormTask is Task{3e609cc #105 type=standard A=10086:android.task.music U=0 visible=true mode=freeform translucent=false sz=1}
03-14 03:52:29.070 782 2170 W FreeFormWindowHelper: Current Display FreeFormTask is Task{3e609cc #105 type=standard A=10086:android.task.music U=0 visible=true mode=freeform translucent=false sz=1}
03-14 03:52:29.077 782 822 D AutofillManagerService: Close system dialogs
03-14 03:52:29.077 782 1973 W FreeFormWindowHelper: Current Display FreeFormTask is Task{3e609cc #105 type=standard A=10086:android.task.music U=0 visible=true mode=freeform translucent=false sz=1}
03-14 03:52:29.077 782 1973 W FreeFormWindowHelper: Current Display FreeFormTask is Task{3e609cc #105 type=standard A=10086:android.task.music U=0 visible=true mode=freeform translucent=false sz=1}
03-14 03:52:29.078 2646 2646 I view_enqueue_input_event: [Motion - Cancel,com.android.launcher3/com.android.launcher3.uioverrides.QuickstepLauncher]
03-14 03:52:29.078 782 1973 W FreeFormWindowHelper: Current Display FreeFormTask is Task{3e609cc #105 type=standard A=10086:android.task.music U=0 visible=true mode=freeform translucent=false sz=1}
03-14 03:52:29.080 782 2170 W FreeFormWindowHelper: Current Display FreeFormTask is Task{3e609cc #105 type=standard A=10086:android.task.music U=0 visible=true mode=freeform translucent=false sz=1}
03-14 03:52:29.081 782 1605 I input_interaction: Interaction with: edge-swipe (server), swipe-up (server), PointerEventDispatcher0 (server),
03-14 03:52:29.086 782 1973 W FreeFormWindowHelper: Current Display FreeFormTask is Task{3e609cc #105 type=standard A=10086:android.task.music U=0 visible=true mode=freeform translucent=false sz=1}
03-14 03:52:29.086 782 1973 W FreeFormWindowHelper: Current Display FreeFormTask is Task{3e609cc #105 type=standard A=10086:android.task.music U=0 visible=true mode=freeform translucent=false sz=1}
03-14 03:52:29.102 782 1678 W FreeFormWindowHelper: Current Display FreeFormTask is Task{3e609cc #105 type=standard A=10086:android.task.music U=0 visible=true mode=freeform translucent=false sz=1}
03-14 03:52:29.102 782 1678 W FreeFormWindowHelper: Current Display FreeFormTask is Task{3e609cc #105 type=standard A=10086:android.task.music U=0 visible=true mode=freeform translucent=false sz=1}
03-14 03:52:29.117 782 2170 W FreeFormWindowHelper: Current Display FreeFormTask is Task{3e609cc #105 type=standard A=10086:android.task.music U=0 visible=true mode=freeform translucent=false sz=1}
03-14 03:52:29.117 782 2170 W FreeFormWindowHelper: Current Display FreeFormTask is Task{3e609cc #105 type=standard A=10086:android.task.music U=0 visible=true mode=freeform translucent=false sz=1}
03-14 03:52:29.270 782 1331 I commit_sys_config_file: [settings-1-0,1]
03-14 03:52:29.485 782 1973 W FreeFormWindowHelper: Current Display FreeFormTask is Task{3e609cc #105 type=standard A=10086:android.task.music U=0 visible=true mode=freeform translucent=false sz=1}
03-14 03:52:29.485 782 1973 W FreeFormWindowHelper: Current Display FreeFormTask is Task{3e609cc #105 type=standard A=10086:android.task.music U=0 visible=true mode=freeform translucent=false sz=1}
03-14 03:52:29.502 782 1973 W FreeFormWindowHelper: Current Display FreeFormTask is Task{3e609cc #105 type=standard A=10086:android.task.music U=0 visible=true mode=freeform translucent=false sz=1}
03-14 03:52:29.502 782 1973 W FreeFormWindowHelper: Current Display FreeFormTask is Task{3e609cc #105 type=standard A=10086:android.task.music U=0 visible=true mode=freeform translucent=false sz=1}
03-14 03:52:29.519 782 1973 W FreeFormWindowHelper: Current Display FreeFormTask is Task{3e609cc #105 type=standard A=10086:android.task.music U=0 visible=true mode=freeform translucent=false sz=1}
03-14 03:52:29.519 782 1973 W FreeFormWindowHelper: Current Display FreeFormTask is Task{3e609cc #105 type=standard A=10086:android.task.music U=0 visible=true mode=freeform translucent=false sz=1}
03-14 03:52:29.535 782 1973 W FreeFormWindowHelper: Current Display FreeFormTask is Task{3e609cc #105 type=standard A=10086:android.task.music U=0 visible=true mode=freeform translucent=false sz=1}
03-14 03:52:29.536 782 1973 W FreeFormWindowHelper: Current Display FreeFormTask is Task{3e609cc #105 type=standard A=10086:android.task.music U=0 visible=true mode=freeform translucent=false sz=1}
03-14 03:52:29.552 782 2170 W FreeFormWindowHelper: Current Display FreeFormTask is Task{3e609cc #105 type=standard A=10086:android.task.music U=0 visible=true mode=freeform translucent=false sz=1}
03-14 03:52:29.552 782 2170 W FreeFormWindowHelper: Current Display FreeFormTask is Task{3e609cc #105 type=standard A=10086:android.task.music U=0 visible=true mode=freeform translucent=false sz=1}
