03-14 03:56:14.658 782 1952 E DisplayDeviceConfig: requesting nits when no mapping exists.
03-14 03:56:14.659 782 1952 E DisplayDeviceConfig: requesting nits when no mapping exists.
03-14 03:56:14.659 782 872 I am_wtf : [0,782,system_server,-1,DisplayDeviceConfig,requesting nits when no mapping exists.]
03-14 03:56:14.659 782 872 I am_wtf : [0,782,system_server,-1,DisplayDeviceConfig,requesting nits when no mapping exists.]
03-14 03:56:14.675 782 1952 E DisplayDeviceConfig: requesting nits when no mapping exists.
03-14 03:56:14.675 782 1952 E DisplayDeviceConfig: requesting nits when no mapping exists.
03-14 03:56:14.676 782 872 I am_wtf : [0,782,system_server,-1,DisplayDeviceConfig,requesting nits when no mapping exists.]
03-14 03:56:14.677 782 872 I am_wtf : [0,782,system_server,-1,DisplayDeviceConfig,requesting nits when no mapping exists.]
03-14 03:56:14.691 782 1952 E DisplayDeviceConfig: requesting nits when no mapping exists.
03-14 03:56:14.692 782 1952 E DisplayDeviceConfig: requesting nits when no mapping exists.
03-14 03:56:14.692 782 872 I am_wtf : [0,782,system_server,-1,DisplayDeviceConfig,requesting nits when no mapping exists.]
03-14 03:56:14.694 782 872 I am_wtf : [0,782,system_server,-1,DisplayDeviceConfig,requesting nits when no mapping exists.]
03-14 03:56:14.709 782 1952 E DisplayDeviceConfig: requesting nits when no mapping exists.
03-14 03:56:14.709 782 1952 E DisplayDeviceConfig: requesting nits when no mapping exists.
03-14 03:56:14.709 782 872 I am_wtf : [0,782,system_server,-1,DisplayDeviceConfig,requesting nits when no mapping exists.]
03-14 03:56:14.710 782 872 I am_wtf : [0,782,system_server,-1,DisplayDeviceConfig,requesting nits when no mapping exists.]
03-14 03:56:14.725 782 1952 E DisplayDeviceConfig: requesting nits when no mapping exists.
03-14 03:56:14.725 782 1952 E DisplayDeviceConfig: requesting nits when no mapping exists.
03-14 03:56:14.725 782 872 I am_wtf : [0,782,system_server,-1,DisplayDeviceConfig,requesting nits when no mapping exists.]
03-14 03:56:14.726 782 872 I am_wtf : [0,782,system_server,-1,DisplayDeviceConfig,requesting nits when no mapping exists.]
03-14 03:56:14.741 782 1952 E DisplayDeviceConfig: requesting nits when no mapping exists.
03-14 03:56:14.742 782 1952 E DisplayDeviceConfig: requesting nits when no mapping exists.
03-14 03:56:14.742 782 872 I am_wtf : [0,782,system_server,-1,DisplayDeviceConfig,requesting nits when no mapping exists.]
03-14 03:56:14.742 782 872 I am_wtf : [0,782,system_server,-1,DisplayDeviceConfig,requesting nits when no mapping exists.]
03-14 03:56:14.758 782 1952 E DisplayDeviceConfig: requesting nits when no mapping exists.
03-14 03:56:14.759 782 1952 E DisplayDeviceConfig: requesting nits when no mapping exists.
03-14 03:56:14.759 782 872 I am_wtf : [0,782,system_server,-1,DisplayDeviceConfig,requesting nits when no mapping exists.]
03-14 03:56:14.760 782 872 I am_wtf : [0,782,system_server,-1,DisplayDeviceConfig,requesting nits when no mapping exists.]
03-14 03:56:14.775 782 1952 E DisplayDeviceConfig: requesting nits when no mapping exists.
03-14 03:56:14.775 782 1952 E DisplayDeviceConfig: requesting nits when no mapping exists.
03-14 03:56:14.776 782 872 I am_wtf : [0,782,system_server,-1,DisplayDeviceConfig,requesting nits when no mapping exists.]
03-14 03:56:14.776 782 872 I am_wtf : [0,782,system_server,-1,DisplayDeviceConfig,requesting nits when no mapping exists.]
03-14 03:56:14.792 782 1952 E DisplayDeviceConfig: requesting nits when no mapping exists.
03-14 03:56:14.792 782 1952 E DisplayDeviceConfig: requesting nits when no mapping exists.
03-14 03:56:14.792 782 872 I am_wtf : [0,782,system_server,-1,DisplayDeviceConfig,requesting nits when no mapping exists.]
03-14 03:56:14.793 782 872 I am_wtf : [0,782,system_server,-1,DisplayDeviceConfig,requesting nits when no mapping exists.]
03-14 03:56:14.808 782 1952 E DisplayDeviceConfig: requesting nits when no mapping exists.
03-14 03:56:14.808 782 1952 E DisplayDeviceConfig: requesting nits when no mapping exists.
03-14 03:56:14.808 782 872 I am_wtf : [0,782,system_server,-1,DisplayDeviceConfig,requesting nits when no mapping exists.]
03-14 03:56:14.809 782 872 I am_wtf : [0,782,system_server,-1,DisplayDeviceConfig,requesting nits when no mapping exists.]
03-14 03:56:14.825 782 1952 E DisplayDeviceConfig: requesting nits when no mapping exists.
03-14 03:56:14.826 782 1952 E DisplayDeviceConfig: requesting nits when no mapping exists.
03-14 03:56:14.826 782 872 I am_wtf : [0,782,system_server,-1,DisplayDeviceConfig,requesting nits when no mapping exists.]
03-14 03:56:14.826 782 872 I am_wtf : [0,782,system_server,-1,DisplayDeviceConfig,requesting nits when no mapping exists.]
03-14 03:56:14.842 782 1952 E DisplayDeviceConfig: requesting nits when no mapping exists.
03-14 03:56:14.842 782 1952 E DisplayDeviceConfig: requesting nits when no mapping exists.
03-14 03:56:14.842 782 872 I am_wtf : [0,782,system_server,-1,DisplayDeviceConfig,requesting nits when no mapping exists.]
03-14 03:56:14.842 782 872 I am_wtf : [0,782,system_server,-1,DisplayDeviceConfig,requesting nits when no mapping exists.]
03-14 03:56:14.858 782 1952 E DisplayDeviceConfig: requesting nits when no mapping exists.
03-14 03:56:14.858 782 1952 E DisplayDeviceConfig: requesting nits when no mapping exists.
03-14 03:56:14.858 782 872 I am_wtf : [0,782,system_server,-1,DisplayDeviceConfig,requesting nits when no mapping exists.]
03-14 03:56:14.859 782 872 I am_wtf : [0,782,system_server,-1,DisplayDeviceConfig,requesting nits when no mapping exists.]
03-14 03:56:14.875 782 1952 E DisplayDeviceConfig: requesting nits when no mapping exists.
03-14 03:56:14.876 782 1952 E DisplayDeviceConfig: requesting nits when no mapping exists.
03-14 03:56:14.877 782 872 I am_wtf : [0,782,system_server,-1,DisplayDeviceConfig,requesting nits when no mapping exists.]
03-14 03:56:14.878 782 872 I am_wtf : [0,782,system_server,-1,DisplayDeviceConfig,requesting nits when no mapping exists.]
03-14 03:56:14.892 782 1952 E DisplayDeviceConfig: requesting nits when no mapping exists.
03-14 03:56:14.892 782 872 I am_wtf : [0,782,system_server,-1,DisplayDeviceConfig,requesting nits when no mapping exists.]
03-14 03:56:14.892 782 1952 E DisplayDeviceConfig: requesting nits when no mapping exists.
03-14 03:56:14.893 782 872 I am_wtf : [0,782,system_server,-1,DisplayDeviceConfig,requesting nits when no mapping exists.]
03-14 03:56:14.909 782 1952 E DisplayDeviceConfig: requesting nits when no mapping exists.
03-14 03:56:14.909 782 1952 E DisplayDeviceConfig: requesting nits when no mapping exists.
03-14 03:56:14.909 782 872 I am_wtf : [0,782,system_server,-1,DisplayDeviceConfig,requesting nits when no mapping exists.]
03-14 03:56:14.910 782 872 I am_wtf : [0,782,system_server,-1,DisplayDeviceConfig,requesting nits when no mapping exists.]
03-14 03:56:14.925 782 1952 E DisplayDeviceConfig: requesting nits when no mapping exists.
03-14 03:56:14.925 782 872 I am_wtf : [0,782,system_server,-1,DisplayDeviceConfig,requesting nits when no mapping exists.]
03-14 03:56:14.925 782 1952 E DisplayDeviceConfig: requesting nits when no mapping exists.
03-14 03:56:14.926 782 872 I am_wtf : [0,782,system_server,-1,DisplayDeviceConfig,requesting nits when no mapping exists.]
03-14 03:56:14.942 782 1952 E DisplayDeviceConfig: requesting nits when no mapping exists.
03-14 03:56:14.942 782 872 I am_wtf : [0,782,system_server,-1,DisplayDeviceConfig,requesting nits when no mapping exists.]
03-14 03:56:14.942 782 1952 E DisplayDeviceConfig: requesting nits when no mapping exists.
03-14 03:56:14.943 782 872 I am_wtf : [0,782,system_server,-1,DisplayDeviceConfig,requesting nits when no mapping exists.]
03-14 03:56:14.958 782 1952 E DisplayDeviceConfig: requesting nits when no mapping exists.
03-14 03:56:14.959 782 1952 E DisplayDeviceConfig: requesting nits when no mapping exists.
03-14 03:56:14.959 782 872 I am_wtf : [0,782,system_server,-1,DisplayDeviceConfig,requesting nits when no mapping exists.]
03-14 03:56:14.960 782 872 I am_wtf : [0,782,system_server,-1,DisplayDeviceConfig,requesting nits when no mapping exists.]
03-14 03:56:14.975 782 1952 E DisplayDeviceConfig: requesting nits when no mapping exists.
03-14 03:56:14.976 782 1952 E DisplayDeviceConfig: requesting nits when no mapping exists.
03-14 03:56:14.976 782 872 I am_wtf : [0,782,system_server,-1,DisplayDeviceConfig,requesting nits when no mapping exists.]
03-14 03:56:14.977 782 872 I am_wtf : [0,782,system_server,-1,DisplayDeviceConfig,requesting nits when no mapping exists.]
03-14 03:56:14.992 782 1952 E DisplayDeviceConfig: requesting nits when no mapping exists.
03-14 03:56:14.992 782 1952 E DisplayDeviceConfig: requesting nits when no mapping exists.
03-14 03:56:14.992 782 872 I am_wtf : [0,782,system_server,-1,DisplayDeviceConfig,requesting nits when no mapping exists.]
03-14 03:56:14.993 782 872 I am_wtf : [0,782,system_server,-1,DisplayDeviceConfig,requesting nits when no mapping exists.]
03-14 03:56:15.009 782 1952 E DisplayDeviceConfig: requesting nits when no mapping exists.
03-14 03:56:15.009 782 1952 E DisplayDeviceConfig: requesting nits when no mapping exists.
03-14 03:56:15.009 782 872 I am_wtf : [0,782,system_server,-1,DisplayDeviceConfig,requesting nits when no mapping exists.]
03-14 03:56:15.009 782 872 I am_wtf : [0,782,system_server,-1,DisplayDeviceConfig,requesting nits when no mapping exists.]
03-14 03:56:15.026 782 1952 E DisplayDeviceConfig: requesting nits when no mapping exists.
03-14 03:56:15.026 782 1952 E DisplayDeviceConfig: requesting nits when no mapping exists.
03-14 03:56:15.026 782 872 I am_wtf : [0,782,system_server,-1,DisplayDeviceConfig,requesting nits when no mapping exists.]
03-14 03:56:15.027 782 872 I am_wtf : [0,782,system_server,-1,DisplayDeviceConfig,requesting nits when no mapping exists.]
03-14 03:56:15.042 782 1952 E DisplayDeviceConfig: requesting nits when no mapping exists.
03-14 03:56:15.043 782 1952 E DisplayDeviceConfig: requesting nits when no mapping exists.
03-14 03:56:15.043 782 872 I am_wtf : [0,782,system_server,-1,DisplayDeviceConfig,requesting nits when no mapping exists.]
03-14 03:56:15.043 782 872 I am_wtf : [0,782,system_server,-1,DisplayDeviceConfig,requesting nits when no mapping exists.]
03-14 03:56:15.059 782 1952 E DisplayDeviceConfig: requesting nits when no mapping exists.
03-14 03:56:15.059 782 1952 E DisplayDeviceConfig: requesting nits when no mapping exists.
03-14 03:56:15.059 782 872 I am_wtf : [0,782,system_server,-1,DisplayDeviceConfig,requesting nits when no mapping exists.]
03-14 03:56:15.061 782 872 I am_wtf : [0,782,system_server,-1,DisplayDeviceConfig,requesting nits when no mapping exists.]
03-14 03:56:15.075 782 1952 E DisplayDeviceConfig: requesting nits when no mapping exists.
03-14 03:56:15.076 782 1952 E DisplayDeviceConfig: requesting nits when no mapping exists.
03-14 03:56:15.076 782 872 I am_wtf : [0,782,system_server,-1,DisplayDeviceConfig,requesting nits when no mapping exists.]
03-14 03:56:15.077 782 872 I am_wtf : [0,782,system_server,-1,DisplayDeviceConfig,requesting nits when no mapping exists.]
03-14 03:56:15.092 782 1952 E DisplayDeviceConfig: requesting nits when no mapping exists.
03-14 03:56:15.093 782 1952 E DisplayDeviceConfig: requesting nits when no mapping exists.
03-14 03:56:15.093 782 872 I am_wtf : [0,782,system_server,-1,DisplayDeviceConfig,requesting nits when no mapping exists.]
03-14 03:56:15.094 782 872 I am_wtf : [0,782,system_server,-1,DisplayDeviceConfig,requesting nits when no mapping exists.]
03-14 03:56:15.299 3694 3694 I view_enqueue_input_event: [Motion - Cancel,com.android.music/com.android.music.MusicBrowserActivity]
03-14 03:56:15.304 782 1605 I input_interaction: Interaction with: WindowManager (server), edge-swipe (server), swipe-up (server), PointerEventDispatcher0 (server),
03-14 03:56:15.313 782 826 D FreeFormWindowHelper: refreshTipWindow mTipWindowTitle : freeform_top_right_tip_window
03-14 03:56:15.316 782 826 I ActivityTaskManager: clear resize flag in freeform mode
03-14 03:56:15.316 782 826 W WindowManager: updateScale : 0.79357797
03-14 03:56:15.331 782 826 D FreeFormWindowHelper: refreshTipWindow mTipWindowTitle : freeform_top_right_tip_window
03-14 03:56:15.332 782 826 I ActivityTaskManager: clear resize flag in freeform mode
03-14 03:56:15.332 782 826 W WindowManager: updateScale : 0.79357797
03-14 03:56:15.345 782 2679 W WindowManager: updateScale : 0.79357797
03-14 03:56:15.348 782 826 D FreeFormWindowHelper: refreshTipWindow mTipWindowTitle : freeform_top_right_tip_window
03-14 03:56:15.348 782 826 I ActivityTaskManager: clear resize flag in freeform mode
03-14 03:56:15.349 782 826 W WindowManager: updateScale : 0.79357797
03-14 03:56:15.364 782 826 D FreeFormWindowHelper: refreshTipWindow mTipWindowTitle : freeform_top_right_tip_window
03-14 03:56:15.365 782 826 I ActivityTaskManager: clear resize flag in freeform mode
03-14 03:56:15.366 782 826 W WindowManager: updateScale : 0.79357797
03-14 03:56:15.398 782 826 D FreeFormWindowHelper: refreshTipWindow mTipWindowTitle : freeform_top_right_tip_window
03-14 03:56:15.399 782 826 I ActivityTaskManager: clear resize flag in freeform mode
03-14 03:56:15.401 782 826 W WindowManager: updateScale : 0.79357797
03-14 03:56:15.412 782 3182 W WindowManager: updateScale : 0.79357797
03-14 03:56:15.431 782 826 D FreeFormWindowHelper: refreshTipWindow mTipWindowTitle : freeform_top_right_tip_window
03-14 03:56:15.432 782 826 I ActivityTaskManager: clear resize flag in freeform mode
03-14 03:56:15.433 782 826 W WindowManager: updateScale : 0.79357797
03-14 03:56:15.448 782 826 D FreeFormWindowHelper: refreshTipWindow mTipWindowTitle : freeform_top_right_tip_window
03-14 03:56:15.449 782 826 I ActivityTaskManager: clear resize flag in freeform mode
03-14 03:56:15.449 782 826 W WindowManager: updateScale : 0.79357797
03-14 03:56:15.479 782 3182 W WindowManager: updateScale : 0.79357797
03-14 03:56:15.853 782 826 D WindowManager: updateWindowDragBounds: mIsSwipeYfalse
03-14 03:56:15.853 782 826 D WindowManager: updateWindowDragBounds: mIsTopfalse
03-14 03:56:15.885 782 827 I ActivityTaskManager: clear resize flag in freeform mode
03-14 03:56:15.886 782 827 W WindowManager: updateScale : 0.7262997
03-14 03:56:15.887 782 827 W WindowManager: updateScale : 0.7262997
03-14 03:56:15.889 782 3182 W ActivityManager: Receiver with filter android.content.IntentFilter@aff3ecc already registered for pid 3694, callerPackage is com.android.music
03-14 03:56:15.897 782 3182 W WindowManager: updateScale : 0.7262997
03-14 03:56:15.900 782 827 I ActivityTaskManager: clear resize flag in freeform mode
03-14 03:56:15.901 782 827 W WindowManager: updateScale : 0.6727829
03-14 03:56:15.916 782 2144 W ActivityManager: Receiver with filter android.content.IntentFilter@1981515 already registered for pid 3694, callerPackage is com.android.music
03-14 03:56:15.917 782 827 I ActivityTaskManager: clear resize flag in freeform mode
03-14 03:56:15.917 782 827 W WindowManager: updateScale : 0.6284404
03-14 03:56:15.935 782 827 I ActivityTaskManager: clear resize flag in freeform mode
03-14 03:56:15.935 782 827 W WindowManager: updateScale : 0.5902141
03-14 03:56:15.950 782 827 I ActivityTaskManager: clear resize flag in freeform mode
03-14 03:56:15.950 782 827 W WindowManager: updateScale : 0.559633
03-14 03:56:15.958 782 2679 W ActivityManager: Receiver with filter android.content.IntentFilter@ed1fa82 already registered for pid 3694, callerPackage is com.android.music
03-14 03:56:15.967 782 827 I ActivityTaskManager: clear resize flag in freeform mode
03-14 03:56:15.967 782 827 W WindowManager: updateScale : 0.5351682
01-01 08:05:49.351 0 0 E DTC_ETH,link_delay_work_func: 3003, SQI=0, link=0
03-14 03:56:15.975 782 1678 W ActivityManager: Receiver with filter android.content.IntentFilter@d6d42e8 already registered for pid 3694, callerPackage is com.android.music
03-14 03:56:15.978 782 1699 I GameModeConfig: isGameModeOn = false
03-14 03:56:15.979 782 1699 I GameModeConfig: isGameModeOn = false
03-14 03:56:15.979 782 1699 I GameModeConfig: isGameModeOn = false
03-14 03:56:15.979 782 1699 I GameModeConfig: isGameModeOn = false
03-14 03:56:15.980 782 782 I notification_enqueue: [10086,3694,com.android.music,1,NULL,0,Notification(channel=Channel-music shortcut=null contentView=null vibrate=null sound=null defaults=0x0 flags=0x40 color=0x00000000 category=transport actions=4 vis=PRIVATE),1]
03-14 03:56:15.980 782 830 I am_pss : [4407,10074,com.android.launcher3,149180416,134160384,0,293527552,0,2,10]
03-14 03:56:15.982 782 782 I notification_enqueue: [10086,3694,com.android.music,1,NULL,0,Notification(channel=Channel-music shortcut=null contentView=null vibrate=null sound=null defaults=0x0 flags=0x40 color=0x00000000 category=transport actions=4 vis=PRIVATE),1]
03-14 03:56:15.983 782 827 I ActivityTaskManager: clear resize flag in freeform mode
03-14 03:56:15.983 782 827 W WindowManager: updateScale : 0.5152905
03-14 03:56:15.989 782 830 I am_pss : [3694,10086,com.android.music,46484480,40390656,0,166920192,0,2,7]
03-14 03:56:15.990 782 1678 W ActivityManager: Receiver with filter android.content.IntentFilter@c5a132c already registered for pid 3694, callerPackage is com.android.music
03-14 03:56:15.991 782 1678 W WindowManager: updateScale : 0.5152905
03-14 03:56:16.000 782 827 I ActivityTaskManager: clear resize flag in freeform mode
03-14 03:56:16.000 782 827 W WindowManager: updateScale : 0.5
03-14 03:56:16.001 782 1678 W WindowManager: updateScale : 0.5
03-14 03:56:16.013 782 1678 W ActivityManager: Receiver with filter android.content.IntentFilter@99e9f5c already registered for pid 3694, callerPackage is com.android.music
03-14 03:56:16.014 782 1678 W WindowManager: updateScale : 0.5
03-14 03:56:16.016 782 827 I ActivityTaskManager: clear resize flag in freeform mode
03-14 03:56:16.017 782 827 W WindowManager: updateScale : 0.48623854
03-14 03:56:16.017 782 1678 W ActivityManager: Receiver with filter android.content.IntentFilter@a401265 already registered for pid 3694, callerPackage is com.android.music
03-14 03:56:16.029 782 1678 W WindowManager: updateScale : 0.48623854
03-14 03:56:16.033 782 827 I ActivityTaskManager: clear resize flag in freeform mode
03-14 03:56:16.033 782 827 W WindowManager: updateScale : 0.47859326
03-14 03:56:16.046 782 1678 W ActivityManager: Receiver with filter android.content.IntentFilter@200cb3a already registered for pid 3694, callerPackage is com.android.music
03-14 03:56:16.050 782 827 I ActivityTaskManager: clear resize flag in freeform mode
03-14 03:56:16.051 782 827 W WindowManager: updateScale : 0.470948
03-14 03:56:16.063 782 1678 W WindowManager: updateScale : 0.470948
03-14 03:56:16.067 782 827 I ActivityTaskManager: clear resize flag in freeform mode
03-14 03:56:16.068 782 827 W WindowManager: updateScale : 0.46636087
03-14 03:56:16.075 782 3182 W ActivityManager: Receiver with filter android.content.IntentFilter@11e63eb already registered for pid 3694, callerPackage is com.android.music
03-14 03:56:16.079 782 3182 W WindowManager: updateScale : 0.46636087
03-14 03:56:16.084 782 827 I ActivityTaskManager: clear resize flag in freeform mode
03-14 03:56:16.085 782 827 W WindowManager: updateScale : 0.46330276
03-14 03:56:16.092 782 3182 W ActivityManager: Receiver with filter android.content.IntentFilter@f245548 already registered for pid 3694, callerPackage is com.android.music
03-14 03:56:16.096 782 3182 W WindowManager: updateScale : 0.46330276
03-14 03:56:16.101 782 827 I ActivityTaskManager: clear resize flag in freeform mode
03-14 03:56:16.101 782 827 W WindowManager: updateScale : 0.46024466
03-14 03:56:16.108 782 3182 W ActivityManager: Receiver with filter android.content.IntentFilter@2246fe1 already registered for pid 3694, callerPackage is com.android.music
03-14 03:56:16.113 782 3182 W WindowManager: updateScale : 0.46024466
03-14 03:56:16.117 782 827 I ActivityTaskManager: clear resize flag in freeform mode
03-14 03:56:16.118 782 827 W WindowManager: updateScale : 0.4587156
03-14 03:56:16.133 782 827 I ActivityTaskManager: clear resize flag in freeform mode
03-14 03:56:16.134 782 827 W WindowManager: updateScale : 0.45718655
03-14 03:56:16.146 782 2149 W ActivityManager: Receiver with filter android.content.IntentFilter@e7c8ade already registered for pid 3694, callerPackage is com.android.music
03-14 03:56:16.147 782 2149 W WindowManager: updateScale : 0.45718655
03-14 03:56:16.150 782 827 I ActivityTaskManager: clear resize flag in freeform mode
03-14 03:56:16.150 782 827 W WindowManager: updateScale : 0.45565748
03-14 03:56:16.153 782 2149 W ActivityManager: Receiver with filter android.content.IntentFilter@30af4bf already registered for pid 3694, callerPackage is com.android.music
03-14 03:56:16.166 782 1699 I GameModeConfig: isGameModeOn = false
03-14 03:56:16.166 782 1699 I GameModeConfig: isGameModeOn = false
03-14 03:56:16.167 782 1699 I GameModeConfig: isGameModeOn = false
03-14 03:56:16.167 782 1699 I GameModeConfig: isGameModeOn = false
03-14 03:56:16.167 782 827 I ActivityTaskManager: clear resize flag in freeform mode
03-14 03:56:16.167 782 827 W WindowManager: updateScale : 0.45565748
03-14 03:56:16.168 782 782 I notification_enqueue: [10086,3694,com.android.music,1,NULL,0,Notification(channel=Channel-music shortcut=null contentView=null vibrate=null sound=null defaults=0x0 flags=0x40 color=0x00000000 category=transport actions=4 vis=PRIVATE),1]
03-14 03:56:16.171 782 782 I notification_enqueue: [10086,3694,com.android.music,1,NULL,0,Notification(channel=Channel-music shortcut=null contentView=null vibrate=null sound=null defaults=0x0 flags=0x40 color=0x00000000 category=transport actions=4 vis=PRIVATE),1]
03-14 03:56:16.179 782 3182 W WindowManager: updateScale : 0.45565748
03-14 03:56:16.181 782 782 I GameModeConfig: isGameModeOn = false
03-14 03:56:16.184 782 782 I GameModeConfig: isGameModeOn = false
03-14 03:56:16.196 782 3182 W WindowManager: updateScale : 0.45565748
03-14 03:56:16.369 782 782 I GameModeConfig: isGameModeOn = false
03-14 03:56:16.371 782 782 I GameModeConfig: isGameModeOn = false
03-14 03:56:16.943 782 1605 I input_interaction: Interaction with: 6b182e5 com.android.music/com.android.music.MusicBrowserActivity (server), edge-swipe (server), swipe-up (server), PointerEventDispatcher0 (server),
03-14 03:56:16.944 782 782 I service_manager_stats: [143,72,6078]
03-14 03:56:17.105 3694 3694 I view_enqueue_input_event: [Motion - Cancel,com.android.music/com.android.music.MusicBrowserActivity]
03-14 03:56:17.106 782 1605 I input_interaction: Interaction with: WindowManager (server), edge-swipe (server), swipe-up (server), PointerEventDispatcher0 (server),
03-14 03:56:17.120 782 826 I ActivityTaskManager: clear resize flag in freeform mode
03-14 03:56:17.121 782 826 W WindowManager: updateScale : 0.45565748
03-14 03:56:17.153 782 826 I ActivityTaskManager: clear resize flag in freeform mode
03-14 03:56:17.154 782 826 W WindowManager: updateScale : 0.45565748
03-14 03:56:17.203 782 826 I ActivityTaskManager: clear resize flag in freeform mode
03-14 03:56:17.205 782 826 W WindowManager: updateScale : 0.45565748
03-14 03:56:17.353 782 826 D WindowManager: updateWindowDragBounds: mIsSwipeYfalse
03-14 03:56:17.353 782 826 D WindowManager: updateWindowDragBounds: mIsTopfalse
03-14 03:56:17.388 782 827 I ActivityTaskManager: clear resize flag in freeform mode
03-14 03:56:17.389 782 827 W WindowManager: updateScale : 0.45565748
03-14 03:56:17.420 782 827 I ActivityTaskManager: clear resize flag in freeform mode
03-14 03:56:17.421 782 827 W WindowManager: updateScale : 0.45565748
03-14 03:56:17.433 782 2149 W WindowManager: updateScale : 0.45565748
03-14 03:56:17.454 782 827 I ActivityTaskManager: clear resize flag in freeform mode
03-14 03:56:17.454 782 827 W WindowManager: updateScale : 0.45565748
03-14 03:56:17.522 782 827 I ActivityTaskManager: clear resize flag in freeform mode
03-14 03:56:17.523 782 827 W WindowManager: updateScale : 0.45565748
03-14 03:56:17.795 782 1605 I input_interaction: Interaction with: 6b182e5 com.android.music/com.android.music.MusicBrowserActivity (server), edge-swipe (server), swipe-up (server), PointerEventDispatcher0 (server),
03-14 03:56:18.173 782 827 I ActivityTaskManager: clear resize flag in freeform mode
03-14 03:56:18.174 782 827 W WindowManager: updateScale : 0.5229358
03-14 03:56:18.177 782 3182 W ActivityManager: Receiver with filter android.content.IntentFilter@6c440a2 already registered for pid 3694, callerPackage is com.android.music
03-14 03:56:18.193 782 827 I ActivityTaskManager: clear resize flag in freeform mode
03-14 03:56:18.195 782 827 W WindowManager: updateScale : 0.5733945
03-14 03:56:18.208 782 827 I ActivityTaskManager: clear resize flag in freeform mode
03-14 03:56:18.209 782 827 W WindowManager: updateScale : 0.62079513
03-14 03:56:18.223 782 827 I ActivityTaskManager: clear resize flag in freeform mode
03-14 03:56:18.223 782 827 W WindowManager: updateScale : 0.6590214
03-14 03:56:18.239 782 827 I ActivityTaskManager: clear resize flag in freeform mode
03-14 03:56:18.240 782 827 W WindowManager: updateScale : 0.68960243
03-14 03:56:18.256 782 827 I ActivityTaskManager: clear resize flag in freeform mode
03-14 03:56:18.257 782 827 W WindowManager: updateScale : 0.71253824
03-14 03:56:18.261 782 1678 W WindowManager: updateScale : 0.71253824
03-14 03:56:18.269 782 1678 W ActivityManager: Receiver with filter android.content.IntentFilter@c289220 already registered for pid 3694, callerPackage is com.android.music
03-14 03:56:18.269 782 1699 I GameModeConfig: isGameModeOn = false
03-14 03:56:18.269 782 1699 I GameModeConfig: isGameModeOn = false
03-14 03:56:18.270 782 1699 I GameModeConfig: isGameModeOn = false
03-14 03:56:18.271 782 1699 I GameModeConfig: isGameModeOn = false
03-14 03:56:18.272 782 782 I notification_enqueue: [10086,3694,com.android.music,1,NULL,0,Notification(channel=Channel-music shortcut=null contentView=null vibrate=null sound=null defaults=0x0 flags=0x40 color=0x00000000 category=transport actions=4 vis=PRIVATE),1]
03-14 03:56:18.272 782 827 I ActivityTaskManager: clear resize flag in freeform mode
03-14 03:56:18.273 782 827 W WindowManager: updateScale : 0.7324159
03-14 03:56:18.275 782 782 I notification_enqueue: [10086,3694,com.android.music,1,NULL,0,Notification(channel=Channel-music shortcut=null contentView=null vibrate=null sound=null defaults=0x0 flags=0x40 color=0x00000000 category=transport actions=4 vis=PRIVATE),1]
03-14 03:56:18.284 782 3182 W ActivityManager: Receiver with filter android.content.IntentFilter@536bce4 already registered for pid 3694, callerPackage is com.android.music
03-14 03:56:18.289 782 827 I ActivityTaskManager: clear resize flag in freeform mode
03-14 03:56:18.289 782 827 W WindowManager: updateScale : 0.74923545
03-14 03:56:18.301 782 1678 W WindowManager: updateScale : 0.74923545
03-14 03:56:18.306 782 827 I ActivityTaskManager: clear resize flag in freeform mode
03-14 03:56:18.306 782 827 W WindowManager: updateScale : 0.7614679
03-14 03:56:18.306 782 827 W WindowManager: updateScale : 0.7614679
03-14 03:56:18.317 782 1678 W ActivityManager: Receiver with filter android.content.IntentFilter@7352714 already registered for pid 3694, callerPackage is com.android.music
03-14 03:56:18.317 782 1678 W WindowManager: updateScale : 0.7614679
03-14 03:56:18.322 782 827 I ActivityTaskManager: clear resize flag in freeform mode
03-14 03:56:18.322 782 827 W WindowManager: updateScale : 0.7706422
03-14 03:56:18.323 782 3182 W ActivityManager: Receiver with filter android.content.IntentFilter@101ebbd already registered for pid 3694, callerPackage is com.android.music
03-14 03:56:18.334 782 3182 W WindowManager: updateScale : 0.7706422
03-14 03:56:18.339 782 827 I ActivityTaskManager: clear resize flag in freeform mode
03-14 03:56:18.339 782 827 W WindowManager: updateScale : 0.7782875
03-14 03:56:18.351 782 3182 W WindowManager: updateScale : 0.7782875
03-14 03:56:18.356 782 827 I ActivityTaskManager: clear resize flag in freeform mode
03-14 03:56:18.356 782 827 W WindowManager: updateScale : 0.78287464
03-14 03:56:18.362 782 1678 W ActivityManager: Receiver with filter android.content.IntentFilter@4d325b2 already registered for pid 3694, callerPackage is com.android.music
03-14 03:56:18.367 782 1678 W WindowManager: updateScale : 0.78287464
03-14 03:56:18.373 782 827 I ActivityTaskManager: clear resize flag in freeform mode
03-14 03:56:18.373 782 827 W WindowManager: updateScale : 0.78746176
03-14 03:56:18.375 782 1678 W ActivityManager: Receiver with filter android.content.IntentFilter@d0f7903 already registered for pid 3694, callerPackage is com.android.music
03-14 03:56:18.384 782 1678 W WindowManager: updateScale : 0.78746176
03-14 03:56:18.390 782 827 I ActivityTaskManager: clear resize flag in freeform mode
03-14 03:56:18.390 782 827 W WindowManager: updateScale : 0.78899086
03-14 03:56:18.397 782 3182 W ActivityManager: Receiver with filter android.content.IntentFilter@1c7a080 already registered for pid 3694, callerPackage is com.android.music
03-14 03:56:18.401 782 3182 W WindowManager: updateScale : 0.78899086
03-14 03:56:18.406 782 827 I ActivityTaskManager: clear resize flag in freeform mode
03-14 03:56:18.407 782 827 W WindowManager: updateScale : 0.7905199
03-14 03:56:18.418 782 3182 W WindowManager: updateScale : 0.7905199
03-14 03:56:18.423 782 827 I ActivityTaskManager: clear resize flag in freeform mode
03-14 03:56:18.423 782 827 W WindowManager: updateScale : 0.79204893
03-14 03:56:18.429 782 1678 W ActivityManager: Receiver with filter android.content.IntentFilter@7e686b9 already registered for pid 3694, callerPackage is com.android.music
03-14 03:56:18.434 782 1678 W WindowManager: updateScale : 0.79204893
03-14 03:56:18.439 782 827 I ActivityTaskManager: clear resize flag in freeform mode
03-14 03:56:18.440 782 827 W WindowManager: updateScale : 0.79357797
03-14 03:56:18.447 782 1678 W ActivityManager: Receiver with filter android.content.IntentFilter@649eafe already registered for pid 3694, callerPackage is com.android.music
03-14 03:56:18.451 782 1678 W WindowManager: updateScale : 0.79357797
03-14 03:56:18.456 782 827 I ActivityTaskManager: clear resize flag in freeform mode
03-14 03:56:18.457 782 827 W WindowManager: updateScale : 0.79357797
03-14 03:56:18.468 782 1678 W WindowManager: updateScale : 0.79357797
03-14 03:56:18.473 782 782 I GameModeConfig: isGameModeOn = false
03-14 03:56:18.476 782 782 I GameModeConfig: isGameModeOn = false
03-14 03:56:18.484 782 1678 W WindowManager: updateScale : 0.79357797
01-01 08:05:54.471 0 0 E DTC_ETH,link_delay_work_func: 3003, SQI=0, link=0
01-01 08:05:56.297 0 0 I msm_vidc: err : ffffffff: .....: DBLP Set: status 0
01-01 08:05:59.591 0 0 E DTC_ETH,link_delay_work_func: 3003, SQI=0, link=0
01-01 08:06:04.711 0 0 E DTC_ETH,link_delay_work_func: 3003, SQI=0, link=0
01-01 08:06:09.831 0 0 E DTC_ETH,link_delay_work_func: 3003, SQI=0, link=0
01-01 08:06:14.951 0 0 E DTC_ETH,link_delay_work_func: 3003, SQI=0, link=0
01-01 08:06:20.071 0 0 E DTC_ETH,link_delay_work_func: 3003, SQI=0, link=0
01-01 08:06:25.191 0 0 E DTC_ETH,link_delay_work_func: 3003, SQI=0, link=0
01-01 08:06:30.311 0 0 E DTC_ETH,link_delay_work_func: 3003, SQI=0, link=0
01-01 08:06:35.431 0 0 E DTC_ETH,link_delay_work_func: 3003, SQI=0, link=0
01-01 08:06:36.009 0 0 I msm_vidc: err : ffffffff: .....: DBLP Set: status 0
01-01 08:06:40.551 0 0 E DTC_ETH,link_delay_work_func: 3003, SQI=0, link=0
03-14 03:57:10.799 782 1000 V DisplayPowerController[0]: Brightness [0.05] reason changing to: 'manual [ dim ]', previous reason: 'manual'.
03-14 03:57:10.799 782 1000 I sysui_multi_action: [757,1696,758,6,759,2]
03-14 03:57:10.802 782 1952 E DisplayDeviceConfig: requesting nits when no mapping exists.
03-14 03:57:10.803 782 1952 E DisplayDeviceConfig: requesting nits when no mapping exists.
03-14 03:57:10.803 782 872 I am_wtf : [0,782,system_server,-1,DisplayDeviceConfig,requesting nits when no mapping exists.]
03-14 03:57:10.804 782 872 I DropBoxManagerService: add tag=system_server_wtf isTagEnabled=true flags=0x2
03-14 03:57:10.806 782 872 I am_wtf : [0,782,system_server,-1,DisplayDeviceConfig,requesting nits when no mapping exists.]
03-14 03:57:10.808 782 872 I DropBoxManagerService: add tag=system_server_wtf isTagEnabled=true flags=0x2
03-14 03:57:10.818 782 1952 E DisplayDeviceConfig: requesting nits when no mapping exists.
03-14 03:57:10.818 782 1952 E DisplayDeviceConfig: requesting nits when no mapping exists.
03-14 03:57:10.818 782 872 I am_wtf : [0,782,system_server,-1,DisplayDeviceConfig,requesting nits when no mapping exists.]
03-14 03:57:10.819 782 872 I DropBoxManagerService: add tag=system_server_wtf isTagEnabled=true flags=0x2
03-14 03:57:10.820 782 872 I am_wtf : [0,782,system_server,-1,DisplayDeviceConfig,requesting nits when no mapping exists.]
03-14 03:57:10.821 782 872 I DropBoxManagerService: add tag=system_server_wtf isTagEnabled=true flags=0x2
03-14 03:57:10.834 782 1952 E DisplayDeviceConfig: requesting nits when no mapping exists.
03-14 03:57:10.835 782 1952 E DisplayDeviceConfig: requesting nits when no mapping exists.
03-14 03:57:10.835 782 872 I am_wtf : [0,782,system_server,-1,DisplayDeviceConfig,requesting nits when no mapping exists.]
03-14 03:57:10.836 782 872 I DropBoxManagerService: add tag=system_server_wtf isTagEnabled=true flags=0x2
03-14 03:57:10.837 782 872 I am_wtf : [0,782,system_server,-1,DisplayDeviceConfig,requesting nits when no mapping exists.]
03-14 03:57:10.844 782 1952 E DisplayDeviceConfig: requesting nits when no mapping exists.
03-14 03:57:10.845 782 1952 E DisplayDeviceConfig: requesting nits when no mapping exists.
03-14 03:57:10.845 782 872 I am_wtf : [0,782,system_server,-1,DisplayDeviceConfig,requesting nits when no mapping exists.]
03-14 03:57:10.846 782 872 I am_wtf : [0,782,system_server,-1,DisplayDeviceConfig,requesting nits when no mapping exists.]
03-14 03:57:10.860 782 1952 E DisplayDeviceConfig: requesting nits when no mapping exists.
03-14 03:57:10.860 782 1952 E DisplayDeviceConfig: requesting nits when no mapping exists.
03-14 03:57:10.860 782 872 I am_wtf : [0,782,system_server,-1,DisplayDeviceConfig,requesting nits when no mapping exists.]
03-14 03:57:10.861 782 872 I am_wtf : [0,782,system_server,-1,DisplayDeviceConfig,requesting nits when no mapping exists.]
03-14 03:57:10.877 782 1952 E DisplayDeviceConfig: requesting nits when no mapping exists.
03-14 03:57:10.877 782 1952 E DisplayDeviceConfig: requesting nits when no mapping exists.
03-14 03:57:10.877 782 872 I am_wtf : [0,782,system_server,-1,DisplayDeviceConfig,requesting nits when no mapping exists.]
03-14 03:57:10.878 782 872 I am_wtf : [0,782,system_server,-1,DisplayDeviceConfig,requesting nits when no mapping exists.]
03-14 03:57:10.893 782 1952 E DisplayDeviceConfig: requesting nits when no mapping exists.
03-14 03:57:10.894 782 1952 E DisplayDeviceConfig: requesting nits when no mapping exists.
03-14 03:57:10.894 782 872 I am_wtf : [0,782,system_server,-1,DisplayDeviceConfig,requesting nits when no mapping exists.]
03-14 03:57:10.895 782 872 I am_wtf : [0,782,system_server,-1,DisplayDeviceConfig,requesting nits when no mapping exists.]
03-14 03:57:10.910 782 1952 E DisplayDeviceConfig: requesting nits when no mapping exists.
03-14 03:57:10.910 782 1952 E DisplayDeviceConfig: requesting nits when no mapping exists.
03-14 03:57:10.910 782 872 I am_wtf : [0,782,system_server,-1,DisplayDeviceConfig,requesting nits when no mapping exists.]
03-14 03:57:10.911 782 872 I am_wtf : [0,782,system_server,-1,DisplayDeviceConfig,requesting nits when no mapping exists.]
03-14 03:57:10.927 782 1952 E DisplayDeviceConfig: requesting nits when no mapping exists.
03-14 03:57:10.928 782 1952 E DisplayDeviceConfig: requesting nits when no mapping exists.
03-14 03:57:10.928 782 872 I am_wtf : [0,782,system_server,-1,DisplayDeviceConfig,requesting nits when no mapping exists.]
03-14 03:57:10.928 782 872 I am_wtf : [0,782,system_server,-1,DisplayDeviceConfig,requesting nits when no mapping exists.]
03-14 03:57:10.944 782 1952 E DisplayDeviceConfig: requesting nits when no mapping exists.
03-14 03:57:10.944 782 1952 E DisplayDeviceConfig: requesting nits when no mapping exists.
03-14 03:57:10.944 782 872 I am_wtf : [0,782,system_server,-1,DisplayDeviceConfig,requesting nits when no mapping exists.]
03-14 03:57:10.945 782 872 I am_wtf : [0,782,system_server,-1,DisplayDeviceConfig,requesting nits when no mapping exists.]
03-14 03:57:10.960 782 1952 E DisplayDeviceConfig: requesting nits when no mapping exists.
03-14 03:57:10.961 782 1952 E DisplayDeviceConfig: requesting nits when no mapping exists.
03-14 03:57:10.962 782 872 I am_wtf : [0,782,system_server,-1,DisplayDeviceConfig,requesting nits when no mapping exists.]
03-14 03:57:10.962 782 872 I am_wtf : [0,782,system_server,-1,DisplayDeviceConfig,requesting nits when no mapping exists.]
03-14 03:57:10.977 782 1952 E DisplayDeviceConfig: requesting nits when no mapping exists.
03-14 03:57:10.978 782 1952 E DisplayDeviceConfig: requesting nits when no mapping exists.
03-14 03:57:10.978 782 872 I am_wtf : [0,782,system_server,-1,DisplayDeviceConfig,requesting nits when no mapping exists.]
03-14 03:57:10.979 782 872 I am_wtf : [0,782,system_server,-1,DisplayDeviceConfig,requesting nits when no mapping exists.]
03-14 03:57:10.994 782 1952 E DisplayDeviceConfig: requesting nits when no mapping exists.
03-14 03:57:10.994 782 1952 E DisplayDeviceConfig: requesting nits when no mapping exists.
03-14 03:57:10.995 782 872 I am_wtf : [0,782,system_server,-1,DisplayDeviceConfig,requesting nits when no mapping exists.]
03-14 03:57:10.996 782 872 I am_wtf : [0,782,system_server,-1,DisplayDeviceConfig,requesting nits when no mapping exists.]
03-14 03:57:11.011 782 1952 E DisplayDeviceConfig: requesting nits when no mapping exists.
03-14 03:57:11.011 782 1952 E DisplayDeviceConfig: requesting nits when no mapping exists.
03-14 03:57:11.011 782 872 I am_wtf : [0,782,system_server,-1,DisplayDeviceConfig,requesting nits when no mapping exists.]
03-14 03:57:11.012 782 872 I am_wtf : [0,782,system_server,-1,DisplayDeviceConfig,requesting nits when no mapping exists.]
03-14 03:57:11.028 782 1952 E DisplayDeviceConfig: requesting nits when no mapping exists.
03-14 03:57:11.028 782 1952 E DisplayDeviceConfig: requesting nits when no mapping exists.
03-14 03:57:11.029 782 872 I am_wtf : [0,782,system_server,-1,DisplayDeviceConfig,requesting nits when no mapping exists.]
03-14 03:57:11.030 782 872 I am_wtf : [0,782,system_server,-1,DisplayDeviceConfig,requesting nits when no mapping exists.]
03-14 03:57:11.044 782 1952 E DisplayDeviceConfig: requesting nits when no mapping exists.
03-14 03:57:11.045 782 1952 E DisplayDeviceConfig: requesting nits when no mapping exists.
03-14 03:57:11.045 782 872 I am_wtf : [0,782,system_server,-1,DisplayDeviceConfig,requesting nits when no mapping exists.]
03-14 03:57:11.046 782 872 I am_wtf : [0,782,system_server,-1,DisplayDeviceConfig,requesting nits when no mapping exists.]
03-14 03:57:11.061 782 1952 E DisplayDeviceConfig: requesting nits when no mapping exists.
03-14 03:57:11.061 782 872 I am_wtf : [0,782,system_server,-1,DisplayDeviceConfig,requesting nits when no mapping exists.]
03-14 03:57:11.061 782 1952 E DisplayDeviceConfig: requesting nits when no mapping exists.
03-14 03:57:11.062 782 872 I am_wtf : [0,782,system_server,-1,DisplayDeviceConfig,requesting nits when no mapping exists.]
03-14 03:57:11.077 782 1952 E DisplayDeviceConfig: requesting nits when no mapping exists.
03-14 03:57:11.078 782 872 I am_wtf : [0,782,system_server,-1,DisplayDeviceConfig,requesting nits when no mapping exists.]
03-14 03:57:11.078 782 1952 E DisplayDeviceConfig: requesting nits when no mapping exists.
03-14 03:57:11.079 782 872 I am_wtf : [0,782,system_server,-1,DisplayDeviceConfig,requesting nits when no mapping exists.]
03-14 03:57:11.094 782 1952 E DisplayDeviceConfig: requesting nits when no mapping exists.
03-14 03:57:11.095 782 1952 E DisplayDeviceConfig: requesting nits when no mapping exists.
03-14 03:57:11.095 782 872 I am_wtf : [0,782,system_server,-1,DisplayDeviceConfig,requesting nits when no mapping exists.]
03-14 03:57:11.096 782 872 I am_wtf : [0,782,system_server,-1,DisplayDeviceConfig,requesting nits when no mapping exists.]
03-14 03:57:11.111 782 1952 E DisplayDeviceConfig: requesting nits when no mapping exists.
03-14 03:57:11.111 782 1952 E DisplayDeviceConfig: requesting nits when no mapping exists.
03-14 03:57:11.111 782 872 I am_wtf : [0,782,system_server,-1,DisplayDeviceConfig,requesting nits when no mapping exists.]
03-14 03:57:11.112 782 872 I am_wtf : [0,782,system_server,-1,DisplayDeviceConfig,requesting nits when no mapping exists.]
03-14 03:57:11.128 782 1952 E DisplayDeviceConfig: requesting nits when no mapping exists.
03-14 03:57:11.128 782 1952 E DisplayDeviceConfig: requesting nits when no mapping exists.
03-14 03:57:11.129 782 872 I am_wtf : [0,782,system_server,-1,DisplayDeviceConfig,requesting nits when no mapping exists.]
03-14 03:57:11.129 782 872 I am_wtf : [0,782,system_server,-1,DisplayDeviceConfig,requesting nits when no mapping exists.]
03-14 03:57:11.144 782 1952 E DisplayDeviceConfig: requesting nits when no mapping exists.
03-14 03:57:11.145 782 1952 E DisplayDeviceConfig: requesting nits when no mapping exists.
03-14 03:57:11.145 782 872 I am_wtf : [0,782,system_server,-1,DisplayDeviceConfig,requesting nits when no mapping exists.]
03-14 03:57:11.145 782 872 I am_wtf : [0,782,system_server,-1,DisplayDeviceConfig,requesting nits when no mapping exists.]
03-14 03:57:11.161 782 1952 E DisplayDeviceConfig: requesting nits when no mapping exists.
03-14 03:57:11.162 782 872 I am_wtf : [0,782,system_server,-1,DisplayDeviceConfig,requesting nits when no mapping exists.]
03-14 03:57:11.162 782 1952 E DisplayDeviceConfig: requesting nits when no mapping exists.
03-14 03:57:11.162 782 872 I am_wtf : [0,782,system_server,-1,DisplayDeviceConfig,requesting nits when no mapping exists.]
03-14 03:57:11.178 782 1952 E DisplayDeviceConfig: requesting nits when no mapping exists.
03-14 03:57:11.178 782 872 I am_wtf : [0,782,system_server,-1,DisplayDeviceConfig,requesting nits when no mapping exists.]
03-14 03:57:11.178 782 1952 E DisplayDeviceConfig: requesting nits when no mapping exists.
03-14 03:57:11.179 782 872 I am_wtf : [0,782,system_server,-1,DisplayDeviceConfig,requesting nits when no mapping exists.]
03-14 03:57:11.194 782 1952 E DisplayDeviceConfig: requesting nits when no mapping exists.
03-14 03:57:11.195 782 1952 E DisplayDeviceConfig: requesting nits when no mapping exists.
03-14 03:57:11.195 782 872 I am_wtf : [0,782,system_server,-1,DisplayDeviceConfig,requesting nits when no mapping exists.]
03-14 03:57:11.195 782 872 I am_wtf : [0,782,system_server,-1,DisplayDeviceConfig,requesting nits when no mapping exists.]
03-14 03:57:11.211 782 1952 E DisplayDeviceConfig: requesting nits when no mapping exists.
03-14 03:57:11.212 782 1952 E DisplayDeviceConfig: requesting nits when no mapping exists.
03-14 03:57:11.212 782 872 I am_wtf : [0,782,system_server,-1,DisplayDeviceConfig,requesting nits when no mapping exists.]
03-14 03:57:11.213 782 872 I am_wtf : [0,782,system_server,-1,DisplayDeviceConfig,requesting nits when no mapping exists.]
03-14 03:57:11.228 782 1952 E DisplayDeviceConfig: requesting nits when no mapping exists.
03-14 03:57:11.228 782 1952 E DisplayDeviceConfig: requesting nits when no mapping exists.
03-14 03:57:11.228 782 872 I am_wtf : [0,782,system_server,-1,DisplayDeviceConfig,requesting nits when no mapping exists.]
03-14 03:57:11.229 782 872 I am_wtf : [0,782,system_server,-1,DisplayDeviceConfig,requesting nits when no mapping exists.]
03-14 03:57:11.245 782 1952 E DisplayDeviceConfig: requesting nits when no mapping exists.
03-14 03:57:11.245 782 1952 E DisplayDeviceConfig: requesting nits when no mapping exists.
03-14 03:57:11.246 782 872 I am_wtf : [0,782,system_server,-1,DisplayDeviceConfig,requesting nits when no mapping exists.]
03-14 03:57:11.247 782 872 I am_wtf : [0,782,system_server,-1,DisplayDeviceConfig,requesting nits when no mapping exists.]
03-14 03:57:11.261 782 1952 E DisplayDeviceConfig: requesting nits when no mapping exists.
03-14 03:57:11.262 782 872 I am_wtf : [0,782,system_server,-1,DisplayDeviceConfig,requesting nits when no mapping exists.]
03-14 03:57:11.262 782 1952 E DisplayDeviceConfig: requesting nits when no mapping exists.
03-14 03:57:11.263 782 872 I am_wtf : [0,782,system_server,-1,DisplayDeviceConfig,requesting nits when no mapping exists.]
03-14 03:57:11.278 782 1952 E DisplayDeviceConfig: requesting nits when no mapping exists.
03-14 03:57:11.279 782 872 I am_wtf : [0,782,system_server,-1,DisplayDeviceConfig,requesting nits when no mapping exists.]
03-14 03:57:11.279 782 1952 E DisplayDeviceConfig: requesting nits when no mapping exists.
03-14 03:57:11.280 782 872 I am_wtf : [0,782,system_server,-1,DisplayDeviceConfig,requesting nits when no mapping exists.]
03-14 03:57:11.295 782 1952 E DisplayDeviceConfig: requesting nits when no mapping exists.
03-14 03:57:11.295 782 1952 E DisplayDeviceConfig: requesting nits when no mapping exists.
03-14 03:57:11.296 782 872 I am_wtf : [0,782,system_server,-1,DisplayDeviceConfig,requesting nits when no mapping exists.]
03-14 03:57:11.297 782 872 I am_wtf : [0,782,system_server,-1,DisplayDeviceConfig,requesting nits when no mapping exists.]
03-14 03:57:11.311 782 1952 E DisplayDeviceConfig: requesting nits when no mapping exists.
03-14 03:57:11.312 782 1952 E DisplayDeviceConfig: requesting nits when no mapping exists.
03-14 03:57:11.312 782 872 I am_wtf : [0,782,system_server,-1,DisplayDeviceConfig,requesting nits when no mapping exists.]
03-14 03:57:11.313 782 872 I am_wtf : [0,782,system_server,-1,DisplayDeviceConfig,requesting nits when no mapping exists.]
03-14 03:57:11.328 782 1952 E DisplayDeviceConfig: requesting nits when no mapping exists.
03-14 03:57:11.329 782 872 I am_wtf : [0,782,system_server,-1,DisplayDeviceConfig,requesting nits when no mapping exists.]
03-14 03:57:11.329 782 1952 E DisplayDeviceConfig: requesting nits when no mapping exists.
03-14 03:57:11.330 782 872 I am_wtf : [0,782,system_server,-1,DisplayDeviceConfig,requesting nits when no mapping exists.]
03-14 03:57:11.345 782 1952 E DisplayDeviceConfig: requesting nits when no mapping exists.
03-14 03:57:11.345 782 1952 E DisplayDeviceConfig: requesting nits when no mapping exists.
03-14 03:57:11.345 782 872 I am_wtf : [0,782,system_server,-1,DisplayDeviceConfig,requesting nits when no mapping exists.]
03-14 03:57:11.346 782 872 I am_wtf : [0,782,system_server,-1,DisplayDeviceConfig,requesting nits when no mapping exists.]
03-14 03:57:11.361 782 1952 E DisplayDeviceConfig: requesting nits when no mapping exists.
03-14 03:57:11.362 782 1952 E DisplayDeviceConfig: requesting nits when no mapping exists.
03-14 03:57:11.362 782 872 I am_wtf : [0,782,system_server,-1,DisplayDeviceConfig,requesting nits when no mapping exists.]
03-14 03:57:11.363 782 872 I am_wtf : [0,782,system_server,-1,DisplayDeviceConfig,requesting nits when no mapping exists.]
03-14 03:57:11.378 782 1952 E DisplayDeviceConfig: requesting nits when no mapping exists.
03-14 03:57:11.379 782 1952 E DisplayDeviceConfig: requesting nits when no mapping exists.
03-14 03:57:11.379 782 872 I am_wtf : [0,782,system_server,-1,DisplayDeviceConfig,requesting nits when no mapping exists.]
03-14 03:57:11.380 782 872 I am_wtf : [0,782,system_server,-1,DisplayDeviceConfig,requesting nits when no mapping exists.]
03-14 03:57:11.395 782 1952 E DisplayDeviceConfig: requesting nits when no mapping exists.
03-14 03:57:11.396 782 1952 E DisplayDeviceConfig: requesting nits when no mapping exists.
03-14 03:57:11.396 782 872 I am_wtf : [0,782,system_server,-1,DisplayDeviceConfig,requesting nits when no mapping exists.]
03-14 03:57:11.397 782 872 I am_wtf : [0,782,system_server,-1,DisplayDeviceConfig,requesting nits when no mapping exists.]
03-14 03:57:11.412 782 1952 E DisplayDeviceConfig: requesting nits when no mapping exists.
03-14 03:57:11.412 782 1952 E DisplayDeviceConfig: requesting nits when no mapping exists.
03-14 03:57:11.413 782 872 I am_wtf : [0,782,system_server,-1,DisplayDeviceConfig,requesting nits when no mapping exists.]
03-14 03:57:11.414 782 872 I am_wtf : [0,782,system_server,-1,DisplayDeviceConfig,requesting nits when no mapping exists.]
03-14 03:57:11.429 782 1952 E DisplayDeviceConfig: requesting nits when no mapping exists.
03-14 03:57:11.429 782 1952 E DisplayDeviceConfig: requesting nits when no mapping exists.
03-14 03:57:11.429 782 872 I am_wtf : [0,782,system_server,-1,DisplayDeviceConfig,requesting nits when no mapping exists.]
03-14 03:57:11.430 782 872 I am_wtf : [0,782,system_server,-1,DisplayDeviceConfig,requesting nits when no mapping exists.]
03-14 03:57:11.445 782 1952 E DisplayDeviceConfig: requesting nits when no mapping exists.
03-14 03:57:11.446 782 1952 E DisplayDeviceConfig: requesting nits when no mapping exists.
03-14 03:57:11.446 782 872 I am_wtf : [0,782,system_server,-1,DisplayDeviceConfig,requesting nits when no mapping exists.]
03-14 03:57:11.446 782 872 I am_wtf : [0,782,system_server,-1,DisplayDeviceConfig,requesting nits when no mapping exists.]
03-14 03:57:11.462 782 1952 E DisplayDeviceConfig: requesting nits when no mapping exists.
03-14 03:57:11.463 782 872 I am_wtf : [0,782,system_server,-1,DisplayDeviceConfig,requesting nits when no mapping exists.]
03-14 03:57:11.464 782 1952 E DisplayDeviceConfig: requesting nits when no mapping exists.
03-14 03:57:11.464 782 872 I am_wtf : [0,782,system_server,-1,DisplayDeviceConfig,requesting nits when no mapping exists.]
03-14 03:57:11.478 782 1952 E DisplayDeviceConfig: requesting nits when no mapping exists.
