03-14 03:52:40.189 782 782 I sysui_multi_action: [757,1501,758,1,793,203,794,0,795,203,796,1,797,empty_media,806,com.android.systemui,857,empty_media_style_id,858,4,946,empty_media,947,0,1500,0,1641,transport,1688,1,1745,1043716538]
03-14 03:52:40.189 782 782 I sysui_multi_action: [757,804,799,note_interruptive,801,0,802,1]
03-14 03:52:40.190 782 782 I GameModeConfig: isGameModeOn = false
03-14 03:52:40.192 782 782 W NotificationHistory: Attempted to add notif for locked/gone/disabled user 0
03-14 03:52:40.196 782 826 I wm_task_removed: [106,removeChild:removeChild last r=ActivityRecord{b973b80 u0 com.android.music/.MusicBrowserActivity t-1 f}} in t=Task{240a003 #106 type=standard A=10086:android.task.music U=0 visible=false mode=freeform translucent=true sz=0}]
03-14 03:52:40.196 782 826 I wm_task_removed: [106,removeChild]
03-14 03:52:40.196 782 826 D FreeFormWindowHelper: Remove freefrom task=Task{240a003 #106 type=standard A=10086:android.task.music U=0 visible=false mode=freeform translucent=true sz=0}
03-14 03:52:40.223 782 824 I commit_sys_config_file: [notification-policy,96002]
03-14 03:52:40.675 782 1605 I input_interaction: Interaction with: dc152a9 com.android.launcher3/com.android.launcher3.uioverrides.QuickstepLauncher (server), d04e39a com.android.systemui.ImageWallpaper (server), edge-swipe (server), swipe-up (server), PointerEventDispatcher0 (server),
03-14 03:52:40.715 2646 2646 I view_enqueue_input_event: [Motion - Cancel,com.android.launcher3/com.android.launcher3.uioverrides.QuickstepLauncher]
03-14 03:52:40.717 782 822 D AutofillManagerService: Close system dialogs
03-14 03:52:40.726 782 1605 I input_interaction: Interaction with: edge-swipe (server), swipe-up (server), PointerEventDispatcher0 (server),
03-14 03:52:40.791 782 797 W FreeFormWindowHelper: exitRecentTasks type=0
03-14 03:52:40.791 782 797 W ContextImpl: Calling a method in the system process without a qualified user: android.app.ContextImpl.startActivity:1067 com.android.server.wm.FreeFormWindowHelper.exitRecentTasks:435 com.android.server.wm.ActivityTaskManagerService.exitRecentTasks:3821 android.app.IActivityTaskManager$Stub.onTransact:2307 com.android.server.wm.ActivityTaskManagerService.onTransact:5072
03-14 03:52:40.793 782 797 I thunderperf: PlatormCompat.setOverrides: Uid1=1000 Pid1=782 Uid2=1000 Pid2=782
03-14 03:52:40.793 782 797 I thunderperf: PlatormCompat.setOverrides: needCheck:false
03-14 03:52:40.793 782 797 I thunderperf: CompatConfig.addOverrideUnsafe: bef-state=0
03-14 03:52:40.793 782 797 I thunderperf: CompatConfig.addOverrideUnsafe: aft-state=0
03-14 03:52:40.795 782 797 I thunderperf: CompatConfig.addOverrideUnsafe: bef-state=0
03-14 03:52:40.795 782 797 I thunderperf: CompatConfig.addOverrideUnsafe: aft-state=0
03-14 03:52:40.796 782 797 I thunderperf: CompatConfig.addOverrideUnsafe: bef-state=0
03-14 03:52:40.796 782 797 I thunderperf: CompatConfig.addOverrideUnsafe: aft-state=0
03-14 03:52:40.796 782 797 I thunderperf: CompatConfig.addOverrideUnsafe: bef-state=0
03-14 03:52:40.796 782 797 I thunderperf: CompatConfig.addOverrideUnsafe: aft-state=0
03-14 03:52:40.797 782 797 I thunderperf: CompatConfig.addOverrideUnsafe: bef-state=0
03-14 03:52:40.797 782 797 I thunderperf: CompatConfig.addOverrideUnsafe: aft-state=0
03-14 03:52:40.797 782 797 I thunderperf: CompatConfig.addOverrideUnsafe: bef-state=0
03-14 03:52:40.797 782 797 I thunderperf: CompatConfig.addOverrideUnsafe: aft-state=0
03-14 03:52:40.798 782 797 I thunderperf: CompatConfig.addOverrideUnsafe: bef-state=0
03-14 03:52:40.798 782 797 I thunderperf: CompatConfig.addOverrideUnsafe: aft-state=0
03-14 03:52:40.798 782 797 I thunderperf: CompatConfig.addOverrideUnsafe: bef-state=0
03-14 03:52:40.798 782 797 I thunderperf: CompatConfig.addOverrideUnsafe: aft-state=0
03-14 03:52:40.799 782 797 I thunderperf: CompatConfig.addOverrideUnsafe: bef-state=0
03-14 03:52:40.799 782 797 I thunderperf: CompatConfig.addOverrideUnsafe: aft-state=0
03-14 03:52:40.799 782 797 I thunderperf: CompatConfig.addOverrideUnsafe: bef-state=0
03-14 03:52:40.799 782 797 I thunderperf: CompatConfig.addOverrideUnsafe: aft-state=0
03-14 03:52:40.800 782 797 I thunderperf: CompatConfig.addOverrideUnsafe: bef-state=0
03-14 03:52:40.800 782 797 I thunderperf: CompatConfig.addOverrideUnsafe: aft-state=0
03-14 03:52:40.800 782 797 I thunderperf: CompatConfig.addOverrideUnsafe: bef-state=0
03-14 03:52:40.800 782 797 I thunderperf: CompatConfig.addOverrideUnsafe: aft-state=0
03-14 03:52:40.801 782 797 I thunderperf: CompatConfig.addOverrideUnsafe: bef-state=0
03-14 03:52:40.801 782 797 I thunderperf: CompatConfig.addOverrideUnsafe: aft-state=0
03-14 03:52:40.801 782 797 I thunderperf: CompatConfig.addOverrideUnsafe: bef-state=0
03-14 03:52:40.801 782 797 I thunderperf: CompatConfig.addOverrideUnsafe: aft-state=0
03-14 03:52:40.805 782 797 I ActivityTaskManager: START u0 {act=android.intent.action.MAIN cat=[android.intent.category.LAUNCHER] flg=0x10200000 cmp=com.android.music/.MusicBrowserActivity} from uid 1000
03-14 03:52:40.807 782 797 I wm_task_created: [107,-1]
03-14 03:52:40.808 782 797 W ActivityTaskManager: Can't find TaskDisplayArea to determine support for multi window. Task id=107 attached=false
03-14 03:52:40.808 782 797 D FreeFormWindowHelper: Add freeform task=Task{70241bd #107 type=standard ?? U=0 visible=false mode=freeform translucent=true sz=0}
03-14 03:52:40.811 782 797 I wm_task_moved: [107,1,7]
03-14 03:52:40.811 782 797 I wm_task_to_front: [0,107]
03-14 03:52:40.811 782 797 I wm_create_task: [0,107]
03-14 03:52:40.811 782 797 I wm_create_activity: [0,19645362,107,com.android.music/.MusicBrowserActivity,android.intent.action.MAIN,NULL,NULL,270532608]
03-14 03:52:40.811 782 797 I wm_task_moved: [107,1,7]
03-14 03:52:40.812 782 797 I ActivityTaskManager: FOREGROUND_APPLICATION_CHANGED to com.android.music.MusicBrowserActivity
03-14 03:52:40.812 782 797 I ActivityTaskManager: The Process com.android.music Already Exists in BG. So sending its PID: 3694
03-14 03:52:40.812 782 797 W ActivityTaskManager: Tried to set launchTime (0) < mLastActivityLaunchTime (126591)
03-14 03:52:40.813 782 797 I wm_restart_activity: [0,19645362,107,com.android.music/.MusicBrowserActivity]
03-14 03:52:40.813 782 797 I wm_set_resumed_activity: [0,com.android.music/.MusicBrowserActivity,minimalResumeActivityLocked]
03-14 03:52:40.817 2646 2646 I wm_on_top_resumed_lost_called: [174418215,com.android.launcher3.uioverrides.QuickstepLauncher,topStateChangedWhenResumed]
03-14 03:52:40.820 782 822 D AutofillManagerService: Close system dialogs
03-14 03:52:40.835 3694 3694 I wm_on_create_called: [19645362,com.android.music.MusicBrowserActivity,performCreate]
03-14 03:52:40.839 3694 3694 I wm_on_start_called: [19645362,com.android.music.MusicBrowserActivity,handleStartActivity]
03-14 03:52:40.839 3694 3694 I wm_on_resume_called: [19645362,com.android.music.MusicBrowserActivity,RESUME_ACTIVITY]
03-14 03:52:40.842 3694 3694 I wm_on_top_resumed_gained_called: [19645362,com.android.music.MusicBrowserActivity,topStateChangedWhenResumed]
03-14 03:52:40.851 782 797 I sysui_multi_action: [757,856,758,1,806,com.android.music,857,Channel-music,858,2]
03-14 03:52:40.851 782 1699 I GameModeConfig: isGameModeOn = false
03-14 03:52:40.851 782 1699 I GameModeConfig: isGameModeOn = false
03-14 03:52:40.851 782 1699 I GameModeConfig: isGameModeOn = false
03-14 03:52:40.851 782 1699 I GameModeConfig: isGameModeOn = false
03-14 03:52:40.851 782 1699 I GameModeConfig: isGameModeOn = false
03-14 03:52:40.853 782 782 I notification_enqueue: [10086,3694,com.android.music,1,NULL,0,Notification(channel=Channel-music shortcut=null contentView=null vibrate=null sound=null defaults=0x0 flags=0x0 color=0x00000000 category=transport actions=4 vis=PRIVATE),0]
03-14 03:52:40.853 782 782 I notification_enqueue: [10086,3694,com.android.music,1,NULL,0,Notification(channel=Channel-music shortcut=null contentView=null vibrate=null sound=null defaults=0x0 flags=0x40 color=0x00000000 category=transport actions=4 vis=PRIVATE),0]
03-14 03:52:40.854 782 1699 I GameModeConfig: isGameModeOn = false
03-14 03:52:40.854 782 1699 I GameModeConfig: isGameModeOn = false
03-14 03:52:40.854 782 1699 I GameModeConfig: isGameModeOn = false
03-14 03:52:40.854 782 1699 I GameModeConfig: isGameModeOn = false
03-14 03:52:40.854 782 1699 I GameModeConfig: isGameModeOn = false
03-14 03:52:40.854 782 782 I notification_enqueue: [10086,3694,com.android.music,1,NULL,0,Notification(channel=Channel-music shortcut=null contentView=null vibrate=null sound=null defaults=0x0 flags=0x40 color=0x00000000 category=transport actions=4 vis=PRIVATE),0]
03-14 03:52:40.855 782 782 I notification_enqueue: [10086,3694,com.android.music,1,NULL,0,Notification(channel=Channel-music shortcut=null contentView=null vibrate=null sound=null defaults=0x0 flags=0x40 color=0x00000000 category=transport actions=4 vis=PRIVATE),0]
03-14 03:52:40.856 782 1699 I GameModeConfig: isGameModeOn = false
03-14 03:52:40.856 782 1699 I GameModeConfig: isGameModeOn = false
03-14 03:52:40.856 782 1699 I GameModeConfig: isGameModeOn = false
03-14 03:52:40.856 782 1699 I GameModeConfig: isGameModeOn = false
03-14 03:52:40.857 782 1699 I GameModeConfig: isGameModeOn = false
03-14 03:52:40.857 782 782 I notification_enqueue: [10086,3694,com.android.music,1,NULL,0,Notification(channel=Channel-music shortcut=null contentView=null vibrate=null sound=null defaults=0x0 flags=0x40 color=0x00000000 category=transport actions=4 vis=PRIVATE),0]
03-14 03:52:40.858 782 782 I notification_enqueue: [10086,3694,com.android.music,1,NULL,0,Notification(channel=Channel-music shortcut=null contentView=null vibrate=null sound=null defaults=0x0 flags=0x40 color=0x00000000 category=transport actions=4 vis=PRIVATE),0]
03-14 03:52:40.860 782 1678 W WindowManager: updateScale : 0.45565748
03-14 03:52:40.861 782 826 I input_focus: [Focus request 95c1161 com.android.music/com.android.music.MusicBrowserActivity,reason=UpdateInputWindows]
03-14 03:52:40.867 782 826 W WindowManager: updateScale : 0.45565748
03-14 03:52:40.867 782 782 I sysui_multi_action: [757,128,758,5,759,8,793,15,794,0,795,15,796,1,806,com.android.music,857,Channel-music,858,2,947,0,1500,15,1641,transport,1688,1,1745,1043716538]
03-14 03:52:40.867 782 782 I notification_canceled: [0|com.android.music|1|null|10086,8,15,15,0,-1,-1,NULL]
03-14 03:52:40.869 782 826 W WindowManager: updateScale : 0.45565748
03-14 03:52:40.869 782 826 W WindowManager: updateScale : 0.45565748
03-14 03:52:40.870 782 822 I sysui_multi_action: [319,63,322,63,325,131,757,761,758,8,759,2,806,com.android.music,871,com.android.music.MusicBrowserActivity,904,android,905,0,1320,4,1321,1]
03-14 03:52:40.870 782 822 I wm_activity_launch_time: [0,19645362,com.android.music/.MusicBrowserActivity,63]
03-14 03:52:40.880 782 797 W WindowManager: updateScale : 0.45565748
03-14 03:52:40.881 782 1605 I input_focus: [Focus leaving dc152a9 com.android.launcher3/com.android.launcher3.uioverrides.QuickstepLauncher (server),reason=setFocusedWindow]
03-14 03:52:40.881 782 1605 I input_focus: [Focus entering 95c1161 com.android.music/com.android.music.MusicBrowserActivity (server),reason=setFocusedWindow]
01-01 08:02:14.311 0 0 E DTC_ETH,link_delay_work_func: 3003, SQI=0, link=0
03-14 03:52:41.053 782 782 I NotificationService: Cannot find enqueued record for key: 0|com.android.music|1|null|10086
03-14 03:52:41.054 782 782 I NotificationService: Cannot find enqueued record for key: 0|com.android.music|1|null|10086
03-14 03:52:41.055 782 782 I NotificationService: Cannot find enqueued record for key: 0|com.android.music|1|null|10086
03-14 03:52:41.055 782 782 I NotificationService: Cannot find enqueued record for key: 0|com.android.music|1|null|10086
03-14 03:52:41.057 782 782 I NotificationService: Cannot find enqueued record for key: 0|com.android.music|1|null|10086
03-14 03:52:41.058 782 782 I NotificationService: Cannot find enqueued record for key: 0|com.android.music|1|null|10086
03-14 03:52:41.103 782 824 I commit_sys_config_file: [notification-policy,96882]
03-14 03:52:41.148 782 826 W WindowManager: updateScale : 0.45565748
03-14 03:52:41.649 782 1605 I input_interaction: Interaction with: dc152a9 com.android.launcher3/com.android.launcher3.uioverrides.QuickstepLauncher (server), d04e39a com.android.systemui.ImageWallpaper (server), edge-swipe (server), swipe-up (server), PointerEventDispatcher0 (server),
03-14 03:52:43.848 782 2173 I thunderperf: PlatormCompat.setOverrides: Uid1=10074 Pid1=2646 Uid2=10074 Pid2=2646
03-14 03:52:43.848 782 2173 I thunderperf: PlatormCompat.setOverrides: needCheck:false
03-14 03:52:43.848 782 2173 I thunderperf: CompatConfig.addOverrideUnsafe: bef-state=0
03-14 03:52:43.848 782 2173 I thunderperf: CompatConfig.addOverrideUnsafe: aft-state=0
03-14 03:52:43.849 782 2173 I thunderperf: CompatConfig.addOverrideUnsafe: bef-state=0
03-14 03:52:43.849 782 2173 I thunderperf: CompatConfig.addOverrideUnsafe: aft-state=0
03-14 03:52:43.850 782 2173 I thunderperf: CompatConfig.addOverrideUnsafe: bef-state=0
03-14 03:52:43.850 782 2173 I thunderperf: CompatConfig.addOverrideUnsafe: aft-state=0
03-14 03:52:43.850 782 2173 I thunderperf: CompatConfig.addOverrideUnsafe: bef-state=0
03-14 03:52:43.850 782 2173 I thunderperf: CompatConfig.addOverrideUnsafe: aft-state=0
03-14 03:52:43.851 782 2173 I thunderperf: CompatConfig.addOverrideUnsafe: bef-state=0
03-14 03:52:43.851 782 2173 I thunderperf: CompatConfig.addOverrideUnsafe: aft-state=0
03-14 03:52:43.851 782 2173 I thunderperf: CompatConfig.addOverrideUnsafe: bef-state=0
03-14 03:52:43.851 782 2173 I thunderperf: CompatConfig.addOverrideUnsafe: aft-state=0
03-14 03:52:43.852 782 2173 I thunderperf: CompatConfig.addOverrideUnsafe: bef-state=0
03-14 03:52:43.852 782 2173 I thunderperf: CompatConfig.addOverrideUnsafe: aft-state=0
03-14 03:52:43.852 782 2173 I thunderperf: CompatConfig.addOverrideUnsafe: bef-state=0
03-14 03:52:43.852 782 2173 I thunderperf: CompatConfig.addOverrideUnsafe: aft-state=0
03-14 03:52:43.852 782 2173 I thunderperf: CompatConfig.addOverrideUnsafe: bef-state=0
03-14 03:52:43.852 782 2173 I thunderperf: CompatConfig.addOverrideUnsafe: aft-state=0
03-14 03:52:43.853 782 2173 I thunderperf: CompatConfig.addOverrideUnsafe: bef-state=0
03-14 03:52:43.853 782 2173 I thunderperf: CompatConfig.addOverrideUnsafe: aft-state=0
03-14 03:52:43.853 782 2173 I thunderperf: CompatConfig.addOverrideUnsafe: bef-state=0
03-14 03:52:43.853 782 2173 I thunderperf: CompatConfig.addOverrideUnsafe: aft-state=0
03-14 03:52:43.854 782 2173 I thunderperf: CompatConfig.addOverrideUnsafe: bef-state=0
03-14 03:52:43.854 782 2173 I thunderperf: CompatConfig.addOverrideUnsafe: aft-state=0
03-14 03:52:43.855 782 2173 I thunderperf: CompatConfig.addOverrideUnsafe: bef-state=0
03-14 03:52:43.855 782 2173 I thunderperf: CompatConfig.addOverrideUnsafe: aft-state=0
03-14 03:52:43.856 782 2173 I thunderperf: CompatConfig.addOverrideUnsafe: bef-state=0
03-14 03:52:43.856 782 2173 I thunderperf: CompatConfig.addOverrideUnsafe: aft-state=0
03-14 03:52:43.862 782 2173 I ActivityTaskManager: START u0 {act=android.intent.action.MAIN cat=[android.intent.category.LAUNCHER] flg=0x10200000 cmp=com.android.gallery3d/.app.GalleryActivity} from uid 10074
03-14 03:52:43.869 782 2173 I wm_task_created: [108,-1]
03-14 03:52:43.869 782 2173 W ActivityTaskManager: Can't find TaskDisplayArea to determine support for multi window. Task id=108 attached=false
03-14 03:52:43.870 782 2173 D FreeFormWindowHelper: finish old freeform task = ActivityRecord{12bc3b2 u0 com.android.music/.MusicBrowserActivity t107}
03-14 03:52:43.870 782 2173 I wm_finish_activity: [0,19645362,107,com.android.music/.MusicBrowserActivity,app-request]
03-14 03:52:43.870 782 2173 I wm_task_moved: [1,1,8]
03-14 03:52:43.871 3694 3694 I wm_on_top_resumed_lost_called: [19645362,com.android.music.MusicBrowserActivity,topStateChangedWhenResumed]
03-14 03:52:43.871 782 2173 I wm_set_resumed_activity: [0,com.android.launcher3/.uioverrides.QuickstepLauncher,positionChildAt]
03-14 03:52:43.871 782 2173 I wm_task_moved: [102,1,2147483647]
03-14 03:52:43.871 782 2173 I wm_task_to_front: [0,102]
03-14 03:52:43.871 782 2173 I wm_focused_root_task: [0,0,1,-1,finish-top adjustFocusToNextFocusableTask]
03-14 03:52:43.871 782 2173 I wm_set_resumed_activity: [0,com.android.launcher3/.uioverrides.QuickstepLauncher,finish-top]
03-14 03:52:43.878 782 2173 I wm_pause_activity: [0,19645362,com.android.music/.MusicBrowserActivity,userLeaving=false,finish]
03-14 03:52:43.878 782 2173 D FreeFormWindowHelper: Add freeform task=Task{8c7092a #108 type=standard ?? U=0 visible=false mode=freeform translucent=true sz=0}
03-14 03:52:43.879 782 2173 D CompatibilityChangeReporter: Compat change id reported: 174042980; UID 10065; state: DISABLED
03-14 03:52:43.879 782 2173 D CompatibilityChangeReporter: Compat change id reported: 184838306; UID 10065; state: DISABLED
03-14 03:52:43.880 782 2173 D CompatibilityChangeReporter: Compat change id reported: 185004937; UID 10065; state: DISABLED
03-14 03:52:43.880 782 2173 D CompatibilityChangeReporter: Compat change id reported: 181136395; UID 10065; state: DISABLED
03-14 03:52:43.880 782 2173 D CompatibilityChangeReporter: Compat change id reported: 174042936; UID 10065; state: DISABLED
03-14 03:52:43.881 782 2173 I wm_task_moved: [108,1,8]
03-14 03:52:43.881 782 2173 I wm_task_to_front: [0,108]
03-14 03:52:43.881 782 2173 I wm_focused_root_task: [0,0,108,1,reuseOrNewTask]
03-14 03:52:43.881 782 2173 I wm_create_task: [0,108]
03-14 03:52:43.881 782 2173 I wm_create_activity: [0,160832696,108,com.android.gallery3d/.app.GalleryActivity,android.intent.action.MAIN,NULL,NULL,270532608]
03-14 03:52:43.881 782 2173 I wm_task_moved: [108,1,8]
03-14 03:52:43.881 782 2173 D CompatibilityChangeReporter: Compat change id reported: 168419799; UID 10065; state: DISABLED
03-14 03:52:43.881 782 2173 V SplashScreenExceptionList: SplashScreen checking exception for package com.android.gallery3d (target sdk:29) -> false
03-14 03:52:43.884 3694 3694 I wm_on_paused_called: [19645362,com.android.music.MusicBrowserActivity,performPause]
03-14 03:52:43.884 782 826 I input_focus: [Focus request dc152a9 com.android.launcher3/com.android.launcher3.uioverrides.QuickstepLauncher,reason=UpdateInputWindows]
03-14 03:52:43.885 782 2173 I wm_add_to_stopping: [0,19645362,com.android.music/.MusicBrowserActivity,completeFinishing]
03-14 03:52:43.886 782 2173 I ActivityTaskManager: FOREGROUND_APPLICATION_CHANGED to com.android.gallery3d.app.GalleryActivity
03-14 03:52:43.886 782 2173 I ActivityTaskManager: clear resize flag in freeform mode
03-14 03:52:43.888 782 1605 I input_focus: [Focus leaving 95c1161 com.android.music/com.android.music.MusicBrowserActivity (server),reason=NO_WINDOW]
03-14 03:52:43.888 782 1605 I input_focus: [Focus entering dc152a9 com.android.launcher3/com.android.launcher3.uioverrides.QuickstepLauncher (server),reason=setFocusedWindow]
03-14 03:52:43.888 782 825 I am_uid_running: 10065
03-14 03:52:43.889 782 825 D CompatibilityChangeReporter: Compat change id reported: 135634846; UID 10065; state: DISABLED
03-14 03:52:43.889 782 825 D CompatibilityChangeReporter: Compat change id reported: 177438394; UID 10065; state: DISABLED
03-14 03:52:43.889 782 825 D CompatibilityChangeReporter: Compat change id reported: 135772972; UID 10065; state: DISABLED
03-14 03:52:43.889 782 825 D CompatibilityChangeReporter: Compat change id reported: 135754954; UID 10065; state: DISABLED
03-14 03:52:43.889 782 825 I sysui_multi_action: [757,803,799,window_time_0,802,4]
03-14 03:52:43.889 782 873 D CompatibilityChangeReporter: Compat change id reported: 143937733; UID 10065; state: DISABLED
03-14 03:52:43.895 782 873 I am_proc_start: [0,4293,10065,com.android.gallery3d,top-activity,{com.android.gallery3d/com.android.gallery3d.app.GalleryActivity}]
03-14 03:52:43.895 782 873 I ActivityManager: Start proc 4293:com.android.gallery3d/u0a65 for top-activity {com.android.gallery3d/com.android.gallery3d.app.GalleryActivity}
03-14 03:52:43.898 782 830 I am_pss : [2549,10063,com.thundercomm.gamemode.provider,7770112,5963776,0,96567296,0,19,5]
01-01 08:02:17.290 0 0 W perfetto: enabled ftrace
01-01 08:02:17.297 0 0 I binder : 4293:4293 ioctl 40046210 7fc8a60c34 returned -22
03-14 03:52:43.905 782 797 I am_proc_bound: [0,4293,com.android.gallery3d]
03-14 03:52:43.907 782 797 I wm_restart_activity: [0,160832696,108,com.android.gallery3d/.app.GalleryActivity]
03-14 03:52:43.908 782 797 I wm_set_resumed_activity: [0,com.android.gallery3d/.app.GalleryActivity,minimalResumeActivityLocked]
03-14 03:52:43.909 782 825 I am_uid_active: 10065
03-14 03:52:43.953 4293 4293 I wm_on_create_called: [160832696,com.android.gallery3d.app.GalleryActivity,performCreate]
03-14 03:52:43.954 4293 4293 I wm_on_start_called: [160832696,com.android.gallery3d.app.GalleryActivity,handleStartActivity]
03-14 03:52:43.958 4293 4293 I wm_on_resume_called: [160832696,com.android.gallery3d.app.GalleryActivity,RESUME_ACTIVITY]
03-14 03:52:43.959 782 2173 D CompatibilityChangeReporter: Compat change id reported: 149924527; UID 10065; state: ENABLED
03-14 03:52:43.959 782 2173 D CompatibilityChangeReporter: Compat change id reported: 132649864; UID 10065; state: DISABLED
03-14 03:52:43.960 782 2144 D CompatibilityChangeReporter: Compat change id reported: 182734110; UID 10065; state: DISABLED
03-14 03:52:43.962 4293 4293 I wm_on_top_resumed_gained_called: [160832696,com.android.gallery3d.app.GalleryActivity,topStateChangedWhenResumed]
03-14 03:52:43.973 782 2144 W WindowManager: updateScale : 0.79357797
03-14 03:52:43.975 782 826 I input_focus: [Focus request 6bb0afb com.android.gallery3d/com.android.gallery3d.app.GalleryActivity,reason=UpdateInputWindows]
01-01 08:02:17.379 0 0 I binder : 4293:4314 ioctl 40046210 70dd735c94 returned -22
03-14 03:52:43.991 782 2170 W FreeFormWindowHelper: Current Display FreeFormTask is Task{8c7092a #108 type=standard A=10065:com.android.gallery3d U=0 visible=true mode=freeform translucent=false sz=1}
03-14 03:52:44.006 782 1605 I input_focus: [Focus leaving dc152a9 com.android.launcher3/com.android.launcher3.uioverrides.QuickstepLauncher (server),reason=Waiting for window because NOT_VISIBLE]
03-14 03:52:44.038 782 826 W WindowManager: updateScale : 0.79357797
03-14 03:52:44.040 782 826 W WindowManager: updateScale : 0.79357797
03-14 03:52:44.041 782 826 W WindowManager: updateScale : 0.79357797
03-14 03:52:44.041 782 822 I sysui_multi_action: [319,178,322,177,325,134,757,761,758,7,759,2,806,com.android.gallery3d,871,com.android.gallery3d.app.GalleryActivity,904,com.android.launcher3,905,0,945,44,1320,4,1321,1]
03-14 03:52:44.042 782 822 I wm_activity_launch_time: [0,160832696,com.android.gallery3d/.app.GalleryActivity,177]
03-14 03:52:44.055 782 1605 I input_focus: [Focus entering 6bb0afb com.android.gallery3d/com.android.gallery3d.app.GalleryActivity (server),reason=Window became focusable. Previous reason: NOT_VISIBLE]
03-14 03:52:44.092 782 872 I am_uid_idle: 10081
03-14 03:52:44.322 782 825 I wm_destroy_activity: [0,19645362,107,com.android.music/.MusicBrowserActivity,finish-imm:idle]
03-14 03:52:44.323 782 826 W WindowManager: updateScale : 0.79357797
03-14 03:52:44.323 782 1678 W ActivityManager: Receiver with filter android.content.IntentFilter@b75a051 already registered for pid 3694, callerPackage is com.android.music
03-14 03:52:44.325 3694 3694 I wm_on_stop_called: [19645362,com.android.music.MusicBrowserActivity,LIFECYCLER_STOP_ACTIVITY]
03-14 03:52:44.326 3694 3694 I wm_on_destroy_called: [19645362,com.android.music.MusicBrowserActivity,performDestroy]
03-14 03:52:44.327 782 1678 W WindowManager: updateScale : 0.79357797
03-14 03:52:44.328 782 1678 I wm_task_removed: [107,removeChild:removeChild last r=ActivityRecord{12bc3b2 u0 com.android.music/.MusicBrowserActivity t-1 f}} in t=Task{70241bd #107 type=standard A=10086:android.task.music U=0 visible=false mode=freeform translucent=true sz=0}]
03-14 03:52:44.328 782 1678 I wm_task_removed: [107,removeChild]
03-14 03:52:44.336 782 872 W BroadcastQueue: Background execution not allowed: receiving Intent { act=com.android.music.updatewidget flg=0x10 } to com.android.music/.MediaAppWidgetProvider
03-14 03:52:44.336 782 872 W BroadcastQueue: Background execution not allowed: receiving Intent { act=com.android.music.updatewidget flg=0x10 } to com.android.music/.MediaAppWidgetProviderLarge
03-14 03:52:44.336 782 782 I notification_cancel_all: [1000,782,com.android.music,0,0,0,20,NULL]
03-14 03:52:44.336 782 2170 I sysui_multi_action: [757,856,758,2,806,com.android.music,857,Channel-music,858,2]
03-14 03:52:44.336 782 2170 W NotificationHistory: Attempted to remove channel for locked/gone/disabled user 0
03-14 03:52:44.589 782 824 I commit_sys_config_file: [notification-policy,100368]
03-14 03:52:44.954 782 1605 I input_interaction: Interaction with: 6bb0afb com.android.gallery3d/com.android.gallery3d.app.GalleryActivity (server), edge-swipe (server), swipe-up (server), PointerEventDispatcher0 (server),
03-14 03:52:45.076 782 827 I ActivityTaskManager: clear resize flag in freeform mode
03-14 03:52:45.076 782 827 W WindowManager: updateScale : 0.7201835
03-14 03:52:45.076 782 827 W WindowManager: updateScale : 0.7201835
03-14 03:52:45.092 782 827 I ActivityTaskManager: clear resize flag in freeform mode
03-14 03:52:45.093 782 827 W WindowManager: updateScale : 0.6666667
03-14 03:52:45.105 782 2170 W WindowManager: updateScale : 0.6666667
03-14 03:52:45.109 782 827 I ActivityTaskManager: clear resize flag in freeform mode
03-14 03:52:45.109 782 827 W WindowManager: updateScale : 0.62232417
03-14 03:52:45.121 782 2170 W WindowManager: updateScale : 0.62232417
03-14 03:52:45.126 782 827 I ActivityTaskManager: clear resize flag in freeform mode
03-14 03:52:45.126 782 827 W WindowManager: updateScale : 0.58715594
03-14 03:52:45.138 782 2170 W WindowManager: updateScale : 0.58715594
03-14 03:52:45.143 782 827 I ActivityTaskManager: clear resize flag in freeform mode
03-14 03:52:45.143 782 827 W WindowManager: updateScale : 0.55657494
03-14 03:52:45.154 782 2170 W WindowManager: updateScale : 0.55657494
03-14 03:52:45.159 782 827 I ActivityTaskManager: clear resize flag in freeform mode
03-14 03:52:45.160 782 827 W WindowManager: updateScale : 0.5321101
03-14 03:52:45.171 782 2170 W WindowManager: updateScale : 0.5321101
03-14 03:52:45.176 782 827 I ActivityTaskManager: clear resize flag in freeform mode
03-14 03:52:45.176 782 827 W WindowManager: updateScale : 0.51376146
03-14 03:52:45.188 782 2170 W WindowManager: updateScale : 0.51376146
03-14 03:52:45.193 782 827 I ActivityTaskManager: clear resize flag in freeform mode
03-14 03:52:45.193 782 827 W WindowManager: updateScale : 0.49847096
03-14 03:52:45.204 782 2170 W WindowManager: updateScale : 0.49847096
03-14 03:52:45.209 782 827 I ActivityTaskManager: clear resize flag in freeform mode
03-14 03:52:45.210 782 827 W WindowManager: updateScale : 0.48623854
03-14 03:52:45.221 782 2170 W WindowManager: updateScale : 0.48623854
03-14 03:52:45.226 782 827 I ActivityTaskManager: clear resize flag in freeform mode
03-14 03:52:45.226 782 827 W WindowManager: updateScale : 0.47706422
03-14 03:52:45.238 782 2170 W WindowManager: updateScale : 0.47706422
03-14 03:52:45.243 782 827 I ActivityTaskManager: clear resize flag in freeform mode
03-14 03:52:45.243 782 827 W WindowManager: updateScale : 0.470948
03-14 03:52:45.255 782 2170 W WindowManager: updateScale : 0.470948
03-14 03:52:45.260 782 827 I ActivityTaskManager: clear resize flag in freeform mode
03-14 03:52:45.260 782 827 W WindowManager: updateScale : 0.4648318
03-14 03:52:45.271 782 2170 W WindowManager: updateScale : 0.4648318
03-14 03:52:45.276 782 827 I ActivityTaskManager: clear resize flag in freeform mode
03-14 03:52:45.276 782 827 W WindowManager: updateScale : 0.4617737
03-14 03:52:45.288 782 2170 W WindowManager: updateScale : 0.4617737
03-14 03:52:45.293 782 827 I ActivityTaskManager: clear resize flag in freeform mode
03-14 03:52:45.293 782 827 W WindowManager: updateScale : 0.46024466
03-14 03:52:45.305 782 2170 W WindowManager: updateScale : 0.46024466
03-14 03:52:45.310 782 827 I ActivityTaskManager: clear resize flag in freeform mode
03-14 03:52:45.310 782 827 W WindowManager: updateScale : 0.45718655
03-14 03:52:45.321 782 2170 W WindowManager: updateScale : 0.45718655
03-14 03:52:45.326 782 827 I ActivityTaskManager: clear resize flag in freeform mode
03-14 03:52:45.327 782 827 W WindowManager: updateScale : 0.45718655
03-14 03:52:45.338 782 2170 W WindowManager: updateScale : 0.45718655
03-14 03:52:45.343 782 827 I ActivityTaskManager: clear resize flag in freeform mode
03-14 03:52:45.343 782 827 W WindowManager: updateScale : 0.45565748
03-14 03:52:45.355 782 2170 W WindowManager: updateScale : 0.45565748
03-14 03:52:45.360 782 827 I ActivityTaskManager: clear resize flag in freeform mode
03-14 03:52:45.360 782 827 W WindowManager: updateScale : 0.45565748
03-14 03:52:45.372 782 2170 W WindowManager: updateScale : 0.45565748
03-14 03:52:45.388 782 2170 W WindowManager: updateScale : 0.45565748
03-14 03:52:45.612 782 1605 I input_interaction: Interaction with: dc152a9 com.android.launcher3/com.android.launcher3.uioverrides.QuickstepLauncher (server), d04e39a com.android.systemui.ImageWallpaper (server), edge-swipe (server), swipe-up (server), PointerEventDispatcher0 (server),
03-14 03:52:45.657 782 2144 W FreeFormWindowHelper: Current Display FreeFormTask is Task{8c7092a #108 type=standard A=10065:com.android.gallery3d U=0 visible=true mode=freeform translucent=false sz=1}
03-14 03:52:45.657 782 2144 W FreeFormWindowHelper: Current Display FreeFormTask is Task{8c7092a #108 type=standard A=10065:com.android.gallery3d U=0 visible=true mode=freeform translucent=false sz=1}
03-14 03:52:45.658 782 2170 W FreeFormWindowHelper: Current Display FreeFormTask is Task{8c7092a #108 type=standard A=10065:com.android.gallery3d U=0 visible=true mode=freeform translucent=false sz=1}
03-14 03:52:45.668 782 822 D AutofillManagerService: Close system dialogs
03-14 03:52:45.669 782 796 W FreeFormWindowHelper: Current Display FreeFormTask is Task{8c7092a #108 type=standard A=10065:com.android.gallery3d U=0 visible=true mode=freeform translucent=false sz=1}
03-14 03:52:45.669 782 796 W FreeFormWindowHelper: Current Display FreeFormTask is Task{8c7092a #108 type=standard A=10065:com.android.gallery3d U=0 visible=true mode=freeform translucent=false sz=1}
03-14 03:52:45.670 2646 2646 I view_enqueue_input_event: [Motion - Cancel,com.android.launcher3/com.android.launcher3.uioverrides.QuickstepLauncher]
03-14 03:52:45.670 782 796 W FreeFormWindowHelper: Current Display FreeFormTask is Task{8c7092a #108 type=standard A=10065:com.android.gallery3d U=0 visible=true mode=freeform translucent=false sz=1}
03-14 03:52:45.672 782 2170 W FreeFormWindowHelper: Current Display FreeFormTask is Task{8c7092a #108 type=standard A=10065:com.android.gallery3d U=0 visible=true mode=freeform translucent=false sz=1}
03-14 03:52:45.672 782 2170 W FreeFormWindowHelper: Current Display FreeFormTask is Task{8c7092a #108 type=standard A=10065:com.android.gallery3d U=0 visible=true mode=freeform translucent=false sz=1}
03-14 03:52:45.673 782 2170 W FreeFormWindowHelper: Current Display FreeFormTask is Task{8c7092a #108 type=standard A=10065:com.android.gallery3d U=0 visible=true mode=freeform translucent=false sz=1}
03-14 03:52:45.673 782 2170 W FreeFormWindowHelper: Current Display FreeFormTask is Task{8c7092a #108 type=standard A=10065:com.android.gallery3d U=0 visible=true mode=freeform translucent=false sz=1}
03-14 03:52:45.679 782 1605 I input_interaction: Interaction with: edge-swipe (server), swipe-up (server), PointerEventDispatcher0 (server),
03-14 03:52:45.690 782 796 W FreeFormWindowHelper: Current Display FreeFormTask is Task{8c7092a #108 type=standard A=10065:com.android.gallery3d U=0 visible=true mode=freeform translucent=false sz=1}
03-14 03:52:45.690 782 796 W FreeFormWindowHelper: Current Display FreeFormTask is Task{8c7092a #108 type=standard A=10065:com.android.gallery3d U=0 visible=true mode=freeform translucent=false sz=1}
03-14 03:52:45.706 782 2170 W FreeFormWindowHelper: Current Display FreeFormTask is Task{8c7092a #108 type=standard A=10065:com.android.gallery3d U=0 visible=true mode=freeform translucent=false sz=1}
03-14 03:52:45.706 782 2170 W FreeFormWindowHelper: Current Display FreeFormTask is Task{8c7092a #108 type=standard A=10065:com.android.gallery3d U=0 visible=true mode=freeform translucent=false sz=1}
03-14 03:52:45.707 782 2969 E TaskPersister: File error accessing recents directory (directory doesn't exist?).
03-14 03:52:45.859 782 1331 I commit_sys_config_file: [settings-1-0,2]
03-14 03:52:46.016 782 796 W FreeFormWindowHelper: Current Display FreeFormTask is Task{8c7092a #108 type=standard A=10065:com.android.gallery3d U=0 visible=true mode=freeform translucent=false sz=1}
03-14 03:52:46.022 782 796 W FreeFormWindowHelper: Current Display FreeFormTask is Task{8c7092a #108 type=standard A=10065:com.android.gallery3d U=0 visible=true mode=freeform translucent=false sz=1}
03-14 03:52:46.028 782 796 W FreeFormWindowHelper: Current Display FreeFormTask is Task{8c7092a #108 type=standard A=10065:com.android.gallery3d U=0 visible=true mode=freeform translucent=false sz=1}
03-14 03:52:46.028 782 796 W FreeFormWindowHelper: Current Display FreeFormTask is Task{8c7092a #108 type=standard A=10065:com.android.gallery3d U=0 visible=true mode=freeform translucent=false sz=1}
03-14 03:52:46.042 782 2144 W FreeFormWindowHelper: Current Display FreeFormTask is Task{8c7092a #108 type=standard A=10065:com.android.gallery3d U=0 visible=true mode=freeform translucent=false sz=1}
03-14 03:52:46.043 782 2144 W FreeFormWindowHelper: Current Display FreeFormTask is Task{8c7092a #108 type=standard A=10065:com.android.gallery3d U=0 visible=true mode=freeform translucent=false sz=1}
01-01 08:02:19.431 0 0 E DTC_ETH,link_delay_work_func: 3003, SQI=0, link=0
03-14 03:52:46.060 782 2144 W FreeFormWindowHelper: Current Display FreeFormTask is Task{8c7092a #108 type=standard A=10065:com.android.gallery3d U=0 visible=true mode=freeform translucent=false sz=1}
03-14 03:52:46.060 782 2144 W FreeFormWindowHelper: Current Display FreeFormTask is Task{8c7092a #108 type=standard A=10065:com.android.gallery3d U=0 visible=true mode=freeform translucent=false sz=1}
03-14 03:52:46.078 782 2144 W FreeFormWindowHelper: Current Display FreeFormTask is Task{8c7092a #108 type=standard A=10065:com.android.gallery3d U=0 visible=true mode=freeform translucent=false sz=1}
03-14 03:52:46.078 782 2144 W FreeFormWindowHelper: Current Display FreeFormTask is Task{8c7092a #108 type=standard A=10065:com.android.gallery3d U=0 visible=true mode=freeform translucent=false sz=1}
03-14 03:52:46.095 782 796 W FreeFormWindowHelper: Current Display FreeFormTask is Task{8c7092a #108 type=standard A=10065:com.android.gallery3d U=0 visible=true mode=freeform translucent=false sz=1}
03-14 03:52:46.095 782 796 W FreeFormWindowHelper: Current Display FreeFormTask is Task{8c7092a #108 type=standard A=10065:com.android.gallery3d U=0 visible=true mode=freeform translucent=false sz=1}
03-14 03:52:46.116 782 796 W FreeFormWindowHelper: Current Display FreeFormTask is Task{8c7092a #108 type=standard A=10065:com.android.gallery3d U=0 visible=true mode=freeform translucent=false sz=1}
03-14 03:52:46.117 782 796 W FreeFormWindowHelper: Current Display FreeFormTask is Task{8c7092a #108 type=standard A=10065:com.android.gallery3d U=0 visible=true mode=freeform translucent=false sz=1}
03-14 03:52:46.131 782 796 W FreeFormWindowHelper: Current Display FreeFormTask is Task{8c7092a #108 type=standard A=10065:com.android.gallery3d U=0 visible=true mode=freeform translucent=false sz=1}
03-14 03:52:46.132 782 796 W FreeFormWindowHelper: Current Display FreeFormTask is Task{8c7092a #108 type=standard A=10065:com.android.gallery3d U=0 visible=true mode=freeform translucent=false sz=1}
03-14 03:52:46.148 782 796 W FreeFormWindowHelper: Current Display FreeFormTask is Task{8c7092a #108 type=standard A=10065:com.android.gallery3d U=0 visible=true mode=freeform translucent=false sz=1}
03-14 03:52:46.148 782 796 W FreeFormWindowHelper: Current Display FreeFormTask is Task{8c7092a #108 type=standard A=10065:com.android.gallery3d U=0 visible=true mode=freeform translucent=false sz=1}
03-14 03:52:46.166 782 796 W FreeFormWindowHelper: Current Display FreeFormTask is Task{8c7092a #108 type=standard A=10065:com.android.gallery3d U=0 visible=true mode=freeform translucent=false sz=1}
03-14 03:52:46.167 782 796 W FreeFormWindowHelper: Current Display FreeFormTask is Task{8c7092a #108 type=standard A=10065:com.android.gallery3d U=0 visible=true mode=freeform translucent=false sz=1}
03-14 03:52:46.184 782 796 W FreeFormWindowHelper: Current Display FreeFormTask is Task{8c7092a #108 type=standard A=10065:com.android.gallery3d U=0 visible=true mode=freeform translucent=false sz=1}
03-14 03:52:46.185 782 796 W FreeFormWindowHelper: Current Display FreeFormTask is Task{8c7092a #108 type=standard A=10065:com.android.gallery3d U=0 visible=true mode=freeform translucent=false sz=1}
03-14 03:52:46.198 782 2144 W FreeFormWindowHelper: Current Display FreeFormTask is Task{8c7092a #108 type=standard A=10065:com.android.gallery3d U=0 visible=true mode=freeform translucent=false sz=1}
03-14 03:52:46.199 782 2144 W FreeFormWindowHelper: Current Display FreeFormTask is Task{8c7092a #108 type=standard A=10065:com.android.gallery3d U=0 visible=true mode=freeform translucent=false sz=1}
03-14 03:52:46.217 782 2144 W FreeFormWindowHelper: Current Display FreeFormTask is Task{8c7092a #108 type=standard A=10065:com.android.gallery3d U=0 visible=true mode=freeform translucent=false sz=1}
03-14 03:52:46.218 782 2144 W FreeFormWindowHelper: Current Display FreeFormTask is Task{8c7092a #108 type=standard A=10065:com.android.gallery3d U=0 visible=true mode=freeform translucent=false sz=1}
03-14 03:52:46.221 782 1331 I commit_sys_config_file: [settings-1-0,6]
03-14 03:52:46.232 782 2144 W FreeFormWindowHelper: Current Display FreeFormTask is Task{8c7092a #108 type=standard A=10065:com.android.gallery3d U=0 visible=true mode=freeform translucent=false sz=1}
03-14 03:52:46.233 782 2144 W FreeFormWindowHelper: Current Display FreeFormTask is Task{8c7092a #108 type=standard A=10065:com.android.gallery3d U=0 visible=true mode=freeform translucent=false sz=1}
03-14 03:52:46.249 782 796 W FreeFormWindowHelper: Current Display FreeFormTask is Task{8c7092a #108 type=standard A=10065:com.android.gallery3d U=0 visible=true mode=freeform translucent=false sz=1}
03-14 03:52:46.250 782 796 W FreeFormWindowHelper: Current Display FreeFormTask is Task{8c7092a #108 type=standard A=10065:com.android.gallery3d U=0 visible=true mode=freeform translucent=false sz=1}
03-14 03:52:46.266 782 2144 W FreeFormWindowHelper: Current Display FreeFormTask is Task{8c7092a #108 type=standard A=10065:com.android.gallery3d U=0 visible=true mode=freeform translucent=false sz=1}
03-14 03:52:46.267 782 2144 W FreeFormWindowHelper: Current Display FreeFormTask is Task{8c7092a #108 type=standard A=10065:com.android.gallery3d U=0 visible=true mode=freeform translucent=false sz=1}
03-14 03:52:46.284 782 2144 W FreeFormWindowHelper: Current Display FreeFormTask is Task{8c7092a #108 type=standard A=10065:com.android.gallery3d U=0 visible=true mode=freeform translucent=false sz=1}
03-14 03:52:46.284 782 2144 W FreeFormWindowHelper: Current Display FreeFormTask is Task{8c7092a #108 type=standard A=10065:com.android.gallery3d U=0 visible=true mode=freeform translucent=false sz=1}
03-14 03:52:46.301 782 2144 W FreeFormWindowHelper: Current Display FreeFormTask is Task{8c7092a #108 type=standard A=10065:com.android.gallery3d U=0 visible=true mode=freeform translucent=false sz=1}
03-14 03:52:46.302 782 2144 W FreeFormWindowHelper: Current Display FreeFormTask is Task{8c7092a #108 type=standard A=10065:com.android.gallery3d U=0 visible=true mode=freeform translucent=false sz=1}
03-14 03:52:46.316 782 2170 W FreeFormWindowHelper: Current Display FreeFormTask is Task{8c7092a #108 type=standard A=10065:com.android.gallery3d U=0 visible=true mode=freeform translucent=false sz=1}
03-14 03:52:46.317 782 2170 W FreeFormWindowHelper: Current Display FreeFormTask is Task{8c7092a #108 type=standard A=10065:com.android.gallery3d U=0 visible=true mode=freeform translucent=false sz=1}
03-14 03:52:46.335 782 2170 I wm_finish_activity: [0,160832696,108,com.android.gallery3d/.app.GalleryActivity,app-request]
03-14 03:52:46.335 782 2170 I wm_task_moved: [1,1,7]
03-14 03:52:46.339 782 2170 I wm_set_resumed_activity: [0,com.android.launcher3/.uioverrides.QuickstepLauncher,positionChildAt]
03-14 03:52:46.339 782 2170 I wm_task_moved: [102,1,2147483647]
03-14 03:52:46.339 782 2170 I wm_task_to_front: [0,102]
03-14 03:52:46.339 4293 4293 I wm_on_top_resumed_lost_called: [160832696,com.android.gallery3d.app.GalleryActivity,topStateChangedWhenResumed]
03-14 03:52:46.339 782 2170 I wm_focused_root_task: [0,0,1,-1,finish-top adjustFocusToNextFocusableTask]
03-14 03:52:46.339 782 2170 I wm_set_resumed_activity: [0,com.android.launcher3/.uioverrides.QuickstepLauncher,finish-top]
03-14 03:52:46.344 782 2170 I wm_pause_activity: [0,160832696,com.android.gallery3d/.app.GalleryActivity,userLeaving=false,finish]
03-14 03:52:46.348 782 826 I input_focus: [Focus request dc152a9 com.android.launcher3/com.android.launcher3.uioverrides.QuickstepLauncher,reason=UpdateInputWindows]
03-14 03:52:46.349 782 2170 W FreeFormWindowHelper: Current Display FreeFormTask is Task{8c7092a #108 type=standard A=10065:com.android.gallery3d U=0 visible=false mode=freeform translucent=true sz=1}
03-14 03:52:46.350 782 2144 W FreeFormWindowHelper: Current Display FreeFormTask is Task{8c7092a #108 type=standard A=10065:com.android.gallery3d U=0 visible=false mode=freeform translucent=true sz=1}
03-14 03:52:46.352 782 2144 W FreeFormWindowHelper: Current Display FreeFormTask is Task{8c7092a #108 type=standard A=10065:com.android.gallery3d U=0 visible=false mode=freeform translucent=true sz=1}
03-14 03:52:46.356 4293 4293 I wm_on_paused_called: [160832696,com.android.gallery3d.app.GalleryActivity,performPause]
03-14 03:52:46.357 782 1678 I ActivityTaskManager: FOREGROUND_APPLICATION_CHANGED to com.android.launcher3.uioverrides.QuickstepLauncher
03-14 03:52:46.358 782 1678 I wm_destroy_activity: [0,160832696,108,com.android.gallery3d/.app.GalleryActivity,finish-imm:completePausedLocked]
03-14 03:52:46.364 782 1605 I input_focus: [Focus leaving 6bb0afb com.android.gallery3d/com.android.gallery3d.app.GalleryActivity (server),reason=NO_WINDOW]
03-14 03:52:46.364 782 1605 I input_focus: [Focus entering dc152a9 com.android.launcher3/com.android.launcher3.uioverrides.QuickstepLauncher (server),reason=setFocusedWindow]
03-14 03:52:46.369 782 825 I sysui_multi_action: [757,803,799,window_time_2,802,3]
03-14 03:52:46.372 4293 4293 I wm_on_stop_called: [160832696,com.android.gallery3d.app.GalleryActivity,LIFECYCLER_STOP_ACTIVITY]
03-14 03:52:46.373 782 1678 W FreeFormWindowHelper: Current Display FreeFormTask is Task{8c7092a #108 type=standard A=10065:com.android.gallery3d U=0 visible=false mode=freeform translucent=true sz=1}
03-14 03:52:46.375 4293 4293 I wm_on_destroy_called: [160832696,com.android.gallery3d.app.GalleryActivity,performDestroy]
03-14 03:52:46.378 782 2170 W FreeFormWindowHelper: Current Display FreeFormTask is Task{8c7092a #108 type=standard A=10065:com.android.gallery3d U=0 visible=false mode=freeform translucent=true sz=1}
03-14 03:52:46.378 782 796 W FreeFormWindowHelper: Current Display FreeFormTask is Task{8c7092a #108 type=standard A=10065:com.android.gallery3d U=0 visible=false mode=freeform translucent=true sz=1}
03-14 03:52:46.381 2646 2646 I wm_on_top_resumed_gained_called: [174418215,com.android.launcher3.uioverrides.QuickstepLauncher,topStateChangedWhenResumed]
03-14 03:52:46.461 782 2170 W FreeFormWindowHelper: Current Display FreeFormTask is Task{8c7092a #108 type=standard A=10065:com.android.gallery3d U=0 visible=false mode=freeform translucent=true sz=1}
03-14 03:52:46.661 782 826 I wm_task_removed: [108,removeChild:removeChild last r=ActivityRecord{9961cb8 u0 com.android.gallery3d/.app.GalleryActivity t-1 f}} in t=Task{8c7092a #108 type=standard A=10065:com.android.gallery3d U=0 visible=false mode=freeform translucent=true sz=0}]
03-14 03:52:46.661 782 826 I wm_task_removed: [108,removeChild]
03-14 03:52:46.661 782 826 D FreeFormWindowHelper: Remove freefrom task=Task{8c7092a #108 type=standard A=10065:com.android.gallery3d U=0 visible=false mode=freeform translucent=true sz=0}
03-14 03:52:47.151 782 1605 I input_interaction: Interaction with: dc152a9 com.android.launcher3/com.android.launcher3.uioverrides.QuickstepLauncher (server), d04e39a com.android.systemui.ImageWallpaper (server), edge-swipe (server), swipe-up (server), PointerEventDispatcher0 (server),
03-14 03:52:47.199 782 822 D AutofillManagerService: Close system dialogs
03-14 03:52:47.199 2646 2646 I view_enqueue_input_event: [Motion - Cancel,com.android.launcher3/com.android.launcher3.uioverrides.QuickstepLauncher]
03-14 03:52:47.202 782 1605 I input_interaction: Interaction with: edge-swipe (server), swipe-up (server), PointerEventDispatcher0 (server),
03-14 03:52:47.639 782 1678 W FreeFormWindowHelper: exitRecentTasks type=0
03-14 03:52:47.639 782 1678 W ContextImpl: Calling a method in the system process without a qualified user: android.app.ContextImpl.startActivity:1067 com.android.server.wm.FreeFormWindowHelper.exitRecentTasks:435 com.android.server.wm.ActivityTaskManagerService.exitRecentTasks:3821 android.app.IActivityTaskManager$Stub.onTransact:2307 com.android.server.wm.ActivityTaskManagerService.onTransact:5072
03-14 03:52:47.641 782 1678 I thunderperf: PlatormCompat.setOverrides: Uid1=1000 Pid1=782 Uid2=1000 Pid2=782
03-14 03:52:47.642 782 1678 I thunderperf: PlatormCompat.setOverrides: needCheck:false
03-14 03:52:47.642 782 1678 I thunderperf: CompatConfig.addOverrideUnsafe: bef-state=0
03-14 03:52:47.642 782 1678 I thunderperf: CompatConfig.addOverrideUnsafe: aft-state=0
03-14 03:52:47.643 782 1678 I thunderperf: CompatConfig.addOverrideUnsafe: bef-state=0
03-14 03:52:47.643 782 1678 I thunderperf: CompatConfig.addOverrideUnsafe: aft-state=0
03-14 03:52:47.643 782 1678 I thunderperf: CompatConfig.addOverrideUnsafe: bef-state=0
03-14 03:52:47.643 782 1678 I thunderperf: CompatConfig.addOverrideUnsafe: aft-state=0
03-14 03:52:47.644 782 1678 I thunderperf: CompatConfig.addOverrideUnsafe: bef-state=0
03-14 03:52:47.644 782 1678 I thunderperf: CompatConfig.addOverrideUnsafe: aft-state=0
03-14 03:52:47.644 782 1678 I thunderperf: CompatConfig.addOverrideUnsafe: bef-state=0
03-14 03:52:47.644 782 1678 I thunderperf: CompatConfig.addOverrideUnsafe: aft-state=0
03-14 03:52:47.645 782 1678 I thunderperf: CompatConfig.addOverrideUnsafe: bef-state=0
03-14 03:52:47.645 782 1678 I thunderperf: CompatConfig.addOverrideUnsafe: aft-state=0
03-14 03:52:47.645 782 1678 I thunderperf: CompatConfig.addOverrideUnsafe: bef-state=0
03-14 03:52:47.645 782 1678 I thunderperf: CompatConfig.addOverrideUnsafe: aft-state=0
03-14 03:52:47.645 782 1678 I thunderperf: CompatConfig.addOverrideUnsafe: bef-state=0
03-14 03:52:47.645 782 1678 I thunderperf: CompatConfig.addOverrideUnsafe: aft-state=0
03-14 03:52:47.646 782 1678 I thunderperf: CompatConfig.addOverrideUnsafe: bef-state=0
03-14 03:52:47.646 782 1678 I thunderperf: CompatConfig.addOverrideUnsafe: aft-state=0
03-14 03:52:47.646 782 1678 I thunderperf: CompatConfig.addOverrideUnsafe: bef-state=0
03-14 03:52:47.646 782 1678 I thunderperf: CompatConfig.addOverrideUnsafe: aft-state=0
03-14 03:52:47.647 782 1678 I thunderperf: CompatConfig.addOverrideUnsafe: bef-state=0
03-14 03:52:47.647 782 1678 I thunderperf: CompatConfig.addOverrideUnsafe: aft-state=0
03-14 03:52:47.647 782 1678 I thunderperf: CompatConfig.addOverrideUnsafe: bef-state=0
03-14 03:52:47.647 782 1678 I thunderperf: CompatConfig.addOverrideUnsafe: aft-state=0
03-14 03:52:47.647 782 1678 I thunderperf: CompatConfig.addOverrideUnsafe: bef-state=0
03-14 03:52:47.647 782 1678 I thunderperf: CompatConfig.addOverrideUnsafe: aft-state=0
03-14 03:52:47.648 782 1678 I thunderperf: CompatConfig.addOverrideUnsafe: bef-state=0
03-14 03:52:47.648 782 1678 I thunderperf: CompatConfig.addOverrideUnsafe: aft-state=0
03-14 03:52:47.653 782 1678 I ActivityTaskManager: START u0 {act=android.intent.action.MAIN cat=[android.intent.category.LAUNCHER] flg=0x10200000 cmp=com.android.gallery3d/.app.GalleryActivity} from uid 1000
03-14 03:52:47.655 782 1678 I wm_task_created: [109,-1]
03-14 03:52:47.655 782 1678 W ActivityTaskManager: Can't find TaskDisplayArea to determine support for multi window. Task id=109 attached=false
03-14 03:52:47.656 782 1678 D FreeFormWindowHelper: Add freeform task=Task{b156dee #109 type=standard ?? U=0 visible=false mode=freeform translucent=true sz=0}
03-14 03:52:47.657 782 1678 D CompatibilityChangeReporter: Compat change id reported: 174042980; UID 10065; state: DISABLED
03-14 03:52:47.658 782 1678 D CompatibilityChangeReporter: Compat change id reported: 184838306; UID 10065; state: DISABLED
03-14 03:52:47.658 782 1678 D CompatibilityChangeReporter: Compat change id reported: 185004937; UID 10065; state: DISABLED
03-14 03:52:47.658 782 1678 D CompatibilityChangeReporter: Compat change id reported: 181136395; UID 10065; state: DISABLED
03-14 03:52:47.658 782 1678 D CompatibilityChangeReporter: Compat change id reported: 174042936; UID 10065; state: DISABLED
03-14 03:52:47.659 782 1678 I wm_task_moved: [109,1,7]
03-14 03:52:47.659 782 1678 I wm_task_to_front: [0,109]
03-14 03:52:47.659 782 1678 I wm_create_task: [0,109]
