01-01 08:00:21.581 0 0 I init : [libfs_mgr]__mount(source=/dev/block/bootdevice/by-name/persist,target=/mnt/vendor/persist,type=ext4)=0: Success
01-01 08:00:21.610 0 0 I init : Command 'mount_all /vendor/etc/fstab.qcom --early' action=fs (/vendor/etc/init/hw/init.target.rc:55) took 845ms and succeeded
01-01 08:00:19.395 545 545 I auditd : type=1400 audit(0.0:76): avc: denied { map } for comm="crash_dump64" path="/dev/__properties__/u:object_r:vendor_system_prop:s0" dev="tmpfs" ino=3572 scontext=u:r:crash_dump:s0 tcontext=u:object_r:vendor_system_prop:s0 tclass=file permissive=1
01-01 08:00:19.395 545 545 I auditd : type=1400 audit(0.0:77): avc: denied { open } for comm="crash_dump64" path="/dev/__properties__/u:object_r:vendor_sys_video_prop:s0" dev="tmpfs" ino=3571 scontext=u:r:crash_dump:s0 tcontext=u:object_r:vendor_sys_video_prop:s0 tclass=file permissive=1
01-01 08:00:21.645 0 0 I init : processing action (fs) from (/system/etc/init/logd.rc:28)
01-01 08:00:19.395 545 545 I auditd : type=1400 audit(0.0:78): avc: denied { getattr } for comm="crash_dump64" path="/dev/__properties__/u:object_r:vendor_sys_video_prop:s0" dev="tmpfs" ino=3571 scontext=u:r:crash_dump:s0 tcontext=u:object_r:vendor_sys_video_prop:s0 tclass=file permissive=1
01-01 08:00:21.649 0 0 I init : processing action (fs) from (/system/etc/init/wifi.rc:25)
01-01 08:00:19.395 545 545 I auditd : type=1400 audit(0.0:79): avc: denied { map } for comm="crash_dump64" path="/dev/__properties__/u:object_r:vendor_sys_video_prop:s0" dev="tmpfs" ino=3571 scontext=u:r:crash_dump:s0 tcontext=u:object_r:vendor_sys_video_prop:s0 tclass=file permissive=1
01-01 08:00:21.657 0 0 I init : processing action (post-fs) from (/system/etc/init/hw/init.rc:525)
01-01 08:00:19.395 545 545 I auditd : type=1400 audit(0.0:80): avc: denied { open } for comm="crash_dump64" path="/dev/__properties__/u:object_r:vendor_sxr_prop:s0" dev="tmpfs" ino=3570 scontext=u:r:crash_dump:s0 tcontext=u:object_r:vendor_sxr_prop:s0 tclass=file permissive=1
01-01 08:00:21.686 0 0 I init : starting service 'exec 6 (/system/bin/vdc checkpoint markBootAttempt)'...
01-01 08:00:21.723 0 0 I init : SVC_EXEC service 'exec 6 (/system/bin/vdc checkpoint markBootAttempt)' pid 574 (uid 1000 gid 1000+0 context default) started; waiting...
01-01 08:00:21.728 0 0 I binder : 574:574 ioctl 40046210 7fdc85eee4 returned -22
01-01 08:00:21.728 0 0 D ProcessState: Binder ioctl to enable oneway spam detection failed: Invalid argument
01-01 08:00:21.728 0 0 D vdc : Waited 0ms for vold
01-01 08:00:19.395 545 545 I auditd : type=1400 audit(0.0:81): avc: denied { getattr } for comm="crash_dump64" path="/dev/__properties__/u:object_r:vendor_sxr_prop:s0" dev="tmpfs" ino=3570 scontext=u:r:crash_dump:s0 tcontext=u:object_r:vendor_sxr_prop:s0 tclass=file permissive=1
01-01 08:00:19.395 545 545 I auditd : type=1400 audit(0.0:82): avc: denied { map } for comm="crash_dump64" path="/dev/__properties__/u:object_r:vendor_sxr_prop:s0" dev="tmpfs" ino=3570 scontext=u:r:crash_dump:s0 tcontext=u:object_r:vendor_sxr_prop:s0 tclass=file permissive=1
01-01 08:00:19.395 545 545 I auditd : type=1400 audit(0.0:83): avc: denied { open } for comm="crash_dump64" path="/dev/__properties__/u:object_r:vendor_ssr_prop:s0" dev="tmpfs" ino=3569 scontext=u:r:crash_dump:s0 tcontext=u:object_r:vendor_ssr_prop:s0 tclass=file permissive=1
01-01 08:00:19.395 545 545 I auditd : type=1400 audit(0.0:84): avc: denied { getattr } for comm="crash_dump64" path="/dev/__properties__/u:object_r:vendor_ssr_prop:s0" dev="tmpfs" ino=3569 scontext=u:r:crash_dump:s0 tcontext=u:object_r:vendor_ssr_prop:s0 tclass=file permissive=1
01-01 08:00:21.759 0 0 I init : Command 'exec - system system -- /system/bin/vdc checkpoint markBootAttempt' action=post-fs (/system/etc/init/hw/init.rc:526) took 72ms and succeeded
01-01 08:00:19.395 545 545 I auditd : type=1400 audit(0.0:85): avc: denied { map } for comm="crash_dump64" path="/dev/__properties__/u:object_r:vendor_ssr_prop:s0" dev="tmpfs" ino=3569 scontext=u:r:crash_dump:s0 tcontext=u:object_r:vendor_ssr_prop:s0 tclass=file permissive=1
01-01 08:00:21.790 0 0 I init : Service 'exec 6 (/system/bin/vdc checkpoint markBootAttempt)' (pid 574) exited with status 0 waiting took 0.067000 seconds
01-01 08:00:21.822 0 0 I init : Sending signal 9 to service 'exec 6 (/system/bin/vdc checkpoint markBootAttempt)' (pid 574) process group...
01-01 08:00:19.395 545 545 I auditd : type=1400 audit(0.0:86): avc: denied { open } for comm="crash_dump64" path="/dev/__properties__/u:object_r:vendor_spcomlib_prop:s0" dev="tmpfs" ino=3568 scontext=u:r:crash_dump:s0 tcontext=u:object_r:vendor_spcomlib_prop:s0 tclass=file permissive=1
01-01 08:00:19.395 545 545 I auditd : type=1400 audit(0.0:87): avc: denied { getattr } for comm="crash_dump64" path="/dev/__properties__/u:object_r:vendor_spcomlib_prop:s0" dev="tmpfs" ino=3568 scontext=u:r:crash_dump:s0 tcontext=u:object_r:vendor_spcomlib_prop:s0 tclass=file permissive=1
01-01 08:00:21.854 0 0 I libprocessgroup: Successfully killed process cgroup uid 1000 pid 574 in 0ms
01-01 08:00:19.395 545 545 I auditd : type=1400 audit(0.0:88): avc: denied { map } for comm="crash_dump64" path="/dev/__properties__/u:object_r:vendor_spcomlib_prop:s0" dev="tmpfs" ino=3568 scontext=u:r:crash_dump:s0 tcontext=u:object_r:vendor_spcomlib_prop:s0 tclass=file permissive=1
01-01 08:00:19.395 545 545 I auditd : type=1400 audit(0.0:89): avc: denied { open } for comm="crash_dump64" path="/dev/__properties__/u:object_r:vendor_soc_name_prop:s0" dev="tmpfs" ino=3566 scontext=u:r:crash_dump:s0 tcontext=u:object_r:vendor_soc_name_prop:s0 tclass=file permissive=1
01-01 08:00:21.886 0 0 E selinux : SELinux: Could not stat /sys/kernel/debug: No such file or directory.
01-01 08:00:21.923 0 0 E selinux :
01-01 08:00:19.395 545 545 I auditd : type=1400 audit(0.0:90): avc: denied { getattr } for comm="crash_dump64" path="/dev/__properties__/u:object_r:vendor_soc_name_prop:s0" dev="tmpfs" ino=3566 scontext=u:r:crash_dump:s0 tcontext=u:object_r:vendor_soc_name_prop:s0 tclass=file permissive=1
01-01 08:00:21.923 0 0 I init : Command 'chown system cache /cache' action=post-fs (/system/etc/init/hw/init.rc:541) took 0ms and failed: lchown() failed: Read-only file system
01-01 08:00:19.395 545 545 I auditd : type=1400 audit(0.0:91): avc: denied { map } for comm="crash_dump64" path="/dev/__properties__/u:object_r:vendor_soc_name_prop:s0" dev="tmpfs" ino=3566 scontext=u:r:crash_dump:s0 tcontext=u:object_r:vendor_soc_name_prop:s0 tclass=file permissive=1
01-01 08:00:21.952 0 0 I init : Command 'chmod 0770 /cache' action=post-fs (/system/etc/init/hw/init.rc:542) took 0ms and failed: fchmodat() failed: Read-only file system
01-01 08:00:21.984 0 0 E DTC_ETH,link_delay_work_func: 3003, SQI=0, link=0
01-01 08:00:19.395 545 545 I auditd : type=1400 audit(0.0:92): avc: denied { open } for comm="crash_dump64" path="/dev/__properties__/u:object_r:vendor_soc_model_prop:s0" dev="tmpfs" ino=3565 scontext=u:r:crash_dump:s0 tcontext=u:object_r:vendor_soc_model_prop:s0 tclass=file permissive=1
01-01 08:00:21.993 0 0 I selinux : SELinux: Skipping restorecon on directory(/metadata)
01-01 08:00:22.036 0 0 I selinux :
01-01 08:00:19.395 545 545 I auditd : type=1400 audit(0.0:93): avc: denied { getattr } for comm="crash_dump64" path="/dev/__properties__/u:object_r:vendor_soc_model_prop:s0" dev="tmpfs" ino=3565 scontext=u:r:crash_dump:s0 tcontext=u:object_r:vendor_soc_model_prop:s0 tclass=file permissive=1
01-01 08:00:22.040 0 0 I selinux : SELinux: Skipping restorecon on directory(/metadata/apex)
01-01 08:00:22.073 0 0 I selinux :
01-01 08:00:19.395 545 545 I auditd : type=1400 audit(0.0:94): avc: denied { map } for comm="crash_dump64" path="/dev/__properties__/u:object_r:vendor_soc_model_prop:s0" dev="tmpfs" ino=3565 scontext=u:r:crash_dump:s0 tcontext=u:object_r:vendor_soc_model_prop:s0 tclass=file permissive=1
01-01 08:00:19.395 545 545 I auditd : type=1400 audit(0.0:95): avc: denied { open } for comm="crash_dump64" path="/dev/__properties__/u:object_r:vendor_soc_id_prop:s0" dev="tmpfs" ino=3564 scontext=u:r:crash_dump:s0 tcontext=u:object_r:vendor_soc_id_prop:s0 tclass=file permissive=1
01-01 08:00:22.109 0 0 I init : Command 'restorecon_recursive /metadata/apex' action=post-fs (/system/etc/init/hw/init.rc:595) took 69ms and succeeded
01-01 08:00:19.395 545 545 I auditd : type=1400 audit(0.0:96): avc: denied { getattr } for comm="crash_dump64" path="/dev/__properties__/u:object_r:vendor_soc_id_prop:s0" dev="tmpfs" ino=3564 scontext=u:r:crash_dump:s0 tcontext=u:object_r:vendor_soc_id_prop:s0 tclass=file permissive=1
01-01 08:00:22.142 0 0 I init : processing action (post-fs) from (/vendor/etc/init/hw/init.qcom.rc:80)
01-01 08:00:22.174 0 0 I init : processing action (post-fs) from (/vendor/etc/init/hw/init.target.rc:61)
01-01 08:00:19.395 545 545 I auditd : type=1400 audit(0.0:97): avc: denied { map } for comm="crash_dump64" path="/dev/__properties__/u:object_r:vendor_soc_id_prop:s0" dev="tmpfs" ino=3564 scontext=u:r:crash_dump:s0 tcontext=u:object_r:vendor_soc_id_prop:s0 tclass=file permissive=1
01-01 08:00:22.200 0 0 I init : processing action (post-fs) from (/system/etc/init/gsid.rc:8)
01-01 08:00:22.200 0 0 W subsys-pil-tz soc: qcom,ipa_fws: Falling back to syfs fallback for: ipa_fws.mdt
01-01 08:00:22.202 0 0 I ueventd : firmware: loading 'ipa_fws.mdt' for '/devices/platform/soc/soc:qcom,ipa_fws/firmware/ipa_fws.mdt'
01-01 08:00:22.203 0 0 I ueventd : loading /devices/platform/soc/soc:qcom,ipa_fws/firmware/ipa_fws.mdt took 1ms
01-01 08:00:22.203 0 0 I subsys-pil-tz soc: qcom,ipa_fws: ipa_fws: loading from 0x0000000086810000 to 0x0000000086819000
01-01 08:00:22.205 0 0 W subsys-pil-tz soc: qcom,ipa_fws: Falling back to syfs fallback for: ipa_fws.b02
01-01 08:00:22.205 0 0 W subsys-pil-tz soc: qcom,ipa_fws: Falling back to syfs fallback for: ipa_fws.b03
01-01 08:00:22.205 0 0 W subsys-pil-tz soc: qcom,ipa_fws: Falling back to syfs fallback for: ipa_fws.b04
01-01 08:00:22.206 0 0 I ueventd : firmware: loading 'ipa_fws.b03' for '/devices/platform/soc/soc:qcom,ipa_fws/firmware/ipa_fws.b03'
01-01 08:00:22.206 0 0 I ueventd : firmware: loading 'ipa_fws.b02' for '/devices/platform/soc/soc:qcom,ipa_fws/firmware/ipa_fws.b02'
01-01 08:00:22.207 0 0 I ueventd : loading /devices/platform/soc/soc:qcom,ipa_fws/firmware/ipa_fws.b02 took 0ms
01-01 08:00:22.207 0 0 I ueventd : loading /devices/platform/soc/soc:qcom,ipa_fws/firmware/ipa_fws.b03 took 1ms
01-01 08:00:22.207 0 0 I ueventd : firmware: loading 'ipa_fws.b04' for '/devices/platform/soc/soc:qcom,ipa_fws/firmware/ipa_fws.b04'
01-01 08:00:22.207 0 0 I ueventd : loading /devices/platform/soc/soc:qcom,ipa_fws/firmware/ipa_fws.b04 took 0ms
01-01 08:00:22.210 0 0 I subsys-pil-tz soc: qcom,ipa_fws: ipa_fws: Brought out of reset
01-01 08:00:22.210 0 0 I : IPA FW loaded successfully
01-01 08:00:22.211 0 0 E gsi soc : qcom,msm_gsi: gsi_register_device:1203 GSI irq is wake enabled 34
01-01 08:00:19.395 545 545 I auditd : type=1400 audit(0.0:98): avc: denied { open } for comm="crash_dump64" path="/dev/__properties__/u:object_r:vendor_slm_prop:s0" dev="tmpfs" ino=3563 scontext=u:r:crash_dump:s0 tcontext=u:object_r:vendor_slm_prop:s0 tclass=file permissive=1
01-01 08:00:22.213 0 0 I : IPA driver initialization was successful.
01-01 08:00:22.213 0 0 W subsys-pil-tz soc: qcom,ipa_uc: Falling back to syfs fallback for: ipa_uc.mdt
01-01 08:00:22.213 0 0 I : rmnet_ipa3 started initialization
01-01 08:00:22.213 0 0 I : IPA SSR support = True
01-01 08:00:22.213 0 0 I : IPA SG support = True
01-01 08:00:22.213 0 0 I : IPA Napi Enable = True
01-01 08:00:22.213 0 0 I : using default for wan-rx-desc-size = 256
01-01 08:00:22.213 0 0 E ipa-wan ipa3_wwan_probe: 2530 rmnet_ipa completed initialization
01-01 08:00:22.216 0 0 I ueventd : firmware: loading 'ipa_uc.mdt' for '/devices/platform/soc/soc:qcom,ipa_uc/firmware/ipa_uc.mdt'
01-01 08:00:22.217 0 0 I subsys-pil-tz soc: qcom,ipa_uc: ipa_uc: loading from 0x0000000086800000 to 0x0000000086810000
01-01 08:00:22.217 0 0 I ueventd : loading /devices/platform/soc/soc:qcom,ipa_uc/firmware/ipa_uc.mdt took 1ms
01-01 08:00:22.219 0 0 W subsys-pil-tz soc: qcom,ipa_uc: Falling back to syfs fallback for: ipa_uc.b02
01-01 08:00:22.220 0 0 I ueventd : firmware: loading 'ipa_uc.b02' for '/devices/platform/soc/soc:qcom,ipa_uc/firmware/ipa_uc.b02'
01-01 08:00:22.221 0 0 I ueventd : loading /devices/platform/soc/soc:qcom,ipa_uc/firmware/ipa_uc.b02 took 0ms
01-01 08:00:22.223 0 0 I subsys-pil-tz soc: qcom,ipa_uc: ipa_uc: Brought out of reset
01-01 08:00:22.223 0 0 E ipa3_uc_wdi_event_log_info_handler: 351 WDI protocol missing 0x21
01-01 08:00:22.223 0 0 E ipa3_uc_ntn_event_log_info_handler: 34 NTN stats ofst=0x500e0
01-01 08:00:19.395 545 545 I auditd : type=1400 audit(0.0:99): avc: denied { getattr } for comm="crash_dump64" path="/dev/__properties__/u:object_r:vendor_slm_prop:s0" dev="tmpfs" ino=3563 scontext=u:r:crash_dump:s0 tcontext=u:object_r:vendor_slm_prop:s0 tclass=file permissive=1
01-01 08:00:22.239 0 0 I init : processing action (post-fs) from (/system/etc/init/recovery-refresh.rc:1)
01-01 08:00:19.395 545 545 I auditd : type=1400 audit(0.0:100): avc: denied { map } for comm="crash_dump64" path="/dev/__properties__/u:object_r:vendor_slm_prop:s0" dev="tmpfs" ino=3563 scontext=u:r:crash_dump:s0 tcontext=u:object_r:vendor_slm_prop:s0 tclass=file permissive=1
01-01 08:00:22.277 0 0 I init : starting service 'exec 7 (/system/bin/recovery-refresh)'...
01-01 08:00:19.395 545 545 I auditd : type=1400 audit(0.0:101): avc: denied { open } for comm="crash_dump64" path="/dev/__properties__/u:object_r:vendor_sensors_prop:s0" dev="tmpfs" ino=3562 scontext=u:r:crash_dump:s0 tcontext=u:object_r:vendor_sensors_prop:s0 tclass=file permissive=1
01-01 08:00:22.291 0 0 I init : processing action (post-fs) from (/vendor/etc/init/init.spdaemon_wait_spunvm.rc:1)
01-01 08:00:19.395 545 545 I auditd : type=1400 audit(0.0:102): avc: denied { getattr } for comm="crash_dump64" path="/dev/__properties__/u:object_r:vendor_sensors_prop:s0" dev="tmpfs" ino=3562 scontext=u:r:crash_dump:s0 tcontext=u:object_r:vendor_sensors_prop:s0 tclass=file permissive=1
01-01 08:00:22.317 0 0 I init : wait for '/mnt/vendor/spunvm' took 0ms
01-01 08:00:19.395 545 545 I auditd : type=1400 audit(0.0:103): avc: denied { map } for comm="crash_dump64" path="/dev/__properties__/u:object_r:vendor_sensors_prop:s0" dev="tmpfs" ino=3562 scontext=u:r:crash_dump:s0 tcontext=u:object_r:vendor_sensors_prop:s0 tclass=file permissive=1
01-01 08:00:22.348 0 0 I init : Service 'exec 7 (/system/bin/recovery-refresh)' (pid 596) exited with status 254 oneshot service took 0.057000 seconds in background
01-01 08:00:22.374 0 0 I init : Sending signal 9 to service 'exec 7 (/system/bin/recovery-refresh)' (pid 596) process group...
01-01 08:00:19.395 545 545 I auditd : type=1400 audit(0.0:104): avc: denied { open } for comm="crash_dump64" path="/dev/__properties__/u:object_r:vendor_scroll_prop:s0" dev="tmpfs" ino=3560 scontext=u:r:crash_dump:s0 tcontext=u:object_r:vendor_scroll_prop:s0 tclass=file permissive=1
01-01 08:00:22.411 0 0 I libprocessgroup: Successfully killed process cgroup uid 1000 pid 596 in 0ms
01-01 08:00:19.395 545 545 I auditd : type=1400 audit(0.0:105): avc: denied { getattr } for comm="crash_dump64" path="/dev/__properties__/u:object_r:vendor_scroll_prop:s0" dev="tmpfs" ino=3560 scontext=u:r:crash_dump:s0 tcontext=u:object_r:vendor_scroll_prop:s0 tclass=file permissive=1
01-01 08:00:19.395 545 545 I auditd : type=1400 audit(0.0:106): avc: denied { map } for comm="crash_dump64" path="/dev/__properties__/u:object_r:vendor_scroll_prop:s0" dev="tmpfs" ino=3560 scontext=u:r:crash_dump:s0 tcontext=u:object_r:vendor_scroll_prop:s0 tclass=file permissive=1
01-01 08:00:22.443 0 0 I init : starting service 'vendor.spdaemon'...
01-01 08:00:19.395 545 545 I auditd : type=1400 audit(0.0:107): avc: denied { open } for comm="crash_dump64" path="/dev/__properties__/u:object_r:vendor_reschedule_service_prop:s0" dev="tmpfs" ino=3559 scontext=u:r:crash_dump:s0 tcontext=u:object_r:vendor_reschedule_service_prop:s0 tclass=file permissive=1
01-01 08:00:22.475 0 0 I init : processing action (late-fs) from (/system/etc/init/hw/init.rc:598)
01-01 08:00:22.486 0 0 I : SW_INIT_DONE - 2nd phase loading [spss] completed ok
01-01 08:00:22.486 0 0 I : PBL_DONE - 1st phase loading [spss] completed ok
01-01 08:00:22.488 0 0 E register_client_adhoc: find path.src 1 dest 589
01-01 08:00:22.488 0 0 E register_client_adhoc: Failed to find path.src 1 dest 589
01-01 08:00:22.488 0 0 E : [drm:dp_display_init_aux_switch][msm-dp-err][62 ]failed to register notifier (-22)
01-01 08:00:22.489 0 0 W audit_log_start: 1523 callbacks suppressed
01-01 08:00:22.489 0 0 W audit : audit_backlog=65 > audit_backlog_limit=64
01-01 08:00:22.489 0 0 W audit : audit_lost=510 audit_rate_limit=0 audit_backlog_limit=64
01-01 08:00:22.489 0 0 E audit : backlog limit exceeded
01-01 08:00:22.489 0 0 W audit : audit_backlog=65 > audit_backlog_limit=64
01-01 08:00:22.489 0 0 W audit : audit_lost=511 audit_rate_limit=0 audit_backlog_limit=64
01-01 08:00:22.489 0 0 E audit : backlog limit exceeded
01-01 08:00:22.489 0 0 W audit : audit_backlog=65 > audit_backlog_limit=64
01-01 08:00:22.489 0 0 W audit : audit_lost=512 audit_rate_limit=0 audit_backlog_limit=64
01-01 08:00:22.489 0 0 E audit : backlog limit exceeded
01-01 08:00:22.489 0 0 W audit : audit_backlog=65 > audit_backlog_limit=64
01-01 08:00:22.490 0 0 I init : starting service 'system_suspend'...
01-01 08:00:19.395 545 545 I auditd : type=1400 audit(0.0:108): avc: denied { getattr } for comm="crash_dump64" path="/dev/__properties__/u:object_r:vendor_reschedule_service_prop:s0" dev="tmpfs" ino=3559 scontext=u:r:crash_dump:s0 tcontext=u:object_r:vendor_reschedule_service_prop:s0 tclass=file permissive=1
01-01 08:00:22.511 0 0 I init : starting service 'keystore2'...
01-01 08:00:22.518 0 0 I binder : 599:599 ioctl 40046210 7fec0ed024 returned -22
01-01 08:00:22.518 0 0 I binder : 599:599 ioctl 40046210 7fec0ecf64 returned -22
01-01 08:00:19.395 545 545 I auditd : type=1400 audit(0.0:109): avc: denied { map } for comm="crash_dump64" path="/dev/__properties__/u:object_r:vendor_reschedule_service_prop:s0" dev="tmpfs" ino=3559 scontext=u:r:crash_dump:s0 tcontext=u:object_r:vendor_reschedule_service_prop:s0 tclass=file permissive=1
01-01 08:00:19.395 545 545 I auditd : type=1400 audit(0.0:110): avc: denied { open } for comm="crash_dump64" path="/dev/__properties__/u:object_r:vendor_ramdump_prop:s0" dev="tmpfs" ino=3558 scontext=u:r:crash_dump:s0 tcontext=u:object_r:vendor_ramdump_prop:s0 tclass=file permissive=1
01-01 08:00:22.530 0 0 I init : starting service 'vendor.atrace-hal-1-0'...
01-01 08:00:19.395 545 545 I auditd : type=1400 audit(0.0:111): avc: denied { getattr } for comm="crash_dump64" path="/dev/__properties__/u:object_r:vendor_ramdump_prop:s0" dev="tmpfs" ino=3558 scontext=u:r:crash_dump:s0 tcontext=u:object_r:vendor_ramdump_prop:s0 tclass=file permissive=1
01-01 08:00:22.546 0 0 I init : starting service 'vendor.boot-hal-1-1'...
01-01 08:00:22.561 0 0 I binder : 602:602 ioctl 40046210 7fe0bdcb54 returned -22
01-01 08:00:22.566 0 0 I binder : 602:604 ioctl 40046210 7083e4e154 returned -22
01-01 08:00:19.395 545 545 I auditd : type=1400 audit(0.0:112): avc: denied { map } for comm="crash_dump64" path="/dev/__properties__/u:object_r:vendor_ramdump_prop:s0" dev="tmpfs" ino=3558 scontext=u:r:crash_dump:s0 tcontext=u:object_r:vendor_ramdump_prop:s0 tclass=file permissive=1
01-01 08:00:22.569 0 0 I init : starting service 'gatekeeper-1-0'...
01-01 08:00:19.395 545 545 I auditd : type=1400 audit(0.0:113): avc: denied { open } for comm="crash_dump64" path="/dev/__properties__/u:object_r:vendor_radio_prop:s0" dev="tmpfs" ino=3557 scontext=u:r:crash_dump:s0 tcontext=u:object_r:vendor_radio_prop:s0 tclass=file permissive=1
01-01 08:00:22.587 0 0 I init : starting service 'vendor.sensors'...
01-01 08:00:19.395 545 545 I auditd : type=1400 audit(0.0:114): avc: denied { getattr } for comm="crash_dump64" path="/dev/__properties__/u:object_r:vendor_radio_prop:s0" dev="tmpfs" ino=3557 scontext=u:r:crash_dump:s0 tcontext=u:object_r:vendor_radio_prop:s0 tclass=file permissive=1
01-01 08:00:22.607 0 0 I init : Command 'class_start early_hal' action=late-fs (/system/etc/init/hw/init.rc:605) took 116ms and succeeded
01-01 08:00:19.395 545 545 I auditd : type=1400 audit(0.0:115): avc: denied { map } for comm="crash_dump64" path="/dev/__properties__/u:object_r:vendor_radio_prop:s0" dev="tmpfs" ino=3557 scontext=u:r:crash_dump:s0 tcontext=u:object_r:vendor_radio_prop:s0 tclass=file permissive=1
01-01 08:00:22.617 0 0 I init : starting service 'exec 8 (/system/bin/fsverity_init --load-verified-keys)'...
01-01 08:00:19.395 545 545 I auditd : type=1400 audit(0.0:116): avc: denied { open } for comm="crash_dump64" path="/dev/__properties__/u:object_r:vendor_qvrd_prop:s0" dev="tmpfs" ino=3556 scontext=u:r:crash_dump:s0 tcontext=u:object_r:vendor_qvrd_prop:s0 tclass=file permissive=1
01-01 08:00:22.630 0 0 I init : SVC_EXEC service 'exec 8 (/system/bin/fsverity_init --load-verified-keys)' pid 612 (uid 0 gid 0+0 context default) started; waiting...
01-01 08:00:19.395 545 545 I auditd : type=1400 audit(0.0:117): avc: denied { getattr } for comm="crash_dump64" path="/dev/__properties__/u:object_r:vendor_qvrd_prop:s0" dev="tmpfs" ino=3556 scontext=u:r:crash_dump:s0 tcontext=u:object_r:vendor_qvrd_prop:s0 tclass=file permissive=1
01-01 08:00:22.643 0 0 I init : Service 'exec 8 (/system/bin/fsverity_init --load-verified-keys)' (pid 612) exited with status 0 waiting took 0.012000 seconds
01-01 08:00:22.649 0 0 I init : Sending signal 9 to service 'exec 8 (/system/bin/fsverity_init --load-verified-keys)' (pid 612) process group...
01-01 08:00:19.395 545 545 I auditd : type=1400 audit(0.0:118): avc: denied { map } for comm="crash_dump64" path="/dev/__properties__/u:object_r:vendor_qvrd_prop:s0" dev="tmpfs" ino=3556 scontext=u:r:crash_dump:s0 tcontext=u:object_r:vendor_qvrd_prop:s0 tclass=file permissive=1
01-01 08:00:22.650 0 0 I libprocessgroup: Successfully killed process cgroup uid 0 pid 612 in 0ms
01-01 08:00:19.395 545 545 I auditd : type=1400 audit(0.0:119): avc: denied { open } for comm="crash_dump64" path="/dev/__properties__/u:object_r:vendor_qvrd_persist_prop:s0" dev="tmpfs" ino=3555 scontext=u:r:crash_dump:s0 tcontext=u:object_r:vendor_qvrd_persist_prop:s0 tclass=file permissive=1
01-01 08:00:22.658 0 0 I init : processing action (ro.kernel.version=4.19 && late-fs) from (/system/etc/init/hw/init.rc:615)
01-01 08:00:19.395 545 545 I auditd : type=1400 audit(0.0:120): avc: denied { getattr } for comm="crash_dump64" path="/dev/__properties__/u:object_r:vendor_qvrd_persist_prop:s0" dev="tmpfs" ino=3555 scontext=u:r:crash_dump:s0 tcontext=u:object_r:vendor_qvrd_persist_prop:s0 tclass=file permissive=1
01-01 08:00:22.689 0 0 I init : processing action (late-fs) from (/system/etc/init/hw/init.rc:619)
01-01 08:00:22.709 0 0 I init : processing action (late-fs) from (/vendor/etc/init/hw/init.target.rc:66)
01-01 08:00:19.395 545 545 I auditd : type=1400 audit(0.0:121): avc: denied { map } for comm="crash_dump64" path="/dev/__properties__/u:object_r:vendor_qvrd_persist_prop:s0" dev="tmpfs" ino=3555 scontext=u:r:crash_dump:s0 tcontext=u:object_r:vendor_qvrd_persist_prop:s0 tclass=file permissive=1
01-01 08:00:22.726 0 0 I init : start_waiting_for_property("hwservicemanager.ready", "true"): already set
01-01 08:00:19.399 545 545 I auditd : type=1400 audit(0.0:122): avc: denied { open } for comm="crash_dump64" path="/dev/__properties__/u:object_r:vendor_qvr_prop:s0" dev="tmpfs" ino=3554 scontext=u:r:crash_dump:s0 tcontext=u:object_r:vendor_qvr_prop:s0 tclass=file permissive=1
01-01 08:00:22.746 0 0 I init : starting service 'wait_for_keymaster'...
01-01 08:00:19.399 545 545 I auditd : type=1400 audit(0.0:123): avc: denied { getattr } for comm="crash_dump64" path="/dev/__properties__/u:object_r:vendor_qvr_prop:s0" dev="tmpfs" ino=3554 scontext=u:r:crash_dump:s0 tcontext=u:object_r:vendor_qvr_prop:s0 tclass=file permissive=1
01-01 08:00:19.399 545 545 I auditd : type=1400 audit(0.0:124): avc: denied { map } for comm="crash_dump64" path="/dev/__properties__/u:object_r:vendor_qvr_prop:s0" dev="tmpfs" ino=3554 scontext=u:r:crash_dump:s0 tcontext=u:object_r:vendor_qvr_prop:s0 tclass=file permissive=1
01-01 08:00:22.761 0 0 I init : SVC_EXEC service 'wait_for_keymaster' pid 613 (uid 0 gid 0+1 context default) started; waiting...
01-01 08:00:22.767 0 0 I wait_for_keymaster: Waiting for Keymaster device
01-01 08:00:22.767 0 0 I binder : 613:613 ioctl 40046210 7fcafdbc94 returned -22
01-01 08:00:22.767 0 0 D ProcessState: Binder ioctl to enable oneway spam detection failed: Invalid argument
01-01 08:00:22.768 0 0 I wait_for_keymaster: Keymaster device ready
01-01 08:00:19.399 545 545 I auditd : type=1400 audit(0.0:125): avc: denied { open } for comm="crash_dump64" path="/dev/__properties__/u:object_r:vendor_qvr_persist_prop:s0" dev="tmpfs" ino=3553 scontext=u:r:crash_dump:s0 tcontext=u:object_r:vendor_qvr_persist_prop:s0 tclass=file permissive=1
01-01 08:00:22.776 0 0 I init : Service 'wait_for_keymaster' (pid 613) exited with status 0 waiting took 0.015000 seconds
01-01 08:00:22.807 0 0 I init : Sending signal 9 to service 'wait_for_keymaster' (pid 613) process group...
01-01 08:00:19.399 545 545 I auditd : type=1400 audit(0.0:126): avc: denied { getattr } for comm="crash_dump64" path="/dev/__properties__/u:object_r:vendor_qvr_persist_prop:s0" dev="tmpfs" ino=3553 scontext=u:r:crash_dump:s0 tcontext=u:object_r:vendor_qvr_persist_prop:s0 tclass=file permissive=1
01-01 08:00:19.399 545 545 I auditd : type=1400 audit(0.0:127): avc: denied { map } for comm="crash_dump64" path="/dev/__properties__/u:object_r:vendor_qvr_persist_prop:s0" dev="tmpfs" ino=3553 scontext=u:r:crash_dump:s0 tcontext=u:object_r:vendor_qvr_persist_prop:s0 tclass=file permissive=1
01-01 08:00:22.840 0 0 I libprocessgroup: Successfully killed process cgroup uid 0 pid 613 in 0ms
01-01 08:00:19.399 545 545 I auditd : type=1400 audit(0.0:128): avc: denied { open } for comm="crash_dump64" path="/dev/__properties__/u:object_r:vendor_qteeconnector_opti_prop:s0" dev="tmpfs" ino=3552 scontext=u:r:crash_dump:s0 tcontext=u:object_r:vendor_qteeconnector_opti_prop:s0 tclass=file permissive=1
01-01 08:00:22.870 0 0 I init : Calling: /system/bin/vdc checkpoint needsCheckpoint
01-01 08:00:19.399 545 545 I auditd : type=1400 audit(0.0:129): avc: denied { getattr } for comm="crash_dump64" path="/dev/__properties__/u:object_r:vendor_qteeconnector_opti_prop:s0" dev="tmpfs" ino=3552 scontext=u:r:crash_dump:s0 tcontext=u:object_r:vendor_qteeconnector_opti_prop:s0 tclass=file permissive=1
01-01 08:00:22.911 0 0 I binder : 614:614 ioctl 40046210 7fe28595c4 returned -22
01-01 08:00:19.399 545 545 I auditd : type=1400 audit(0.0:130): avc: denied { map } for comm="crash_dump64" path="/dev/__properties__/u:object_r:vendor_qteeconnector_opti_prop:s0" dev="tmpfs" ino=3552 scontext=u:r:crash_dump:s0 tcontext=u:object_r:vendor_qteeconnector_opti_prop:s0 tclass=file permissive=1
01-01 08:00:22.941 0 0 D ProcessState: Binder ioctl to enable oneway spam detection failed: Invalid argument
01-01 08:00:19.399 545 545 I auditd : type=1400 audit(0.0:131): avc: denied { open } for comm="crash_dump64" path="/dev/__properties__/u:object_r:vendor_qspm_prop:s0" dev="tmpfs" ino=3551 scontext=u:r:crash_dump:s0 tcontext=u:object_r:vendor_qspm_prop:s0 tclass=file permissive=1
01-01 08:00:22.973 0 0 D vdc : Waited 0ms for vold
01-01 08:00:19.399 545 545 I auditd : type=1400 audit(0.0:132): avc: denied { getattr } for comm="crash_dump64" path="/dev/__properties__/u:object_r:vendor_qspm_prop:s0" dev="tmpfs" ino=3551 scontext=u:r:crash_dump:s0 tcontext=u:object_r:vendor_qspm_prop:s0 tclass=file permissive=1
01-01 08:00:23.008 0 0 I init : [libfs_mgr]Running /system/bin/resize.f2fs on /dev/block/bootdevice/by-name/userdata
01-01 08:00:19.399 545 545 I auditd : type=1400 audit(0.0:133): avc: denied { map } for comm="crash_dump64" path="/dev/__properties__/u:object_r:vendor_qspm_prop:s0" dev="tmpfs" ino=3551 scontext=u:r:crash_dump:s0 tcontext=u:object_r:vendor_qspm_prop:s0 tclass=file permissive=1
01-01 08:00:19.399 545 545 I auditd : type=1400 audit(0.0:134): avc: denied { open } for comm="crash_dump64" path="/dev/__properties__/u:object_r:vendor_qdcmss_prop:s0" dev="tmpfs" ino=3550 scontext=u:r:crash_dump:s0 tcontext=u:object_r:vendor_qdcmss_prop:s0 tclass=file permissive=1
01-01 08:00:23.044 0 0 I init : [libfs_mgr]Invalid f2fs superblock on '/dev/block/bootdevice/by-name/userdata'
01-01 08:00:19.399 545 545 I auditd : type=1400 audit(0.0:135): avc: denied { getattr } for comm="crash_dump64" path="/dev/__properties__/u:object_r:vendor_qdcmss_prop:s0" dev="tmpfs" ino=3550 scontext=u:r:crash_dump:s0 tcontext=u:object_r:vendor_qdcmss_prop:s0 tclass=file permissive=1
01-01 08:00:23.068 0 0 E init : [libfs_mgr]mount_with_alternatives(): skipping mount due to invalid magic, mountpoint=/data blk_dev=/dev/block/sda15 rec[7].fs_type=f2fs
01-01 08:00:19.399 545 545 I auditd : type=1400 audit(0.0:136): avc: denied { map } for comm="crash_dump64" path="/dev/__properties__/u:object_r:vendor_qdcmss_prop:s0" dev="tmpfs" ino=3550 scontext=u:r:crash_dump:s0 tcontext=u:object_r:vendor_qdcmss_prop:s0 tclass=file permissive=1
01-01 08:00:23.080 0 0 I init : Calling: /system/bin/vdc cryptfs mountFstab /dev/block/bootdevice/by-name/userdata /data
01-01 08:00:19.399 545 545 I auditd : type=1400 audit(0.0:137): avc: denied { open } for comm="crash_dump64" path="/dev/__properties__/u:object_r:vendor_qcc_prop:s0" dev="tmpfs" ino=3549 scontext=u:r:crash_dump:s0 tcontext=u:object_r:vendor_qcc_prop:s0 tclass=file permissive=1
01-01 08:00:23.099 0 0 I binder : 616:616 ioctl 40046210 7fefd6d6b4 returned -22
01-01 08:00:23.106 0 0 D ProcessState: Binder ioctl to enable oneway spam detection failed: Invalid argument
01-01 08:00:19.399 545 545 I auditd : type=1400 audit(0.0:138): avc: denied { getattr } for comm="crash_dump64" path="/dev/__properties__/u:object_r:vendor_qcc_prop:s0" dev="tmpfs" ino=3549 scontext=u:r:crash_dump:s0 tcontext=u:object_r:vendor_qcc_prop:s0 tclass=file permissive=1
01-01 08:00:19.399 545 545 I auditd : type=1400 audit(0.0:139): avc: denied { map } for comm="crash_dump64" path="/dev/__properties__/u:object_r:vendor_qcc_prop:s0" dev="tmpfs" ino=3549 scontext=u:r:crash_dump:s0 tcontext=u:object_r:vendor_qcc_prop:s0 tclass=file permissive=1
01-01 08:00:23.117 0 0 D vdc : Waited 0ms for vold
01-01 08:00:23.133 602 602 I auditd : SELinux: Loaded keystore2_key_contexts from:
01-01 08:00:23.133 602 602 I auditd : /system/etc/selinux/plat_keystore2_key_contexts
01-01 08:00:19.399 545 545 I auditd : type=1400 audit(0.0:140): avc: denied { open } for comm="crash_dump64" path="/dev/__properties__/u:object_r:vendor_persist_tcm_prop:s0" dev="tmpfs" ino=3547 scontext=u:r:crash_dump:s0 tcontext=u:object_r:vendor_persist_tcm_prop:s0 tclass=file permissive=1
01-01 08:00:23.147 0 0 I fsck.f2fs: Info: Fix the reported corruption.
01-01 08:00:23.152 0 0 I fsck.f2fs: Info: No support kernel version!
01-01 08:00:19.399 545 545 I auditd : type=1400 audit(0.0:141): avc: denied { getattr } for comm="crash_dump64" path="/dev/__properties__/u:object_r:vendor_persist_tcm_prop:s0" dev="tmpfs" ino=3547 scontext=u:r:crash_dump:s0 tcontext=u:object_r:vendor_persist_tcm_prop:s0 tclass=file permissive=1
01-01 08:00:23.163 0 0 I fsck.f2fs: Info: Segments per section = 1
01-01 08:00:23.163 0 0 I fsck.f2fs: Info: Sections per zone = 1
01-01 08:00:19.399 545 545 I auditd : type=1400 audit(0.0:142): avc: denied { map } for comm="crash_dump64" path="/dev/__properties__/u:object_r:vendor_persist_tcm_prop:s0" dev="tmpfs" ino=3547 scontext=u:r:crash_dump:s0 tcontext=u:object_r:vendor_persist_tcm_prop:s0 tclass=file permissive=1
01-01 08:00:23.193 0 0 I fsck.f2fs: Info: sector size = 4096
01-01 08:00:19.399 545 545 I auditd : type=1400 audit(0.0:143): avc: denied { open } for comm="crash_dump64" path="/dev/__properties__/u:object_r:vendor_persist_rcs_prop:s0" dev="tmpfs" ino=3546 scontext=u:r:crash_dump:s0 tcontext=u:object_r:vendor_persist_rcs_prop:s0 tclass=file permissive=1
01-01 08:00:23.206 0 0 I fsck.f2fs: Info: total sectors = 28958163 (113117 MB)
01-01 08:00:19.399 545 545 I auditd : type=1400 audit(0.0:144): avc: denied { getattr } for comm="crash_dump64" path="/dev/__properties__/u:object_r:vendor_persist_rcs_prop:s0" dev="tmpfs" ino=3546 scontext=u:r:crash_dump:s0 tcontext=u:object_r:vendor_persist_rcs_prop:s0 tclass=file permissive=1
01-01 08:00:23.236 0 0 I fsck.f2fs: Info: MKFS version
01-01 08:00:23.236 0 0 I fsck.f2fs: "4.15.0-197-generic #208-Ubuntu SMP Tue Nov 1 17:23:37 UTC 2022"
01-01 08:00:23.236 0 0 I fsck.f2fs: Info: FSCK version
01-01 08:00:23.236 0 0 I fsck.f2fs: from "4.19.157-perf+"
01-01 08:00:23.236 0 0 I fsck.f2fs: to "4.19.157-perf+"
01-01 08:00:23.236 0 0 I fsck.f2fs: Info: version timestamp cur: 23, prev: 3319
01-01 08:00:23.236 0 0 I fsck.f2fs: [update_superblock: 706] Info: Done to update superblock
01-01 08:00:19.399 545 545 I auditd : type=1400 audit(0.0:145): avc: denied { map } for comm="crash_dump64" path="/dev/__properties__/u:object_r:vendor_persist_rcs_prop:s0" dev="tmpfs" ino=3546 scontext=u:r:crash_dump:s0 tcontext=u:object_r:vendor_persist_rcs_prop:s0 tclass=file permissive=1
01-01 08:00:19.399 545 545 I auditd : type=1400 audit(0.0:146): avc: denied { open } for comm="crash_dump64" path="/dev/__properties__/u:object_r:vendor_persist_camera_prop:s0" dev="tmpfs" ino=3544 scontext=u:r:crash_dump:s0 tcontext=u:object_r:vendor_persist_camera_prop:s0 tclass=file permissive=1
01-01 08:00:23.265 0 0 I fsck.f2fs: Info: superblock features = 481 : encrypt verity quota_ino
01-01 08:00:19.399 545 545 I auditd : type=1400 audit(0.0:147): avc: denied { getattr } for comm="crash_dump64" path="/dev/__properties__/u:object_r:vendor_persist_camera_prop:s0" dev="tmpfs" ino=3544 scontext=u:r:crash_dump:s0 tcontext=u:object_r:vendor_persist_camera_prop:s0 tclass=file permissive=1
01-01 08:00:23.296 0 0 I fsck.f2fs: Info: superblock encrypt level = 0, salt = 00000000000000000000000000000000
01-01 08:00:23.296 0 0 I fsck.f2fs: Info: total FS sectors = 28958163 (113117 MB)
01-01 08:00:23.296 0 0 I fsck.f2fs: Info: CKPT version = 1fde89db
01-01 08:00:23.296 0 0 I fsck.f2fs: Info: checkpoint state = 46 : crc compacted_summary orphan_inodes sudden-power-off
01-01 08:00:19.399 545 545 I auditd : type=1400 audit(0.0:148): avc: denied { map } for comm="crash_dump64" path="/dev/__properties__/u:object_r:vendor_persist_camera_prop:s0" dev="tmpfs" ino=3544 scontext=u:r:crash_dump:s0 tcontext=u:object_r:vendor_persist_camera_prop:s0 tclass=file permissive=1
01-01 08:00:23.307 0 0 I fsck.f2fs: Info: No error was reported
01-01 08:00:23.307 0 0 I fsck.f2fs:
01-01 08:00:23.336 0 0 I fsck.f2fs: c, u, RA, CH, CM, Repl=
01-01 08:00:19.399 545 545 I auditd : type=1400 audit(0.0:149): avc: denied { open } for comm="crash_dump64" path="/dev/__properties__/u:object_r:vendor_per_mgr_state_prop:s0" dev="tmpfs" ino=3543 scontext=u:r:crash_dump:s0 tcontext=u:object_r:vendor_per_mgr_state_prop:s0 tclass=file permissive=1
01-01 08:00:23.371 0 0 I fsck.f2fs: 10000 2571 57888 55317 2571 0
01-01 08:00:19.399 545 545 I auditd : type=1400 audit(0.0:150): avc: denied { getattr } for comm="crash_dump64" path="/dev/__properties__/u:object_r:vendor_per_mgr_state_prop:s0" dev="tmpfs" ino=3543 scontext=u:r:crash_dump:s0 tcontext=u:object_r:vendor_per_mgr_state_prop:s0 tclass=file permissive=1
01-01 08:00:23.412 0 0 I F2FS-fs (dm-10): recover_inode: ino = 175d, name = , inline = 1
01-01 08:00:19.399 545 545 I auditd : type=1400 audit(0.0:151): avc: denied { map } for comm="crash_dump64" path="/dev/__properties__/u:object_r:vendor_per_mgr_state_prop:s0" dev="tmpfs" ino=3543 scontext=u:r:crash_dump:s0 tcontext=u:object_r:vendor_per_mgr_state_prop:s0 tclass=file permissive=1
01-01 08:00:23.441 0 0 I F2FS-fs (dm-10): recover_dentry: ino = 175d, name = , dir = 85, err = 0
01-01 08:00:23.478 0 0 I F2FS-fs (dm-10): recover_data: ino = 175d (i_size: recover) recovered = 3, err = 0
01-01 08:00:19.399 545 545 I auditd : type=1400 audit(0.0:152): avc: denied { open } for comm="crash_dump64" path="/dev/__properties__/u:object_r:vendor_pd_locater_dbg_prop:s0" dev="tmpfs" ino=3542 scontext=u:r:crash_dump:s0 tcontext=u:object_r:vendor_pd_locater_dbg_prop:s0 tclass=file permissive=1
01-01 08:00:23.513 0 0 I F2FS-fs (dm-10): recover_inode: ino = 175e, name = , inline = 1
01-01 08:00:19.399 545 545 I auditd : type=1400 audit(0.0:153): avc: denied { getattr } for comm="crash_dump64" path="/dev/__properties__/u:object_r:vendor_pd_locater_dbg_prop:s0" dev="tmpfs" ino=3542 scontext=u:r:crash_dump:s0 tcontext=u:object_r:vendor_pd_locater_dbg_prop:s0 tclass=file permissive=1
01-01 08:00:23.514 0 0 I F2FS-fs (dm-10): recover_dentry: ino = 175e, name = , dir = cac, err = 0
01-01 08:00:19.399 545 545 I auditd : type=1400 audit(0.0:154): avc: denied { map } for comm="crash_dump64" path="/dev/__properties__/u:object_r:vendor_pd_locater_dbg_prop:s0" dev="tmpfs" ino=3542 scontext=u:r:crash_dump:s0 tcontext=u:object_r:vendor_pd_locater_dbg_prop:s0 tclass=file permissive=1
01-01 08:00:23.545 0 0 I F2FS-fs (dm-10): recover_data: ino = 175e (i_size: recover) recovered = 1, err = 0
01-01 08:00:19.399 545 545 I auditd : type=1400 audit(0.0:155): avc: denied { open } for comm="crash_dump64" path="/dev/__properties__/u:object_r:vendor_pasr_prop:s0" dev="tmpfs" ino=3541 scontext=u:r:crash_dump:s0 tcontext=u:object_r:vendor_pasr_prop:s0 tclass=file permissive=1
01-01 08:00:23.581 0 0 I F2FS-fs (dm-10): recover_inode: ino = 175f, name = , inline = 1
01-01 08:00:19.399 545 545 I auditd : type=1400 audit(0.0:156): avc: denied { getattr } for comm="crash_dump64" path="/dev/__properties__/u:object_r:vendor_pasr_prop:s0" dev="tmpfs" ino=3541 scontext=u:r:crash_dump:s0 tcontext=u:object_r:vendor_pasr_prop:s0 tclass=file permissive=1
01-01 08:00:23.614 0 0 I F2FS-fs (dm-10): recover_dentry: ino = 175f, name = , dir = c6, err = 0
01-01 08:00:19.399 545 545 I auditd : type=1400 audit(0.0:157): avc: denied { map } for comm="crash_dump64" path="/dev/__properties__/u:object_r:vendor_pasr_prop:s0" dev="tmpfs" ino=3541 scontext=u:r:crash_dump:s0 tcontext=u:object_r:vendor_pasr_prop:s0 tclass=file permissive=1
01-01 08:00:23.645 0 0 I F2FS-fs (dm-10): recover_data: ino = 175f (i_size: recover) recovered = 1, err = 0
01-01 08:00:23.677 0 0 I F2FS-fs (dm-10): recover_inode: ino = 1760, name = , inline = 1
01-01 08:00:19.399 545 545 I auditd : type=1400 audit(0.0:158): avc: denied { open } for comm="crash_dump64" path="/dev/__properties__/u:object_r:vendor_opengles_prop:s0" dev="tmpfs" ino=3540 scontext=u:r:crash_dump:s0 tcontext=u:object_r:vendor_opengles_prop:s0 tclass=file permissive=1
01-01 08:00:23.705 0 0 I F2FS-fs (dm-10): recover_dentry: ino = 1760, name = , dir = c6, err = 0
01-01 08:00:19.399 545 545 I auditd : type=1400 audit(0.0:159): avc: denied { getattr } for comm="crash_dump64" path="/dev/__properties__/u:object_r:vendor_opengles_prop:s0" dev="tmpfs" ino=3540 scontext=u:r:crash_dump:s0 tcontext=u:object_r:vendor_opengles_prop:s0 tclass=file permissive=1
01-01 08:00:19.399 545 545 I auditd : type=1400 audit(0.0:160): avc: denied { map } for comm="crash_dump64" path="/dev/__properties__/u:object_r:vendor_opengles_prop:s0" dev="tmpfs" ino=3540 scontext=u:r:crash_dump:s0 tcontext=u:object_r:vendor_opengles_prop:s0 tclass=file permissive=1
01-01 08:00:19.399 545 545 I auditd : type=1400 audit(0.0:161): avc: denied { open } for comm="crash_dump64" path="/dev/__properties__/u:object_r:vendor_nfc_nq_prop:s0" dev="tmpfs" ino=3539 scontext=u:r:crash_dump:s0 tcontext=u:object_r:vendor_nfc_nq_prop:s0 tclass=file permissive=1
01-01 08:00:23.722 0 0 I F2FS-fs (dm-10): recover_data: ino = 1760 (i_size: recover) recovered = 1, err = 0
01-01 08:00:23.753 0 0 I F2FS-fs (dm-10): recover_inode: ino = 1761, name = , inline = 1
01-01 08:00:19.399 545 545 I auditd : type=1400 audit(0.0:162): avc: denied { getattr } for comm="crash_dump64" path="/dev/__properties__/u:object_r:vendor_nfc_nq_prop:s0" dev="tmpfs" ino=3539 scontext=u:r:crash_dump:s0 tcontext=u:object_r:vendor_nfc_nq_prop:s0 tclass=file permissive=1
01-01 08:00:23.754 0 0 I F2FS-fs (dm-10): recover_dentry: ino = 1761, name = , dir = cdd, err = 0
01-01 08:00:23.768 0 0 I F2FS-fs (dm-10): recover_data: ino = 1761 (i_size: recover) recovered = 1, err = 0
01-01 08:00:19.399 545 545 I auditd : type=1400 audit(0.0:163): avc: denied { map } for comm="crash_dump64" path="/dev/__properties__/u:object_r:vendor_nfc_nq_prop:s0" dev="tmpfs" ino=3539 scontext=u:r:crash_dump:s0 tcontext=u:object_r:vendor_nfc_nq_prop:s0 tclass=file permissive=1
01-01 08:00:23.802 0 0 I F2FS-fs (dm-10): recover_inode: ino = 1764, name = , inline = 1
01-01 08:00:19.399 545 545 I auditd : type=1400 audit(0.0:164): avc: denied { open } for comm="crash_dump64" path="/dev/__properties__/u:object_r:vendor_mwqem_prop:s0" dev="tmpfs" ino=3538 scontext=u:r:crash_dump:s0 tcontext=u:object_r:vendor_mwqem_prop:s0 tclass=file permissive=1
01-01 08:00:19.399 545 545 I auditd : type=1400 audit(0.0:165): avc: denied { getattr } for comm="crash_dump64" path="/dev/__properties__/u:object_r:vendor_mwqem_prop:s0" dev="tmpfs" ino=3538 scontext=u:r:crash_dump:s0 tcontext=u:object_r:vendor_mwqem_prop:s0 tclass=file permissive=1
01-01 08:00:23.835 0 0 I F2FS-fs (dm-10): recover_dentry: ino = 1764, name = , dir = 94e, err = 0
01-01 08:00:19.399 545 545 I auditd : type=1400 audit(0.0:166): avc: denied { map } for comm="crash_dump64" path="/dev/__properties__/u:object_r:vendor_mwqem_prop:s0" dev="tmpfs" ino=3538 scontext=u:r:crash_dump:s0 tcontext=u:object_r:vendor_mwqem_prop:s0 tclass=file permissive=1
01-01 08:00:23.867 0 0 I F2FS-fs (dm-10): recover_data: ino = 1764 (i_size: recover) recovered = 1, err = 0
01-01 08:00:23.899 0 0 I F2FS-fs (dm-10): recover_inode: ino = 1765, name = , inline = 1
01-01 08:00:19.399 545 545 I auditd : type=1400 audit(0.0:167): avc: denied { open } for comm="crash_dump64" path="/dev/__properties__/u:object_r:vendor_mstatservice_prop:s0" dev="tmpfs" ino=3537 scontext=u:r:crash_dump:s0 tcontext=u:object_r:vendor_mstatservice_prop:s0 tclass=file permissive=1
01-01 08:00:19.399 545 545 I auditd : type=1400 audit(0.0:168): avc: denied { getattr } for comm="crash_dump64" path="/dev/__properties__/u:object_r:vendor_mstatservice_prop:s0" dev="tmpfs" ino=3537 scontext=u:r:crash_dump:s0 tcontext=u:object_r:vendor_mstatservice_prop:s0 tclass=file permissive=1
01-01 08:00:23.948 0 0 I F2FS-fs (dm-10): recover_dentry: ino = 1765, name = , dir = 85, err = 0
01-01 08:00:19.399 545 545 I auditd : type=1400 audit(0.0:169): avc: denied { map } for comm="crash_dump64" path="/dev/__properties__/u:object_r:vendor_mstatservice_prop:s0" dev="tmpfs" ino=3537 scontext=u:r:crash_dump:s0 tcontext=u:object_r:vendor_mstatservice_prop:s0 tclass=file permissive=1
01-01 08:00:23.981 0 0 I F2FS-fs (dm-10): recover_data: ino = 1765 (i_size: recover) recovered = 3, err = 0
01-01 08:00:19.399 545 545 I auditd : type=1400 audit(0.0:170): avc: denied { open } for comm="crash_dump64" path="/dev/__properties__/u:object_r:vendor_msm_irqbalance_prop:s0" dev="tmpfs" ino=3536 scontext=u:r:crash_dump:s0 tcontext=u:object_r:vendor_msm_irqbalance_prop:s0 tclass=file permissive=1
01-01 08:00:19.399 545 545 I auditd : type=1400 audit(0.0:171): avc: denied { getattr } for comm="crash_dump64" path="/dev/__properties__/u:object_r:vendor_msm_irqbalance_prop:s0" dev="tmpfs" ino=3536 scontext=u:r:crash_dump:s0 tcontext=u:object_r:vendor_msm_irqbalance_prop:s0 tclass=file permissive=1
01-01 08:00:24.013 0 0 I F2FS-fs (dm-10): recover_inode: ino = 1766, name = , inline = 1
01-01 08:00:19.399 545 545 I auditd : type=1400 audit(0.0:172): avc: denied { map } for comm="crash_dump64" path="/dev/__properties__/u:object_r:vendor_msm_irqbalance_prop:s0" dev="tmpfs" ino=3536 scontext=u:r:crash_dump:s0 tcontext=u:object_r:vendor_msm_irqbalance_prop:s0 tclass=file permissive=1
01-01 08:00:24.061 0 0 I F2FS-fs (dm-10): recover_dentry: ino = 1766, name = , dir = cac, err = 0
01-01 08:00:19.399 545 545 I auditd : type=1400 audit(0.0:173): avc: denied { open } for comm="crash_dump64" path="/dev/__properties__/u:object_r:vendor_mpctl_prop:s0" dev="tmpfs" ino=3535 scontext=u:r:crash_dump:s0 tcontext=u:object_r:vendor_mpctl_prop:s0 tclass=file permissive=1
01-01 08:00:24.098 0 0 I F2FS-fs (dm-10): recover_data: ino = 1766 (i_size: recover) recovered = 1, err = 0
01-01 08:00:19.399 545 545 I auditd : type=1400 audit(0.0:174): avc: denied { getattr } for comm="crash_dump64" path="/dev/__properties__/u:object_r:vendor_mpctl_prop:s0" dev="tmpfs" ino=3535 scontext=u:r:crash_dump:s0 tcontext=u:object_r:vendor_mpctl_prop:s0 tclass=file permissive=1
01-01 08:00:24.136 0 0 I F2FS-fs (dm-10): checkpoint: version = 1fde89dc
01-01 08:00:24.161 0 0 I F2FS-fs (dm-10): Mounted with checkpoint version = 1fde89dc
01-01 08:00:19.399 545 545 I auditd : type=1400 audit(0.0:175): avc: denied { map } for comm="crash_dump64" path="/dev/__properties__/u:object_r:vendor_mpctl_prop:s0" dev="tmpfs" ino=3535 scontext=u:r:crash_dump:s0 tcontext=u:object_r:vendor_mpctl_prop:s0 tclass=file permissive=1
01-01 08:00:19.399 545 545 I auditd : type=1400 audit(0.0:176): avc: denied { open } for comm="crash_dump64" path="/dev/__properties__/u:object_r:vendor_modem_diag_prop:s0" dev="tmpfs" ino=3534 scontext=u:r:crash_dump:s0 tcontext=u:object_r:vendor_modem_diag_prop:s0 tclass=file permissive=1
01-01 08:00:24.216 0 0 I init : Userdata mounted using /vendor/etc/fstab.qcom result : 7
01-01 08:00:19.399 545 545 I auditd : type=1400 audit(0.0:177): avc: denied { getattr } for comm="crash_dump64" path="/dev/__properties__/u:object_r:vendor_modem_diag_prop:s0" dev="tmpfs" ino=3534 scontext=u:r:crash_dump:s0 tcontext=u:object_r:vendor_modem_diag_prop:s0 tclass=file permissive=1
01-01 08:00:24.245 0 0 I init : Keyring created with id 300584344 in process 1
01-01 08:00:19.399 545 545 I auditd : type=1400 audit(0.0:178): avc: denied { map } for comm="crash_dump64" path="/dev/__properties__/u:object_r:vendor_modem_diag_prop:s0" dev="tmpfs" ino=3534 scontext=u:r:crash_dump:s0 tcontext=u:object_r:vendor_modem_diag_prop:s0 tclass=file permissive=1
01-01 08:00:24.274 0 0 I init : Command 'mount_all /vendor/etc/fstab.qcom --late' action=late-fs (/vendor/etc/init/hw/init.target.rc:69) took 1404ms and succeeded
01-01 08:00:19.399 545 545 I auditd : type=1400 audit(0.0:179): avc: denied { open } for comm="crash_dump64" path="/dev/__properties__/u:object_r:vendor_mmi_prop:s0" dev="tmpfs" ino=3533 scontext=u:r:crash_dump:s0 tcontext=u:object_r:vendor_mmi_prop:s0 tclass=file permissive=1
01-01 08:00:24.304 0 0 I init : processing action (late-fs) from (/vendor/etc/init/keymasterd.rc:5)
01-01 08:00:19.399 545 545 I auditd : type=1400 audit(0.0:180): avc: denied { getattr } for comm="crash_dump64" path="/dev/__properties__/u:object_r:vendor_mmi_prop:s0" dev="tmpfs" ino=3533 scontext=u:r:crash_dump:s0 tcontext=u:object_r:vendor_mmi_prop:s0 tclass=file permissive=1
01-01 08:00:24.333 0 0 I init : starting service 'vendor.keymasterd'...
01-01 08:00:19.399 545 545 I auditd : type=1400 audit(0.0:181): avc: denied { map } for comm="crash_dump64" path="/dev/__properties__/u:object_r:vendor_mmi_prop:s0" dev="tmpfs" ino=3533 scontext=u:r:crash_dump:s0 tcontext=u:object_r:vendor_mmi_prop:s0 tclass=file permissive=1
01-01 08:00:24.365 0 0 I init : processing action (post-fs-data) from (/system/etc/init/hw/init.rc:633)
01-01 08:00:19.399 545 545 I auditd : type=1400 audit(0.0:182): avc: denied { open } for comm="crash_dump64" path="/dev/__properties__/u:object_r:vendor_mm_video_prop:s0" dev="tmpfs" ino=3532 scontext=u:r:crash_dump:s0 tcontext=u:object_r:vendor_mm_video_prop:s0 tclass=file permissive=1
01-01 08:00:24.377 0 0 I init : starting service 'exec 9 (/system/bin/vdc checkpoint prepareCheckpoint)'...
01-01 08:00:19.399 545 545 I auditd : type=1400 audit(0.0:183): avc: denied { getattr } for comm="crash_dump64" path="/dev/__properties__/u:object_r:vendor_mm_video_prop:s0" dev="tmpfs" ino=3532 scontext=u:r:crash_dump:s0 tcontext=u:object_r:vendor_mm_video_prop:s0 tclass=file permissive=1
01-01 08:00:24.386 0 0 I init : SVC_EXEC service 'exec 9 (/system/bin/vdc checkpoint prepareCheckpoint)' pid 624 (uid 1000 gid 1000+0 context default) started; waiting...
01-01 08:00:19.399 545 545 I auditd : type=1400 audit(0.0:184): avc: denied { map } for comm="crash_dump64" path="/dev/__properties__/u:object_r:vendor_mm_video_prop:s0" dev="tmpfs" ino=3532 scontext=u:r:crash_dump:s0 tcontext=u:object_r:vendor_mm_video_prop:s0 tclass=file permissive=1
01-01 08:00:24.391 0 0 I binder : 624:624 ioctl 40046210 7fc30b68b4 returned -22
01-01 08:00:24.391 0 0 D ProcessState: Binder ioctl to enable oneway spam detection failed: Invalid argument
01-01 08:00:24.391 0 0 D vdc : Waited 0ms for vold
01-01 08:00:24.396 0 0 I init : Service 'exec 9 (/system/bin/vdc checkpoint prepareCheckpoint)' (pid 624) exited with status 0 waiting took 0.010000 seconds
01-01 08:00:19.399 545 545 I auditd : type=1400 audit(0.0:185): avc: denied { open } for comm="crash_dump64" path="/dev/__properties__/u:object_r:vendor_mm_parser_prop:s0" dev="tmpfs" ino=3531 scontext=u:r:crash_dump:s0 tcontext=u:object_r:vendor_mm_parser_prop:s0 tclass=file permissive=1
01-01 08:00:24.429 0 0 I init : Sending signal 9 to service 'exec 9 (/system/bin/vdc checkpoint prepareCheckpoint)' (pid 624) process group...
