03-14 03:57:55.322 782 826 I ActivityTaskManager: clear resize flag in freeform mode
03-14 03:57:55.322 782 826 W WindowManager: updateScale : 0.79357797
03-14 03:57:55.338 782 826 D FreeFormWindowHelper: refreshTipWindow mTipWindowTitle : null
03-14 03:57:55.338 782 826 I ActivityTaskManager: clear resize flag in freeform mode
03-14 03:57:55.339 782 826 W WindowManager: updateScale : 0.79357797
03-14 03:57:55.355 782 826 D FreeFormWindowHelper: refreshTipWindow mTipWindowTitle : null
03-14 03:57:55.355 782 826 I ActivityTaskManager: clear resize flag in freeform mode
03-14 03:57:55.356 782 826 W WindowManager: updateScale : 0.79357797
03-14 03:57:55.369 782 2679 W WindowManager: updateScale : 0.79357797
03-14 03:57:55.371 782 826 D FreeFormWindowHelper: refreshTipWindow mTipWindowTitle : null
03-14 03:57:55.372 782 826 I ActivityTaskManager: clear resize flag in freeform mode
03-14 03:57:55.372 782 826 W WindowManager: updateScale : 0.79357797
03-14 03:57:55.385 782 3182 W WindowManager: updateScale : 0.79357797
03-14 03:57:55.388 782 826 D FreeFormWindowHelper: refreshTipWindow mTipWindowTitle : null
03-14 03:57:55.388 782 826 I ActivityTaskManager: clear resize flag in freeform mode
03-14 03:57:55.389 782 826 W WindowManager: updateScale : 0.79357797
03-14 03:57:55.405 782 826 D FreeFormWindowHelper: refreshTipWindow mTipWindowTitle : null
03-14 03:57:55.406 782 826 I ActivityTaskManager: clear resize flag in freeform mode
03-14 03:57:55.406 782 826 W WindowManager: updateScale : 0.79357797
03-14 03:57:55.422 782 826 D FreeFormWindowHelper: refreshTipWindow mTipWindowTitle : null
03-14 03:57:55.422 782 826 I ActivityTaskManager: clear resize flag in freeform mode
03-14 03:57:55.423 782 826 W WindowManager: updateScale : 0.79357797
03-14 03:57:55.438 782 826 D FreeFormWindowHelper: refreshTipWindow mTipWindowTitle : null
03-14 03:57:55.439 782 826 I ActivityTaskManager: clear resize flag in freeform mode
03-14 03:57:55.440 782 826 W WindowManager: updateScale : 0.79357797
03-14 03:57:55.468 782 2679 W WindowManager: updateScale : 0.79357797
03-14 03:57:55.488 782 826 D FreeFormWindowHelper: refreshTipWindow mTipWindowTitle : null
03-14 03:57:55.490 782 826 I ActivityTaskManager: clear resize flag in freeform mode
03-14 03:57:55.491 782 826 W WindowManager: updateScale : 0.79357797
03-14 03:57:55.555 782 826 D FreeFormWindowHelper: refreshTipWindow mTipWindowTitle : null
03-14 03:57:55.557 782 826 I ActivityTaskManager: clear resize flag in freeform mode
03-14 03:57:55.557 782 826 W WindowManager: updateScale : 0.79357797
03-14 03:57:55.572 782 826 D FreeFormWindowHelper: refreshTipWindow mTipWindowTitle : null
03-14 03:57:55.572 782 826 I ActivityTaskManager: clear resize flag in freeform mode
03-14 03:57:55.573 782 826 W WindowManager: updateScale : 0.79357797
03-14 03:57:55.588 782 826 D FreeFormWindowHelper: refreshTipWindow mTipWindowTitle : null
03-14 03:57:55.589 782 826 I ActivityTaskManager: clear resize flag in freeform mode
03-14 03:57:55.589 782 826 W WindowManager: updateScale : 0.79357797
03-14 03:57:55.605 782 826 D FreeFormWindowHelper: refreshTipWindow mTipWindowTitle : null
03-14 03:57:55.606 782 826 I ActivityTaskManager: clear resize flag in freeform mode
03-14 03:57:55.606 782 826 W WindowManager: updateScale : 0.79357797
03-14 03:57:55.622 782 826 D FreeFormWindowHelper: refreshTipWindow mTipWindowTitle : null
03-14 03:57:55.623 782 826 I ActivityTaskManager: clear resize flag in freeform mode
03-14 03:57:55.623 782 826 W WindowManager: updateScale : 0.79357797
03-14 03:57:55.639 782 826 D FreeFormWindowHelper: refreshTipWindow mTipWindowTitle : null
03-14 03:57:55.640 782 826 I ActivityTaskManager: clear resize flag in freeform mode
03-14 03:57:55.640 782 826 W WindowManager: updateScale : 0.79357797
03-14 03:57:55.656 782 826 D FreeFormWindowHelper: refreshTipWindow mTipWindowTitle : null
03-14 03:57:55.656 782 826 I ActivityTaskManager: clear resize flag in freeform mode
03-14 03:57:55.657 782 826 W WindowManager: updateScale : 0.79357797
03-14 03:57:55.689 782 826 D FreeFormWindowHelper: refreshTipWindow mTipWindowTitle : null
03-14 03:57:55.690 782 826 I ActivityTaskManager: clear resize flag in freeform mode
03-14 03:57:55.690 782 826 W WindowManager: updateScale : 0.79357797
03-14 03:57:55.706 782 826 D FreeFormWindowHelper: refreshTipWindow mTipWindowTitle : null
03-14 03:57:55.706 782 826 I ActivityTaskManager: clear resize flag in freeform mode
03-14 03:57:55.707 782 826 W WindowManager: updateScale : 0.79357797
03-14 03:57:55.739 782 826 D FreeFormWindowHelper: refreshTipWindow mTipWindowTitle : null
03-14 03:57:55.740 782 826 I ActivityTaskManager: clear resize flag in freeform mode
03-14 03:57:55.740 782 826 W WindowManager: updateScale : 0.79357797
03-14 03:57:55.798 782 826 D WindowManager: updateWindowDragBounds: mIsSwipeYfalse
03-14 03:57:55.798 782 826 D WindowManager: updateWindowDragBounds: mIsTopfalse
03-14 03:57:55.824 782 827 I ActivityTaskManager: clear resize flag in freeform mode
03-14 03:57:55.825 782 827 W WindowManager: updateScale : 0.79357797
03-14 03:57:55.835 782 2679 W WindowManager: updateScale : 0.79357797
03-14 03:57:55.841 782 827 I ActivityTaskManager: clear resize flag in freeform mode
03-14 03:57:55.841 782 827 W WindowManager: updateScale : 0.79357797
03-14 03:57:55.857 782 827 I ActivityTaskManager: clear resize flag in freeform mode
03-14 03:57:55.858 782 827 W WindowManager: updateScale : 0.79357797
03-14 03:57:55.874 782 827 I ActivityTaskManager: clear resize flag in freeform mode
03-14 03:57:55.875 782 827 W WindowManager: updateScale : 0.79357797
03-14 03:57:55.878 782 3182 W ActivityManager: Receiver with filter android.content.IntentFilter@e8e60b2 already registered for pid 3694, callerPackage is com.android.music
03-14 03:57:55.890 782 827 I ActivityTaskManager: clear resize flag in freeform mode
03-14 03:57:55.891 782 827 W WindowManager: updateScale : 0.79357797
03-14 03:57:55.907 782 827 I ActivityTaskManager: clear resize flag in freeform mode
03-14 03:57:55.908 782 827 W WindowManager: updateScale : 0.79357797
03-14 03:57:55.924 782 827 I ActivityTaskManager: clear resize flag in freeform mode
03-14 03:57:55.925 782 827 W WindowManager: updateScale : 0.79357797
03-14 03:57:55.941 782 827 I ActivityTaskManager: clear resize flag in freeform mode
03-14 03:57:55.942 782 827 W WindowManager: updateScale : 0.79357797
03-14 03:57:55.953 782 3182 W WindowManager: updateScale : 0.79357797
03-14 03:57:55.958 782 827 I ActivityTaskManager: clear resize flag in freeform mode
03-14 03:57:55.958 782 827 W WindowManager: updateScale : 0.79357797
03-14 03:57:55.969 782 3182 W WindowManager: updateScale : 0.79357797
03-14 03:57:55.974 782 827 I ActivityTaskManager: clear resize flag in freeform mode
03-14 03:57:55.975 782 827 W WindowManager: updateScale : 0.79357797
03-14 03:57:55.985 782 3182 W WindowManager: updateScale : 0.79357797
03-14 03:57:55.990 782 827 I ActivityTaskManager: clear resize flag in freeform mode
03-14 03:57:55.991 782 827 W WindowManager: updateScale : 0.79357797
03-14 03:57:56.002 782 2149 W WindowManager: updateScale : 0.79357797
03-14 03:57:56.007 782 827 I ActivityTaskManager: clear resize flag in freeform mode
03-14 03:57:56.008 782 827 W WindowManager: updateScale : 0.79357797
03-14 03:57:56.019 782 2149 W WindowManager: updateScale : 0.79357797
03-14 03:57:56.024 782 827 I ActivityTaskManager: clear resize flag in freeform mode
03-14 03:57:56.025 782 827 W WindowManager: updateScale : 0.79357797
03-14 03:57:56.036 782 2149 W WindowManager: updateScale : 0.79357797
03-14 03:57:56.041 782 827 I ActivityTaskManager: clear resize flag in freeform mode
03-14 03:57:56.042 782 827 W WindowManager: updateScale : 0.79357797
03-14 03:57:56.053 782 2149 W WindowManager: updateScale : 0.79357797
03-14 03:57:56.058 782 827 I ActivityTaskManager: clear resize flag in freeform mode
03-14 03:57:56.058 782 827 W WindowManager: updateScale : 0.79357797
03-14 03:57:56.069 782 3182 W WindowManager: updateScale : 0.79357797
03-14 03:57:56.074 782 827 I ActivityTaskManager: clear resize flag in freeform mode
03-14 03:57:56.075 782 827 W WindowManager: updateScale : 0.79357797
03-14 03:57:56.086 782 3182 W WindowManager: updateScale : 0.79357797
03-14 03:57:56.091 782 827 I ActivityTaskManager: clear resize flag in freeform mode
03-14 03:57:56.092 782 827 W WindowManager: updateScale : 0.79357797
03-14 03:57:56.102 782 2679 W WindowManager: updateScale : 0.79357797
03-14 03:57:56.120 782 2679 W WindowManager: updateScale : 0.79357797
01-01 08:07:31.751 0 0 E DTC_ETH,link_delay_work_func: 3003, SQI=0, link=0
03-14 03:58:01.836 782 1605 I input_interaction: Interaction with: 6b182e5 com.android.music/com.android.music.MusicBrowserActivity (server), edge-swipe (server), swipe-up (server), PointerEventDispatcher0 (server),
01-01 08:07:35.977 0 0 I msm_vidc: err : ffffffff: .....: DBLP Set: status 0
03-14 03:58:02.807 3694 3694 I view_enqueue_input_event: [Motion - Cancel,com.android.music/com.android.music.MusicBrowserActivity]
03-14 03:58:02.809 782 1605 I input_interaction: Interaction with: WindowManager (server), edge-swipe (server), swipe-up (server), PointerEventDispatcher0 (server),
03-14 03:58:02.822 782 826 D FreeFormWindowHelper: refreshTipWindow mTipWindowTitle : freeform_top_right_tip_window
03-14 03:58:02.823 782 826 I ActivityTaskManager: clear resize flag in freeform mode
03-14 03:58:02.828 782 826 W WindowManager: updateScale : 0.79357797
03-14 03:58:02.837 782 3182 W WindowManager: updateScale : 0.79357797
03-14 03:58:02.839 782 826 D FreeFormWindowHelper: refreshTipWindow mTipWindowTitle : freeform_top_right_tip_window
03-14 03:58:02.840 782 826 I ActivityTaskManager: clear resize flag in freeform mode
03-14 03:58:02.840 782 826 W WindowManager: updateScale : 0.79357797
03-14 03:58:02.856 782 826 D FreeFormWindowHelper: refreshTipWindow mTipWindowTitle : freeform_top_right_tip_window
03-14 03:58:02.857 782 826 I ActivityTaskManager: clear resize flag in freeform mode
03-14 03:58:02.857 782 826 W WindowManager: updateScale : 0.79357797
03-14 03:58:02.872 782 826 D FreeFormWindowHelper: refreshTipWindow mTipWindowTitle : freeform_top_right_tip_window
03-14 03:58:02.873 782 826 I ActivityTaskManager: clear resize flag in freeform mode
03-14 03:58:02.873 782 826 W WindowManager: updateScale : 0.79357797
03-14 03:58:02.889 782 826 D FreeFormWindowHelper: refreshTipWindow mTipWindowTitle : freeform_top_right_tip_window
03-14 03:58:02.890 782 826 I ActivityTaskManager: clear resize flag in freeform mode
03-14 03:58:02.890 782 826 W WindowManager: updateScale : 0.79357797
03-14 03:58:02.906 782 826 D FreeFormWindowHelper: refreshTipWindow mTipWindowTitle : freeform_top_right_tip_window
03-14 03:58:02.906 782 826 I ActivityTaskManager: clear resize flag in freeform mode
03-14 03:58:02.907 782 826 W WindowManager: updateScale : 0.79357797
03-14 03:58:02.923 782 826 D FreeFormWindowHelper: refreshTipWindow mTipWindowTitle : freeform_top_right_tip_window
03-14 03:58:02.923 782 826 I ActivityTaskManager: clear resize flag in freeform mode
03-14 03:58:02.924 782 826 W WindowManager: updateScale : 0.79357797
03-14 03:58:02.940 782 826 D FreeFormWindowHelper: refreshTipWindow mTipWindowTitle : freeform_top_right_tip_window
03-14 03:58:02.940 782 826 I ActivityTaskManager: clear resize flag in freeform mode
03-14 03:58:02.941 782 826 W WindowManager: updateScale : 0.79357797
03-14 03:58:02.956 782 826 D FreeFormWindowHelper: refreshTipWindow mTipWindowTitle : freeform_top_right_tip_window
03-14 03:58:02.957 782 826 I ActivityTaskManager: clear resize flag in freeform mode
03-14 03:58:02.957 782 826 W WindowManager: updateScale : 0.79357797
03-14 03:58:02.970 782 3182 W WindowManager: updateScale : 0.79357797
03-14 03:58:02.973 782 826 D FreeFormWindowHelper: refreshTipWindow mTipWindowTitle : freeform_top_right_tip_window
03-14 03:58:02.973 782 826 I ActivityTaskManager: clear resize flag in freeform mode
03-14 03:58:02.974 782 826 W WindowManager: updateScale : 0.79357797
03-14 03:58:02.989 782 826 D FreeFormWindowHelper: refreshTipWindow mTipWindowTitle : freeform_top_right_tip_window
03-14 03:58:02.990 782 826 I ActivityTaskManager: clear resize flag in freeform mode
03-14 03:58:02.990 782 826 W WindowManager: updateScale : 0.79357797
03-14 03:58:03.003 782 2149 W WindowManager: updateScale : 0.79357797
03-14 03:58:03.006 782 826 D FreeFormWindowHelper: refreshTipWindow mTipWindowTitle : freeform_top_right_tip_window
03-14 03:58:03.007 782 826 I ActivityTaskManager: clear resize flag in freeform mode
03-14 03:58:03.007 782 826 W WindowManager: updateScale : 0.79357797
03-14 03:58:03.012 782 3182 W ActivityManager: Receiver with filter android.content.IntentFilter@79b3db9 already registered for pid 3694, callerPackage is com.android.music
03-14 03:58:03.019 782 3182 W WindowManager: updateScale : 0.79357797
03-14 03:58:03.023 782 826 D FreeFormWindowHelper: refreshTipWindow mTipWindowTitle : freeform_top_right_tip_window
03-14 03:58:03.023 782 826 I ActivityTaskManager: clear resize flag in freeform mode
03-14 03:58:03.024 782 826 W WindowManager: updateScale : 0.79357797
03-14 03:58:03.035 782 3182 W WindowManager: updateScale : 0.79357797
03-14 03:58:03.040 782 826 D FreeFormWindowHelper: refreshTipWindow mTipWindowTitle : freeform_top_right_tip_window
03-14 03:58:03.040 782 826 I ActivityTaskManager: clear resize flag in freeform mode
03-14 03:58:03.041 782 826 W WindowManager: updateScale : 0.79357797
03-14 03:58:03.052 782 3182 W WindowManager: updateScale : 0.79357797
03-14 03:58:03.056 782 826 D FreeFormWindowHelper: refreshTipWindow mTipWindowTitle : freeform_top_right_tip_window
03-14 03:58:03.057 782 826 I ActivityTaskManager: clear resize flag in freeform mode
03-14 03:58:03.057 782 826 W WindowManager: updateScale : 0.79357797
03-14 03:58:03.069 782 3182 W WindowManager: updateScale : 0.79357797
03-14 03:58:03.073 782 826 D FreeFormWindowHelper: refreshTipWindow mTipWindowTitle : freeform_top_right_tip_window
03-14 03:58:03.074 782 826 I ActivityTaskManager: clear resize flag in freeform mode
03-14 03:58:03.074 782 826 W WindowManager: updateScale : 0.79357797
03-14 03:58:03.085 782 3182 W WindowManager: updateScale : 0.79357797
03-14 03:58:03.090 782 826 D FreeFormWindowHelper: refreshTipWindow mTipWindowTitle : freeform_top_right_tip_window
03-14 03:58:03.090 782 826 I ActivityTaskManager: clear resize flag in freeform mode
03-14 03:58:03.091 782 826 W WindowManager: updateScale : 0.79357797
03-14 03:58:03.102 782 3182 W WindowManager: updateScale : 0.79357797
03-14 03:58:03.106 782 826 D FreeFormWindowHelper: refreshTipWindow mTipWindowTitle : freeform_top_right_tip_window
03-14 03:58:03.107 782 826 I ActivityTaskManager: clear resize flag in freeform mode
03-14 03:58:03.107 782 826 W WindowManager: updateScale : 0.79357797
03-14 03:58:03.119 782 3182 W WindowManager: updateScale : 0.79357797
03-14 03:58:03.123 782 826 D FreeFormWindowHelper: refreshTipWindow mTipWindowTitle : freeform_top_right_tip_window
03-14 03:58:03.124 782 826 I ActivityTaskManager: clear resize flag in freeform mode
03-14 03:58:03.124 782 826 W WindowManager: updateScale : 0.79357797
03-14 03:58:03.136 782 3182 W WindowManager: updateScale : 0.79357797
03-14 03:58:03.140 782 826 D FreeFormWindowHelper: refreshTipWindow mTipWindowTitle : freeform_top_right_tip_window
03-14 03:58:03.140 782 826 I ActivityTaskManager: clear resize flag in freeform mode
03-14 03:58:03.141 782 826 W WindowManager: updateScale : 0.79357797
03-14 03:58:03.153 782 3182 W WindowManager: updateScale : 0.79357797
03-14 03:58:03.157 782 826 D FreeFormWindowHelper: refreshTipWindow mTipWindowTitle : freeform_top_right_tip_window
03-14 03:58:03.157 782 826 I ActivityTaskManager: clear resize flag in freeform mode
03-14 03:58:03.158 782 826 W WindowManager: updateScale : 0.79357797
03-14 03:58:03.169 782 2149 W WindowManager: updateScale : 0.79357797
03-14 03:58:03.173 782 826 D FreeFormWindowHelper: refreshTipWindow mTipWindowTitle : freeform_top_right_tip_window
03-14 03:58:03.174 782 826 I ActivityTaskManager: clear resize flag in freeform mode
03-14 03:58:03.174 782 826 W WindowManager: updateScale : 0.79357797
03-14 03:58:03.186 782 2149 W WindowManager: updateScale : 0.79357797
03-14 03:58:03.190 782 826 D FreeFormWindowHelper: refreshTipWindow mTipWindowTitle : freeform_top_right_tip_window
03-14 03:58:03.191 782 826 I ActivityTaskManager: clear resize flag in freeform mode
03-14 03:58:03.191 782 826 W WindowManager: updateScale : 0.79357797
03-14 03:58:03.203 782 2149 W WindowManager: updateScale : 0.79357797
03-14 03:58:03.207 782 826 D FreeFormWindowHelper: refreshTipWindow mTipWindowTitle : freeform_top_right_tip_window
03-14 03:58:03.207 782 826 I ActivityTaskManager: clear resize flag in freeform mode
03-14 03:58:03.208 782 826 W WindowManager: updateScale : 0.79357797
03-14 03:58:03.219 782 3182 W WindowManager: updateScale : 0.79357797
03-14 03:58:03.223 782 826 D FreeFormWindowHelper: refreshTipWindow mTipWindowTitle : freeform_bottom_right_tip_window
03-14 03:58:03.224 782 826 I ActivityTaskManager: clear resize flag in freeform mode
03-14 03:58:03.224 782 826 W WindowManager: updateScale : 0.79357797
03-14 03:58:03.236 782 1678 W WindowManager: updateScale : 0.79357797
03-14 03:58:03.240 782 826 D FreeFormWindowHelper: refreshTipWindow mTipWindowTitle : freeform_bottom_right_tip_window
03-14 03:58:03.241 782 826 I ActivityTaskManager: clear resize flag in freeform mode
03-14 03:58:03.241 782 826 W WindowManager: updateScale : 0.79357797
03-14 03:58:03.244 782 826 W WindowManager: updateScale : 0.79357797
03-14 03:58:03.253 782 1678 W WindowManager: updateScale : 0.79357797
03-14 03:58:03.257 782 826 D FreeFormWindowHelper: refreshTipWindow mTipWindowTitle : freeform_bottom_right_tip_window
03-14 03:58:03.257 782 826 I ActivityTaskManager: clear resize flag in freeform mode
03-14 03:58:03.258 782 826 W WindowManager: updateScale : 0.79357797
03-14 03:58:03.269 782 1678 W WindowManager: updateScale : 0.79357797
03-14 03:58:03.274 782 826 D FreeFormWindowHelper: refreshTipWindow mTipWindowTitle : freeform_bottom_right_tip_window
03-14 03:58:03.274 782 826 I ActivityTaskManager: clear resize flag in freeform mode
03-14 03:58:03.275 782 826 W WindowManager: updateScale : 0.79357797
03-14 03:58:03.286 782 1678 W WindowManager: updateScale : 0.79357797
03-14 03:58:03.290 782 826 D FreeFormWindowHelper: refreshTipWindow mTipWindowTitle : freeform_bottom_right_tip_window
03-14 03:58:03.291 782 826 I ActivityTaskManager: clear resize flag in freeform mode
03-14 03:58:03.291 782 826 W WindowManager: updateScale : 0.79357797
03-14 03:58:03.303 782 2679 W WindowManager: updateScale : 0.79357797
03-14 03:58:03.307 782 826 D FreeFormWindowHelper: refreshTipWindow mTipWindowTitle : freeform_bottom_right_tip_window
03-14 03:58:03.307 782 826 I ActivityTaskManager: clear resize flag in freeform mode
03-14 03:58:03.308 782 826 W WindowManager: updateScale : 0.79357797
03-14 03:58:03.320 782 2679 W WindowManager: updateScale : 0.79357797
03-14 03:58:03.324 782 826 D FreeFormWindowHelper: refreshTipWindow mTipWindowTitle : freeform_bottom_right_tip_window
03-14 03:58:03.324 782 826 I ActivityTaskManager: clear resize flag in freeform mode
03-14 03:58:03.325 782 826 W WindowManager: updateScale : 0.79357797
03-14 03:58:03.336 782 2679 W WindowManager: updateScale : 0.79357797
03-14 03:58:03.340 782 826 D FreeFormWindowHelper: refreshTipWindow mTipWindowTitle : freeform_bottom_right_tip_window
03-14 03:58:03.341 782 826 I ActivityTaskManager: clear resize flag in freeform mode
03-14 03:58:03.341 782 826 W WindowManager: updateScale : 0.79357797
03-14 03:58:03.353 782 2679 W WindowManager: updateScale : 0.79357797
03-14 03:58:03.370 782 2679 W WindowManager: updateScale : 0.79357797
03-14 03:58:03.407 782 826 D FreeFormWindowHelper: refreshTipWindow mTipWindowTitle : freeform_bottom_right_tip_window
03-14 03:58:03.409 782 826 I ActivityTaskManager: clear resize flag in freeform mode
03-14 03:58:03.410 782 826 W WindowManager: updateScale : 0.79357797
03-14 03:58:03.474 782 826 D FreeFormWindowHelper: refreshTipWindow mTipWindowTitle : freeform_bottom_right_tip_window
03-14 03:58:03.475 782 826 I ActivityTaskManager: clear resize flag in freeform mode
03-14 03:58:03.477 782 826 W WindowManager: updateScale : 0.79357797
01-01 08:07:36.871 0 0 E DTC_ETH,link_delay_work_func: 3003, SQI=0, link=0
03-14 03:58:03.491 782 826 D FreeFormWindowHelper: refreshTipWindow mTipWindowTitle : freeform_bottom_right_tip_window
03-14 03:58:03.492 782 826 I ActivityTaskManager: clear resize flag in freeform mode
03-14 03:58:03.492 782 826 W WindowManager: updateScale : 0.79357797
03-14 03:58:03.507 782 826 D FreeFormWindowHelper: refreshTipWindow mTipWindowTitle : freeform_bottom_right_tip_window
03-14 03:58:03.508 782 826 I ActivityTaskManager: clear resize flag in freeform mode
03-14 03:58:03.509 782 826 W WindowManager: updateScale : 0.79357797
03-14 03:58:03.524 782 826 D FreeFormWindowHelper: refreshTipWindow mTipWindowTitle : freeform_bottom_right_tip_window
03-14 03:58:03.525 782 826 I ActivityTaskManager: clear resize flag in freeform mode
03-14 03:58:03.525 782 826 W WindowManager: updateScale : 0.79357797
03-14 03:58:03.541 782 826 D FreeFormWindowHelper: refreshTipWindow mTipWindowTitle : freeform_bottom_right_tip_window
03-14 03:58:03.542 782 826 I ActivityTaskManager: clear resize flag in freeform mode
03-14 03:58:03.542 782 826 W WindowManager: updateScale : 0.79357797
03-14 03:58:03.554 782 2679 W WindowManager: updateScale : 0.79357797
03-14 03:58:03.558 782 826 D FreeFormWindowHelper: refreshTipWindow mTipWindowTitle : freeform_bottom_right_tip_window
03-14 03:58:03.559 782 826 I ActivityTaskManager: clear resize flag in freeform mode
03-14 03:58:03.559 782 826 W WindowManager: updateScale : 0.79357797
03-14 03:58:03.571 782 1678 W WindowManager: updateScale : 0.79357797
03-14 03:58:03.574 782 826 D FreeFormWindowHelper: refreshTipWindow mTipWindowTitle : freeform_bottom_right_tip_window
03-14 03:58:03.575 782 826 I ActivityTaskManager: clear resize flag in freeform mode
03-14 03:58:03.576 782 826 W WindowManager: updateScale : 0.79357797
03-14 03:58:03.591 782 826 D FreeFormWindowHelper: refreshTipWindow mTipWindowTitle : freeform_bottom_right_tip_window
03-14 03:58:03.592 782 826 I ActivityTaskManager: clear resize flag in freeform mode
03-14 03:58:03.592 782 826 W WindowManager: updateScale : 0.79357797
03-14 03:58:03.608 782 826 D FreeFormWindowHelper: refreshTipWindow mTipWindowTitle : freeform_bottom_right_tip_window
03-14 03:58:03.608 782 826 I ActivityTaskManager: clear resize flag in freeform mode
03-14 03:58:03.609 782 826 W WindowManager: updateScale : 0.79357797
03-14 03:58:03.624 782 826 D FreeFormWindowHelper: refreshTipWindow mTipWindowTitle : freeform_bottom_right_tip_window
03-14 03:58:03.625 782 826 I ActivityTaskManager: clear resize flag in freeform mode
03-14 03:58:03.625 782 826 W WindowManager: updateScale : 0.79357797
03-14 03:58:03.641 782 826 D FreeFormWindowHelper: refreshTipWindow mTipWindowTitle : freeform_bottom_right_tip_window
03-14 03:58:03.642 782 826 I ActivityTaskManager: clear resize flag in freeform mode
03-14 03:58:03.642 782 826 W WindowManager: updateScale : 0.79357797
03-14 03:58:03.658 782 826 D FreeFormWindowHelper: refreshTipWindow mTipWindowTitle : freeform_bottom_right_tip_window
03-14 03:58:03.658 782 826 I ActivityTaskManager: clear resize flag in freeform mode
03-14 03:58:03.659 782 826 W WindowManager: updateScale : 0.79357797
03-14 03:58:03.675 782 826 D FreeFormWindowHelper: refreshTipWindow mTipWindowTitle : freeform_bottom_right_tip_window
03-14 03:58:03.675 782 826 I ActivityTaskManager: clear resize flag in freeform mode
03-14 03:58:03.676 782 826 W WindowManager: updateScale : 0.79357797
03-14 03:58:03.708 782 826 D FreeFormWindowHelper: refreshTipWindow mTipWindowTitle : freeform_bottom_right_tip_window
03-14 03:58:03.709 782 826 I ActivityTaskManager: clear resize flag in freeform mode
03-14 03:58:03.710 782 826 W WindowManager: updateScale : 0.79357797
03-14 03:58:03.738 782 1678 W WindowManager: updateScale : 0.79357797
03-14 03:58:03.758 782 826 D FreeFormWindowHelper: refreshTipWindow mTipWindowTitle : freeform_bottom_right_tip_window
03-14 03:58:03.759 782 826 I ActivityTaskManager: clear resize flag in freeform mode
03-14 03:58:03.759 782 826 W WindowManager: updateScale : 0.79357797
03-14 03:58:03.875 782 826 D FreeFormWindowHelper: refreshTipWindow mTipWindowTitle : freeform_bottom_right_tip_window
03-14 03:58:03.876 782 826 I ActivityTaskManager: clear resize flag in freeform mode
03-14 03:58:03.877 782 826 W WindowManager: updateScale : 0.79357797
03-14 03:58:03.892 782 826 D FreeFormWindowHelper: refreshTipWindow mTipWindowTitle : freeform_bottom_right_tip_window
03-14 03:58:03.893 782 826 I ActivityTaskManager: clear resize flag in freeform mode
03-14 03:58:03.893 782 826 W WindowManager: updateScale : 0.79357797
03-14 03:58:03.909 782 826 D FreeFormWindowHelper: refreshTipWindow mTipWindowTitle : freeform_bottom_right_tip_window
03-14 03:58:03.910 782 826 I ActivityTaskManager: clear resize flag in freeform mode
03-14 03:58:03.910 782 826 W WindowManager: updateScale : 0.79357797
03-14 03:58:03.953 782 826 D WindowManager: updateWindowDragBounds: mIsSwipeYfalse
03-14 03:58:03.953 782 826 D WindowManager: updateWindowDragBounds: mIsTopfalse
03-14 03:58:03.978 782 827 I ActivityTaskManager: clear resize flag in freeform mode
03-14 03:58:03.979 782 827 W WindowManager: updateScale : 0.7262997
03-14 03:58:03.979 782 2679 W ActivityManager: Receiver with filter android.content.IntentFilter@c6fa7ac already registered for pid 3694, callerPackage is com.android.music
03-14 03:58:03.989 782 2679 W WindowManager: updateScale : 0.7262997
03-14 03:58:03.994 782 827 I ActivityTaskManager: clear resize flag in freeform mode
03-14 03:58:03.994 782 827 W WindowManager: updateScale : 0.6727829
03-14 03:58:04.006 782 2679 W ActivityManager: Receiver with filter android.content.IntentFilter@ba8fc75 already registered for pid 3694, callerPackage is com.android.music
03-14 03:58:04.009 782 827 I ActivityTaskManager: clear resize flag in freeform mode
03-14 03:58:04.010 782 827 W WindowManager: updateScale : 0.6299694
03-14 03:58:04.026 782 827 I ActivityTaskManager: clear resize flag in freeform mode
03-14 03:58:04.026 782 827 W WindowManager: updateScale : 0.5902141
03-14 03:58:04.039 782 2679 W ActivityManager: Receiver with filter android.content.IntentFilter@12b026b already registered for pid 3694, callerPackage is com.android.music
03-14 03:58:04.041 782 2679 W WindowManager: updateScale : 0.5902141
03-14 03:58:04.043 782 827 I ActivityTaskManager: clear resize flag in freeform mode
03-14 03:58:04.043 782 827 W WindowManager: updateScale : 0.559633
03-14 03:58:04.045 782 1699 I GameModeConfig: isGameModeOn = false
03-14 03:58:04.046 782 1699 I GameModeConfig: isGameModeOn = false
03-14 03:58:04.046 782 1699 I GameModeConfig: isGameModeOn = false
03-14 03:58:04.046 782 1699 I GameModeConfig: isGameModeOn = false
03-14 03:58:04.049 782 782 I notification_enqueue: [10086,3694,com.android.music,1,NULL,0,Notification(channel=Channel-music shortcut=null contentView=null vibrate=null sound=null defaults=0x0 flags=0x40 color=0x00000000 category=transport actions=4 vis=PRIVATE),1]
03-14 03:58:04.050 782 782 I notification_enqueue: [10086,3694,com.android.music,1,NULL,0,Notification(channel=Channel-music shortcut=null contentView=null vibrate=null sound=null defaults=0x0 flags=0x40 color=0x00000000 category=transport actions=4 vis=PRIVATE),1]
03-14 03:58:04.052 782 830 I am_pss : [4407,10074,com.android.launcher3,151174144,134639616,0,294076416,0,2,10]
03-14 03:58:04.060 782 827 I ActivityTaskManager: clear resize flag in freeform mode
03-14 03:58:04.060 782 827 W WindowManager: updateScale : 0.5351682
03-14 03:58:04.062 782 830 I am_pss : [3694,10086,com.android.music,70716416,64561152,0,191451136,0,2,8]
03-14 03:58:04.065 782 2679 W ActivityManager: Receiver with filter android.content.IntentFilter@6ad4b3f already registered for pid 3694, callerPackage is com.android.music
03-14 03:58:04.072 782 1678 W WindowManager: updateScale : 0.5351682
03-14 03:58:04.076 782 827 I ActivityTaskManager: clear resize flag in freeform mode
03-14 03:58:04.076 782 827 W WindowManager: updateScale : 0.5152905
03-14 03:58:04.089 782 1678 W ActivityManager: Receiver with filter android.content.IntentFilter@d5822f already registered for pid 3694, callerPackage is com.android.music
03-14 03:58:04.093 782 827 I ActivityTaskManager: clear resize flag in freeform mode
03-14 03:58:04.093 782 827 W WindowManager: updateScale : 0.5
03-14 03:58:04.106 782 1678 W WindowManager: updateScale : 0.5
03-14 03:58:04.110 782 827 I ActivityTaskManager: clear resize flag in freeform mode
03-14 03:58:04.110 782 827 W WindowManager: updateScale : 0.48776758
03-14 03:58:04.116 782 1678 W ActivityManager: Receiver with filter android.content.IntentFilter@7ecf03c already registered for pid 3694, callerPackage is com.android.music
03-14 03:58:04.121 782 1678 W WindowManager: updateScale : 0.48776758
03-14 03:58:04.127 782 827 I ActivityTaskManager: clear resize flag in freeform mode
03-14 03:58:04.127 782 827 W WindowManager: updateScale : 0.47706422
03-14 03:58:04.129 782 1678 W ActivityManager: Receiver with filter android.content.IntentFilter@b7cc1c5 already registered for pid 3694, callerPackage is com.android.music
03-14 03:58:04.138 782 1678 W WindowManager: updateScale : 0.47706422
03-14 03:58:04.144 782 827 I ActivityTaskManager: clear resize flag in freeform mode
03-14 03:58:04.144 782 827 W WindowManager: updateScale : 0.470948
03-14 03:58:04.151 782 3182 W ActivityManager: Receiver with filter android.content.IntentFilter@a86b71a already registered for pid 3694, callerPackage is com.android.music
03-14 03:58:04.155 782 3182 W WindowManager: updateScale : 0.470948
03-14 03:58:04.160 782 827 I ActivityTaskManager: clear resize flag in freeform mode
03-14 03:58:04.161 782 827 W WindowManager: updateScale : 0.46636087
03-14 03:58:04.168 782 3182 W ActivityManager: Receiver with filter android.content.IntentFilter@f42124b already registered for pid 3694, callerPackage is com.android.music
03-14 03:58:04.172 782 3182 W WindowManager: updateScale : 0.46636087
03-14 03:58:04.177 782 827 I ActivityTaskManager: clear resize flag in freeform mode
03-14 03:58:04.178 782 827 W WindowManager: updateScale : 0.46330276
03-14 03:58:04.185 782 3182 W ActivityManager: Receiver with filter android.content.IntentFilter@1b6d428 already registered for pid 3694, callerPackage is com.android.music
03-14 03:58:04.189 782 3182 W WindowManager: updateScale : 0.46330276
03-14 03:58:04.194 782 827 I ActivityTaskManager: clear resize flag in freeform mode
03-14 03:58:04.196 782 827 W WindowManager: updateScale : 0.46024466
03-14 03:58:04.204 782 2149 W ActivityManager: Receiver with filter android.content.IntentFilter@e6cb541 already registered for pid 3694, callerPackage is com.android.music
03-14 03:58:04.205 782 2149 W WindowManager: updateScale : 0.46024466
03-14 03:58:04.211 782 827 I ActivityTaskManager: clear resize flag in freeform mode
03-14 03:58:04.212 782 827 W WindowManager: updateScale : 0.4587156
03-14 03:58:04.228 782 827 I ActivityTaskManager: clear resize flag in freeform mode
03-14 03:58:04.228 782 827 W WindowManager: updateScale : 0.45718655
03-14 03:58:04.248 782 1678 W ActivityManager: Receiver with filter android.content.IntentFilter@9f8b0be already registered for pid 3694, callerPackage is com.android.music
03-14 03:58:04.249 782 1678 W WindowManager: updateScale : 0.45718655
03-14 03:58:04.250 782 782 I GameModeConfig: isGameModeOn = false
03-14 03:58:04.251 782 782 I GameModeConfig: isGameModeOn = false
03-14 03:58:04.260 782 827 I ActivityTaskManager: clear resize flag in freeform mode
03-14 03:58:04.261 782 827 W WindowManager: updateScale : 0.45565748
03-14 03:58:04.271 782 3182 W ActivityManager: Receiver with filter android.content.IntentFilter@e9ed104 already registered for pid 3694, callerPackage is com.android.music
03-14 03:58:04.276 782 1699 I GameModeConfig: isGameModeOn = false
03-14 03:58:04.276 782 1699 I GameModeConfig: isGameModeOn = false
03-14 03:58:04.277 782 1699 I GameModeConfig: isGameModeOn = false
03-14 03:58:04.277 782 1699 I GameModeConfig: isGameModeOn = false
03-14 03:58:04.279 782 782 I notification_enqueue: [10086,3694,com.android.music,1,NULL,0,Notification(channel=Channel-music shortcut=null contentView=null vibrate=null sound=null defaults=0x0 flags=0x40 color=0x00000000 category=transport actions=4 vis=PRIVATE),1]
03-14 03:58:04.280 782 782 I notification_enqueue: [10086,3694,com.android.music,1,NULL,0,Notification(channel=Channel-music shortcut=null contentView=null vibrate=null sound=null defaults=0x0 flags=0x40 color=0x00000000 category=transport actions=4 vis=PRIVATE),1]
03-14 03:58:04.289 782 2149 W WindowManager: updateScale : 0.45565748
03-14 03:58:04.481 782 782 I GameModeConfig: isGameModeOn = false
03-14 03:58:04.482 782 782 I GameModeConfig: isGameModeOn = false
03-14 03:58:05.158 782 1605 I input_interaction: Interaction with: 6b182e5 com.android.music/com.android.music.MusicBrowserActivity (server), edge-swipe (server), swipe-up (server), PointerEventDispatcher0 (server),
03-14 03:58:05.282 3694 3694 I view_enqueue_input_event: [Motion - Cancel,com.android.music/com.android.music.MusicBrowserActivity]
03-14 03:58:05.292 782 1605 I input_interaction: Interaction with: WindowManager (server), edge-swipe (server), swipe-up (server), PointerEventDispatcher0 (server),
03-14 03:58:05.297 782 826 I ActivityTaskManager: clear resize flag in freeform mode
03-14 03:58:05.298 782 826 W WindowManager: updateScale : 0.45565748
03-14 03:58:05.313 782 826 I ActivityTaskManager: clear resize flag in freeform mode
03-14 03:58:05.314 782 826 W WindowManager: updateScale : 0.45565748
03-14 03:58:05.346 782 826 I ActivityTaskManager: clear resize flag in freeform mode
03-14 03:58:05.346 782 826 W WindowManager: updateScale : 0.45565748
03-14 03:58:05.390 782 826 D WindowManager: updateWindowDragBounds: mIsSwipeYfalse
03-14 03:58:05.390 782 826 D WindowManager: updateWindowDragBounds: mIsTopfalse
03-14 03:58:05.414 782 827 I ActivityTaskManager: clear resize flag in freeform mode
03-14 03:58:05.415 782 827 W WindowManager: updateScale : 0.45565748
03-14 03:58:05.430 782 827 I ActivityTaskManager: clear resize flag in freeform mode
03-14 03:58:05.431 782 827 W WindowManager: updateScale : 0.45565748
03-14 03:58:05.447 782 827 I ActivityTaskManager: clear resize flag in freeform mode
03-14 03:58:05.447 782 827 W WindowManager: updateScale : 0.45565748
03-14 03:58:05.463 782 827 I ActivityTaskManager: clear resize flag in freeform mode
03-14 03:58:05.463 782 827 W WindowManager: updateScale : 0.45565748
03-14 03:58:05.476 782 2144 W WindowManager: updateScale : 0.45565748
03-14 03:58:05.480 782 827 I ActivityTaskManager: clear resize flag in freeform mode
03-14 03:58:05.480 782 827 W WindowManager: updateScale : 0.45565748
03-14 03:58:05.492 782 2144 W WindowManager: updateScale : 0.45565748
03-14 03:58:05.498 782 827 I ActivityTaskManager: clear resize flag in freeform mode
03-14 03:58:05.498 782 827 W WindowManager: updateScale : 0.45565748
03-14 03:58:05.508 782 2144 W WindowManager: updateScale : 0.45565748
03-14 03:58:05.514 782 827 I ActivityTaskManager: clear resize flag in freeform mode
03-14 03:58:05.514 782 827 W WindowManager: updateScale : 0.45565748
03-14 03:58:05.525 782 2144 W WindowManager: updateScale : 0.45565748
03-14 03:58:05.530 782 827 I ActivityTaskManager: clear resize flag in freeform mode
03-14 03:58:05.531 782 827 W WindowManager: updateScale : 0.45565748
03-14 03:58:05.541 782 2144 W WindowManager: updateScale : 0.45565748
03-14 03:58:05.558 782 2149 W WindowManager: updateScale : 0.45565748
03-14 03:58:05.564 782 827 I ActivityTaskManager: clear resize flag in freeform mode
03-14 03:58:05.565 782 827 W WindowManager: updateScale : 0.45565748
03-14 03:58:05.614 782 827 I ActivityTaskManager: clear resize flag in freeform mode
03-14 03:58:05.615 782 827 W WindowManager: updateScale : 0.45565748
03-14 03:58:06.258 782 1605 I input_interaction: Interaction with: 6b182e5 com.android.music/com.android.music.MusicBrowserActivity (server), edge-swipe (server), swipe-up (server), PointerEventDispatcher0 (server),
03-14 03:58:06.650 782 827 I ActivityTaskManager: clear resize flag in freeform mode
03-14 03:58:06.651 782 827 W WindowManager: updateScale : 0.5229358
03-14 03:58:06.652 782 2149 W ActivityManager: Receiver with filter android.content.IntentFilter@7003393 already registered for pid 3694, callerPackage is com.android.music
03-14 03:58:06.667 782 827 I ActivityTaskManager: clear resize flag in freeform mode
03-14 03:58:06.668 782 827 W WindowManager: updateScale : 0.5764526
03-14 03:58:06.684 782 827 I ActivityTaskManager: clear resize flag in freeform mode
03-14 03:58:06.684 782 827 W WindowManager: updateScale : 0.62232417
03-14 03:58:06.700 782 827 I ActivityTaskManager: clear resize flag in freeform mode
03-14 03:58:06.701 782 827 W WindowManager: updateScale : 0.6590214
03-14 03:58:06.708 782 1678 W WindowManager: updateScale : 0.6590214
03-14 03:58:06.715 782 1678 W ActivityManager: Receiver with filter android.content.IntentFilter@ecc1939 already registered for pid 3694, callerPackage is com.android.music
03-14 03:58:06.716 782 1699 I GameModeConfig: isGameModeOn = false
03-14 03:58:06.716 782 1699 I GameModeConfig: isGameModeOn = false
03-14 03:58:06.716 782 1699 I GameModeConfig: isGameModeOn = false
03-14 03:58:06.716 782 1699 I GameModeConfig: isGameModeOn = false
03-14 03:58:06.717 782 827 I ActivityTaskManager: clear resize flag in freeform mode
03-14 03:58:06.718 782 827 W WindowManager: updateScale : 0.68960243
03-14 03:58:06.718 782 782 I notification_enqueue: [10086,3694,com.android.music,1,NULL,0,Notification(channel=Channel-music shortcut=null contentView=null vibrate=null sound=null defaults=0x0 flags=0x40 color=0x00000000 category=transport actions=4 vis=PRIVATE),1]
03-14 03:58:06.719 782 782 I notification_enqueue: [10086,3694,com.android.music,1,NULL,0,Notification(channel=Channel-music shortcut=null contentView=null vibrate=null sound=null defaults=0x0 flags=0x40 color=0x00000000 category=transport actions=4 vis=PRIVATE),1]
03-14 03:58:06.727 782 2144 W ActivityManager: Receiver with filter android.content.IntentFilter@1d348ad already registered for pid 3694, callerPackage is com.android.music
03-14 03:58:06.733 782 827 I ActivityTaskManager: clear resize flag in freeform mode
03-14 03:58:06.733 782 827 W WindowManager: updateScale : 0.7140673
03-14 03:58:06.736 782 3182 W WindowManager: updateScale : 0.7140673
03-14 03:58:06.749 782 827 I ActivityTaskManager: clear resize flag in freeform mode
03-14 03:58:06.749 782 827 W WindowManager: updateScale : 0.7324159
03-14 03:58:06.764 782 3182 W ActivityManager: Receiver with filter android.content.IntentFilter@844acd5 already registered for pid 3694, callerPackage is com.android.music
03-14 03:58:06.764 782 3182 W WindowManager: updateScale : 0.7324159
03-14 03:58:06.766 782 827 I ActivityTaskManager: clear resize flag in freeform mode
03-14 03:58:06.766 782 827 W WindowManager: updateScale : 0.74923545
03-14 03:58:06.776 782 3182 W ActivityManager: Receiver with filter android.content.IntentFilter@75d2b53 already registered for pid 3694, callerPackage is com.android.music
03-14 03:58:06.778 782 3182 W WindowManager: updateScale : 0.74923545
03-14 03:58:06.782 782 1699 I GameModeConfig: isGameModeOn = false
03-14 03:58:06.782 782 1699 I GameModeConfig: isGameModeOn = false
03-14 03:58:06.782 782 1699 I GameModeConfig: isGameModeOn = false
03-14 03:58:06.782 782 1699 I GameModeConfig: isGameModeOn = false
03-14 03:58:06.783 782 827 I ActivityTaskManager: clear resize flag in freeform mode
03-14 03:58:06.783 782 827 W WindowManager: updateScale : 0.7614679
03-14 03:58:06.783 782 782 I notification_enqueue: [10086,3694,com.android.music,1,NULL,0,Notification(channel=Channel-music shortcut=null contentView=null vibrate=null sound=null defaults=0x0 flags=0x40 color=0x00000000 category=transport actions=4 vis=PRIVATE),1]
03-14 03:58:06.785 782 782 I notification_enqueue: [10086,3694,com.android.music,1,NULL,0,Notification(channel=Channel-music shortcut=null contentView=null vibrate=null sound=null defaults=0x0 flags=0x40 color=0x00000000 category=transport actions=4 vis=PRIVATE),1]
03-14 03:58:06.796 782 3182 W ActivityManager: Receiver with filter android.content.IntentFilter@42a9fa7 already registered for pid 3694, callerPackage is com.android.music
03-14 03:58:06.800 782 827 I ActivityTaskManager: clear resize flag in freeform mode
03-14 03:58:06.800 782 827 W WindowManager: updateScale : 0.7706422
03-14 03:58:06.812 782 2144 W WindowManager: updateScale : 0.7706422
03-14 03:58:06.816 782 827 I ActivityTaskManager: clear resize flag in freeform mode
03-14 03:58:06.816 782 827 W WindowManager: updateScale : 0.7782875
03-14 03:58:06.832 782 2144 W ActivityManager: Receiver with filter android.content.IntentFilter@9a4c097 already registered for pid 3694, callerPackage is com.android.music
03-14 03:58:06.833 782 827 I ActivityTaskManager: clear resize flag in freeform mode
03-14 03:58:06.834 782 827 W WindowManager: updateScale : 0.78287464
03-14 03:58:06.836 782 2144 W WindowManager: updateScale : 0.78287464
03-14 03:58:06.841 782 2144 W ActivityManager: Receiver with filter android.content.IntentFilter@99e3284 already registered for pid 3694, callerPackage is com.android.music
03-14 03:58:06.850 782 827 I ActivityTaskManager: clear resize flag in freeform mode
03-14 03:58:06.851 782 827 W WindowManager: updateScale : 0.78746176
03-14 03:58:06.851 782 3182 W ActivityManager: Receiver with filter android.content.IntentFilter@1d7ea6d already registered for pid 3694, callerPackage is com.android.music
03-14 03:58:06.862 782 3182 W WindowManager: updateScale : 0.78746176
03-14 03:58:06.866 782 827 I ActivityTaskManager: clear resize flag in freeform mode
03-14 03:58:06.867 782 827 W WindowManager: updateScale : 0.78899086
03-14 03:58:06.879 782 3182 W ActivityManager: Receiver with filter android.content.IntentFilter@faa36a2 already registered for pid 3694, callerPackage is com.android.music
03-14 03:58:06.884 782 827 I ActivityTaskManager: clear resize flag in freeform mode
03-14 03:58:06.884 782 827 W WindowManager: updateScale : 0.7905199
03-14 03:58:06.896 782 2144 W WindowManager: updateScale : 0.7905199
03-14 03:58:06.901 782 827 I ActivityTaskManager: clear resize flag in freeform mode
03-14 03:58:06.901 782 827 W WindowManager: updateScale : 0.79204893
03-14 03:58:06.910 782 3182 W ActivityManager: Receiver with filter android.content.IntentFilter@b6acf33 already registered for pid 3694, callerPackage is com.android.music
03-14 03:58:06.912 782 3182 W WindowManager: updateScale : 0.79204893
03-14 03:58:06.917 782 827 I ActivityTaskManager: clear resize flag in freeform mode
03-14 03:58:06.917 782 827 W WindowManager: updateScale : 0.79357797
03-14 03:58:06.919 782 782 I GameModeConfig: isGameModeOn = false
03-14 03:58:06.920 782 782 I GameModeConfig: isGameModeOn = false
03-14 03:58:06.924 782 3182 W ActivityManager: Receiver with filter android.content.IntentFilter@c0df2f0 already registered for pid 3694, callerPackage is com.android.music
03-14 03:58:06.928 782 3182 W WindowManager: updateScale : 0.79357797
03-14 03:58:06.933 782 827 I ActivityTaskManager: clear resize flag in freeform mode
03-14 03:58:06.934 782 827 W WindowManager: updateScale : 0.79357797
03-14 03:58:06.945 782 3182 W WindowManager: updateScale : 0.79357797
03-14 03:58:06.962 782 3182 W WindowManager: updateScale : 0.79357797
03-14 03:58:06.984 782 782 I GameModeConfig: isGameModeOn = false
03-14 03:58:06.987 782 782 I GameModeConfig: isGameModeOn = false
01-01 08:07:41.996 0 0 E DTC_ETH,link_delay_work_func: 3003, SQI=0, link=0
01-01 08:07:44.809 0 0 I msm_vidc: err : ffffffff: .....: DBLP Set: status 0
01-01 08:07:47.111 0 0 E DTC_ETH,link_delay_work_func: 3003, SQI=0, link=0
01-01 08:07:52.231 0 0 E DTC_ETH,link_delay_work_func: 3003, SQI=0, link=0
01-01 08:07:57.351 0 0 E DTC_ETH,link_delay_work_func: 3003, SQI=0, link=0
01-01 08:08:02.471 0 0 E DTC_ETH,link_delay_work_func: 3003, SQI=0, link=0
01-01 08:08:07.591 0 0 E DTC_ETH,link_delay_work_func: 3003, SQI=0, link=0
01-01 08:08:12.711 0 0 E DTC_ETH,link_delay_work_func: 3003, SQI=0, link=0
01-01 08:08:17.831 0 0 E DTC_ETH,link_delay_work_func: 3003, SQI=0, link=0
01-01 08:08:22.951 0 0 E DTC_ETH,link_delay_work_func: 3003, SQI=0, link=0
01-01 08:08:28.071 0 0 E DTC_ETH,link_delay_work_func: 3003, SQI=0, link=0
03-14 03:58:59.378 782 1000 V DisplayPowerController[0]: Brightness [0.05] reason changing to: 'manual [ dim ]', previous reason: 'manual'.
03-14 03:58:59.378 782 1000 I sysui_multi_action: [757,1696,758,6,759,2]
03-14 03:58:59.383 782 1952 E DisplayDeviceConfig: requesting nits when no mapping exists.
03-14 03:58:59.384 782 1952 E DisplayDeviceConfig: requesting nits when no mapping exists.
03-14 03:58:59.384 782 872 I am_wtf : [0,782,system_server,-1,DisplayDeviceConfig,requesting nits when no mapping exists.]
03-14 03:58:59.386 782 872 I DropBoxManagerService: add tag=system_server_wtf isTagEnabled=true flags=0x2
03-14 03:58:59.387 782 872 I am_wtf : [0,782,system_server,-1,DisplayDeviceConfig,requesting nits when no mapping exists.]
03-14 03:58:59.388 782 872 I DropBoxManagerService: add tag=system_server_wtf isTagEnabled=true flags=0x2
03-14 03:58:59.400 782 1952 E DisplayDeviceConfig: requesting nits when no mapping exists.
03-14 03:58:59.400 782 1952 E DisplayDeviceConfig: requesting nits when no mapping exists.
03-14 03:58:59.400 782 872 I am_wtf : [0,782,system_server,-1,DisplayDeviceConfig,requesting nits when no mapping exists.]
03-14 03:58:59.401 782 872 I DropBoxManagerService: add tag=system_server_wtf isTagEnabled=true flags=0x2
03-14 03:58:59.402 782 872 I am_wtf : [0,782,system_server,-1,DisplayDeviceConfig,requesting nits when no mapping exists.]
03-14 03:58:59.402 782 872 I DropBoxManagerService: add tag=system_server_wtf isTagEnabled=true flags=0x2
03-14 03:58:59.416 782 1952 E DisplayDeviceConfig: requesting nits when no mapping exists.
03-14 03:58:59.417 782 1952 E DisplayDeviceConfig: requesting nits when no mapping exists.
03-14 03:58:59.417 782 872 I am_wtf : [0,782,system_server,-1,DisplayDeviceConfig,requesting nits when no mapping exists.]
03-14 03:58:59.418 782 872 I DropBoxManagerService: add tag=system_server_wtf isTagEnabled=true flags=0x2
03-14 03:58:59.419 782 872 I am_wtf : [0,782,system_server,-1,DisplayDeviceConfig,requesting nits when no mapping exists.]
03-14 03:58:59.421 782 1952 E DisplayDeviceConfig: requesting nits when no mapping exists.
03-14 03:58:59.422 782 872 I am_wtf : [0,782,system_server,-1,DisplayDeviceConfig,requesting nits when no mapping exists.]
03-14 03:58:59.422 782 1952 E DisplayDeviceConfig: requesting nits when no mapping exists.
03-14 03:58:59.424 782 872 I am_wtf : [0,782,system_server,-1,DisplayDeviceConfig,requesting nits when no mapping exists.]
03-14 03:58:59.438 782 1952 E DisplayDeviceConfig: requesting nits when no mapping exists.
03-14 03:58:59.438 782 1952 E DisplayDeviceConfig: requesting nits when no mapping exists.
03-14 03:58:59.438 782 872 I am_wtf : [0,782,system_server,-1,DisplayDeviceConfig,requesting nits when no mapping exists.]
03-14 03:58:59.439 782 872 I am_wtf : [0,782,system_server,-1,DisplayDeviceConfig,requesting nits when no mapping exists.]
03-14 03:58:59.454 782 1952 E DisplayDeviceConfig: requesting nits when no mapping exists.
03-14 03:58:59.455 782 1952 E DisplayDeviceConfig: requesting nits when no mapping exists.
03-14 03:58:59.455 782 872 I am_wtf : [0,782,system_server,-1,DisplayDeviceConfig,requesting nits when no mapping exists.]
03-14 03:58:59.456 782 872 I am_wtf : [0,782,system_server,-1,DisplayDeviceConfig,requesting nits when no mapping exists.]
03-14 03:58:59.471 782 1952 E DisplayDeviceConfig: requesting nits when no mapping exists.
03-14 03:58:59.472 782 1952 E DisplayDeviceConfig: requesting nits when no mapping exists.
03-14 03:58:59.472 782 872 I am_wtf : [0,782,system_server,-1,DisplayDeviceConfig,requesting nits when no mapping exists.]
03-14 03:58:59.473 782 872 I am_wtf : [0,782,system_server,-1,DisplayDeviceConfig,requesting nits when no mapping exists.]
03-14 03:58:59.488 782 1952 E DisplayDeviceConfig: requesting nits when no mapping exists.
03-14 03:58:59.488 782 1952 E DisplayDeviceConfig: requesting nits when no mapping exists.
03-14 03:58:59.488 782 872 I am_wtf : [0,782,system_server,-1,DisplayDeviceConfig,requesting nits when no mapping exists.]
03-14 03:58:59.489 782 872 I am_wtf : [0,782,system_server,-1,DisplayDeviceConfig,requesting nits when no mapping exists.]
03-14 03:58:59.505 782 1952 E DisplayDeviceConfig: requesting nits when no mapping exists.
03-14 03:58:59.505 782 1952 E DisplayDeviceConfig: requesting nits when no mapping exists.
03-14 03:58:59.505 782 872 I am_wtf : [0,782,system_server,-1,DisplayDeviceConfig,requesting nits when no mapping exists.]
03-14 03:58:59.506 782 872 I am_wtf : [0,782,system_server,-1,DisplayDeviceConfig,requesting nits when no mapping exists.]
03-14 03:58:59.521 782 1952 E DisplayDeviceConfig: requesting nits when no mapping exists.
03-14 03:58:59.522 782 1952 E DisplayDeviceConfig: requesting nits when no mapping exists.
03-14 03:58:59.522 782 872 I am_wtf : [0,782,system_server,-1,DisplayDeviceConfig,requesting nits when no mapping exists.]
03-14 03:58:59.522 782 872 I am_wtf : [0,782,system_server,-1,DisplayDeviceConfig,requesting nits when no mapping exists.]
