03-14 03:53:46.089 782 826 I ActivityTaskManager: clear resize flag in freeform mode
03-14 03:53:46.090 782 826 W WindowManager: updateScale : 0.79357797
03-14 03:53:46.101 782 1678 W WindowManager: updateScale : 0.79357797
03-14 03:53:46.105 782 826 D FreeFormWindowHelper: refreshTipWindow mTipWindowTitle : null
03-14 03:53:46.106 782 826 I ActivityTaskManager: clear resize flag in freeform mode
03-14 03:53:46.106 782 826 W WindowManager: updateScale : 0.79357797
03-14 03:53:46.118 782 1678 W WindowManager: updateScale : 0.79357797
03-14 03:53:46.122 782 826 D FreeFormWindowHelper: refreshTipWindow mTipWindowTitle : null
03-14 03:53:46.123 782 826 I ActivityTaskManager: clear resize flag in freeform mode
03-14 03:53:46.123 782 826 W WindowManager: updateScale : 0.79357797
03-14 03:53:46.134 782 1678 W WindowManager: updateScale : 0.79357797
03-14 03:53:46.139 782 826 D FreeFormWindowHelper: refreshTipWindow mTipWindowTitle : null
03-14 03:53:46.139 782 826 I ActivityTaskManager: clear resize flag in freeform mode
03-14 03:53:46.140 782 826 W WindowManager: updateScale : 0.79357797
03-14 03:53:46.151 782 1678 W WindowManager: updateScale : 0.79357797
03-14 03:53:46.156 782 826 D FreeFormWindowHelper: refreshTipWindow mTipWindowTitle : null
03-14 03:53:46.156 782 826 I ActivityTaskManager: clear resize flag in freeform mode
03-14 03:53:46.157 782 826 W WindowManager: updateScale : 0.79357797
03-14 03:53:46.168 782 1678 W WindowManager: updateScale : 0.79357797
03-14 03:53:46.172 782 826 D FreeFormWindowHelper: refreshTipWindow mTipWindowTitle : null
03-14 03:53:46.173 782 826 I ActivityTaskManager: clear resize flag in freeform mode
03-14 03:53:46.173 782 826 W WindowManager: updateScale : 0.79357797
03-14 03:53:46.185 782 797 W WindowManager: updateScale : 0.79357797
03-14 03:53:46.189 782 826 D FreeFormWindowHelper: refreshTipWindow mTipWindowTitle : null
03-14 03:53:46.189 782 826 I ActivityTaskManager: clear resize flag in freeform mode
03-14 03:53:46.190 782 826 W WindowManager: updateScale : 0.79357797
03-14 03:53:46.201 782 1678 W WindowManager: updateScale : 0.79357797
03-14 03:53:46.206 782 826 D FreeFormWindowHelper: refreshTipWindow mTipWindowTitle : null
03-14 03:53:46.206 782 826 I ActivityTaskManager: clear resize flag in freeform mode
03-14 03:53:46.207 782 826 W WindowManager: updateScale : 0.79357797
03-14 03:53:46.218 782 797 W WindowManager: updateScale : 0.79357797
03-14 03:53:46.222 782 826 D FreeFormWindowHelper: refreshTipWindow mTipWindowTitle : null
03-14 03:53:46.223 782 826 I ActivityTaskManager: clear resize flag in freeform mode
03-14 03:53:46.223 782 826 W WindowManager: updateScale : 0.79357797
03-14 03:53:46.235 782 1678 W WindowManager: updateScale : 0.79357797
03-14 03:53:46.239 782 826 D FreeFormWindowHelper: refreshTipWindow mTipWindowTitle : null
03-14 03:53:46.240 782 826 I ActivityTaskManager: clear resize flag in freeform mode
03-14 03:53:46.240 782 826 W WindowManager: updateScale : 0.79357797
03-14 03:53:46.252 782 1678 W WindowManager: updateScale : 0.79357797
03-14 03:53:46.256 782 826 D FreeFormWindowHelper: refreshTipWindow mTipWindowTitle : null
03-14 03:53:46.256 782 826 I ActivityTaskManager: clear resize flag in freeform mode
03-14 03:53:46.257 782 826 W WindowManager: updateScale : 0.79357797
03-14 03:53:46.268 782 1678 W WindowManager: updateScale : 0.79357797
03-14 03:53:46.285 782 1678 W WindowManager: updateScale : 0.79357797
03-14 03:53:46.293 782 826 D WindowManager: updateWindowDragBounds: mIsSwipeYtrue
03-14 03:53:46.293 782 826 D WindowManager: updateWindowDragBounds: mIsTopfalse
03-14 03:53:46.325 782 827 I ActivityTaskManager: clear resize flag in freeform mode
03-14 03:53:46.325 782 827 W WindowManager: updateScale : 0.79357797
03-14 03:53:46.336 782 1678 W WindowManager: updateScale : 0.79357797
03-14 03:53:46.341 782 827 I ActivityTaskManager: clear resize flag in freeform mode
03-14 03:53:46.341 782 827 W WindowManager: updateScale : 0.79357797
03-14 03:53:46.353 782 1678 W ActivityManager: Receiver with filter android.content.IntentFilter@e864b7f already registered for pid 3694, callerPackage is com.android.music
03-14 03:53:46.357 782 827 I ActivityTaskManager: clear resize flag in freeform mode
03-14 03:53:46.357 782 827 W WindowManager: updateScale : 0.79357797
03-14 03:53:46.370 782 1678 W WindowManager: updateScale : 0.79357797
03-14 03:53:46.374 782 827 I ActivityTaskManager: clear resize flag in freeform mode
03-14 03:53:46.375 782 827 W WindowManager: updateScale : 0.79357797
03-14 03:53:46.386 782 1678 W WindowManager: updateScale : 0.79357797
03-14 03:53:46.391 782 827 I ActivityTaskManager: clear resize flag in freeform mode
03-14 03:53:46.391 782 827 W WindowManager: updateScale : 0.79357797
03-14 03:53:46.402 782 1678 W WindowManager: updateScale : 0.79357797
03-14 03:53:46.408 782 827 I ActivityTaskManager: clear resize flag in freeform mode
03-14 03:53:46.408 782 827 W WindowManager: updateScale : 0.79357797
03-14 03:53:46.419 782 1678 W WindowManager: updateScale : 0.79357797
03-14 03:53:46.425 782 827 I ActivityTaskManager: clear resize flag in freeform mode
03-14 03:53:46.425 782 827 W WindowManager: updateScale : 0.79357797
03-14 03:53:46.435 782 3182 W WindowManager: updateScale : 0.79357797
03-14 03:53:46.441 782 827 I ActivityTaskManager: clear resize flag in freeform mode
03-14 03:53:46.441 782 827 W WindowManager: updateScale : 0.79357797
03-14 03:53:46.453 782 3182 W WindowManager: updateScale : 0.79357797
03-14 03:53:46.457 782 827 I ActivityTaskManager: clear resize flag in freeform mode
03-14 03:53:46.458 782 827 W WindowManager: updateScale : 0.79357797
03-14 03:53:46.469 782 3182 W WindowManager: updateScale : 0.79357797
03-14 03:53:46.474 782 827 I ActivityTaskManager: clear resize flag in freeform mode
03-14 03:53:46.474 782 827 W WindowManager: updateScale : 0.79357797
03-14 03:53:46.486 782 3182 W WindowManager: updateScale : 0.79357797
03-14 03:53:46.490 782 827 I ActivityTaskManager: clear resize flag in freeform mode
03-14 03:53:46.491 782 827 W WindowManager: updateScale : 0.79357797
03-14 03:53:46.503 782 1678 W WindowManager: updateScale : 0.79357797
03-14 03:53:46.508 782 827 I ActivityTaskManager: clear resize flag in freeform mode
03-14 03:53:46.508 782 827 W WindowManager: updateScale : 0.79357797
03-14 03:53:46.519 782 1678 W WindowManager: updateScale : 0.79357797
03-14 03:53:46.525 782 827 I ActivityTaskManager: clear resize flag in freeform mode
03-14 03:53:46.525 782 827 W WindowManager: updateScale : 0.79357797
03-14 03:53:46.536 782 3182 W WindowManager: updateScale : 0.79357797
03-14 03:53:46.541 782 827 I ActivityTaskManager: clear resize flag in freeform mode
03-14 03:53:46.542 782 827 W WindowManager: updateScale : 0.79357797
03-14 03:53:46.553 782 3182 W WindowManager: updateScale : 0.79357797
03-14 03:53:46.558 782 827 I ActivityTaskManager: clear resize flag in freeform mode
03-14 03:53:46.558 782 827 W WindowManager: updateScale : 0.79357797
03-14 03:53:46.569 782 1678 W WindowManager: updateScale : 0.79357797
03-14 03:53:46.575 782 827 I ActivityTaskManager: clear resize flag in freeform mode
03-14 03:53:46.575 782 827 W WindowManager: updateScale : 0.79357797
03-14 03:53:46.586 782 3182 W WindowManager: updateScale : 0.79357797
03-14 03:53:46.591 782 827 I ActivityTaskManager: clear resize flag in freeform mode
03-14 03:53:46.592 782 827 W WindowManager: updateScale : 0.79357797
03-14 03:53:46.603 782 1678 W WindowManager: updateScale : 0.79357797
03-14 03:53:46.619 782 3182 W WindowManager: updateScale : 0.79357797
03-14 03:53:46.625 782 827 I ActivityTaskManager: clear resize flag in freeform mode
03-14 03:53:46.626 782 827 W WindowManager: updateScale : 0.79357797
01-01 08:03:20.875 0 0 E DTC_ETH,link_delay_work_func: 3003, SQI=0, link=0
01-01 08:03:25.991 0 0 E DTC_ETH,link_delay_work_func: 3003, SQI=0, link=0
03-14 03:53:54.998 782 872 I am_uid_idle: 10063
03-14 03:53:55.562 782 872 I am_uid_idle: 10065
01-01 08:03:31.111 0 0 E DTC_ETH,link_delay_work_func: 3003, SQI=0, link=0
01-01 08:03:36.231 0 0 E DTC_ETH,link_delay_work_func: 3003, SQI=0, link=0
01-01 08:03:41.351 0 0 E DTC_ETH,link_delay_work_func: 3003, SQI=0, link=0
01-01 08:03:46.471 0 0 E DTC_ETH,link_delay_work_func: 3003, SQI=0, link=0
01-01 08:03:51.591 0 0 E DTC_ETH,link_delay_work_func: 3003, SQI=0, link=0
01-01 08:03:56.711 0 0 E DTC_ETH,link_delay_work_func: 3003, SQI=0, link=0
01-01 08:04:01.831 0 0 E DTC_ETH,link_delay_work_func: 3003, SQI=0, link=0
01-01 08:04:06.951 0 0 E DTC_ETH,link_delay_work_func: 3003, SQI=0, link=0
01-01 08:04:12.071 0 0 E DTC_ETH,link_delay_work_func: 3003, SQI=0, link=0
03-14 03:54:39.305 782 1000 V DisplayPowerController[0]: Brightness [0.05] reason changing to: 'manual [ dim ]', previous reason: 'manual'.
03-14 03:54:39.305 782 1000 I sysui_multi_action: [757,1696,758,6,759,2]
03-14 03:54:39.306 782 1952 E DisplayDeviceConfig: requesting nits when no mapping exists.
03-14 03:54:39.306 782 1952 E DisplayDeviceConfig: requesting nits when no mapping exists.
03-14 03:54:39.306 782 872 I am_wtf : [0,782,system_server,-1,DisplayDeviceConfig,requesting nits when no mapping exists.]
03-14 03:54:39.308 782 872 I DropBoxManagerService: add tag=system_server_wtf isTagEnabled=true flags=0x2
03-14 03:54:39.309 782 872 I am_wtf : [0,782,system_server,-1,DisplayDeviceConfig,requesting nits when no mapping exists.]
03-14 03:54:39.310 782 872 I DropBoxManagerService: add tag=system_server_wtf isTagEnabled=true flags=0x2
03-14 03:54:43.765 782 1605 I input_interaction: Interaction with: 6b182e5 com.android.music/com.android.music.MusicBrowserActivity (server), edge-swipe (server), swipe-up (server), PointerEventDispatcher0 (server),
03-14 03:54:43.768 782 1000 V DisplayPowerController[0]: Brightness [1.0] reason changing to: 'manual', previous reason: 'manual [ dim ]'.
03-14 03:54:43.768 782 1000 I sysui_multi_action: [757,1696,758,6,759,3]
03-14 03:54:43.771 782 1952 E DisplayDeviceConfig: requesting nits when no mapping exists.
03-14 03:54:43.771 782 1952 E DisplayDeviceConfig: requesting nits when no mapping exists.
03-14 03:54:43.771 782 872 I am_wtf : [0,782,system_server,-1,DisplayDeviceConfig,requesting nits when no mapping exists.]
03-14 03:54:43.772 782 872 I DropBoxManagerService: add tag=system_server_wtf isTagEnabled=true flags=0x2
03-14 03:54:43.772 782 872 I am_wtf : [0,782,system_server,-1,DisplayDeviceConfig,requesting nits when no mapping exists.]
03-14 03:54:43.773 782 872 I DropBoxManagerService: add tag=system_server_wtf isTagEnabled=true flags=0x2
03-14 03:54:43.787 782 1952 E DisplayDeviceConfig: requesting nits when no mapping exists.
03-14 03:54:43.788 782 872 I am_wtf : [0,782,system_server,-1,DisplayDeviceConfig,requesting nits when no mapping exists.]
03-14 03:54:43.788 782 1952 E DisplayDeviceConfig: requesting nits when no mapping exists.
03-14 03:54:43.789 782 872 I DropBoxManagerService: add tag=system_server_wtf isTagEnabled=true flags=0x2
03-14 03:54:43.789 782 872 I am_wtf : [0,782,system_server,-1,DisplayDeviceConfig,requesting nits when no mapping exists.]
01-01 08:04:17.191 0 0 E DTC_ETH,link_delay_work_func: 3003, SQI=0, link=0
03-14 03:54:43.804 782 1952 E DisplayDeviceConfig: requesting nits when no mapping exists.
03-14 03:54:43.805 782 1952 E DisplayDeviceConfig: requesting nits when no mapping exists.
03-14 03:54:43.805 782 872 I am_wtf : [0,782,system_server,-1,DisplayDeviceConfig,requesting nits when no mapping exists.]
03-14 03:54:43.806 782 872 I am_wtf : [0,782,system_server,-1,DisplayDeviceConfig,requesting nits when no mapping exists.]
03-14 03:54:43.821 782 1952 E DisplayDeviceConfig: requesting nits when no mapping exists.
03-14 03:54:43.821 782 1952 E DisplayDeviceConfig: requesting nits when no mapping exists.
03-14 03:54:43.821 782 872 I am_wtf : [0,782,system_server,-1,DisplayDeviceConfig,requesting nits when no mapping exists.]
03-14 03:54:43.822 782 872 I am_wtf : [0,782,system_server,-1,DisplayDeviceConfig,requesting nits when no mapping exists.]
03-14 03:54:43.837 782 1952 E DisplayDeviceConfig: requesting nits when no mapping exists.
03-14 03:54:43.838 782 1952 E DisplayDeviceConfig: requesting nits when no mapping exists.
03-14 03:54:43.838 782 872 I am_wtf : [0,782,system_server,-1,DisplayDeviceConfig,requesting nits when no mapping exists.]
03-14 03:54:43.838 782 872 I am_wtf : [0,782,system_server,-1,DisplayDeviceConfig,requesting nits when no mapping exists.]
03-14 03:54:43.854 782 1952 E DisplayDeviceConfig: requesting nits when no mapping exists.
03-14 03:54:43.854 782 872 I am_wtf : [0,782,system_server,-1,DisplayDeviceConfig,requesting nits when no mapping exists.]
03-14 03:54:43.855 782 1952 E DisplayDeviceConfig: requesting nits when no mapping exists.
03-14 03:54:43.855 782 872 I am_wtf : [0,782,system_server,-1,DisplayDeviceConfig,requesting nits when no mapping exists.]
03-14 03:54:43.871 782 1952 E DisplayDeviceConfig: requesting nits when no mapping exists.
03-14 03:54:43.871 782 1952 E DisplayDeviceConfig: requesting nits when no mapping exists.
03-14 03:54:43.871 782 872 I am_wtf : [0,782,system_server,-1,DisplayDeviceConfig,requesting nits when no mapping exists.]
03-14 03:54:43.872 782 872 I am_wtf : [0,782,system_server,-1,DisplayDeviceConfig,requesting nits when no mapping exists.]
03-14 03:54:43.887 782 1952 E DisplayDeviceConfig: requesting nits when no mapping exists.
03-14 03:54:43.888 782 1952 E DisplayDeviceConfig: requesting nits when no mapping exists.
03-14 03:54:43.888 782 872 I am_wtf : [0,782,system_server,-1,DisplayDeviceConfig,requesting nits when no mapping exists.]
03-14 03:54:43.889 782 872 I am_wtf : [0,782,system_server,-1,DisplayDeviceConfig,requesting nits when no mapping exists.]
03-14 03:54:43.905 782 1952 E DisplayDeviceConfig: requesting nits when no mapping exists.
03-14 03:54:43.906 782 1952 E DisplayDeviceConfig: requesting nits when no mapping exists.
03-14 03:54:43.906 782 872 I am_wtf : [0,782,system_server,-1,DisplayDeviceConfig,requesting nits when no mapping exists.]
03-14 03:54:43.907 782 872 I am_wtf : [0,782,system_server,-1,DisplayDeviceConfig,requesting nits when no mapping exists.]
03-14 03:54:43.921 782 1952 E DisplayDeviceConfig: requesting nits when no mapping exists.
03-14 03:54:43.922 782 1952 E DisplayDeviceConfig: requesting nits when no mapping exists.
03-14 03:54:43.922 782 872 I am_wtf : [0,782,system_server,-1,DisplayDeviceConfig,requesting nits when no mapping exists.]
03-14 03:54:43.923 782 872 I am_wtf : [0,782,system_server,-1,DisplayDeviceConfig,requesting nits when no mapping exists.]
03-14 03:54:43.938 782 1952 E DisplayDeviceConfig: requesting nits when no mapping exists.
03-14 03:54:43.938 782 1952 E DisplayDeviceConfig: requesting nits when no mapping exists.
03-14 03:54:43.938 782 872 I am_wtf : [0,782,system_server,-1,DisplayDeviceConfig,requesting nits when no mapping exists.]
03-14 03:54:43.939 782 872 I am_wtf : [0,782,system_server,-1,DisplayDeviceConfig,requesting nits when no mapping exists.]
03-14 03:54:43.954 782 1952 E DisplayDeviceConfig: requesting nits when no mapping exists.
03-14 03:54:43.955 782 1952 E DisplayDeviceConfig: requesting nits when no mapping exists.
03-14 03:54:43.955 782 872 I am_wtf : [0,782,system_server,-1,DisplayDeviceConfig,requesting nits when no mapping exists.]
03-14 03:54:43.956 782 872 I am_wtf : [0,782,system_server,-1,DisplayDeviceConfig,requesting nits when no mapping exists.]
03-14 03:54:43.971 782 1952 E DisplayDeviceConfig: requesting nits when no mapping exists.
03-14 03:54:43.971 782 1952 E DisplayDeviceConfig: requesting nits when no mapping exists.
03-14 03:54:43.971 782 872 I am_wtf : [0,782,system_server,-1,DisplayDeviceConfig,requesting nits when no mapping exists.]
03-14 03:54:43.972 782 872 I am_wtf : [0,782,system_server,-1,DisplayDeviceConfig,requesting nits when no mapping exists.]
03-14 03:54:43.989 782 1952 E DisplayDeviceConfig: requesting nits when no mapping exists.
03-14 03:54:43.989 782 1952 E DisplayDeviceConfig: requesting nits when no mapping exists.
03-14 03:54:43.989 782 872 I am_wtf : [0,782,system_server,-1,DisplayDeviceConfig,requesting nits when no mapping exists.]
03-14 03:54:43.990 782 872 I am_wtf : [0,782,system_server,-1,DisplayDeviceConfig,requesting nits when no mapping exists.]
03-14 03:54:43.995 782 782 I service_manager_stats: [100,35,115011]
03-14 03:54:44.005 782 1952 E DisplayDeviceConfig: requesting nits when no mapping exists.
03-14 03:54:44.005 782 1952 E DisplayDeviceConfig: requesting nits when no mapping exists.
03-14 03:54:44.005 782 872 I am_wtf : [0,782,system_server,-1,DisplayDeviceConfig,requesting nits when no mapping exists.]
03-14 03:54:44.006 782 872 I am_wtf : [0,782,system_server,-1,DisplayDeviceConfig,requesting nits when no mapping exists.]
03-14 03:54:44.021 782 1952 E DisplayDeviceConfig: requesting nits when no mapping exists.
03-14 03:54:44.022 782 1952 E DisplayDeviceConfig: requesting nits when no mapping exists.
03-14 03:54:44.022 782 872 I am_wtf : [0,782,system_server,-1,DisplayDeviceConfig,requesting nits when no mapping exists.]
03-14 03:54:44.023 782 872 I am_wtf : [0,782,system_server,-1,DisplayDeviceConfig,requesting nits when no mapping exists.]
03-14 03:54:44.038 782 1952 E DisplayDeviceConfig: requesting nits when no mapping exists.
03-14 03:54:44.038 782 1952 E DisplayDeviceConfig: requesting nits when no mapping exists.
03-14 03:54:44.038 782 872 I am_wtf : [0,782,system_server,-1,DisplayDeviceConfig,requesting nits when no mapping exists.]
03-14 03:54:44.039 782 872 I am_wtf : [0,782,system_server,-1,DisplayDeviceConfig,requesting nits when no mapping exists.]
03-14 03:54:44.055 782 1952 E DisplayDeviceConfig: requesting nits when no mapping exists.
03-14 03:54:44.055 782 872 I am_wtf : [0,782,system_server,-1,DisplayDeviceConfig,requesting nits when no mapping exists.]
03-14 03:54:44.055 782 1952 E DisplayDeviceConfig: requesting nits when no mapping exists.
03-14 03:54:44.056 782 872 I am_wtf : [0,782,system_server,-1,DisplayDeviceConfig,requesting nits when no mapping exists.]
03-14 03:54:44.071 782 1952 E DisplayDeviceConfig: requesting nits when no mapping exists.
03-14 03:54:44.072 782 1952 E DisplayDeviceConfig: requesting nits when no mapping exists.
03-14 03:54:44.072 782 872 I am_wtf : [0,782,system_server,-1,DisplayDeviceConfig,requesting nits when no mapping exists.]
03-14 03:54:44.073 782 872 I am_wtf : [0,782,system_server,-1,DisplayDeviceConfig,requesting nits when no mapping exists.]
03-14 03:54:44.088 782 1952 E DisplayDeviceConfig: requesting nits when no mapping exists.
03-14 03:54:44.089 782 1952 E DisplayDeviceConfig: requesting nits when no mapping exists.
03-14 03:54:44.089 782 872 I am_wtf : [0,782,system_server,-1,DisplayDeviceConfig,requesting nits when no mapping exists.]
03-14 03:54:44.090 782 872 I am_wtf : [0,782,system_server,-1,DisplayDeviceConfig,requesting nits when no mapping exists.]
03-14 03:54:44.105 782 1952 E DisplayDeviceConfig: requesting nits when no mapping exists.
03-14 03:54:44.105 782 1952 E DisplayDeviceConfig: requesting nits when no mapping exists.
03-14 03:54:44.105 782 872 I am_wtf : [0,782,system_server,-1,DisplayDeviceConfig,requesting nits when no mapping exists.]
03-14 03:54:44.106 782 872 I am_wtf : [0,782,system_server,-1,DisplayDeviceConfig,requesting nits when no mapping exists.]
03-14 03:54:44.121 782 1952 E DisplayDeviceConfig: requesting nits when no mapping exists.
03-14 03:54:44.122 782 1952 E DisplayDeviceConfig: requesting nits when no mapping exists.
03-14 03:54:44.122 782 872 I am_wtf : [0,782,system_server,-1,DisplayDeviceConfig,requesting nits when no mapping exists.]
03-14 03:54:44.123 782 872 I am_wtf : [0,782,system_server,-1,DisplayDeviceConfig,requesting nits when no mapping exists.]
03-14 03:54:44.138 782 1952 E DisplayDeviceConfig: requesting nits when no mapping exists.
03-14 03:54:44.139 782 1952 E DisplayDeviceConfig: requesting nits when no mapping exists.
03-14 03:54:44.139 782 872 I am_wtf : [0,782,system_server,-1,DisplayDeviceConfig,requesting nits when no mapping exists.]
03-14 03:54:44.140 782 872 I am_wtf : [0,782,system_server,-1,DisplayDeviceConfig,requesting nits when no mapping exists.]
03-14 03:54:44.155 782 1952 E DisplayDeviceConfig: requesting nits when no mapping exists.
03-14 03:54:44.155 782 1952 E DisplayDeviceConfig: requesting nits when no mapping exists.
03-14 03:54:44.156 782 872 I am_wtf : [0,782,system_server,-1,DisplayDeviceConfig,requesting nits when no mapping exists.]
03-14 03:54:44.156 782 872 I am_wtf : [0,782,system_server,-1,DisplayDeviceConfig,requesting nits when no mapping exists.]
03-14 03:54:44.172 782 1952 E DisplayDeviceConfig: requesting nits when no mapping exists.
03-14 03:54:44.172 782 1952 E DisplayDeviceConfig: requesting nits when no mapping exists.
03-14 03:54:44.172 782 872 I am_wtf : [0,782,system_server,-1,DisplayDeviceConfig,requesting nits when no mapping exists.]
03-14 03:54:44.173 782 872 I am_wtf : [0,782,system_server,-1,DisplayDeviceConfig,requesting nits when no mapping exists.]
03-14 03:54:44.188 782 1952 E DisplayDeviceConfig: requesting nits when no mapping exists.
03-14 03:54:44.188 782 1952 E DisplayDeviceConfig: requesting nits when no mapping exists.
03-14 03:54:44.188 782 872 I am_wtf : [0,782,system_server,-1,DisplayDeviceConfig,requesting nits when no mapping exists.]
03-14 03:54:44.189 782 872 I am_wtf : [0,782,system_server,-1,DisplayDeviceConfig,requesting nits when no mapping exists.]
03-14 03:54:44.205 782 1952 E DisplayDeviceConfig: requesting nits when no mapping exists.
03-14 03:54:44.205 782 1952 E DisplayDeviceConfig: requesting nits when no mapping exists.
03-14 03:54:44.205 782 872 I am_wtf : [0,782,system_server,-1,DisplayDeviceConfig,requesting nits when no mapping exists.]
03-14 03:54:44.206 782 872 I am_wtf : [0,782,system_server,-1,DisplayDeviceConfig,requesting nits when no mapping exists.]
03-14 03:54:44.222 782 1952 E DisplayDeviceConfig: requesting nits when no mapping exists.
03-14 03:54:44.222 782 1952 E DisplayDeviceConfig: requesting nits when no mapping exists.
03-14 03:54:44.223 782 872 I am_wtf : [0,782,system_server,-1,DisplayDeviceConfig,requesting nits when no mapping exists.]
03-14 03:54:44.223 782 872 I am_wtf : [0,782,system_server,-1,DisplayDeviceConfig,requesting nits when no mapping exists.]
03-14 03:54:44.242 782 1952 E DisplayDeviceConfig: requesting nits when no mapping exists.
03-14 03:54:44.242 782 1952 E DisplayDeviceConfig: requesting nits when no mapping exists.
03-14 03:54:44.242 782 872 I am_wtf : [0,782,system_server,-1,DisplayDeviceConfig,requesting nits when no mapping exists.]
03-14 03:54:44.243 782 872 I am_wtf : [0,782,system_server,-1,DisplayDeviceConfig,requesting nits when no mapping exists.]
03-14 03:54:44.248 3694 3694 I view_enqueue_input_event: [Motion - Cancel,com.android.music/com.android.music.MusicBrowserActivity]
03-14 03:54:44.260 782 1952 E DisplayDeviceConfig: requesting nits when no mapping exists.
03-14 03:54:44.260 782 1952 E DisplayDeviceConfig: requesting nits when no mapping exists.
03-14 03:54:44.260 782 872 I am_wtf : [0,782,system_server,-1,DisplayDeviceConfig,requesting nits when no mapping exists.]
03-14 03:54:44.262 782 872 I am_wtf : [0,782,system_server,-1,DisplayDeviceConfig,requesting nits when no mapping exists.]
03-14 03:54:44.268 782 1952 E DisplayDeviceConfig: requesting nits when no mapping exists.
03-14 03:54:44.268 782 1952 E DisplayDeviceConfig: requesting nits when no mapping exists.
03-14 03:54:44.269 782 872 I am_wtf : [0,782,system_server,-1,DisplayDeviceConfig,requesting nits when no mapping exists.]
03-14 03:54:44.269 782 872 I am_wtf : [0,782,system_server,-1,DisplayDeviceConfig,requesting nits when no mapping exists.]
03-14 03:54:44.283 782 1605 I input_interaction: Interaction with: WindowManager (server), edge-swipe (server), swipe-up (server), PointerEventDispatcher0 (server),
03-14 03:54:44.284 782 1952 E DisplayDeviceConfig: requesting nits when no mapping exists.
03-14 03:54:44.285 782 1952 E DisplayDeviceConfig: requesting nits when no mapping exists.
03-14 03:54:44.285 782 872 I am_wtf : [0,782,system_server,-1,DisplayDeviceConfig,requesting nits when no mapping exists.]
03-14 03:54:44.285 782 872 I am_wtf : [0,782,system_server,-1,DisplayDeviceConfig,requesting nits when no mapping exists.]
03-14 03:54:44.289 782 826 D FreeFormWindowHelper: refreshTipWindow mTipWindowTitle : freeform_top_right_tip_window
03-14 03:54:44.290 782 826 I ActivityTaskManager: clear resize flag in freeform mode
03-14 03:54:44.290 782 826 W WindowManager: updateScale : 0.79357797
03-14 03:54:44.308 782 1952 E DisplayDeviceConfig: requesting nits when no mapping exists.
03-14 03:54:44.308 782 1952 E DisplayDeviceConfig: requesting nits when no mapping exists.
03-14 03:54:44.309 782 872 I am_wtf : [0,782,system_server,-1,DisplayDeviceConfig,requesting nits when no mapping exists.]
03-14 03:54:44.310 782 3182 W WindowManager: updateScale : 0.79357797
03-14 03:54:44.310 782 872 I am_wtf : [0,782,system_server,-1,DisplayDeviceConfig,requesting nits when no mapping exists.]
03-14 03:54:44.324 782 1952 E DisplayDeviceConfig: requesting nits when no mapping exists.
03-14 03:54:44.325 782 1952 E DisplayDeviceConfig: requesting nits when no mapping exists.
03-14 03:54:44.325 782 872 I am_wtf : [0,782,system_server,-1,DisplayDeviceConfig,requesting nits when no mapping exists.]
03-14 03:54:44.330 782 872 I am_wtf : [0,782,system_server,-1,DisplayDeviceConfig,requesting nits when no mapping exists.]
03-14 03:54:44.331 782 826 W WindowManager: updateScale : 0.79357797
03-14 03:54:44.341 782 1952 E DisplayDeviceConfig: requesting nits when no mapping exists.
03-14 03:54:44.341 782 1952 E DisplayDeviceConfig: requesting nits when no mapping exists.
03-14 03:54:44.341 782 872 I am_wtf : [0,782,system_server,-1,DisplayDeviceConfig,requesting nits when no mapping exists.]
03-14 03:54:44.342 782 872 I am_wtf : [0,782,system_server,-1,DisplayDeviceConfig,requesting nits when no mapping exists.]
03-14 03:54:44.358 782 1952 E DisplayDeviceConfig: requesting nits when no mapping exists.
03-14 03:54:44.358 782 1952 E DisplayDeviceConfig: requesting nits when no mapping exists.
03-14 03:54:44.358 782 872 I am_wtf : [0,782,system_server,-1,DisplayDeviceConfig,requesting nits when no mapping exists.]
03-14 03:54:44.359 782 872 I am_wtf : [0,782,system_server,-1,DisplayDeviceConfig,requesting nits when no mapping exists.]
03-14 03:54:44.375 782 1952 E DisplayDeviceConfig: requesting nits when no mapping exists.
03-14 03:54:44.375 782 1952 E DisplayDeviceConfig: requesting nits when no mapping exists.
03-14 03:54:44.375 782 872 I am_wtf : [0,782,system_server,-1,DisplayDeviceConfig,requesting nits when no mapping exists.]
03-14 03:54:44.376 782 872 I am_wtf : [0,782,system_server,-1,DisplayDeviceConfig,requesting nits when no mapping exists.]
03-14 03:54:44.391 782 1952 E DisplayDeviceConfig: requesting nits when no mapping exists.
03-14 03:54:44.392 782 1952 E DisplayDeviceConfig: requesting nits when no mapping exists.
03-14 03:54:44.392 782 872 I am_wtf : [0,782,system_server,-1,DisplayDeviceConfig,requesting nits when no mapping exists.]
03-14 03:54:44.392 782 872 I am_wtf : [0,782,system_server,-1,DisplayDeviceConfig,requesting nits when no mapping exists.]
03-14 03:54:44.408 782 1952 E DisplayDeviceConfig: requesting nits when no mapping exists.
03-14 03:54:44.409 782 1952 E DisplayDeviceConfig: requesting nits when no mapping exists.
03-14 03:54:44.409 782 872 I am_wtf : [0,782,system_server,-1,DisplayDeviceConfig,requesting nits when no mapping exists.]
03-14 03:54:44.410 782 872 I am_wtf : [0,782,system_server,-1,DisplayDeviceConfig,requesting nits when no mapping exists.]
03-14 03:54:44.425 782 1952 E DisplayDeviceConfig: requesting nits when no mapping exists.
03-14 03:54:44.425 782 872 I am_wtf : [0,782,system_server,-1,DisplayDeviceConfig,requesting nits when no mapping exists.]
03-14 03:54:44.425 782 1952 E DisplayDeviceConfig: requesting nits when no mapping exists.
03-14 03:54:44.426 782 872 I am_wtf : [0,782,system_server,-1,DisplayDeviceConfig,requesting nits when no mapping exists.]
03-14 03:54:44.442 782 1952 E DisplayDeviceConfig: requesting nits when no mapping exists.
03-14 03:54:44.442 782 872 I am_wtf : [0,782,system_server,-1,DisplayDeviceConfig,requesting nits when no mapping exists.]
03-14 03:54:44.442 782 1952 E DisplayDeviceConfig: requesting nits when no mapping exists.
03-14 03:54:44.443 782 872 I am_wtf : [0,782,system_server,-1,DisplayDeviceConfig,requesting nits when no mapping exists.]
03-14 03:54:44.458 782 1952 E DisplayDeviceConfig: requesting nits when no mapping exists.
03-14 03:54:44.459 782 872 I am_wtf : [0,782,system_server,-1,DisplayDeviceConfig,requesting nits when no mapping exists.]
03-14 03:54:44.459 782 1952 E DisplayDeviceConfig: requesting nits when no mapping exists.
03-14 03:54:44.459 782 872 I am_wtf : [0,782,system_server,-1,DisplayDeviceConfig,requesting nits when no mapping exists.]
03-14 03:54:44.475 782 1952 E DisplayDeviceConfig: requesting nits when no mapping exists.
03-14 03:54:44.476 782 872 I am_wtf : [0,782,system_server,-1,DisplayDeviceConfig,requesting nits when no mapping exists.]
03-14 03:54:44.476 782 1952 E DisplayDeviceConfig: requesting nits when no mapping exists.
03-14 03:54:44.476 782 872 I am_wtf : [0,782,system_server,-1,DisplayDeviceConfig,requesting nits when no mapping exists.]
03-14 03:54:44.492 782 1952 E DisplayDeviceConfig: requesting nits when no mapping exists.
03-14 03:54:44.492 782 1952 E DisplayDeviceConfig: requesting nits when no mapping exists.
03-14 03:54:44.492 782 872 I am_wtf : [0,782,system_server,-1,DisplayDeviceConfig,requesting nits when no mapping exists.]
03-14 03:54:44.493 782 872 I am_wtf : [0,782,system_server,-1,DisplayDeviceConfig,requesting nits when no mapping exists.]
03-14 03:54:44.509 782 1952 E DisplayDeviceConfig: requesting nits when no mapping exists.
03-14 03:54:44.509 782 872 I am_wtf : [0,782,system_server,-1,DisplayDeviceConfig,requesting nits when no mapping exists.]
03-14 03:54:44.509 782 1952 E DisplayDeviceConfig: requesting nits when no mapping exists.
03-14 03:54:44.510 782 872 I am_wtf : [0,782,system_server,-1,DisplayDeviceConfig,requesting nits when no mapping exists.]
03-14 03:54:44.525 782 1952 E DisplayDeviceConfig: requesting nits when no mapping exists.
03-14 03:54:44.525 782 872 I am_wtf : [0,782,system_server,-1,DisplayDeviceConfig,requesting nits when no mapping exists.]
03-14 03:54:44.526 782 1952 E DisplayDeviceConfig: requesting nits when no mapping exists.
03-14 03:54:44.526 782 872 I am_wtf : [0,782,system_server,-1,DisplayDeviceConfig,requesting nits when no mapping exists.]
03-14 03:54:44.542 782 1952 E DisplayDeviceConfig: requesting nits when no mapping exists.
03-14 03:54:44.542 782 872 I am_wtf : [0,782,system_server,-1,DisplayDeviceConfig,requesting nits when no mapping exists.]
03-14 03:54:44.542 782 1952 E DisplayDeviceConfig: requesting nits when no mapping exists.
03-14 03:54:44.543 782 872 I am_wtf : [0,782,system_server,-1,DisplayDeviceConfig,requesting nits when no mapping exists.]
03-14 03:54:44.558 782 1952 E DisplayDeviceConfig: requesting nits when no mapping exists.
03-14 03:54:44.559 782 872 I am_wtf : [0,782,system_server,-1,DisplayDeviceConfig,requesting nits when no mapping exists.]
03-14 03:54:44.559 782 1952 E DisplayDeviceConfig: requesting nits when no mapping exists.
03-14 03:54:44.559 782 872 I am_wtf : [0,782,system_server,-1,DisplayDeviceConfig,requesting nits when no mapping exists.]
03-14 03:54:44.575 782 1952 E DisplayDeviceConfig: requesting nits when no mapping exists.
03-14 03:54:44.576 782 1952 E DisplayDeviceConfig: requesting nits when no mapping exists.
03-14 03:54:44.576 782 872 I am_wtf : [0,782,system_server,-1,DisplayDeviceConfig,requesting nits when no mapping exists.]
03-14 03:54:44.576 782 872 I am_wtf : [0,782,system_server,-1,DisplayDeviceConfig,requesting nits when no mapping exists.]
03-14 03:54:44.592 782 1952 E DisplayDeviceConfig: requesting nits when no mapping exists.
03-14 03:54:44.592 782 872 I am_wtf : [0,782,system_server,-1,DisplayDeviceConfig,requesting nits when no mapping exists.]
03-14 03:54:44.592 782 1952 E DisplayDeviceConfig: requesting nits when no mapping exists.
03-14 03:54:44.593 782 872 I am_wtf : [0,782,system_server,-1,DisplayDeviceConfig,requesting nits when no mapping exists.]
03-14 03:54:44.609 782 1952 E DisplayDeviceConfig: requesting nits when no mapping exists.
03-14 03:54:44.609 782 872 I am_wtf : [0,782,system_server,-1,DisplayDeviceConfig,requesting nits when no mapping exists.]
03-14 03:54:44.611 782 1952 E DisplayDeviceConfig: requesting nits when no mapping exists.
03-14 03:54:44.612 782 872 I am_wtf : [0,782,system_server,-1,DisplayDeviceConfig,requesting nits when no mapping exists.]
03-14 03:54:44.626 782 1952 E DisplayDeviceConfig: requesting nits when no mapping exists.
03-14 03:54:44.626 782 872 I am_wtf : [0,782,system_server,-1,DisplayDeviceConfig,requesting nits when no mapping exists.]
03-14 03:54:44.626 782 1952 E DisplayDeviceConfig: requesting nits when no mapping exists.
03-14 03:54:44.626 782 872 I am_wtf : [0,782,system_server,-1,DisplayDeviceConfig,requesting nits when no mapping exists.]
03-14 03:54:44.642 782 1952 E DisplayDeviceConfig: requesting nits when no mapping exists.
03-14 03:54:44.643 782 872 I am_wtf : [0,782,system_server,-1,DisplayDeviceConfig,requesting nits when no mapping exists.]
03-14 03:54:44.643 782 1952 E DisplayDeviceConfig: requesting nits when no mapping exists.
03-14 03:54:44.644 782 872 I am_wtf : [0,782,system_server,-1,DisplayDeviceConfig,requesting nits when no mapping exists.]
03-14 03:54:44.659 782 1952 E DisplayDeviceConfig: requesting nits when no mapping exists.
03-14 03:54:44.659 782 1952 E DisplayDeviceConfig: requesting nits when no mapping exists.
03-14 03:54:44.659 782 872 I am_wtf : [0,782,system_server,-1,DisplayDeviceConfig,requesting nits when no mapping exists.]
03-14 03:54:44.660 782 872 I am_wtf : [0,782,system_server,-1,DisplayDeviceConfig,requesting nits when no mapping exists.]
03-14 03:54:44.676 782 1952 E DisplayDeviceConfig: requesting nits when no mapping exists.
03-14 03:54:44.676 782 1952 E DisplayDeviceConfig: requesting nits when no mapping exists.
03-14 03:54:44.676 782 872 I am_wtf : [0,782,system_server,-1,DisplayDeviceConfig,requesting nits when no mapping exists.]
03-14 03:54:44.677 782 872 I am_wtf : [0,782,system_server,-1,DisplayDeviceConfig,requesting nits when no mapping exists.]
03-14 03:54:44.692 782 1952 E DisplayDeviceConfig: requesting nits when no mapping exists.
03-14 03:54:44.693 782 1952 E DisplayDeviceConfig: requesting nits when no mapping exists.
03-14 03:54:44.693 782 872 I am_wtf : [0,782,system_server,-1,DisplayDeviceConfig,requesting nits when no mapping exists.]
03-14 03:54:44.693 782 872 I am_wtf : [0,782,system_server,-1,DisplayDeviceConfig,requesting nits when no mapping exists.]
03-14 03:54:44.709 782 1952 E DisplayDeviceConfig: requesting nits when no mapping exists.
03-14 03:54:44.709 782 1952 E DisplayDeviceConfig: requesting nits when no mapping exists.
03-14 03:54:44.710 782 872 I am_wtf : [0,782,system_server,-1,DisplayDeviceConfig,requesting nits when no mapping exists.]
03-14 03:54:44.710 782 872 I am_wtf : [0,782,system_server,-1,DisplayDeviceConfig,requesting nits when no mapping exists.]
03-14 03:54:44.726 782 1952 E DisplayDeviceConfig: requesting nits when no mapping exists.
03-14 03:54:44.726 782 1952 E DisplayDeviceConfig: requesting nits when no mapping exists.
03-14 03:54:44.726 782 872 I am_wtf : [0,782,system_server,-1,DisplayDeviceConfig,requesting nits when no mapping exists.]
03-14 03:54:44.726 782 872 I am_wtf : [0,782,system_server,-1,DisplayDeviceConfig,requesting nits when no mapping exists.]
03-14 03:54:44.731 782 826 D FreeFormWindowHelper: refreshTipWindow mTipWindowTitle : freeform_top_right_tip_window
03-14 03:54:44.732 782 826 I ActivityTaskManager: clear resize flag in freeform mode
03-14 03:54:44.732 782 826 W WindowManager: updateScale : 0.79357797
03-14 03:54:44.780 782 826 D FreeFormWindowHelper: refreshTipWindow mTipWindowTitle : freeform_top_right_tip_window
03-14 03:54:44.781 782 826 I ActivityTaskManager: clear resize flag in freeform mode
03-14 03:54:44.782 782 826 W WindowManager: updateScale : 0.79357797
03-14 03:54:44.794 782 1678 W WindowManager: updateScale : 0.79357797
03-14 03:54:44.813 782 826 D FreeFormWindowHelper: refreshTipWindow mTipWindowTitle : freeform_top_right_tip_window
03-14 03:54:44.814 782 826 I ActivityTaskManager: clear resize flag in freeform mode
03-14 03:54:44.815 782 826 W WindowManager: updateScale : 0.79357797
03-14 03:54:44.827 782 797 W WindowManager: updateScale : 0.79357797
03-14 03:54:44.980 782 826 D FreeFormWindowHelper: refreshTipWindow mTipWindowTitle : freeform_top_right_tip_window
03-14 03:54:44.982 782 826 I ActivityTaskManager: clear resize flag in freeform mode
03-14 03:54:44.983 782 826 W WindowManager: updateScale : 0.79357797
03-14 03:54:45.014 782 826 D FreeFormWindowHelper: refreshTipWindow mTipWindowTitle : freeform_top_right_tip_window
03-14 03:54:45.015 782 826 I ActivityTaskManager: clear resize flag in freeform mode
03-14 03:54:45.016 782 826 W WindowManager: updateScale : 0.79357797
03-14 03:54:45.031 782 826 D FreeFormWindowHelper: refreshTipWindow mTipWindowTitle : freeform_top_right_tip_window
03-14 03:54:45.031 782 826 I ActivityTaskManager: clear resize flag in freeform mode
03-14 03:54:45.032 782 826 W WindowManager: updateScale : 0.79357797
03-14 03:54:45.131 782 826 D FreeFormWindowHelper: refreshTipWindow mTipWindowTitle : freeform_top_right_tip_window
03-14 03:54:45.132 782 826 I ActivityTaskManager: clear resize flag in freeform mode
03-14 03:54:45.133 782 826 W WindowManager: updateScale : 0.79357797
03-14 03:54:45.148 782 826 D FreeFormWindowHelper: refreshTipWindow mTipWindowTitle : freeform_top_right_tip_window
03-14 03:54:45.148 782 826 I ActivityTaskManager: clear resize flag in freeform mode
03-14 03:54:45.149 782 826 W WindowManager: updateScale : 0.79357797
03-14 03:54:45.181 782 826 D FreeFormWindowHelper: refreshTipWindow mTipWindowTitle : freeform_top_right_tip_window
03-14 03:54:45.182 782 826 I ActivityTaskManager: clear resize flag in freeform mode
03-14 03:54:45.183 782 826 W WindowManager: updateScale : 0.79357797
03-14 03:54:45.195 782 2149 W WindowManager: updateScale : 0.79357797
03-14 03:54:45.198 782 826 D FreeFormWindowHelper: refreshTipWindow mTipWindowTitle : freeform_top_right_tip_window
03-14 03:54:45.199 782 826 I ActivityTaskManager: clear resize flag in freeform mode
03-14 03:54:45.200 782 826 W WindowManager: updateScale : 0.79357797
03-14 03:54:45.212 782 1678 W WindowManager: updateScale : 0.79357797
03-14 03:54:45.214 782 826 D FreeFormWindowHelper: refreshTipWindow mTipWindowTitle : freeform_top_right_tip_window
03-14 03:54:45.215 782 826 I ActivityTaskManager: clear resize flag in freeform mode
03-14 03:54:45.215 782 826 W WindowManager: updateScale : 0.79357797
03-14 03:54:45.228 782 1678 W WindowManager: updateScale : 0.79357797
03-14 03:54:45.231 782 826 D FreeFormWindowHelper: refreshTipWindow mTipWindowTitle : freeform_top_right_tip_window
03-14 03:54:45.232 782 826 I ActivityTaskManager: clear resize flag in freeform mode
03-14 03:54:45.232 782 826 W WindowManager: updateScale : 0.79357797
03-14 03:54:45.261 782 1678 W WindowManager: updateScale : 0.79357797
03-14 03:54:45.281 782 826 D FreeFormWindowHelper: refreshTipWindow mTipWindowTitle : freeform_top_right_tip_window
03-14 03:54:45.282 782 826 I ActivityTaskManager: clear resize flag in freeform mode
03-14 03:54:45.282 782 826 W WindowManager: updateScale : 0.79357797
03-14 03:54:45.349 782 826 D FreeFormWindowHelper: refreshTipWindow mTipWindowTitle : freeform_top_right_tip_window
03-14 03:54:45.350 782 826 I ActivityTaskManager: clear resize flag in freeform mode
03-14 03:54:45.350 782 826 W WindowManager: updateScale : 0.79357797
03-14 03:54:45.363 782 1678 W WindowManager: updateScale : 0.79357797
03-14 03:54:45.384 782 826 D WindowManager: updateWindowDragBounds: mIsSwipeYfalse
03-14 03:54:45.384 782 826 D WindowManager: updateWindowDragBounds: mIsTopfalse
03-14 03:54:45.415 782 827 I ActivityTaskManager: clear resize flag in freeform mode
03-14 03:54:45.416 782 827 W WindowManager: updateScale : 0.7308869
03-14 03:54:45.417 782 827 W WindowManager: updateScale : 0.7308869
03-14 03:54:45.420 782 1678 W ActivityManager: Receiver with filter android.content.IntentFilter@4f0eef6 already registered for pid 3694, callerPackage is com.android.music
03-14 03:54:45.429 782 1678 W WindowManager: updateScale : 0.7308869
03-14 03:54:45.432 782 827 I ActivityTaskManager: clear resize flag in freeform mode
03-14 03:54:45.433 782 827 W WindowManager: updateScale : 0.67431194
03-14 03:54:45.445 782 1678 W ActivityManager: Receiver with filter android.content.IntentFilter@ba8e2f7 already registered for pid 3694, callerPackage is com.android.music
03-14 03:54:45.449 782 827 I ActivityTaskManager: clear resize flag in freeform mode
03-14 03:54:45.449 782 827 W WindowManager: updateScale : 0.6284404
03-14 03:54:45.465 782 827 I ActivityTaskManager: clear resize flag in freeform mode
03-14 03:54:45.466 782 827 W WindowManager: updateScale : 0.5902141
03-14 03:54:45.482 782 827 I ActivityTaskManager: clear resize flag in freeform mode
03-14 03:54:45.482 782 827 W WindowManager: updateScale : 0.56116205
03-14 03:54:45.489 782 1678 W ActivityManager: Receiver with filter android.content.IntentFilter@34e3a3d already registered for pid 3694, callerPackage is com.android.music
03-14 03:54:45.490 782 1678 W WindowManager: updateScale : 0.56116205
03-14 03:54:45.495 782 830 I am_pss : [4407,10074,com.android.launcher3,149307392,134103040,0,293470208,0,2,12]
03-14 03:54:45.496 782 1699 I GameModeConfig: isGameModeOn = false
03-14 03:54:45.496 782 1699 I GameModeConfig: isGameModeOn = false
03-14 03:54:45.496 782 1699 I GameModeConfig: isGameModeOn = false
03-14 03:54:45.496 782 1699 I GameModeConfig: isGameModeOn = false
03-14 03:54:45.496 782 1699 I GameModeConfig: isGameModeOn = false
03-14 03:54:45.497 782 782 I notification_enqueue: [10086,3694,com.android.music,1,NULL,0,Notification(channel=Channel-music shortcut=null contentView=null vibrate=null sound=null defaults=0x0 flags=0x40 color=0x00000000 category=transport actions=4 vis=PRIVATE),1]
03-14 03:54:45.498 782 782 I notification_enqueue: [10086,3694,com.android.music,1,NULL,0,Notification(channel=Channel-music shortcut=null contentView=null vibrate=null sound=null defaults=0x0 flags=0x40 color=0x00000000 category=transport actions=4 vis=PRIVATE),1]
03-14 03:54:45.499 782 827 I ActivityTaskManager: clear resize flag in freeform mode
03-14 03:54:45.499 782 827 W WindowManager: updateScale : 0.5351682
03-14 03:54:45.508 782 830 I am_pss : [3694,10086,com.android.music,58784768,52527104,0,178905088,0,2,8]
03-14 03:54:45.511 782 1678 W ActivityManager: Receiver with filter android.content.IntentFilter@8b85a71 already registered for pid 3694, callerPackage is com.android.music
03-14 03:54:45.512 782 1678 W WindowManager: updateScale : 0.5351682
03-14 03:54:45.516 782 827 I ActivityTaskManager: clear resize flag in freeform mode
03-14 03:54:45.516 782 827 W WindowManager: updateScale : 0.5152905
03-14 03:54:45.517 782 1678 W ActivityManager: Receiver with filter android.content.IntentFilter@6732056 already registered for pid 3694, callerPackage is com.android.music
03-14 03:54:45.527 782 1678 W WindowManager: updateScale : 0.5152905
03-14 03:54:45.532 782 827 I ActivityTaskManager: clear resize flag in freeform mode
03-14 03:54:45.532 782 827 W WindowManager: updateScale : 0.5
03-14 03:54:45.533 782 2144 W ActivityManager: Receiver with filter android.content.IntentFilter@f5de42e already registered for pid 3694, callerPackage is com.android.music
03-14 03:54:45.544 782 2144 W WindowManager: updateScale : 0.5
03-14 03:54:45.549 782 827 I ActivityTaskManager: clear resize flag in freeform mode
03-14 03:54:45.549 782 827 W WindowManager: updateScale : 0.48776758
03-14 03:54:45.561 782 2144 W WindowManager: updateScale : 0.48776758
03-14 03:54:45.566 782 827 I ActivityTaskManager: clear resize flag in freeform mode
03-14 03:54:45.567 782 827 W WindowManager: updateScale : 0.47859326
03-14 03:54:45.569 782 2144 W ActivityManager: Receiver with filter android.content.IntentFilter@e69f5c7 already registered for pid 3694, callerPackage is com.android.music
03-14 03:54:45.577 782 2144 W WindowManager: updateScale : 0.47859326
03-14 03:54:45.583 782 827 I ActivityTaskManager: clear resize flag in freeform mode
03-14 03:54:45.583 782 827 W WindowManager: updateScale : 0.47247708
03-14 03:54:45.589 782 2144 W ActivityManager: Receiver with filter android.content.IntentFilter@aea77f4 already registered for pid 3694, callerPackage is com.android.music
03-14 03:54:45.595 782 2144 W WindowManager: updateScale : 0.47247708
03-14 03:54:45.599 782 827 I ActivityTaskManager: clear resize flag in freeform mode
03-14 03:54:45.600 782 827 W WindowManager: updateScale : 0.46636087
03-14 03:54:45.606 782 2144 W ActivityManager: Receiver with filter android.content.IntentFilter@1199b1d already registered for pid 3694, callerPackage is com.android.music
03-14 03:54:45.611 782 2144 W WindowManager: updateScale : 0.46636087
03-14 03:54:45.616 782 827 I ActivityTaskManager: clear resize flag in freeform mode
03-14 03:54:45.616 782 827 W WindowManager: updateScale : 0.46330276
03-14 03:54:45.623 782 2144 W ActivityManager: Receiver with filter android.content.IntentFilter@a981192 already registered for pid 3694, callerPackage is com.android.music
03-14 03:54:45.628 782 2144 W WindowManager: updateScale : 0.46330276
03-14 03:54:45.632 782 827 I ActivityTaskManager: clear resize flag in freeform mode
03-14 03:54:45.633 782 827 W WindowManager: updateScale : 0.46024466
03-14 03:54:45.640 782 797 W ActivityManager: Receiver with filter android.content.IntentFilter@1062763 already registered for pid 3694, callerPackage is com.android.music
03-14 03:54:45.645 782 797 W WindowManager: updateScale : 0.46024466
03-14 03:54:45.650 782 827 I ActivityTaskManager: clear resize flag in freeform mode
03-14 03:54:45.650 782 827 W WindowManager: updateScale : 0.4587156
03-14 03:54:45.667 782 827 I ActivityTaskManager: clear resize flag in freeform mode
03-14 03:54:45.668 782 827 W WindowManager: updateScale : 0.45718655
03-14 03:54:45.682 782 797 W ActivityManager: Receiver with filter android.content.IntentFilter@ca77a78 already registered for pid 3694, callerPackage is com.android.music
03-14 03:54:45.684 782 827 I ActivityTaskManager: clear resize flag in freeform mode
03-14 03:54:45.684 782 827 W WindowManager: updateScale : 0.45565748
03-14 03:54:45.685 782 797 W WindowManager: updateScale : 0.45565748
03-14 03:54:45.697 782 782 I GameModeConfig: isGameModeOn = false
03-14 03:54:45.700 782 782 I GameModeConfig: isGameModeOn = false
03-14 03:54:45.700 782 827 I ActivityTaskManager: clear resize flag in freeform mode
03-14 03:54:45.700 782 827 W WindowManager: updateScale : 0.45565748
03-14 03:54:45.703 782 2144 W ActivityManager: Receiver with filter android.content.IntentFilter@293118e already registered for pid 3694, callerPackage is com.android.music
03-14 03:54:45.706 782 1699 I GameModeConfig: isGameModeOn = false
03-14 03:54:45.706 782 1699 I GameModeConfig: isGameModeOn = false
03-14 03:54:45.706 782 1699 I GameModeConfig: isGameModeOn = false
03-14 03:54:45.706 782 1699 I GameModeConfig: isGameModeOn = false
03-14 03:54:45.706 782 1699 I GameModeConfig: isGameModeOn = false
03-14 03:54:45.707 782 782 I notification_enqueue: [10086,3694,com.android.music,1,NULL,0,Notification(channel=Channel-music shortcut=null contentView=null vibrate=null sound=null defaults=0x0 flags=0x40 color=0x00000000 category=transport actions=4 vis=PRIVATE),1]
03-14 03:54:45.711 782 782 I notification_enqueue: [10086,3694,com.android.music,1,NULL,0,Notification(channel=Channel-music shortcut=null contentView=null vibrate=null sound=null defaults=0x0 flags=0x40 color=0x00000000 category=transport actions=4 vis=PRIVATE),1]
03-14 03:54:45.716 782 2144 W WindowManager: updateScale : 0.45565748
03-14 03:54:45.908 782 782 I GameModeConfig: isGameModeOn = false
03-14 03:54:45.912 782 782 I GameModeConfig: isGameModeOn = false
03-14 03:54:46.654 782 1605 I input_interaction: Interaction with: 6b182e5 com.android.music/com.android.music.MusicBrowserActivity (server), edge-swipe (server), swipe-up (server), PointerEventDispatcher0 (server),
03-14 03:54:47.055 782 827 I ActivityTaskManager: clear resize flag in freeform mode
03-14 03:54:47.056 782 827 W WindowManager: updateScale : 0.5229358
03-14 03:54:47.058 782 2144 W ActivityManager: Receiver with filter android.content.IntentFilter@e2226f0 already registered for pid 3694, callerPackage is com.android.music
03-14 03:54:47.072 782 827 I ActivityTaskManager: clear resize flag in freeform mode
03-14 03:54:47.073 782 827 W WindowManager: updateScale : 0.5733945
03-14 03:54:47.087 782 827 I ActivityTaskManager: clear resize flag in freeform mode
03-14 03:54:47.088 782 827 W WindowManager: updateScale : 0.62079513
03-14 03:54:47.104 782 827 I ActivityTaskManager: clear resize flag in freeform mode
03-14 03:54:47.104 782 827 W WindowManager: updateScale : 0.6590214
03-14 03:54:47.120 782 827 I ActivityTaskManager: clear resize flag in freeform mode
03-14 03:54:47.121 782 827 W WindowManager: updateScale : 0.6880734
03-14 03:54:47.137 782 827 I ActivityTaskManager: clear resize flag in freeform mode
03-14 03:54:47.138 782 827 W WindowManager: updateScale : 0.71253824
03-14 03:54:47.142 782 1678 W WindowManager: updateScale : 0.71253824
