03-14 04:01:33.927 782 4680 W ActivityTaskManager: Request to remove task ignored for non-existent task 116
03-14 04:01:34.614 782 4680 W FreeFormWindowHelper: exitRecentTasks type=0
01-01 08:11:09.471 0 0 I qcom_rpmh DRV: apps_rsc TCS Busy, retrying RPMH message send: addr=0x40d00
03-14 04:01:36.631 782 4680 I thunderperf: PlatormCompat.setOverrides: Uid1=10074 Pid1=4407 Uid2=10074 Pid2=4407
03-14 04:01:36.631 782 4680 I thunderperf: PlatormCompat.setOverrides: needCheck:false
03-14 04:01:36.632 782 4680 I thunderperf: CompatConfig.addOverrideUnsafe: bef-state=0
03-14 04:01:36.632 782 4680 I thunderperf: CompatConfig.addOverrideUnsafe: aft-state=0
03-14 04:01:36.632 782 4680 I thunderperf: CompatConfig.addOverrideUnsafe: bef-state=0
03-14 04:01:36.632 782 4680 I thunderperf: CompatConfig.addOverrideUnsafe: aft-state=0
03-14 04:01:36.633 782 4680 I thunderperf: CompatConfig.addOverrideUnsafe: bef-state=0
03-14 04:01:36.633 782 4680 I thunderperf: CompatConfig.addOverrideUnsafe: aft-state=0
03-14 04:01:36.633 782 4680 I thunderperf: CompatConfig.addOverrideUnsafe: bef-state=0
03-14 04:01:36.633 782 4680 I thunderperf: CompatConfig.addOverrideUnsafe: aft-state=0
03-14 04:01:36.634 782 4680 I thunderperf: CompatConfig.addOverrideUnsafe: bef-state=0
03-14 04:01:36.634 782 4680 I thunderperf: CompatConfig.addOverrideUnsafe: aft-state=0
03-14 04:01:36.634 782 4680 I thunderperf: CompatConfig.addOverrideUnsafe: bef-state=0
03-14 04:01:36.634 782 4680 I thunderperf: CompatConfig.addOverrideUnsafe: aft-state=0
03-14 04:01:36.635 782 4680 I thunderperf: CompatConfig.addOverrideUnsafe: bef-state=0
03-14 04:01:36.635 782 4680 I thunderperf: CompatConfig.addOverrideUnsafe: aft-state=0
03-14 04:01:36.635 782 4680 I thunderperf: CompatConfig.addOverrideUnsafe: bef-state=0
03-14 04:01:36.635 782 4680 I thunderperf: CompatConfig.addOverrideUnsafe: aft-state=0
03-14 04:01:36.636 782 4680 I thunderperf: CompatConfig.addOverrideUnsafe: bef-state=0
03-14 04:01:36.636 782 4680 I thunderperf: CompatConfig.addOverrideUnsafe: aft-state=0
03-14 04:01:36.636 782 4680 I thunderperf: CompatConfig.addOverrideUnsafe: bef-state=0
03-14 04:01:36.636 782 4680 I thunderperf: CompatConfig.addOverrideUnsafe: aft-state=0
03-14 04:01:36.637 782 4680 I thunderperf: CompatConfig.addOverrideUnsafe: bef-state=0
03-14 04:01:36.637 782 4680 I thunderperf: CompatConfig.addOverrideUnsafe: aft-state=0
03-14 04:01:36.637 782 4680 I thunderperf: CompatConfig.addOverrideUnsafe: bef-state=0
03-14 04:01:36.637 782 4680 I thunderperf: CompatConfig.addOverrideUnsafe: aft-state=0
03-14 04:01:36.638 782 4680 I thunderperf: CompatConfig.addOverrideUnsafe: bef-state=0
03-14 04:01:36.638 782 4680 I thunderperf: CompatConfig.addOverrideUnsafe: aft-state=0
03-14 04:01:36.638 782 4680 I thunderperf: CompatConfig.addOverrideUnsafe: bef-state=0
03-14 04:01:36.638 782 4680 I thunderperf: CompatConfig.addOverrideUnsafe: aft-state=0
03-14 04:01:36.643 782 4680 I ActivityTaskManager: START u0 {act=android.intent.action.MAIN cat=[android.intent.category.LAUNCHER] flg=0x10200000 cmp=com.android.gallery3d/.app.GalleryActivity} from uid 10074
03-14 04:01:36.647 782 4680 I wm_task_created: [117,-1]
03-14 04:01:36.647 782 4680 W ActivityTaskManager: Can't find TaskDisplayArea to determine support for multi window. Task id=117 attached=false
03-14 04:01:36.648 782 4680 D FreeFormWindowHelper: Add freeform task=Task{26b7064 #117 type=standard ?? U=0 visible=false mode=freeform translucent=true sz=0}
03-14 04:01:36.649 782 4680 I wm_task_moved: [117,1,6]
03-14 04:01:36.649 782 4680 I wm_task_to_front: [0,117]
03-14 04:01:36.650 782 4680 I wm_create_task: [0,117]
03-14 04:01:36.650 782 4680 I wm_create_activity: [0,72879763,117,com.android.gallery3d/.app.GalleryActivity,android.intent.action.MAIN,NULL,NULL,270532608]
03-14 04:01:36.650 782 4680 I wm_task_moved: [117,1,6]
03-14 04:01:36.650 782 4680 V SplashScreenExceptionList: SplashScreen checking exception for package com.android.gallery3d (target sdk:29) -> false
03-14 04:01:36.650 782 4680 I ActivityTaskManager: FOREGROUND_APPLICATION_CHANGED to com.android.gallery3d.app.GalleryActivity
03-14 04:01:36.650 782 4680 I ActivityTaskManager: The Process com.android.gallery3d Already Exists in BG. So sending its PID: 4293
03-14 04:01:36.650 782 4680 W ActivityTaskManager: Tried to set launchTime (0) < mLastActivityLaunchTime (658883)
03-14 04:01:36.651 782 4680 I wm_restart_activity: [0,72879763,117,com.android.gallery3d/.app.GalleryActivity]
03-14 04:01:36.651 782 4680 I wm_set_resumed_activity: [0,com.android.gallery3d/.app.GalleryActivity,minimalResumeActivityLocked]
03-14 04:01:36.655 4407 4407 I wm_on_top_resumed_lost_called: [174418215,com.android.launcher3.uioverrides.QuickstepLauncher,topStateChangedWhenResumed]
03-14 04:01:36.664 4293 4293 I wm_on_create_called: [72879763,com.android.gallery3d.app.GalleryActivity,performCreate]
03-14 04:01:36.665 4293 4293 I wm_on_start_called: [72879763,com.android.gallery3d.app.GalleryActivity,handleStartActivity]
03-14 04:01:36.666 4293 4293 I wm_on_resume_called: [72879763,com.android.gallery3d.app.GalleryActivity,RESUME_ACTIVITY]
03-14 04:01:36.668 4293 4293 I wm_on_top_resumed_gained_called: [72879763,com.android.gallery3d.app.GalleryActivity,topStateChangedWhenResumed]
03-14 04:01:36.670 782 797 W WindowManager: updateScale : 0.79357797
03-14 04:01:36.671 782 826 I input_focus: [Focus request 80d3e85 com.android.gallery3d/com.android.gallery3d.app.GalleryActivity,reason=UpdateInputWindows]
03-14 04:01:36.702 782 826 W WindowManager: updateScale : 0.79357797
03-14 04:01:36.703 782 1605 I input_focus: [Focus leaving e892cf3 com.android.launcher3/com.android.launcher3.uioverrides.QuickstepLauncher (server),reason=Waiting for window because NOT_VISIBLE]
03-14 04:01:36.704 782 826 W WindowManager: updateScale : 0.79357797
03-14 04:01:36.704 782 822 I sysui_multi_action: [319,60,322,60,325,667,757,761,758,8,759,2,806,com.android.gallery3d,871,com.android.gallery3d.app.GalleryActivity,904,com.android.launcher3,905,0,1320,4,1321,1]
03-14 04:01:36.704 782 826 W WindowManager: updateScale : 0.79357797
03-14 04:01:36.704 782 822 I wm_activity_launch_time: [0,72879763,com.android.gallery3d/.app.GalleryActivity,60]
03-14 04:01:36.719 782 1605 I input_focus: [Focus entering 80d3e85 com.android.gallery3d/com.android.gallery3d.app.GalleryActivity (server),reason=Window became focusable. Previous reason: NOT_VISIBLE]
03-14 04:01:36.986 782 826 W WindowManager: updateScale : 0.79357797
03-14 04:01:37.430 782 2969 E TaskPersister: File error accessing recents directory (directory doesn't exist?).
03-14 04:01:37.621 782 4133 W FreeFormWindowHelper: Current Display FreeFormTask is Task{26b7064 #117 type=standard A=10065:com.android.gallery3d U=0 visible=true mode=freeform translucent=false sz=1}
03-14 04:01:37.628 782 822 D AutofillManagerService: Close system dialogs
03-14 04:01:37.628 782 4680 W FreeFormWindowHelper: Current Display FreeFormTask is Task{26b7064 #117 type=standard A=10065:com.android.gallery3d U=0 visible=true mode=freeform translucent=false sz=1}
03-14 04:01:37.629 4407 4407 I view_enqueue_input_event: [Motion - Cancel,com.android.launcher3/com.android.launcher3.uioverrides.QuickstepLauncher]
03-14 04:01:37.629 782 4680 W FreeFormWindowHelper: Current Display FreeFormTask is Task{26b7064 #117 type=standard A=10065:com.android.gallery3d U=0 visible=true mode=freeform translucent=false sz=1}
03-14 04:01:37.630 782 4680 W FreeFormWindowHelper: Current Display FreeFormTask is Task{26b7064 #117 type=standard A=10065:com.android.gallery3d U=0 visible=true mode=freeform translucent=false sz=1}
03-14 04:01:37.630 782 4680 W FreeFormWindowHelper: Current Display FreeFormTask is Task{26b7064 #117 type=standard A=10065:com.android.gallery3d U=0 visible=true mode=freeform translucent=false sz=1}
03-14 04:01:37.630 782 797 W FreeFormWindowHelper: Current Display FreeFormTask is Task{26b7064 #117 type=standard A=10065:com.android.gallery3d U=0 visible=true mode=freeform translucent=false sz=1}
03-14 04:01:37.632 782 4680 W FreeFormWindowHelper: Current Display FreeFormTask is Task{26b7064 #117 type=standard A=10065:com.android.gallery3d U=0 visible=true mode=freeform translucent=false sz=1}
03-14 04:01:37.632 782 797 W ActivityTaskManager: getTaskSnapshot: taskId=-106 not found
03-14 04:01:37.633 782 4680 W ActivityTaskManager: getTaskSnapshot: taskId=-105 not found
03-14 04:01:37.634 782 4680 W ActivityTaskManager: getTaskSnapshot: taskId=-105 not found
03-14 04:01:37.634 782 4680 W ActivityTaskManager: getTaskSnapshot: taskId=-105 not found
03-14 04:01:37.637 782 4680 W FreeFormWindowHelper: Current Display FreeFormTask is Task{26b7064 #117 type=standard A=10065:com.android.gallery3d U=0 visible=true mode=freeform translucent=false sz=1}
03-14 04:01:37.638 782 4680 W FreeFormWindowHelper: Current Display FreeFormTask is Task{26b7064 #117 type=standard A=10065:com.android.gallery3d U=0 visible=true mode=freeform translucent=false sz=1}
03-14 04:01:37.639 782 1605 I input_interaction: Interaction with: edge-swipe (server), swipe-up (server), PointerEventDispatcher0 (server),
03-14 04:01:37.652 782 797 W FreeFormWindowHelper: Current Display FreeFormTask is Task{26b7064 #117 type=standard A=10065:com.android.gallery3d U=0 visible=true mode=freeform translucent=false sz=1}
03-14 04:01:37.652 782 797 W FreeFormWindowHelper: Current Display FreeFormTask is Task{26b7064 #117 type=standard A=10065:com.android.gallery3d U=0 visible=true mode=freeform translucent=false sz=1}
03-14 04:01:37.823 782 1331 I commit_sys_config_file: [settings-1-0,2]
03-14 04:01:38.096 782 4406 W FreeFormWindowHelper: Current Display FreeFormTask is Task{26b7064 #117 type=standard A=10065:com.android.gallery3d U=0 visible=true mode=freeform translucent=false sz=1}
03-14 04:01:38.097 782 797 W FreeFormWindowHelper: Current Display FreeFormTask is Task{26b7064 #117 type=standard A=10065:com.android.gallery3d U=0 visible=true mode=freeform translucent=false sz=1}
03-14 04:01:38.097 782 797 W FreeFormWindowHelper: Current Display FreeFormTask is Task{26b7064 #117 type=standard A=10065:com.android.gallery3d U=0 visible=true mode=freeform translucent=false sz=1}
03-14 04:01:38.102 782 797 W FreeFormWindowHelper: Current Display FreeFormTask is Task{26b7064 #117 type=standard A=10065:com.android.gallery3d U=0 visible=true mode=freeform translucent=false sz=1}
03-14 04:01:38.103 782 4680 W FreeFormWindowHelper: Current Display FreeFormTask is Task{26b7064 #117 type=standard A=10065:com.android.gallery3d U=0 visible=true mode=freeform translucent=false sz=1}
03-14 04:01:38.103 782 4680 W FreeFormWindowHelper: Current Display FreeFormTask is Task{26b7064 #117 type=standard A=10065:com.android.gallery3d U=0 visible=true mode=freeform translucent=false sz=1}
03-14 04:01:38.119 782 4406 W FreeFormWindowHelper: Current Display FreeFormTask is Task{26b7064 #117 type=standard A=10065:com.android.gallery3d U=0 visible=true mode=freeform translucent=false sz=1}
03-14 04:01:38.120 782 4406 W FreeFormWindowHelper: Current Display FreeFormTask is Task{26b7064 #117 type=standard A=10065:com.android.gallery3d U=0 visible=true mode=freeform translucent=false sz=1}
03-14 04:01:38.120 782 4406 W FreeFormWindowHelper: Current Display FreeFormTask is Task{26b7064 #117 type=standard A=10065:com.android.gallery3d U=0 visible=true mode=freeform translucent=false sz=1}
03-14 04:01:38.136 782 4680 W FreeFormWindowHelper: Current Display FreeFormTask is Task{26b7064 #117 type=standard A=10065:com.android.gallery3d U=0 visible=true mode=freeform translucent=false sz=1}
03-14 04:01:38.136 782 4680 W FreeFormWindowHelper: Current Display FreeFormTask is Task{26b7064 #117 type=standard A=10065:com.android.gallery3d U=0 visible=true mode=freeform translucent=false sz=1}
03-14 04:01:38.137 782 4680 W FreeFormWindowHelper: Current Display FreeFormTask is Task{26b7064 #117 type=standard A=10065:com.android.gallery3d U=0 visible=true mode=freeform translucent=false sz=1}
03-14 04:01:38.153 782 4133 W FreeFormWindowHelper: Current Display FreeFormTask is Task{26b7064 #117 type=standard A=10065:com.android.gallery3d U=0 visible=true mode=freeform translucent=false sz=1}
03-14 04:01:38.153 782 4133 W FreeFormWindowHelper: Current Display FreeFormTask is Task{26b7064 #117 type=standard A=10065:com.android.gallery3d U=0 visible=true mode=freeform translucent=false sz=1}
03-14 04:01:38.153 782 4133 W FreeFormWindowHelper: Current Display FreeFormTask is Task{26b7064 #117 type=standard A=10065:com.android.gallery3d U=0 visible=true mode=freeform translucent=false sz=1}
03-14 04:01:38.169 782 2144 W FreeFormWindowHelper: Current Display FreeFormTask is Task{26b7064 #117 type=standard A=10065:com.android.gallery3d U=0 visible=true mode=freeform translucent=false sz=1}
03-14 04:01:38.170 782 2144 W FreeFormWindowHelper: Current Display FreeFormTask is Task{26b7064 #117 type=standard A=10065:com.android.gallery3d U=0 visible=true mode=freeform translucent=false sz=1}
03-14 04:01:38.170 782 2144 W FreeFormWindowHelper: Current Display FreeFormTask is Task{26b7064 #117 type=standard A=10065:com.android.gallery3d U=0 visible=true mode=freeform translucent=false sz=1}
03-14 04:01:38.186 782 797 W FreeFormWindowHelper: Current Display FreeFormTask is Task{26b7064 #117 type=standard A=10065:com.android.gallery3d U=0 visible=true mode=freeform translucent=false sz=1}
03-14 04:01:38.187 782 797 W FreeFormWindowHelper: Current Display FreeFormTask is Task{26b7064 #117 type=standard A=10065:com.android.gallery3d U=0 visible=true mode=freeform translucent=false sz=1}
03-14 04:01:38.187 782 797 W FreeFormWindowHelper: Current Display FreeFormTask is Task{26b7064 #117 type=standard A=10065:com.android.gallery3d U=0 visible=true mode=freeform translucent=false sz=1}
03-14 04:01:38.203 782 2144 W FreeFormWindowHelper: Current Display FreeFormTask is Task{26b7064 #117 type=standard A=10065:com.android.gallery3d U=0 visible=true mode=freeform translucent=false sz=1}
03-14 04:01:38.203 782 2144 W FreeFormWindowHelper: Current Display FreeFormTask is Task{26b7064 #117 type=standard A=10065:com.android.gallery3d U=0 visible=true mode=freeform translucent=false sz=1}
03-14 04:01:38.204 782 2144 W FreeFormWindowHelper: Current Display FreeFormTask is Task{26b7064 #117 type=standard A=10065:com.android.gallery3d U=0 visible=true mode=freeform translucent=false sz=1}
03-14 04:01:38.220 782 4680 W FreeFormWindowHelper: Current Display FreeFormTask is Task{26b7064 #117 type=standard A=10065:com.android.gallery3d U=0 visible=true mode=freeform translucent=false sz=1}
03-14 04:01:38.220 782 4680 W FreeFormWindowHelper: Current Display FreeFormTask is Task{26b7064 #117 type=standard A=10065:com.android.gallery3d U=0 visible=true mode=freeform translucent=false sz=1}
03-14 04:01:38.220 782 4680 W FreeFormWindowHelper: Current Display FreeFormTask is Task{26b7064 #117 type=standard A=10065:com.android.gallery3d U=0 visible=true mode=freeform translucent=false sz=1}
03-14 04:01:38.236 782 4680 W FreeFormWindowHelper: Current Display FreeFormTask is Task{26b7064 #117 type=standard A=10065:com.android.gallery3d U=0 visible=true mode=freeform translucent=false sz=1}
03-14 04:01:38.237 782 4680 W FreeFormWindowHelper: Current Display FreeFormTask is Task{26b7064 #117 type=standard A=10065:com.android.gallery3d U=0 visible=true mode=freeform translucent=false sz=1}
03-14 04:01:38.237 782 4680 W FreeFormWindowHelper: Current Display FreeFormTask is Task{26b7064 #117 type=standard A=10065:com.android.gallery3d U=0 visible=true mode=freeform translucent=false sz=1}
03-14 04:01:38.253 782 2144 W FreeFormWindowHelper: Current Display FreeFormTask is Task{26b7064 #117 type=standard A=10065:com.android.gallery3d U=0 visible=true mode=freeform translucent=false sz=1}
03-14 04:01:38.254 782 2144 W FreeFormWindowHelper: Current Display FreeFormTask is Task{26b7064 #117 type=standard A=10065:com.android.gallery3d U=0 visible=true mode=freeform translucent=false sz=1}
03-14 04:01:38.254 782 2144 W FreeFormWindowHelper: Current Display FreeFormTask is Task{26b7064 #117 type=standard A=10065:com.android.gallery3d U=0 visible=true mode=freeform translucent=false sz=1}
03-14 04:01:38.270 782 797 W FreeFormWindowHelper: Current Display FreeFormTask is Task{26b7064 #117 type=standard A=10065:com.android.gallery3d U=0 visible=true mode=freeform translucent=false sz=1}
03-14 04:01:38.270 782 797 W FreeFormWindowHelper: Current Display FreeFormTask is Task{26b7064 #117 type=standard A=10065:com.android.gallery3d U=0 visible=true mode=freeform translucent=false sz=1}
03-14 04:01:38.270 782 797 W FreeFormWindowHelper: Current Display FreeFormTask is Task{26b7064 #117 type=standard A=10065:com.android.gallery3d U=0 visible=true mode=freeform translucent=false sz=1}
03-14 04:01:38.286 782 2144 W FreeFormWindowHelper: Current Display FreeFormTask is Task{26b7064 #117 type=standard A=10065:com.android.gallery3d U=0 visible=true mode=freeform translucent=false sz=1}
03-14 04:01:38.287 782 2144 W FreeFormWindowHelper: Current Display FreeFormTask is Task{26b7064 #117 type=standard A=10065:com.android.gallery3d U=0 visible=true mode=freeform translucent=false sz=1}
03-14 04:01:38.287 782 2144 W FreeFormWindowHelper: Current Display FreeFormTask is Task{26b7064 #117 type=standard A=10065:com.android.gallery3d U=0 visible=true mode=freeform translucent=false sz=1}
03-14 04:01:38.297 782 1331 I commit_sys_config_file: [settings-1-0,2]
03-14 04:01:38.303 782 4680 W FreeFormWindowHelper: Current Display FreeFormTask is Task{26b7064 #117 type=standard A=10065:com.android.gallery3d U=0 visible=true mode=freeform translucent=false sz=1}
03-14 04:01:38.304 782 4680 W FreeFormWindowHelper: Current Display FreeFormTask is Task{26b7064 #117 type=standard A=10065:com.android.gallery3d U=0 visible=true mode=freeform translucent=false sz=1}
03-14 04:01:38.304 782 4680 W FreeFormWindowHelper: Current Display FreeFormTask is Task{26b7064 #117 type=standard A=10065:com.android.gallery3d U=0 visible=true mode=freeform translucent=false sz=1}
03-14 04:01:38.320 782 2144 W FreeFormWindowHelper: Current Display FreeFormTask is Task{26b7064 #117 type=standard A=10065:com.android.gallery3d U=0 visible=true mode=freeform translucent=false sz=1}
03-14 04:01:38.320 782 2144 W FreeFormWindowHelper: Current Display FreeFormTask is Task{26b7064 #117 type=standard A=10065:com.android.gallery3d U=0 visible=true mode=freeform translucent=false sz=1}
03-14 04:01:38.320 782 2144 W FreeFormWindowHelper: Current Display FreeFormTask is Task{26b7064 #117 type=standard A=10065:com.android.gallery3d U=0 visible=true mode=freeform translucent=false sz=1}
03-14 04:01:38.337 782 2144 W FreeFormWindowHelper: Current Display FreeFormTask is Task{26b7064 #117 type=standard A=10065:com.android.gallery3d U=0 visible=true mode=freeform translucent=false sz=1}
03-14 04:01:38.337 782 2144 W FreeFormWindowHelper: Current Display FreeFormTask is Task{26b7064 #117 type=standard A=10065:com.android.gallery3d U=0 visible=true mode=freeform translucent=false sz=1}
03-14 04:01:38.337 782 2144 W FreeFormWindowHelper: Current Display FreeFormTask is Task{26b7064 #117 type=standard A=10065:com.android.gallery3d U=0 visible=true mode=freeform translucent=false sz=1}
03-14 04:01:38.353 782 2144 W FreeFormWindowHelper: Current Display FreeFormTask is Task{26b7064 #117 type=standard A=10065:com.android.gallery3d U=0 visible=true mode=freeform translucent=false sz=1}
03-14 04:01:38.354 782 2144 W FreeFormWindowHelper: Current Display FreeFormTask is Task{26b7064 #117 type=standard A=10065:com.android.gallery3d U=0 visible=true mode=freeform translucent=false sz=1}
03-14 04:01:38.354 782 2144 W FreeFormWindowHelper: Current Display FreeFormTask is Task{26b7064 #117 type=standard A=10065:com.android.gallery3d U=0 visible=true mode=freeform translucent=false sz=1}
03-14 04:01:38.370 782 797 W FreeFormWindowHelper: Current Display FreeFormTask is Task{26b7064 #117 type=standard A=10065:com.android.gallery3d U=0 visible=true mode=freeform translucent=false sz=1}
03-14 04:01:38.370 782 797 W FreeFormWindowHelper: Current Display FreeFormTask is Task{26b7064 #117 type=standard A=10065:com.android.gallery3d U=0 visible=true mode=freeform translucent=false sz=1}
03-14 04:01:38.371 782 797 W FreeFormWindowHelper: Current Display FreeFormTask is Task{26b7064 #117 type=standard A=10065:com.android.gallery3d U=0 visible=true mode=freeform translucent=false sz=1}
03-14 04:01:38.387 782 4406 W FreeFormWindowHelper: Current Display FreeFormTask is Task{26b7064 #117 type=standard A=10065:com.android.gallery3d U=0 visible=true mode=freeform translucent=false sz=1}
03-14 04:01:38.387 782 4406 W FreeFormWindowHelper: Current Display FreeFormTask is Task{26b7064 #117 type=standard A=10065:com.android.gallery3d U=0 visible=true mode=freeform translucent=false sz=1}
03-14 04:01:38.387 782 4406 W FreeFormWindowHelper: Current Display FreeFormTask is Task{26b7064 #117 type=standard A=10065:com.android.gallery3d U=0 visible=true mode=freeform translucent=false sz=1}
03-14 04:01:38.404 782 2144 W FreeFormWindowHelper: Current Display FreeFormTask is Task{26b7064 #117 type=standard A=10065:com.android.gallery3d U=0 visible=true mode=freeform translucent=false sz=1}
03-14 04:01:38.404 782 2144 I wm_finish_activity: [0,72879763,117,com.android.gallery3d/.app.GalleryActivity,app-request]
03-14 04:01:38.404 782 2144 I wm_task_moved: [1,1,6]
03-14 04:01:38.405 4293 4293 I wm_on_top_resumed_lost_called: [72879763,com.android.gallery3d.app.GalleryActivity,topStateChangedWhenResumed]
03-14 04:01:38.405 782 2144 I wm_set_resumed_activity: [0,com.android.launcher3/.uioverrides.QuickstepLauncher,positionChildAt]
03-14 04:01:38.405 782 2144 I wm_task_moved: [102,1,2147483647]
03-14 04:01:38.405 782 2144 I wm_task_to_front: [0,102]
03-14 04:01:38.405 782 2144 I wm_focused_root_task: [0,0,1,-1,finish-top adjustFocusToNextFocusableTask]
03-14 04:01:38.405 782 2144 I wm_set_resumed_activity: [0,com.android.launcher3/.uioverrides.QuickstepLauncher,finish-top]
03-14 04:01:38.408 782 2144 I wm_pause_activity: [0,72879763,com.android.gallery3d/.app.GalleryActivity,userLeaving=false,finish]
03-14 04:01:38.409 782 826 I input_focus: [Focus request e892cf3 com.android.launcher3/com.android.launcher3.uioverrides.QuickstepLauncher,reason=UpdateInputWindows]
03-14 04:01:38.410 782 2144 W FreeFormWindowHelper: Current Display FreeFormTask is Task{26b7064 #117 type=standard A=10065:com.android.gallery3d U=0 visible=false mode=freeform translucent=true sz=1}
03-14 04:01:38.410 782 4406 W FreeFormWindowHelper: Current Display FreeFormTask is Task{26b7064 #117 type=standard A=10065:com.android.gallery3d U=0 visible=false mode=freeform translucent=true sz=1}
03-14 04:01:38.410 782 4406 W FreeFormWindowHelper: Current Display FreeFormTask is Task{26b7064 #117 type=standard A=10065:com.android.gallery3d U=0 visible=false mode=freeform translucent=true sz=1}
03-14 04:01:38.412 4293 4293 I wm_on_paused_called: [72879763,com.android.gallery3d.app.GalleryActivity,performPause]
03-14 04:01:38.413 782 797 I ActivityTaskManager: FOREGROUND_APPLICATION_CHANGED to com.android.launcher3.uioverrides.QuickstepLauncher
03-14 04:01:38.413 782 797 I wm_destroy_activity: [0,72879763,117,com.android.gallery3d/.app.GalleryActivity,finish-imm:completePausedLocked]
03-14 04:01:38.418 782 825 I sysui_multi_action: [757,803,799,window_time_0,802,9]
03-14 04:01:38.420 4293 4293 I wm_on_stop_called: [72879763,com.android.gallery3d.app.GalleryActivity,LIFECYCLER_STOP_ACTIVITY]
03-14 04:01:38.420 782 4406 W FreeFormWindowHelper: Current Display FreeFormTask is Task{26b7064 #117 type=standard A=10065:com.android.gallery3d U=0 visible=false mode=freeform translucent=true sz=1}
03-14 04:01:38.421 782 797 W FreeFormWindowHelper: Current Display FreeFormTask is Task{26b7064 #117 type=standard A=10065:com.android.gallery3d U=0 visible=false mode=freeform translucent=true sz=1}
03-14 04:01:38.422 4293 4293 I wm_on_destroy_called: [72879763,com.android.gallery3d.app.GalleryActivity,performDestroy]
03-14 04:01:38.423 782 4133 W FreeFormWindowHelper: Current Display FreeFormTask is Task{26b7064 #117 type=standard A=10065:com.android.gallery3d U=0 visible=false mode=freeform translucent=true sz=1}
03-14 04:01:38.423 782 4133 W FreeFormWindowHelper: Current Display FreeFormTask is Task{26b7064 #117 type=standard A=10065:com.android.gallery3d U=0 visible=false mode=freeform translucent=true sz=1}
03-14 04:01:38.426 4407 4407 I wm_on_top_resumed_gained_called: [174418215,com.android.launcher3.uioverrides.QuickstepLauncher,topStateChangedWhenResumed]
03-14 04:01:38.426 782 1605 I input_focus: [Focus entering e892cf3 com.android.launcher3/com.android.launcher3.uioverrides.QuickstepLauncher (server),reason=setFocusedWindow]
03-14 04:01:38.514 782 4680 W FreeFormWindowHelper: Current Display FreeFormTask is Task{26b7064 #117 type=standard A=10065:com.android.gallery3d U=0 visible=false mode=freeform translucent=true sz=1}
01-01 08:11:11.911 0 0 E DTC_ETH,link_delay_work_func: 3003, SQI=0, link=0
03-14 04:01:38.706 782 826 I wm_task_removed: [117,removeChild:removeChild last r=ActivityRecord{4580e93 u0 com.android.gallery3d/.app.GalleryActivity t-1 f}} in t=Task{26b7064 #117 type=standard A=10065:com.android.gallery3d U=0 visible=false mode=freeform translucent=true sz=0}]
03-14 04:01:38.706 782 826 I wm_task_removed: [117,removeChild]
03-14 04:01:38.707 782 826 D FreeFormWindowHelper: Remove freefrom task=Task{26b7064 #117 type=standard A=10065:com.android.gallery3d U=0 visible=false mode=freeform translucent=true sz=0}
03-14 04:01:39.671 782 1605 I input_interaction: Interaction with: e892cf3 com.android.launcher3/com.android.launcher3.uioverrides.QuickstepLauncher (server), d04e39a com.android.systemui.ImageWallpaper (server), edge-swipe (server), swipe-up (server), PointerEventDispatcher0 (server),
03-14 04:01:39.845 782 4406 W FreeFormWindowHelper: exitRecentTasks type=0
03-14 04:01:39.845 782 4406 W ContextImpl: Calling a method in the system process without a qualified user: android.app.ContextImpl.startActivity:1067 com.android.server.wm.FreeFormWindowHelper.exitRecentTasks:435 com.android.server.wm.ActivityTaskManagerService.exitRecentTasks:3821 android.app.IActivityTaskManager$Stub.onTransact:2307 com.android.server.wm.ActivityTaskManagerService.onTransact:5072
03-14 04:01:39.848 782 4406 I thunderperf: PlatormCompat.setOverrides: Uid1=1000 Pid1=782 Uid2=1000 Pid2=782
03-14 04:01:39.848 782 4406 I thunderperf: PlatormCompat.setOverrides: needCheck:false
03-14 04:01:39.848 782 4406 I thunderperf: CompatConfig.addOverrideUnsafe: bef-state=0
03-14 04:01:39.849 782 4406 I thunderperf: CompatConfig.addOverrideUnsafe: aft-state=0
03-14 04:01:39.850 782 4406 I thunderperf: CompatConfig.addOverrideUnsafe: bef-state=0
03-14 04:01:39.850 782 4406 I thunderperf: CompatConfig.addOverrideUnsafe: aft-state=0
03-14 04:01:39.851 782 4406 I thunderperf: CompatConfig.addOverrideUnsafe: bef-state=0
03-14 04:01:39.851 782 4406 I thunderperf: CompatConfig.addOverrideUnsafe: aft-state=0
03-14 04:01:39.851 782 4406 I thunderperf: CompatConfig.addOverrideUnsafe: bef-state=0
03-14 04:01:39.851 782 4406 I thunderperf: CompatConfig.addOverrideUnsafe: aft-state=0
03-14 04:01:39.851 782 4406 I thunderperf: CompatConfig.addOverrideUnsafe: bef-state=0
03-14 04:01:39.851 782 4406 I thunderperf: CompatConfig.addOverrideUnsafe: aft-state=0
03-14 04:01:39.852 782 4406 I thunderperf: CompatConfig.addOverrideUnsafe: bef-state=0
03-14 04:01:39.852 782 4406 I thunderperf: CompatConfig.addOverrideUnsafe: aft-state=0
03-14 04:01:39.852 782 4406 I thunderperf: CompatConfig.addOverrideUnsafe: bef-state=0
03-14 04:01:39.852 782 4406 I thunderperf: CompatConfig.addOverrideUnsafe: aft-state=0
03-14 04:01:39.853 782 4406 I thunderperf: CompatConfig.addOverrideUnsafe: bef-state=0
03-14 04:01:39.853 782 4406 I thunderperf: CompatConfig.addOverrideUnsafe: aft-state=0
03-14 04:01:39.853 782 4406 I thunderperf: CompatConfig.addOverrideUnsafe: bef-state=0
03-14 04:01:39.853 782 4406 I thunderperf: CompatConfig.addOverrideUnsafe: aft-state=0
03-14 04:01:39.853 782 4406 I thunderperf: CompatConfig.addOverrideUnsafe: bef-state=0
03-14 04:01:39.853 782 4406 I thunderperf: CompatConfig.addOverrideUnsafe: aft-state=0
03-14 04:01:39.854 782 4406 I thunderperf: CompatConfig.addOverrideUnsafe: bef-state=0
03-14 04:01:39.854 782 4406 I thunderperf: CompatConfig.addOverrideUnsafe: aft-state=0
03-14 04:01:39.854 782 4406 I thunderperf: CompatConfig.addOverrideUnsafe: bef-state=0
03-14 04:01:39.854 782 4406 I thunderperf: CompatConfig.addOverrideUnsafe: aft-state=0
03-14 04:01:39.854 782 4406 I thunderperf: CompatConfig.addOverrideUnsafe: bef-state=0
03-14 04:01:39.854 782 4406 I thunderperf: CompatConfig.addOverrideUnsafe: aft-state=0
03-14 04:01:39.855 782 4406 I thunderperf: CompatConfig.addOverrideUnsafe: bef-state=0
03-14 04:01:39.855 782 4406 I thunderperf: CompatConfig.addOverrideUnsafe: aft-state=0
03-14 04:01:39.860 782 4406 I ActivityTaskManager: START u0 {act=android.intent.action.MAIN cat=[android.intent.category.LAUNCHER] flg=0x10200000 cmp=com.android.gallery3d/.app.GalleryActivity} from uid 1000
03-14 04:01:39.863 782 4406 I wm_task_created: [118,-1]
03-14 04:01:39.863 782 4406 W ActivityTaskManager: Can't find TaskDisplayArea to determine support for multi window. Task id=118 attached=false
03-14 04:01:39.864 782 4406 D FreeFormWindowHelper: Add freeform task=Task{60c33ea #118 type=standard ?? U=0 visible=false mode=freeform translucent=true sz=0}
03-14 04:01:39.866 782 4406 I wm_task_moved: [118,1,6]
03-14 04:01:39.866 782 4406 I wm_task_to_front: [0,118]
03-14 04:01:39.866 782 4406 I wm_create_task: [0,118]
03-14 04:01:39.866 782 4406 I wm_create_activity: [0,218543185,118,com.android.gallery3d/.app.GalleryActivity,android.intent.action.MAIN,NULL,NULL,270532608]
03-14 04:01:39.866 782 4406 I wm_task_moved: [118,1,6]
03-14 04:01:39.867 782 4406 V SplashScreenExceptionList: SplashScreen checking exception for package com.android.gallery3d (target sdk:29) -> false
03-14 04:01:39.867 782 4406 I ActivityTaskManager: FOREGROUND_APPLICATION_CHANGED to com.android.gallery3d.app.GalleryActivity
03-14 04:01:39.867 782 4406 I ActivityTaskManager: The Process com.android.gallery3d Already Exists in BG. So sending its PID: 4293
03-14 04:01:39.867 782 4406 W ActivityTaskManager: Tried to set launchTime (0) < mLastActivityLaunchTime (667543)
03-14 04:01:39.868 782 4406 I wm_restart_activity: [0,218543185,118,com.android.gallery3d/.app.GalleryActivity]
03-14 04:01:39.869 782 4406 I wm_set_resumed_activity: [0,com.android.gallery3d/.app.GalleryActivity,minimalResumeActivityLocked]
03-14 04:01:39.871 4407 4407 I wm_on_top_resumed_lost_called: [174418215,com.android.launcher3.uioverrides.QuickstepLauncher,topStateChangedWhenResumed]
03-14 04:01:39.880 4293 4293 I wm_on_create_called: [218543185,com.android.gallery3d.app.GalleryActivity,performCreate]
03-14 04:01:39.880 4293 4293 I wm_on_start_called: [218543185,com.android.gallery3d.app.GalleryActivity,handleStartActivity]
03-14 04:01:39.882 4293 4293 I wm_on_resume_called: [218543185,com.android.gallery3d.app.GalleryActivity,RESUME_ACTIVITY]
03-14 04:01:39.883 4293 4293 I wm_on_top_resumed_gained_called: [218543185,com.android.gallery3d.app.GalleryActivity,topStateChangedWhenResumed]
03-14 04:01:39.893 782 797 W WindowManager: updateScale : 0.79357797
03-14 04:01:39.894 782 826 I input_focus: [Focus request d880653 com.android.gallery3d/com.android.gallery3d.app.GalleryActivity,reason=UpdateInputWindows]
03-14 04:01:39.926 782 826 W WindowManager: updateScale : 0.79357797
03-14 04:01:39.927 782 1605 I input_focus: [Focus leaving e892cf3 com.android.launcher3/com.android.launcher3.uioverrides.QuickstepLauncher (server),reason=Waiting for window because NOT_VISIBLE]
03-14 04:01:39.928 782 826 W WindowManager: updateScale : 0.79357797
03-14 04:01:39.929 782 822 I sysui_multi_action: [319,68,322,67,325,670,757,761,758,8,759,2,806,com.android.gallery3d,871,com.android.gallery3d.app.GalleryActivity,904,android,905,0,1320,4,1321,1]
03-14 04:01:39.929 782 822 I wm_activity_launch_time: [0,218543185,com.android.gallery3d/.app.GalleryActivity,67]
03-14 04:01:39.929 782 826 W WindowManager: updateScale : 0.79357797
03-14 04:01:39.944 782 1605 I input_focus: [Focus entering d880653 com.android.gallery3d/com.android.gallery3d.app.GalleryActivity (server),reason=Window became focusable. Previous reason: NOT_VISIBLE]
03-14 04:01:39.982 782 830 I am_pss : [4682,1000,com.android.settings,26639360,15826944,0,123879424,0,19,5]
03-14 04:01:39.991 782 830 I am_pss : [3694,10086,com.android.music,133404672,126767104,0,254042112,0,19,8]
03-14 04:01:40.210 782 826 W WindowManager: updateScale : 0.79357797
03-14 04:01:41.107 782 1605 I input_interaction: Interaction with: d880653 com.android.gallery3d/com.android.gallery3d.app.GalleryActivity (server), edge-swipe (server), swipe-up (server), PointerEventDispatcher0 (server),
03-14 04:01:41.244 782 797 I wm_finish_activity: [0,218543185,118,com.android.gallery3d/.app.GalleryActivity,finish-activity]
03-14 04:01:41.244 782 797 I wm_task_moved: [1,1,6]
03-14 04:01:41.245 782 797 I wm_set_resumed_activity: [0,com.android.launcher3/.uioverrides.QuickstepLauncher,positionChildAt]
03-14 04:01:41.245 782 797 I wm_task_moved: [102,1,2147483647]
03-14 04:01:41.245 782 797 I wm_task_to_front: [0,102]
03-14 04:01:41.245 782 797 I wm_focused_root_task: [0,0,1,-1,finish-top adjustFocusToNextFocusableTask]
03-14 04:01:41.245 782 797 I wm_set_resumed_activity: [0,com.android.launcher3/.uioverrides.QuickstepLauncher,finish-top]
03-14 04:01:41.245 782 797 I wm_pause_activity: [0,218543185,com.android.gallery3d/.app.GalleryActivity,userLeaving=false,finish]
03-14 04:01:41.246 4293 4293 I wm_on_top_resumed_lost_called: [218543185,com.android.gallery3d.app.GalleryActivity,topStateChangedWhenResumed]
03-14 04:01:41.246 782 826 I input_focus: [Focus request e892cf3 com.android.launcher3/com.android.launcher3.uioverrides.QuickstepLauncher,reason=UpdateInputWindows]
03-14 04:01:41.247 4407 4407 I wm_on_top_resumed_gained_called: [174418215,com.android.launcher3.uioverrides.QuickstepLauncher,topStateChangedWhenResumed]
03-14 04:01:41.248 782 825 I sysui_multi_action: [757,803,799,window_time_0,802,3]
03-14 04:01:41.249 782 1605 I input_focus: [Focus leaving d880653 com.android.gallery3d/com.android.gallery3d.app.GalleryActivity (server),reason=NOT_VISIBLE]
03-14 04:01:41.250 4293 4293 I wm_on_paused_called: [218543185,com.android.gallery3d.app.GalleryActivity,performPause]
03-14 04:01:41.250 782 4406 I ActivityTaskManager: FOREGROUND_APPLICATION_CHANGED to com.android.launcher3.uioverrides.QuickstepLauncher
03-14 04:01:41.250 782 4406 I wm_destroy_activity: [0,218543185,118,com.android.gallery3d/.app.GalleryActivity,finish-imm:completePausedLocked]
03-14 04:01:41.253 782 825 I sysui_multi_action: [757,803,799,window_time_0,802,0]
03-14 04:01:41.255 782 2969 E TaskPersister: File error accessing recents directory (directory doesn't exist?).
03-14 04:01:41.264 4293 4293 I wm_on_stop_called: [218543185,com.android.gallery3d.app.GalleryActivity,LIFECYCLER_STOP_ACTIVITY]
03-14 04:01:41.265 4293 4293 I wm_on_destroy_called: [218543185,com.android.gallery3d.app.GalleryActivity,performDestroy]
03-14 04:01:41.266 782 1605 I input_focus: [Focus entering e892cf3 com.android.launcher3/com.android.launcher3.uioverrides.QuickstepLauncher (server),reason=setFocusedWindow]
03-14 04:01:41.269 782 4406 I wm_task_removed: [118,removeChild:removeChild last r=ActivityRecord{d06b451 u0 com.android.gallery3d/.app.GalleryActivity t-1 f}} in t=Task{60c33ea #118 type=standard A=10065:com.android.gallery3d U=0 visible=false mode=freeform translucent=true sz=0}]
03-14 04:01:41.269 782 4406 I wm_task_removed: [118,removeChild]
03-14 04:01:41.269 782 4406 D FreeFormWindowHelper: Remove freefrom task=Task{60c33ea #118 type=standard A=10065:com.android.gallery3d U=0 visible=false mode=freeform translucent=true sz=0}
03-14 04:01:41.351 782 4133 W FreeFormWindowHelper: Current Display FreeFormTask is null
03-14 04:01:41.352 782 2170 W FreeFormWindowHelper: Current Display FreeFormTask is null
03-14 04:01:41.352 782 4133 W FreeFormWindowHelper: Current Display FreeFormTask is null
03-14 04:01:41.661 782 4133 W FreeFormWindowHelper: Current Display FreeFormTask is null
03-14 04:01:42.407 782 1340 D ActivityManager: freezing 3192 android.process.media
03-14 04:01:42.408 782 1340 E ActivityManager: Unable to freeze binder for 3192 android.process.media
01-01 08:11:15.802 0 0 I binder : 782:1340 ioctl 400c620e 70a125d5d8 returned -22
01-01 08:11:15.805 0 0 I binder : 782:1340 ioctl c00c620f 70a125d5b8 returned -22
03-14 04:01:42.409 782 1340 D ActivityManager: froze 3192 android.process.media
03-14 04:01:42.409 782 1340 I am_freeze: [3192,android.process.media]
03-14 04:01:42.410 782 1340 E ActivityManager: Unable to freeze binder for 3192 android.process.media
01-01 08:11:15.809 0 0 I binder : 782:1340 ioctl 400c620e 70a125d5d8 returned -22
01-01 08:11:15.810 0 0 I binder : 782:1340 ioctl c00c620f 70a125d5b8 returned -22
03-14 04:01:42.414 782 1340 D ActivityManager: freezing 3395 android.process.acore
03-14 04:01:42.414 782 1340 E ActivityManager: Unable to freeze binder for 3395 android.process.acore
03-14 04:01:42.415 782 1340 D ActivityManager: froze 3395 android.process.acore
03-14 04:01:42.415 782 1340 I am_freeze: [3395,android.process.acore]
03-14 04:01:42.415 782 1340 E ActivityManager: Unable to freeze binder for 3395 android.process.acore
03-14 04:01:42.418 782 1340 I ActivityManager: Killing 3192:android.process.media/u0a17 (adj 935): Unable to freeze binder interface
03-14 04:01:42.418 782 1340 I am_kill : [0,3192,android.process.media,935,Unable to freeze binder interface]
03-14 04:01:42.420 782 1340 I ActivityManager: Killing 3395:android.process.acore/u0a18 (adj 955): Unable to freeze binder interface
03-14 04:01:42.420 782 1340 I am_kill : [0,3395,android.process.acore,955,Unable to freeze binder interface]
03-14 04:01:42.444 782 2144 D CountryDetector: No listener is left
03-14 04:01:42.445 782 4406 I am_proc_died: [0,3192,android.process.media,935,19]
03-14 04:01:42.446 782 4406 I am_uid_stopped: 10017
03-14 04:01:42.448 782 2170 I am_proc_died: [0,3395,android.process.acore,955,19]
03-14 04:01:42.448 782 2170 I am_uid_stopped: 10018
03-14 04:01:42.455 782 830 I am_pss : [2001,1002,com.android.bluetooth,30156800,23846912,0,141643776,0,0,7]
03-14 04:01:42.461 782 830 I am_pss : [2492,1000,com.qualcomm.qti.qdma,9566208,6574080,0,105766912,0,0,5]
03-14 04:01:42.466 782 830 I am_pss : [2462,1000,com.thundercomm.tcservice,8581120,6504448,0,96579584,0,0,5]
03-14 04:01:42.471 782 830 I am_pss : [2439,1000,com.thundercomm.remotecontrolservice,10880000,8355840,0,103227392,0,0,4]
03-14 04:01:42.476 782 830 I am_pss : [2436,1068,com.android.se,5964800,4018176,0,92033024,0,0,4]
03-14 04:01:42.481 782 830 I am_pss : [2389,10080,com.qti.qualcomm.mstatssystemservice,5626880,3739648,0,90329088,0,0,5]
03-14 04:01:42.487 782 830 I am_pss : [2362,1000,vendor.qti.qesdk.sysservice,5746688,3801088,0,91791360,0,0,4]
03-14 04:01:42.491 782 830 I am_pss : [2347,1000,com.thundercomm.tcsetupwizard,6993920,5111808,0,91897856,0,0,4]
03-14 04:01:42.497 782 830 I am_pss : [2321,1073,com.android.networkstack.process,11405312,8753152,0,105111552,0,0,5]
03-14 04:01:42.503 782 830 I am_pss : [2295,1000,com.tc.logclient,7758848,5500928,0,99237888,0,0,5]
03-14 04:01:42.507 782 830 I am_pss : [2264,1000,com.thundercomm.tchttpserver,8141824,6123520,0,94916608,0,0,4]
03-14 04:01:42.513 782 830 I am_pss : [2257,10056,.qtidataservices,6088704,4161536,0,91893760,0,0,5]
03-14 04:01:42.519 782 830 I am_pss : [2222,1001,.dataservices,8074240,6062080,0,94617600,0,0,5]
03-14 04:01:42.524 782 830 I am_pss : [2216,1000,com.thundercomm.microsettings,19305472,9764864,0,115642368,0,0,5]
03-14 04:01:42.529 782 830 I am_pss : [2209,1000,com.thundercomm.microservice,9288704,7282688,0,96526336,0,0,4]
03-14 04:01:42.536 782 830 I am_pss : [2118,1000,com.thundercomm.gamemode,26422272,19705856,0,137846784,0,0,5]
03-14 04:01:42.549 782 830 I am_pss : [2006,10078,com.android.systemui,174056448,154116096,0,338452480,0,0,12]
03-14 04:01:42.569 782 830 I am_pss : [782,1000,system,232333312,134817792,0,565045248,0,0,18]
01-01 08:11:17.031 0 0 E DTC_ETH,link_delay_work_func: 3003, SQI=0, link=0
01-01 08:11:17.609 0 0 I msm_vidc: err : ffffffff: .....: DBLP Set: status 0
03-14 04:01:44.278 782 2969 E TaskPersister: File error accessing recents directory (directory doesn't exist?).
03-14 04:01:48.559 782 1340 D ActivityManager: freezing 2680 com.qualcomm.qti.qccauthmgr
03-14 04:01:48.559 782 1340 E ActivityManager: Unable to freeze binder for 2680 com.qualcomm.qti.qccauthmgr
03-14 04:01:48.561 782 1340 D ActivityManager: froze 2680 com.qualcomm.qti.qccauthmgr
03-14 04:01:48.561 782 1340 I am_freeze: [2680,com.qualcomm.qti.qccauthmgr]
03-14 04:01:48.561 782 1340 E ActivityManager: Unable to freeze binder for 2680 com.qualcomm.qti.qccauthmgr
01-01 08:11:21.954 0 0 I binder : 782:1340 ioctl 400c620e 70a125d5d8 returned -22
01-01 08:11:21.956 0 0 I binder : 782:1340 ioctl c00c620f 70a125d5b8 returned -22
03-14 04:01:48.563 782 1340 I ActivityManager: Killing 2680:com.qualcomm.qti.qccauthmgr/u0a81 (adj 965): Unable to freeze binder interface
03-14 04:01:48.563 782 1340 I am_kill : [0,2680,com.qualcomm.qti.qccauthmgr,965,Unable to freeze binder interface]
03-14 04:01:48.591 782 4406 I am_proc_died: [0,2680,com.qualcomm.qti.qccauthmgr,965,19]
03-14 04:01:48.592 782 4406 I am_uid_stopped: 10081
01-01 08:11:22.151 0 0 E DTC_ETH,link_delay_work_func: 3003, SQI=0, link=0
03-14 04:01:51.256 782 825 W ActivityTaskManager: Launch timeout has expired, giving up wake lock!
01-01 08:11:27.271 0 0 E DTC_ETH,link_delay_work_func: 3003, SQI=0, link=0
03-14 04:01:57.979 782 872 I am_uid_idle: 10086
01-01 08:11:32.391 0 0 E DTC_ETH,link_delay_work_func: 3003, SQI=0, link=0
01-01 08:11:36.009 0 0 I msm_vidc: err : ffffffff: .....: DBLP Set: status 0
01-01 08:11:37.511 0 0 E DTC_ETH,link_delay_work_func: 3003, SQI=0, link=0
03-14 04:02:06.800 782 1302 W DeviceIdleController: motion timeout went off and device isn't stationary
03-14 04:02:06.806 782 782 D CompatibilityChangeReporter: Compat change id reported: 168419799; UID 1000; state: DISABLED
03-14 04:02:06.820 782 830 I am_pss : [3100,10071,com.qualcomm.location.XT,6747136,4673536,0,94212096,0,6,10]
03-14 04:02:06.836 782 830 I am_pss : [3379,10023,com.baidu.input,92548096,78843904,0,214200320,0,7,14]
01-01 08:11:42.631 0 0 E DTC_ETH,link_delay_work_func: 3003, SQI=0, link=0
03-14 04:02:10.141 782 4837 I BackgroundDexOptService: Pinning optimized code {}
01-01 08:11:47.751 0 0 E DTC_ETH,link_delay_work_func: 3003, SQI=0, link=0
01-01 08:11:50.141 0 0 I binder : 782:1340 ioctl 400c620e 70a125d5d8 returned -22
03-14 04:02:16.746 782 1340 D ActivityManager: freezing 3745 com.android.permissioncontroller
03-14 04:02:16.746 782 1340 E ActivityManager: Unable to freeze binder for 3745 com.android.permissioncontroller
03-14 04:02:16.748 782 1340 D ActivityManager: froze 3745 com.android.permissioncontroller
03-14 04:02:16.748 782 1340 I am_freeze: [3745,com.android.permissioncontroller]
03-14 04:02:16.748 782 1340 E ActivityManager: Unable to freeze binder for 3745 com.android.permissioncontroller
01-01 08:11:50.143 0 0 I binder : 782:1340 ioctl c00c620f 70a125d5b8 returned -22
03-14 04:02:16.750 782 1340 I ActivityManager: Killing 3745:com.android.permissioncontroller/u0a90 (adj 955): Unable to freeze binder interface
03-14 04:02:16.751 782 1340 I am_kill : [0,3745,com.android.permissioncontroller,955,Unable to freeze binder interface]
03-14 04:02:16.786 782 4406 I am_proc_died: [0,3745,com.android.permissioncontroller,955,19]
03-14 04:02:16.787 782 4406 I am_uid_stopped: 10090
03-14 04:02:16.802 782 830 I am_pss : [3080,10091,com.android.providers.media.module,19120128,15073280,0,124403712,0,0,11]
03-14 04:02:16.810 782 830 I am_pss : [2768,10070,com.qualcomm.location,10356736,7450624,0,104120320,0,0,7]
03-14 04:02:17.167 782 872 I am_uid_idle: 10063
01-01 08:11:52.871 0 0 E DTC_ETH,link_delay_work_func: 3003, SQI=0, link=0
01-01 08:11:57.991 0 0 E DTC_ETH,link_delay_work_func: 3003, SQI=0, link=0
01-01 08:12:03.111 0 0 E DTC_ETH,link_delay_work_func: 3003, SQI=0, link=0
03-14 04:02:34.257 782 1000 V DisplayPowerController[0]: Brightness [0.05] reason changing to: 'manual [ dim ]', previous reason: 'manual'.
03-14 04:02:34.258 782 1000 I sysui_multi_action: [757,1696,758,6,759,2]
03-14 04:02:34.258 782 1000 W PowerManagerService: Screen on took 137711 ms
03-14 04:02:34.273 782 1952 E DisplayDeviceConfig: requesting nits when no mapping exists.
03-14 04:02:34.274 782 1952 E DisplayDeviceConfig: requesting nits when no mapping exists.
03-14 04:02:34.274 782 872 I am_wtf : [0,782,system_server,-1,DisplayDeviceConfig,requesting nits when no mapping exists.]
03-14 04:02:34.276 782 872 I DropBoxManagerService: add tag=system_server_wtf isTagEnabled=true flags=0x2
03-14 04:02:34.278 782 872 I am_wtf : [0,782,system_server,-1,DisplayDeviceConfig,requesting nits when no mapping exists.]
03-14 04:02:34.279 782 872 I DropBoxManagerService: add tag=system_server_wtf isTagEnabled=true flags=0x2
03-14 04:02:34.289 782 1952 E DisplayDeviceConfig: requesting nits when no mapping exists.
03-14 04:02:34.289 782 1952 E DisplayDeviceConfig: requesting nits when no mapping exists.
03-14 04:02:34.290 782 872 I am_wtf : [0,782,system_server,-1,DisplayDeviceConfig,requesting nits when no mapping exists.]
03-14 04:02:34.290 782 872 I DropBoxManagerService: add tag=system_server_wtf isTagEnabled=true flags=0x2
03-14 04:02:34.291 782 872 I am_wtf : [0,782,system_server,-1,DisplayDeviceConfig,requesting nits when no mapping exists.]
03-14 04:02:34.292 782 872 I DropBoxManagerService: add tag=system_server_wtf isTagEnabled=true flags=0x2
03-14 04:02:34.306 782 1952 E DisplayDeviceConfig: requesting nits when no mapping exists.
03-14 04:02:34.306 782 872 I am_wtf : [0,782,system_server,-1,DisplayDeviceConfig,requesting nits when no mapping exists.]
03-14 04:02:34.306 782 1952 E DisplayDeviceConfig: requesting nits when no mapping exists.
03-14 04:02:34.307 782 872 I service_manager_stats: [100,43,75566]
03-14 04:02:34.307 782 872 I DropBoxManagerService: add tag=system_server_wtf isTagEnabled=true flags=0x2
03-14 04:02:34.308 782 872 I am_wtf : [0,782,system_server,-1,DisplayDeviceConfig,requesting nits when no mapping exists.]
03-14 04:02:34.321 782 1952 E DisplayDeviceConfig: requesting nits when no mapping exists.
03-14 04:02:34.321 782 872 I am_wtf : [0,782,system_server,-1,DisplayDeviceConfig,requesting nits when no mapping exists.]
03-14 04:02:34.321 782 1952 E DisplayDeviceConfig: requesting nits when no mapping exists.
03-14 04:02:34.322 782 872 I am_wtf : [0,782,system_server,-1,DisplayDeviceConfig,requesting nits when no mapping exists.]
03-14 04:02:34.338 782 1952 E DisplayDeviceConfig: requesting nits when no mapping exists.
03-14 04:02:34.338 782 1952 E DisplayDeviceConfig: requesting nits when no mapping exists.
03-14 04:02:34.339 782 872 I am_wtf : [0,782,system_server,-1,DisplayDeviceConfig,requesting nits when no mapping exists.]
03-14 04:02:34.340 782 872 I am_wtf : [0,782,system_server,-1,DisplayDeviceConfig,requesting nits when no mapping exists.]
03-14 04:02:34.354 782 1952 E DisplayDeviceConfig: requesting nits when no mapping exists.
03-14 04:02:34.355 782 1952 E DisplayDeviceConfig: requesting nits when no mapping exists.
03-14 04:02:34.355 782 872 I am_wtf : [0,782,system_server,-1,DisplayDeviceConfig,requesting nits when no mapping exists.]
03-14 04:02:34.355 782 872 I am_wtf : [0,782,system_server,-1,DisplayDeviceConfig,requesting nits when no mapping exists.]
03-14 04:02:34.371 782 1952 E DisplayDeviceConfig: requesting nits when no mapping exists.
03-14 04:02:34.372 782 1952 E DisplayDeviceConfig: requesting nits when no mapping exists.
03-14 04:02:34.372 782 872 I am_wtf : [0,782,system_server,-1,DisplayDeviceConfig,requesting nits when no mapping exists.]
03-14 04:02:34.372 782 872 I am_wtf : [0,782,system_server,-1,DisplayDeviceConfig,requesting nits when no mapping exists.]
03-14 04:02:34.388 782 1952 E DisplayDeviceConfig: requesting nits when no mapping exists.
03-14 04:02:34.388 782 1952 E DisplayDeviceConfig: requesting nits when no mapping exists.
03-14 04:02:34.389 782 872 I am_wtf : [0,782,system_server,-1,DisplayDeviceConfig,requesting nits when no mapping exists.]
03-14 04:02:34.390 782 872 I am_wtf : [0,782,system_server,-1,DisplayDeviceConfig,requesting nits when no mapping exists.]
03-14 04:02:34.405 782 1952 E DisplayDeviceConfig: requesting nits when no mapping exists.
03-14 04:02:34.405 782 1952 E DisplayDeviceConfig: requesting nits when no mapping exists.
03-14 04:02:34.406 782 872 I am_wtf : [0,782,system_server,-1,DisplayDeviceConfig,requesting nits when no mapping exists.]
03-14 04:02:34.407 782 872 I am_wtf : [0,782,system_server,-1,DisplayDeviceConfig,requesting nits when no mapping exists.]
03-14 04:02:34.421 782 1952 E DisplayDeviceConfig: requesting nits when no mapping exists.
03-14 04:02:34.422 782 1952 E DisplayDeviceConfig: requesting nits when no mapping exists.
03-14 04:02:34.422 782 872 I am_wtf : [0,782,system_server,-1,DisplayDeviceConfig,requesting nits when no mapping exists.]
03-14 04:02:34.422 782 872 I am_wtf : [0,782,system_server,-1,DisplayDeviceConfig,requesting nits when no mapping exists.]
03-14 04:02:34.438 782 1952 E DisplayDeviceConfig: requesting nits when no mapping exists.
03-14 04:02:34.438 782 1952 E DisplayDeviceConfig: requesting nits when no mapping exists.
