03-14 03:51:03.307 1422 1422 I auditd : type=1400 audit(0.0:426): avc: denied { open } for comm="ipacm-diag" path="/dev/diag" dev="tmpfs" ino=1107 scontext=u:r:hal_tetheroffload_default:s0 tcontext=u:object_r:vendor_diag_device:s0 tclass=chr_file permissive=1
01-01 08:00:36.718 0 0 I init : starting service 'vendor.cdsprpcd'...
01-01 08:00:36.725 0 0 E bolero-codec soc: qcom,msm-audio-apr:qcom,q6core-audio:bolero-cdc: ASoC: unknown pin WSA AIF VI
01-01 08:00:36.738 0 0 E init : Could not start service 'vendor_flash_recovery' as part of class 'main': Cannot find '/vendor/bin/install-recovery.sh': No such file or directory
01-01 08:00:36.750 0 0 E kona-asoc-snd soc: qcom,msm-audio-apr:qcom,q6core-audio:sound: ASoC: no source widget found for MIC BIAS1
01-01 08:00:36.757 0 0 I init : starting service 'wfdvndservice'...
01-01 08:00:36.766 0 0 E kona-asoc-snd soc: qcom,msm-audio-apr:qcom,q6core-audio:sound: ASoC: Failed to add route MIC BIAS1 -> direct -> AMIC1
01-01 08:00:36.766 0 0 E kona-asoc-snd soc: qcom,msm-audio-apr:qcom,q6core-audio:sound: ASoC: no sink widget found for MIC BIAS1
01-01 08:00:36.766 0 0 E kona-asoc-snd soc: qcom,msm-audio-apr:qcom,q6core-audio:sound: ASoC: Failed to add route Analog Mic1 -> direct -> MIC BIAS1
01-01 08:00:36.766 0 0 E kona-asoc-snd soc: qcom,msm-audio-apr:qcom,q6core-audio:sound: ASoC: no source widget found for MIC BIAS2
01-01 08:00:36.780 0 0 I init : starting service 'media.swcodec'...
01-01 08:00:36.787 0 0 E kona-asoc-snd soc: qcom,msm-audio-apr:qcom,q6core-audio:sound: ASoC: Failed to add route MIC BIAS2 -> direct -> AMIC2
01-01 08:00:36.787 0 0 E kona-asoc-snd soc: qcom,msm-audio-apr:qcom,q6core-audio:sound: ASoC: no sink widget found for MIC BIAS2
01-01 08:00:36.800 0 0 I init : Command 'class_start main' action=nonencrypted (/system/etc/init/hw/init.rc:1118) took 544ms and succeeded
01-01 08:00:36.808 0 0 E kona-asoc-snd soc: qcom,msm-audio-apr:qcom,q6core-audio:sound: ASoC: Failed to add route Analog Mic2 -> direct -> MIC BIAS2
01-01 08:00:36.808 0 0 E kona-asoc-snd soc: qcom,msm-audio-apr:qcom,q6core-audio:sound: ASoC: no source widget found for MIC BIAS3
01-01 08:00:36.821 0 0 I init : Service 'vendor.qti-chg-policy-sh' (pid 1219) exited with status 0 oneshot service took 0.854000 seconds in background
01-01 08:00:36.830 0 0 E kona-asoc-snd soc: qcom,msm-audio-apr:qcom,q6core-audio:sound: ASoC: Failed to add route MIC BIAS3 -> direct -> AMIC3
01-01 08:00:36.830 0 0 E kona-asoc-snd soc: qcom,msm-audio-apr:qcom,q6core-audio:sound: ASoC: no sink widget found for MIC BIAS3
01-01 08:00:36.842 0 0 I binder : 1509:1509 ioctl 40046210 7fcbcf6a94 returned -22
01-01 08:00:36.842 0 0 I init : Sending signal 9 to service 'vendor.qti-chg-policy-sh' (pid 1219) process group...
01-01 08:00:36.842 0 0 I libprocessgroup: Successfully killed process cgroup uid 0 pid 1219 in 0ms
01-01 08:00:36.843 0 0 I init : Service 'exec 27 (/system/bin/bootstat --set_system_boot_reason)' (pid 1278) exited with status 0 oneshot service took 0.601000 seconds in background
01-01 08:00:36.843 0 0 I init : Sending signal 9 to service 'exec 27 (/system/bin/bootstat --set_system_boot_reason)' (pid 1278) process group...
01-01 08:00:36.843 0 0 I libprocessgroup: Successfully killed process cgroup uid 1000 pid 1278 in 0ms
01-01 08:00:36.843 0 0 I init : Service 'hht_ota_mgr_service' (pid 1330) exited with status 0
01-01 08:00:36.843 0 0 I init : Sending signal 9 to service 'hht_ota_mgr_service' (pid 1330) process group...
01-01 08:00:36.843 0 0 I libprocessgroup: Successfully killed process cgroup uid 0 pid 1330 in 0ms
01-01 08:00:36.851 0 0 E kona-asoc-snd soc: qcom,msm-audio-apr:qcom,q6core-audio:sound: ASoC: Failed to add route Analog Mic3 -> direct -> MIC BIAS3
01-01 08:00:36.851 0 0 E kona-asoc-snd soc: qcom,msm-audio-apr:qcom,q6core-audio:sound: ASoC: no source widget found for MIC BIAS3
01-01 08:00:36.854 0 0 I init : Service 'vendor.mutualex' (pid 1423) exited with status 0 oneshot service took 0.180000 seconds in background
01-01 08:00:36.854 0 0 I init : Sending signal 9 to service 'vendor.mutualex' (pid 1423) process group...
01-01 08:00:36.854 0 0 I libprocessgroup: Successfully killed process cgroup uid 1001 pid 1423 in 0ms
01-01 08:00:36.854 0 0 I init : Service 'vendor.port-bridge' (pid 1427) exited with status 1 oneshot service took 0.177000 seconds in background
01-01 08:00:36.854 0 0 I init : Sending signal 9 to service 'vendor.port-bridge' (pid 1427) process group...
01-01 08:00:36.854 0 0 I libprocessgroup: Successfully killed process cgroup uid 1001 pid 1427 in 0ms
01-01 08:00:36.855 0 0 E init : Control message: Could not find 'android.hardware.sensors@2.0::ISensors/default' for ctl.interface_start from pid: 514 (/system/bin/hwservicemanager)
01-01 08:00:36.856 0 0 I init : starting service 'nqnfcinfo'...
01-01 08:00:36.860 0 0 I IPv6 : ADDRCONF(NETDEV_UP): vlan0: link is not ready
01-01 08:00:36.862 0 0 I init : starting service 'cnss-daemon'...
01-01 08:00:36.863 0 0 I init : starting service 'ssgqmigd'...
01-01 08:00:36.863 0 0 I init : Created socket '/dev/socket/ssgqmig', mode 660, user 1001, group 3003
01-01 08:00:36.871 0 0 I cnss-daemon: interop issues ap: read_iot_ap_file: No such file /data/vendor/wifi/iotap_ps.bin
03-14 03:51:03.463 1517 1517 I auditd : type=1400 audit(0.0:427): avc: denied { read } for comm="ip" name="rt_tables" dev="dm-10" ino=344 scontext=u:r:ethernet:s0 tcontext=u:object_r:net_data_file:s0 tclass=file permissive=1
01-01 08:00:36.871 0 0 I cnss-daemon: interop issues ap: read_iot_ap_ps_from_file, read file error
01-01 08:00:36.872 0 0 E kona-asoc-snd soc: qcom,msm-audio-apr:qcom,q6core-audio:sound: ASoC: Failed to add route MIC BIAS3 -> direct -> AMIC4
01-01 08:00:36.873 0 0 E kona-asoc-snd soc: qcom,msm-audio-apr:qcom,q6core-audio:sound: ASoC: no sink widget found for MIC BIAS3
01-01 08:00:36.874 0 0 I cnss-daemon: NL group_id 10, cnss_nl.family_id 28
01-01 08:00:36.874 0 0 I cnss-daemon: wlfw_start: Starting
01-01 08:00:36.874 0 0 I cnss-daemon: no interop issues ap currently
03-14 03:51:03.475 1517 1517 I auditd : type=1400 audit(0.0:428): avc: denied { open } for comm="ip" path="/data/misc/net/rt_tables" dev="dm-10" ino=344 scontext=u:r:ethernet:s0 tcontext=u:object_r:net_data_file:s0 tclass=file permissive=1
03-14 03:51:03.475 1517 1517 I auditd : type=1400 audit(0.0:429): avc: denied { getattr } for comm="ip" path="/data/misc/net/rt_tables" dev="dm-10" ino=344 scontext=u:r:ethernet:s0 tcontext=u:object_r:net_data_file:s0 tclass=file permissive=1
01-01 08:00:36.875 0 0 I cnss-daemon: ro.baseband : [apq]
01-01 08:00:36.875 0 0 I cnss-daemon: Hardware supports external modem
01-01 08:00:36.876 0 0 I cnss-daemon: wlfw_service_request: Start the pthread: 0x0K
01-01 08:00:36.880 0 0 I cnss-daemon: pm_release_vote: pm_handle is NULL
01-01 08:00:36.880 0 0 I cnss-daemon: pm_release_vote: pm_handle is NULL
01-01 08:00:36.880 0 0 I cnss-daemon: wlfw_build_cal_table: not read /data/vendor/wifi/wlfw_cal_00.bin
01-01 08:00:36.882 0 0 I cnss-daemon: wlfw_build_cal_table: not read /data/vendor/wifi/wlfw_cal_02.bin
01-01 08:00:36.882 0 0 I cnss-daemon: wlfw_build_cal_table: not read /data/vendor/wifi/wlfw_cal_03.bin
01-01 08:00:36.882 0 0 I cnss-daemon: wlfw_build_cal_table: not read /data/vendor/wifi/wlfw_cal_04.bin
01-01 08:00:36.886 0 0 I init : starting service 'mlid'...
01-01 08:00:36.887 0 0 D cnss : Received QMI WLFW request memory indication
01-01 08:00:36.887 0 0 D cnss : FW requests for memory, size: 0x5e0000, type: 1
01-01 08:00:36.887 0 0 D cnss : FW requests for memory, size: 0xd8000, type: 4
01-01 08:00:36.887 0 0 D cnss : Posting event: REQUEST_MEM(2), state: 0x9 flags: 0x0
01-01 08:00:36.887 0 0 D cnss : PM stay awake, state: 0x9, count: 1
01-01 08:00:36.887 0 0 D cnss : PM relax, state: 0x9, count: 0
01-01 08:00:36.887 0 0 D cnss : PM stay awake, state: 0x9, count: 1
01-01 08:00:36.887 0 0 D cnss : Processing driver event: REQUEST_MEM(2), state: 0x9
01-01 08:00:36.894 0 0 E kona-asoc-snd soc: qcom,msm-audio-apr:qcom,q6core-audio:sound: ASoC: Failed to add route Analog Mic4 -> direct -> MIC BIAS3
01-01 08:00:36.894 0 0 E kona-asoc-snd soc: qcom,msm-audio-apr:qcom,q6core-audio:sound: ASoC: no source widget found for MIC BIAS4
01-01 08:00:36.906 0 0 I init : Created socket '/dev/socket/mlid', mode 666, user 1021, group 1021
01-01 08:00:36.915 0 0 E kona-asoc-snd soc: qcom,msm-audio-apr:qcom,q6core-audio:sound: ASoC: Failed to add route MIC BIAS4 -> direct -> AMIC5
01-01 08:00:36.915 0 0 E kona-asoc-snd soc: qcom,msm-audio-apr:qcom,q6core-audio:sound: ASoC: no sink widget found for MIC BIAS4
01-01 08:00:36.928 0 0 I init : starting service 'loc_launcher'...
01-01 08:00:36.936 0 0 E kona-asoc-snd soc: qcom,msm-audio-apr:qcom,q6core-audio:sound: ASoC: Failed to add route Analog Mic5 -> direct -> MIC BIAS4
01-01 08:00:36.936 0 0 E kona-asoc-snd soc: qcom,msm-audio-apr:qcom,q6core-audio:sound: ASoC: no source widget found for MIC BIAS3
01-01 08:00:36.949 0 0 I init : starting service 'qcom-sh'...
01-01 08:00:36.954 0 0 E kona-asoc-snd soc: qcom,msm-audio-apr:qcom,q6core-audio:sound: ASoC: Failed to add route MIC BIAS3 -> direct -> TX DMIC0
01-01 08:00:36.954 0 0 E kona-asoc-snd soc: qcom,msm-audio-apr:qcom,q6core-audio:sound: ASoC: no sink widget found for MIC BIAS3
01-01 08:00:36.999 0 0 E init : Could not start service 'qvop-daemon' as part of class 'late_start': Cannot find '/vendor/bin/qvop-daemon': No such file or directory
01-01 08:00:37.005 0 0 I IPv6 : ADDRCONF(NETDEV_UP): vlan1: link is not ready
03-14 03:51:03.611 1581 1581 I auditd : type=1400 audit(0.0:430): avc: denied { read } for comm="ip" name="rt_tables" dev="dm-10" ino=344 scontext=u:r:ethernet:s0 tcontext=u:object_r:net_data_file:s0 tclass=file permissive=1
03-14 03:51:03.611 1581 1581 I auditd : type=1400 audit(0.0:431): avc: denied { open } for comm="ip" path="/data/misc/net/rt_tables" dev="dm-10" ino=344 scontext=u:r:ethernet:s0 tcontext=u:object_r:net_data_file:s0 tclass=file permissive=1
03-14 03:51:03.611 1581 1581 I auditd : type=1400 audit(0.0:432): avc: denied { getattr } for comm="ip" path="/data/misc/net/rt_tables" dev="dm-10" ino=344 scontext=u:r:ethernet:s0 tcontext=u:object_r:net_data_file:s0 tclass=file permissive=1
01-01 08:00:37.008 0 0 E kona-asoc-snd soc: qcom,msm-audio-apr:qcom,q6core-audio:sound: ASoC: Failed to add route Digital Mic0 -> direct -> MIC BIAS3
01-01 08:00:37.008 0 0 E kona-asoc-snd soc: qcom,msm-audio-apr:qcom,q6core-audio:sound: ASoC: no source widget found for MIC BIAS3
01-01 08:00:37.023 0 0 E init : Could not start service 'qseeproxydaemon' as part of class 'late_start': Cannot find '/system/vendor/bin/qseeproxydaemon': No such file or directory
01-01 08:00:37.031 0 0 E DTC_ETH,link_delay_work_func: 3003, SQI=0, link=0
01-01 08:00:37.033 0 0 E kona-asoc-snd soc: qcom,msm-audio-apr:qcom,q6core-audio:sound: ASoC: Failed to add route MIC BIAS3 -> direct -> TX DMIC1
01-01 08:00:37.034 0 0 E kona-asoc-snd soc: qcom,msm-audio-apr:qcom,q6core-audio:sound: ASoC: no sink widget found for MIC BIAS3
01-01 08:00:37.045 0 0 E init : Could not start service 'chre' as part of class 'late_start': Cannot find '/vendor/bin/chre': No such file or directory
03-14 03:51:03.663 782 782 I service_manager_slow: [11,accessibility]
01-01 08:00:37.056 0 0 E kona-asoc-snd soc: qcom,msm-audio-apr:qcom,q6core-audio:sound: ASoC: Failed to add route Digital Mic1 -> direct -> MIC BIAS3
03-14 03:51:03.674 782 782 I wm_task_created: [1,-1]
01-01 08:00:37.068 0 0 I init : starting service 'gatekeeperd'...
03-14 03:51:03.686 782 825 I sysui_multi_action: [757,1594,758,4,759,0,806,NULL]
01-01 08:00:37.079 0 0 E kona-asoc-snd soc: qcom,msm-audio-apr:qcom,q6core-audio:sound: ASoC: no source widget found for MIC BIAS1
01-01 08:00:37.093 0 0 I init : starting service 'tzlog'...
01-01 08:00:37.102 0 0 E kona-asoc-snd soc: qcom,msm-audio-apr:qcom,q6core-audio:sound: ASoC: Failed to add route MIC BIAS1 -> direct -> TX DMIC2
01-01 08:00:37.102 0 0 E kona-asoc-snd soc: qcom,msm-audio-apr:qcom,q6core-audio:sound: ASoC: no sink widget found for MIC BIAS1
01-01 08:00:37.112 0 0 I binder : 1610:1610 ioctl 40046210 7fffcb00b4 returned -22
01-01 08:00:37.112 0 0 I binder : 1610:1610 ioctl 40046210 7fffcafee4 returned -22
03-14 03:51:03.723 782 782 I auditd : type=1400 audit(0.0:433): avc: denied { read } for comm="InputReader" name="virtualkeys.cyttsp7_mt" dev="sysfs" ino=63007 scontext=u:r:system_server:s0 tcontext=u:object_r:sysfs:s0 tclass=file permissive=1
03-14 03:51:03.723 782 782 I auditd : type=1400 audit(0.0:434): avc: denied { open } for comm="InputReader" path="/sys/board_properties/virtualkeys.cyttsp7_mt" dev="sysfs" ino=63007 scontext=u:r:system_server:s0 tcontext=u:object_r:sysfs:s0 tclass=file permissive=1
03-14 03:51:03.723 782 782 I auditd : type=1400 audit(0.0:435): avc: denied { getattr } for comm="InputReader" path="/sys/board_properties/virtualkeys.cyttsp7_mt" dev="sysfs" ino=63007 scontext=u:r:system_server:s0 tcontext=u:object_r:sysfs:s0 tclass=file permissive=1
01-01 08:00:37.116 0 0 I init : starting service 'update_engine'...
03-14 03:51:03.723 782 782 I auditd : type=1400 audit(0.0:436): avc: denied { map } for comm="InputReader" path="/sys/board_properties/virtualkeys.cyttsp7_mt" dev="sysfs" ino=63007 scontext=u:r:system_server:s0 tcontext=u:object_r:sysfs:s0 tclass=file permissive=1
01-01 08:00:37.125 0 0 E kona-asoc-snd soc: qcom,msm-audio-apr:qcom,q6core-audio:sound: ASoC: Failed to add route Digital Mic2 -> direct -> MIC BIAS1
01-01 08:00:37.128 0 0 I IPv6 : ADDRCONF(NETDEV_UP): vlan2: link is not ready
03-14 03:51:03.738 782 782 I configuration_changed: 536894968
03-14 03:51:03.739 782 782 I sysui_multi_action: [757,1659,758,4,759,2,1660,0]
03-14 03:51:03.741 782 782 I configuration_changed: 8
01-01 08:00:37.139 0 0 I init : starting service 'usbd'...
01-01 08:00:37.148 0 0 E kona-asoc-snd soc: qcom,msm-audio-apr:qcom,q6core-audio:sound: ASoC: no source widget found for MIC BIAS1
01-01 08:00:37.161 0 0 I init : starting service 'vendor.qcc-trd'...
01-01 08:00:37.171 0 0 E kona-asoc-snd soc: qcom,msm-audio-apr:qcom,q6core-audio:sound: ASoC: Failed to add route MIC BIAS1 -> direct -> TX DMIC3
01-01 08:00:37.171 0 0 E kona-asoc-snd soc: qcom,msm-audio-apr:qcom,q6core-audio:sound: ASoC: no sink widget found for MIC BIAS1
01-01 08:00:37.175 0 0 I binder : 1627:1627 ioctl 40046210 7fdc3097b4 returned -22
01-01 08:00:37.176 0 0 I binder : 1627:1627 ioctl 40046210 7fdc3093b4 returned -22
01-01 08:00:37.178 0 0 I binder : 1638:1638 ioctl 40046210 7ffc9bee24 returned -22
01-01 08:00:37.188 0 0 I init : starting service 'qfp-daemon'...
01-01 08:00:37.198 0 0 E kona-asoc-snd soc: qcom,msm-audio-apr:qcom,q6core-audio:sound: ASoC: Failed to add route Digital Mic3 -> direct -> MIC BIAS1
01-01 08:00:37.198 0 0 E kona-asoc-snd soc: qcom,msm-audio-apr:qcom,q6core-audio:sound: ASoC: no source widget found for MIC BIAS4
01-01 08:00:37.198 0 0 E kona-asoc-snd soc: qcom,msm-audio-apr:qcom,q6core-audio:sound: ASoC: Failed to add route MIC BIAS4 -> direct -> TX DMIC4
01-01 08:00:37.198 0 0 E kona-asoc-snd soc: qcom,msm-audio-apr:qcom,q6core-audio:sound: ASoC: no sink widget found for MIC BIAS4
01-01 08:00:37.213 0 0 I init : starting service 'vendor.tlocd'...
01-01 08:00:37.221 0 0 E kona-asoc-snd soc: qcom,msm-audio-apr:qcom,q6core-audio:sound: ASoC: Failed to add route Digital Mic4 -> direct -> MIC BIAS4
01-01 08:00:37.221 0 0 E kona-asoc-snd soc: qcom,msm-audio-apr:qcom,q6core-audio:sound: ASoC: no source widget found for MIC BIAS4
01-01 08:00:37.234 0 0 I init : starting service 'vendor-sensor-sh'...
01-01 08:00:37.244 0 0 E kona-asoc-snd soc: qcom,msm-audio-apr:qcom,q6core-audio:sound: ASoC: Failed to add route MIC BIAS4 -> direct -> TX DMIC5
01-01 08:00:37.249 0 0 D qbt : qbt_open: entry minor_no=0 fd_available=1
01-01 08:00:37.249 0 0 D qbt : qbt_open: exit : 0 fd_available=0
01-01 08:00:37.249 0 0 D qbt : qbt_open: entry minor_no=1 fd_available=0
01-01 08:00:37.249 0 0 D qbt : qbt_open: exit : 0 fd_available=0
01-01 08:00:37.249 0 0 D qbt : qbt_ioctl: cmd received 102
01-01 08:00:37.249 0 0 D qbt : qbt_ioctl: qbt_ioctl: QBT_ENABLE_IPC
01-01 08:00:37.249 0 0 D qbt : qbt_ioctl: cmd received 107
01-01 08:00:37.249 0 0 D qbt : qbt_ioctl: Acquiring wakelock
01-01 08:00:37.267 0 0 I init : Command 'class_start late_start' action=nonencrypted (/system/etc/init/hw/init.rc:1119) took 411ms and succeeded
01-01 08:00:37.267 0 0 E kona-asoc-snd soc: qcom,msm-audio-apr:qcom,q6core-audio:sound: ASoC: no sink widget found for MIC BIAS4
01-01 08:00:37.270 0 0 I IPv6 : ADDRCONF(NETDEV_UP): vlan4: link is not ready
03-14 03:51:03.871 1674 1674 I auditd : type=1400 audit(0.0:437): avc: denied { read } for comm="ip" name="rt_tables" dev="dm-10" ino=344 scontext=u:r:ethernet:s0 tcontext=u:object_r:net_data_file:s0 tclass=file permissive=1
03-14 03:51:03.871 1674 1674 I auditd : type=1400 audit(0.0:438): avc: denied { open } for comm="ip" path="/data/misc/net/rt_tables" dev="dm-10" ino=344 scontext=u:r:ethernet:s0 tcontext=u:object_r:net_data_file:s0 tclass=file permissive=1
03-14 03:51:03.871 1674 1674 I auditd : type=1400 audit(0.0:439): avc: denied { getattr } for comm="ip" path="/data/misc/net/rt_tables" dev="dm-10" ino=344 scontext=u:r:ethernet:s0 tcontext=u:object_r:net_data_file:s0 tclass=file permissive=1
01-01 08:00:37.278 0 0 I init : Service 'nqnfcinfo' (pid 1516) exited with status 1 oneshot service took 0.421000 seconds in background --------- beginning of radio
03-14 03:51:03.902 782 782 D TelephonyRegistry: listen oscl: mHasNotifySubscriptionInfoChangedOccurred==false no callback
01-01 08:00:37.290 0 0 E kona-asoc-snd soc: qcom,msm-audio-apr:qcom,q6core-audio:sound: ASoC: Failed to add route Digital Mic5 -> direct -> MIC BIAS4
01-01 08:00:37.301 0 0 I init : Sending signal 9 to service 'nqnfcinfo' (pid 1516) process group...
01-01 08:00:37.314 0 0 E kona-asoc-snd soc: qcom,msm-audio-apr:qcom,q6core-audio:sound: ASoC: no sink widget found for IN1_HPHL
01-01 08:00:37.327 0 0 I libprocessgroup: Successfully killed process cgroup uid 1000 pid 1516 in 0ms
01-01 08:00:37.338 0 0 E kona-asoc-snd soc: qcom,msm-audio-apr:qcom,q6core-audio:sound: ASoC: Failed to add route HPHL_OUT -> direct -> IN1_HPHL
01-01 08:00:37.338 0 0 E kona-asoc-snd soc: qcom,msm-audio-apr:qcom,q6core-audio:sound: ASoC: no sink widget found for IN2_HPHR
01-01 08:00:37.354 0 0 I init : Service 'usbd' (pid 1638) exited with status 0 oneshot service took 0.193000 seconds in background
01-01 08:00:37.359 0 0 E kona-asoc-snd soc: qcom,msm-audio-apr:qcom,q6core-audio:sound: ASoC: Failed to add route HPHR_OUT -> direct -> IN2_HPHR
01-01 08:00:37.359 0 0 E kona-asoc-snd soc: qcom,msm-audio-apr:qcom,q6core-audio:sound: ASoC: no sink widget found for IN3_AUX
01-01 08:00:37.371 0 0 I init : Sending signal 9 to service 'usbd' (pid 1638) process group...
01-01 08:00:37.375 0 0 I IPv6 : ADDRCONF(NETDEV_UP): vlan8: link is not ready
03-14 03:51:03.981 782 1705 I storage_state: [41217664-9172-527a-b3d5-edabb50a7d69,0,0,115872968704,118610538496]
01-01 08:00:37.382 0 0 E kona-asoc-snd soc: qcom,msm-audio-apr:qcom,q6core-audio:sound: ASoC: Failed to add route AUX_OUT -> direct -> IN3_AUX
01-01 08:00:37.382 0 0 E kona-asoc-snd soc: qcom,msm-audio-apr:qcom,q6core-audio:sound: ASoC: no source widget found for ADC1_OUTPUT
01-01 08:00:37.394 0 0 I libprocessgroup: Successfully killed process cgroup uid 0 pid 1638 in 0ms
01-01 08:00:37.407 0 0 E kona-asoc-snd soc: qcom,msm-audio-apr:qcom,q6core-audio:sound: ASoC: Failed to add route ADC1_OUTPUT -> direct -> TX SWR_ADC0
01-01 08:00:37.407 0 0 E kona-asoc-snd soc: qcom,msm-audio-apr:qcom,q6core-audio:sound: ASoC: no source widget found for ADC2_OUTPUT
01-01 08:00:37.418 0 0 I init : Service 'vendor-sensor-sh' (pid 1667) exited with status 1 oneshot service took 0.161000 seconds in background
01-01 08:00:37.430 0 0 E kona-asoc-snd soc: qcom,msm-audio-apr:qcom,q6core-audio:sound: ASoC: Failed to add route ADC2_OUTPUT -> direct -> TX SWR_ADC1
01-01 08:00:37.430 0 0 E kona-asoc-snd soc: qcom,msm-audio-apr:qcom,q6core-audio:sound: ASoC: no source widget found for ADC3_OUTPUT
01-01 08:00:37.431 0 0 I IPv6 : ADDRCONF(NETDEV_UP): vlan11: link is not ready
03-14 03:51:04.039 1391 1391 I auditd : type=1400 audit(0.0:440): avc: denied { write } for comm="sh" name="ip_forward" dev="proc" ino=2910 scontext=u:r:ethernet:s0 tcontext=u:object_r:proc_net:s0 tclass=file permissive=1
03-14 03:51:04.039 1391 1391 I auditd : type=1400 audit(0.0:441): avc: denied { open } for comm="sh" path="/proc/sys/net/ipv4/ip_forward" dev="proc" ino=2910 scontext=u:r:ethernet:s0 tcontext=u:object_r:proc_net:s0 tclass=file permissive=1
03-14 03:51:04.043 1723 1723 I auditd : type=1400 audit(0.0:442): avc: denied { getattr } for comm="echo" path="/proc/sys/net/ipv4/ip_forward" dev="proc" ino=2910 scontext=u:r:ethernet:s0 tcontext=u:object_r:proc_net:s0 tclass=file permissive=1
01-01 08:00:37.440 0 0 I init : Sending signal 9 to service 'vendor-sensor-sh' (pid 1667) process group...
01-01 08:00:37.453 0 0 E kona-asoc-snd soc: qcom,msm-audio-apr:qcom,q6core-audio:sound: ASoC: Failed to add route ADC3_OUTPUT -> direct -> TX SWR_ADC2
01-01 08:00:37.453 0 0 E kona-asoc-snd soc: qcom,msm-audio-apr:qcom,q6core-audio:sound: ASoC: no source widget found for ADC4_OUTPUT
01-01 08:00:37.464 0 0 I libprocessgroup: Successfully killed process cgroup uid 0 pid 1667 in 0ms
01-01 08:00:37.476 0 0 E kona-asoc-snd soc: qcom,msm-audio-apr:qcom,q6core-audio:sound: ASoC: Failed to add route ADC4_OUTPUT -> direct -> TX SWR_ADC3
01-01 08:00:37.476 0 0 E kona-asoc-snd soc: qcom,msm-audio-apr:qcom,q6core-audio:sound: ASoC: no source widget found for DMIC1_OUTPUT
01-01 08:00:37.487 0 0 E init : Control message: Could not find 'android.hardware.sensors@2.0::ISensors/default' for ctl.interface_start from pid: 514 (/system/bin/hwservicemanager)
01-01 08:00:37.499 0 0 E kona-asoc-snd soc: qcom,msm-audio-apr:qcom,q6core-audio:sound: ASoC: Failed to add route DMIC1_OUTPUT -> direct -> TX SWR_DMIC0
01-01 08:00:37.510 0 0 I init : processing action (sys.usb.config=adb && sys.usb.configfs=1) from (/vendor/etc/init/hw/init.qcom.usb.rc:1633)
01-01 08:00:37.522 0 0 E kona-asoc-snd soc: qcom,msm-audio-apr:qcom,q6core-audio:sound: ASoC: no source widget found for DMIC2_OUTPUT
01-01 08:00:37.533 0 0 I init : Service 'ethernet' (pid 1391) exited with status 0 oneshot service took 0.969000 seconds in background
01-01 08:00:37.545 0 0 E kona-asoc-snd soc: qcom,msm-audio-apr:qcom,q6core-audio:sound: ASoC: Failed to add route DMIC2_OUTPUT -> direct -> TX SWR_DMIC1
01-01 08:00:37.545 0 0 E kona-asoc-snd soc: qcom,msm-audio-apr:qcom,q6core-audio:sound: ASoC: no source widget found for DMIC3_OUTPUT
01-01 08:00:37.556 0 0 I init : Sending signal 9 to service 'ethernet' (pid 1391) process group...
03-14 03:51:04.173 782 1331 I commit_sys_config_file: [settings-2-0,2]
01-01 08:00:37.556 0 0 I libprocessgroup: Successfully killed process cgroup uid 0 pid 1391 in 0ms
01-01 08:00:37.568 0 0 E kona-asoc-snd soc: qcom,msm-audio-apr:qcom,q6core-audio:sound: ASoC: Failed to add route DMIC3_OUTPUT -> direct -> TX SWR_DMIC2
01-01 08:00:37.568 0 0 E kona-asoc-snd soc: qcom,msm-audio-apr:qcom,q6core-audio:sound: ASoC: no source widget found for DMIC4_OUTPUT
01-01 08:00:37.579 0 0 E init : Control message: Could not find 'vendor.ril-daemon' for ctl.stop from pid: 1329 (stop vendor.ril-daemon)
01-01 08:00:37.591 0 0 E kona-asoc-snd soc: qcom,msm-audio-apr:qcom,q6core-audio:sound: ASoC: Failed to add route DMIC4_OUTPUT -> direct -> TX SWR_DMIC3
01-01 08:00:37.591 0 0 E kona-asoc-snd soc: qcom,msm-audio-apr:qcom,q6core-audio:sound: ASoC: no source widget found for DMIC5_OUTPUT
03-14 03:51:04.222 782 824 I commit_sys_config_file: [notification-policy,1]
01-01 08:00:37.602 0 0 E init : Control message: Could not find 'android.hardware.camera.provider@2.4::ICameraProvider/legacy/0' for ctl.interface_start from pid: 514 (/system/bin/hwservicemanager)
01-01 08:00:37.614 0 0 E kona-asoc-snd soc: qcom,msm-audio-apr:qcom,q6core-audio:sound: ASoC: Failed to add route DMIC5_OUTPUT -> direct -> TX SWR_DMIC4
01-01 08:00:37.614 0 0 E kona-asoc-snd soc: qcom,msm-audio-apr:qcom,q6core-audio:sound: ASoC: no source widget found for DMIC6_OUTPUT
01-01 08:00:37.624 0 0 I init : processing action (sys.usb.config=adb && sys.usb.configfs=1) from (/system/etc/init/hw/init.usb.configfs.rc:17)
01-01 08:00:37.636 0 0 E kona-asoc-snd soc: qcom,msm-audio-apr:qcom,q6core-audio:sound: ASoC: Failed to add route DMIC6_OUTPUT -> direct -> TX SWR_DMIC5
01-01 08:00:37.636 0 0 E kona-asoc-snd soc: qcom,msm-audio-apr:qcom,q6core-audio:sound: ASoC: no source widget found for DMIC7_OUTPUT
01-01 08:00:37.647 0 0 E init : Control message: Could not find 'android.frameworks.sensorservice@1.0::ISensorManager/default' for ctl.interface_start from pid: 514 (/system/bin/hwservicemanager)
01-01 08:00:37.658 0 0 E kona-asoc-snd soc: qcom,msm-audio-apr:qcom,q6core-audio:sound: ASoC: Failed to add route DMIC7_OUTPUT -> direct -> TX SWR_DMIC6
01-01 08:00:37.658 0 0 E kona-asoc-snd soc: qcom,msm-audio-apr:qcom,q6core-audio:sound: ASoC: no source widget found for DMIC8_OUTPUT
01-01 08:00:37.669 0 0 I init : processing action (sys.usb.config=adb && sys.usb.configfs=1 && sys.usb.ffs.ready=1) from (/system/etc/init/hw/init.usb.configfs.rc:20)
01-01 08:00:37.682 0 0 E kona-asoc-snd soc: qcom,msm-audio-apr:qcom,q6core-audio:sound: ASoC: Failed to add route DMIC8_OUTPUT -> direct -> TX SWR_DMIC7
01-01 08:00:37.682 0 0 E kona-asoc-snd soc: qcom,msm-audio-apr:qcom,q6core-audio:sound: ASoC: no sink widget found for SpkrLeft IN
01-01 08:00:37.683 0 0 I : read descriptors
01-01 08:00:37.683 0 0 I : read strings
01-01 08:00:37.693 0 0 E init : Control message: Could not find 'android.frameworks.sensorservice@1.0::ISensorManager/default' for ctl.interface_start from pid: 514 (/system/bin/hwservicemanager)
01-01 08:00:37.706 0 0 E kona-asoc-snd soc: qcom,msm-audio-apr:qcom,q6core-audio:sound: ASoC: Failed to add route WSA_SPK1 OUT -> direct -> SpkrLeft IN
01-01 08:00:37.706 0 0 E kona-asoc-snd soc: qcom,msm-audio-apr:qcom,q6core-audio:sound: ASoC: no sink widget found for SpkrRight IN
01-01 08:00:37.717 0 0 E init : Control message: Could not find 'android.frameworks.sensorservice@1.0::ISensorManager/default' for ctl.interface_start from pid: 514 (/system/bin/hwservicemanager)
01-01 08:00:37.729 0 0 E kona-asoc-snd soc: qcom,msm-audio-apr:qcom,q6core-audio:sound: ASoC: Failed to add route WSA_SPK2 OUT -> direct -> SpkrRight IN
01-01 08:00:37.729 0 0 E kona-asoc-snd soc: qcom,msm-audio-apr:qcom,q6core-audio:sound: ASoC: no sink widget found for VA MIC BIAS3
01-01 08:00:37.812 0 0 I android_work: did not send uevent (0 0 0000000000000000)
01-01 08:00:37.816 0 0 E kona-asoc-snd soc: qcom,msm-audio-apr:qcom,q6core-audio:sound: ASoC: Failed to add route Digital Mic0 -> direct -> VA MIC BIAS3
01-01 08:00:37.816 0 0 E kona-asoc-snd soc: qcom,msm-audio-apr:qcom,q6core-audio:sound: ASoC: no sink widget found for VA MIC BIAS3
01-01 08:00:37.823 0 0 I init : Command 'write /config/usb_gadget/g1/UDC ${sys.usb.controller}' action=sys.usb.config=adb && sys.usb.configfs=1 && sys.usb.ffs.ready=1 (/system/etc/init/hw/init.usb.configfs.rc:23) took 82ms and succeeded
01-01 08:00:37.823 0 0 E init : Control message: Could not find 'android.frameworks.sensorservice@1.0::ISensorManager/default' for ctl.interface_start from pid: 514 (/system/bin/hwservicemanager)
01-01 08:00:37.823 0 0 I init : starting service 'vendor.msm_irqbalance'...
01-01 08:00:37.825 0 0 I init : Control message: Processed ctl.start for 'vendor.msm_irqbalance' from pid: 1595 (start vendor.msm_irqbalance)
01-01 08:00:37.825 0 0 I init : processing action (sys.usb.config=adb && sys.usb.configfs=1 && sys.usb.ffs.ready=1) from (/system/etc/init/hw/init.usb.configfs.rc:20)
01-01 08:00:37.825 0 0 E init : Control message: Could not find 'vendor.qcrild' for ctl.stop from pid: 1742 (stop vendor.qcrild)
01-01 08:00:37.825 0 0 I init : Command 'symlink /config/usb_gadget/g1/functions/ffs.adb /config/usb_gadget/g1/configs/b.1/f1' action=sys.usb.config=adb && sys.usb.configfs=1 && sys.usb.ffs.ready=1 (/system/etc/init/hw/init.usb.configfs.rc:22) took 0ms and failed: symlink() failed: File exists
01-01 08:00:37.825 0 0 I init : Command 'write /config/usb_gadget/g1/UDC ${sys.usb.controller}' action=sys.usb.config=adb && sys.usb.configfs=1 && sys.usb.ffs.ready=1 (/system/etc/init/hw/init.usb.configfs.rc:23) took 0ms and failed: Unable to write to file '/config/usb_gadget/g1/UDC': Unable to write file contents: Device or resource busy
01-01 08:00:37.826 0 0 I init : processing action (llk.enable=0) from (/system/etc/init/llkd.rc:12)
01-01 08:00:37.826 0 0 I init : processing action (khungtask.enable=0) from (/system/etc/init/llkd.rc:21)
01-01 08:00:37.827 0 0 I init : processing action (ro.vendor.radio.noril=*) from (/vendor/etc/init/hw/init.qcom.rc:894)
01-01 08:00:37.831 0 0 I capability: warning: `msm_irqbalance' uses 32-bit capabilities (legacy support in use)
01-01 08:00:37.839 0 0 E kona-asoc-snd soc: qcom,msm-audio-apr:qcom,q6core-audio:sound: ASoC: Failed to add route Digital Mic1 -> direct -> VA MIC BIAS3
01-01 08:00:37.840 0 0 E kona-asoc-snd soc: qcom,msm-audio-apr:qcom,q6core-audio:sound: ASoC: no sink widget found for VA MIC BIAS4
01-01 08:00:37.851 0 0 I init : Service 'qcom-c_main-sh' (pid 1292) exited with status 0 oneshot service took 1.594000 seconds in background
01-01 08:00:37.862 0 0 E kona-asoc-snd soc: qcom,msm-audio-apr:qcom,q6core-audio:sound: ASoC: Failed to add route Digital Mic4 -> direct -> VA MIC BIAS4
01-01 08:00:37.862 0 0 E kona-asoc-snd soc: qcom,msm-audio-apr:qcom,q6core-audio:sound: ASoC: no sink widget found for VA MIC BIAS4
01-01 08:00:37.875 0 0 I init : Sending signal 9 to service 'qcom-c_main-sh' (pid 1292) process group...
01-01 08:00:37.875 0 0 I libprocessgroup: Successfully killed process cgroup uid 0 pid 1292 in 0ms
01-01 08:00:37.886 0 0 E kona-asoc-snd soc: qcom,msm-audio-apr:qcom,q6core-audio:sound: ASoC: Failed to add route Digital Mic5 -> direct -> VA MIC BIAS4
01-01 08:00:37.886 0 0 E kona-asoc-snd soc: qcom,msm-audio-apr:qcom,q6core-audio:sound: ASoC: no source widget found for VA MIC BIAS3
01-01 08:00:37.903 0 0 I init : Service 'qcom-sh' (pid 1578) exited with status 0 oneshot service took 0.904000 seconds in background
01-01 08:00:37.915 0 0 E kona-asoc-snd soc: qcom,msm-audio-apr:qcom,q6core-audio:sound: ASoC: Failed to add route VA MIC BIAS3 -> direct -> VA DMIC0
01-01 08:00:37.915 0 0 E kona-asoc-snd soc: qcom,msm-audio-apr:qcom,q6core-audio:sound: ASoC: no source widget found for VA MIC BIAS3
01-01 08:00:37.924 0 0 E msm-dwc3 a600000.ssusb: Could not get usb psy
01-01 08:00:37.926 0 0 I init : Sending signal 9 to service 'qcom-sh' (pid 1578) process group...
01-01 08:00:37.939 0 0 E kona-asoc-snd soc: qcom,msm-audio-apr:qcom,q6core-audio:sound: ASoC: Failed to add route VA MIC BIAS3 -> direct -> VA DMIC1
01-01 08:00:37.939 0 0 E kona-asoc-snd soc: qcom,msm-audio-apr:qcom,q6core-audio:sound: ASoC: no source widget found for VA MIC BIAS4
01-01 08:00:37.950 0 0 I libprocessgroup: Successfully killed process cgroup uid 0 pid 1578 in 0ms
01-01 08:00:37.967 0 0 E kona-asoc-snd soc: qcom,msm-audio-apr:qcom,q6core-audio:sound: ASoC: Failed to add route VA MIC BIAS4 -> direct -> VA DMIC4
01-01 08:00:37.967 0 0 E kona-asoc-snd soc: qcom,msm-audio-apr:qcom,q6core-audio:sound: ASoC: no source widget found for VA MIC BIAS4
01-01 08:00:37.980 0 0 I init : processing action (persist.vendor.hvdcp_opti.start=1) from (/vendor/etc/init/vendor.qti.hardware.charger_monitor@1.0-service.rc:39)
01-01 08:00:37.991 0 0 E kona-asoc-snd soc: qcom,msm-audio-apr:qcom,q6core-audio:sound: ASoC: Failed to add route VA MIC BIAS4 -> direct -> VA DMIC5
01-01 08:00:37.991 0 0 E kona-asoc-snd soc: qcom,msm-audio-apr:qcom,q6core-audio:sound: ASoC: no source widget found for ADC1_OUTPUT
01-01 08:00:38.004 0 0 I init : starting service 'vendor.hvdcp_opti'...
01-01 08:00:38.014 0 0 E kona-asoc-snd soc: qcom,msm-audio-apr:qcom,q6core-audio:sound: ASoC: Failed to add route ADC1_OUTPUT -> direct -> VA SWR_ADC0
01-01 08:00:38.014 0 0 E kona-asoc-snd soc: qcom,msm-audio-apr:qcom,q6core-audio:sound: ASoC: no source widget found for ADC2_OUTPUT
01-01 08:00:38.019 0 0 E msm-dwc3 a600000.ssusb: Could not get usb psy
01-01 08:00:38.033 0 0 I init : processing action (init.svc.media=*) from (/system/etc/init/mediaserver.rc:1)
01-01 08:00:38.043 0 0 E kona-asoc-snd soc: qcom,msm-audio-apr:qcom,q6core-audio:sound: ASoC: Failed to add route ADC2_OUTPUT -> direct -> VA SWR_ADC1
01-01 08:00:38.043 0 0 E kona-asoc-snd soc: qcom,msm-audio-apr:qcom,q6core-audio:sound: ASoC: no source widget found for ADC3_OUTPUT
03-14 03:51:04.651 1754 1754 I auditd : type=1400 audit(0.0:443): avc: denied { getattr } for comm="hvdcp_opti" path="/dev/kmsg" dev="tmpfs" ino=3154 scontext=u:r:vendor_hvdcp:s0 tcontext=u:object_r:kmsg_device:s0 tclass=chr_file permissive=1
03-14 03:51:04.651 1754 1754 I auditd : type=1400 audit(0.0:444): avc: denied { write } for comm="hvdcp_opti" name="kmsg" dev="tmpfs" ino=3154 scontext=u:r:vendor_hvdcp:s0 tcontext=u:object_r:kmsg_device:s0 tclass=chr_file permissive=1
03-14 03:51:04.651 1754 1754 I auditd : type=1400 audit(0.0:445): avc: denied { open } for comm="hvdcp_opti" path="/dev/kmsg" dev="tmpfs" ino=3154 scontext=u:r:vendor_hvdcp:s0 tcontext=u:object_r:kmsg_device:s0 tclass=chr_file permissive=1
01-01 08:00:38.047 0 0 E MAIN_MGR: hvdcp_opti Version: 3:0:0
03-14 03:51:04.651 1754 1754 I auditd : type=1400 audit(0.0:446): avc: denied { read } for comm="hvdcp_opti" name="devices" dev="sysfs" ino=46901 scontext=u:r:vendor_hvdcp:s0 tcontext=u:object_r:sysfs:s0 tclass=dir permissive=1
03-14 03:51:04.651 1754 1754 I auditd : type=1400 audit(0.0:447): avc: denied { open } for comm="hvdcp_opti" path="/sys/bus/iio/devices" dev="sysfs" ino=46901 scontext=u:r:vendor_hvdcp:s0 tcontext=u:object_r:sysfs:s0 tclass=dir permissive=1
03-14 03:51:04.651 1754 1754 I auditd : type=1400 audit(0.0:448): avc: denied { read } for comm="hvdcp_opti" name="name" dev="sysfs" ino=65212 scontext=u:r:vendor_hvdcp:s0 tcontext=u:object_r:sysfs:s0 tclass=file permissive=1
03-14 03:51:04.651 1754 1754 I auditd : type=1400 audit(0.0:449): avc: denied { open } for comm="hvdcp_opti" path="/sys/devices/platform/soc/c440000.qcom,spmi/spmi-0/spmi0-04/c440000.qcom,spmi:qcom,pm8150l@4:vadc@3100/iio:device1/name" dev="sysfs" ino=65212 scontext=u:r:vendor_hvdcp:s0 tcontext=u:object_r:sysfs:s0 tclass=file permissive=1
01-01 08:00:38.049 0 0 E MAIN_MGR: set keepcaps failed!
01-01 08:00:38.049 0 0 E CHG_POLICY_PATH: Failed to get IIO path for MAIN_PSY
01-01 08:00:38.055 0 0 I init : Sending signal 9 to service 'vendor.hvdcp_opti' (pid 1754) process group...
01-01 08:00:38.071 0 0 E kona-asoc-snd soc: qcom,msm-audio-apr:qcom,q6core-audio:sound: ASoC: Failed to add route ADC3_OUTPUT -> direct -> VA SWR_ADC2
01-01 08:00:38.071 0 0 E kona-asoc-snd soc: qcom,msm-audio-apr:qcom,q6core-audio:sound: ASoC: no source widget found for ADC4_OUTPUT
01-01 08:00:38.089 0 0 I libprocessgroup: Successfully killed process cgroup uid 1000 pid 1754 in 5ms
01-01 08:00:38.095 0 0 E kona-asoc-snd soc: qcom,msm-audio-apr:qcom,q6core-audio:sound: ASoC: Failed to add route ADC4_OUTPUT -> direct -> VA SWR_ADC3
01-01 08:00:38.095 0 0 E kona-asoc-snd soc: qcom,msm-audio-apr:qcom,q6core-audio:sound: ASoC: no source widget found for DMIC1_OUTPUT
01-01 08:00:38.107 0 0 I android_work: sent uevent USB_STATE=CONNECTED
01-01 08:00:38.107 0 0 I init : Control message: Processed ctl.stop for 'vendor.hvdcp_opti' from pid: 1754 (/vendor/bin/hvdcp_opti)
01-01 08:00:38.118 0 0 E kona-asoc-snd soc: qcom,msm-audio-apr:qcom,q6core-audio:sound: ASoC: Failed to add route DMIC1_OUTPUT -> direct -> VA SWR_MIC0
01-01 08:00:38.118 0 0 E kona-asoc-snd soc: qcom,msm-audio-apr:qcom,q6core-audio:sound: ASoC: no source widget found for DMIC2_OUTPUT
01-01 08:00:38.126 0 0 E msm-dwc3 a600000.ssusb: Could not get usb psy
01-01 08:00:38.133 0 0 I configfs-gadget gadget: high-speed config #1: b
01-01 08:00:38.133 0 0 E msm-dwc3 a600000.ssusb: Could not get usb psy
01-01 08:00:38.133 0 0 I android_work: sent uevent USB_STATE=CONFIGURED
01-01 08:00:38.135 0 0 I init : processing action (vendor.ims.QMI_DAEMON_STATUS=1) from (/vendor/etc/init/imsdatadaemon.rc:14)
01-01 08:00:38.145 0 0 E kona-asoc-snd soc: qcom,msm-audio-apr:qcom,q6core-audio:sound: ASoC: Failed to add route DMIC2_OUTPUT -> direct -> VA SWR_MIC1
01-01 08:00:38.145 0 0 E kona-asoc-snd soc: qcom,msm-audio-apr:qcom,q6core-audio:sound: ASoC: no source widget found for DMIC3_OUTPUT
01-01 08:00:38.158 0 0 I init : starting service 'vendor.imsdatadaemon'...
01-01 08:00:38.169 0 0 E kona-asoc-snd soc: qcom,msm-audio-apr:qcom,q6core-audio:sound: ASoC: Failed to add route DMIC3_OUTPUT -> direct -> VA SWR_MIC2
01-01 08:00:38.169 0 0 E kona-asoc-snd soc: qcom,msm-audio-apr:qcom,q6core-audio:sound: ASoC: no source widget found for DMIC4_OUTPUT
01-01 08:00:38.182 0 0 I init : Created socket '/dev/socket/ims_datad', mode 660, user 1000, group 1001
01-01 08:00:38.193 0 0 E kona-asoc-snd soc: qcom,msm-audio-apr:qcom,q6core-audio:sound: ASoC: Failed to add route DMIC4_OUTPUT -> direct -> VA SWR_MIC3
01-01 08:00:38.193 0 0 E kona-asoc-snd soc: qcom,msm-audio-apr:qcom,q6core-audio:sound: ASoC: no source widget found for DMIC5_OUTPUT
03-14 03:51:04.807 1756 1756 I auditd : type=1400 audit(0.0:450): avc: denied { read write } for comm="imsdatadaemon" name="diag" dev="tmpfs" ino=1107 scontext=u:r:vendor_ims:s0 tcontext=u:object_r:vendor_diag_device:s0 tclass=chr_file permissive=1
03-14 03:51:04.807 1756 1756 I auditd : type=1400 audit(0.0:451): avc: denied { open } for comm="imsdatadaemon" path="/dev/diag" dev="tmpfs" ino=1107 scontext=u:r:vendor_ims:s0 tcontext=u:object_r:vendor_diag_device:s0 tclass=chr_file permissive=1
01-01 08:00:38.207 0 0 I init : Service 'vendor.hvdcp_opti' (pid 1754) received signal 9
01-01 08:00:38.217 0 0 E kona-asoc-snd soc: qcom,msm-audio-apr:qcom,q6core-audio:sound: ASoC: Failed to add route DMIC5_OUTPUT -> direct -> VA SWR_MIC4
01-01 08:00:38.217 0 0 E kona-asoc-snd soc: qcom,msm-audio-apr:qcom,q6core-audio:sound: ASoC: no source widget found for DMIC6_OUTPUT
01-01 08:00:38.230 0 0 I init : processing action (sys.sysctl.extra_free_kbytes=*) from (/system/etc/init/hw/init.rc:1172)
01-01 08:00:38.240 0 0 E kona-asoc-snd soc: qcom,msm-audio-apr:qcom,q6core-audio:sound: ASoC: Failed to add route DMIC6_OUTPUT -> direct -> VA SWR_MIC5
01-01 08:00:38.240 0 0 E kona-asoc-snd soc: qcom,msm-audio-apr:qcom,q6core-audio:sound: ASoC: no source widget found for DMIC7_OUTPUT
01-01 08:00:38.246 0 0 I init : processing action (sys.usb.config=adb && sys.usb.configfs=1 && sys.usb.ffs.ready=1) from (/system/etc/init/hw/init.usb.configfs.rc:20)
01-01 08:00:38.258 0 0 E kona-asoc-snd soc: qcom,msm-audio-apr:qcom,q6core-audio:sound: ASoC: Failed to add route DMIC7_OUTPUT -> direct -> VA SWR_MIC6
01-01 08:00:38.258 0 0 E kona-asoc-snd soc: qcom,msm-audio-apr:qcom,q6core-audio:sound: ASoC: no source widget found for DMIC8_OUTPUT
01-01 08:00:38.269 0 0 I init : Command 'symlink /config/usb_gadget/g1/functions/ffs.adb /config/usb_gadget/g1/configs/b.1/f1' action=sys.usb.config=adb && sys.usb.configfs=1 && sys.usb.ffs.ready=1 (/system/etc/init/hw/init.usb.configfs.rc:22) took 0ms and failed: symlink() failed: File exists
01-01 08:00:38.281 0 0 E kona-asoc-snd soc: qcom,msm-audio-apr:qcom,q6core-audio:sound: ASoC: Failed to add route DMIC8_OUTPUT -> direct -> VA SWR_MIC7
01-01 08:00:38.300 0 0 I kona-asoc-snd soc: qcom,msm-audio-apr:qcom,q6core-audio:sound: msm_asoc_machine_probe: Sound card kona-mtp-snd-card registered
01-01 08:00:38.305 0 0 I init : Command 'write /config/usb_gadget/g1/UDC ${sys.usb.controller}' action=sys.usb.config=adb && sys.usb.configfs=1 && sys.usb.ffs.ready=1 (/system/etc/init/hw/init.usb.configfs.rc:23) took 0ms and failed: Unable to write to file '/config/usb_gadget/g1/UDC': Unable to write file contents: Device or resource busy
01-01 08:00:38.316 0 0 E : [drm:dp_display_init_aux_switch][msm-dp-err][79 ]failed to register notifier (-22)
01-01 08:00:38.329 0 0 I init : processing action (khungtask.enable=false) from (/system/etc/init/llkd.rc:31)
01-01 08:00:38.340 0 0 I subsys-pil-tz soc: qcom,kgsl-hyp: a650_zap: loading from 0x00000000fcd00000 to 0x00000000fcd01000
01-01 08:00:38.341 0 0 E swr-wcd wsa_swr_ctrl: swrm_runtime_suspend: clk stop mode not supported or SSR entry
01-01 08:00:38.342 0 0 E register_client_adhoc: find path.src 1 dest 589
01-01 08:00:38.342 0 0 E register_client_adhoc: Failed to find path.src 1 dest 589
01-01 08:00:38.345 0 0 I init : processing action (ro.vendor.ril.mbn_copy_completed=1) from (/vendor/etc/init/hw/init.qcom.rc:741)
01-01 08:00:38.359 0 0 W subsys-pil-tz soc: qcom,kgsl-hyp: Falling back to syfs fallback for: a650_zap.b02
01-01 08:00:38.539 0 0 W : ------------[ cut here ]------------
01-01 08:00:38.551 0 0 I ueventd : firmware: loading 'a650_zap.b02' for '/devices/platform/soc/soc:qcom,kgsl-hyp/firmware/a650_zap.b02'
01-01 08:00:38.561 0 0 W : Unbalanced enable for IRQ 402
01-01 08:00:38.561 0 0 W : WARNING: CPU: 6 PID: 1055 at kernel/irq/manage.c:621 enable_irq+0x90/0xe8
01-01 08:00:38.561 0 0 W : Modules linked in: wlan(O+) tsnv(O) machine_dlkm(O) wcd938x_slave_dlkm(O) wcd938x_dlkm(O) wcd9xxx_dlkm(O) mbhc_dlkm(O) tx_macro_dlkm(O) rx_macro_dlkm(O) va_macro_dlkm(O) wsa_macro_dlkm(O) swr_ctrl_dlkm(O) bolero_cdc_dlkm(O) wsa881x_dlkm(O) wcd_core_dlkm(O) stub_dlkm(O) hdmi_dlkm(O) swr_dlkm(O) pinctrl_lpi_dlkm(O) pinctrl_wcd_dlkm(O) usf_dlkm(O) native_dlkm(O) platform_dlkm(O) q6_dlkm(O) adsp_loader_dlkm(O) apr_dlkm(O) snd_event_dlkm(O) q6_notifier_dlkm(O) q6_pdr_dlkm(O) msm_11ad_proxy
01-01 08:00:38.651 0 0 W : CPU: 6 PID: 1055 Comm: kworker/6:3 Tainted: G S O 4.19.157-perf+ #1
01-01 08:00:38.651 0 0 W Hardware name: Qualcomm Technologies, Inc. kona MTP-RmPM8150b. VX1(MCE) DVT2 (DT)
01-01 08:00:38.651 0 0 W Workqueue: pm pm_runtime_work
01-01 08:00:38.651 0 0 W pstate : 60c00085 (nZCv daIf +PAN +UAO)
01-01 08:00:38.651 0 0 W pc : enable_irq+0x90/0xe8
01-01 08:00:38.651 0 0 W lr : enable_irq+0x90/0xe8
01-01 08:00:38.651 0 0 W sp : ffffff80100dbbb0
01-01 08:00:38.651 0 0 W : x29: ffffff80100dbbc0 x28: 0000000000000002
01-01 08:00:38.651 0 0 W : x27: 0000000000000214 x26: 0000000000000000
01-01 08:00:38.651 0 0 W : x25: 0000000000000000 x24: ffffffd51a00337d
01-01 08:00:38.651 0 0 W : x23: ffffffd51a001ca1 x22: ffffffd51a003248
01-01 08:00:38.651 0 0 W : x21: ffffffd54635e010 x20: 0000000000000192
01-01 08:00:38.651 0 0 W : x19: ffffffd546d7d600 x18: 0000000000000030
01-01 08:00:38.651 0 0 W : x17: ffffffad45c20000 x16: 00000000fff893c0
01-01 08:00:38.651 0 0 W : x15: 00000000000893c0 x14: ffffffd579840008
01-01 08:00:38.651 0 0 W : x13: 0000000000000004 x12: 0000000000000000
01-01 08:00:38.651 0 0 W : x11: 0000000000000000 x10: 0000000000000007
01-01 08:00:38.651 0 0 W : x9 : fae306f14f857d00 x8 : fae306f14f857d00
01-01 08:00:38.651 0 0 W : x7 : 0000000000000000 x6 : ffffffd5798b6c6d
01-01 08:00:38.651 0 0 W : x5 : 0000000000000000 x4 : 0000000000000006
01-01 08:00:38.651 0 0 W : x3 : 0000000000000032 x2 : 0000000000000007
01-01 08:00:38.651 0 0 W : x1 : 0000000000000007 x0 : 000000000000001d
01-01 08:00:38.651 0 0 W Call trace:
01-01 08:00:38.651 0 0 W : enable_irq+0x90/0xe8
01-01 08:00:38.651 0 0 W : swrm_runtime_suspend+0x428/0x4d8 [swr_ctrl_dlkm]
01-01 08:00:38.651 0 0 W : pm_generic_runtime_suspend+0x24/0x38
01-01 08:00:38.651 0 0 W : __rpm_callback+0x124/0x228
01-01 08:00:38.651 0 0 W : rpm_suspend+0x464/0x818
01-01 08:00:38.651 0 0 W : pm_runtime_work+0x90/0xa0
01-01 08:00:38.651 0 0 W : process_one_work+0x278/0x440
01-01 08:00:38.651 0 0 W : worker_thread+0x260/0x4a8
01-01 08:00:38.651 0 0 W : kthread+0x140/0x150
01-01 08:00:38.651 0 0 W : ret_from_fork+0x10/0x18
01-01 08:00:38.651 0 0 W : ---[ end trace a8b6c7e6841a52b7 ]---
01-01 08:00:38.652 0 0 D cnss : Sending respond memory message, state: 0x9
01-01 08:00:38.652 0 0 D cnss : Memory for FW, va: 0x0000000000000000, pa: 0x00000000a1000000, size: 0x5e0000, type: 1
01-01 08:00:38.652 0 0 D cnss : Memory for FW, va: 0x0000000000000000, pa: 0x00000000a1600000, size: 0xd8000, type: 4
01-01 08:00:38.652 0 0 E swr-wcd rx_swr_ctrl: swrm_get_logical_dev_num: device 0xd01170224 is not ready
01-01 08:00:38.652 0 0 I ueventd : loading /devices/platform/soc/soc:qcom,kgsl-hyp/firmware/a650_zap.b02 took 101ms
01-01 08:00:38.653 0 0 I subsys-pil-tz soc: qcom,kgsl-hyp: a650_zap: Brought out of reset
01-01 08:00:38.658 0 0 W QSEECOM : qseecom_load_app: App (featenabler) does'nt exist, loading apps for first time
01-01 08:00:38.658 0 0 W cnss-daemon: wlfw_qmi_ind_cb: Receive Ind : 0x37
01-01 08:00:38.660 0 0 E swr_get_logical_dev_num: Error -22 to get logical addr for device d01170224
03-14 03:51:05.263 1167 1167 I auditd : type=1400 audit(0.0:452): avc: denied { call } for comm="BootAnimation" scontext=u:r:bootanim:s0 tcontext=u:r:vendor_hal_qspmhal_default:s0 tclass=binder permissive=1
03-14 03:51:05.263 1089 1089 I auditd : type=1400 audit(0.0:453): avc: denied { call } for comm="surfaceflinger" scontext=u:r:surfaceflinger:s0 tcontext=u:r:vendor_hal_qspmhal_default:s0 tclass=binder permissive=1
01-01 08:00:38.661 0 0 D cnss : PM relax, state: 0x9, count: 0
01-01 08:00:38.667 0 0 D cnss : Received QMI WLFW FW memory ready indication
01-01 08:00:38.667 0 0 D cnss : Posting event: FW_MEM_READY(3), state: 0x9 flags: 0x0
01-01 08:00:38.667 0 0 D cnss : PM stay awake, state: 0x9, count: 1
01-01 08:00:38.667 0 0 D cnss : PM relax, state: 0x9, count: 0
01-01 08:00:38.668 0 0 D cnss : PM stay awake, state: 0x9, count: 1
01-01 08:00:38.668 0 0 D cnss : Processing driver event: FW_MEM_READY(3), state: 0x9
01-01 08:00:38.669 0 0 D cnss : Sending target capability message, state: 0xb
01-01 08:00:38.669 0 0 I binder : 1167:1170 ioctl 40046210 73b4224144 returned -22
01-01 08:00:38.670 0 0 E swr-wcd rx_swr_ctrl: swrm_get_logical_dev_num: device 0xd01170224 is not ready
01-01 08:00:38.678 0 0 E swr_get_logical_dev_num: Error -22 to get logical addr for device d01170224
01-01 08:00:38.679 0 0 D cnss : Voltage for CPR: 948mV
01-01 08:00:38.681 0 0 W QSEECOM : qseecom_load_app: App with id 5 (featenabler) now loaded
01-01 08:00:38.681 0 0 W QSEECOM : qseecom_load_app: App (fingerpr) does'nt exist, loading apps for first time
01-01 08:00:38.687 0 0 D cnss : Got voltage 800mV from i: 0, j: 0
01-01 08:00:38.687 0 0 E swr-wcd rx_swr_ctrl: swrm_get_logical_dev_num: device 0xd01170224 is not ready
01-01 08:00:38.687 0 0 D cnss : Got voltage 1012mV from i: 4, j: 1
01-01 08:00:38.695 0 0 E swr_get_logical_dev_num: Error -22 to get logical addr for device d01170224
01-01 08:00:38.695 0 0 D cnss : Update TCS CMD data address 0x000000000b2e5844 with voltage 950mV
01-01 08:00:38.703 0 0 D cnss : Device frequency is 24000000 HZ
01-01 08:00:38.703 0 0 D cnss : Target capability: chip_id: 0x0, chip_family: 0xb, board_id: 0xff, soc_id: 0xffffffff, fw_version: 0x101a0521, fw_build_timestamp: 2021-12-20 07:54, fw_build_id: QC_IMAGE_VERSION_STRING=WLAN.HST.1.0.1.r1-01313-QCAHSTSWPL_SILICONZ-1, otp_version: 0x0
01-01 08:00:38.703 0 0 D cnss : Sending BDF download message, state: 0xb, type: 4
01-01 08:00:38.703 0 0 D cnss : FW name added with prefix: qca6390/regdb.bin
01-01 08:00:38.703 0 0 W cnss2 b0000000.qcom,cnss-qca6390: Falling back to syfs fallback for: qca6390/regdb.bin
01-01 08:00:38.704 0 0 E swr-wcd rx_swr_ctrl: swrm_get_logical_dev_num: device 0xd01170224 is not ready
01-01 08:00:38.705 0 0 I ueventd : firmware: loading 'qca6390/regdb.bin' for '/devices/platform/soc/b0000000.qcom,cnss-qca6390/firmware/qca6390!regdb.bin'
01-01 08:00:38.712 0 0 E swr_get_logical_dev_num: Error -22 to get logical addr for device d01170224
01-01 08:00:38.713 0 0 E ueventd : firmware: could not find firmware for qca6390/regdb.bin
01-01 08:00:38.728 0 0 E ueventd : firmware: attempted /etc/firmware/qca6390/regdb.bin, open failed: No such file or directory
01-01 08:00:38.729 0 0 E swr-wcd rx_swr_ctrl: swrm_get_logical_dev_num: device 0xd01170224 is not ready
01-01 08:00:38.738 0 0 E ueventd : firmware: attempted /odm/firmware/qca6390/regdb.bin, open failed: No such file or directory
01-01 08:00:38.747 0 0 E swr_get_logical_dev_num: Error -22 to get logical addr for device d01170224
01-01 08:00:38.747 0 0 E wcd938x_codec wcd938x-codec: wcd938x_bind: Slave bind failed, ret = -517
01-01 08:00:38.757 0 0 E ueventd : firmware: attempted /vendor/firmware/qca6390/regdb.bin, open failed: No such file or directory
01-01 08:00:38.757 0 0 E ueventd : firmware: attempted /firmware/image/qca6390/regdb.bin, open failed: No such file or directory
01-01 08:00:38.769 0 0 W QSEECOM : qseecom_load_app: App with id 6 (fingerpr) now loaded
01-01 08:00:38.773 0 0 E ueventd : firmware: attempted /vendor/firmware_mnt/image/qca6390/regdb.bin, open failed: No such file or directory
01-01 08:00:38.792 0 0 I qcom_rpmh DRV: apps_rsc TCS Busy, retrying RPMH message send: addr=0x30080
01-01 08:00:38.795 0 0 I ueventd : loading /devices/platform/soc/b0000000.qcom,cnss-qca6390/firmware/qca6390!regdb.bin took 89ms
01-01 08:00:38.795 0 0 E cnss : Failed to load BDF: qca6390/regdb.bin
01-01 08:00:38.795 0 0 D cnss : Sending BDF download message, state: 0xb, type: 1
01-01 08:00:38.795 0 0 D cnss : FW name added with prefix: qca6390/bdwlan.elf
01-01 08:00:38.795 0 0 W cnss2 b0000000.qcom,cnss-qca6390: Falling back to syfs fallback for: qca6390/bdwlan.elf
01-01 08:00:38.800 0 0 I ueventd : firmware: loading 'qca6390/bdwlan.elf' for '/devices/platform/soc/b0000000.qcom,cnss-qca6390/firmware/qca6390!bdwlan.elf'
01-01 08:00:38.808 0 0 D cnss : Downloading BDF: qca6390/bdwlan.elf, size: 57908
