03-14 04:06:23.054 782 1952 E DisplayDeviceConfig: requesting nits when no mapping exists.
03-14 04:06:23.054 782 1952 E DisplayDeviceConfig: requesting nits when no mapping exists.
03-14 04:06:23.054 782 872 I am_wtf : [0,782,system_server,-1,DisplayDeviceConfig,requesting nits when no mapping exists.]
03-14 04:06:23.055 782 872 I DropBoxManagerService: add tag=system_server_wtf isTagEnabled=true flags=0x2
03-14 04:06:23.055 782 872 I am_wtf : [0,782,system_server,-1,DisplayDeviceConfig,requesting nits when no mapping exists.]
03-14 04:06:23.070 782 1952 E DisplayDeviceConfig: requesting nits when no mapping exists.
03-14 04:06:23.071 782 872 I am_wtf : [0,782,system_server,-1,DisplayDeviceConfig,requesting nits when no mapping exists.]
03-14 04:06:23.071 782 1952 E DisplayDeviceConfig: requesting nits when no mapping exists.
03-14 04:06:23.071 782 872 I am_wtf : [0,782,system_server,-1,DisplayDeviceConfig,requesting nits when no mapping exists.]
03-14 04:06:23.087 782 1952 E DisplayDeviceConfig: requesting nits when no mapping exists.
03-14 04:06:23.088 782 872 I am_wtf : [0,782,system_server,-1,DisplayDeviceConfig,requesting nits when no mapping exists.]
03-14 04:06:23.088 782 1952 E DisplayDeviceConfig: requesting nits when no mapping exists.
03-14 04:06:23.089 782 872 I am_wtf : [0,782,system_server,-1,DisplayDeviceConfig,requesting nits when no mapping exists.]
03-14 04:06:23.104 782 1952 E DisplayDeviceConfig: requesting nits when no mapping exists.
03-14 04:06:23.105 782 1952 E DisplayDeviceConfig: requesting nits when no mapping exists.
03-14 04:06:23.105 782 872 I am_wtf : [0,782,system_server,-1,DisplayDeviceConfig,requesting nits when no mapping exists.]
03-14 04:06:23.106 782 872 I am_wtf : [0,782,system_server,-1,DisplayDeviceConfig,requesting nits when no mapping exists.]
03-14 04:06:23.121 782 1952 E DisplayDeviceConfig: requesting nits when no mapping exists.
03-14 04:06:23.122 782 872 I am_wtf : [0,782,system_server,-1,DisplayDeviceConfig,requesting nits when no mapping exists.]
03-14 04:06:23.122 782 1952 E DisplayDeviceConfig: requesting nits when no mapping exists.
03-14 04:06:23.123 782 872 I am_wtf : [0,782,system_server,-1,DisplayDeviceConfig,requesting nits when no mapping exists.]
03-14 04:06:23.138 782 1952 E DisplayDeviceConfig: requesting nits when no mapping exists.
03-14 04:06:23.139 782 1952 E DisplayDeviceConfig: requesting nits when no mapping exists.
03-14 04:06:23.139 782 872 I am_wtf : [0,782,system_server,-1,DisplayDeviceConfig,requesting nits when no mapping exists.]
03-14 04:06:23.140 782 872 I am_wtf : [0,782,system_server,-1,DisplayDeviceConfig,requesting nits when no mapping exists.]
03-14 04:06:23.155 782 1952 E DisplayDeviceConfig: requesting nits when no mapping exists.
03-14 04:06:23.155 782 1952 E DisplayDeviceConfig: requesting nits when no mapping exists.
03-14 04:06:23.155 782 872 I am_wtf : [0,782,system_server,-1,DisplayDeviceConfig,requesting nits when no mapping exists.]
03-14 04:06:23.156 782 872 I am_wtf : [0,782,system_server,-1,DisplayDeviceConfig,requesting nits when no mapping exists.]
03-14 04:06:23.171 782 1952 E DisplayDeviceConfig: requesting nits when no mapping exists.
03-14 04:06:23.172 782 1952 E DisplayDeviceConfig: requesting nits when no mapping exists.
03-14 04:06:23.172 782 872 I am_wtf : [0,782,system_server,-1,DisplayDeviceConfig,requesting nits when no mapping exists.]
03-14 04:06:23.173 782 872 I am_wtf : [0,782,system_server,-1,DisplayDeviceConfig,requesting nits when no mapping exists.]
03-14 04:06:23.188 782 1952 E DisplayDeviceConfig: requesting nits when no mapping exists.
03-14 04:06:23.189 782 872 I am_wtf : [0,782,system_server,-1,DisplayDeviceConfig,requesting nits when no mapping exists.]
03-14 04:06:23.189 782 1952 E DisplayDeviceConfig: requesting nits when no mapping exists.
03-14 04:06:23.189 782 872 I am_wtf : [0,782,system_server,-1,DisplayDeviceConfig,requesting nits when no mapping exists.]
03-14 04:06:23.205 782 1952 E DisplayDeviceConfig: requesting nits when no mapping exists.
03-14 04:06:23.205 782 1952 E DisplayDeviceConfig: requesting nits when no mapping exists.
03-14 04:06:23.205 782 872 I am_wtf : [0,782,system_server,-1,DisplayDeviceConfig,requesting nits when no mapping exists.]
03-14 04:06:23.206 782 872 I am_wtf : [0,782,system_server,-1,DisplayDeviceConfig,requesting nits when no mapping exists.]
03-14 04:06:23.222 782 1952 E DisplayDeviceConfig: requesting nits when no mapping exists.
03-14 04:06:23.222 782 872 I am_wtf : [0,782,system_server,-1,DisplayDeviceConfig,requesting nits when no mapping exists.]
03-14 04:06:23.222 782 1952 E DisplayDeviceConfig: requesting nits when no mapping exists.
03-14 04:06:23.223 782 872 I am_wtf : [0,782,system_server,-1,DisplayDeviceConfig,requesting nits when no mapping exists.]
03-14 04:06:23.238 782 1952 E DisplayDeviceConfig: requesting nits when no mapping exists.
03-14 04:06:23.239 782 1952 E DisplayDeviceConfig: requesting nits when no mapping exists.
03-14 04:06:23.239 782 872 I am_wtf : [0,782,system_server,-1,DisplayDeviceConfig,requesting nits when no mapping exists.]
03-14 04:06:23.239 782 872 I am_wtf : [0,782,system_server,-1,DisplayDeviceConfig,requesting nits when no mapping exists.]
03-14 04:06:23.255 782 1952 E DisplayDeviceConfig: requesting nits when no mapping exists.
03-14 04:06:23.256 782 872 I am_wtf : [0,782,system_server,-1,DisplayDeviceConfig,requesting nits when no mapping exists.]
03-14 04:06:23.256 782 1952 E DisplayDeviceConfig: requesting nits when no mapping exists.
03-14 04:06:23.256 782 872 I am_wtf : [0,782,system_server,-1,DisplayDeviceConfig,requesting nits when no mapping exists.]
03-14 04:06:23.272 782 1952 E DisplayDeviceConfig: requesting nits when no mapping exists.
03-14 04:06:23.272 782 1952 E DisplayDeviceConfig: requesting nits when no mapping exists.
03-14 04:06:23.272 782 872 I am_wtf : [0,782,system_server,-1,DisplayDeviceConfig,requesting nits when no mapping exists.]
03-14 04:06:23.273 782 872 I am_wtf : [0,782,system_server,-1,DisplayDeviceConfig,requesting nits when no mapping exists.]
03-14 04:06:23.288 782 1952 E DisplayDeviceConfig: requesting nits when no mapping exists.
03-14 04:06:23.289 782 872 I am_wtf : [0,782,system_server,-1,DisplayDeviceConfig,requesting nits when no mapping exists.]
03-14 04:06:23.289 782 1952 E DisplayDeviceConfig: requesting nits when no mapping exists.
03-14 04:06:23.290 782 872 I am_wtf : [0,782,system_server,-1,DisplayDeviceConfig,requesting nits when no mapping exists.]
03-14 04:06:23.305 782 1952 E DisplayDeviceConfig: requesting nits when no mapping exists.
03-14 04:06:23.305 782 872 I am_wtf : [0,782,system_server,-1,DisplayDeviceConfig,requesting nits when no mapping exists.]
03-14 04:06:23.305 782 1952 E DisplayDeviceConfig: requesting nits when no mapping exists.
03-14 04:06:23.306 782 872 I am_wtf : [0,782,system_server,-1,DisplayDeviceConfig,requesting nits when no mapping exists.]
03-14 04:06:23.322 782 1952 E DisplayDeviceConfig: requesting nits when no mapping exists.
03-14 04:06:23.322 782 872 I am_wtf : [0,782,system_server,-1,DisplayDeviceConfig,requesting nits when no mapping exists.]
03-14 04:06:23.322 782 1952 E DisplayDeviceConfig: requesting nits when no mapping exists.
03-14 04:06:23.323 782 872 I am_wtf : [0,782,system_server,-1,DisplayDeviceConfig,requesting nits when no mapping exists.]
03-14 04:06:23.338 782 1952 E DisplayDeviceConfig: requesting nits when no mapping exists.
03-14 04:06:23.339 782 872 I am_wtf : [0,782,system_server,-1,DisplayDeviceConfig,requesting nits when no mapping exists.]
03-14 04:06:23.339 782 1952 E DisplayDeviceConfig: requesting nits when no mapping exists.
03-14 04:06:23.340 782 872 I am_wtf : [0,782,system_server,-1,DisplayDeviceConfig,requesting nits when no mapping exists.]
03-14 04:06:23.355 782 1952 E DisplayDeviceConfig: requesting nits when no mapping exists.
03-14 04:06:23.356 782 1952 E DisplayDeviceConfig: requesting nits when no mapping exists.
03-14 04:06:23.356 782 872 I am_wtf : [0,782,system_server,-1,DisplayDeviceConfig,requesting nits when no mapping exists.]
03-14 04:06:23.357 782 872 I am_wtf : [0,782,system_server,-1,DisplayDeviceConfig,requesting nits when no mapping exists.]
03-14 04:06:23.372 782 1952 E DisplayDeviceConfig: requesting nits when no mapping exists.
03-14 04:06:23.372 782 1952 E DisplayDeviceConfig: requesting nits when no mapping exists.
03-14 04:06:23.373 782 872 I am_wtf : [0,782,system_server,-1,DisplayDeviceConfig,requesting nits when no mapping exists.]
03-14 04:06:23.374 782 872 I am_wtf : [0,782,system_server,-1,DisplayDeviceConfig,requesting nits when no mapping exists.]
03-14 04:06:23.388 782 1952 E DisplayDeviceConfig: requesting nits when no mapping exists.
03-14 04:06:23.389 782 872 I am_wtf : [0,782,system_server,-1,DisplayDeviceConfig,requesting nits when no mapping exists.]
03-14 04:06:23.389 782 1952 E DisplayDeviceConfig: requesting nits when no mapping exists.
03-14 04:06:23.390 782 872 I am_wtf : [0,782,system_server,-1,DisplayDeviceConfig,requesting nits when no mapping exists.]
03-14 04:06:23.405 782 1952 E DisplayDeviceConfig: requesting nits when no mapping exists.
03-14 04:06:23.406 782 872 I am_wtf : [0,782,system_server,-1,DisplayDeviceConfig,requesting nits when no mapping exists.]
03-14 04:06:23.406 782 1952 E DisplayDeviceConfig: requesting nits when no mapping exists.
03-14 04:06:23.407 782 872 I am_wtf : [0,782,system_server,-1,DisplayDeviceConfig,requesting nits when no mapping exists.]
03-14 04:06:23.422 782 1952 E DisplayDeviceConfig: requesting nits when no mapping exists.
03-14 04:06:23.422 782 1952 E DisplayDeviceConfig: requesting nits when no mapping exists.
03-14 04:06:23.422 782 872 I am_wtf : [0,782,system_server,-1,DisplayDeviceConfig,requesting nits when no mapping exists.]
03-14 04:06:23.423 782 872 I service_manager_stats: [100,40,91669]
03-14 04:06:23.423 782 872 I am_wtf : [0,782,system_server,-1,DisplayDeviceConfig,requesting nits when no mapping exists.]
03-14 04:06:23.438 782 1952 E DisplayDeviceConfig: requesting nits when no mapping exists.
03-14 04:06:23.439 782 1952 E DisplayDeviceConfig: requesting nits when no mapping exists.
03-14 04:06:23.439 782 872 I am_wtf : [0,782,system_server,-1,DisplayDeviceConfig,requesting nits when no mapping exists.]
03-14 04:06:23.440 782 872 I am_wtf : [0,782,system_server,-1,DisplayDeviceConfig,requesting nits when no mapping exists.]
03-14 04:06:23.455 782 1952 E DisplayDeviceConfig: requesting nits when no mapping exists.
03-14 04:06:23.456 782 1952 E DisplayDeviceConfig: requesting nits when no mapping exists.
03-14 04:06:23.456 782 872 I am_wtf : [0,782,system_server,-1,DisplayDeviceConfig,requesting nits when no mapping exists.]
03-14 04:06:23.457 782 872 I am_wtf : [0,782,system_server,-1,DisplayDeviceConfig,requesting nits when no mapping exists.]
03-14 04:06:23.472 782 1952 E DisplayDeviceConfig: requesting nits when no mapping exists.
03-14 04:06:23.473 782 1952 E DisplayDeviceConfig: requesting nits when no mapping exists.
03-14 04:06:23.473 782 872 I am_wtf : [0,782,system_server,-1,DisplayDeviceConfig,requesting nits when no mapping exists.]
03-14 04:06:23.474 782 872 I am_wtf : [0,782,system_server,-1,DisplayDeviceConfig,requesting nits when no mapping exists.]
03-14 04:06:23.489 782 1952 E DisplayDeviceConfig: requesting nits when no mapping exists.
03-14 04:06:23.489 782 872 I am_wtf : [0,782,system_server,-1,DisplayDeviceConfig,requesting nits when no mapping exists.]
03-14 04:06:23.489 782 1952 E DisplayDeviceConfig: requesting nits when no mapping exists.
03-14 04:06:23.490 782 872 I am_wtf : [0,782,system_server,-1,DisplayDeviceConfig,requesting nits when no mapping exists.]
03-14 04:06:23.506 782 1952 E DisplayDeviceConfig: requesting nits when no mapping exists.
03-14 04:06:23.506 782 872 I am_wtf : [0,782,system_server,-1,DisplayDeviceConfig,requesting nits when no mapping exists.]
03-14 04:06:23.506 782 1952 E DisplayDeviceConfig: requesting nits when no mapping exists.
03-14 04:06:23.507 782 872 I am_wtf : [0,782,system_server,-1,DisplayDeviceConfig,requesting nits when no mapping exists.]
03-14 04:06:23.522 782 1952 E DisplayDeviceConfig: requesting nits when no mapping exists.
03-14 04:06:23.523 782 1952 E DisplayDeviceConfig: requesting nits when no mapping exists.
03-14 04:06:23.523 782 872 I am_wtf : [0,782,system_server,-1,DisplayDeviceConfig,requesting nits when no mapping exists.]
03-14 04:06:23.523 782 872 I am_wtf : [0,782,system_server,-1,DisplayDeviceConfig,requesting nits when no mapping exists.]
03-14 04:06:23.539 782 1952 E DisplayDeviceConfig: requesting nits when no mapping exists.
03-14 04:06:23.539 782 1952 E DisplayDeviceConfig: requesting nits when no mapping exists.
03-14 04:06:23.539 782 872 I am_wtf : [0,782,system_server,-1,DisplayDeviceConfig,requesting nits when no mapping exists.]
03-14 04:06:23.540 782 872 I am_wtf : [0,782,system_server,-1,DisplayDeviceConfig,requesting nits when no mapping exists.]
03-14 04:06:23.556 782 1952 E DisplayDeviceConfig: requesting nits when no mapping exists.
03-14 04:06:23.556 782 1952 E DisplayDeviceConfig: requesting nits when no mapping exists.
03-14 04:06:23.557 782 872 I am_wtf : [0,782,system_server,-1,DisplayDeviceConfig,requesting nits when no mapping exists.]
03-14 04:06:23.557 782 872 I am_wtf : [0,782,system_server,-1,DisplayDeviceConfig,requesting nits when no mapping exists.]
03-14 04:06:23.572 782 1952 E DisplayDeviceConfig: requesting nits when no mapping exists.
03-14 04:06:23.573 782 1952 E DisplayDeviceConfig: requesting nits when no mapping exists.
03-14 04:06:23.573 782 872 I am_wtf : [0,782,system_server,-1,DisplayDeviceConfig,requesting nits when no mapping exists.]
03-14 04:06:23.574 782 872 I am_wtf : [0,782,system_server,-1,DisplayDeviceConfig,requesting nits when no mapping exists.]
03-14 04:06:23.589 782 1952 E DisplayDeviceConfig: requesting nits when no mapping exists.
03-14 04:06:23.590 782 1952 E DisplayDeviceConfig: requesting nits when no mapping exists.
03-14 04:06:23.590 782 872 I am_wtf : [0,782,system_server,-1,DisplayDeviceConfig,requesting nits when no mapping exists.]
03-14 04:06:23.590 782 872 I am_wtf : [0,782,system_server,-1,DisplayDeviceConfig,requesting nits when no mapping exists.]
03-14 04:06:23.605 782 1952 E DisplayDeviceConfig: requesting nits when no mapping exists.
03-14 04:06:23.606 782 1952 E DisplayDeviceConfig: requesting nits when no mapping exists.
03-14 04:06:23.606 782 872 I am_wtf : [0,782,system_server,-1,DisplayDeviceConfig,requesting nits when no mapping exists.]
03-14 04:06:23.607 782 872 I am_wtf : [0,782,system_server,-1,DisplayDeviceConfig,requesting nits when no mapping exists.]
03-14 04:06:23.623 782 1952 E DisplayDeviceConfig: requesting nits when no mapping exists.
03-14 04:06:23.623 782 1952 E DisplayDeviceConfig: requesting nits when no mapping exists.
03-14 04:06:23.623 782 872 I am_wtf : [0,782,system_server,-1,DisplayDeviceConfig,requesting nits when no mapping exists.]
03-14 04:06:23.624 782 872 I am_wtf : [0,782,system_server,-1,DisplayDeviceConfig,requesting nits when no mapping exists.]
03-14 04:06:23.639 782 1952 E DisplayDeviceConfig: requesting nits when no mapping exists.
03-14 04:06:23.640 782 1952 E DisplayDeviceConfig: requesting nits when no mapping exists.
03-14 04:06:23.640 782 872 I am_wtf : [0,782,system_server,-1,DisplayDeviceConfig,requesting nits when no mapping exists.]
03-14 04:06:23.641 782 872 I am_wtf : [0,782,system_server,-1,DisplayDeviceConfig,requesting nits when no mapping exists.]
03-14 04:06:23.656 782 1952 E DisplayDeviceConfig: requesting nits when no mapping exists.
03-14 04:06:23.657 782 1952 E DisplayDeviceConfig: requesting nits when no mapping exists.
03-14 04:06:23.657 782 872 I am_wtf : [0,782,system_server,-1,DisplayDeviceConfig,requesting nits when no mapping exists.]
03-14 04:06:23.657 782 872 I am_wtf : [0,782,system_server,-1,DisplayDeviceConfig,requesting nits when no mapping exists.]
03-14 04:06:23.673 782 1952 E DisplayDeviceConfig: requesting nits when no mapping exists.
03-14 04:06:23.673 782 1952 E DisplayDeviceConfig: requesting nits when no mapping exists.
03-14 04:06:23.673 782 872 I am_wtf : [0,782,system_server,-1,DisplayDeviceConfig,requesting nits when no mapping exists.]
03-14 04:06:23.674 782 872 I am_wtf : [0,782,system_server,-1,DisplayDeviceConfig,requesting nits when no mapping exists.]
03-14 04:06:23.689 782 1952 E DisplayDeviceConfig: requesting nits when no mapping exists.
03-14 04:06:23.690 782 1952 E DisplayDeviceConfig: requesting nits when no mapping exists.
03-14 04:06:23.690 782 872 I am_wtf : [0,782,system_server,-1,DisplayDeviceConfig,requesting nits when no mapping exists.]
03-14 04:06:23.691 782 872 I am_wtf : [0,782,system_server,-1,DisplayDeviceConfig,requesting nits when no mapping exists.]
03-14 04:06:23.706 782 1952 E DisplayDeviceConfig: requesting nits when no mapping exists.
03-14 04:06:23.707 782 1952 E DisplayDeviceConfig: requesting nits when no mapping exists.
03-14 04:06:23.707 782 872 I am_wtf : [0,782,system_server,-1,DisplayDeviceConfig,requesting nits when no mapping exists.]
03-14 04:06:23.708 782 872 I am_wtf : [0,782,system_server,-1,DisplayDeviceConfig,requesting nits when no mapping exists.]
03-14 04:06:23.723 782 1952 E DisplayDeviceConfig: requesting nits when no mapping exists.
03-14 04:06:23.723 782 872 I am_wtf : [0,782,system_server,-1,DisplayDeviceConfig,requesting nits when no mapping exists.]
03-14 04:06:23.723 782 1952 E DisplayDeviceConfig: requesting nits when no mapping exists.
03-14 04:06:23.724 782 872 I am_wtf : [0,782,system_server,-1,DisplayDeviceConfig,requesting nits when no mapping exists.]
03-14 04:06:23.739 782 1952 E DisplayDeviceConfig: requesting nits when no mapping exists.
03-14 04:06:23.740 782 1952 E DisplayDeviceConfig: requesting nits when no mapping exists.
03-14 04:06:23.740 782 872 I am_wtf : [0,782,system_server,-1,DisplayDeviceConfig,requesting nits when no mapping exists.]
03-14 04:06:23.741 782 872 I am_wtf : [0,782,system_server,-1,DisplayDeviceConfig,requesting nits when no mapping exists.]
03-14 04:06:23.756 782 1952 E DisplayDeviceConfig: requesting nits when no mapping exists.
03-14 04:06:23.757 782 872 I am_wtf : [0,782,system_server,-1,DisplayDeviceConfig,requesting nits when no mapping exists.]
03-14 04:06:23.757 782 1952 E DisplayDeviceConfig: requesting nits when no mapping exists.
03-14 04:06:23.758 782 872 I am_wtf : [0,782,system_server,-1,DisplayDeviceConfig,requesting nits when no mapping exists.]
03-14 04:06:23.773 782 1952 E DisplayDeviceConfig: requesting nits when no mapping exists.
03-14 04:06:23.773 782 1952 E DisplayDeviceConfig: requesting nits when no mapping exists.
03-14 04:06:23.773 782 872 I am_wtf : [0,782,system_server,-1,DisplayDeviceConfig,requesting nits when no mapping exists.]
03-14 04:06:23.774 782 872 I am_wtf : [0,782,system_server,-1,DisplayDeviceConfig,requesting nits when no mapping exists.]
03-14 04:06:23.789 782 1952 E DisplayDeviceConfig: requesting nits when no mapping exists.
03-14 04:06:23.790 782 1952 E DisplayDeviceConfig: requesting nits when no mapping exists.
03-14 04:06:23.790 782 872 I am_wtf : [0,782,system_server,-1,DisplayDeviceConfig,requesting nits when no mapping exists.]
03-14 04:06:23.791 782 872 I am_wtf : [0,782,system_server,-1,DisplayDeviceConfig,requesting nits when no mapping exists.]
03-14 04:06:23.806 782 1952 E DisplayDeviceConfig: requesting nits when no mapping exists.
03-14 04:06:23.806 782 1952 E DisplayDeviceConfig: requesting nits when no mapping exists.
03-14 04:06:23.806 782 872 I am_wtf : [0,782,system_server,-1,DisplayDeviceConfig,requesting nits when no mapping exists.]
03-14 04:06:23.807 782 872 I am_wtf : [0,782,system_server,-1,DisplayDeviceConfig,requesting nits when no mapping exists.]
03-14 04:06:23.823 782 1952 E DisplayDeviceConfig: requesting nits when no mapping exists.
03-14 04:06:23.823 782 872 I am_wtf : [0,782,system_server,-1,DisplayDeviceConfig,requesting nits when no mapping exists.]
03-14 04:06:23.823 782 1952 E DisplayDeviceConfig: requesting nits when no mapping exists.
03-14 04:06:23.824 782 872 I am_wtf : [0,782,system_server,-1,DisplayDeviceConfig,requesting nits when no mapping exists.]
03-14 04:06:23.840 782 1952 E DisplayDeviceConfig: requesting nits when no mapping exists.
03-14 04:06:23.840 782 1952 E DisplayDeviceConfig: requesting nits when no mapping exists.
03-14 04:06:23.840 782 872 I am_wtf : [0,782,system_server,-1,DisplayDeviceConfig,requesting nits when no mapping exists.]
03-14 04:06:23.841 782 872 I am_wtf : [0,782,system_server,-1,DisplayDeviceConfig,requesting nits when no mapping exists.]
03-14 04:06:23.856 782 1952 E DisplayDeviceConfig: requesting nits when no mapping exists.
03-14 04:06:23.857 782 872 I am_wtf : [0,782,system_server,-1,DisplayDeviceConfig,requesting nits when no mapping exists.]
03-14 04:06:23.857 782 1952 E DisplayDeviceConfig: requesting nits when no mapping exists.
03-14 04:06:23.858 782 872 I am_wtf : [0,782,system_server,-1,DisplayDeviceConfig,requesting nits when no mapping exists.]
03-14 04:06:23.873 782 1952 E DisplayDeviceConfig: requesting nits when no mapping exists.
03-14 04:06:23.873 782 1952 E DisplayDeviceConfig: requesting nits when no mapping exists.
03-14 04:06:23.873 782 872 I am_wtf : [0,782,system_server,-1,DisplayDeviceConfig,requesting nits when no mapping exists.]
03-14 04:06:23.874 782 872 I am_wtf : [0,782,system_server,-1,DisplayDeviceConfig,requesting nits when no mapping exists.]
03-14 04:06:23.890 782 1952 E DisplayDeviceConfig: requesting nits when no mapping exists.
03-14 04:06:23.890 782 872 I am_wtf : [0,782,system_server,-1,DisplayDeviceConfig,requesting nits when no mapping exists.]
03-14 04:06:23.890 782 1952 E DisplayDeviceConfig: requesting nits when no mapping exists.
03-14 04:06:23.891 782 872 I am_wtf : [0,782,system_server,-1,DisplayDeviceConfig,requesting nits when no mapping exists.]
03-14 04:06:23.906 782 1952 E DisplayDeviceConfig: requesting nits when no mapping exists.
03-14 04:06:23.907 782 872 I am_wtf : [0,782,system_server,-1,DisplayDeviceConfig,requesting nits when no mapping exists.]
03-14 04:06:23.907 782 1952 E DisplayDeviceConfig: requesting nits when no mapping exists.
03-14 04:06:23.908 782 872 I am_wtf : [0,782,system_server,-1,DisplayDeviceConfig,requesting nits when no mapping exists.]
03-14 04:06:23.923 782 1952 E DisplayDeviceConfig: requesting nits when no mapping exists.
03-14 04:06:23.924 782 1952 E DisplayDeviceConfig: requesting nits when no mapping exists.
03-14 04:06:23.924 782 872 I am_wtf : [0,782,system_server,-1,DisplayDeviceConfig,requesting nits when no mapping exists.]
03-14 04:06:23.925 782 872 I am_wtf : [0,782,system_server,-1,DisplayDeviceConfig,requesting nits when no mapping exists.]
03-14 04:06:23.940 782 1952 E DisplayDeviceConfig: requesting nits when no mapping exists.
03-14 04:06:23.940 782 872 I am_wtf : [0,782,system_server,-1,DisplayDeviceConfig,requesting nits when no mapping exists.]
03-14 04:06:23.940 782 1952 E DisplayDeviceConfig: requesting nits when no mapping exists.
03-14 04:06:23.941 782 872 I am_wtf : [0,782,system_server,-1,DisplayDeviceConfig,requesting nits when no mapping exists.]
03-14 04:06:23.956 782 1952 E DisplayDeviceConfig: requesting nits when no mapping exists.
03-14 04:06:23.957 782 1952 E DisplayDeviceConfig: requesting nits when no mapping exists.
03-14 04:06:23.957 782 872 I am_wtf : [0,782,system_server,-1,DisplayDeviceConfig,requesting nits when no mapping exists.]
03-14 04:06:23.958 782 872 I am_wtf : [0,782,system_server,-1,DisplayDeviceConfig,requesting nits when no mapping exists.]
03-14 04:06:23.973 782 1952 E DisplayDeviceConfig: requesting nits when no mapping exists.
03-14 04:06:23.974 782 872 I am_wtf : [0,782,system_server,-1,DisplayDeviceConfig,requesting nits when no mapping exists.]
03-14 04:06:23.974 782 1952 E DisplayDeviceConfig: requesting nits when no mapping exists.
03-14 04:06:23.975 782 872 I am_wtf : [0,782,system_server,-1,DisplayDeviceConfig,requesting nits when no mapping exists.]
01-01 08:15:57.869 0 0 D cnss : Host time = 957590760 us, device time = 914606270 us, offset = 42984490 us
01-01 08:15:57.869 0 0 D cnss : Updated time sync regs [0x984] = 0x28fe42a, [0x988] = 0x0
01-01 08:15:58.631 0 0 E DTC_ETH,link_delay_work_func: 3003, SQI=0, link=0
03-14 04:06:29.992 782 1000 I PowerManagerService: Napping display group (groupId=0, uid=1000)...
03-14 04:06:29.992 782 1000 I PowerManagerService: Nap time (uid 1000)...
03-14 04:06:29.994 782 1000 I DreamManagerService: Entering dreamland.
03-14 04:06:29.997 782 1000 I PowerManagerService: Dreaming...
03-14 04:06:29.999 782 822 I DreamController: Starting dream: name=ComponentInfo{com.thundercomm.screensaver/com.thundercomm.screensaver.service.SystemDream}, isTest=false, canDoze=false, userId=0
03-14 04:06:29.999 782 822 I sysui_multi_action: [757,222,758,1]
03-14 04:06:30.002 782 822 I am_uid_active: 10050
03-14 04:06:30.008 782 822 D AutofillManagerService: Close system dialogs
03-14 04:06:30.012 782 2144 I ActivityTaskManager: START u0 {flg=0x10000000 pkg=com.thundercomm.screensaver cmp=com.thundercomm.screensaver/android.service.dreams.DreamActivity (has extras)} from uid 10050
03-14 04:06:30.017 782 2144 I wm_task_created: [122,-1]
03-14 04:06:30.017 782 2144 W ActivityTaskManager: Can't find TaskDisplayArea to determine support for multi window. Task id=122 attached=false
03-14 04:06:30.018 782 830 I am_pss : [4293,10065,com.android.gallery3d,53112832,46784512,0,171012096,0,2,12]
03-14 04:06:30.021 782 2144 I wm_task_moved: [122,1,7]
03-14 04:06:30.021 782 2144 I wm_task_to_front: [0,122]
03-14 04:06:30.021 782 2144 I wm_create_task: [0,122]
03-14 04:06:30.021 782 2144 I wm_create_activity: [0,223161854,122,com.thundercomm.screensaver/android.service.dreams.DreamActivity,NULL,NULL,NULL,276824064]
03-14 04:06:30.021 782 2144 I wm_task_moved: [122,1,7]
03-14 04:06:30.021 4293 4293 I wm_on_top_resumed_lost_called: [71355179,com.android.gallery3d.app.GalleryActivity,topStateChangedWhenResumed]
03-14 04:06:30.022 782 2144 I wm_pause_activity: [0,174418215,com.android.launcher3/.uioverrides.QuickstepLauncher,userLeaving=true,pauseBackTasks]
03-14 04:06:30.023 782 2144 W WindowManager: updateScale : 0.45565748
03-14 04:06:30.023 4407 4407 I wm_on_paused_called: [174418215,com.android.launcher3.uioverrides.QuickstepLauncher,performPause]
03-14 04:06:30.025 782 797 I ActivityTaskManager: FOREGROUND_APPLICATION_CHANGED to android.service.dreams.DreamActivity
03-14 04:06:30.025 782 797 I ActivityTaskManager: The Process com.thundercomm.screensaver Already Exists in BG. So sending its PID: 4589
03-14 04:06:30.025 782 797 W ActivityTaskManager: Tried to set launchTime (0) < mLastActivityLaunchTime (732177)
03-14 04:06:30.025 782 797 I wm_add_to_stopping: [0,174418215,com.android.launcher3/.uioverrides.QuickstepLauncher,makeInvisible]
03-14 04:06:30.026 782 797 I wm_restart_activity: [0,223161854,122,com.thundercomm.screensaver/android.service.dreams.DreamActivity]
03-14 04:06:30.027 782 797 I wm_set_resumed_activity: [0,com.thundercomm.screensaver/android.service.dreams.DreamActivity,minimalResumeActivityLocked]
03-14 04:06:30.030 4589 4589 I wm_on_create_called: [223161854,android.service.dreams.DreamActivity,performCreate]
03-14 04:06:30.030 4589 4589 I wm_on_start_called: [223161854,android.service.dreams.DreamActivity,handleStartActivity]
03-14 04:06:30.030 4589 4589 I wm_on_resume_called: [223161854,android.service.dreams.DreamActivity,RESUME_ACTIVITY]
03-14 04:06:30.031 782 797 W WindowManager: Failed looking up window session=Session{d69397d 4589:u0a10050} callers=com.android.server.wm.WindowManagerService.windowForClientLocked:5628 com.android.server.wm.Session.insetsModified:629 android.view.IWindowSession$Stub.onTransact:1151
03-14 04:06:30.032 4589 4589 I wm_on_top_resumed_gained_called: [223161854,android.service.dreams.DreamActivity,topStateChangedWhenResumed]
03-14 04:06:30.042 782 2144 W WindowManager: updateScale : 0.45565748
03-14 04:06:30.043 782 826 I input_focus: [Focus request a4a2c0a com.thundercomm.screensaver/android.service.dreams.DreamActivity,reason=UpdateInputWindows]
03-14 04:06:30.046 782 825 I sysui_multi_action: [757,803,799,window_time_0,802,61]
03-14 04:06:30.048 782 2144 I am_uid_active: 10063
03-14 04:06:30.049 782 826 W WindowManager: updateScale : 0.45565748
03-14 04:06:30.052 782 826 W WindowManager: updateScale : 0.45565748
03-14 04:06:30.053 782 822 I sysui_multi_action: [319,40,322,39,325,960,757,761,758,8,759,2,806,com.thundercomm.screensaver,871,android.service.dreams.DreamActivity,904,com.thundercomm.screensaver,905,0,1320,4,1321,2]
03-14 04:06:30.053 782 822 I wm_activity_launch_time: [0,223161854,com.thundercomm.screensaver/android.service.dreams.DreamActivity,39]
03-14 04:06:30.053 782 826 W WindowManager: updateScale : 0.45565748
03-14 04:06:30.054 782 825 W WindowManager: updateScale : 0.45565748
03-14 04:06:30.054 782 1000 V DisplayPowerController[0]: Brightness [1.0] reason changing to: 'manual', previous reason: 'manual [ dim ]'.
03-14 04:06:30.054 782 1000 I sysui_multi_action: [757,1696,758,6,759,3]
03-14 04:06:30.055 782 825 W WindowManager: updateScale : 0.45565748
03-14 04:06:30.057 782 1952 E DisplayDeviceConfig: requesting nits when no mapping exists.
03-14 04:06:30.058 782 1952 E DisplayDeviceConfig: requesting nits when no mapping exists.
03-14 04:06:30.058 782 1605 I input_focus: [Focus leaving 424565d com.android.gallery3d/com.android.gallery3d.app.GalleryActivity (server),reason=Waiting for window because NOT_VISIBLE]
03-14 04:06:30.058 782 872 I am_wtf : [0,782,system_server,-1,DisplayDeviceConfig,requesting nits when no mapping exists.]
03-14 04:06:30.058 782 872 I am_wtf : [0,782,system_server,-1,DisplayDeviceConfig,requesting nits when no mapping exists.]
03-14 04:06:30.073 782 1952 E DisplayDeviceConfig: requesting nits when no mapping exists.
03-14 04:06:30.073 782 1952 E DisplayDeviceConfig: requesting nits when no mapping exists.
03-14 04:06:30.073 782 872 I am_wtf : [0,782,system_server,-1,DisplayDeviceConfig,requesting nits when no mapping exists.]
03-14 04:06:30.073 782 1605 I input_focus: [Focus entering a4a2c0a com.thundercomm.screensaver/android.service.dreams.DreamActivity (server),reason=Window became focusable. Previous reason: NOT_VISIBLE]
03-14 04:06:30.073 782 872 I am_wtf : [0,782,system_server,-1,DisplayDeviceConfig,requesting nits when no mapping exists.]
03-14 04:06:30.089 782 1952 E DisplayDeviceConfig: requesting nits when no mapping exists.
03-14 04:06:30.089 782 1952 E DisplayDeviceConfig: requesting nits when no mapping exists.
03-14 04:06:30.089 782 872 I am_wtf : [0,782,system_server,-1,DisplayDeviceConfig,requesting nits when no mapping exists.]
03-14 04:06:30.090 782 872 I am_wtf : [0,782,system_server,-1,DisplayDeviceConfig,requesting nits when no mapping exists.]
03-14 04:06:30.106 782 1952 E DisplayDeviceConfig: requesting nits when no mapping exists.
03-14 04:06:30.106 782 1952 E DisplayDeviceConfig: requesting nits when no mapping exists.
03-14 04:06:30.107 782 872 I am_wtf : [0,782,system_server,-1,DisplayDeviceConfig,requesting nits when no mapping exists.]
03-14 04:06:30.107 782 872 I am_wtf : [0,782,system_server,-1,DisplayDeviceConfig,requesting nits when no mapping exists.]
03-14 04:06:30.123 782 1952 E DisplayDeviceConfig: requesting nits when no mapping exists.
03-14 04:06:30.123 782 1952 E DisplayDeviceConfig: requesting nits when no mapping exists.
03-14 04:06:30.123 782 872 I am_wtf : [0,782,system_server,-1,DisplayDeviceConfig,requesting nits when no mapping exists.]
03-14 04:06:30.123 782 872 I am_wtf : [0,782,system_server,-1,DisplayDeviceConfig,requesting nits when no mapping exists.]
03-14 04:06:30.129 782 4406 W FreeFormWindowHelper: Current Display FreeFormTask is Task{9b477a #121 type=standard A=10065:com.android.gallery3d U=0 visible=false mode=freeform translucent=true sz=1}
03-14 04:06:30.140 782 1952 E DisplayDeviceConfig: requesting nits when no mapping exists.
03-14 04:06:30.140 782 1952 E DisplayDeviceConfig: requesting nits when no mapping exists.
03-14 04:06:30.140 782 872 I am_wtf : [0,782,system_server,-1,DisplayDeviceConfig,requesting nits when no mapping exists.]
03-14 04:06:30.141 782 872 I am_wtf : [0,782,system_server,-1,DisplayDeviceConfig,requesting nits when no mapping exists.]
03-14 04:06:30.156 782 1952 E DisplayDeviceConfig: requesting nits when no mapping exists.
03-14 04:06:30.157 782 1952 E DisplayDeviceConfig: requesting nits when no mapping exists.
03-14 04:06:30.157 782 872 I am_wtf : [0,782,system_server,-1,DisplayDeviceConfig,requesting nits when no mapping exists.]
03-14 04:06:30.157 782 872 I am_wtf : [0,782,system_server,-1,DisplayDeviceConfig,requesting nits when no mapping exists.]
03-14 04:06:30.173 782 1952 E DisplayDeviceConfig: requesting nits when no mapping exists.
03-14 04:06:30.173 782 1952 E DisplayDeviceConfig: requesting nits when no mapping exists.
03-14 04:06:30.173 782 872 I am_wtf : [0,782,system_server,-1,DisplayDeviceConfig,requesting nits when no mapping exists.]
03-14 04:06:30.173 782 872 I am_wtf : [0,782,system_server,-1,DisplayDeviceConfig,requesting nits when no mapping exists.]
03-14 04:06:30.190 782 1952 E DisplayDeviceConfig: requesting nits when no mapping exists.
03-14 04:06:30.191 782 1952 E DisplayDeviceConfig: requesting nits when no mapping exists.
03-14 04:06:30.191 782 872 I am_wtf : [0,782,system_server,-1,DisplayDeviceConfig,requesting nits when no mapping exists.]
03-14 04:06:30.191 782 872 I am_wtf : [0,782,system_server,-1,DisplayDeviceConfig,requesting nits when no mapping exists.]
03-14 04:06:30.207 782 1952 E DisplayDeviceConfig: requesting nits when no mapping exists.
03-14 04:06:30.207 782 1952 E DisplayDeviceConfig: requesting nits when no mapping exists.
03-14 04:06:30.207 782 872 I am_wtf : [0,782,system_server,-1,DisplayDeviceConfig,requesting nits when no mapping exists.]
03-14 04:06:30.208 782 872 I am_wtf : [0,782,system_server,-1,DisplayDeviceConfig,requesting nits when no mapping exists.]
03-14 04:06:30.224 782 1952 E DisplayDeviceConfig: requesting nits when no mapping exists.
03-14 04:06:30.224 782 1952 E DisplayDeviceConfig: requesting nits when no mapping exists.
03-14 04:06:30.224 782 872 I am_wtf : [0,782,system_server,-1,DisplayDeviceConfig,requesting nits when no mapping exists.]
03-14 04:06:30.224 782 872 I am_wtf : [0,782,system_server,-1,DisplayDeviceConfig,requesting nits when no mapping exists.]
03-14 04:06:30.240 782 1952 E DisplayDeviceConfig: requesting nits when no mapping exists.
03-14 04:06:30.240 782 1952 E DisplayDeviceConfig: requesting nits when no mapping exists.
03-14 04:06:30.240 782 872 I am_wtf : [0,782,system_server,-1,DisplayDeviceConfig,requesting nits when no mapping exists.]
03-14 04:06:30.240 782 872 I am_wtf : [0,782,system_server,-1,DisplayDeviceConfig,requesting nits when no mapping exists.]
03-14 04:06:30.257 782 1952 E DisplayDeviceConfig: requesting nits when no mapping exists.
03-14 04:06:30.257 782 1952 E DisplayDeviceConfig: requesting nits when no mapping exists.
03-14 04:06:30.257 782 872 I am_wtf : [0,782,system_server,-1,DisplayDeviceConfig,requesting nits when no mapping exists.]
03-14 04:06:30.257 782 872 I am_wtf : [0,782,system_server,-1,DisplayDeviceConfig,requesting nits when no mapping exists.]
03-14 04:06:30.273 782 1952 E DisplayDeviceConfig: requesting nits when no mapping exists.
03-14 04:06:30.273 782 1952 E DisplayDeviceConfig: requesting nits when no mapping exists.
03-14 04:06:30.273 782 872 I am_wtf : [0,782,system_server,-1,DisplayDeviceConfig,requesting nits when no mapping exists.]
03-14 04:06:30.274 782 872 I service_manager_stats: [100,38,6851]
03-14 04:06:30.274 782 872 I am_wtf : [0,782,system_server,-1,DisplayDeviceConfig,requesting nits when no mapping exists.]
03-14 04:06:30.290 782 1952 E DisplayDeviceConfig: requesting nits when no mapping exists.
03-14 04:06:30.290 782 1952 E DisplayDeviceConfig: requesting nits when no mapping exists.
03-14 04:06:30.290 782 872 I am_wtf : [0,782,system_server,-1,DisplayDeviceConfig,requesting nits when no mapping exists.]
03-14 04:06:30.290 782 872 I am_wtf : [0,782,system_server,-1,DisplayDeviceConfig,requesting nits when no mapping exists.]
03-14 04:06:30.307 782 1952 E DisplayDeviceConfig: requesting nits when no mapping exists.
03-14 04:06:30.307 782 1952 E DisplayDeviceConfig: requesting nits when no mapping exists.
03-14 04:06:30.307 782 872 I am_wtf : [0,782,system_server,-1,DisplayDeviceConfig,requesting nits when no mapping exists.]
03-14 04:06:30.307 782 872 I am_wtf : [0,782,system_server,-1,DisplayDeviceConfig,requesting nits when no mapping exists.]
03-14 04:06:30.323 782 1952 E DisplayDeviceConfig: requesting nits when no mapping exists.
03-14 04:06:30.323 782 1952 E DisplayDeviceConfig: requesting nits when no mapping exists.
03-14 04:06:30.323 782 872 I am_wtf : [0,782,system_server,-1,DisplayDeviceConfig,requesting nits when no mapping exists.]
03-14 04:06:30.324 782 872 I am_wtf : [0,782,system_server,-1,DisplayDeviceConfig,requesting nits when no mapping exists.]
03-14 04:06:30.340 782 1952 E DisplayDeviceConfig: requesting nits when no mapping exists.
03-14 04:06:30.340 782 1952 E DisplayDeviceConfig: requesting nits when no mapping exists.
03-14 04:06:30.340 782 872 I am_wtf : [0,782,system_server,-1,DisplayDeviceConfig,requesting nits when no mapping exists.]
03-14 04:06:30.341 782 872 I am_wtf : [0,782,system_server,-1,DisplayDeviceConfig,requesting nits when no mapping exists.]
03-14 04:06:30.341 782 825 I wm_stop_activity: [0,174418215,com.android.launcher3/.uioverrides.QuickstepLauncher]
03-14 04:06:30.342 782 826 W WindowManager: updateScale : 0.45565748
03-14 04:06:30.362 782 1952 E DisplayDeviceConfig: requesting nits when no mapping exists.
03-14 04:06:30.362 782 1952 E DisplayDeviceConfig: requesting nits when no mapping exists.
03-14 04:06:30.362 782 872 I am_wtf : [0,782,system_server,-1,DisplayDeviceConfig,requesting nits when no mapping exists.]
03-14 04:06:30.362 782 872 I am_wtf : [0,782,system_server,-1,DisplayDeviceConfig,requesting nits when no mapping exists.]
01-01 08:16:03.751 0 0 E DTC_ETH,link_delay_work_func: 3003, SQI=0, link=0
03-14 04:06:30.367 782 4406 W WindowManager: updateScale : 0.45565748
03-14 04:06:30.369 4407 4407 I wm_on_stop_called: [174418215,com.android.launcher3.uioverrides.QuickstepLauncher,STOP_ACTIVITY_ITEM]
03-14 04:06:30.374 782 1952 E DisplayDeviceConfig: requesting nits when no mapping exists.
03-14 04:06:30.374 782 1952 E DisplayDeviceConfig: requesting nits when no mapping exists.
03-14 04:06:30.374 782 872 I am_wtf : [0,782,system_server,-1,DisplayDeviceConfig,requesting nits when no mapping exists.]
03-14 04:06:30.374 782 872 I am_wtf : [0,782,system_server,-1,DisplayDeviceConfig,requesting nits when no mapping exists.]
03-14 04:06:30.390 782 1952 E DisplayDeviceConfig: requesting nits when no mapping exists.
03-14 04:06:30.390 782 1952 E DisplayDeviceConfig: requesting nits when no mapping exists.
03-14 04:06:30.390 782 872 I am_wtf : [0,782,system_server,-1,DisplayDeviceConfig,requesting nits when no mapping exists.]
03-14 04:06:30.391 782 872 I am_wtf : [0,782,system_server,-1,DisplayDeviceConfig,requesting nits when no mapping exists.]
03-14 04:06:30.405 782 1952 E DisplayDeviceConfig: requesting nits when no mapping exists.
03-14 04:06:30.405 782 1952 E DisplayDeviceConfig: requesting nits when no mapping exists.
03-14 04:06:30.405 782 872 I am_wtf : [0,782,system_server,-1,DisplayDeviceConfig,requesting nits when no mapping exists.]
03-14 04:06:30.405 782 872 I am_wtf : [0,782,system_server,-1,DisplayDeviceConfig,requesting nits when no mapping exists.]
03-14 04:06:30.421 782 1952 E DisplayDeviceConfig: requesting nits when no mapping exists.
03-14 04:06:30.421 782 1952 E DisplayDeviceConfig: requesting nits when no mapping exists.
03-14 04:06:30.421 782 872 I am_wtf : [0,782,system_server,-1,DisplayDeviceConfig,requesting nits when no mapping exists.]
03-14 04:06:30.421 782 872 I am_wtf : [0,782,system_server,-1,DisplayDeviceConfig,requesting nits when no mapping exists.]
03-14 04:06:30.438 782 1952 E DisplayDeviceConfig: requesting nits when no mapping exists.
03-14 04:06:30.438 782 1952 E DisplayDeviceConfig: requesting nits when no mapping exists.
03-14 04:06:30.438 782 872 I am_wtf : [0,782,system_server,-1,DisplayDeviceConfig,requesting nits when no mapping exists.]
03-14 04:06:30.438 782 872 I am_wtf : [0,782,system_server,-1,DisplayDeviceConfig,requesting nits when no mapping exists.]
03-14 04:06:30.455 782 1952 E DisplayDeviceConfig: requesting nits when no mapping exists.
03-14 04:06:30.455 782 1952 E DisplayDeviceConfig: requesting nits when no mapping exists.
03-14 04:06:30.455 782 872 I am_wtf : [0,782,system_server,-1,DisplayDeviceConfig,requesting nits when no mapping exists.]
03-14 04:06:30.455 782 872 I am_wtf : [0,782,system_server,-1,DisplayDeviceConfig,requesting nits when no mapping exists.]
03-14 04:06:30.471 782 1952 E DisplayDeviceConfig: requesting nits when no mapping exists.
03-14 04:06:30.471 782 1952 E DisplayDeviceConfig: requesting nits when no mapping exists.
03-14 04:06:30.471 782 872 I am_wtf : [0,782,system_server,-1,DisplayDeviceConfig,requesting nits when no mapping exists.]
03-14 04:06:30.472 782 872 I am_wtf : [0,782,system_server,-1,DisplayDeviceConfig,requesting nits when no mapping exists.]
03-14 04:06:30.488 782 1952 E DisplayDeviceConfig: requesting nits when no mapping exists.
03-14 04:06:30.488 782 1952 E DisplayDeviceConfig: requesting nits when no mapping exists.
03-14 04:06:30.488 782 872 I am_wtf : [0,782,system_server,-1,DisplayDeviceConfig,requesting nits when no mapping exists.]
03-14 04:06:30.488 782 872 I am_wtf : [0,782,system_server,-1,DisplayDeviceConfig,requesting nits when no mapping exists.]
03-14 04:06:30.505 782 1952 E DisplayDeviceConfig: requesting nits when no mapping exists.
03-14 04:06:30.505 782 1952 E DisplayDeviceConfig: requesting nits when no mapping exists.
03-14 04:06:30.505 782 872 I am_wtf : [0,782,system_server,-1,DisplayDeviceConfig,requesting nits when no mapping exists.]
03-14 04:06:30.505 782 872 I am_wtf : [0,782,system_server,-1,DisplayDeviceConfig,requesting nits when no mapping exists.]
03-14 04:06:30.521 782 1952 E DisplayDeviceConfig: requesting nits when no mapping exists.
03-14 04:06:30.521 782 1952 E DisplayDeviceConfig: requesting nits when no mapping exists.
03-14 04:06:30.521 782 872 I am_wtf : [0,782,system_server,-1,DisplayDeviceConfig,requesting nits when no mapping exists.]
03-14 04:06:30.522 782 872 I am_wtf : [0,782,system_server,-1,DisplayDeviceConfig,requesting nits when no mapping exists.]
03-14 04:06:30.538 782 1952 E DisplayDeviceConfig: requesting nits when no mapping exists.
03-14 04:06:30.538 782 1952 E DisplayDeviceConfig: requesting nits when no mapping exists.
03-14 04:06:30.538 782 872 I am_wtf : [0,782,system_server,-1,DisplayDeviceConfig,requesting nits when no mapping exists.]
03-14 04:06:30.538 782 872 I am_wtf : [0,782,system_server,-1,DisplayDeviceConfig,requesting nits when no mapping exists.]
03-14 04:06:30.555 782 1952 E DisplayDeviceConfig: requesting nits when no mapping exists.
03-14 04:06:30.555 782 1952 E DisplayDeviceConfig: requesting nits when no mapping exists.
03-14 04:06:30.555 782 872 I am_wtf : [0,782,system_server,-1,DisplayDeviceConfig,requesting nits when no mapping exists.]
03-14 04:06:30.555 782 872 I am_wtf : [0,782,system_server,-1,DisplayDeviceConfig,requesting nits when no mapping exists.]
03-14 04:06:30.572 782 1952 E DisplayDeviceConfig: requesting nits when no mapping exists.
03-14 04:06:30.572 782 1952 E DisplayDeviceConfig: requesting nits when no mapping exists.
03-14 04:06:30.572 782 872 I am_wtf : [0,782,system_server,-1,DisplayDeviceConfig,requesting nits when no mapping exists.]
03-14 04:06:30.572 782 872 I am_wtf : [0,782,system_server,-1,DisplayDeviceConfig,requesting nits when no mapping exists.]
03-14 04:06:30.588 782 1952 E DisplayDeviceConfig: requesting nits when no mapping exists.
03-14 04:06:30.588 782 1952 E DisplayDeviceConfig: requesting nits when no mapping exists.
03-14 04:06:30.588 782 872 I am_wtf : [0,782,system_server,-1,DisplayDeviceConfig,requesting nits when no mapping exists.]
03-14 04:06:30.588 782 872 I am_wtf : [0,782,system_server,-1,DisplayDeviceConfig,requesting nits when no mapping exists.]
03-14 04:06:30.605 782 1952 E DisplayDeviceConfig: requesting nits when no mapping exists.
03-14 04:06:30.605 782 872 I am_wtf : [0,782,system_server,-1,DisplayDeviceConfig,requesting nits when no mapping exists.]
03-14 04:06:30.605 782 1952 E DisplayDeviceConfig: requesting nits when no mapping exists.
03-14 04:06:30.605 782 872 I am_wtf : [0,782,system_server,-1,DisplayDeviceConfig,requesting nits when no mapping exists.]
03-14 04:06:30.622 782 1952 E DisplayDeviceConfig: requesting nits when no mapping exists.
03-14 04:06:30.622 782 872 I am_wtf : [0,782,system_server,-1,DisplayDeviceConfig,requesting nits when no mapping exists.]
03-14 04:06:30.622 782 1952 E DisplayDeviceConfig: requesting nits when no mapping exists.
03-14 04:06:30.622 782 872 I am_wtf : [0,782,system_server,-1,DisplayDeviceConfig,requesting nits when no mapping exists.]
03-14 04:06:30.638 782 1952 E DisplayDeviceConfig: requesting nits when no mapping exists.
03-14 04:06:30.638 782 1952 E DisplayDeviceConfig: requesting nits when no mapping exists.
03-14 04:06:30.638 782 872 I am_wtf : [0,782,system_server,-1,DisplayDeviceConfig,requesting nits when no mapping exists.]
03-14 04:06:30.639 782 872 I am_wtf : [0,782,system_server,-1,DisplayDeviceConfig,requesting nits when no mapping exists.]
03-14 04:06:30.655 782 1952 E DisplayDeviceConfig: requesting nits when no mapping exists.
03-14 04:06:30.655 782 872 I am_wtf : [0,782,system_server,-1,DisplayDeviceConfig,requesting nits when no mapping exists.]
03-14 04:06:30.655 782 1952 E DisplayDeviceConfig: requesting nits when no mapping exists.
03-14 04:06:30.655 782 872 I am_wtf : [0,782,system_server,-1,DisplayDeviceConfig,requesting nits when no mapping exists.]
03-14 04:06:30.672 782 1952 E DisplayDeviceConfig: requesting nits when no mapping exists.
03-14 04:06:30.672 782 1952 E DisplayDeviceConfig: requesting nits when no mapping exists.
03-14 04:06:30.672 782 872 I am_wtf : [0,782,system_server,-1,DisplayDeviceConfig,requesting nits when no mapping exists.]
03-14 04:06:30.672 782 872 I am_wtf : [0,782,system_server,-1,DisplayDeviceConfig,requesting nits when no mapping exists.]
03-14 04:06:30.688 782 1952 E DisplayDeviceConfig: requesting nits when no mapping exists.
03-14 04:06:30.688 782 1952 E DisplayDeviceConfig: requesting nits when no mapping exists.
03-14 04:06:30.688 782 872 I am_wtf : [0,782,system_server,-1,DisplayDeviceConfig,requesting nits when no mapping exists.]
03-14 04:06:30.689 782 872 I am_wtf : [0,782,system_server,-1,DisplayDeviceConfig,requesting nits when no mapping exists.]
03-14 04:06:30.705 782 1952 E DisplayDeviceConfig: requesting nits when no mapping exists.
03-14 04:06:30.705 782 1952 E DisplayDeviceConfig: requesting nits when no mapping exists.
03-14 04:06:30.705 782 872 I am_wtf : [0,782,system_server,-1,DisplayDeviceConfig,requesting nits when no mapping exists.]
03-14 04:06:30.706 782 872 I am_wtf : [0,782,system_server,-1,DisplayDeviceConfig,requesting nits when no mapping exists.]
03-14 04:06:30.722 782 1952 E DisplayDeviceConfig: requesting nits when no mapping exists.
03-14 04:06:30.722 782 1952 E DisplayDeviceConfig: requesting nits when no mapping exists.
03-14 04:06:30.722 782 872 I am_wtf : [0,782,system_server,-1,DisplayDeviceConfig,requesting nits when no mapping exists.]
03-14 04:06:30.722 782 872 I am_wtf : [0,782,system_server,-1,DisplayDeviceConfig,requesting nits when no mapping exists.]
03-14 04:06:30.739 782 1952 E DisplayDeviceConfig: requesting nits when no mapping exists.
03-14 04:06:30.739 782 1952 E DisplayDeviceConfig: requesting nits when no mapping exists.
03-14 04:06:30.739 782 872 I am_wtf : [0,782,system_server,-1,DisplayDeviceConfig,requesting nits when no mapping exists.]
03-14 04:06:30.739 782 872 I am_wtf : [0,782,system_server,-1,DisplayDeviceConfig,requesting nits when no mapping exists.]
03-14 04:06:30.755 782 1952 E DisplayDeviceConfig: requesting nits when no mapping exists.
03-14 04:06:30.755 782 1952 E DisplayDeviceConfig: requesting nits when no mapping exists.
03-14 04:06:30.755 782 872 I am_wtf : [0,782,system_server,-1,DisplayDeviceConfig,requesting nits when no mapping exists.]
03-14 04:06:30.756 782 872 I am_wtf : [0,782,system_server,-1,DisplayDeviceConfig,requesting nits when no mapping exists.]
03-14 04:06:30.772 782 1952 E DisplayDeviceConfig: requesting nits when no mapping exists.
03-14 04:06:30.772 782 872 I am_wtf : [0,782,system_server,-1,DisplayDeviceConfig,requesting nits when no mapping exists.]
03-14 04:06:30.772 782 1952 E DisplayDeviceConfig: requesting nits when no mapping exists.
03-14 04:06:30.772 782 872 I am_wtf : [0,782,system_server,-1,DisplayDeviceConfig,requesting nits when no mapping exists.]
03-14 04:06:30.789 782 1952 E DisplayDeviceConfig: requesting nits when no mapping exists.
03-14 04:06:30.789 782 1952 E DisplayDeviceConfig: requesting nits when no mapping exists.
03-14 04:06:30.789 782 872 I am_wtf : [0,782,system_server,-1,DisplayDeviceConfig,requesting nits when no mapping exists.]
03-14 04:06:30.789 782 872 I am_wtf : [0,782,system_server,-1,DisplayDeviceConfig,requesting nits when no mapping exists.]
03-14 04:06:30.805 782 1952 E DisplayDeviceConfig: requesting nits when no mapping exists.
03-14 04:06:30.806 782 1952 E DisplayDeviceConfig: requesting nits when no mapping exists.
