03-14 04:00:01.370 782 872 I am_wtf : [0,782,system_server,-1,DisplayDeviceConfig,requesting nits when no mapping exists.]
03-14 04:00:01.371 782 872 I am_wtf : [0,782,system_server,-1,DisplayDeviceConfig,requesting nits when no mapping exists.]
03-14 04:00:01.387 782 1952 E DisplayDeviceConfig: requesting nits when no mapping exists.
03-14 04:00:01.387 782 1952 E DisplayDeviceConfig: requesting nits when no mapping exists.
03-14 04:00:01.387 782 872 I am_wtf : [0,782,system_server,-1,DisplayDeviceConfig,requesting nits when no mapping exists.]
03-14 04:00:01.388 782 872 I am_wtf : [0,782,system_server,-1,DisplayDeviceConfig,requesting nits when no mapping exists.]
03-14 04:00:01.403 782 1952 E DisplayDeviceConfig: requesting nits when no mapping exists.
03-14 04:00:01.404 782 1952 E DisplayDeviceConfig: requesting nits when no mapping exists.
03-14 04:00:01.405 782 872 I am_wtf : [0,782,system_server,-1,DisplayDeviceConfig,requesting nits when no mapping exists.]
03-14 04:00:01.406 782 872 I am_wtf : [0,782,system_server,-1,DisplayDeviceConfig,requesting nits when no mapping exists.]
03-14 04:00:01.420 782 1952 E DisplayDeviceConfig: requesting nits when no mapping exists.
03-14 04:00:01.421 782 1952 E DisplayDeviceConfig: requesting nits when no mapping exists.
03-14 04:00:01.421 782 872 I am_wtf : [0,782,system_server,-1,DisplayDeviceConfig,requesting nits when no mapping exists.]
03-14 04:00:01.422 782 872 I am_wtf : [0,782,system_server,-1,DisplayDeviceConfig,requesting nits when no mapping exists.]
03-14 04:00:01.437 782 1952 E DisplayDeviceConfig: requesting nits when no mapping exists.
03-14 04:00:01.437 782 1952 E DisplayDeviceConfig: requesting nits when no mapping exists.
03-14 04:00:01.437 782 872 I am_wtf : [0,782,system_server,-1,DisplayDeviceConfig,requesting nits when no mapping exists.]
03-14 04:00:01.438 782 872 I am_wtf : [0,782,system_server,-1,DisplayDeviceConfig,requesting nits when no mapping exists.]
03-14 04:00:01.454 782 1952 E DisplayDeviceConfig: requesting nits when no mapping exists.
03-14 04:00:01.454 782 872 I am_wtf : [0,782,system_server,-1,DisplayDeviceConfig,requesting nits when no mapping exists.]
03-14 04:00:01.454 782 1952 E DisplayDeviceConfig: requesting nits when no mapping exists.
03-14 04:00:01.455 782 872 I am_wtf : [0,782,system_server,-1,DisplayDeviceConfig,requesting nits when no mapping exists.]
03-14 04:00:01.470 782 1952 E DisplayDeviceConfig: requesting nits when no mapping exists.
03-14 04:00:01.471 782 872 I am_wtf : [0,782,system_server,-1,DisplayDeviceConfig,requesting nits when no mapping exists.]
03-14 04:00:01.471 782 1952 E DisplayDeviceConfig: requesting nits when no mapping exists.
03-14 04:00:01.472 782 872 I am_wtf : [0,782,system_server,-1,DisplayDeviceConfig,requesting nits when no mapping exists.]
03-14 04:00:01.487 782 1952 E DisplayDeviceConfig: requesting nits when no mapping exists.
03-14 04:00:01.488 782 1952 E DisplayDeviceConfig: requesting nits when no mapping exists.
03-14 04:00:01.488 782 872 I am_wtf : [0,782,system_server,-1,DisplayDeviceConfig,requesting nits when no mapping exists.]
03-14 04:00:01.489 782 872 I am_wtf : [0,782,system_server,-1,DisplayDeviceConfig,requesting nits when no mapping exists.]
03-14 04:00:01.504 782 1952 E DisplayDeviceConfig: requesting nits when no mapping exists.
03-14 04:00:01.504 782 1952 E DisplayDeviceConfig: requesting nits when no mapping exists.
03-14 04:00:01.505 782 872 I am_wtf : [0,782,system_server,-1,DisplayDeviceConfig,requesting nits when no mapping exists.]
03-14 04:00:01.505 782 872 I am_wtf : [0,782,system_server,-1,DisplayDeviceConfig,requesting nits when no mapping exists.]
03-14 04:00:01.521 782 1952 E DisplayDeviceConfig: requesting nits when no mapping exists.
03-14 04:00:01.521 782 1952 E DisplayDeviceConfig: requesting nits when no mapping exists.
03-14 04:00:01.521 782 872 I am_wtf : [0,782,system_server,-1,DisplayDeviceConfig,requesting nits when no mapping exists.]
03-14 04:00:01.522 782 872 I am_wtf : [0,782,system_server,-1,DisplayDeviceConfig,requesting nits when no mapping exists.]
03-14 04:00:01.537 782 1952 E DisplayDeviceConfig: requesting nits when no mapping exists.
03-14 04:00:01.538 782 1952 E DisplayDeviceConfig: requesting nits when no mapping exists.
03-14 04:00:01.538 782 872 I am_wtf : [0,782,system_server,-1,DisplayDeviceConfig,requesting nits when no mapping exists.]
03-14 04:00:01.538 782 872 I am_wtf : [0,782,system_server,-1,DisplayDeviceConfig,requesting nits when no mapping exists.]
03-14 04:00:01.554 782 1952 E DisplayDeviceConfig: requesting nits when no mapping exists.
03-14 04:00:01.554 782 1952 E DisplayDeviceConfig: requesting nits when no mapping exists.
03-14 04:00:01.555 782 872 I am_wtf : [0,782,system_server,-1,DisplayDeviceConfig,requesting nits when no mapping exists.]
03-14 04:00:01.556 782 872 I am_wtf : [0,782,system_server,-1,DisplayDeviceConfig,requesting nits when no mapping exists.]
03-14 04:00:01.570 782 1952 E DisplayDeviceConfig: requesting nits when no mapping exists.
03-14 04:00:01.571 782 872 I am_wtf : [0,782,system_server,-1,DisplayDeviceConfig,requesting nits when no mapping exists.]
03-14 04:00:01.571 782 1952 E DisplayDeviceConfig: requesting nits when no mapping exists.
03-14 04:00:01.572 782 872 I am_wtf : [0,782,system_server,-1,DisplayDeviceConfig,requesting nits when no mapping exists.]
03-14 04:00:01.573 782 872 I service_manager_stats: [100,59,56892]
03-14 04:00:01.587 782 1952 E DisplayDeviceConfig: requesting nits when no mapping exists.
03-14 04:00:01.588 782 872 I am_wtf : [0,782,system_server,-1,DisplayDeviceConfig,requesting nits when no mapping exists.]
03-14 04:00:01.588 782 1952 E DisplayDeviceConfig: requesting nits when no mapping exists.
03-14 04:00:01.589 782 872 I am_wtf : [0,782,system_server,-1,DisplayDeviceConfig,requesting nits when no mapping exists.]
03-14 04:00:01.604 782 1952 E DisplayDeviceConfig: requesting nits when no mapping exists.
03-14 04:00:01.605 782 1952 E DisplayDeviceConfig: requesting nits when no mapping exists.
03-14 04:00:01.605 782 872 I am_wtf : [0,782,system_server,-1,DisplayDeviceConfig,requesting nits when no mapping exists.]
03-14 04:00:01.605 782 872 I am_wtf : [0,782,system_server,-1,DisplayDeviceConfig,requesting nits when no mapping exists.]
03-14 04:00:01.621 782 1952 E DisplayDeviceConfig: requesting nits when no mapping exists.
03-14 04:00:01.621 782 872 I am_wtf : [0,782,system_server,-1,DisplayDeviceConfig,requesting nits when no mapping exists.]
03-14 04:00:01.621 782 1952 E DisplayDeviceConfig: requesting nits when no mapping exists.
03-14 04:00:01.622 782 872 I am_wtf : [0,782,system_server,-1,DisplayDeviceConfig,requesting nits when no mapping exists.]
03-14 04:00:01.637 782 1952 E DisplayDeviceConfig: requesting nits when no mapping exists.
03-14 04:00:01.638 782 1952 E DisplayDeviceConfig: requesting nits when no mapping exists.
03-14 04:00:01.638 782 872 I am_wtf : [0,782,system_server,-1,DisplayDeviceConfig,requesting nits when no mapping exists.]
03-14 04:00:01.639 782 872 I am_wtf : [0,782,system_server,-1,DisplayDeviceConfig,requesting nits when no mapping exists.]
03-14 04:00:01.654 782 1952 E DisplayDeviceConfig: requesting nits when no mapping exists.
03-14 04:00:01.655 782 1952 E DisplayDeviceConfig: requesting nits when no mapping exists.
03-14 04:00:01.655 782 872 I am_wtf : [0,782,system_server,-1,DisplayDeviceConfig,requesting nits when no mapping exists.]
03-14 04:00:01.656 782 872 I am_wtf : [0,782,system_server,-1,DisplayDeviceConfig,requesting nits when no mapping exists.]
03-14 04:00:01.671 782 1952 E DisplayDeviceConfig: requesting nits when no mapping exists.
03-14 04:00:01.671 782 1952 E DisplayDeviceConfig: requesting nits when no mapping exists.
03-14 04:00:01.672 782 872 I am_wtf : [0,782,system_server,-1,DisplayDeviceConfig,requesting nits when no mapping exists.]
03-14 04:00:01.672 782 872 I am_wtf : [0,782,system_server,-1,DisplayDeviceConfig,requesting nits when no mapping exists.]
03-14 04:00:01.687 782 1952 E DisplayDeviceConfig: requesting nits when no mapping exists.
03-14 04:00:01.688 782 1952 E DisplayDeviceConfig: requesting nits when no mapping exists.
03-14 04:00:01.688 782 872 I am_wtf : [0,782,system_server,-1,DisplayDeviceConfig,requesting nits when no mapping exists.]
03-14 04:00:01.689 782 872 I am_wtf : [0,782,system_server,-1,DisplayDeviceConfig,requesting nits when no mapping exists.]
03-14 04:00:01.704 782 1952 E DisplayDeviceConfig: requesting nits when no mapping exists.
03-14 04:00:01.705 782 1952 E DisplayDeviceConfig: requesting nits when no mapping exists.
03-14 04:00:01.705 782 872 I am_wtf : [0,782,system_server,-1,DisplayDeviceConfig,requesting nits when no mapping exists.]
03-14 04:00:01.706 782 872 I am_wtf : [0,782,system_server,-1,DisplayDeviceConfig,requesting nits when no mapping exists.]
03-14 04:00:01.721 782 1952 E DisplayDeviceConfig: requesting nits when no mapping exists.
03-14 04:00:01.721 782 1952 E DisplayDeviceConfig: requesting nits when no mapping exists.
03-14 04:00:01.722 782 872 I am_wtf : [0,782,system_server,-1,DisplayDeviceConfig,requesting nits when no mapping exists.]
03-14 04:00:01.722 782 872 I am_wtf : [0,782,system_server,-1,DisplayDeviceConfig,requesting nits when no mapping exists.]
03-14 04:00:01.737 782 1952 E DisplayDeviceConfig: requesting nits when no mapping exists.
03-14 04:00:01.738 782 1952 E DisplayDeviceConfig: requesting nits when no mapping exists.
03-14 04:00:01.738 782 872 I am_wtf : [0,782,system_server,-1,DisplayDeviceConfig,requesting nits when no mapping exists.]
03-14 04:00:01.739 782 872 I am_wtf : [0,782,system_server,-1,DisplayDeviceConfig,requesting nits when no mapping exists.]
03-14 04:00:01.754 782 1952 E DisplayDeviceConfig: requesting nits when no mapping exists.
03-14 04:00:01.755 782 1952 E DisplayDeviceConfig: requesting nits when no mapping exists.
03-14 04:00:01.755 782 872 I am_wtf : [0,782,system_server,-1,DisplayDeviceConfig,requesting nits when no mapping exists.]
03-14 04:00:01.756 782 872 I am_wtf : [0,782,system_server,-1,DisplayDeviceConfig,requesting nits when no mapping exists.]
03-14 04:00:01.771 782 1952 E DisplayDeviceConfig: requesting nits when no mapping exists.
03-14 04:00:01.771 782 872 I am_wtf : [0,782,system_server,-1,DisplayDeviceConfig,requesting nits when no mapping exists.]
03-14 04:00:01.771 782 1952 E DisplayDeviceConfig: requesting nits when no mapping exists.
03-14 04:00:01.772 782 872 I am_wtf : [0,782,system_server,-1,DisplayDeviceConfig,requesting nits when no mapping exists.]
01-01 08:09:35.977 0 0 I msm_vidc: err : ffffffff: .....: DBLP Set: status 0
01-01 08:09:39.751 0 0 E DTC_ETH,link_delay_work_func: 3003, SQI=0, link=0
03-14 04:00:07.824 782 1000 I PowerManagerService: Napping display group (groupId=0, uid=1000)...
03-14 04:00:07.824 782 1000 I PowerManagerService: Nap time (uid 1000)...
03-14 04:00:07.826 782 1000 I DreamManagerService: Entering dreamland.
03-14 04:00:07.829 782 1000 I PowerManagerService: Dreaming...
03-14 04:00:07.835 782 822 I DreamController: Starting dream: name=ComponentInfo{com.thundercomm.screensaver/com.thundercomm.screensaver.service.SystemDream}, isTest=false, canDoze=false, userId=0
03-14 04:00:07.835 782 822 I sysui_multi_action: [757,222,758,1]
03-14 04:00:07.839 782 822 I am_uid_running: 10050
03-14 04:00:07.841 782 822 D CompatibilityChangeReporter: Compat change id reported: 135634846; UID 10050; state: DISABLED
03-14 04:00:07.841 782 822 D CompatibilityChangeReporter: Compat change id reported: 177438394; UID 10050; state: DISABLED
03-14 04:00:07.841 782 822 D CompatibilityChangeReporter: Compat change id reported: 135772972; UID 10050; state: DISABLED
03-14 04:00:07.841 782 822 D CompatibilityChangeReporter: Compat change id reported: 135754954; UID 10050; state: ENABLED
03-14 04:00:07.842 782 873 D CompatibilityChangeReporter: Compat change id reported: 143937733; UID 10050; state: ENABLED
03-14 04:00:07.842 782 822 D AutofillManagerService: Close system dialogs
03-14 04:00:07.854 782 830 I am_pss : [4407,10074,com.android.launcher3,151329792,134799360,0,294236160,0,2,13]
03-14 04:00:07.855 782 873 I am_proc_start: [0,4589,10050,com.thundercomm.screensaver,service,{com.thundercomm.screensaver/com.thundercomm.screensaver.service.SystemDream}]
03-14 04:00:07.855 782 873 I ActivityManager: Start proc 4589:com.thundercomm.screensaver/u0a50 for service {com.thundercomm.screensaver/com.thundercomm.screensaver.service.SystemDream}
03-14 04:00:07.866 782 830 I am_pss : [3694,10086,com.android.music,50781184,44601344,0,171679744,0,2,9]
03-14 04:00:07.873 782 830 I am_pss : [4293,10065,com.android.gallery3d,21975040,16601088,0,137646080,0,18,6]
03-14 04:00:07.879 782 830 I am_pss : [4216,10032,com.android.musicfx,5408768,3895296,0,90791936,0,19,5]
01-01 08:09:41.276 0 0 I binder : 4589:4589 ioctl 40046210 7fc8a60c34 returned -22
03-14 04:00:07.885 782 2679 I am_proc_bound: [0,4589,com.thundercomm.screensaver]
03-14 04:00:07.885 782 830 I am_pss : [3314,1000,com.qti.diagservices,5960704,4050944,0,95641600,0,10,5]
03-14 04:00:07.886 782 2679 D CompatibilityChangeReporter: Compat change id reported: 168419799; UID 10050; state: DISABLED
03-14 04:00:07.888 782 2679 I am_uid_active: 10050
03-14 04:00:08.069 4589 4589 D MicroServiceManager: add linkToDeath
03-14 04:00:08.069 4589 4589 D MicroServiceManager: bindMicroService: called already get service
03-14 04:00:08.071 4589 4589 I MicroServiceManager: addCommonCallbackListener add listener
03-14 04:00:08.071 4589 4589 I MicroServiceManager: addConnectChangedListener add listener
03-14 04:00:08.074 782 2144 I ActivityTaskManager: START u0 {flg=0x10000000 pkg=com.thundercomm.screensaver cmp=com.thundercomm.screensaver/android.service.dreams.DreamActivity (has extras)} from uid 10050
03-14 04:00:08.078 782 2144 D CompatibilityChangeReporter: Compat change id reported: 184838306; UID 10050; state: DISABLED
03-14 04:00:08.078 782 2144 D CompatibilityChangeReporter: Compat change id reported: 185004937; UID 10050; state: DISABLED
03-14 04:00:08.079 782 2144 D CompatibilityChangeReporter: Compat change id reported: 181136395; UID 10050; state: DISABLED
03-14 04:00:08.079 782 2144 D CompatibilityChangeReporter: Compat change id reported: 174042936; UID 10050; state: DISABLED
03-14 04:00:08.080 782 2144 D CompatibilityChangeReporter: Compat change id reported: 174042980; UID 10050; state: DISABLED
03-14 04:00:08.081 782 2144 I wm_task_created: [112,-1]
03-14 04:00:08.081 782 2144 W ActivityTaskManager: Can't find TaskDisplayArea to determine support for multi window. Task id=112 attached=false
03-14 04:00:08.085 782 2144 I wm_task_moved: [112,1,8]
03-14 04:00:08.085 782 2144 I wm_task_to_front: [0,112]
03-14 04:00:08.085 782 2144 I wm_create_task: [0,112]
03-14 04:00:08.085 782 2144 I wm_create_activity: [0,176551621,112,com.thundercomm.screensaver/android.service.dreams.DreamActivity,NULL,NULL,NULL,276824064]
03-14 04:00:08.085 782 2144 I wm_task_moved: [112,1,8]
03-14 04:00:08.085 3694 3694 I wm_on_top_resumed_lost_called: [22182734,com.android.music.MusicBrowserActivity,topStateChangedWhenResumed]
03-14 04:00:08.085 782 2144 I wm_pause_activity: [0,174418215,com.android.launcher3/.uioverrides.QuickstepLauncher,userLeaving=true,pauseBackTasks]
03-14 04:00:08.086 782 2144 W WindowManager: updateScale : 0.79357797
03-14 04:00:08.086 4407 4407 I wm_on_paused_called: [174418215,com.android.launcher3.uioverrides.QuickstepLauncher,performPause]
03-14 04:00:08.088 4589 4589 I MicroServiceManager: requestResult(requestOperationInfo) parameters isnull.
03-14 04:00:08.088 782 797 I ActivityTaskManager: FOREGROUND_APPLICATION_CHANGED to android.service.dreams.DreamActivity
03-14 04:00:08.089 782 797 I ActivityTaskManager: The Process com.thundercomm.screensaver Already Exists in BG. So sending its PID: 4589
03-14 04:00:08.089 782 797 I wm_add_to_stopping: [0,174418215,com.android.launcher3/.uioverrides.QuickstepLauncher,makeInvisible]
03-14 04:00:08.089 782 797 I wm_restart_activity: [0,176551621,112,com.thundercomm.screensaver/android.service.dreams.DreamActivity]
03-14 04:00:08.090 782 797 I wm_set_resumed_activity: [0,com.thundercomm.screensaver/android.service.dreams.DreamActivity,minimalResumeActivityLocked]
03-14 04:00:08.095 782 825 I sysui_multi_action: [757,803,799,window_time_2,802,432]
03-14 04:00:08.098 782 1678 I am_uid_active: 10063
03-14 04:00:08.099 4589 4589 I wm_on_create_called: [176551621,android.service.dreams.DreamActivity,performCreate]
03-14 04:00:08.099 4589 4589 I wm_on_start_called: [176551621,android.service.dreams.DreamActivity,handleStartActivity]
03-14 04:00:08.099 4589 4589 I wm_on_resume_called: [176551621,android.service.dreams.DreamActivity,RESUME_ACTIVITY]
03-14 04:00:08.103 782 2144 W WindowManager: Failed looking up window session=Session{d69397d 4589:u0a10050} callers=com.android.server.wm.WindowManagerService.windowForClientLocked:5628 com.android.server.wm.Session.insetsModified:629 android.view.IWindowSession$Stub.onTransact:1151
03-14 04:00:08.104 4589 4589 I wm_on_top_resumed_gained_called: [176551621,android.service.dreams.DreamActivity,topStateChangedWhenResumed]
03-14 04:00:08.123 782 2144 W WindowManager: updateScale : 0.79357797
03-14 04:00:08.125 782 826 I input_focus: [Focus request aaa9940 com.thundercomm.screensaver/android.service.dreams.DreamActivity,reason=UpdateInputWindows]
03-14 04:00:08.126 782 2144 I am_wtf : [0,2006,com.android.systemui,818462221,KeyguardBouncer,onFullyShown when view was null]
03-14 04:00:08.129 2006 2006 I sysui_multi_action: [757,196,758,2,759,0]
03-14 04:00:08.129 2006 2006 I sysui_status_bar_state: [0,0,1,0,0,1]
01-01 08:09:41.533 0 0 I binder : 4589:4613 ioctl 40046210 713dcb71f4 returned -22
03-14 04:00:08.139 782 825 W WindowManager: updateScale : 0.79357797
03-14 04:00:08.140 782 825 W WindowManager: updateScale : 0.79357797
03-14 04:00:08.141 782 825 W WindowManager: updateScale : 0.79357797
03-14 04:00:08.145 782 826 W WindowManager: updateScale : 0.79357797
03-14 04:00:08.148 782 826 W WindowManager: updateScale : 0.79357797
03-14 04:00:08.150 782 822 I sysui_multi_action: [319,74,322,74,325,578,757,761,758,8,759,2,806,com.thundercomm.screensaver,871,android.service.dreams.DreamActivity,904,com.thundercomm.screensaver,905,0,1320,4,1321,2]
03-14 04:00:08.150 782 822 I wm_activity_launch_time: [0,176551621,com.thundercomm.screensaver/android.service.dreams.DreamActivity,74]
03-14 04:00:08.150 782 826 W WindowManager: updateScale : 0.79357797
03-14 04:00:08.151 782 1000 V DisplayPowerController[0]: Brightness [1.0] reason changing to: 'manual', previous reason: 'manual [ dim ]'.
03-14 04:00:08.151 782 1000 I sysui_multi_action: [757,1696,758,6,759,3]
03-14 04:00:08.156 782 1952 E DisplayDeviceConfig: requesting nits when no mapping exists.
03-14 04:00:08.156 782 872 I am_wtf : [0,782,system_server,-1,DisplayDeviceConfig,requesting nits when no mapping exists.]
03-14 04:00:08.156 782 1952 E DisplayDeviceConfig: requesting nits when no mapping exists.
03-14 04:00:08.156 782 872 I am_wtf : [0,782,system_server,-1,DisplayDeviceConfig,requesting nits when no mapping exists.]
03-14 04:00:08.157 782 1605 I input_focus: [Focus leaving 6b182e5 com.android.music/com.android.music.MusicBrowserActivity (server),reason=Waiting for window because NOT_VISIBLE]
03-14 04:00:08.171 782 1952 E DisplayDeviceConfig: requesting nits when no mapping exists.
03-14 04:00:08.172 782 1952 E DisplayDeviceConfig: requesting nits when no mapping exists.
03-14 04:00:08.172 782 872 I am_wtf : [0,782,system_server,-1,DisplayDeviceConfig,requesting nits when no mapping exists.]
03-14 04:00:08.172 782 872 I am_wtf : [0,782,system_server,-1,DisplayDeviceConfig,requesting nits when no mapping exists.]
03-14 04:00:08.173 782 1605 I input_focus: [Focus entering aaa9940 com.thundercomm.screensaver/android.service.dreams.DreamActivity (server),reason=Window became focusable. Previous reason: NOT_VISIBLE]
03-14 04:00:08.188 782 1952 E DisplayDeviceConfig: requesting nits when no mapping exists.
03-14 04:00:08.188 782 1952 E DisplayDeviceConfig: requesting nits when no mapping exists.
03-14 04:00:08.188 782 872 I am_wtf : [0,782,system_server,-1,DisplayDeviceConfig,requesting nits when no mapping exists.]
03-14 04:00:08.189 782 872 I am_wtf : [0,782,system_server,-1,DisplayDeviceConfig,requesting nits when no mapping exists.]
03-14 04:00:08.193 782 1678 W FreeFormWindowHelper: Current Display FreeFormTask is TaskInfo{userId=0 taskId=111 displayId=0 isRunning=true baseIntent=Intent { act=android.intent.action.MAIN cat=[android.intent.category.LAUNCHER] flg=0x10200000 cmp=com.android.gallery3d/.app.GalleryActivity } baseActivity=ComponentInfo{com.android.gallery3d/com.android.gallery3d.app.GalleryActivity} topActivity=ComponentInfo{com.android.gallery3d/com.android.gallery3d.app.GalleryActivity} origActivity=null realActivity=ComponentInfo{com.android.gallery3d/com.android.gallery3d.app.GalleryActivity} numActivities=1 lastActiveTime=143160 supportsSplitScreenMultiWindow=true supportsMultiWindow=true resizeMode=1 isResizeable=true token=WCT{RemoteToken{19bb7a0 Task{404c97e #111 type=standard A=10065:com.android.gallery3d U=0 visible=false mode=freeform translucent=true sz=0}}} topActivityType=1 pictureInPictureParams=PictureInPictureParams( aspectRatio=null sourceRectHint=null hasSetActions=false isAutoPipEnabled=false isSeamlessResizeEnabled=true) displayCutoutSafeInsets=null topActivityInfo=ActivityInfo{7001f59 com.android.gallery3d.app.GalleryActivity} launchCookies=[] positionInParent=Point(22, 74) parentTaskId=-1 isFocused=false isVisible=true topActivityInSizeCompat=false locusId= null}
03-14 04:00:08.205 782 1952 E DisplayDeviceConfig: requesting nits when no mapping exists.
03-14 04:00:08.205 782 1952 E DisplayDeviceConfig: requesting nits when no mapping exists.
03-14 04:00:08.205 782 872 I am_wtf : [0,782,system_server,-1,DisplayDeviceConfig,requesting nits when no mapping exists.]
03-14 04:00:08.206 782 872 I am_wtf : [0,782,system_server,-1,DisplayDeviceConfig,requesting nits when no mapping exists.]
03-14 04:00:08.222 782 1952 E DisplayDeviceConfig: requesting nits when no mapping exists.
03-14 04:00:08.222 782 1952 E DisplayDeviceConfig: requesting nits when no mapping exists.
03-14 04:00:08.222 782 872 I am_wtf : [0,782,system_server,-1,DisplayDeviceConfig,requesting nits when no mapping exists.]
03-14 04:00:08.222 782 872 I am_wtf : [0,782,system_server,-1,DisplayDeviceConfig,requesting nits when no mapping exists.]
03-14 04:00:08.238 782 1952 E DisplayDeviceConfig: requesting nits when no mapping exists.
03-14 04:00:08.238 782 1952 E DisplayDeviceConfig: requesting nits when no mapping exists.
03-14 04:00:08.238 782 872 I am_wtf : [0,782,system_server,-1,DisplayDeviceConfig,requesting nits when no mapping exists.]
03-14 04:00:08.239 782 872 I am_wtf : [0,782,system_server,-1,DisplayDeviceConfig,requesting nits when no mapping exists.]
03-14 04:00:08.255 782 1952 E DisplayDeviceConfig: requesting nits when no mapping exists.
03-14 04:00:08.255 782 1952 E DisplayDeviceConfig: requesting nits when no mapping exists.
03-14 04:00:08.255 782 872 I am_wtf : [0,782,system_server,-1,DisplayDeviceConfig,requesting nits when no mapping exists.]
03-14 04:00:08.256 782 872 I am_wtf : [0,782,system_server,-1,DisplayDeviceConfig,requesting nits when no mapping exists.]
03-14 04:00:08.272 782 1952 E DisplayDeviceConfig: requesting nits when no mapping exists.
03-14 04:00:08.272 782 1952 E DisplayDeviceConfig: requesting nits when no mapping exists.
03-14 04:00:08.272 782 872 I am_wtf : [0,782,system_server,-1,DisplayDeviceConfig,requesting nits when no mapping exists.]
03-14 04:00:08.272 782 872 I am_wtf : [0,782,system_server,-1,DisplayDeviceConfig,requesting nits when no mapping exists.]
03-14 04:00:08.288 782 1952 E DisplayDeviceConfig: requesting nits when no mapping exists.
03-14 04:00:08.289 782 1952 E DisplayDeviceConfig: requesting nits when no mapping exists.
03-14 04:00:08.289 782 872 I am_wtf : [0,782,system_server,-1,DisplayDeviceConfig,requesting nits when no mapping exists.]
03-14 04:00:08.289 782 872 I am_wtf : [0,782,system_server,-1,DisplayDeviceConfig,requesting nits when no mapping exists.]
03-14 04:00:08.305 782 1952 E DisplayDeviceConfig: requesting nits when no mapping exists.
03-14 04:00:08.305 782 1952 E DisplayDeviceConfig: requesting nits when no mapping exists.
03-14 04:00:08.305 782 872 I am_wtf : [0,782,system_server,-1,DisplayDeviceConfig,requesting nits when no mapping exists.]
03-14 04:00:08.306 782 872 I am_wtf : [0,782,system_server,-1,DisplayDeviceConfig,requesting nits when no mapping exists.]
03-14 04:00:08.322 782 1952 E DisplayDeviceConfig: requesting nits when no mapping exists.
03-14 04:00:08.322 782 1952 E DisplayDeviceConfig: requesting nits when no mapping exists.
03-14 04:00:08.322 782 872 I am_wtf : [0,782,system_server,-1,DisplayDeviceConfig,requesting nits when no mapping exists.]
03-14 04:00:08.322 782 872 I am_wtf : [0,782,system_server,-1,DisplayDeviceConfig,requesting nits when no mapping exists.]
03-14 04:00:08.339 782 1952 E DisplayDeviceConfig: requesting nits when no mapping exists.
03-14 04:00:08.339 782 872 I am_wtf : [0,782,system_server,-1,DisplayDeviceConfig,requesting nits when no mapping exists.]
03-14 04:00:08.340 782 1952 E DisplayDeviceConfig: requesting nits when no mapping exists.
03-14 04:00:08.340 782 872 I am_wtf : [0,782,system_server,-1,DisplayDeviceConfig,requesting nits when no mapping exists.]
03-14 04:00:08.355 782 1952 E DisplayDeviceConfig: requesting nits when no mapping exists.
03-14 04:00:08.356 782 872 I am_wtf : [0,782,system_server,-1,DisplayDeviceConfig,requesting nits when no mapping exists.]
03-14 04:00:08.356 782 1952 E DisplayDeviceConfig: requesting nits when no mapping exists.
03-14 04:00:08.357 782 872 I am_wtf : [0,782,system_server,-1,DisplayDeviceConfig,requesting nits when no mapping exists.]
03-14 04:00:08.372 782 1952 E DisplayDeviceConfig: requesting nits when no mapping exists.
03-14 04:00:08.372 782 1952 E DisplayDeviceConfig: requesting nits when no mapping exists.
03-14 04:00:08.372 782 872 I am_wtf : [0,782,system_server,-1,DisplayDeviceConfig,requesting nits when no mapping exists.]
03-14 04:00:08.372 782 872 I am_wtf : [0,782,system_server,-1,DisplayDeviceConfig,requesting nits when no mapping exists.]
03-14 04:00:08.389 782 1952 E DisplayDeviceConfig: requesting nits when no mapping exists.
03-14 04:00:08.389 782 1952 E DisplayDeviceConfig: requesting nits when no mapping exists.
03-14 04:00:08.389 782 872 I am_wtf : [0,782,system_server,-1,DisplayDeviceConfig,requesting nits when no mapping exists.]
03-14 04:00:08.389 782 872 I am_wtf : [0,782,system_server,-1,DisplayDeviceConfig,requesting nits when no mapping exists.]
03-14 04:00:08.405 782 1952 E DisplayDeviceConfig: requesting nits when no mapping exists.
03-14 04:00:08.405 782 1952 E DisplayDeviceConfig: requesting nits when no mapping exists.
03-14 04:00:08.405 782 872 I am_wtf : [0,782,system_server,-1,DisplayDeviceConfig,requesting nits when no mapping exists.]
03-14 04:00:08.406 782 872 I am_wtf : [0,782,system_server,-1,DisplayDeviceConfig,requesting nits when no mapping exists.]
03-14 04:00:08.422 782 1952 E DisplayDeviceConfig: requesting nits when no mapping exists.
03-14 04:00:08.422 782 1952 E DisplayDeviceConfig: requesting nits when no mapping exists.
03-14 04:00:08.422 782 872 I am_wtf : [0,782,system_server,-1,DisplayDeviceConfig,requesting nits when no mapping exists.]
03-14 04:00:08.422 782 872 I am_wtf : [0,782,system_server,-1,DisplayDeviceConfig,requesting nits when no mapping exists.]
03-14 04:00:08.439 782 1952 E DisplayDeviceConfig: requesting nits when no mapping exists.
03-14 04:00:08.439 782 872 I am_wtf : [0,782,system_server,-1,DisplayDeviceConfig,requesting nits when no mapping exists.]
03-14 04:00:08.439 782 1952 E DisplayDeviceConfig: requesting nits when no mapping exists.
03-14 04:00:08.439 782 872 I am_wtf : [0,782,system_server,-1,DisplayDeviceConfig,requesting nits when no mapping exists.]
03-14 04:00:08.440 782 825 I wm_stop_activity: [0,174418215,com.android.launcher3/.uioverrides.QuickstepLauncher]
03-14 04:00:08.440 782 826 W WindowManager: updateScale : 0.79357797
03-14 04:00:08.456 782 1952 E DisplayDeviceConfig: requesting nits when no mapping exists.
03-14 04:00:08.456 782 1952 E DisplayDeviceConfig: requesting nits when no mapping exists.
03-14 04:00:08.456 782 872 I am_wtf : [0,782,system_server,-1,DisplayDeviceConfig,requesting nits when no mapping exists.]
03-14 04:00:08.456 782 872 I am_wtf : [0,782,system_server,-1,DisplayDeviceConfig,requesting nits when no mapping exists.]
03-14 04:00:08.459 782 1678 W WindowManager: updateScale : 0.79357797
03-14 04:00:08.461 782 1678 W FreeFormWindowHelper: exitRecentTasks type=0
03-14 04:00:08.461 782 1678 W ContextImpl: Calling a method in the system process without a qualified user: android.app.ContextImpl.startActivity:1067 com.android.server.wm.FreeFormWindowHelper.exitRecentTasks:435 com.android.server.wm.ActivityTaskManagerService.exitRecentTasks:3821 android.app.IActivityTaskManager$Stub.onTransact:2307 com.android.server.wm.ActivityTaskManagerService.onTransact:5072
03-14 04:00:08.462 782 1678 I thunderperf: PlatormCompat.setOverrides: Uid1=1000 Pid1=782 Uid2=1000 Pid2=782
03-14 04:00:08.462 782 1678 I thunderperf: PlatormCompat.setOverrides: needCheck:false
03-14 04:00:08.462 782 1678 I thunderperf: CompatConfig.addOverrideUnsafe: bef-state=0
03-14 04:00:08.463 782 1678 I thunderperf: CompatConfig.addOverrideUnsafe: aft-state=0
03-14 04:00:08.463 782 1678 I thunderperf: CompatConfig.addOverrideUnsafe: bef-state=0
03-14 04:00:08.463 782 1678 I thunderperf: CompatConfig.addOverrideUnsafe: aft-state=0
03-14 04:00:08.463 782 1678 I thunderperf: CompatConfig.addOverrideUnsafe: bef-state=0
03-14 04:00:08.463 782 1678 I thunderperf: CompatConfig.addOverrideUnsafe: aft-state=0
03-14 04:00:08.463 782 1678 I thunderperf: CompatConfig.addOverrideUnsafe: bef-state=0
03-14 04:00:08.463 782 1678 I thunderperf: CompatConfig.addOverrideUnsafe: aft-state=0
03-14 04:00:08.463 782 1678 I thunderperf: CompatConfig.addOverrideUnsafe: bef-state=0
03-14 04:00:08.463 782 1678 I thunderperf: CompatConfig.addOverrideUnsafe: aft-state=0
03-14 04:00:08.464 782 1678 I thunderperf: CompatConfig.addOverrideUnsafe: bef-state=0
03-14 04:00:08.464 782 1678 I thunderperf: CompatConfig.addOverrideUnsafe: aft-state=0
03-14 04:00:08.464 782 1678 I thunderperf: CompatConfig.addOverrideUnsafe: bef-state=0
03-14 04:00:08.464 782 1678 I thunderperf: CompatConfig.addOverrideUnsafe: aft-state=0
03-14 04:00:08.465 782 1678 I thunderperf: CompatConfig.addOverrideUnsafe: bef-state=0
03-14 04:00:08.465 782 1678 I thunderperf: CompatConfig.addOverrideUnsafe: aft-state=0
03-14 04:00:08.465 782 1678 I thunderperf: CompatConfig.addOverrideUnsafe: bef-state=0
03-14 04:00:08.465 782 1678 I thunderperf: CompatConfig.addOverrideUnsafe: aft-state=0
03-14 04:00:08.465 782 1678 I thunderperf: CompatConfig.addOverrideUnsafe: bef-state=0
03-14 04:00:08.465 782 1678 I thunderperf: CompatConfig.addOverrideUnsafe: aft-state=0
03-14 04:00:08.466 782 1678 I thunderperf: CompatConfig.addOverrideUnsafe: bef-state=0
03-14 04:00:08.466 782 1678 I thunderperf: CompatConfig.addOverrideUnsafe: aft-state=0
03-14 04:00:08.466 782 1678 I thunderperf: CompatConfig.addOverrideUnsafe: bef-state=0
03-14 04:00:08.466 782 1678 I thunderperf: CompatConfig.addOverrideUnsafe: aft-state=0
03-14 04:00:08.466 782 1678 I thunderperf: CompatConfig.addOverrideUnsafe: bef-state=0
03-14 04:00:08.466 782 1678 I thunderperf: CompatConfig.addOverrideUnsafe: aft-state=0
03-14 04:00:08.466 782 1678 I thunderperf: CompatConfig.addOverrideUnsafe: bef-state=0
03-14 04:00:08.466 782 1678 I thunderperf: CompatConfig.addOverrideUnsafe: aft-state=0
03-14 04:00:08.467 782 1678 I ActivityTaskManager: START u0 {act=android.intent.action.MAIN cat=[android.intent.category.LAUNCHER] flg=0x10200000 cmp=com.android.gallery3d/.app.GalleryActivity} from uid 1000
03-14 04:00:08.469 782 1678 I wm_task_created: [113,-1]
03-14 04:00:08.469 782 1678 W ActivityTaskManager: Can't find TaskDisplayArea to determine support for multi window. Task id=113 attached=false
03-14 04:00:08.469 782 1678 D FreeFormWindowHelper: Add freeform task=Task{4692d56 #113 type=standard ?? U=0 visible=false mode=freeform translucent=true sz=0}
03-14 04:00:08.471 782 1678 I wm_task_moved: [113,1,8]
03-14 04:00:08.471 782 1678 I wm_task_to_front: [0,113]
03-14 04:00:08.471 782 1678 I wm_create_task: [0,113]
03-14 04:00:08.471 782 1678 I wm_create_activity: [0,52212183,113,com.android.gallery3d/.app.GalleryActivity,android.intent.action.MAIN,NULL,NULL,270532608]
03-14 04:00:08.471 782 1678 I ActivityTaskManager: clear resize flag in freeform mode
03-14 04:00:08.471 782 1678 I ActivityTaskManager: The Process com.android.gallery3d Already Exists in BG. So sending its PID: 4293
03-14 04:00:08.471 782 1678 W ActivityTaskManager: Tried to set launchTime (0) < mLastActivityLaunchTime (141644)
03-14 04:00:08.472 782 1678 I wm_restart_activity: [0,52212183,113,com.android.gallery3d/.app.GalleryActivity]
03-14 04:00:08.472 782 1952 E DisplayDeviceConfig: requesting nits when no mapping exists.
03-14 04:00:08.472 782 1952 E DisplayDeviceConfig: requesting nits when no mapping exists.
03-14 04:00:08.472 782 872 I am_wtf : [0,782,system_server,-1,DisplayDeviceConfig,requesting nits when no mapping exists.]
03-14 04:00:08.473 782 1678 I wm_task_moved: [113,1,8]
03-14 04:00:08.473 782 872 I am_wtf : [0,782,system_server,-1,DisplayDeviceConfig,requesting nits when no mapping exists.]
03-14 04:00:08.473 782 1678 I wm_focused_root_task: [0,0,113,112,startActivityInner]
03-14 04:00:08.473 4589 4589 I wm_on_top_resumed_lost_called: [176551621,android.service.dreams.DreamActivity,topStateChangedWhenResumed]
03-14 04:00:08.473 782 1678 I ActivityTaskManager: FOREGROUND_APPLICATION_CHANGED to com.android.gallery3d.app.GalleryActivity
03-14 04:00:08.473 782 1678 I wm_set_resumed_activity: [0,com.android.gallery3d/.app.GalleryActivity,resumeTopActivityInnerLocked]
03-14 04:00:08.474 782 1678 I wm_resume_activity: [0,52212183,113,com.android.gallery3d/.app.GalleryActivity]
03-14 04:00:08.475 782 1678 W WindowManager: updateScale : 0.79357797
03-14 04:00:08.475 782 1678 W WindowManager: updateScale : 0.79357797
03-14 04:00:08.476 782 825 I am_uid_active: 10065
03-14 04:00:08.480 4407 4407 I wm_on_stop_called: [174418215,com.android.launcher3.uioverrides.QuickstepLauncher,STOP_ACTIVITY_ITEM]
03-14 04:00:08.488 4293 4293 I wm_on_create_called: [52212183,com.android.gallery3d.app.GalleryActivity,performCreate]
03-14 04:00:08.489 4293 4293 I wm_on_start_called: [52212183,com.android.gallery3d.app.GalleryActivity,handleStartActivity]
03-14 04:00:08.489 782 1952 E DisplayDeviceConfig: requesting nits when no mapping exists.
03-14 04:00:08.489 782 1952 E DisplayDeviceConfig: requesting nits when no mapping exists.
03-14 04:00:08.489 782 872 I am_wtf : [0,782,system_server,-1,DisplayDeviceConfig,requesting nits when no mapping exists.]
03-14 04:00:08.489 782 872 I am_wtf : [0,782,system_server,-1,DisplayDeviceConfig,requesting nits when no mapping exists.]
03-14 04:00:08.491 4293 4293 I wm_on_resume_called: [52212183,com.android.gallery3d.app.GalleryActivity,LIFECYCLER_RESUME_ACTIVITY]
03-14 04:00:08.492 4293 4293 I wm_on_paused_called: [52212183,com.android.gallery3d.app.GalleryActivity,performPause]
03-14 04:00:08.495 4293 4293 I wm_on_resume_called: [52212183,com.android.gallery3d.app.GalleryActivity,RESUME_ACTIVITY]
03-14 04:00:08.495 4293 4293 I wm_on_top_resumed_gained_called: [52212183,com.android.gallery3d.app.GalleryActivity,topStateChangedWhenResumed]
03-14 04:00:08.506 782 1952 E DisplayDeviceConfig: requesting nits when no mapping exists.
03-14 04:00:08.506 782 1952 E DisplayDeviceConfig: requesting nits when no mapping exists.
03-14 04:00:08.506 782 872 I am_wtf : [0,782,system_server,-1,DisplayDeviceConfig,requesting nits when no mapping exists.]
03-14 04:00:08.506 782 872 I am_wtf : [0,782,system_server,-1,DisplayDeviceConfig,requesting nits when no mapping exists.]
03-14 04:00:08.507 782 797 W WindowManager: updateScale : 0.45565748
03-14 04:00:08.507 782 797 W WindowManager: updateScale : 0.79357797
03-14 04:00:08.522 782 1952 E DisplayDeviceConfig: requesting nits when no mapping exists.
03-14 04:00:08.522 782 872 I am_wtf : [0,782,system_server,-1,DisplayDeviceConfig,requesting nits when no mapping exists.]
03-14 04:00:08.522 782 1952 E DisplayDeviceConfig: requesting nits when no mapping exists.
03-14 04:00:08.523 782 872 I am_wtf : [0,782,system_server,-1,DisplayDeviceConfig,requesting nits when no mapping exists.]
03-14 04:00:08.524 782 826 W WindowManager: updateScale : 0.45565748
03-14 04:00:08.524 782 826 W WindowManager: updateScale : 0.79357797
03-14 04:00:08.526 782 826 W WindowManager: updateScale : 0.45565748
03-14 04:00:08.526 782 826 W WindowManager: updateScale : 0.79357797
03-14 04:00:08.527 782 826 W WindowManager: updateScale : 0.45565748
03-14 04:00:08.527 782 826 W WindowManager: updateScale : 0.79357797
03-14 04:00:08.527 782 822 I sysui_multi_action: [319,58,322,58,325,579,757,761,758,8,759,2,806,com.android.gallery3d,871,com.android.gallery3d.app.GalleryActivity,904,android,905,0,1320,4,1321,1]
03-14 04:00:08.528 782 822 I wm_activity_launch_time: [0,52212183,com.android.gallery3d/.app.GalleryActivity,58]
03-14 04:00:08.539 782 1952 E DisplayDeviceConfig: requesting nits when no mapping exists.
03-14 04:00:08.539 782 872 I am_wtf : [0,782,system_server,-1,DisplayDeviceConfig,requesting nits when no mapping exists.]
03-14 04:00:08.539 782 1952 E DisplayDeviceConfig: requesting nits when no mapping exists.
03-14 04:00:08.540 782 872 I am_wtf : [0,782,system_server,-1,DisplayDeviceConfig,requesting nits when no mapping exists.]
03-14 04:00:08.543 3080 4251 I force_gc: Binder
03-14 04:00:08.556 782 1952 E DisplayDeviceConfig: requesting nits when no mapping exists.
03-14 04:00:08.560 782 872 I am_wtf : [0,782,system_server,-1,DisplayDeviceConfig,requesting nits when no mapping exists.]
03-14 04:00:08.560 782 1952 E DisplayDeviceConfig: requesting nits when no mapping exists.
03-14 04:00:08.560 782 872 I am_wtf : [0,782,system_server,-1,DisplayDeviceConfig,requesting nits when no mapping exists.]
03-14 04:00:08.572 782 1952 E DisplayDeviceConfig: requesting nits when no mapping exists.
03-14 04:00:08.572 782 1952 E DisplayDeviceConfig: requesting nits when no mapping exists.
03-14 04:00:08.572 782 872 I am_wtf : [0,782,system_server,-1,DisplayDeviceConfig,requesting nits when no mapping exists.]
03-14 04:00:08.573 782 872 I am_wtf : [0,782,system_server,-1,DisplayDeviceConfig,requesting nits when no mapping exists.]
03-14 04:00:08.589 782 1952 E DisplayDeviceConfig: requesting nits when no mapping exists.
03-14 04:00:08.589 782 1952 E DisplayDeviceConfig: requesting nits when no mapping exists.
03-14 04:00:08.589 782 872 I am_wtf : [0,782,system_server,-1,DisplayDeviceConfig,requesting nits when no mapping exists.]
03-14 04:00:08.589 782 872 I am_wtf : [0,782,system_server,-1,DisplayDeviceConfig,requesting nits when no mapping exists.]
03-14 04:00:08.606 782 1952 E DisplayDeviceConfig: requesting nits when no mapping exists.
03-14 04:00:08.606 782 1952 E DisplayDeviceConfig: requesting nits when no mapping exists.
03-14 04:00:08.606 782 872 I am_wtf : [0,782,system_server,-1,DisplayDeviceConfig,requesting nits when no mapping exists.]
03-14 04:00:08.606 782 872 I am_wtf : [0,782,system_server,-1,DisplayDeviceConfig,requesting nits when no mapping exists.]
03-14 04:00:08.606 782 872 I service_manager_stats: [100,28,7033]
03-14 04:00:08.622 782 1952 E DisplayDeviceConfig: requesting nits when no mapping exists.
03-14 04:00:08.622 782 1952 E DisplayDeviceConfig: requesting nits when no mapping exists.
03-14 04:00:08.622 782 872 I am_wtf : [0,782,system_server,-1,DisplayDeviceConfig,requesting nits when no mapping exists.]
03-14 04:00:08.623 782 872 I am_wtf : [0,782,system_server,-1,DisplayDeviceConfig,requesting nits when no mapping exists.]
03-14 04:00:08.639 782 1952 E DisplayDeviceConfig: requesting nits when no mapping exists.
03-14 04:00:08.639 782 1952 E DisplayDeviceConfig: requesting nits when no mapping exists.
03-14 04:00:08.639 782 872 I am_wtf : [0,782,system_server,-1,DisplayDeviceConfig,requesting nits when no mapping exists.]
03-14 04:00:08.640 782 872 I am_wtf : [0,782,system_server,-1,DisplayDeviceConfig,requesting nits when no mapping exists.]
03-14 04:00:08.656 782 1952 E DisplayDeviceConfig: requesting nits when no mapping exists.
03-14 04:00:08.656 782 1952 E DisplayDeviceConfig: requesting nits when no mapping exists.
03-14 04:00:08.656 782 872 I am_wtf : [0,782,system_server,-1,DisplayDeviceConfig,requesting nits when no mapping exists.]
03-14 04:00:08.656 782 872 I am_wtf : [0,782,system_server,-1,DisplayDeviceConfig,requesting nits when no mapping exists.]
03-14 04:00:08.672 782 1952 E DisplayDeviceConfig: requesting nits when no mapping exists.
03-14 04:00:08.673 782 872 I am_wtf : [0,782,system_server,-1,DisplayDeviceConfig,requesting nits when no mapping exists.]
03-14 04:00:08.673 782 1952 E DisplayDeviceConfig: requesting nits when no mapping exists.
03-14 04:00:08.673 782 872 I am_wtf : [0,782,system_server,-1,DisplayDeviceConfig,requesting nits when no mapping exists.]
03-14 04:00:08.689 782 1952 E DisplayDeviceConfig: requesting nits when no mapping exists.
03-14 04:00:08.689 782 1952 E DisplayDeviceConfig: requesting nits when no mapping exists.
03-14 04:00:08.689 782 872 I am_wtf : [0,782,system_server,-1,DisplayDeviceConfig,requesting nits when no mapping exists.]
03-14 04:00:08.690 782 872 I am_wtf : [0,782,system_server,-1,DisplayDeviceConfig,requesting nits when no mapping exists.]
03-14 04:00:08.706 782 1952 E DisplayDeviceConfig: requesting nits when no mapping exists.
03-14 04:00:08.706 782 1952 E DisplayDeviceConfig: requesting nits when no mapping exists.
03-14 04:00:08.706 782 872 I am_wtf : [0,782,system_server,-1,DisplayDeviceConfig,requesting nits when no mapping exists.]
03-14 04:00:08.706 782 872 I am_wtf : [0,782,system_server,-1,DisplayDeviceConfig,requesting nits when no mapping exists.]
03-14 04:00:08.723 782 1952 E DisplayDeviceConfig: requesting nits when no mapping exists.
03-14 04:00:08.723 782 872 I am_wtf : [0,782,system_server,-1,DisplayDeviceConfig,requesting nits when no mapping exists.]
03-14 04:00:08.723 782 1952 E DisplayDeviceConfig: requesting nits when no mapping exists.
03-14 04:00:08.723 782 872 I am_wtf : [0,782,system_server,-1,DisplayDeviceConfig,requesting nits when no mapping exists.]
03-14 04:00:08.739 782 1952 E DisplayDeviceConfig: requesting nits when no mapping exists.
03-14 04:00:08.739 782 872 I am_wtf : [0,782,system_server,-1,DisplayDeviceConfig,requesting nits when no mapping exists.]
03-14 04:00:08.739 782 1952 E DisplayDeviceConfig: requesting nits when no mapping exists.
03-14 04:00:08.740 782 872 I am_wtf : [0,782,system_server,-1,DisplayDeviceConfig,requesting nits when no mapping exists.]
03-14 04:00:08.756 782 1952 E DisplayDeviceConfig: requesting nits when no mapping exists.
03-14 04:00:08.756 782 1952 E DisplayDeviceConfig: requesting nits when no mapping exists.
03-14 04:00:08.756 782 872 I am_wtf : [0,782,system_server,-1,DisplayDeviceConfig,requesting nits when no mapping exists.]
03-14 04:00:08.756 782 872 I am_wtf : [0,782,system_server,-1,DisplayDeviceConfig,requesting nits when no mapping exists.]
03-14 04:00:08.773 782 1952 E DisplayDeviceConfig: requesting nits when no mapping exists.
03-14 04:00:08.773 782 872 I am_wtf : [0,782,system_server,-1,DisplayDeviceConfig,requesting nits when no mapping exists.]
03-14 04:00:08.773 782 1952 E DisplayDeviceConfig: requesting nits when no mapping exists.
03-14 04:00:08.773 782 872 I am_wtf : [0,782,system_server,-1,DisplayDeviceConfig,requesting nits when no mapping exists.]
03-14 04:00:08.789 782 1952 E DisplayDeviceConfig: requesting nits when no mapping exists.
03-14 04:00:08.790 782 1952 E DisplayDeviceConfig: requesting nits when no mapping exists.
03-14 04:00:08.790 782 872 I am_wtf : [0,782,system_server,-1,DisplayDeviceConfig,requesting nits when no mapping exists.]
03-14 04:00:08.790 782 872 I am_wtf : [0,782,system_server,-1,DisplayDeviceConfig,requesting nits when no mapping exists.]
03-14 04:00:08.806 782 1952 E DisplayDeviceConfig: requesting nits when no mapping exists.
03-14 04:00:08.806 782 1952 E DisplayDeviceConfig: requesting nits when no mapping exists.
03-14 04:00:08.806 782 872 I am_wtf : [0,782,system_server,-1,DisplayDeviceConfig,requesting nits when no mapping exists.]
03-14 04:00:08.806 782 872 I am_wtf : [0,782,system_server,-1,DisplayDeviceConfig,requesting nits when no mapping exists.]
03-14 04:00:08.823 782 1952 E DisplayDeviceConfig: requesting nits when no mapping exists.
03-14 04:00:08.823 782 1952 E DisplayDeviceConfig: requesting nits when no mapping exists.
03-14 04:00:08.823 782 872 I am_wtf : [0,782,system_server,-1,DisplayDeviceConfig,requesting nits when no mapping exists.]
03-14 04:00:08.823 782 872 I am_wtf : [0,782,system_server,-1,DisplayDeviceConfig,requesting nits when no mapping exists.]
03-14 04:00:08.839 782 1952 E DisplayDeviceConfig: requesting nits when no mapping exists.
03-14 04:00:08.840 782 872 I am_wtf : [0,782,system_server,-1,DisplayDeviceConfig,requesting nits when no mapping exists.]
03-14 04:00:08.840 782 1952 E DisplayDeviceConfig: requesting nits when no mapping exists.
03-14 04:00:08.840 782 872 I am_wtf : [0,782,system_server,-1,DisplayDeviceConfig,requesting nits when no mapping exists.]
03-14 04:00:08.856 782 1952 E DisplayDeviceConfig: requesting nits when no mapping exists.
03-14 04:00:08.856 782 1952 E DisplayDeviceConfig: requesting nits when no mapping exists.
03-14 04:00:08.856 782 872 I am_wtf : [0,782,system_server,-1,DisplayDeviceConfig,requesting nits when no mapping exists.]
03-14 04:00:08.856 782 872 I am_wtf : [0,782,system_server,-1,DisplayDeviceConfig,requesting nits when no mapping exists.]
03-14 04:00:08.873 782 1952 E DisplayDeviceConfig: requesting nits when no mapping exists.
03-14 04:00:08.873 782 1952 E DisplayDeviceConfig: requesting nits when no mapping exists.
03-14 04:00:08.873 782 872 I am_wtf : [0,782,system_server,-1,DisplayDeviceConfig,requesting nits when no mapping exists.]
03-14 04:00:08.873 782 872 I am_wtf : [0,782,system_server,-1,DisplayDeviceConfig,requesting nits when no mapping exists.]
03-14 04:00:08.890 782 1952 E DisplayDeviceConfig: requesting nits when no mapping exists.
03-14 04:00:08.890 782 872 I am_wtf : [0,782,system_server,-1,DisplayDeviceConfig,requesting nits when no mapping exists.]
03-14 04:00:08.890 782 1952 E DisplayDeviceConfig: requesting nits when no mapping exists.
03-14 04:00:08.890 782 872 I am_wtf : [0,782,system_server,-1,DisplayDeviceConfig,requesting nits when no mapping exists.]
03-14 04:00:08.906 782 1952 E DisplayDeviceConfig: requesting nits when no mapping exists.
03-14 04:00:08.906 782 1952 E DisplayDeviceConfig: requesting nits when no mapping exists.
03-14 04:00:08.906 782 872 I am_wtf : [0,782,system_server,-1,DisplayDeviceConfig,requesting nits when no mapping exists.]
03-14 04:00:08.907 782 872 I am_wtf : [0,782,system_server,-1,DisplayDeviceConfig,requesting nits when no mapping exists.]
03-14 04:00:08.923 782 1952 E DisplayDeviceConfig: requesting nits when no mapping exists.
03-14 04:00:08.923 782 1952 E DisplayDeviceConfig: requesting nits when no mapping exists.
03-14 04:00:08.923 782 872 I am_wtf : [0,782,system_server,-1,DisplayDeviceConfig,requesting nits when no mapping exists.]
03-14 04:00:08.923 782 872 I am_wtf : [0,782,system_server,-1,DisplayDeviceConfig,requesting nits when no mapping exists.]
03-14 04:00:08.940 782 1952 E DisplayDeviceConfig: requesting nits when no mapping exists.
03-14 04:00:08.940 782 1952 E DisplayDeviceConfig: requesting nits when no mapping exists.
03-14 04:00:08.940 782 872 I am_wtf : [0,782,system_server,-1,DisplayDeviceConfig,requesting nits when no mapping exists.]
03-14 04:00:08.940 782 872 I am_wtf : [0,782,system_server,-1,DisplayDeviceConfig,requesting nits when no mapping exists.]
03-14 04:00:08.956 782 1952 E DisplayDeviceConfig: requesting nits when no mapping exists.
03-14 04:00:08.956 782 1952 E DisplayDeviceConfig: requesting nits when no mapping exists.
03-14 04:00:08.956 782 872 I am_wtf : [0,782,system_server,-1,DisplayDeviceConfig,requesting nits when no mapping exists.]
03-14 04:00:08.957 782 872 I am_wtf : [0,782,system_server,-1,DisplayDeviceConfig,requesting nits when no mapping exists.]
03-14 04:00:08.973 782 1952 E DisplayDeviceConfig: requesting nits when no mapping exists.
03-14 04:00:08.973 782 1952 E DisplayDeviceConfig: requesting nits when no mapping exists.
03-14 04:00:08.973 782 872 I am_wtf : [0,782,system_server,-1,DisplayDeviceConfig,requesting nits when no mapping exists.]
03-14 04:00:08.973 782 872 I am_wtf : [0,782,system_server,-1,DisplayDeviceConfig,requesting nits when no mapping exists.]
03-14 04:00:08.990 782 1952 E DisplayDeviceConfig: requesting nits when no mapping exists.
03-14 04:00:08.990 782 872 I am_wtf : [0,782,system_server,-1,DisplayDeviceConfig,requesting nits when no mapping exists.]
03-14 04:00:08.990 782 1952 E DisplayDeviceConfig: requesting nits when no mapping exists.
03-14 04:00:08.990 782 872 I am_wtf : [0,782,system_server,-1,DisplayDeviceConfig,requesting nits when no mapping exists.]
03-14 04:00:09.007 782 1952 E DisplayDeviceConfig: requesting nits when no mapping exists.
03-14 04:00:09.007 782 1952 E DisplayDeviceConfig: requesting nits when no mapping exists.
03-14 04:00:09.007 782 872 I am_wtf : [0,782,system_server,-1,DisplayDeviceConfig,requesting nits when no mapping exists.]
