03-14 04:06:30.806 782 872 I am_wtf : [0,782,system_server,-1,DisplayDeviceConfig,requesting nits when no mapping exists.]
03-14 04:06:30.806 782 872 I am_wtf : [0,782,system_server,-1,DisplayDeviceConfig,requesting nits when no mapping exists.]
03-14 04:06:30.822 782 1952 E DisplayDeviceConfig: requesting nits when no mapping exists.
03-14 04:06:30.822 782 872 I am_wtf : [0,782,system_server,-1,DisplayDeviceConfig,requesting nits when no mapping exists.]
03-14 04:06:30.822 782 1952 E DisplayDeviceConfig: requesting nits when no mapping exists.
03-14 04:06:30.822 782 872 I am_wtf : [0,782,system_server,-1,DisplayDeviceConfig,requesting nits when no mapping exists.]
03-14 04:06:30.839 782 1952 E DisplayDeviceConfig: requesting nits when no mapping exists.
03-14 04:06:30.839 782 1952 E DisplayDeviceConfig: requesting nits when no mapping exists.
03-14 04:06:30.839 782 872 I am_wtf : [0,782,system_server,-1,DisplayDeviceConfig,requesting nits when no mapping exists.]
03-14 04:06:30.839 782 872 I am_wtf : [0,782,system_server,-1,DisplayDeviceConfig,requesting nits when no mapping exists.]
03-14 04:06:30.856 782 1952 E DisplayDeviceConfig: requesting nits when no mapping exists.
03-14 04:06:30.856 782 872 I am_wtf : [0,782,system_server,-1,DisplayDeviceConfig,requesting nits when no mapping exists.]
03-14 04:06:30.856 782 1952 E DisplayDeviceConfig: requesting nits when no mapping exists.
03-14 04:06:30.856 782 872 I am_wtf : [0,782,system_server,-1,DisplayDeviceConfig,requesting nits when no mapping exists.]
03-14 04:06:30.872 782 1952 E DisplayDeviceConfig: requesting nits when no mapping exists.
03-14 04:06:30.872 782 1952 E DisplayDeviceConfig: requesting nits when no mapping exists.
03-14 04:06:30.872 782 872 I am_wtf : [0,782,system_server,-1,DisplayDeviceConfig,requesting nits when no mapping exists.]
03-14 04:06:30.872 782 872 I am_wtf : [0,782,system_server,-1,DisplayDeviceConfig,requesting nits when no mapping exists.]
03-14 04:06:30.889 782 1952 E DisplayDeviceConfig: requesting nits when no mapping exists.
03-14 04:06:30.889 782 872 I am_wtf : [0,782,system_server,-1,DisplayDeviceConfig,requesting nits when no mapping exists.]
03-14 04:06:30.889 782 1952 E DisplayDeviceConfig: requesting nits when no mapping exists.
03-14 04:06:30.889 782 872 I am_wtf : [0,782,system_server,-1,DisplayDeviceConfig,requesting nits when no mapping exists.]
03-14 04:06:30.906 782 1952 E DisplayDeviceConfig: requesting nits when no mapping exists.
03-14 04:06:30.906 782 1952 E DisplayDeviceConfig: requesting nits when no mapping exists.
03-14 04:06:30.906 782 872 I am_wtf : [0,782,system_server,-1,DisplayDeviceConfig,requesting nits when no mapping exists.]
03-14 04:06:30.906 782 872 I am_wtf : [0,782,system_server,-1,DisplayDeviceConfig,requesting nits when no mapping exists.]
03-14 04:06:30.922 782 1952 E DisplayDeviceConfig: requesting nits when no mapping exists.
03-14 04:06:30.922 782 872 I am_wtf : [0,782,system_server,-1,DisplayDeviceConfig,requesting nits when no mapping exists.]
03-14 04:06:30.922 782 1952 E DisplayDeviceConfig: requesting nits when no mapping exists.
03-14 04:06:30.923 782 872 I am_wtf : [0,782,system_server,-1,DisplayDeviceConfig,requesting nits when no mapping exists.]
03-14 04:06:30.939 782 1952 E DisplayDeviceConfig: requesting nits when no mapping exists.
03-14 04:06:30.939 782 1952 E DisplayDeviceConfig: requesting nits when no mapping exists.
03-14 04:06:30.939 782 872 I am_wtf : [0,782,system_server,-1,DisplayDeviceConfig,requesting nits when no mapping exists.]
03-14 04:06:30.939 782 872 I am_wtf : [0,782,system_server,-1,DisplayDeviceConfig,requesting nits when no mapping exists.]
03-14 04:06:30.956 782 1952 E DisplayDeviceConfig: requesting nits when no mapping exists.
03-14 04:06:30.956 782 1952 E DisplayDeviceConfig: requesting nits when no mapping exists.
03-14 04:06:30.956 782 872 I am_wtf : [0,782,system_server,-1,DisplayDeviceConfig,requesting nits when no mapping exists.]
03-14 04:06:30.956 782 872 I am_wtf : [0,782,system_server,-1,DisplayDeviceConfig,requesting nits when no mapping exists.]
03-14 04:06:30.972 782 1952 E DisplayDeviceConfig: requesting nits when no mapping exists.
03-14 04:06:30.972 782 1952 E DisplayDeviceConfig: requesting nits when no mapping exists.
03-14 04:06:30.972 782 872 I am_wtf : [0,782,system_server,-1,DisplayDeviceConfig,requesting nits when no mapping exists.]
03-14 04:06:30.973 782 872 I am_wtf : [0,782,system_server,-1,DisplayDeviceConfig,requesting nits when no mapping exists.]
03-14 04:06:30.989 782 1952 E DisplayDeviceConfig: requesting nits when no mapping exists.
03-14 04:06:30.989 782 1952 E DisplayDeviceConfig: requesting nits when no mapping exists.
03-14 04:06:30.989 782 872 I am_wtf : [0,782,system_server,-1,DisplayDeviceConfig,requesting nits when no mapping exists.]
03-14 04:06:30.989 782 872 I am_wtf : [0,782,system_server,-1,DisplayDeviceConfig,requesting nits when no mapping exists.]
03-14 04:06:31.006 782 1952 E DisplayDeviceConfig: requesting nits when no mapping exists.
03-14 04:06:31.006 782 1952 E DisplayDeviceConfig: requesting nits when no mapping exists.
03-14 04:06:31.006 782 872 I am_wtf : [0,782,system_server,-1,DisplayDeviceConfig,requesting nits when no mapping exists.]
03-14 04:06:31.006 782 872 I am_wtf : [0,782,system_server,-1,DisplayDeviceConfig,requesting nits when no mapping exists.]
01-01 08:16:08.871 0 0 E DTC_ETH,link_delay_work_func: 3003, SQI=0, link=0
01-01 08:16:13.991 0 0 E DTC_ETH,link_delay_work_func: 3003, SQI=0, link=0
01-01 08:16:19.111 0 0 E DTC_ETH,link_delay_work_func: 3003, SQI=0, link=0
01-01 08:16:24.231 0 0 E DTC_ETH,link_delay_work_func: 3003, SQI=0, link=0
01-01 08:16:29.351 0 0 E DTC_ETH,link_delay_work_func: 3003, SQI=0, link=0
01-01 08:16:34.471 0 0 E DTC_ETH,link_delay_work_func: 3003, SQI=0, link=0
01-01 08:16:39.591 0 0 E DTC_ETH,link_delay_work_func: 3003, SQI=0, link=0
01-01 08:16:44.711 0 0 E DTC_ETH,link_delay_work_func: 3003, SQI=0, link=0
01-01 08:16:49.831 0 0 E DTC_ETH,link_delay_work_func: 3003, SQI=0, link=0
01-01 08:16:54.951 0 0 E DTC_ETH,link_delay_work_func: 3003, SQI=0, link=0
01-01 08:17:00.071 0 0 E DTC_ETH,link_delay_work_func: 3003, SQI=0, link=0
01-01 08:17:05.191 0 0 E DTC_ETH,link_delay_work_func: 3003, SQI=0, link=0
03-14 04:07:36.096 782 872 I am_uid_idle: 10063
01-01 08:17:10.311 0 0 E DTC_ETH,link_delay_work_func: 3003, SQI=0, link=0
01-01 08:17:15.431 0 0 E DTC_ETH,link_delay_work_func: 3003, SQI=0, link=0
01-01 08:17:20.551 0 0 E DTC_ETH,link_delay_work_func: 3003, SQI=0, link=0
01-01 08:17:25.671 0 0 E DTC_ETH,link_delay_work_func: 3003, SQI=0, link=0
01-01 08:17:30.791 0 0 E DTC_ETH,link_delay_work_func: 3003, SQI=0, link=0
01-01 08:17:35.911 0 0 E DTC_ETH,link_delay_work_func: 3003, SQI=0, link=0
01-01 08:17:41.031 0 0 E DTC_ETH,link_delay_work_func: 3003, SQI=0, link=0
01-01 08:17:46.151 0 0 E DTC_ETH,link_delay_work_func: 3003, SQI=0, link=0
01-01 08:17:51.271 0 0 E DTC_ETH,link_delay_work_func: 3003, SQI=0, link=0
01-01 08:17:56.391 0 0 E DTC_ETH,link_delay_work_func: 3003, SQI=0, link=0
01-01 08:18:01.511 0 0 E DTC_ETH,link_delay_work_func: 3003, SQI=0, link=0
01-01 08:18:06.631 0 0 E DTC_ETH,link_delay_work_func: 3003, SQI=0, link=0
01-01 08:18:11.751 0 0 E DTC_ETH,link_delay_work_func: 3003, SQI=0, link=0
01-01 08:18:16.871 0 0 E DTC_ETH,link_delay_work_func: 3003, SQI=0, link=0
01-01 08:18:21.991 0 0 E DTC_ETH,link_delay_work_func: 3003, SQI=0, link=0
01-01 08:18:27.111 0 0 E DTC_ETH,link_delay_work_func: 3003, SQI=0, link=0
01-01 08:18:32.231 0 0 E DTC_ETH,link_delay_work_func: 3003, SQI=0, link=0
01-01 08:18:37.351 0 0 E DTC_ETH,link_delay_work_func: 3003, SQI=0, link=0
01-01 08:18:42.471 0 0 E DTC_ETH,link_delay_work_func: 3003, SQI=0, link=0
01-01 08:18:47.591 0 0 E DTC_ETH,link_delay_work_func: 3003, SQI=0, link=0
01-01 08:18:50.049 0 0 I [schedu][0x50ceb5d22][04:09:16.654014] wlan: [3522:I:OSIF] scan start scan id 40968
01-01 08:18:51.219 0 0 I [schedu][0x50e4251b7][04:09:17.824635] wlan: [3522:I:OSIF] vdev 0, scan id 40968 type COMPLETED(1) reason COMPLETED(1) scan found 20 bss
03-14 04:09:17.894 782 782 I notification_enqueue: [1000,782,android,17303299,com.android.wifi,0,Notification(channel=NETWORK_AVAILABLE shortcut=null contentView=null vibrate=null sound=null tick defaults=0x0 flags=0x100 color=0x00000000 actions=2 vis=PRIVATE),0]
03-14 04:09:18.096 782 782 I sysui_multi_action: [757,1501,758,1,793,203,794,0,795,203,796,17303299,797,com.android.wifi,806,android,857,NETWORK_AVAILABLE,858,2,947,0,1500,0,1688,1]
03-14 04:09:18.096 782 782 I sysui_multi_action: [757,804,799,note_interruptive,801,0,802,1]
03-14 04:09:18.097 782 782 I GameModeConfig: isGameModeOn = false
03-14 04:09:18.099 782 782 W NotificationHistory: Attempted to add notif for locked/gone/disabled user 0
01-01 08:18:52.711 0 0 E DTC_ETH,link_delay_work_func: 3003, SQI=0, link=0
01-01 08:18:57.831 0 0 E DTC_ETH,link_delay_work_func: 3003, SQI=0, link=0
01-01 08:19:02.951 0 0 E DTC_ETH,link_delay_work_func: 3003, SQI=0, link=0
01-01 08:19:08.071 0 0 E DTC_ETH,link_delay_work_func: 3003, SQI=0, link=0
01-01 08:19:13.191 0 0 E DTC_ETH,link_delay_work_func: 3003, SQI=0, link=0 --------- beginning of main
03-14 04:09:43.891 1622 1629 E tlogd : [TzLogger](saveTzlogAsync) /sys/kernel/debug/tzdbg/log can not read.
03-14 04:09:43.937 650 663 I mpu_uart: [MSG-P:RECV]:No message received in 1000 ms
03-14 04:09:44.408 2439 2439 D RemoteControlService: startVlanDispatchThread
03-14 04:09:44.746 2965 2965 W hpplay-java: [main]:IPManager:getActiveNets invalid networkInfo:null
03-14 04:09:44.746 2965 2965 I hpplay-java: [main]:IPManager:getActiveNets eth0:false wifi:false mobile:false ap:false
03-14 04:09:44.746 2965 2965 I hpplay-java: [main]:ServerTaskManager:get local ip:null
01-01 08:19:18.311 0 0 E DTC_ETH,link_delay_work_func: 3003, SQI=0, link=0
03-14 04:09:44.937 650 663 I mpu_uart: [MSG-P:RECV]:No message received in 1000 ms
03-14 04:09:45.748 2965 2965 W hpplay-java: [main]:IPManager:getActiveNets invalid networkInfo:null
03-14 04:09:45.748 2965 2965 I hpplay-java: [main]:IPManager:getActiveNets eth0:false wifi:false mobile:false ap:false
03-14 04:09:45.748 2965 2965 I hpplay-java: [main]:ServerTaskManager:get local ip:null
03-14 04:09:45.937 650 663 I mpu_uart: [MSG-P:RECV]:No message received in 1000 ms
03-14 04:09:46.750 2965 2965 W hpplay-java: [main]:IPManager:getActiveNets invalid networkInfo:null
03-14 04:09:46.750 2965 2965 I hpplay-java: [main]:IPManager:getActiveNets eth0:false wifi:false mobile:false ap:false
03-14 04:09:46.750 2965 2965 I hpplay-java: [main]:ServerTaskManager:get local ip:null
03-14 04:09:46.771 650 662 I mpu_uart: [MSG-P:R]:recv sync frame timeout
03-14 04:09:46.937 650 663 I mpu_uart: [MSG-P:RECV]:No message received in 1000 ms
03-14 04:09:47.752 2965 2965 W hpplay-java: [main]:IPManager:getActiveNets invalid networkInfo:null
03-14 04:09:47.752 2965 2965 I hpplay-java: [main]:IPManager:getActiveNets eth0:false wifi:false mobile:false ap:false
03-14 04:09:47.752 2965 2965 I hpplay-java: [main]:ServerTaskManager:get local ip:null
03-14 04:09:47.937 650 663 I mpu_uart: [MSG-P:RECV]:No message received in 1000 ms
03-14 04:09:48.753 2965 2965 W hpplay-java: [main]:IPManager:getActiveNets invalid networkInfo:null
03-14 04:09:48.754 2965 2965 I hpplay-java: [main]:IPManager:getActiveNets eth0:false wifi:false mobile:false ap:false
03-14 04:09:48.754 2965 2965 I hpplay-java: [main]:ServerTaskManager:get local ip:null
03-14 04:09:48.892 1622 1629 E tlogd : [TzLogger](isPathReadable) file /sys/kernel/debug/tzdbg/qsee_log isn't exist or no permission, err: No such file or directory
03-14 04:09:48.892 1622 1629 E tlogd : [TzLogger](saveTzlogAsync) /sys/kernel/debug/tzdbg/qsee_log can not read.
03-14 04:09:48.892 1622 1629 E tlogd : [TzLogger](isPathReadable) file /sys/kernel/debug/tzdbg/log isn't exist or no permission, err: No such file or directory
03-14 04:09:48.892 1622 1629 E tlogd : [TzLogger](saveTzlogAsync) /sys/kernel/debug/tzdbg/log can not read.
03-14 04:09:48.938 650 663 I mpu_uart: [MSG-P:RECV]:No message received in 1000 ms
03-14 04:09:49.416 2439 2439 D RemoteControlService: startVlanDispatchThread
03-14 04:09:49.755 2965 2965 W hpplay-java: [main]:IPManager:getActiveNets invalid networkInfo:null
03-14 04:09:49.755 2965 2965 I hpplay-java: [main]:IPManager:getActiveNets eth0:false wifi:false mobile:false ap:false
03-14 04:09:49.755 2965 2965 I hpplay-java: [main]:ServerTaskManager:get local ip:null
03-14 04:09:49.774 650 662 I mpu_uart: [MSG-P:R]:recv sync frame timeout
03-14 04:09:49.938 650 663 I mpu_uart: [MSG-P:RECV]:No message received in 1000 ms
01-01 08:19:23.431 0 0 E DTC_ETH,link_delay_work_func: 3003, SQI=0, link=0
03-14 04:09:50.757 2965 2965 W hpplay-java: [main]:IPManager:getActiveNets invalid networkInfo:null
03-14 04:09:50.757 2965 2965 I hpplay-java: [main]:IPManager:getActiveNets eth0:false wifi:false mobile:false ap:false
03-14 04:09:50.757 2965 2965 I hpplay-java: [main]:ServerTaskManager:get local ip:null
03-14 04:09:50.938 650 663 I mpu_uart: [MSG-P:RECV]:No message received in 1000 ms
03-14 04:09:51.758 2965 2965 W hpplay-java: [main]:IPManager:getActiveNets invalid networkInfo:null
03-14 04:09:51.758 2965 2965 I hpplay-java: [main]:IPManager:getActiveNets eth0:false wifi:false mobile:false ap:false
03-14 04:09:51.758 2965 2965 I hpplay-java: [main]:ServerTaskManager:get local ip:null
03-14 04:09:51.938 650 663 I mpu_uart: [MSG-P:RECV]:No message received in 1000 ms
03-14 04:09:52.760 2965 2965 W hpplay-java: [main]:IPManager:getActiveNets invalid networkInfo:null
03-14 04:09:52.760 2965 2965 I hpplay-java: [main]:IPManager:getActiveNets eth0:false wifi:false mobile:false ap:false
03-14 04:09:52.760 2965 2965 I hpplay-java: [main]:ServerTaskManager:get local ip:null
03-14 04:09:52.777 650 662 I mpu_uart: [MSG-P:R]:recv sync frame timeout
03-14 04:09:52.938 650 663 I mpu_uart: [MSG-P:RECV]:No message received in 1000 ms
03-14 04:09:53.762 2965 2965 W hpplay-java: [main]:IPManager:getActiveNets invalid networkInfo:null
03-14 04:09:53.762 2965 2965 I hpplay-java: [main]:IPManager:getActiveNets eth0:false wifi:false mobile:false ap:false
03-14 04:09:53.762 2965 2965 I hpplay-java: [main]:ServerTaskManager:get local ip:null
03-14 04:09:53.893 1622 1629 E tlogd : [TzLogger](isPathReadable) file /sys/kernel/debug/tzdbg/qsee_log isn't exist or no permission, err: No such file or directory
03-14 04:09:53.893 1622 1629 E tlogd : [TzLogger](saveTzlogAsync) /sys/kernel/debug/tzdbg/qsee_log can not read.
03-14 04:09:53.893 1622 1629 E tlogd : [TzLogger](isPathReadable) file /sys/kernel/debug/tzdbg/log isn't exist or no permission, err: No such file or directory
03-14 04:09:53.893 1622 1629 E tlogd : [TzLogger](saveTzlogAsync) /sys/kernel/debug/tzdbg/log can not read.
03-14 04:09:53.938 650 663 I mpu_uart: [MSG-P:RECV]:No message received in 1000 ms
03-14 04:09:54.424 2439 2439 D RemoteControlService: startVlanDispatchThread
03-14 04:09:54.764 2965 2965 W hpplay-java: [main]:IPManager:getActiveNets invalid networkInfo:null
03-14 04:09:54.764 2965 2965 I hpplay-java: [main]:IPManager:getActiveNets eth0:false wifi:false mobile:false ap:false
03-14 04:09:54.764 2965 2965 I hpplay-java: [main]:ServerTaskManager:get local ip:null
03-14 04:09:54.939 650 663 I mpu_uart: [MSG-P:RECV]:No message received in 1000 ms
01-01 08:19:28.551 0 0 E DTC_ETH,link_delay_work_func: 3003, SQI=0, link=0
03-14 04:09:55.766 2965 2965 W hpplay-java: [main]:IPManager:getActiveNets invalid networkInfo:null
03-14 04:09:55.766 2965 2965 I hpplay-java: [main]:IPManager:getActiveNets eth0:false wifi:false mobile:false ap:false
03-14 04:09:55.766 2965 2965 I hpplay-java: [main]:ServerTaskManager:get local ip:null
03-14 04:09:55.780 650 662 I mpu_uart: [MSG-P:R]:recv sync frame timeout
03-14 04:09:55.939 650 663 I mpu_uart: [MSG-P:RECV]:No message received in 1000 ms
03-14 04:09:56.768 2965 2965 W hpplay-java: [main]:IPManager:getActiveNets invalid networkInfo:null
03-14 04:09:56.768 2965 2965 I hpplay-java: [main]:IPManager:getActiveNets eth0:false wifi:false mobile:false ap:false
03-14 04:09:56.768 2965 2965 I hpplay-java: [main]:ServerTaskManager:get local ip:null
03-14 04:09:56.939 650 663 I mpu_uart: [MSG-P:RECV]:No message received in 1000 ms
03-14 04:09:57.770 2965 2965 W hpplay-java: [main]:IPManager:getActiveNets invalid networkInfo:null
03-14 04:09:57.770 2965 2965 I hpplay-java: [main]:IPManager:getActiveNets eth0:false wifi:false mobile:false ap:false
03-14 04:09:57.770 2965 2965 I hpplay-java: [main]:ServerTaskManager:get local ip:null
03-14 04:09:57.939 650 663 I mpu_uart: [MSG-P:RECV]:No message received in 1000 ms
03-14 04:09:58.771 2965 2965 W hpplay-java: [main]:IPManager:getActiveNets invalid networkInfo:null
03-14 04:09:58.772 2965 2965 I hpplay-java: [main]:IPManager:getActiveNets eth0:false wifi:false mobile:false ap:false
03-14 04:09:58.772 2965 2965 I hpplay-java: [main]:ServerTaskManager:get local ip:null
03-14 04:09:58.783 650 662 I mpu_uart: [MSG-P:R]:recv sync frame timeout
03-14 04:09:58.893 1622 1629 E tlogd : [TzLogger](isPathReadable) file /sys/kernel/debug/tzdbg/qsee_log isn't exist or no permission, err: No such file or directory
03-14 04:09:58.893 1622 1629 E tlogd : [TzLogger](saveTzlogAsync) /sys/kernel/debug/tzdbg/qsee_log can not read.
03-14 04:09:58.893 1622 1629 E tlogd : [TzLogger](isPathReadable) file /sys/kernel/debug/tzdbg/log isn't exist or no permission, err: No such file or directory
03-14 04:09:58.893 1622 1629 E tlogd : [TzLogger](saveTzlogAsync) /sys/kernel/debug/tzdbg/log can not read.
03-14 04:09:58.939 650 663 I mpu_uart: [MSG-P:RECV]:No message received in 1000 ms
03-14 04:09:59.432 2439 2439 D RemoteControlService: startVlanDispatchThread
03-14 04:09:59.773 2965 2965 W hpplay-java: [main]:IPManager:getActiveNets invalid networkInfo:null
03-14 04:09:59.773 2965 2965 I hpplay-java: [main]:IPManager:getActiveNets eth0:false wifi:false mobile:false ap:false
03-14 04:09:59.773 2965 2965 I hpplay-java: [main]:ServerTaskManager:get local ip:null
03-14 04:09:59.940 650 663 I mpu_uart: [MSG-P:RECV]:No message received in 1000 ms
03-14 04:10:00.004 2006 2006 D KeyguardUpdateMonitor: received broadcast android.intent.action.TIME_TICK
03-14 04:10:00.005 2006 2006 D KeyguardUpdateMonitor: handleTimeUpdate
01-01 08:19:33.671 0 0 E DTC_ETH,link_delay_work_func: 3003, SQI=0, link=0
03-14 04:10:00.776 2965 2965 W hpplay-java: [main]:IPManager:getActiveNets invalid networkInfo:null
03-14 04:10:00.776 2965 2965 I hpplay-java: [main]:IPManager:getActiveNets eth0:false wifi:false mobile:false ap:false
03-14 04:10:00.776 2965 2965 I hpplay-java: [main]:ServerTaskManager:get local ip:null
03-14 04:10:00.940 650 663 I mpu_uart: [MSG-P:RECV]:No message received in 1000 ms
03-14 04:10:01.764 782 1605 I input_interaction: Interaction with: a4a2c0a com.thundercomm.screensaver/android.service.dreams.DreamActivity (server), edge-swipe (server), swipe-up (server), PointerEventDispatcher0 (server),
03-14 04:10:01.766 782 2144 I wm_finish_activity: [0,223161854,122,com.thundercomm.screensaver/android.service.dreams.DreamActivity,finish-activity]
03-14 04:10:01.767 782 2144 I wm_task_moved: [121,1,6]
03-14 04:10:01.767 782 2144 I wm_task_to_front: [0,121]
03-14 04:10:01.768 782 2144 I wm_set_resumed_activity: [0,com.android.gallery3d/.app.GalleryActivity,positionChildAt]
03-14 04:10:01.768 782 2144 I wm_focused_root_task: [0,0,121,122,finish-top adjustFocusToNextFocusableTask]
03-14 04:10:01.768 782 2144 I wm_set_resumed_activity: [0,com.android.gallery3d/.app.GalleryActivity,finish-top]
03-14 04:10:01.769 782 2144 D ActivityTrigger: ActivityTrigger activityPauseTrigger
03-14 04:10:01.769 782 2144 I wm_pause_activity: [0,223161854,com.thundercomm.screensaver/android.service.dreams.DreamActivity,userLeaving=false,finish]
03-14 04:10:01.770 782 2144 W WindowManager: updateScale : 0.45565748
03-14 04:10:01.775 782 4406 I DreamManagerService: Gently waking up from dream.
03-14 04:10:01.776 782 825 I sysui_multi_action: [757,803,799,window_time_0,802,212]
03-14 04:10:01.776 782 822 I DreamManagerService: Performing gentle wake from dream.
03-14 04:10:01.777 4589 4589 I wm_on_top_resumed_lost_called: [223161854,android.service.dreams.DreamActivity,topStateChangedWhenResumed]
03-14 04:10:01.777 4589 4589 I wm_on_paused_called: [223161854,android.service.dreams.DreamActivity,performPause]
03-14 04:10:01.777 4293 4293 I wm_on_top_resumed_gained_called: [71355179,com.android.gallery3d.app.GalleryActivity,topStateChangedWhenResumed]
03-14 04:10:01.778 2965 2965 W hpplay-java: [main]:IPManager:getActiveNets invalid networkInfo:null
03-14 04:10:01.778 2965 2965 I hpplay-java: [main]:IPManager:getActiveNets eth0:false wifi:false mobile:false ap:false
03-14 04:10:01.778 2965 2965 I hpplay-java: [main]:ServerTaskManager:get local ip:null
03-14 04:10:01.779 782 2190 I ActivityTaskManager: FOREGROUND_APPLICATION_CHANGED to com.android.launcher3.uioverrides.QuickstepLauncher
03-14 04:10:01.782 782 2190 I wm_resume_activity: [0,174418215,102,com.android.launcher3/.uioverrides.QuickstepLauncher]
03-14 04:10:01.783 782 2190 I ActivityTaskManager: FOREGROUND_APPLICATION_CHANGED to com.android.gallery3d.app.GalleryActivity
03-14 04:10:01.784 782 2190 W WindowManager: updateScale : 0.45565748
03-14 04:10:01.784 2006 4404 D KeyguardViewMediator: setOccluded false
03-14 04:10:01.785 2006 2006 D StatusBar: disable disable2
03-14 04:10:01.785 650 662 I mpu_uart: [MSG-P:R]:recv sync frame timeout
03-14 04:10:01.788 782 2190 W WindowManager: updateScale : 0.45565748
03-14 04:10:01.790 782 825 I sysui_multi_action: [757,803,799,window_time_2,802,0]
03-14 04:10:01.793 782 825 W WindowManager: updateScale : 0.45565748
03-14 04:10:01.793 782 825 W WindowManager: updateScale : 0.45565748
03-14 04:10:01.795 782 2190 W WindowManager: updateScale : 0.45565748
03-14 04:10:01.796 2118 3871 I GameMode_ActivityMonitoringService: onActivityLaunch: com.android.launcher3, isGameApp: false
03-14 04:10:01.796 2118 3871 V GameMode_GpuUtils: fps:60
03-14 04:10:01.797 782 825 W WindowManager: updateScale : 0.45565748
03-14 04:10:01.798 782 826 I input_focus: [Focus request 424565d com.android.gallery3d/com.android.gallery3d.app.GalleryActivity,reason=UpdateInputWindows]
03-14 04:10:01.800 2006 2006 D KeyguardViewMediator: adjustStatusBarLocked: mShowing=false mOccluded=false isSecure=false force=false --> flags=0x0
03-14 04:10:01.800 782 1605 I input_focus: [Focus leaving a4a2c0a com.thundercomm.screensaver/android.service.dreams.DreamActivity (server),reason=NO_WINDOW]
03-14 04:10:01.800 4589 4589 I view_enqueue_input_event: [Motion - Cancel,com.thundercomm.screensaver/android.service.dreams.DreamActivity]
03-14 04:10:01.802 2118 3871 D GameModeIF_GameModeSettings: getUriFor setting_content_uri_root = content://com.thundercomm.gamemode.api/gamemode_settings , name = gamemode_enable
03-14 04:10:01.802 782 2144 I am_uid_active: 10063
03-14 04:10:01.805 4407 4407 I wm_on_restart_called: [174418215,com.android.launcher3.uioverrides.QuickstepLauncher,performRestartActivity]
03-14 04:10:01.805 782 1605 I input_interaction: Interaction with: edge-swipe (server), swipe-up (server), PointerEventDispatcher0 (server),
03-14 04:10:01.807 4407 4407 I wm_on_start_called: [174418215,com.android.launcher3.uioverrides.QuickstepLauncher,handleStartActivity]
03-14 04:10:01.810 4407 4407 I wm_on_resume_called: [174418215,com.android.launcher3.uioverrides.QuickstepLauncher,RESUME_ACTIVITY]
03-14 04:10:01.814 782 2190 W WindowManager: updateScale : 0.45565748
03-14 04:10:01.815 1089 1089 I BpBinder: onLastStrongRef automatically unlinking death recipients:
03-14 04:10:01.817 782 1605 I input_focus: [Focus entering 424565d com.android.gallery3d/com.android.gallery3d.app.GalleryActivity (server),reason=setFocusedWindow]
03-14 04:10:01.817 1357 4514 I OMX-VENC: venc_dev: stats: avg. fps 0.02, bitrate 1377
03-14 04:10:01.832 782 826 W WindowManager: updateScale : 0.45565748
03-14 04:10:01.836 782 826 W WindowManager: updateScale : 0.45565748
03-14 04:10:01.839 782 826 W WindowManager: updateScale : 0.45565748
03-14 04:10:01.860 782 4406 I wm_destroy_activity: [0,223161854,122,com.thundercomm.screensaver/android.service.dreams.DreamActivity,finish-idle]
03-14 04:10:01.861 782 1000 I PowerManagerService: Powering on display group fromDreaming (groupId=0, uid=1000, reason=WAKE_REASON_UNKNOWN, details=android.server.power:DREAM_FINISHED)...
03-14 04:10:01.861 782 1000 I PowerManagerService: Waking up from Dreaming (uid=1000, reason=WAKE_REASON_UNKNOWN, details=android.server.power:DREAM_FINISHED)...
03-14 04:10:01.863 4589 4589 I wm_on_stop_called: [223161854,android.service.dreams.DreamActivity,LIFECYCLER_STOP_ACTIVITY]
03-14 04:10:01.863 4589 4589 I wm_on_destroy_called: [223161854,android.service.dreams.DreamActivity,performDestroy]
03-14 04:10:01.863 782 4406 I DreamManagerService: Leaving dreamland.
03-14 04:10:01.864 782 822 I DreamManagerService: Performing gentle wake from dream.
03-14 04:10:01.864 782 822 I DreamController: Stopping dream: name=ComponentInfo{com.thundercomm.screensaver/com.thundercomm.screensaver.service.SystemDream}, isTest=false, canDoze=false, userId=0, reason='finished self'(from 'finished self')
03-14 04:10:01.864 782 822 I sysui_multi_action: [757,222,758,2]
03-14 04:10:01.864 782 822 I sysui_multi_action: [757,804,799,dreaming_minutes,801,3,802,1]
03-14 04:10:01.865 782 4406 W InputManager-JNI: Input channel object 'a4a2c0a com.thundercomm.screensaver/android.service.dreams.DreamActivity (client)' was disposed without first being removed with the input manager!
03-14 04:10:01.865 782 4406 W WindowManager: updateScale : 0.45565748
03-14 04:10:01.884 782 830 I am_pss : [4293,10065,com.android.gallery3d,53153792,46825472,0,171053056,0,2,7]
03-14 04:10:01.884 782 4406 W FreeFormWindowHelper: Current Display FreeFormTask is Task{9b477a #121 type=standard A=10065:com.android.gallery3d U=0 visible=true mode=freeform translucent=false sz=1}
03-14 04:10:01.890 782 830 I am_pss : [3314,1000,com.qti.diagservices,6454272,4050944,0,95641600,0,10,6]
03-14 04:10:01.942 650 663 I mpu_uart: [MSG-P:RECV]:No message received in 1000 ms
03-14 04:10:02.087 782 826 W WindowManager: updateScale : 0.45565748
03-14 04:10:02.091 782 826 W WindowManager: updateScale : 0.45565748
03-14 04:10:02.099 782 826 I wm_task_removed: [122,removeChild:removeChild last r=ActivityRecord{d4d2dfe u0 com.thundercomm.screensaver/android.service.dreams.DreamActivity t-1 f}} in t=Task{5cfb4b0 #122 type=dream A=10050:android:com.thundercomm.screensaver/dream U=0 visible=false mode=fullscreen translucent=true sz=0}]
03-14 04:10:02.099 782 826 I wm_task_removed: [122,removeChild]
03-14 04:10:02.102 782 826 W ActivityTaskManager: Can't find TaskDisplayArea to determine support for multi window. Task id=122 attached=false
03-14 04:10:02.103 782 826 W WindowManager: updateScale : 0.45565748
03-14 04:10:02.781 2965 2965 W hpplay-java: [main]:IPManager:getActiveNets invalid networkInfo:null
03-14 04:10:02.781 2965 2965 I hpplay-java: [main]:IPManager:getActiveNets eth0:false wifi:false mobile:false ap:false
03-14 04:10:02.781 2965 2965 I hpplay-java: [main]:ServerTaskManager:get local ip:null
03-14 04:10:02.853 1357 4514 I OMX-VENC: venc_dev: stats: avg. fps 25.11, bitrate 999445
03-14 04:10:02.942 650 663 I mpu_uart: [MSG-P:RECV]:No message received in 1000 ms
03-14 04:10:03.307 782 1605 I input_interaction: Interaction with: 424565d com.android.gallery3d/com.android.gallery3d.app.GalleryActivity (server), edge-swipe (server), swipe-up (server), PointerEventDispatcher0 (server),
03-14 04:10:03.310 4293 4293 D DecorView: onTouchEvent: action0
03-14 04:10:03.310 4293 4293 D DecorView: onTouchEvent: interval1678738203310
03-14 04:10:03.317 4293 4293 D DecorView: onTouchEvent: action2
03-14 04:10:03.350 4293 4293 D DecorView: onTouchEvent: action2
03-14 04:10:03.401 4293 4293 D DecorView: onTouchEvent: action1
03-14 04:10:03.401 4293 4293 D DecorView: onTouchEvent: ACTION_UPfalse
03-14 04:10:03.652 4293 4293 D DecorView: onTouchEvent mIsDoubleCLick:false
03-14 04:10:03.652 4293 4293 D DecorView: onTouchEvent: onConfigurationMiniChanged
03-14 04:10:03.688 782 827 I ActivityTaskManager: clear resize flag in freeform mode
03-14 04:10:03.689 782 827 W WindowManager: updateScale : 0.5214067
03-14 04:10:03.690 4293 4914 I GLRootView: onSurfaceChanged: 654x1104, gl10: com.google.android.gles_jni.GLImpl@6dd8564
03-14 04:10:03.695 4293 4914 I GLRootView: layout content pane 654x1104 (compensation 0)
03-14 04:10:03.708 782 827 I ActivityTaskManager: clear resize flag in freeform mode
03-14 04:10:03.708 782 827 W WindowManager: updateScale : 0.5825688
03-14 04:10:03.712 782 2190 W WindowManager: updateScale : 0.5825688
03-14 04:10:03.722 4293 4914 I GLRootView: onSurfaceChanged: 654x1101, gl10: com.google.android.gles_jni.GLImpl@6dd8564
03-14 04:10:03.722 4293 4914 I GLRootView: layout content pane 654x1101 (compensation 0)
03-14 04:10:03.723 782 827 I ActivityTaskManager: clear resize flag in freeform mode
03-14 04:10:03.723 782 827 W WindowManager: updateScale : 0.62691134
03-14 04:10:03.725 782 2190 W WindowManager: updateScale : 0.62691134
03-14 04:10:03.731 4293 4914 I GLRootView: onSurfaceChanged: 654x1100, gl10: com.google.android.gles_jni.GLImpl@6dd8564
03-14 04:10:03.731 4293 4914 I GLRootView: layout content pane 654x1100 (compensation 0)
03-14 04:10:03.734 782 2190 W WindowManager: updateScale : 0.62691134
03-14 04:10:03.739 4293 4649 E BLASTBufferQueue: [SurfaceView[com.android.gallery3d/com.android.gallery3d.app.GalleryActivity]#23](f:3,a:2) rejecting buffer:active_size=654x1104, requested_size=654x1100 buffer{size=654x1101 transform=0}
03-14 04:10:03.739 4293 4649 E BLASTBufferQueue: [SurfaceView[com.android.gallery3d/com.android.gallery3d.app.GalleryActivity]#23](f:2,a:2) rejecting buffer:active_size=654x1104, requested_size=654x1100 buffer{size=654x1101 transform=0}
03-14 04:10:03.739 4293 4649 E BLASTBufferQueue: [SurfaceView[com.android.gallery3d/com.android.gallery3d.app.GalleryActivity]#23](f:1,a:2) rejecting buffer:active_size=654x1104, requested_size=654x1100 buffer{size=654x1101 transform=0}
03-14 04:10:03.740 782 827 I ActivityTaskManager: clear resize flag in freeform mode
03-14 04:10:03.740 782 827 W WindowManager: updateScale : 0.6651376
03-14 04:10:03.757 782 827 I ActivityTaskManager: clear resize flag in freeform mode
03-14 04:10:03.757 782 827 W WindowManager: updateScale : 0.69266057
03-14 04:10:03.770 1350 1373 I selfinstaller: create socket failed: Network is unreachable 101
03-14 04:10:03.771 782 4406 W WindowManager: updateScale : 0.69266057
03-14 04:10:03.774 782 827 I ActivityTaskManager: clear resize flag in freeform mode
03-14 04:10:03.775 782 827 W WindowManager: updateScale : 0.71712536
03-14 04:10:03.777 4293 4914 I GLRootView: onSurfaceChanged: 654x1098, gl10: com.google.android.gles_jni.GLImpl@6dd8564
03-14 04:10:03.778 4293 4914 I GLRootView: layout content pane 654x1098 (compensation 0)
03-14 04:10:03.783 2965 2965 W hpplay-java: [main]:IPManager:getActiveNets invalid networkInfo:null
03-14 04:10:03.783 2965 2965 I hpplay-java: [main]:IPManager:getActiveNets eth0:false wifi:false mobile:false ap:false
03-14 04:10:03.783 2965 2965 I hpplay-java: [main]:ServerTaskManager:get local ip:null
03-14 04:10:03.790 782 827 I ActivityTaskManager: clear resize flag in freeform mode
03-14 04:10:03.791 782 827 W WindowManager: updateScale : 0.737003
03-14 04:10:03.807 782 827 I ActivityTaskManager: clear resize flag in freeform mode
03-14 04:10:03.808 782 827 W WindowManager: updateScale : 0.75076455
03-14 04:10:03.809 782 827 W WindowManager: updateScale : 0.75076455
03-14 04:10:03.821 782 2190 W WindowManager: updateScale : 0.75076455
03-14 04:10:03.824 782 827 I ActivityTaskManager: clear resize flag in freeform mode
03-14 04:10:03.824 782 827 W WindowManager: updateScale : 0.762997
03-14 04:10:03.827 4293 4914 I GLRootView: onSurfaceChanged: 654x1097, gl10: com.google.android.gles_jni.GLImpl@6dd8564
03-14 04:10:03.827 4293 4914 I GLRootView: layout content pane 654x1097 (compensation 0)
03-14 04:10:03.841 782 827 I ActivityTaskManager: clear resize flag in freeform mode
03-14 04:10:03.841 782 827 W WindowManager: updateScale : 0.77217126
03-14 04:10:03.857 782 827 I ActivityTaskManager: clear resize flag in freeform mode
03-14 04:10:03.858 782 827 W WindowManager: updateScale : 0.7798165
03-14 04:10:03.868 1357 4514 I OMX-VENC: venc_dev: stats: avg. fps 12.80, bitrate 408592
03-14 04:10:03.871 782 2190 W WindowManager: updateScale : 0.7798165
03-14 04:10:03.874 782 827 I ActivityTaskManager: clear resize flag in freeform mode
03-14 04:10:03.875 782 827 W WindowManager: updateScale : 0.7844037
03-14 04:10:03.877 4293 4914 I GLRootView: onSurfaceChanged: 654x1095, gl10: com.google.android.gles_jni.GLImpl@6dd8564
03-14 04:10:03.877 4293 4914 I GLRootView: layout content pane 654x1095 (compensation 0)
03-14 04:10:03.890 782 827 I ActivityTaskManager: clear resize flag in freeform mode
03-14 04:10:03.891 782 827 W WindowManager: updateScale : 0.78746176
03-14 04:10:03.893 1622 1629 E tlogd : [TzLogger](isPathReadable) file /sys/kernel/debug/tzdbg/qsee_log isn't exist or no permission, err: No such file or directory
03-14 04:10:03.894 1622 1629 E tlogd : [TzLogger](saveTzlogAsync) /sys/kernel/debug/tzdbg/qsee_log can not read.
03-14 04:10:03.894 1622 1629 E tlogd : [TzLogger](isPathReadable) file /sys/kernel/debug/tzdbg/log isn't exist or no permission, err: No such file or directory
03-14 04:10:03.894 1622 1629 E tlogd : [TzLogger](saveTzlogAsync) /sys/kernel/debug/tzdbg/log can not read.
03-14 04:10:03.905 782 2144 W WindowManager: updateScale : 0.78746176
03-14 04:10:03.909 782 827 I ActivityTaskManager: clear resize flag in freeform mode
03-14 04:10:03.909 782 827 W WindowManager: updateScale : 0.7905199
03-14 04:10:03.913 4293 4914 I GLRootView: onSurfaceChanged: 654x1096, gl10: com.google.android.gles_jni.GLImpl@6dd8564
03-14 04:10:03.913 4293 4914 I GLRootView: layout content pane 654x1096 (compensation 0)
03-14 04:10:03.923 782 827 I ActivityTaskManager: clear resize flag in freeform mode
03-14 04:10:03.924 782 827 W WindowManager: updateScale : 0.79204893
03-14 04:10:03.927 4293 4307 E BLASTBufferQueue: [SurfaceView[com.android.gallery3d/com.android.gallery3d.app.GalleryActivity]#23](f:3,a:2) rejecting buffer:active_size=654x1097, requested_size=654x1096 buffer{size=654x1095 transform=0}
03-14 04:10:03.927 4293 4307 E BLASTBufferQueue: [SurfaceView[com.android.gallery3d/com.android.gallery3d.app.GalleryActivity]#23](f:2,a:2) rejecting buffer:active_size=654x1097, requested_size=654x1096 buffer{size=654x1095 transform=0}
03-14 04:10:03.927 4293 4307 E BLASTBufferQueue: [SurfaceView[com.android.gallery3d/com.android.gallery3d.app.GalleryActivity]#23](f:1,a:2) rejecting buffer:active_size=654x1097, requested_size=654x1096 buffer{size=654x1095 transform=0}
03-14 04:10:03.938 782 2144 W WindowManager: updateScale : 0.79204893
03-14 04:10:03.942 782 827 I ActivityTaskManager: clear resize flag in freeform mode
03-14 04:10:03.943 650 663 I mpu_uart: [MSG-P:RECV]:No message received in 1000 ms
03-14 04:10:03.943 782 827 W WindowManager: updateScale : 0.79204893
03-14 04:10:03.950 4293 4914 I GLRootView: onSurfaceChanged: 654x1095, gl10: com.google.android.gles_jni.GLImpl@6dd8564
03-14 04:10:03.950 4293 4914 I GLRootView: layout content pane 654x1095 (compensation 0)
03-14 04:10:03.955 782 2144 W WindowManager: updateScale : 0.79204893
03-14 04:10:03.957 782 827 I ActivityTaskManager: clear resize flag in freeform mode
03-14 04:10:03.958 782 827 W WindowManager: updateScale : 0.79357797
03-14 04:10:03.958 4293 4914 I GLRootView: onSurfaceChanged: 654x1098, gl10: com.google.android.gles_jni.GLImpl@6dd8564
03-14 04:10:03.959 4293 4914 I GLRootView: layout content pane 654x1098 (compensation 0)
03-14 04:10:03.974 782 827 I ActivityTaskManager: clear resize flag in freeform mode
03-14 04:10:03.974 782 827 W WindowManager: updateScale : 0.79357797
03-14 04:10:03.988 782 4406 W WindowManager: updateScale : 0.79357797
03-14 04:10:04.008 4293 4307 E BLASTBufferQueue: [SurfaceView[com.android.gallery3d/com.android.gallery3d.app.GalleryActivity]#23](f:3,a:2) rejecting buffer:active_size=654x1096, requested_size=654x1097 buffer{size=654x1095 transform=0}
03-14 04:10:04.008 4293 4307 E BLASTBufferQueue: [SurfaceView[com.android.gallery3d/com.android.gallery3d.app.GalleryActivity]#23](f:2,a:2) rejecting buffer:active_size=654x1096, requested_size=654x1097 buffer{size=654x1095 transform=0}
03-14 04:10:04.008 4293 4307 E BLASTBufferQueue: [SurfaceView[com.android.gallery3d/com.android.gallery3d.app.GalleryActivity]#23](f:1,a:2) rejecting buffer:active_size=654x1096, requested_size=654x1097 buffer{size=654x1098 transform=0}
03-14 04:10:04.008 4293 4307 E BLASTBufferQueue: [SurfaceView[com.android.gallery3d/com.android.gallery3d.app.GalleryActivity]#23](f:0,a:2) rejecting buffer:active_size=654x1096, requested_size=654x1097 buffer{size=654x1098 transform=0}
03-14 04:10:04.010 4293 4914 E BLASTBufferQueue: [SurfaceView[com.android.gallery3d/com.android.gallery3d.app.GalleryActivity]#23](f:0,a:2) rejecting buffer:active_size=654x1096, requested_size=654x1097 buffer{size=654x1098 transform=0}
03-14 04:10:04.010 4293 4914 I GLRootView: onSurfaceChanged: 654x1097, gl10: com.google.android.gles_jni.GLImpl@6dd8564
03-14 04:10:04.011 4293 4914 I GLRootView: layout content pane 654x1097 (compensation 0)
03-14 04:10:04.014 782 797 W WindowManager: updateScale : 0.79357797
03-14 04:10:04.270 782 1605 I input_interaction: Interaction with: e892cf3 com.android.launcher3/com.android.launcher3.uioverrides.QuickstepLauncher (server), d04e39a com.android.systemui.ImageWallpaper (server), edge-swipe (server), swipe-up (server), PointerEventDispatcher0 (server),
03-14 04:10:04.305 4407 4407 D EditModeHelper: setHotseatVisibility: 8
03-14 04:10:04.309 782 797 W FreeFormWindowHelper: Current Display FreeFormTask is Task{9b477a #121 type=standard A=10065:com.android.gallery3d U=0 visible=true mode=freeform translucent=false sz=1}
03-14 04:10:04.309 782 797 W FreeFormWindowHelper: Current Display FreeFormTask is Task{9b477a #121 type=standard A=10065:com.android.gallery3d U=0 visible=true mode=freeform translucent=false sz=1}
03-14 04:10:04.313 4407 4407 D FreeWindowContainer: reloadTask: TaskInfo{userId=0 taskId=121 displayId=0 isRunning=true baseIntent=Intent { act=android.intent.action.MAIN cat=[android.intent.category.LAUNCHER] flg=0x10200000 cmp=com.android.gallery3d/.app.GalleryActivity } baseActivity=ComponentInfo{com.android.gallery3d/com.android.gallery3d.app.GalleryActivity} topActivity=ComponentInfo{com.android.gallery3d/com.android.gallery3d.app.GalleryActivity} origActivity=null realActivity=ComponentInfo{com.android.gallery3d/com.android.gallery3d.app.GalleryActivity} numActivities=1 lastActiveTime=1175201 supportsSplitScreenMultiWindow=true supportsMultiWindow=true resizeMode=1 isResizeable=true token=WCT{android.window.IWindowContainerToken$Stub$Proxy@6b52397} topActivityType=1 pictureInPictureParams=PictureInPictureParams( aspectRatio=null sourceRectHint=null hasSetActions=false isAutoPipEnabled=false isSeamlessResizeEnabled=true) displayCutoutSafeInsets=null topActivityInfo=ActivityInfo{9c25984 com.android.gallery3d.app.GalleryActivity} launchCookies=[] positionInParent=Point(22, 74) parentTaskId=-1 isFocused=true isVisible=true topActivityInSizeCompat=false locusId= null}
03-14 04:10:04.313 782 797 W FreeFormWindowHelper: Current Display FreeFormTask is Task{9b477a #121 type=standard A=10065:com.android.gallery3d U=0 visible=true mode=freeform translucent=false sz=1}
03-14 04:10:04.316 4407 4407 V GameTypeUtils: judge isGame:com.android.gallery3d
03-14 04:10:04.317 4407 4407 V GameTypeUtils: judge isGame:com.android.music
03-14 04:10:04.317 4407 4407 V GameTypeUtils: judge isGame:com.android.music
03-14 04:10:04.317 4407 4407 V GameTypeUtils: judge isGame:com.microsoft.emmx
03-14 04:10:04.317 4407 4407 V GameTypeUtils: judge isGame:com.android.documentsui
03-14 04:10:04.317 4407 4407 V GameTypeUtils: judge isGame:com.sohu.inputmethod.sogou.car
03-14 04:10:04.317 4407 4407 V GameTypeUtils: judge isGame:com.huawei.appmarket
03-14 04:10:04.317 4407 4407 V GameTypeUtils: judge isGame:com.qiyi.video
03-14 04:10:04.317 4407 4407 V GameTypeUtils: judge isGame:com.sohu.sohuvideo
03-14 04:10:04.321 782 797 I InputDispatcher: Monitor swipe-up (server) is stealing touch from [e892cf3 com.android.launcher3/com.android.launcher3.uioverrides.QuickstepLauncher (server), d04e39a com.android.systemui.ImageWallpaper (server), ]
03-14 04:10:04.322 782 797 W FreeFormWindowHelper: Current Display FreeFormTask is Task{9b477a #121 type=standard A=10065:com.android.gallery3d U=0 visible=true mode=freeform translucent=false sz=1}
03-14 04:10:04.322 782 797 W FreeFormWindowHelper: Current Display FreeFormTask is Task{9b477a #121 type=standard A=10065:com.android.gallery3d U=0 visible=true mode=freeform translucent=false sz=1}
03-14 04:10:04.322 782 822 D AutofillManagerService: Close system dialogs
03-14 04:10:04.323 2006 2006 V ShadeControllerImpl: NotificationShadeWindow: com.android.systemui.statusbar.phone.NotificationShadeWindowView{abf33ff I.E...... ......ID 0,0-2380,1020} canPanelBeCollapsed(): false
03-14 04:10:04.324 4407 4407 I view_enqueue_input_event: [Motion - Cancel,com.android.launcher3/com.android.launcher3.uioverrides.QuickstepLauncher]
03-14 04:10:04.324 782 2144 W FreeFormWindowHelper: Current Display FreeFormTask is Task{9b477a #121 type=standard A=10065:com.android.gallery3d U=0 visible=true mode=freeform translucent=false sz=1}
03-14 04:10:04.325 4407 4407 D RecentsView: freeFormTask removed
03-14 04:10:04.325 782 2144 W FreeFormWindowHelper: Current Display FreeFormTask is Task{9b477a #121 type=standard A=10065:com.android.gallery3d U=0 visible=true mode=freeform translucent=false sz=1}
03-14 04:10:04.326 782 2144 W FreeFormWindowHelper: Current Display FreeFormTask is Task{9b477a #121 type=standard A=10065:com.android.gallery3d U=0 visible=true mode=freeform translucent=false sz=1}
03-14 04:10:04.326 782 2144 W FreeFormWindowHelper: Current Display FreeFormTask is Task{9b477a #121 type=standard A=10065:com.android.gallery3d U=0 visible=true mode=freeform translucent=false sz=1}
03-14 04:10:04.326 782 2144 W FreeFormWindowHelper: Current Display FreeFormTask is Task{9b477a #121 type=standard A=10065:com.android.gallery3d U=0 visible=true mode=freeform translucent=false sz=1}
03-14 04:10:04.327 782 797 W FreeFormWindowHelper: Current Display FreeFormTask is Task{9b477a #121 type=standard A=10065:com.android.gallery3d U=0 visible=true mode=freeform translucent=false sz=1}
03-14 04:10:04.328 782 2144 W ActivityTaskManager: getTaskSnapshot: taskId=-410 not found
03-14 04:10:04.329 782 2144 W FreeFormWindowHelper: Current Display FreeFormTask is Task{9b477a #121 type=standard A=10065:com.android.gallery3d U=0 visible=true mode=freeform translucent=false sz=1}
03-14 04:10:04.329 4407 4447 D BaseIconFactory: normalizeAndWrapToAdaptiveIcon: scale=0.8095241
03-14 04:10:04.329 782 2144 W FreeFormWindowHelper: Current Display FreeFormTask is Task{9b477a #121 type=standard A=10065:com.android.gallery3d U=0 visible=true mode=freeform translucent=false sz=1}
03-14 04:10:04.330 782 2144 W ActivityTaskManager: getTaskSnapshot: taskId=-409 not found
03-14 04:10:04.330 4407 4447 D BaseIconFactory: normalizeAndWrapToAdaptiveIcon: scale=0.8095241
03-14 04:10:04.331 782 2144 W ActivityTaskManager: getTaskSnapshot: taskId=-409 not found
03-14 04:10:04.331 782 2144 W ActivityTaskManager: getTaskSnapshot: taskId=-409 not found
03-14 04:10:04.334 782 1605 I input_interaction: Interaction with: edge-swipe (server), swipe-up (server), PointerEventDispatcher0 (server),
03-14 04:10:04.336 782 2144 W FreeFormWindowHelper: Current Display FreeFormTask is Task{9b477a #121 type=standard A=10065:com.android.gallery3d U=0 visible=true mode=freeform translucent=false sz=1}
03-14 04:10:04.337 782 2144 W FreeFormWindowHelper: Current Display FreeFormTask is Task{9b477a #121 type=standard A=10065:com.android.gallery3d U=0 visible=true mode=freeform translucent=false sz=1}
03-14 04:10:04.354 782 797 W FreeFormWindowHelper: Current Display FreeFormTask is Task{9b477a #121 type=standard A=10065:com.android.gallery3d U=0 visible=true mode=freeform translucent=false sz=1}
03-14 04:10:04.354 782 797 W FreeFormWindowHelper: Current Display FreeFormTask is Task{9b477a #121 type=standard A=10065:com.android.gallery3d U=0 visible=true mode=freeform translucent=false sz=1}
03-14 04:10:04.440 2439 2439 D RemoteControlService: startVlanDispatchThread
03-14 04:10:04.453 4407 4407 D NoButtonQuickSwitchTouchController: onMotionPauseDetected:
03-14 04:10:04.456 1047 1047 D vendor.qti.vibrator: Vibrator perform effect 0
03-14 04:10:04.456 1047 1047 D vendor.qti.vibrator: Vibrator on for timeoutMs: 10
03-14 04:10:04.456 1047 4958 D vendor.qti.vibrator: Starting on on another thread
03-14 04:10:04.466 1047 4958 D vendor.qti.vibrator: Notifying on complete
03-14 04:10:04.466 1047 1047 D vendor.qti.vibrator: QTI Vibrator off
03-14 04:10:04.486 1047 1047 D vendor.qti.vibrator: Vibrator on for timeoutMs: 30
03-14 04:10:04.486 1047 4959 D vendor.qti.vibrator: Starting on on another thread
03-14 04:10:04.489 782 782 I service_manager_stats: [100,17,214215]
03-14 04:10:04.512 782 1331 I commit_sys_config_file: [settings-1-0,4]
03-14 04:10:04.516 1047 4959 D vendor.qti.vibrator: Notifying on complete
03-14 04:10:04.517 1047 1047 D vendor.qti.vibrator: QTI Vibrator off
03-14 04:10:04.570 4407 4407 D NoButtonQuickSwitchTouchController: onDragEnd: noFling=true,isPaused=true,velocity=PointF(-0.020590555, -0.03089918)
03-14 04:10:04.571 4407 4407 D EditModeHelper: setHotseatVisibility: 0
03-14 04:10:04.579 782 4406 W FreeFormWindowHelper: Current Display FreeFormTask is Task{9b477a #121 type=standard A=10065:com.android.gallery3d U=0 visible=true mode=freeform translucent=false sz=1}
03-14 04:10:04.581 782 2190 W FreeFormWindowHelper: Current Display FreeFormTask is Task{9b477a #121 type=standard A=10065:com.android.gallery3d U=0 visible=true mode=freeform translucent=false sz=1}
03-14 04:10:04.582 782 2190 W FreeFormWindowHelper: Current Display FreeFormTask is Task{9b477a #121 type=standard A=10065:com.android.gallery3d U=0 visible=true mode=freeform translucent=false sz=1}
03-14 04:10:04.587 782 797 W FreeFormWindowHelper: Current Display FreeFormTask is Task{9b477a #121 type=standard A=10065:com.android.gallery3d U=0 visible=true mode=freeform translucent=false sz=1}
03-14 04:10:04.588 782 2144 W FreeFormWindowHelper: Current Display FreeFormTask is Task{9b477a #121 type=standard A=10065:com.android.gallery3d U=0 visible=true mode=freeform translucent=false sz=1}
03-14 04:10:04.589 782 2144 W FreeFormWindowHelper: Current Display FreeFormTask is Task{9b477a #121 type=standard A=10065:com.android.gallery3d U=0 visible=true mode=freeform translucent=false sz=1}
03-14 04:10:04.590 4407 4407 W View : requestLayout() improperly called by com.android.launcher3.views.NoInsetView{2bd5e88 V.ED..... ......ID 2038,0-2380,1020 #7f09007c app:id/bg_hotseat} during layout: running second layout pass
03-14 04:10:04.604 782 797 W FreeFormWindowHelper: Current Display FreeFormTask is Task{9b477a #121 type=standard A=10065:com.android.gallery3d U=0 visible=true mode=freeform translucent=false sz=1}
03-14 04:10:04.605 782 796 W FreeFormWindowHelper: Current Display FreeFormTask is Task{9b477a #121 type=standard A=10065:com.android.gallery3d U=0 visible=true mode=freeform translucent=false sz=1}
03-14 04:10:04.606 782 796 W FreeFormWindowHelper: Current Display FreeFormTask is Task{9b477a #121 type=standard A=10065:com.android.gallery3d U=0 visible=true mode=freeform translucent=false sz=1}
03-14 04:10:04.622 782 796 W FreeFormWindowHelper: Current Display FreeFormTask is Task{9b477a #121 type=standard A=10065:com.android.gallery3d U=0 visible=true mode=freeform translucent=false sz=1}
03-14 04:10:04.623 782 797 W FreeFormWindowHelper: Current Display FreeFormTask is Task{9b477a #121 type=standard A=10065:com.android.gallery3d U=0 visible=true mode=freeform translucent=false sz=1}
03-14 04:10:04.624 782 797 W FreeFormWindowHelper: Current Display FreeFormTask is Task{9b477a #121 type=standard A=10065:com.android.gallery3d U=0 visible=true mode=freeform translucent=false sz=1}
03-14 04:10:04.638 782 796 W FreeFormWindowHelper: Current Display FreeFormTask is Task{9b477a #121 type=standard A=10065:com.android.gallery3d U=0 visible=true mode=freeform translucent=false sz=1}
03-14 04:10:04.638 782 796 W FreeFormWindowHelper: Current Display FreeFormTask is Task{9b477a #121 type=standard A=10065:com.android.gallery3d U=0 visible=true mode=freeform translucent=false sz=1}
03-14 04:10:04.639 782 796 W FreeFormWindowHelper: Current Display FreeFormTask is Task{9b477a #121 type=standard A=10065:com.android.gallery3d U=0 visible=true mode=freeform translucent=false sz=1}
03-14 04:10:04.657 782 2190 W FreeFormWindowHelper: Current Display FreeFormTask is Task{9b477a #121 type=standard A=10065:com.android.gallery3d U=0 visible=true mode=freeform translucent=false sz=1}
03-14 04:10:04.660 782 2190 W FreeFormWindowHelper: Current Display FreeFormTask is Task{9b477a #121 type=standard A=10065:com.android.gallery3d U=0 visible=true mode=freeform translucent=false sz=1}
03-14 04:10:04.661 782 2190 W FreeFormWindowHelper: Current Display FreeFormTask is Task{9b477a #121 type=standard A=10065:com.android.gallery3d U=0 visible=true mode=freeform translucent=false sz=1}
03-14 04:10:04.674 782 796 W FreeFormWindowHelper: Current Display FreeFormTask is Task{9b477a #121 type=standard A=10065:com.android.gallery3d U=0 visible=true mode=freeform translucent=false sz=1}
