03-14 04:02:34.438 782 872 I am_wtf : [0,782,system_server,-1,DisplayDeviceConfig,requesting nits when no mapping exists.]
03-14 04:02:34.439 782 872 I am_wtf : [0,782,system_server,-1,DisplayDeviceConfig,requesting nits when no mapping exists.]
03-14 04:02:34.455 782 1952 E DisplayDeviceConfig: requesting nits when no mapping exists.
03-14 04:02:34.455 782 1952 E DisplayDeviceConfig: requesting nits when no mapping exists.
03-14 04:02:34.455 782 872 I am_wtf : [0,782,system_server,-1,DisplayDeviceConfig,requesting nits when no mapping exists.]
03-14 04:02:34.456 782 872 I am_wtf : [0,782,system_server,-1,DisplayDeviceConfig,requesting nits when no mapping exists.]
03-14 04:02:34.472 782 1952 E DisplayDeviceConfig: requesting nits when no mapping exists.
03-14 04:02:34.472 782 1952 E DisplayDeviceConfig: requesting nits when no mapping exists.
03-14 04:02:34.473 782 872 I am_wtf : [0,782,system_server,-1,DisplayDeviceConfig,requesting nits when no mapping exists.]
03-14 04:02:34.474 782 872 I am_wtf : [0,782,system_server,-1,DisplayDeviceConfig,requesting nits when no mapping exists.]
03-14 04:02:34.488 782 1952 E DisplayDeviceConfig: requesting nits when no mapping exists.
03-14 04:02:34.489 782 1952 E DisplayDeviceConfig: requesting nits when no mapping exists.
03-14 04:02:34.489 782 872 I am_wtf : [0,782,system_server,-1,DisplayDeviceConfig,requesting nits when no mapping exists.]
03-14 04:02:34.490 782 872 I am_wtf : [0,782,system_server,-1,DisplayDeviceConfig,requesting nits when no mapping exists.]
03-14 04:02:34.505 782 1952 E DisplayDeviceConfig: requesting nits when no mapping exists.
03-14 04:02:34.506 782 1952 E DisplayDeviceConfig: requesting nits when no mapping exists.
03-14 04:02:34.506 782 872 I am_wtf : [0,782,system_server,-1,DisplayDeviceConfig,requesting nits when no mapping exists.]
03-14 04:02:34.506 782 872 I am_wtf : [0,782,system_server,-1,DisplayDeviceConfig,requesting nits when no mapping exists.]
03-14 04:02:34.521 782 1952 E DisplayDeviceConfig: requesting nits when no mapping exists.
03-14 04:02:34.522 782 1952 E DisplayDeviceConfig: requesting nits when no mapping exists.
03-14 04:02:34.522 782 872 I am_wtf : [0,782,system_server,-1,DisplayDeviceConfig,requesting nits when no mapping exists.]
03-14 04:02:34.523 782 872 I am_wtf : [0,782,system_server,-1,DisplayDeviceConfig,requesting nits when no mapping exists.]
03-14 04:02:34.538 782 1952 E DisplayDeviceConfig: requesting nits when no mapping exists.
03-14 04:02:34.539 782 1952 E DisplayDeviceConfig: requesting nits when no mapping exists.
03-14 04:02:34.539 782 872 I am_wtf : [0,782,system_server,-1,DisplayDeviceConfig,requesting nits when no mapping exists.]
03-14 04:02:34.540 782 872 I am_wtf : [0,782,system_server,-1,DisplayDeviceConfig,requesting nits when no mapping exists.]
03-14 04:02:34.555 782 1952 E DisplayDeviceConfig: requesting nits when no mapping exists.
03-14 04:02:34.555 782 1952 E DisplayDeviceConfig: requesting nits when no mapping exists.
03-14 04:02:34.556 782 872 I am_wtf : [0,782,system_server,-1,DisplayDeviceConfig,requesting nits when no mapping exists.]
03-14 04:02:34.556 782 872 I am_wtf : [0,782,system_server,-1,DisplayDeviceConfig,requesting nits when no mapping exists.]
03-14 04:02:34.572 782 1952 E DisplayDeviceConfig: requesting nits when no mapping exists.
03-14 04:02:34.572 782 1952 E DisplayDeviceConfig: requesting nits when no mapping exists.
03-14 04:02:34.572 782 872 I am_wtf : [0,782,system_server,-1,DisplayDeviceConfig,requesting nits when no mapping exists.]
03-14 04:02:34.573 782 872 I am_wtf : [0,782,system_server,-1,DisplayDeviceConfig,requesting nits when no mapping exists.]
03-14 04:02:34.588 782 1952 E DisplayDeviceConfig: requesting nits when no mapping exists.
03-14 04:02:34.589 782 1952 E DisplayDeviceConfig: requesting nits when no mapping exists.
03-14 04:02:34.589 782 872 I am_wtf : [0,782,system_server,-1,DisplayDeviceConfig,requesting nits when no mapping exists.]
03-14 04:02:34.590 782 872 I am_wtf : [0,782,system_server,-1,DisplayDeviceConfig,requesting nits when no mapping exists.]
03-14 04:02:34.605 782 1952 E DisplayDeviceConfig: requesting nits when no mapping exists.
03-14 04:02:34.606 782 1952 E DisplayDeviceConfig: requesting nits when no mapping exists.
03-14 04:02:34.606 782 872 I am_wtf : [0,782,system_server,-1,DisplayDeviceConfig,requesting nits when no mapping exists.]
03-14 04:02:34.606 782 872 I am_wtf : [0,782,system_server,-1,DisplayDeviceConfig,requesting nits when no mapping exists.]
03-14 04:02:34.622 782 1952 E DisplayDeviceConfig: requesting nits when no mapping exists.
03-14 04:02:34.622 782 1952 E DisplayDeviceConfig: requesting nits when no mapping exists.
03-14 04:02:34.622 782 872 I am_wtf : [0,782,system_server,-1,DisplayDeviceConfig,requesting nits when no mapping exists.]
03-14 04:02:34.623 782 872 I am_wtf : [0,782,system_server,-1,DisplayDeviceConfig,requesting nits when no mapping exists.]
03-14 04:02:34.638 782 1952 E DisplayDeviceConfig: requesting nits when no mapping exists.
03-14 04:02:34.639 782 872 I am_wtf : [0,782,system_server,-1,DisplayDeviceConfig,requesting nits when no mapping exists.]
03-14 04:02:34.639 782 1952 E DisplayDeviceConfig: requesting nits when no mapping exists.
03-14 04:02:34.640 782 872 I am_wtf : [0,782,system_server,-1,DisplayDeviceConfig,requesting nits when no mapping exists.]
03-14 04:02:34.655 782 1952 E DisplayDeviceConfig: requesting nits when no mapping exists.
03-14 04:02:34.656 782 1952 E DisplayDeviceConfig: requesting nits when no mapping exists.
03-14 04:02:34.656 782 872 I am_wtf : [0,782,system_server,-1,DisplayDeviceConfig,requesting nits when no mapping exists.]
03-14 04:02:34.657 782 872 I am_wtf : [0,782,system_server,-1,DisplayDeviceConfig,requesting nits when no mapping exists.]
03-14 04:02:34.672 782 1952 E DisplayDeviceConfig: requesting nits when no mapping exists.
03-14 04:02:34.673 782 1952 E DisplayDeviceConfig: requesting nits when no mapping exists.
03-14 04:02:34.674 782 872 I am_wtf : [0,782,system_server,-1,DisplayDeviceConfig,requesting nits when no mapping exists.]
03-14 04:02:34.676 782 872 I am_wtf : [0,782,system_server,-1,DisplayDeviceConfig,requesting nits when no mapping exists.]
03-14 04:02:34.689 782 1952 E DisplayDeviceConfig: requesting nits when no mapping exists.
03-14 04:02:34.689 782 1952 E DisplayDeviceConfig: requesting nits when no mapping exists.
03-14 04:02:34.689 782 872 I am_wtf : [0,782,system_server,-1,DisplayDeviceConfig,requesting nits when no mapping exists.]
03-14 04:02:34.690 782 872 I am_wtf : [0,782,system_server,-1,DisplayDeviceConfig,requesting nits when no mapping exists.]
03-14 04:02:34.705 782 1952 E DisplayDeviceConfig: requesting nits when no mapping exists.
03-14 04:02:34.706 782 1952 E DisplayDeviceConfig: requesting nits when no mapping exists.
03-14 04:02:34.706 782 872 I am_wtf : [0,782,system_server,-1,DisplayDeviceConfig,requesting nits when no mapping exists.]
03-14 04:02:34.707 782 872 I am_wtf : [0,782,system_server,-1,DisplayDeviceConfig,requesting nits when no mapping exists.]
03-14 04:02:34.722 782 1952 E DisplayDeviceConfig: requesting nits when no mapping exists.
03-14 04:02:34.722 782 872 I am_wtf : [0,782,system_server,-1,DisplayDeviceConfig,requesting nits when no mapping exists.]
03-14 04:02:34.722 782 1952 E DisplayDeviceConfig: requesting nits when no mapping exists.
03-14 04:02:34.723 782 872 I am_wtf : [0,782,system_server,-1,DisplayDeviceConfig,requesting nits when no mapping exists.]
03-14 04:02:34.739 782 1952 E DisplayDeviceConfig: requesting nits when no mapping exists.
03-14 04:02:34.739 782 872 I am_wtf : [0,782,system_server,-1,DisplayDeviceConfig,requesting nits when no mapping exists.]
03-14 04:02:34.739 782 1952 E DisplayDeviceConfig: requesting nits when no mapping exists.
03-14 04:02:34.740 782 872 I am_wtf : [0,782,system_server,-1,DisplayDeviceConfig,requesting nits when no mapping exists.]
03-14 04:02:34.755 782 1952 E DisplayDeviceConfig: requesting nits when no mapping exists.
03-14 04:02:34.756 782 1952 E DisplayDeviceConfig: requesting nits when no mapping exists.
03-14 04:02:34.757 782 872 I am_wtf : [0,782,system_server,-1,DisplayDeviceConfig,requesting nits when no mapping exists.]
03-14 04:02:34.757 782 872 I am_wtf : [0,782,system_server,-1,DisplayDeviceConfig,requesting nits when no mapping exists.]
03-14 04:02:34.772 782 1952 E DisplayDeviceConfig: requesting nits when no mapping exists.
03-14 04:02:34.773 782 1952 E DisplayDeviceConfig: requesting nits when no mapping exists.
03-14 04:02:34.773 782 872 I am_wtf : [0,782,system_server,-1,DisplayDeviceConfig,requesting nits when no mapping exists.]
03-14 04:02:34.774 782 872 I am_wtf : [0,782,system_server,-1,DisplayDeviceConfig,requesting nits when no mapping exists.]
03-14 04:02:34.789 782 1952 E DisplayDeviceConfig: requesting nits when no mapping exists.
03-14 04:02:34.789 782 1952 E DisplayDeviceConfig: requesting nits when no mapping exists.
03-14 04:02:34.790 782 872 I am_wtf : [0,782,system_server,-1,DisplayDeviceConfig,requesting nits when no mapping exists.]
03-14 04:02:34.791 782 872 I am_wtf : [0,782,system_server,-1,DisplayDeviceConfig,requesting nits when no mapping exists.]
03-14 04:02:34.805 782 1952 E DisplayDeviceConfig: requesting nits when no mapping exists.
03-14 04:02:34.806 782 1952 E DisplayDeviceConfig: requesting nits when no mapping exists.
03-14 04:02:34.806 782 872 I am_wtf : [0,782,system_server,-1,DisplayDeviceConfig,requesting nits when no mapping exists.]
03-14 04:02:34.807 782 872 I am_wtf : [0,782,system_server,-1,DisplayDeviceConfig,requesting nits when no mapping exists.]
03-14 04:02:34.822 782 1952 E DisplayDeviceConfig: requesting nits when no mapping exists.
03-14 04:02:34.823 782 1952 E DisplayDeviceConfig: requesting nits when no mapping exists.
03-14 04:02:34.823 782 872 I am_wtf : [0,782,system_server,-1,DisplayDeviceConfig,requesting nits when no mapping exists.]
03-14 04:02:34.823 782 872 I am_wtf : [0,782,system_server,-1,DisplayDeviceConfig,requesting nits when no mapping exists.]
03-14 04:02:34.839 782 1952 E DisplayDeviceConfig: requesting nits when no mapping exists.
03-14 04:02:34.840 782 1952 E DisplayDeviceConfig: requesting nits when no mapping exists.
03-14 04:02:34.840 782 872 I am_wtf : [0,782,system_server,-1,DisplayDeviceConfig,requesting nits when no mapping exists.]
03-14 04:02:34.840 782 872 I am_wtf : [0,782,system_server,-1,DisplayDeviceConfig,requesting nits when no mapping exists.]
01-01 08:12:08.231 0 0 E DTC_ETH,link_delay_work_func: 3003, SQI=0, link=0
03-14 04:02:34.856 782 1952 E DisplayDeviceConfig: requesting nits when no mapping exists.
03-14 04:02:34.856 782 872 I am_wtf : [0,782,system_server,-1,DisplayDeviceConfig,requesting nits when no mapping exists.]
03-14 04:02:34.856 782 1952 E DisplayDeviceConfig: requesting nits when no mapping exists.
03-14 04:02:34.857 782 872 I am_wtf : [0,782,system_server,-1,DisplayDeviceConfig,requesting nits when no mapping exists.]
03-14 04:02:34.873 782 1952 E DisplayDeviceConfig: requesting nits when no mapping exists.
03-14 04:02:34.873 782 872 I am_wtf : [0,782,system_server,-1,DisplayDeviceConfig,requesting nits when no mapping exists.]
03-14 04:02:34.873 782 1952 E DisplayDeviceConfig: requesting nits when no mapping exists.
03-14 04:02:34.874 782 872 I am_wtf : [0,782,system_server,-1,DisplayDeviceConfig,requesting nits when no mapping exists.]
03-14 04:02:34.889 782 1952 E DisplayDeviceConfig: requesting nits when no mapping exists.
03-14 04:02:34.890 782 872 I am_wtf : [0,782,system_server,-1,DisplayDeviceConfig,requesting nits when no mapping exists.]
03-14 04:02:34.890 782 1952 E DisplayDeviceConfig: requesting nits when no mapping exists.
03-14 04:02:34.890 782 872 I am_wtf : [0,782,system_server,-1,DisplayDeviceConfig,requesting nits when no mapping exists.]
03-14 04:02:34.906 782 1952 E DisplayDeviceConfig: requesting nits when no mapping exists.
03-14 04:02:34.906 782 872 I am_wtf : [0,782,system_server,-1,DisplayDeviceConfig,requesting nits when no mapping exists.]
03-14 04:02:34.906 782 1952 E DisplayDeviceConfig: requesting nits when no mapping exists.
03-14 04:02:34.907 782 872 I am_wtf : [0,782,system_server,-1,DisplayDeviceConfig,requesting nits when no mapping exists.]
03-14 04:02:34.923 782 1952 E DisplayDeviceConfig: requesting nits when no mapping exists.
03-14 04:02:34.923 782 872 I am_wtf : [0,782,system_server,-1,DisplayDeviceConfig,requesting nits when no mapping exists.]
03-14 04:02:34.923 782 1952 E DisplayDeviceConfig: requesting nits when no mapping exists.
03-14 04:02:34.924 782 872 I am_wtf : [0,782,system_server,-1,DisplayDeviceConfig,requesting nits when no mapping exists.]
03-14 04:02:34.939 782 1952 E DisplayDeviceConfig: requesting nits when no mapping exists.
03-14 04:02:34.940 782 872 I am_wtf : [0,782,system_server,-1,DisplayDeviceConfig,requesting nits when no mapping exists.]
03-14 04:02:34.940 782 1952 E DisplayDeviceConfig: requesting nits when no mapping exists.
03-14 04:02:34.941 782 872 I am_wtf : [0,782,system_server,-1,DisplayDeviceConfig,requesting nits when no mapping exists.]
03-14 04:02:34.956 782 1952 E DisplayDeviceConfig: requesting nits when no mapping exists.
03-14 04:02:34.956 782 1952 E DisplayDeviceConfig: requesting nits when no mapping exists.
03-14 04:02:34.957 782 872 I am_wtf : [0,782,system_server,-1,DisplayDeviceConfig,requesting nits when no mapping exists.]
03-14 04:02:34.957 782 872 I am_wtf : [0,782,system_server,-1,DisplayDeviceConfig,requesting nits when no mapping exists.]
03-14 04:02:34.973 782 1952 E DisplayDeviceConfig: requesting nits when no mapping exists.
03-14 04:02:34.973 782 1952 E DisplayDeviceConfig: requesting nits when no mapping exists.
03-14 04:02:34.973 782 872 I am_wtf : [0,782,system_server,-1,DisplayDeviceConfig,requesting nits when no mapping exists.]
03-14 04:02:34.974 782 872 I am_wtf : [0,782,system_server,-1,DisplayDeviceConfig,requesting nits when no mapping exists.]
03-14 04:02:34.989 782 1952 E DisplayDeviceConfig: requesting nits when no mapping exists.
03-14 04:02:34.990 782 1952 E DisplayDeviceConfig: requesting nits when no mapping exists.
03-14 04:02:34.990 782 872 I am_wtf : [0,782,system_server,-1,DisplayDeviceConfig,requesting nits when no mapping exists.]
03-14 04:02:34.991 782 872 I am_wtf : [0,782,system_server,-1,DisplayDeviceConfig,requesting nits when no mapping exists.]
03-14 04:02:35.006 782 1952 E DisplayDeviceConfig: requesting nits when no mapping exists.
03-14 04:02:35.007 782 1952 E DisplayDeviceConfig: requesting nits when no mapping exists.
03-14 04:02:35.007 782 872 I am_wtf : [0,782,system_server,-1,DisplayDeviceConfig,requesting nits when no mapping exists.]
03-14 04:02:35.008 782 872 I am_wtf : [0,782,system_server,-1,DisplayDeviceConfig,requesting nits when no mapping exists.]
03-14 04:02:35.023 782 1952 E DisplayDeviceConfig: requesting nits when no mapping exists.
03-14 04:02:35.023 782 1952 E DisplayDeviceConfig: requesting nits when no mapping exists.
03-14 04:02:35.023 782 872 I am_wtf : [0,782,system_server,-1,DisplayDeviceConfig,requesting nits when no mapping exists.]
03-14 04:02:35.024 782 872 I am_wtf : [0,782,system_server,-1,DisplayDeviceConfig,requesting nits when no mapping exists.]
03-14 04:02:35.040 782 1952 E DisplayDeviceConfig: requesting nits when no mapping exists.
03-14 04:02:35.040 782 1952 E DisplayDeviceConfig: requesting nits when no mapping exists.
03-14 04:02:35.040 782 872 I am_wtf : [0,782,system_server,-1,DisplayDeviceConfig,requesting nits when no mapping exists.]
03-14 04:02:35.041 782 872 I am_wtf : [0,782,system_server,-1,DisplayDeviceConfig,requesting nits when no mapping exists.]
03-14 04:02:35.056 782 1952 E DisplayDeviceConfig: requesting nits when no mapping exists.
03-14 04:02:35.057 782 1952 E DisplayDeviceConfig: requesting nits when no mapping exists.
03-14 04:02:35.057 782 872 I am_wtf : [0,782,system_server,-1,DisplayDeviceConfig,requesting nits when no mapping exists.]
03-14 04:02:35.058 782 872 I am_wtf : [0,782,system_server,-1,DisplayDeviceConfig,requesting nits when no mapping exists.]
03-14 04:02:35.073 782 1952 E DisplayDeviceConfig: requesting nits when no mapping exists.
03-14 04:02:35.074 782 1952 E DisplayDeviceConfig: requesting nits when no mapping exists.
03-14 04:02:35.074 782 872 I am_wtf : [0,782,system_server,-1,DisplayDeviceConfig,requesting nits when no mapping exists.]
03-14 04:02:35.075 782 872 I am_wtf : [0,782,system_server,-1,DisplayDeviceConfig,requesting nits when no mapping exists.]
03-14 04:02:35.090 782 1952 E DisplayDeviceConfig: requesting nits when no mapping exists.
03-14 04:02:35.090 782 1952 E DisplayDeviceConfig: requesting nits when no mapping exists.
03-14 04:02:35.090 782 872 I am_wtf : [0,782,system_server,-1,DisplayDeviceConfig,requesting nits when no mapping exists.]
03-14 04:02:35.091 782 872 I am_wtf : [0,782,system_server,-1,DisplayDeviceConfig,requesting nits when no mapping exists.]
03-14 04:02:35.106 782 1952 E DisplayDeviceConfig: requesting nits when no mapping exists.
03-14 04:02:35.107 782 1952 E DisplayDeviceConfig: requesting nits when no mapping exists.
03-14 04:02:35.108 782 872 I am_wtf : [0,782,system_server,-1,DisplayDeviceConfig,requesting nits when no mapping exists.]
03-14 04:02:35.108 782 872 I am_wtf : [0,782,system_server,-1,DisplayDeviceConfig,requesting nits when no mapping exists.]
03-14 04:02:35.123 782 1952 E DisplayDeviceConfig: requesting nits when no mapping exists.
03-14 04:02:35.124 782 1952 E DisplayDeviceConfig: requesting nits when no mapping exists.
03-14 04:02:35.124 782 872 I am_wtf : [0,782,system_server,-1,DisplayDeviceConfig,requesting nits when no mapping exists.]
03-14 04:02:35.125 782 872 I am_wtf : [0,782,system_server,-1,DisplayDeviceConfig,requesting nits when no mapping exists.]
03-14 04:02:35.140 782 1952 E DisplayDeviceConfig: requesting nits when no mapping exists.
03-14 04:02:35.140 782 872 I am_wtf : [0,782,system_server,-1,DisplayDeviceConfig,requesting nits when no mapping exists.]
03-14 04:02:35.140 782 1952 E DisplayDeviceConfig: requesting nits when no mapping exists.
03-14 04:02:35.141 782 872 I am_wtf : [0,782,system_server,-1,DisplayDeviceConfig,requesting nits when no mapping exists.]
03-14 04:02:35.156 782 1952 E DisplayDeviceConfig: requesting nits when no mapping exists.
03-14 04:02:35.157 782 872 I am_wtf : [0,782,system_server,-1,DisplayDeviceConfig,requesting nits when no mapping exists.]
03-14 04:02:35.157 782 1952 E DisplayDeviceConfig: requesting nits when no mapping exists.
03-14 04:02:35.158 782 872 I am_wtf : [0,782,system_server,-1,DisplayDeviceConfig,requesting nits when no mapping exists.]
03-14 04:02:35.173 782 1952 E DisplayDeviceConfig: requesting nits when no mapping exists.
03-14 04:02:35.174 782 1952 E DisplayDeviceConfig: requesting nits when no mapping exists.
03-14 04:02:35.174 782 872 I am_wtf : [0,782,system_server,-1,DisplayDeviceConfig,requesting nits when no mapping exists.]
03-14 04:02:35.174 782 872 I am_wtf : [0,782,system_server,-1,DisplayDeviceConfig,requesting nits when no mapping exists.]
03-14 04:02:35.190 782 1952 E DisplayDeviceConfig: requesting nits when no mapping exists.
03-14 04:02:35.190 782 872 I am_wtf : [0,782,system_server,-1,DisplayDeviceConfig,requesting nits when no mapping exists.]
03-14 04:02:35.190 782 1952 E DisplayDeviceConfig: requesting nits when no mapping exists.
03-14 04:02:35.191 782 872 I am_wtf : [0,782,system_server,-1,DisplayDeviceConfig,requesting nits when no mapping exists.]
03-14 04:02:35.206 782 1952 E DisplayDeviceConfig: requesting nits when no mapping exists.
03-14 04:02:35.207 782 872 I am_wtf : [0,782,system_server,-1,DisplayDeviceConfig,requesting nits when no mapping exists.]
03-14 04:02:35.207 782 1952 E DisplayDeviceConfig: requesting nits when no mapping exists.
03-14 04:02:35.208 782 872 I am_wtf : [0,782,system_server,-1,DisplayDeviceConfig,requesting nits when no mapping exists.]
01-01 08:12:13.351 0 0 E DTC_ETH,link_delay_work_func: 3003, SQI=0, link=0
03-14 04:02:41.249 782 1000 I PowerManagerService: Napping display group (groupId=0, uid=1000)...
03-14 04:02:41.249 782 1000 I PowerManagerService: Nap time (uid 1000)...
03-14 04:02:41.252 782 1000 I DreamManagerService: Entering dreamland.
03-14 04:02:41.257 782 1000 I PowerManagerService: Dreaming...
03-14 04:02:41.258 782 822 I DreamController: Starting dream: name=ComponentInfo{com.thundercomm.screensaver/com.thundercomm.screensaver.service.SystemDream}, isTest=false, canDoze=false, userId=0
03-14 04:02:41.258 782 822 I sysui_multi_action: [757,222,758,1]
03-14 04:02:41.260 782 822 I am_uid_active: 10050
03-14 04:02:41.267 782 822 I service_manager_stats: [110,62,6960]
03-14 04:02:41.267 782 822 D CompatibilityChangeReporter: Compat change id reported: 168419799; UID 10050; state: DISABLED
03-14 04:02:41.269 782 872 I am_uid_idle: 10065
03-14 04:02:41.270 782 830 I am_pss : [3784,2000,com.android.shell,6225920,4231168,0,90775552,0,19,9]
03-14 04:02:41.271 782 822 D AutofillManagerService: Close system dialogs
03-14 04:02:41.273 782 2144 I ActivityTaskManager: START u0 {flg=0x10000000 pkg=com.thundercomm.screensaver cmp=com.thundercomm.screensaver/android.service.dreams.DreamActivity (has extras)} from uid 10050
03-14 04:02:41.276 782 2144 I wm_task_created: [119,-1]
03-14 04:02:41.276 782 2144 W ActivityTaskManager: Can't find TaskDisplayArea to determine support for multi window. Task id=119 attached=false
03-14 04:02:41.279 782 830 I am_pss : [3729,10030,com.android.packageinstaller,7488512,5541888,0,91746304,0,19,6]
03-14 04:02:41.280 782 2144 I wm_task_moved: [119,1,6]
03-14 04:02:41.280 782 2144 I wm_task_to_front: [0,119]
03-14 04:02:41.281 782 2144 I wm_create_task: [0,119]
03-14 04:02:41.281 782 2144 I wm_create_activity: [0,108761298,119,com.thundercomm.screensaver/android.service.dreams.DreamActivity,NULL,NULL,NULL,276824064]
03-14 04:02:41.281 782 2144 I wm_task_moved: [119,1,6]
03-14 04:02:41.281 4407 4407 I wm_on_top_resumed_lost_called: [174418215,com.android.launcher3.uioverrides.QuickstepLauncher,topStateChangedWhenResumed]
03-14 04:02:41.281 782 2144 I wm_pause_activity: [0,174418215,com.android.launcher3/.uioverrides.QuickstepLauncher,userLeaving=true,pauseBackTasks]
03-14 04:02:41.283 4407 4407 I wm_on_paused_called: [174418215,com.android.launcher3.uioverrides.QuickstepLauncher,performPause]
03-14 04:02:41.284 782 4406 I ActivityTaskManager: FOREGROUND_APPLICATION_CHANGED to android.service.dreams.DreamActivity
03-14 04:02:41.284 782 4406 I ActivityTaskManager: The Process com.thundercomm.screensaver Already Exists in BG. So sending its PID: 4589
03-14 04:02:41.285 782 4406 W ActivityTaskManager: Tried to set launchTime (0) < mLastActivityLaunchTime (578981)
03-14 04:02:41.285 782 4406 I wm_add_to_stopping: [0,174418215,com.android.launcher3/.uioverrides.QuickstepLauncher,makeInvisible]
03-14 04:02:41.285 782 4406 I wm_restart_activity: [0,108761298,119,com.thundercomm.screensaver/android.service.dreams.DreamActivity]
03-14 04:02:41.286 782 4406 I wm_set_resumed_activity: [0,com.thundercomm.screensaver/android.service.dreams.DreamActivity,minimalResumeActivityLocked]
03-14 04:02:41.286 782 830 I am_pss : [3676,10025,com.android.managedprovisioning,9339904,7303168,0,94806016,0,19,5]
03-14 04:02:41.289 782 825 I sysui_multi_action: [757,803,799,window_time_0,802,60]
03-14 04:02:41.289 4589 4589 I wm_on_create_called: [108761298,android.service.dreams.DreamActivity,performCreate]
03-14 04:02:41.289 4589 4589 I wm_on_start_called: [108761298,android.service.dreams.DreamActivity,handleStartActivity]
03-14 04:02:41.290 4589 4589 I wm_on_resume_called: [108761298,android.service.dreams.DreamActivity,RESUME_ACTIVITY]
03-14 04:02:41.291 782 2144 W WindowManager: Failed looking up window session=Session{d69397d 4589:u0a10050} callers=com.android.server.wm.WindowManagerService.windowForClientLocked:5628 com.android.server.wm.Session.insetsModified:629 android.view.IWindowSession$Stub.onTransact:1151
03-14 04:02:41.292 782 830 I am_pss : [3078,10079,com.qualcomm.qti.workloadclassifier,9244672,6991872,0,97513472,0,0,6]
03-14 04:02:41.292 4589 4589 I wm_on_top_resumed_gained_called: [108761298,android.service.dreams.DreamActivity,topStateChangedWhenResumed]
03-14 04:02:41.292 782 2144 I am_uid_active: 10063
03-14 04:02:41.298 782 830 I am_pss : [3061,10083,com.qualcomm.qti.qccnetstat,6422528,4349952,0,92323840,0,0,4]
03-14 04:02:41.303 782 830 I am_pss : [3033,10069,com.qualcomm.qti.services.systemhelper:systemhelper_service,6606848,4493312,0,94212096,0,0,5]
03-14 04:02:41.307 782 1605 I input_focus: [Focus leaving e892cf3 com.android.launcher3/com.android.launcher3.uioverrides.QuickstepLauncher (server),reason=NO_WINDOW]
03-14 04:02:41.309 782 830 I am_pss : [3017,10054,.pasr,5667840,3694592,0,89980928,0,0,5]
03-14 04:02:41.311 782 826 I input_focus: [Focus request 145c459 com.thundercomm.screensaver/android.service.dreams.DreamActivity,reason=UpdateInputWindows]
03-14 04:02:41.314 782 830 I am_pss : [3011,1000,com.hryt.hiphishowfsecontrol,14487552,12075008,0,106000384,0,0,5]
03-14 04:02:41.318 782 822 I sysui_multi_action: [319,44,322,43,325,732,757,761,758,8,759,2,806,com.thundercomm.screensaver,871,android.service.dreams.DreamActivity,904,com.thundercomm.screensaver,905,0,1320,4,1321,2]
03-14 04:02:41.318 782 822 I wm_activity_launch_time: [0,108761298,com.thundercomm.screensaver/android.service.dreams.DreamActivity,43]
03-14 04:02:41.319 782 1000 V DisplayPowerController[0]: Brightness [1.0] reason changing to: 'manual', previous reason: 'manual [ dim ]'.
03-14 04:02:41.319 782 1000 I sysui_multi_action: [757,1696,758,6,759,3]
03-14 04:02:41.320 782 830 I am_pss : [2972,10058,ts.car.uart,6463488,4489216,0,90947584,0,0,5]
03-14 04:02:41.323 782 1952 E DisplayDeviceConfig: requesting nits when no mapping exists.
03-14 04:02:41.323 782 872 I am_wtf : [0,782,system_server,-1,DisplayDeviceConfig,requesting nits when no mapping exists.]
03-14 04:02:41.323 782 1952 E DisplayDeviceConfig: requesting nits when no mapping exists.
03-14 04:02:41.323 782 872 I am_wtf : [0,782,system_server,-1,DisplayDeviceConfig,requesting nits when no mapping exists.]
03-14 04:02:41.325 782 830 I am_pss : [2965,10082,com.hht.lebocast,41907200,18546688,0,113090560,0,0,4]
03-14 04:02:41.339 782 1952 E DisplayDeviceConfig: requesting nits when no mapping exists.
03-14 04:02:41.339 782 1952 E DisplayDeviceConfig: requesting nits when no mapping exists.
03-14 04:02:41.340 782 872 I am_wtf : [0,782,system_server,-1,DisplayDeviceConfig,requesting nits when no mapping exists.]
03-14 04:02:41.340 782 872 I am_wtf : [0,782,system_server,-1,DisplayDeviceConfig,requesting nits when no mapping exists.]
03-14 04:02:41.340 782 1605 I input_focus: [Focus entering 145c459 com.thundercomm.screensaver/android.service.dreams.DreamActivity (server),reason=Window became focusable. Previous reason: NOT_VISIBLE]
03-14 04:02:41.356 782 1952 E DisplayDeviceConfig: requesting nits when no mapping exists.
03-14 04:02:41.356 782 1952 E DisplayDeviceConfig: requesting nits when no mapping exists.
03-14 04:02:41.356 782 872 I am_wtf : [0,782,system_server,-1,DisplayDeviceConfig,requesting nits when no mapping exists.]
03-14 04:02:41.357 782 872 I am_wtf : [0,782,system_server,-1,DisplayDeviceConfig,requesting nits when no mapping exists.]
03-14 04:02:41.373 782 1952 E DisplayDeviceConfig: requesting nits when no mapping exists.
03-14 04:02:41.373 782 1952 E DisplayDeviceConfig: requesting nits when no mapping exists.
03-14 04:02:41.373 782 872 I am_wtf : [0,782,system_server,-1,DisplayDeviceConfig,requesting nits when no mapping exists.]
03-14 04:02:41.373 782 872 I am_wtf : [0,782,system_server,-1,DisplayDeviceConfig,requesting nits when no mapping exists.]
03-14 04:02:41.387 782 796 W FreeFormWindowHelper: Current Display FreeFormTask is null
03-14 04:02:41.390 782 1952 E DisplayDeviceConfig: requesting nits when no mapping exists.
03-14 04:02:41.390 782 1952 E DisplayDeviceConfig: requesting nits when no mapping exists.
03-14 04:02:41.390 782 872 I am_wtf : [0,782,system_server,-1,DisplayDeviceConfig,requesting nits when no mapping exists.]
03-14 04:02:41.390 782 872 I am_wtf : [0,782,system_server,-1,DisplayDeviceConfig,requesting nits when no mapping exists.]
03-14 04:02:41.406 782 1952 E DisplayDeviceConfig: requesting nits when no mapping exists.
03-14 04:02:41.407 782 872 I am_wtf : [0,782,system_server,-1,DisplayDeviceConfig,requesting nits when no mapping exists.]
03-14 04:02:41.407 782 1952 E DisplayDeviceConfig: requesting nits when no mapping exists.
03-14 04:02:41.407 782 872 I am_wtf : [0,782,system_server,-1,DisplayDeviceConfig,requesting nits when no mapping exists.]
03-14 04:02:41.423 782 1952 E DisplayDeviceConfig: requesting nits when no mapping exists.
03-14 04:02:41.423 782 1952 E DisplayDeviceConfig: requesting nits when no mapping exists.
03-14 04:02:41.423 782 872 I am_wtf : [0,782,system_server,-1,DisplayDeviceConfig,requesting nits when no mapping exists.]
03-14 04:02:41.424 782 872 I am_wtf : [0,782,system_server,-1,DisplayDeviceConfig,requesting nits when no mapping exists.]
03-14 04:02:41.441 782 1952 E DisplayDeviceConfig: requesting nits when no mapping exists.
03-14 04:02:41.441 782 1952 E DisplayDeviceConfig: requesting nits when no mapping exists.
03-14 04:02:41.441 782 872 I am_wtf : [0,782,system_server,-1,DisplayDeviceConfig,requesting nits when no mapping exists.]
03-14 04:02:41.441 782 872 I am_wtf : [0,782,system_server,-1,DisplayDeviceConfig,requesting nits when no mapping exists.]
03-14 04:02:41.457 782 1952 E DisplayDeviceConfig: requesting nits when no mapping exists.
03-14 04:02:41.457 782 1952 E DisplayDeviceConfig: requesting nits when no mapping exists.
03-14 04:02:41.457 782 872 I am_wtf : [0,782,system_server,-1,DisplayDeviceConfig,requesting nits when no mapping exists.]
03-14 04:02:41.458 782 872 I am_wtf : [0,782,system_server,-1,DisplayDeviceConfig,requesting nits when no mapping exists.]
03-14 04:02:41.474 782 1952 E DisplayDeviceConfig: requesting nits when no mapping exists.
03-14 04:02:41.474 782 1952 E DisplayDeviceConfig: requesting nits when no mapping exists.
03-14 04:02:41.474 782 872 I am_wtf : [0,782,system_server,-1,DisplayDeviceConfig,requesting nits when no mapping exists.]
03-14 04:02:41.475 782 872 I am_wtf : [0,782,system_server,-1,DisplayDeviceConfig,requesting nits when no mapping exists.]
03-14 04:02:41.491 782 1952 E DisplayDeviceConfig: requesting nits when no mapping exists.
03-14 04:02:41.491 782 1952 E DisplayDeviceConfig: requesting nits when no mapping exists.
03-14 04:02:41.491 782 872 I am_wtf : [0,782,system_server,-1,DisplayDeviceConfig,requesting nits when no mapping exists.]
03-14 04:02:41.491 782 872 I am_wtf : [0,782,system_server,-1,DisplayDeviceConfig,requesting nits when no mapping exists.]
03-14 04:02:41.507 782 1952 E DisplayDeviceConfig: requesting nits when no mapping exists.
03-14 04:02:41.507 782 1952 E DisplayDeviceConfig: requesting nits when no mapping exists.
03-14 04:02:41.507 782 872 I am_wtf : [0,782,system_server,-1,DisplayDeviceConfig,requesting nits when no mapping exists.]
03-14 04:02:41.507 782 872 I am_wtf : [0,782,system_server,-1,DisplayDeviceConfig,requesting nits when no mapping exists.]
03-14 04:02:41.523 782 1952 E DisplayDeviceConfig: requesting nits when no mapping exists.
03-14 04:02:41.524 782 1952 E DisplayDeviceConfig: requesting nits when no mapping exists.
03-14 04:02:41.524 782 872 I am_wtf : [0,782,system_server,-1,DisplayDeviceConfig,requesting nits when no mapping exists.]
03-14 04:02:41.524 782 872 I am_wtf : [0,782,system_server,-1,DisplayDeviceConfig,requesting nits when no mapping exists.]
03-14 04:02:41.540 782 1952 E DisplayDeviceConfig: requesting nits when no mapping exists.
03-14 04:02:41.540 782 1952 E DisplayDeviceConfig: requesting nits when no mapping exists.
03-14 04:02:41.540 782 872 I am_wtf : [0,782,system_server,-1,DisplayDeviceConfig,requesting nits when no mapping exists.]
03-14 04:02:41.541 782 872 I am_wtf : [0,782,system_server,-1,DisplayDeviceConfig,requesting nits when no mapping exists.]
03-14 04:02:41.557 782 1952 E DisplayDeviceConfig: requesting nits when no mapping exists.
03-14 04:02:41.557 782 1952 E DisplayDeviceConfig: requesting nits when no mapping exists.
03-14 04:02:41.557 782 872 I am_wtf : [0,782,system_server,-1,DisplayDeviceConfig,requesting nits when no mapping exists.]
03-14 04:02:41.557 782 872 I am_wtf : [0,782,system_server,-1,DisplayDeviceConfig,requesting nits when no mapping exists.]
03-14 04:02:41.573 782 1952 E DisplayDeviceConfig: requesting nits when no mapping exists.
03-14 04:02:41.574 782 1952 E DisplayDeviceConfig: requesting nits when no mapping exists.
03-14 04:02:41.574 782 872 I am_wtf : [0,782,system_server,-1,DisplayDeviceConfig,requesting nits when no mapping exists.]
03-14 04:02:41.574 782 872 I am_wtf : [0,782,system_server,-1,DisplayDeviceConfig,requesting nits when no mapping exists.]
03-14 04:02:41.590 782 1952 E DisplayDeviceConfig: requesting nits when no mapping exists.
03-14 04:02:41.590 782 1952 E DisplayDeviceConfig: requesting nits when no mapping exists.
03-14 04:02:41.590 782 872 I am_wtf : [0,782,system_server,-1,DisplayDeviceConfig,requesting nits when no mapping exists.]
03-14 04:02:41.591 782 872 I am_wtf : [0,782,system_server,-1,DisplayDeviceConfig,requesting nits when no mapping exists.]
03-14 04:02:41.607 782 1952 E DisplayDeviceConfig: requesting nits when no mapping exists.
03-14 04:02:41.607 782 872 I am_wtf : [0,782,system_server,-1,DisplayDeviceConfig,requesting nits when no mapping exists.]
03-14 04:02:41.608 782 825 I wm_stop_activity: [0,174418215,com.android.launcher3/.uioverrides.QuickstepLauncher]
03-14 04:02:41.608 782 1952 E DisplayDeviceConfig: requesting nits when no mapping exists.
03-14 04:02:41.608 782 872 I am_wtf : [0,782,system_server,-1,DisplayDeviceConfig,requesting nits when no mapping exists.]
03-14 04:02:41.624 782 1952 E DisplayDeviceConfig: requesting nits when no mapping exists.
03-14 04:02:41.624 782 1952 E DisplayDeviceConfig: requesting nits when no mapping exists.
03-14 04:02:41.624 782 872 I am_wtf : [0,782,system_server,-1,DisplayDeviceConfig,requesting nits when no mapping exists.]
03-14 04:02:41.628 782 872 I am_wtf : [0,782,system_server,-1,DisplayDeviceConfig,requesting nits when no mapping exists.]
03-14 04:02:41.630 4407 4407 I wm_on_stop_called: [174418215,com.android.launcher3.uioverrides.QuickstepLauncher,STOP_ACTIVITY_ITEM]
03-14 04:02:41.640 782 1952 E DisplayDeviceConfig: requesting nits when no mapping exists.
03-14 04:02:41.641 782 1952 E DisplayDeviceConfig: requesting nits when no mapping exists.
03-14 04:02:41.641 782 872 I am_wtf : [0,782,system_server,-1,DisplayDeviceConfig,requesting nits when no mapping exists.]
03-14 04:02:41.641 782 872 I am_wtf : [0,782,system_server,-1,DisplayDeviceConfig,requesting nits when no mapping exists.]
03-14 04:02:41.657 782 1952 E DisplayDeviceConfig: requesting nits when no mapping exists.
03-14 04:02:41.657 782 1952 E DisplayDeviceConfig: requesting nits when no mapping exists.
03-14 04:02:41.657 782 872 I am_wtf : [0,782,system_server,-1,DisplayDeviceConfig,requesting nits when no mapping exists.]
03-14 04:02:41.657 782 872 I am_wtf : [0,782,system_server,-1,DisplayDeviceConfig,requesting nits when no mapping exists.]
03-14 04:02:41.671 782 1952 E DisplayDeviceConfig: requesting nits when no mapping exists.
03-14 04:02:41.672 782 1952 E DisplayDeviceConfig: requesting nits when no mapping exists.
03-14 04:02:41.672 782 872 I am_wtf : [0,782,system_server,-1,DisplayDeviceConfig,requesting nits when no mapping exists.]
03-14 04:02:41.672 782 872 I am_wtf : [0,782,system_server,-1,DisplayDeviceConfig,requesting nits when no mapping exists.]
03-14 04:02:41.688 782 1952 E DisplayDeviceConfig: requesting nits when no mapping exists.
03-14 04:02:41.688 782 1952 E DisplayDeviceConfig: requesting nits when no mapping exists.
03-14 04:02:41.688 782 872 I am_wtf : [0,782,system_server,-1,DisplayDeviceConfig,requesting nits when no mapping exists.]
03-14 04:02:41.688 782 872 I am_wtf : [0,782,system_server,-1,DisplayDeviceConfig,requesting nits when no mapping exists.]
03-14 04:02:41.705 782 1952 E DisplayDeviceConfig: requesting nits when no mapping exists.
03-14 04:02:41.705 782 1952 E DisplayDeviceConfig: requesting nits when no mapping exists.
03-14 04:02:41.705 782 872 I am_wtf : [0,782,system_server,-1,DisplayDeviceConfig,requesting nits when no mapping exists.]
03-14 04:02:41.705 782 872 I am_wtf : [0,782,system_server,-1,DisplayDeviceConfig,requesting nits when no mapping exists.]
03-14 04:02:41.721 782 1952 E DisplayDeviceConfig: requesting nits when no mapping exists.
03-14 04:02:41.722 782 872 I am_wtf : [0,782,system_server,-1,DisplayDeviceConfig,requesting nits when no mapping exists.]
03-14 04:02:41.722 782 1952 E DisplayDeviceConfig: requesting nits when no mapping exists.
03-14 04:02:41.722 782 872 I am_wtf : [0,782,system_server,-1,DisplayDeviceConfig,requesting nits when no mapping exists.]
03-14 04:02:41.738 782 1952 E DisplayDeviceConfig: requesting nits when no mapping exists.
03-14 04:02:41.738 782 872 I am_wtf : [0,782,system_server,-1,DisplayDeviceConfig,requesting nits when no mapping exists.]
03-14 04:02:41.738 782 1952 E DisplayDeviceConfig: requesting nits when no mapping exists.
03-14 04:02:41.738 782 872 I am_wtf : [0,782,system_server,-1,DisplayDeviceConfig,requesting nits when no mapping exists.]
03-14 04:02:41.755 782 1952 E DisplayDeviceConfig: requesting nits when no mapping exists.
03-14 04:02:41.755 782 872 I am_wtf : [0,782,system_server,-1,DisplayDeviceConfig,requesting nits when no mapping exists.]
03-14 04:02:41.755 782 1952 E DisplayDeviceConfig: requesting nits when no mapping exists.
03-14 04:02:41.755 782 872 I am_wtf : [0,782,system_server,-1,DisplayDeviceConfig,requesting nits when no mapping exists.]
03-14 04:02:41.772 782 1952 E DisplayDeviceConfig: requesting nits when no mapping exists.
03-14 04:02:41.772 782 1952 E DisplayDeviceConfig: requesting nits when no mapping exists.
03-14 04:02:41.772 782 872 I am_wtf : [0,782,system_server,-1,DisplayDeviceConfig,requesting nits when no mapping exists.]
03-14 04:02:41.772 782 872 I am_wtf : [0,782,system_server,-1,DisplayDeviceConfig,requesting nits when no mapping exists.]
03-14 04:02:41.788 782 1952 E DisplayDeviceConfig: requesting nits when no mapping exists.
03-14 04:02:41.788 782 872 I am_wtf : [0,782,system_server,-1,DisplayDeviceConfig,requesting nits when no mapping exists.]
03-14 04:02:41.788 782 1952 E DisplayDeviceConfig: requesting nits when no mapping exists.
03-14 04:02:41.789 782 872 I am_wtf : [0,782,system_server,-1,DisplayDeviceConfig,requesting nits when no mapping exists.]
03-14 04:02:41.805 782 1952 E DisplayDeviceConfig: requesting nits when no mapping exists.
03-14 04:02:41.805 782 1952 E DisplayDeviceConfig: requesting nits when no mapping exists.
03-14 04:02:41.805 782 872 I am_wtf : [0,782,system_server,-1,DisplayDeviceConfig,requesting nits when no mapping exists.]
03-14 04:02:41.805 782 872 I am_wtf : [0,782,system_server,-1,DisplayDeviceConfig,requesting nits when no mapping exists.]
03-14 04:02:41.822 782 1952 E DisplayDeviceConfig: requesting nits when no mapping exists.
03-14 04:02:41.822 782 1952 E DisplayDeviceConfig: requesting nits when no mapping exists.
03-14 04:02:41.822 782 872 I am_wtf : [0,782,system_server,-1,DisplayDeviceConfig,requesting nits when no mapping exists.]
03-14 04:02:41.822 782 872 I am_wtf : [0,782,system_server,-1,DisplayDeviceConfig,requesting nits when no mapping exists.]
03-14 04:02:41.838 782 1952 E DisplayDeviceConfig: requesting nits when no mapping exists.
03-14 04:02:41.838 782 1952 E DisplayDeviceConfig: requesting nits when no mapping exists.
03-14 04:02:41.838 782 872 I am_wtf : [0,782,system_server,-1,DisplayDeviceConfig,requesting nits when no mapping exists.]
03-14 04:02:41.839 782 872 I am_wtf : [0,782,system_server,-1,DisplayDeviceConfig,requesting nits when no mapping exists.]
03-14 04:02:41.855 782 1952 E DisplayDeviceConfig: requesting nits when no mapping exists.
03-14 04:02:41.855 782 1952 E DisplayDeviceConfig: requesting nits when no mapping exists.
03-14 04:02:41.855 782 872 I am_wtf : [0,782,system_server,-1,DisplayDeviceConfig,requesting nits when no mapping exists.]
03-14 04:02:41.855 782 872 I am_wtf : [0,782,system_server,-1,DisplayDeviceConfig,requesting nits when no mapping exists.]
03-14 04:02:41.872 782 1952 E DisplayDeviceConfig: requesting nits when no mapping exists.
03-14 04:02:41.872 782 1952 E DisplayDeviceConfig: requesting nits when no mapping exists.
03-14 04:02:41.872 782 872 I am_wtf : [0,782,system_server,-1,DisplayDeviceConfig,requesting nits when no mapping exists.]
03-14 04:02:41.872 782 872 I am_wtf : [0,782,system_server,-1,DisplayDeviceConfig,requesting nits when no mapping exists.]
03-14 04:02:41.888 782 1952 E DisplayDeviceConfig: requesting nits when no mapping exists.
03-14 04:02:41.889 782 1952 E DisplayDeviceConfig: requesting nits when no mapping exists.
03-14 04:02:41.889 782 872 I am_wtf : [0,782,system_server,-1,DisplayDeviceConfig,requesting nits when no mapping exists.]
03-14 04:02:41.889 782 872 I am_wtf : [0,782,system_server,-1,DisplayDeviceConfig,requesting nits when no mapping exists.]
03-14 04:02:41.905 782 1952 E DisplayDeviceConfig: requesting nits when no mapping exists.
03-14 04:02:41.905 782 872 I am_wtf : [0,782,system_server,-1,DisplayDeviceConfig,requesting nits when no mapping exists.]
03-14 04:02:41.905 782 1952 E DisplayDeviceConfig: requesting nits when no mapping exists.
03-14 04:02:41.905 782 872 I am_wtf : [0,782,system_server,-1,DisplayDeviceConfig,requesting nits when no mapping exists.]
03-14 04:02:41.922 782 1952 E DisplayDeviceConfig: requesting nits when no mapping exists.
03-14 04:02:41.922 782 872 I am_wtf : [0,782,system_server,-1,DisplayDeviceConfig,requesting nits when no mapping exists.]
03-14 04:02:41.922 782 1952 E DisplayDeviceConfig: requesting nits when no mapping exists.
03-14 04:02:41.922 782 872 I am_wtf : [0,782,system_server,-1,DisplayDeviceConfig,requesting nits when no mapping exists.]
03-14 04:02:41.939 782 1952 E DisplayDeviceConfig: requesting nits when no mapping exists.
03-14 04:02:41.939 782 1952 E DisplayDeviceConfig: requesting nits when no mapping exists.
03-14 04:02:41.939 782 872 I am_wtf : [0,782,system_server,-1,DisplayDeviceConfig,requesting nits when no mapping exists.]
03-14 04:02:41.939 782 872 I am_wtf : [0,782,system_server,-1,DisplayDeviceConfig,requesting nits when no mapping exists.]
03-14 04:02:41.955 782 1952 E DisplayDeviceConfig: requesting nits when no mapping exists.
03-14 04:02:41.955 782 872 I am_wtf : [0,782,system_server,-1,DisplayDeviceConfig,requesting nits when no mapping exists.]
03-14 04:02:41.955 782 1952 E DisplayDeviceConfig: requesting nits when no mapping exists.
03-14 04:02:41.956 782 872 I am_wtf : [0,782,system_server,-1,DisplayDeviceConfig,requesting nits when no mapping exists.]
03-14 04:02:41.972 782 1952 E DisplayDeviceConfig: requesting nits when no mapping exists.
03-14 04:02:41.972 782 1952 E DisplayDeviceConfig: requesting nits when no mapping exists.
03-14 04:02:41.972 782 872 I am_wtf : [0,782,system_server,-1,DisplayDeviceConfig,requesting nits when no mapping exists.]
03-14 04:02:41.973 782 872 I am_wtf : [0,782,system_server,-1,DisplayDeviceConfig,requesting nits when no mapping exists.]
03-14 04:02:41.989 782 1952 E DisplayDeviceConfig: requesting nits when no mapping exists.
03-14 04:02:41.989 782 872 I am_wtf : [0,782,system_server,-1,DisplayDeviceConfig,requesting nits when no mapping exists.]
03-14 04:02:41.989 782 1952 E DisplayDeviceConfig: requesting nits when no mapping exists.
03-14 04:02:41.989 782 872 I am_wtf : [0,782,system_server,-1,DisplayDeviceConfig,requesting nits when no mapping exists.]
03-14 04:02:42.005 782 1952 E DisplayDeviceConfig: requesting nits when no mapping exists.
03-14 04:02:42.006 782 1952 E DisplayDeviceConfig: requesting nits when no mapping exists.
03-14 04:02:42.006 782 872 I am_wtf : [0,782,system_server,-1,DisplayDeviceConfig,requesting nits when no mapping exists.]
03-14 04:02:42.006 782 872 I am_wtf : [0,782,system_server,-1,DisplayDeviceConfig,requesting nits when no mapping exists.]
03-14 04:02:42.022 782 1952 E DisplayDeviceConfig: requesting nits when no mapping exists.
03-14 04:02:42.022 782 1952 E DisplayDeviceConfig: requesting nits when no mapping exists.
03-14 04:02:42.022 782 872 I am_wtf : [0,782,system_server,-1,DisplayDeviceConfig,requesting nits when no mapping exists.]
03-14 04:02:42.022 782 872 I am_wtf : [0,782,system_server,-1,DisplayDeviceConfig,requesting nits when no mapping exists.]
03-14 04:02:42.039 782 1952 E DisplayDeviceConfig: requesting nits when no mapping exists.
03-14 04:02:42.039 782 1952 E DisplayDeviceConfig: requesting nits when no mapping exists.
03-14 04:02:42.039 782 872 I am_wtf : [0,782,system_server,-1,DisplayDeviceConfig,requesting nits when no mapping exists.]
03-14 04:02:42.039 782 872 I am_wtf : [0,782,system_server,-1,DisplayDeviceConfig,requesting nits when no mapping exists.]
03-14 04:02:42.056 782 1952 E DisplayDeviceConfig: requesting nits when no mapping exists.
03-14 04:02:42.056 782 1952 E DisplayDeviceConfig: requesting nits when no mapping exists.
03-14 04:02:42.056 782 872 I am_wtf : [0,782,system_server,-1,DisplayDeviceConfig,requesting nits when no mapping exists.]
03-14 04:02:42.056 782 872 I am_wtf : [0,782,system_server,-1,DisplayDeviceConfig,requesting nits when no mapping exists.]
03-14 04:02:42.072 782 1952 E DisplayDeviceConfig: requesting nits when no mapping exists.
03-14 04:02:42.072 782 1952 E DisplayDeviceConfig: requesting nits when no mapping exists.
03-14 04:02:42.072 782 872 I am_wtf : [0,782,system_server,-1,DisplayDeviceConfig,requesting nits when no mapping exists.]
03-14 04:02:42.073 782 872 I am_wtf : [0,782,system_server,-1,DisplayDeviceConfig,requesting nits when no mapping exists.]
03-14 04:02:42.089 782 1952 E DisplayDeviceConfig: requesting nits when no mapping exists.
03-14 04:02:42.089 782 872 I am_wtf : [0,782,system_server,-1,DisplayDeviceConfig,requesting nits when no mapping exists.]
03-14 04:02:42.089 782 1952 E DisplayDeviceConfig: requesting nits when no mapping exists.
03-14 04:02:42.089 782 872 I am_wtf : [0,782,system_server,-1,DisplayDeviceConfig,requesting nits when no mapping exists.]
03-14 04:02:42.106 782 1952 E DisplayDeviceConfig: requesting nits when no mapping exists.
03-14 04:02:42.106 782 1952 E DisplayDeviceConfig: requesting nits when no mapping exists.
03-14 04:02:42.106 782 872 I am_wtf : [0,782,system_server,-1,DisplayDeviceConfig,requesting nits when no mapping exists.]
03-14 04:02:42.106 782 872 I am_wtf : [0,782,system_server,-1,DisplayDeviceConfig,requesting nits when no mapping exists.]
03-14 04:02:42.122 782 1952 E DisplayDeviceConfig: requesting nits when no mapping exists.
03-14 04:02:42.122 782 872 I am_wtf : [0,782,system_server,-1,DisplayDeviceConfig,requesting nits when no mapping exists.]
03-14 04:02:42.122 782 1952 E DisplayDeviceConfig: requesting nits when no mapping exists.
03-14 04:02:42.123 782 872 I am_wtf : [0,782,system_server,-1,DisplayDeviceConfig,requesting nits when no mapping exists.]
03-14 04:02:42.139 782 1952 E DisplayDeviceConfig: requesting nits when no mapping exists.
03-14 04:02:42.140 782 1952 E DisplayDeviceConfig: requesting nits when no mapping exists.
03-14 04:02:42.140 782 872 I am_wtf : [0,782,system_server,-1,DisplayDeviceConfig,requesting nits when no mapping exists.]
03-14 04:02:42.140 782 872 I am_wtf : [0,782,system_server,-1,DisplayDeviceConfig,requesting nits when no mapping exists.]
03-14 04:02:42.156 782 1952 E DisplayDeviceConfig: requesting nits when no mapping exists.
03-14 04:02:42.156 782 1952 E DisplayDeviceConfig: requesting nits when no mapping exists.
03-14 04:02:42.156 782 872 I am_wtf : [0,782,system_server,-1,DisplayDeviceConfig,requesting nits when no mapping exists.]
03-14 04:02:42.157 782 872 I am_wtf : [0,782,system_server,-1,DisplayDeviceConfig,requesting nits when no mapping exists.]
03-14 04:02:42.173 782 1952 E DisplayDeviceConfig: requesting nits when no mapping exists.
03-14 04:02:42.173 782 1952 E DisplayDeviceConfig: requesting nits when no mapping exists.
03-14 04:02:42.174 782 872 I am_wtf : [0,782,system_server,-1,DisplayDeviceConfig,requesting nits when no mapping exists.]
03-14 04:02:42.174 782 872 I am_wtf : [0,782,system_server,-1,DisplayDeviceConfig,requesting nits when no mapping exists.]
03-14 04:02:42.189 782 1952 E DisplayDeviceConfig: requesting nits when no mapping exists.
03-14 04:02:42.190 782 872 I am_wtf : [0,782,system_server,-1,DisplayDeviceConfig,requesting nits when no mapping exists.]
03-14 04:02:42.190 782 1952 E DisplayDeviceConfig: requesting nits when no mapping exists.
03-14 04:02:42.190 782 872 I am_wtf : [0,782,system_server,-1,DisplayDeviceConfig,requesting nits when no mapping exists.]
03-14 04:02:42.206 782 1952 E DisplayDeviceConfig: requesting nits when no mapping exists.
03-14 04:02:42.206 782 1952 E DisplayDeviceConfig: requesting nits when no mapping exists.
03-14 04:02:42.206 782 872 I am_wtf : [0,782,system_server,-1,DisplayDeviceConfig,requesting nits when no mapping exists.]
03-14 04:02:42.206 782 872 I am_wtf : [0,782,system_server,-1,DisplayDeviceConfig,requesting nits when no mapping exists.]
03-14 04:02:42.223 782 1952 E DisplayDeviceConfig: requesting nits when no mapping exists.
03-14 04:02:42.223 782 1952 E DisplayDeviceConfig: requesting nits when no mapping exists.
03-14 04:02:42.223 782 872 I am_wtf : [0,782,system_server,-1,DisplayDeviceConfig,requesting nits when no mapping exists.]
