03-14 04:10:04.677 782 2190 W FreeFormWindowHelper: Current Display FreeFormTask is Task{9b477a #121 type=standard A=10065:com.android.gallery3d U=0 visible=true mode=freeform translucent=false sz=1}
03-14 04:10:04.678 782 2190 W FreeFormWindowHelper: Current Display FreeFormTask is Task{9b477a #121 type=standard A=10065:com.android.gallery3d U=0 visible=true mode=freeform translucent=false sz=1}
03-14 04:10:04.689 782 796 W FreeFormWindowHelper: Current Display FreeFormTask is Task{9b477a #121 type=standard A=10065:com.android.gallery3d U=0 visible=true mode=freeform translucent=false sz=1}
03-14 04:10:04.692 782 4406 W FreeFormWindowHelper: Current Display FreeFormTask is Task{9b477a #121 type=standard A=10065:com.android.gallery3d U=0 visible=true mode=freeform translucent=false sz=1}
03-14 04:10:04.693 782 4406 W FreeFormWindowHelper: Current Display FreeFormTask is Task{9b477a #121 type=standard A=10065:com.android.gallery3d U=0 visible=true mode=freeform translucent=false sz=1}
03-14 04:10:04.714 782 4406 W FreeFormWindowHelper: Current Display FreeFormTask is Task{9b477a #121 type=standard A=10065:com.android.gallery3d U=0 visible=true mode=freeform translucent=false sz=1}
03-14 04:10:04.716 782 4406 W FreeFormWindowHelper: Current Display FreeFormTask is Task{9b477a #121 type=standard A=10065:com.android.gallery3d U=0 visible=true mode=freeform translucent=false sz=1}
03-14 04:10:04.719 782 4406 W FreeFormWindowHelper: Current Display FreeFormTask is Task{9b477a #121 type=standard A=10065:com.android.gallery3d U=0 visible=true mode=freeform translucent=false sz=1}
03-14 04:10:04.723 782 2190 W FreeFormWindowHelper: Current Display FreeFormTask is Task{9b477a #121 type=standard A=10065:com.android.gallery3d U=0 visible=true mode=freeform translucent=false sz=1}
03-14 04:10:04.724 782 2190 W FreeFormWindowHelper: Current Display FreeFormTask is Task{9b477a #121 type=standard A=10065:com.android.gallery3d U=0 visible=true mode=freeform translucent=false sz=1}
03-14 04:10:04.724 782 2190 W FreeFormWindowHelper: Current Display FreeFormTask is Task{9b477a #121 type=standard A=10065:com.android.gallery3d U=0 visible=true mode=freeform translucent=false sz=1}
03-14 04:10:04.744 782 2144 W FreeFormWindowHelper: Current Display FreeFormTask is Task{9b477a #121 type=standard A=10065:com.android.gallery3d U=0 visible=true mode=freeform translucent=false sz=1}
03-14 04:10:04.746 782 2190 W FreeFormWindowHelper: Current Display FreeFormTask is Task{9b477a #121 type=standard A=10065:com.android.gallery3d U=0 visible=true mode=freeform translucent=false sz=1}
03-14 04:10:04.747 782 2190 W FreeFormWindowHelper: Current Display FreeFormTask is Task{9b477a #121 type=standard A=10065:com.android.gallery3d U=0 visible=true mode=freeform translucent=false sz=1}
03-14 04:10:04.765 782 2144 W FreeFormWindowHelper: Current Display FreeFormTask is Task{9b477a #121 type=standard A=10065:com.android.gallery3d U=0 visible=true mode=freeform translucent=false sz=1}
03-14 04:10:04.767 782 2144 W FreeFormWindowHelper: Current Display FreeFormTask is Task{9b477a #121 type=standard A=10065:com.android.gallery3d U=0 visible=true mode=freeform translucent=false sz=1}
03-14 04:10:04.768 782 2144 W FreeFormWindowHelper: Current Display FreeFormTask is Task{9b477a #121 type=standard A=10065:com.android.gallery3d U=0 visible=true mode=freeform translucent=false sz=1}
03-14 04:10:04.783 782 2144 W FreeFormWindowHelper: Current Display FreeFormTask is Task{9b477a #121 type=standard A=10065:com.android.gallery3d U=0 visible=true mode=freeform translucent=false sz=1}
03-14 04:10:04.786 782 2144 W FreeFormWindowHelper: Current Display FreeFormTask is Task{9b477a #121 type=standard A=10065:com.android.gallery3d U=0 visible=true mode=freeform translucent=false sz=1}
03-14 04:10:04.786 782 2144 W FreeFormWindowHelper: Current Display FreeFormTask is Task{9b477a #121 type=standard A=10065:com.android.gallery3d U=0 visible=true mode=freeform translucent=false sz=1}
03-14 04:10:04.788 650 662 I mpu_uart: [MSG-P:R]:recv sync frame timeout
03-14 04:10:04.788 2965 2965 W hpplay-java: [main]:IPManager:getActiveNets invalid networkInfo:null
03-14 04:10:04.788 2965 2965 I hpplay-java: [main]:IPManager:getActiveNets eth0:false wifi:false mobile:false ap:false
03-14 04:10:04.788 2965 2965 I hpplay-java: [main]:ServerTaskManager:get local ip:null
03-14 04:10:04.789 782 1331 I commit_sys_config_file: [settings-1-0,14]
03-14 04:10:04.802 782 2144 W FreeFormWindowHelper: Current Display FreeFormTask is Task{9b477a #121 type=standard A=10065:com.android.gallery3d U=0 visible=true mode=freeform translucent=false sz=1}
03-14 04:10:04.805 782 2190 W FreeFormWindowHelper: Current Display FreeFormTask is Task{9b477a #121 type=standard A=10065:com.android.gallery3d U=0 visible=true mode=freeform translucent=false sz=1}
03-14 04:10:04.807 782 2190 W FreeFormWindowHelper: Current Display FreeFormTask is Task{9b477a #121 type=standard A=10065:com.android.gallery3d U=0 visible=true mode=freeform translucent=false sz=1}
03-14 04:10:04.815 782 2144 W FreeFormWindowHelper: Current Display FreeFormTask is Task{9b477a #121 type=standard A=10065:com.android.gallery3d U=0 visible=true mode=freeform translucent=false sz=1}
03-14 04:10:04.817 782 796 W FreeFormWindowHelper: Current Display FreeFormTask is Task{9b477a #121 type=standard A=10065:com.android.gallery3d U=0 visible=true mode=freeform translucent=false sz=1}
03-14 04:10:04.818 782 796 W FreeFormWindowHelper: Current Display FreeFormTask is Task{9b477a #121 type=standard A=10065:com.android.gallery3d U=0 visible=true mode=freeform translucent=false sz=1}
03-14 04:10:04.830 782 796 W FreeFormWindowHelper: Current Display FreeFormTask is Task{9b477a #121 type=standard A=10065:com.android.gallery3d U=0 visible=true mode=freeform translucent=false sz=1}
03-14 04:10:04.832 782 2190 W FreeFormWindowHelper: Current Display FreeFormTask is Task{9b477a #121 type=standard A=10065:com.android.gallery3d U=0 visible=true mode=freeform translucent=false sz=1}
03-14 04:10:04.833 782 2190 W FreeFormWindowHelper: Current Display FreeFormTask is Task{9b477a #121 type=standard A=10065:com.android.gallery3d U=0 visible=true mode=freeform translucent=false sz=1}
03-14 04:10:04.846 782 2190 W FreeFormWindowHelper: Current Display FreeFormTask is Task{9b477a #121 type=standard A=10065:com.android.gallery3d U=0 visible=true mode=freeform translucent=false sz=1}
03-14 04:10:04.848 782 2190 W FreeFormWindowHelper: Current Display FreeFormTask is Task{9b477a #121 type=standard A=10065:com.android.gallery3d U=0 visible=true mode=freeform translucent=false sz=1}
03-14 04:10:04.849 782 2190 W FreeFormWindowHelper: Current Display FreeFormTask is Task{9b477a #121 type=standard A=10065:com.android.gallery3d U=0 visible=true mode=freeform translucent=false sz=1}
03-14 04:10:04.862 782 2144 W FreeFormWindowHelper: Current Display FreeFormTask is Task{9b477a #121 type=standard A=10065:com.android.gallery3d U=0 visible=true mode=freeform translucent=false sz=1}
03-14 04:10:04.863 782 2144 W FreeFormWindowHelper: Current Display FreeFormTask is Task{9b477a #121 type=standard A=10065:com.android.gallery3d U=0 visible=true mode=freeform translucent=false sz=1}
03-14 04:10:04.864 782 2144 W FreeFormWindowHelper: Current Display FreeFormTask is Task{9b477a #121 type=standard A=10065:com.android.gallery3d U=0 visible=true mode=freeform translucent=false sz=1}
03-14 04:10:04.877 782 2190 W FreeFormWindowHelper: Current Display FreeFormTask is Task{9b477a #121 type=standard A=10065:com.android.gallery3d U=0 visible=true mode=freeform translucent=false sz=1}
03-14 04:10:04.878 1357 4514 I OMX-VENC: venc_dev: stats: avg. fps 41.61, bitrate 1522319
03-14 04:10:04.879 782 2144 W FreeFormWindowHelper: Current Display FreeFormTask is Task{9b477a #121 type=standard A=10065:com.android.gallery3d U=0 visible=true mode=freeform translucent=false sz=1}
03-14 04:10:04.879 782 2144 W FreeFormWindowHelper: Current Display FreeFormTask is Task{9b477a #121 type=standard A=10065:com.android.gallery3d U=0 visible=true mode=freeform translucent=false sz=1}
03-14 04:10:04.897 782 2190 W FreeFormWindowHelper: Current Display FreeFormTask is Task{9b477a #121 type=standard A=10065:com.android.gallery3d U=0 visible=true mode=freeform translucent=false sz=1}
03-14 04:10:04.898 4407 4407 D StateManager: goToState: Overview
03-14 04:10:04.899 4407 4407 D FreeWindowHelper: enterOrExitRecentTasks: isEnterRecentTasks=true,mExitFlag=0
03-14 04:10:04.899 782 2190 I wm_finish_activity: [0,71355179,121,com.android.gallery3d/.app.GalleryActivity,app-request]
03-14 04:10:04.900 782 2190 I wm_task_moved: [1,1,6]
03-14 04:10:04.903 782 2190 I wm_set_resumed_activity: [0,com.android.launcher3/.uioverrides.QuickstepLauncher,positionChildAt]
03-14 04:10:04.903 782 2190 I wm_task_moved: [102,1,2147483647]
03-14 04:10:04.903 782 2190 I wm_task_to_front: [0,102]
03-14 04:10:04.903 4293 4293 I wm_on_top_resumed_lost_called: [71355179,com.android.gallery3d.app.GalleryActivity,topStateChangedWhenResumed]
03-14 04:10:04.903 782 2190 I wm_focused_root_task: [0,0,1,-1,finish-top adjustFocusToNextFocusableTask]
03-14 04:10:04.903 782 2190 I wm_set_resumed_activity: [0,com.android.launcher3/.uioverrides.QuickstepLauncher,finish-top]
03-14 04:10:04.911 782 2190 D ActivityTrigger: ActivityTrigger activityPauseTrigger
03-14 04:10:04.912 782 2190 I wm_pause_activity: [0,71355179,com.android.gallery3d/.app.GalleryActivity,userLeaving=false,finish]
03-14 04:10:04.918 782 826 I input_focus: [Focus request e892cf3 com.android.launcher3/com.android.launcher3.uioverrides.QuickstepLauncher,reason=UpdateInputWindows]
03-14 04:10:04.919 4293 4293 W OrientationEventListener: Cannot detect sensors. Invalid disable
03-14 04:10:04.925 782 2144 W FreeFormWindowHelper: Current Display FreeFormTask is Task{9b477a #121 type=standard A=10065:com.android.gallery3d U=0 visible=false mode=freeform translucent=true sz=1}
03-14 04:10:04.927 782 2144 W FreeFormWindowHelper: Current Display FreeFormTask is Task{9b477a #121 type=standard A=10065:com.android.gallery3d U=0 visible=false mode=freeform translucent=true sz=1}
03-14 04:10:04.929 4293 4293 I wm_on_paused_called: [71355179,com.android.gallery3d.app.GalleryActivity,performPause]
03-14 04:10:04.929 4407 4407 D FreeWindowContainer: reloadTask: TaskInfo{userId=0 taskId=121 displayId=0 isRunning=false baseIntent=Intent { act=android.intent.action.MAIN cat=[android.intent.category.LAUNCHER] flg=0x10200000 cmp=com.android.gallery3d/.app.GalleryActivity } baseActivity=null topActivity=null origActivity=null realActivity=ComponentInfo{com.android.gallery3d/com.android.gallery3d.app.GalleryActivity} numActivities=0 lastActiveTime=1175804 supportsSplitScreenMultiWindow=true supportsMultiWindow=true resizeMode=1 isResizeable=true token=WCT{android.window.IWindowContainerToken$Stub$Proxy@5d0f613} topActivityType=1 pictureInPictureParams=null displayCutoutSafeInsets=null topActivityInfo=null launchCookies=[] positionInParent=Point(22, 74) parentTaskId=-1 isFocused=false isVisible=true topActivityInSizeCompat=false locusId= null}
03-14 04:10:04.930 782 4406 I ActivityTaskManager: FOREGROUND_APPLICATION_CHANGED to com.android.launcher3.uioverrides.QuickstepLauncher
03-14 04:10:04.930 782 4406 I wm_destroy_activity: [0,71355179,121,com.android.gallery3d/.app.GalleryActivity,finish-imm:completePausedLocked]
03-14 04:10:04.933 782 2190 W FreeFormWindowHelper: Current Display FreeFormTask is Task{9b477a #121 type=standard A=10065:com.android.gallery3d U=0 visible=false mode=freeform translucent=true sz=1}
03-14 04:10:04.938 4407 4407 V GameTypeUtils: judge isGame:com.android.gallery3d
03-14 04:10:04.938 4407 4407 V GameTypeUtils: judge isGame:com.android.music
03-14 04:10:04.938 4407 4407 V GameTypeUtils: judge isGame:com.android.music
03-14 04:10:04.939 4407 4407 V GameTypeUtils: judge isGame:com.microsoft.emmx
03-14 04:10:04.939 4407 4407 V GameTypeUtils: judge isGame:com.android.documentsui
03-14 04:10:04.939 4407 4407 V GameTypeUtils: judge isGame:com.sohu.inputmethod.sogou.car
03-14 04:10:04.940 1089 1089 I BpBinder: onLastStrongRef automatically unlinking death recipients:
03-14 04:10:04.940 4407 4407 V GameTypeUtils: judge isGame:com.huawei.appmarket
03-14 04:10:04.940 4407 4407 V GameTypeUtils: judge isGame:com.qiyi.video
03-14 04:10:04.940 4407 4407 V GameTypeUtils: judge isGame:com.sohu.sohuvideo
03-14 04:10:04.941 782 1605 I input_focus: [Focus leaving 424565d com.android.gallery3d/com.android.gallery3d.app.GalleryActivity (server),reason=NO_WINDOW]
03-14 04:10:04.941 782 1605 I input_focus: [Focus entering e892cf3 com.android.launcher3/com.android.launcher3.uioverrides.QuickstepLauncher (server),reason=setFocusedWindow]
03-14 04:10:04.943 650 663 I mpu_uart: [MSG-P:RECV]:No message received in 1000 ms
03-14 04:10:04.944 782 825 I sysui_multi_action: [757,803,799,window_time_2,802,3]
03-14 04:10:04.947 4407 4407 D EditModeHelper: setHotseatVisibility: 0
03-14 04:10:04.949 4293 4293 I wm_on_stop_called: [71355179,com.android.gallery3d.app.GalleryActivity,LIFECYCLER_STOP_ACTIVITY]
03-14 04:10:04.949 4293 4293 V StateManager: destroy
03-14 04:10:04.950 782 797 W FreeFormWindowHelper: Current Display FreeFormTask is Task{9b477a #121 type=standard A=10065:com.android.gallery3d U=0 visible=false mode=freeform translucent=true sz=1}
03-14 04:10:04.952 4293 4293 I wm_on_destroy_called: [71355179,com.android.gallery3d.app.GalleryActivity,performDestroy]
03-14 04:10:04.953 782 4406 W FreeFormWindowHelper: Current Display FreeFormTask is Task{9b477a #121 type=standard A=10065:com.android.gallery3d U=0 visible=false mode=freeform translucent=true sz=1}
03-14 04:10:04.953 782 4406 W FreeFormWindowHelper: Current Display FreeFormTask is Task{9b477a #121 type=standard A=10065:com.android.gallery3d U=0 visible=false mode=freeform translucent=true sz=1}
03-14 04:10:04.956 4407 4407 I wm_on_top_resumed_gained_called: [174418215,com.android.launcher3.uioverrides.QuickstepLauncher,topStateChangedWhenResumed]
03-14 04:10:04.956 782 4406 W InputManager-JNI: Input channel object '424565d com.android.gallery3d/com.android.gallery3d.app.GalleryActivity (client)' was disposed without first being removed with the input manager!
03-14 04:10:04.977 2006 2039 W System : A resource failed to call release.
03-14 04:10:04.977 2006 2039 W System : A resource failed to call close.
03-14 04:10:04.978 2006 2039 W System : A resource failed to call release.
03-14 04:10:04.978 2006 2039 W System : A resource failed to call close.
03-14 04:10:04.978 2006 2039 W System : A resource failed to call release.
03-14 04:10:04.978 2006 2039 W System : A resource failed to call close.
03-14 04:10:04.978 2006 2039 W System : A resource failed to call close.
03-14 04:10:04.978 2006 2039 W System : A resource failed to call close.
03-14 04:10:04.978 2006 2039 W System : A resource failed to call release.
03-14 04:10:04.979 2006 2039 W System : A resource failed to call close.
03-14 04:10:04.979 2006 2039 W System : A resource failed to call release.
03-14 04:10:05.033 782 2173 W FreeFormWindowHelper: Current Display FreeFormTask is Task{9b477a #121 type=standard A=10065:com.android.gallery3d U=0 visible=false mode=freeform translucent=true sz=1}
03-14 04:10:05.128 782 1605 I input_interaction: Interaction with: e892cf3 com.android.launcher3/com.android.launcher3.uioverrides.QuickstepLauncher (server), d04e39a com.android.systemui.ImageWallpaper (server), edge-swipe (server), swipe-up (server), PointerEventDispatcher0 (server),
03-14 04:10:05.224 782 826 I wm_task_removed: [121,removeChild:removeChild last r=ActivityRecord{440cb2b u0 com.android.gallery3d/.app.GalleryActivity t-1 f}} in t=Task{9b477a #121 type=standard A=10065:com.android.gallery3d U=0 visible=false mode=freeform translucent=true sz=0}]
03-14 04:10:05.224 782 826 I wm_task_removed: [121,removeChild]
03-14 04:10:05.224 782 826 D FreeFormWindowHelper: Remove freefrom task=Task{9b477a #121 type=standard A=10065:com.android.gallery3d U=0 visible=false mode=freeform translucent=true sz=0}
03-14 04:10:05.240 782 797 W FreeFormWindowHelper: Current Display FreeFormTask is TaskInfo{userId=0 taskId=121 displayId=0 isRunning=true baseIntent=Intent { act=android.intent.action.MAIN cat=[android.intent.category.LAUNCHER] flg=0x10200000 cmp=com.android.gallery3d/.app.GalleryActivity } baseActivity=ComponentInfo{com.android.gallery3d/com.android.gallery3d.app.GalleryActivity} topActivity=ComponentInfo{com.android.gallery3d/com.android.gallery3d.app.GalleryActivity} origActivity=null realActivity=ComponentInfo{com.android.gallery3d/com.android.gallery3d.app.GalleryActivity} numActivities=1 lastActiveTime=1175462 supportsSplitScreenMultiWindow=true supportsMultiWindow=true resizeMode=1 isResizeable=true token=WCT{RemoteToken{2c7a38f Task{9b477a #121 type=standard A=10065:com.android.gallery3d U=0 visible=false mode=freeform translucent=true sz=0}}} topActivityType=1 pictureInPictureParams=PictureInPictureParams( aspectRatio=null sourceRectHint=null hasSetActions=false isAutoPipEnabled=false isSeamlessResizeEnabled=true) displayCutoutSafeInsets=null topActivityInfo=ActivityInfo{270661c com.android.gallery3d.app.GalleryActivity} launchCookies=[] positionInParent=Point(22, 74) parentTaskId=-1 isFocused=true isVisible=true topActivityInSizeCompat=false locusId= null}
01-01 08:19:38.791 0 0 E DTC_ETH,link_delay_work_func: 3003, SQI=0, link=0
03-14 04:10:05.561 4407 4407 D FreeWindowContainer: removeTaskInternal:
03-14 04:10:05.563 4407 4407 D FreeWindowHelper: setExitFlag: old=0,new=2
03-14 04:10:05.567 782 4406 W FreeFormWindowHelper: Current Display FreeFormTask is null
03-14 04:10:05.657 782 4406 W ActivityTaskManager: Request to remove task ignored for non-existent task 121
03-14 04:10:05.661 782 4406 W ActivityTaskManager: removeTask: No task remove with id=121
03-14 04:10:05.790 2965 2965 W hpplay-java: [main]:IPManager:getActiveNets invalid networkInfo:null
03-14 04:10:05.790 2965 2965 I hpplay-java: [main]:IPManager:getActiveNets eth0:false wifi:false mobile:false ap:false
03-14 04:10:05.790 2965 2965 I hpplay-java: [main]:ServerTaskManager:get local ip:null
03-14 04:10:05.920 1357 4514 I OMX-VENC: venc_dev: stats: avg. fps 34.54, bitrate 1025942
03-14 04:10:05.943 650 663 I mpu_uart: [MSG-P:RECV]:No message received in 1000 ms
03-14 04:10:06.602 4407 4407 D FreeWindowHelper: setExitFlag: old=2,new=1
03-14 04:10:06.603 782 4406 I thunderperf: Maybe need boostperf for current app!
03-14 04:10:06.603 2118 4285 D FgBoostPerfService: [FgBoostPerfService.perfBoostAcq]start: stat=true pkgName=com.android.music
03-14 04:10:06.603 2118 4285 I FgBoostPerfService: [FgBoostPerfService.perfBoostAcq] not game-mode or game app!
03-14 04:10:06.604 782 4406 I ThunderPerfManager: PerfAcq error : state=true pkgName=com.android.music
03-14 04:10:06.604 2118 4285 I FgBoostPerfService: [GetGpuMode] isMode=0 isGame=false mGpuMode=0
03-14 04:10:06.605 2118 4285 I FgBoostPerfService: [GetGpuDpiType] isMode=0 isGame=false mGpuDpiType=0
03-14 04:10:06.605 2118 4285 I FgBoostPerfService: [GetGpuDpiType] isMode=0 isGame=false mGpuStandardValue=0
03-14 04:10:06.606 782 4406 I thunderperf: Current app pkgName=com.android.music bm:com.thundercomm.perf.BoostPerfManager@eafbcab gpuMode=-1 gpuType=-1 gpuStandardVal=-1
03-14 04:10:06.606 782 4406 I ThunderBoostPerfService: Resolution: Uid=10074 Pid=4407 gMode=-1 dType=-1 gpuStandardVal=-1
03-14 04:10:06.606 782 4406 I thunderperf: PlatormCompat.setOverrides: Uid1=10074 Pid1=4407 Uid2=10074 Pid2=4407
03-14 04:10:06.606 782 4406 I thunderperf: PlatormCompat.setOverrides: needCheck:false
03-14 04:10:06.606 782 4406 I thunderperf: CompatConfig.addOverrideUnsafe: bef-state=0
03-14 04:10:06.606 782 4406 I thunderperf: CompatConfig.addOverrideUnsafe: aft-state=0
03-14 04:10:06.607 782 4406 I thunderperf: CompatConfig.addOverrideUnsafe: bef-state=0
03-14 04:10:06.607 782 4406 I thunderperf: CompatConfig.addOverrideUnsafe: aft-state=0
03-14 04:10:06.608 782 4406 I thunderperf: CompatConfig.addOverrideUnsafe: bef-state=0
03-14 04:10:06.608 782 4406 I thunderperf: CompatConfig.addOverrideUnsafe: aft-state=0
03-14 04:10:06.608 782 4406 I thunderperf: CompatConfig.addOverrideUnsafe: bef-state=0
03-14 04:10:06.608 782 4406 I thunderperf: CompatConfig.addOverrideUnsafe: aft-state=0
03-14 04:10:06.609 782 4406 I thunderperf: CompatConfig.addOverrideUnsafe: bef-state=0
03-14 04:10:06.609 782 4406 I thunderperf: CompatConfig.addOverrideUnsafe: aft-state=0
03-14 04:10:06.609 782 4406 I thunderperf: CompatConfig.addOverrideUnsafe: bef-state=0
03-14 04:10:06.609 782 4406 I thunderperf: CompatConfig.addOverrideUnsafe: aft-state=0
03-14 04:10:06.610 782 4406 I thunderperf: CompatConfig.addOverrideUnsafe: bef-state=0
03-14 04:10:06.610 782 4406 I thunderperf: CompatConfig.addOverrideUnsafe: aft-state=0
03-14 04:10:06.610 782 4406 I thunderperf: CompatConfig.addOverrideUnsafe: bef-state=0
03-14 04:10:06.610 782 4406 I thunderperf: CompatConfig.addOverrideUnsafe: aft-state=0
03-14 04:10:06.611 782 4406 I thunderperf: CompatConfig.addOverrideUnsafe: bef-state=0
03-14 04:10:06.611 782 4406 I thunderperf: CompatConfig.addOverrideUnsafe: aft-state=0
03-14 04:10:06.612 782 4406 I thunderperf: CompatConfig.addOverrideUnsafe: bef-state=0
03-14 04:10:06.612 782 4406 I thunderperf: CompatConfig.addOverrideUnsafe: aft-state=0
03-14 04:10:06.612 782 4406 I thunderperf: CompatConfig.addOverrideUnsafe: bef-state=0
03-14 04:10:06.612 782 4406 I thunderperf: CompatConfig.addOverrideUnsafe: aft-state=0
03-14 04:10:06.612 782 4406 I thunderperf: CompatConfig.addOverrideUnsafe: bef-state=0
03-14 04:10:06.613 782 4406 I thunderperf: CompatConfig.addOverrideUnsafe: aft-state=0
03-14 04:10:06.613 782 4406 I thunderperf: CompatConfig.addOverrideUnsafe: bef-state=0
03-14 04:10:06.613 782 4406 I thunderperf: CompatConfig.addOverrideUnsafe: aft-state=0
03-14 04:10:06.613 782 4406 I thunderperf: CompatConfig.addOverrideUnsafe: bef-state=0
03-14 04:10:06.613 782 4406 I thunderperf: CompatConfig.addOverrideUnsafe: aft-state=0
03-14 04:10:06.617 782 4406 I ThunderBoostPerfService: Disable downscaling com.android.music to 2380x1020
03-14 04:10:06.618 782 4406 I ActivityTaskManager: START u0 {act=android.intent.action.MAIN cat=[android.intent.category.LAUNCHER] flg=0x10200000 cmp=com.android.music/.VideoBrowserActivity} from uid 10074
03-14 04:10:06.618 782 825 I EventSequenceValidator: inc AccIntentStartedEvents to 2
03-14 04:10:06.621 782 4406 E ANDR-PERF-JNI: com_qualcomm_qtiperformance_native_perf_io_prefetch_start
03-14 04:10:06.622 782 4406 I wm_task_created: [123,-1]
03-14 04:10:06.622 782 4406 W ActivityTaskManager: Can't find TaskDisplayArea to determine support for multi window. Task id=123 attached=false
03-14 04:10:06.622 782 4406 D FreeFormWindowHelper: Add freeform task=Task{ac6cba1 #123 type=standard ?? U=0 visible=false mode=freeform translucent=true sz=0}
03-14 04:10:06.623 924 3309 E ANDR-IOP: io prefetch is disabled
03-14 04:10:06.624 782 4406 I wm_task_moved: [123,1,6]
03-14 04:10:06.624 782 4406 I wm_task_to_front: [0,123]
03-14 04:10:06.624 782 4406 I wm_create_task: [0,123]
03-14 04:10:06.624 782 4406 I wm_create_activity: [0,137753030,123,com.android.music/.VideoBrowserActivity,android.intent.action.MAIN,NULL,NULL,270532608]
03-14 04:10:06.624 782 4406 I wm_task_moved: [123,1,6]
03-14 04:10:06.625 782 4406 D CompatibilityInfo: mCompatibilityFlags - 4
03-14 04:10:06.625 782 4406 D CompatibilityInfo: applicationDensity - 240
03-14 04:10:06.625 782 4406 D CompatibilityInfo: applicationScale - 1.0
03-14 04:10:06.625 782 4406 I ActivityTaskManager: FOREGROUND_APPLICATION_CHANGED to com.android.music.VideoBrowserActivity
03-14 04:10:06.625 782 4406 I ActivityTaskManager: The Process com.android.music Already Exists in BG. So sending its PID: 3694
03-14 04:10:06.625 782 4406 W ActivityTaskManager: Tried to set launchTime (0) < mLastActivityLaunchTime (139874)
03-14 04:10:06.626 782 4406 I wm_restart_activity: [0,137753030,123,com.android.music/.VideoBrowserActivity]
03-14 04:10:06.626 782 4406 D CompatibilityInfo: mCompatibilityFlags - 4
03-14 04:10:06.626 782 4406 D CompatibilityInfo: applicationDensity - 240
03-14 04:10:06.626 782 4406 D CompatibilityInfo: applicationScale - 1.0
03-14 04:10:06.626 782 4406 I wm_set_resumed_activity: [0,com.android.music/.VideoBrowserActivity,minimalResumeActivityLocked]
03-14 04:10:06.628 782 825 I am_uid_active: 10086
03-14 04:10:06.628 4407 4407 D StateManager: goToState: Normal
03-14 04:10:06.628 4407 4407 D EditModeHelper: setHotseatVisibility: 0
03-14 04:10:06.629 4407 4407 I wm_on_top_resumed_lost_called: [174418215,com.android.launcher3.uioverrides.QuickstepLauncher,topStateChangedWhenResumed]
03-14 04:10:06.642 3694 3694 I wm_on_create_called: [137753030,com.android.music.VideoBrowserActivity,performCreate]
03-14 04:10:06.642 4407 4407 D FreeWindowHelper: enterOrExitRecentTasks: isEnterRecentTasks=false,mExitFlag=1
03-14 04:10:06.642 782 2190 W FreeFormWindowHelper: exitRecentTasks type=1
03-14 04:10:06.642 3694 3694 I wm_on_start_called: [137753030,com.android.music.VideoBrowserActivity,handleStartActivity]
03-14 04:10:06.643 3694 3694 I wm_on_resume_called: [137753030,com.android.music.VideoBrowserActivity,RESUME_ACTIVITY]
03-14 04:10:06.644 3694 3694 I wm_on_top_resumed_gained_called: [137753030,com.android.music.VideoBrowserActivity,topStateChangedWhenResumed]
03-14 04:10:06.645 782 4406 W WindowManager: updateScale : 0.79357797
03-14 04:10:06.646 1089 1089 I BpBinder: onLastStrongRef automatically unlinking death recipients:
03-14 04:10:06.647 782 826 I input_focus: [Focus request e0ae323 com.android.music/com.android.music.VideoBrowserActivity,reason=UpdateInputWindows]
03-14 04:10:06.650 782 826 W WindowManager: updateScale : 0.79357797
03-14 04:10:06.651 782 826 W WindowManager: updateScale : 0.79357797
03-14 04:10:06.652 782 826 W WindowManager: updateScale : 0.79357797
03-14 04:10:06.652 782 825 I EventSequenceValidator: dec AccIntentStartedEvents to 1
03-14 04:10:06.652 782 822 I sysui_multi_action: [319,33,322,33,325,1177,757,761,758,8,759,2,806,com.android.music,871,com.android.music.VideoBrowserActivity,904,com.android.launcher3,905,0,1320,4,1321,1]
03-14 04:10:06.653 782 822 I wm_activity_launch_time: [0,137753030,com.android.music/.VideoBrowserActivity,33]
03-14 04:10:06.653 782 822 I ActivityTaskManager: Displayed com.android.music/.VideoBrowserActivity: +33ms
03-14 04:10:06.662 782 1605 I input_focus: [Focus leaving e892cf3 com.android.launcher3/com.android.launcher3.uioverrides.QuickstepLauncher (server),reason=setFocusedWindow]
03-14 04:10:06.662 782 1605 I input_focus: [Focus entering e0ae323 com.android.music/com.android.music.VideoBrowserActivity (server),reason=setFocusedWindow]
03-14 04:10:06.792 2965 2965 W hpplay-java: [main]:IPManager:getActiveNets invalid networkInfo:null
03-14 04:10:06.792 2965 2965 I hpplay-java: [main]:IPManager:getActiveNets eth0:false wifi:false mobile:false ap:false
03-14 04:10:06.792 2965 2965 I hpplay-java: [main]:ServerTaskManager:get local ip:null
03-14 04:10:06.925 1357 4514 I OMX-VENC: venc_dev: stats: avg. fps 24.87, bitrate 1023483
03-14 04:10:06.929 782 826 W WindowManager: updateScale : 0.79357797
03-14 04:10:06.943 650 663 I mpu_uart: [MSG-P:RECV]:No message received in 1000 ms
03-14 04:10:07.791 650 662 I mpu_uart: [MSG-P:R]:recv sync frame timeout
03-14 04:10:07.792 2965 2965 W hpplay-java: [main]:IPManager:getActiveNets invalid networkInfo:null
03-14 04:10:07.792 2965 2965 I hpplay-java: [main]:IPManager:getActiveNets eth0:false wifi:false mobile:false ap:false
03-14 04:10:07.792 2965 2965 I hpplay-java: [main]:ServerTaskManager:get local ip:null
03-14 04:10:07.943 650 663 I mpu_uart: [MSG-P:RECV]:No message received in 1000 ms
03-14 04:10:07.977 1357 4514 I OMX-VENC: venc_dev: stats: avg. fps 17.10, bitrate 683891
03-14 04:10:08.413 782 4403 I thunderperf: Maybe need boostperf for current app!
03-14 04:10:08.413 2118 2143 D FgBoostPerfService: [FgBoostPerfService.perfBoostAcq]start: stat=true pkgName=com.qiyi.video
03-14 04:10:08.414 2118 2143 I FgBoostPerfService: [FgBoostPerfService.perfBoostAcq] not game-mode or game app!
03-14 04:10:08.414 782 4403 I ThunderPerfManager: PerfAcq error : state=true pkgName=com.qiyi.video
03-14 04:10:08.414 2118 2143 I FgBoostPerfService: [GetGpuMode] isMode=0 isGame=false mGpuMode=0
03-14 04:10:08.414 2118 2143 I FgBoostPerfService: [GetGpuDpiType] isMode=0 isGame=false mGpuDpiType=0
03-14 04:10:08.414 2118 2143 I FgBoostPerfService: [GetGpuDpiType] isMode=0 isGame=false mGpuStandardValue=0
03-14 04:10:08.414 782 4403 I thunderperf: Current app pkgName=com.qiyi.video bm:com.thundercomm.perf.BoostPerfManager@eafbcab gpuMode=-1 gpuType=-1 gpuStandardVal=-1
03-14 04:10:08.414 782 4403 I ThunderBoostPerfService: Resolution: Uid=10074 Pid=4407 gMode=-1 dType=-1 gpuStandardVal=-1
03-14 04:10:08.414 782 4403 I thunderperf: PlatormCompat.setOverrides: Uid1=10074 Pid1=4407 Uid2=10074 Pid2=4407
03-14 04:10:08.414 782 4403 I thunderperf: PlatormCompat.setOverrides: needCheck:false
03-14 04:10:08.415 782 4403 I thunderperf: CompatConfig.addOverrideUnsafe: bef-state=0
03-14 04:10:08.415 782 4403 I thunderperf: CompatConfig.addOverrideUnsafe: aft-state=0
03-14 04:10:08.415 782 4403 I thunderperf: CompatConfig.addOverrideUnsafe: bef-state=0
03-14 04:10:08.415 782 4403 I thunderperf: CompatConfig.addOverrideUnsafe: aft-state=0
03-14 04:10:08.415 782 4403 I thunderperf: CompatConfig.addOverrideUnsafe: bef-state=0
03-14 04:10:08.415 782 4403 I thunderperf: CompatConfig.addOverrideUnsafe: aft-state=0
03-14 04:10:08.415 782 4403 I thunderperf: CompatConfig.addOverrideUnsafe: bef-state=0
03-14 04:10:08.415 782 4403 I thunderperf: CompatConfig.addOverrideUnsafe: aft-state=0
03-14 04:10:08.415 782 4403 I thunderperf: CompatConfig.addOverrideUnsafe: bef-state=0
03-14 04:10:08.415 782 4403 I thunderperf: CompatConfig.addOverrideUnsafe: aft-state=0
03-14 04:10:08.416 782 4403 I thunderperf: CompatConfig.addOverrideUnsafe: bef-state=0
03-14 04:10:08.416 782 4403 I thunderperf: CompatConfig.addOverrideUnsafe: aft-state=0
03-14 04:10:08.416 782 4403 I thunderperf: CompatConfig.addOverrideUnsafe: bef-state=0
03-14 04:10:08.416 782 4403 I thunderperf: CompatConfig.addOverrideUnsafe: aft-state=0
03-14 04:10:08.416 782 4403 I thunderperf: CompatConfig.addOverrideUnsafe: bef-state=0
03-14 04:10:08.416 782 4403 I thunderperf: CompatConfig.addOverrideUnsafe: aft-state=0
03-14 04:10:08.416 782 4403 I thunderperf: CompatConfig.addOverrideUnsafe: bef-state=0
03-14 04:10:08.416 782 4403 I thunderperf: CompatConfig.addOverrideUnsafe: aft-state=0
03-14 04:10:08.416 782 4403 I thunderperf: CompatConfig.addOverrideUnsafe: bef-state=0
03-14 04:10:08.416 782 4403 I thunderperf: CompatConfig.addOverrideUnsafe: aft-state=0
03-14 04:10:08.416 782 4403 I thunderperf: CompatConfig.addOverrideUnsafe: bef-state=0
03-14 04:10:08.416 782 4403 I thunderperf: CompatConfig.addOverrideUnsafe: aft-state=0
03-14 04:10:08.416 782 4403 I thunderperf: CompatConfig.addOverrideUnsafe: bef-state=0
03-14 04:10:08.416 782 4403 I thunderperf: CompatConfig.addOverrideUnsafe: aft-state=0
03-14 04:10:08.417 782 4403 I thunderperf: CompatConfig.addOverrideUnsafe: bef-state=0
03-14 04:10:08.417 782 4403 I thunderperf: CompatConfig.addOverrideUnsafe: aft-state=0
03-14 04:10:08.417 782 4403 I thunderperf: CompatConfig.addOverrideUnsafe: bef-state=0
03-14 04:10:08.417 782 4403 I thunderperf: CompatConfig.addOverrideUnsafe: aft-state=0
03-14 04:10:08.418 782 4403 I ThunderBoostPerfService: Disable downscaling com.qiyi.video to 2380x1020
03-14 04:10:08.418 782 4403 I ActivityTaskManager: START u0 {act=android.intent.action.MAIN cat=[android.intent.category.LAUNCHER] flg=0x10200000 cmp=com.qiyi.video/.WelcomeActivity bnds=[940,84][1216,358]} from uid 10074
03-14 04:10:08.418 782 825 I EventSequenceValidator: inc AccIntentStartedEvents to 2
03-14 04:10:08.421 782 4403 E ANDR-PERF-JNI: com_qualcomm_qtiperformance_native_perf_io_prefetch_start
03-14 04:10:08.421 782 4403 I wm_task_created: [124,-1]
03-14 04:10:08.421 782 4403 W ActivityTaskManager: Can't find TaskDisplayArea to determine support for multi window. Task id=124 attached=false
03-14 04:10:08.422 924 3309 E ANDR-IOP: io prefetch is disabled
03-14 04:10:08.422 782 4403 D CompatibilityChangeReporter: Compat change id reported: 174042980; UID 10093; state: DISABLED
03-14 04:10:08.422 782 4403 D CompatibilityChangeReporter: Compat change id reported: 184838306; UID 10093; state: DISABLED
03-14 04:10:08.422 782 4403 D CompatibilityChangeReporter: Compat change id reported: 185004937; UID 10093; state: DISABLED
03-14 04:10:08.422 782 4403 D CompatibilityChangeReporter: Compat change id reported: 181136395; UID 10093; state: DISABLED
03-14 04:10:08.423 782 4403 D CompatibilityChangeReporter: Compat change id reported: 174042936; UID 10093; state: DISABLED
03-14 04:10:08.423 782 4403 I wm_task_moved: [124,1,7]
03-14 04:10:08.423 782 4403 I wm_task_to_front: [0,124]
03-14 04:10:08.423 782 4403 I wm_create_task: [0,124]
03-14 04:10:08.423 782 4403 I wm_create_activity: [0,204385921,124,com.qiyi.video/.WelcomeActivity,android.intent.action.MAIN,NULL,NULL,270532608]
03-14 04:10:08.423 782 4403 I wm_task_moved: [124,1,7]
03-14 04:10:08.423 782 4403 D CompatibilityChangeReporter: Compat change id reported: 168419799; UID 10093; state: DISABLED
03-14 04:10:08.423 782 4403 D CompatibilityInfo: mCompatibilityFlags - 4
03-14 04:10:08.423 782 4403 D CompatibilityInfo: applicationDensity - 240
03-14 04:10:08.423 782 4403 D CompatibilityInfo: applicationScale - 1.0
03-14 04:10:08.423 782 4403 V SplashScreenExceptionList: SplashScreen checking exception for package com.qiyi.video (target sdk:30) -> false
03-14 04:10:08.424 782 4403 D ActivityTrigger: ActivityTrigger activityPauseTrigger
03-14 04:10:08.424 782 4403 I wm_pause_activity: [0,174418215,com.android.launcher3/.uioverrides.QuickstepLauncher,userLeaving=true,pauseBackTasks]
03-14 04:10:08.424 2006 2256 D PhoneStartingWindowTypeAlgorithm: preferredStartingWindowType newTask:true taskSwitch:true processRunning:false allowTaskSnapshot:true activityCreated:false useEmptySplashScreen:false legacySplashScreen:false topIsHome:false
03-14 04:10:08.424 2006 2256 D StartingSurfaceDrawer: addSplashScreen com.qiyi.video theme=7f0703da task=124 suggestType=1
03-14 04:10:08.424 782 4403 W WindowManager: updateScale : 0.79357797
03-14 04:10:08.426 782 796 W FreeFormWindowHelper: Current Display FreeFormTask is Task{ac6cba1 #123 type=standard A=10086:android.task.video U=0 visible=true mode=freeform translucent=false sz=1}
03-14 04:10:08.426 4407 4407 I wm_on_paused_called: [174418215,com.android.launcher3.uioverrides.QuickstepLauncher,performPause]
03-14 04:10:08.426 782 825 I am_uid_running: 10093
03-14 04:10:08.426 782 796 I ActivityTaskManager: FOREGROUND_APPLICATION_CHANGED to org.qiyi.android.video.MainActivity
03-14 04:10:08.427 782 796 I wm_add_to_stopping: [0,174418215,com.android.launcher3/.uioverrides.QuickstepLauncher,makeInvisible]
03-14 04:10:08.428 2006 2260 D StartingSurfaceDrawer: window attributes color: ff191c21 icon android.graphics.drawable.BitmapDrawable@3f946d5 duration 1000 brandImage android.graphics.drawable.BitmapDrawable@2763eea
03-14 04:10:08.429 2006 2260 D SplashScreenView: Build android.window.SplashScreenView{c48a878 V.E...... ......ID 0,0-0,0}
03-14 04:10:08.429 2006 2260 D SplashScreenView: Icon: view: android.widget.ImageView{3147b51 V.ED..... ......I. 0,0-0,0 #10204a9 android:id/splashscreen_icon_view} drawable: com.android.wm.shell.startingsurface.SplashscreenIconDrawableFactory$ImmobileIconDrawable@ef15fb6 size: 288
03-14 04:10:08.429 2006 2260 D SplashScreenView: Branding: view: android.view.View{4b364b7 V.ED..... ......I. 0,0-0,0 #10204a8 android:id/splashscreen_branding_view} drawable: android.graphics.drawable.BitmapDrawable@2763eea size w: 300 h: 120
03-14 04:10:08.429 2006 2260 D StartingSurfaceDrawer: fillViewWithIcon surfaceWindowView android.window.SplashScreenView{c48a878 V.E...... ......ID 0,0-0,0}
03-14 04:10:08.429 3694 3694 I wm_on_top_resumed_lost_called: [137753030,com.android.music.VideoBrowserActivity,topStateChangedWhenResumed]
03-14 04:10:08.430 782 4406 W WindowManager: updateScale : 0.79357797
03-14 04:10:08.431 782 825 D CompatibilityChangeReporter: Compat change id reported: 135634846; UID 10093; state: DISABLED
03-14 04:10:08.431 782 873 D CompatibilityChangeReporter: Compat change id reported: 143937733; UID 10093; state: ENABLED
03-14 04:10:08.432 782 825 I sysui_multi_action: [757,803,799,window_time_0,802,4]
03-14 04:10:08.434 1288 1288 I perfetto: ing_service_impl.cc:912 Configured tracing session 3, #sources:1, duration:5000 ms, #buffers:1, total buffer size:4096 KB, total sessions:1, uid:1071 session name: ""
03-14 04:10:08.434 1287 1287 I perfetto: probes_producer.cc:241 Ftrace setup (target_buf=3)
03-14 04:10:08.434 701 701 D Zygote : Forked child process 4986
03-14 04:10:08.435 782 873 I am_proc_start: [0,4986,10093,com.qiyi.video,pre-top-activity,{com.qiyi.video/com.qiyi.video.WelcomeActivity}]
03-14 04:10:08.435 782 873 I ActivityManager: Start proc 4986:com.qiyi.video/u0a93 for pre-top-activity {com.qiyi.video/com.qiyi.video.WelcomeActivity}
03-14 04:10:08.435 782 826 W WindowManager: updateScale : 0.79357797
03-14 04:10:08.435 782 4987 W ContextImpl: Calling a method in the system process without a qualified user: android.app.ContextImpl.sendBroadcast:1173 com.qualcomm.qti.Performance$SendGameLaunchBroadcast.run:217 java.lang.Thread.run:920
03-14 04:10:08.437 782 826 W WindowManager: updateScale : 0.79357797
03-14 04:10:08.439 782 830 I am_pss : [4216,10032,com.android.musicfx,5892096,3903488,0,90800128,0,19,5]
03-14 04:10:08.440 3078 3893 W SQLiteLog: (28) double-quoted string literal: "com.qiyi.video"
03-14 04:10:08.440 1287 1287 I perfetto: ftrace_procfs.cc:206 enabled ftrace in /sys/kernel/tracing/
01-01 08:19:41.835 0 0 W perfetto: enabled ftrace
03-14 04:10:08.442 4986 4986 I Zygote : seccomp disabled by setenforce 0
03-14 04:10:08.445 4986 4986 W com.qiyi.video: Using default instruction set features for ARM CPU variant (cortex-a9) using conservative defaults
03-14 04:10:08.447 2789 2798 I adbd : jdwp connection from 4986
03-14 04:10:08.448 4986 4986 D ProcessState: Binder ioctl to enable oneway spam detection failed: Invalid argument
01-01 08:19:41.843 0 0 I binder : 4986:4986 ioctl 40046210 ff89b9a8 returned -22
03-14 04:10:08.451 782 796 I am_proc_bound: [0,4986,com.qiyi.video]
03-14 04:10:08.453 782 796 D CompatibilityInfo: mCompatibilityFlags - 4
03-14 04:10:08.453 782 796 D CompatibilityInfo: applicationDensity - 240
03-14 04:10:08.453 782 796 D CompatibilityInfo: applicationScale - 1.0
03-14 04:10:08.454 782 796 I wm_restart_activity: [0,204385921,124,com.qiyi.video/.WelcomeActivity]
03-14 04:10:08.454 782 796 D CompatibilityInfo: mCompatibilityFlags - 4
03-14 04:10:08.454 782 796 D CompatibilityInfo: applicationDensity - 240
03-14 04:10:08.454 782 796 D CompatibilityInfo: applicationScale - 1.0
03-14 04:10:08.455 782 796 I wm_set_resumed_activity: [0,com.qiyi.video/.WelcomeActivity,minimalResumeActivityLocked]
03-14 04:10:08.456 4986 4986 D CompatibilityChangeReporter: Compat change id reported: 171979766; UID 10093; state: DISABLED
03-14 04:10:08.456 782 825 I am_uid_active: 10093
03-14 04:10:08.459 2118 3871 I GameMode_ActivityMonitoringService: onActivityLaunch: com.qiyi.video, isGameApp: false
03-14 04:10:08.459 2118 3871 V GameMode_GpuUtils: fps:60
03-14 04:10:08.461 2118 3871 D GameModeIF_GameModeSettings: getUriFor setting_content_uri_root = content://com.thundercomm.gamemode.api/gamemode_settings , name = gamemode_enable
03-14 04:10:08.470 782 794 W System : A resource failed to call release.
03-14 04:10:08.470 782 794 W System : A resource failed to call close.
03-14 04:10:08.470 782 794 W System : A resource failed to call close.
03-14 04:10:08.471 782 794 W System : A resource failed to call close.
03-14 04:10:08.471 782 794 W System : A resource failed to call close.
03-14 04:10:08.471 782 794 W System : A resource failed to call close.
03-14 04:10:08.471 782 794 W System : A resource failed to call release.
03-14 04:10:08.471 782 794 W System : A resource failed to call close.
03-14 04:10:08.471 782 794 W System : A resource failed to call close.
03-14 04:10:08.471 4986 4986 I Perf : Connecting to perf service.
03-14 04:10:08.471 782 794 W System : A resource failed to call close.
03-14 04:10:08.471 782 794 W System : A resource failed to call close.
03-14 04:10:08.471 782 794 W System : A resource failed to call close.
03-14 04:10:08.473 4986 4986 V GraphicsEnvironment: ANGLE Developer option for 'com.qiyi.video' set to: 'default'
03-14 04:10:08.474 4986 4986 V GraphicsEnvironment: ANGLE GameManagerService for com.qiyi.video: false
03-14 04:10:08.474 4986 4986 V GraphicsEnvironment: Updatable production driver is not supported on the device.
03-14 04:10:08.474 4986 4986 D NetworkSecurityConfig: Using Network Security Config from resource unused_res_a debugBuild: false
03-14 04:10:08.474 4986 4986 D NetworkSecurityConfig: Using Network Security Config from resource unused_res_a debugBuild: false
03-14 04:10:08.475 4986 4986 I GMultiDex: VM has multidex support, MultiDex support library is disabled.
03-14 04:10:08.475 4986 4986 D Tinker.TinkerLoader: tryLoad test test
03-14 04:10:08.476 4986 4986 W Tinker.TinkerLoader: tryLoadPatchFiles:patch dir not exist:/data/user/0/com.qiyi.video/tinker
03-14 04:10:08.478 4986 4986 I CheckDebugBeforeLogging: DebugLog executed
03-14 04:10:08.479 4986 4986 I Qiyi_DebugLog: setIsDebug:false
03-14 04:10:08.480 4986 4986 E DeviceGrading: GradingCenter#config GC has not been initialized!
03-14 04:10:08.481 1089 1089 I BpBinder: onLastStrongRef automatically unlinking death recipients:
03-14 04:10:08.486 4986 4986 I MMKV : current API level = 31
03-14 04:10:08.486 4986 4986 I MMKV : page size:4096
03-14 04:10:08.486 4986 4986 I MMKV : root dir: /data/user/0/com.qiyi.video/files/mmkv
03-14 04:10:08.516 4986 4986 D Tinker.DefaultAppLike: onBaseContextAttached:
03-14 04:10:08.519 4986 4986 W System : ClassLoader referenced unknown path:
03-14 04:10:08.519 4986 4986 W com.qiyi.video: Unsupported class loader
03-14 04:10:08.519 4986 4986 D TaskManager: installQigsaw end
03-14 04:10:08.526 4986 5021 D TaskManager: onBaseContextAttachedTask2 call end
03-14 04:10:08.529 782 796 W FreeFormWindowHelper: Current Display FreeFormTask is Task{ac6cba1 #123 type=standard A=10086:android.task.video U=0 visible=false mode=freeform translucent=true sz=1}
03-14 04:10:08.531 4986 4986 W HMSSDK_PushPreferences: get new sharedPreferences failed,start to get from context.
03-14 04:10:08.531 4986 4986 I AGConnectProvider: AGConnectInitializeProvider#onCreate
03-14 04:10:08.531 4986 4986 I AGConnectInstance: AGConnectInstance#initialize
03-14 04:10:08.532 4986 4986 I ServiceRegistrarParser: getServices
03-14 04:10:08.532 4986 4986 I ServiceRegistrarParser: services:0
03-14 04:10:08.540 4986 4986 D CardWidget.GlobalDIConfig: initial...
03-14 04:10:08.542 4986 4986 D DataChannel.ClientChannel: initClientImpl serverAuthority = [com.oplus.cardservice.repository.provider.CardServiceServerProvider], clientName = [com.iqiyi.oppocard.OppoCardProvider], client = [com.iqiyi.oppocard.OppoCardProvider@25d0562]
03-14 04:10:08.543 4986 5032 D DataChannel.ClientProxy.OppoCardProvider: tryRegisterContentObserver
03-14 04:10:08.543 4986 5032 D DataChannel.ClientProxy.OppoCardProvider: try registerContentObserver error java.lang.SecurityException: Failed to find provider com.oplus.cardservice.repository.provider.CardServiceServerProvider for user 0; expected to find a valid ContentProvider for this authority
03-14 04:10:08.543 4986 5032 E ActivityThread: Failed to find provider info for com.oplus.cardservice.repository.provider.CardServiceServerProvider
03-14 04:10:08.543 4986 5032 D DataChannel.ClientProxy.OppoCardProvider: pullCommand with null client
03-14 04:10:08.544 4986 5032 D DataChannel.ClientProxy.OppoCardProvider: pullAndRunCommand commandList = []
03-14 04:10:08.544 4986 5032 D DataChannel.ClientProxy.OppoCardProvider: processCommandList: distinct processCommands = []
03-14 04:10:08.544 4986 5032 D DataChannel.ClientProxy.OppoCardProvider: processCommandList: detail processCommands = []
03-14 04:10:08.551 4986 4986 D PushSdkUtils: get EMUI version is:
03-14 04:10:08.555 4986 4986 D TaskManager: OnCreate is called
03-14 04:10:08.555 4986 4986 D Tinker.DefaultAppLike: onCreate
03-14 04:10:08.560 4986 4986 D PingbackSDK: initAndGet base
03-14 04:10:08.567 4986 5036 D CompatibilityChangeReporter: Compat change id reported: 160794467; UID 10093; state: DISABLED
03-14 04:10:08.568 782 1973 D CompatibilityChangeReporter: Compat change id reported: 171306433; UID 10093; state: DISABLED
03-14 04:10:08.572 782 1973 D ConnectivityService: requestNetwork for uid/pid:1000/782 asUid: 10093 activeRequest: null callbackRequest: 48 [NetworkRequest [ REQUEST id=49, [ Capabilities: INTERNET&NOT_RESTRICTED&TRUSTED&NOT_VCN_MANAGED Uid: 10093 RequestorUid: 1000 RequestorPkg: android] ]] callback flags: 0 priority: 2147483647
03-14 04:10:08.572 782 1692 D ConnectivityService: NetReassign [no changes]
03-14 04:10:08.572 782 1668 D WifiNetworkFactory: got request NetworkRequest [ REQUEST id=49, [ Capabilities: INTERNET&NOT_RESTRICTED&TRUSTED&NOT_VCN_MANAGED Uid: 10093 RequestorUid: 1000 RequestorPkg: android] ]
03-14 04:10:08.573 782 1668 D UntrustedWifiNetworkFactory: got request NetworkRequest [ REQUEST id=49, [ Capabilities: INTERNET&NOT_RESTRICTED&TRUSTED&NOT_VCN_MANAGED Uid: 10093 RequestorUid: 1000 RequestorPkg: android] ]
03-14 04:10:08.573 782 1924 D Ethernet: got request NetworkRequest [ REQUEST id=49, [ Capabilities: INTERNET&NOT_RESTRICTED&TRUSTED&NOT_VCN_MANAGED Uid: 10093 RequestorUid: 1000 RequestorPkg: android] ]
03-14 04:10:08.573 782 1668 D OemPaidWifiNetworkFactory: got request NetworkRequest [ REQUEST id=49, [ Capabilities: INTERNET&NOT_RESTRICTED&TRUSTED&NOT_VCN_MANAGED Uid: 10093 RequestorUid: 1000 RequestorPkg: android] ]
03-14 04:10:08.573 782 1924 D EthernetNetworkFactory: acceptRequest, request: NetworkRequest [ REQUEST id=49, [ Capabilities: INTERNET&NOT_RESTRICTED&TRUSTED&NOT_VCN_MANAGED Uid: 10093 RequestorUid: 1000 RequestorPkg: android] ]
03-14 04:10:08.573 782 1924 I EthernetNetworkFactory: networkForRequest, request: NetworkRequest [ REQUEST id=49, [ Capabilities: INTERNET&NOT_RESTRICTED&TRUSTED&NOT_VCN_MANAGED Uid: 10093 RequestorUid: 1000 RequestorPkg: android] ], network: null
03-14 04:10:08.589 4986 4986 W com.qiyi.video: Accessing hidden method Ldalvik/system/VMRuntime;->setHiddenApiExemptions([Ljava/lang/String;)V (blocked,core-platform-api, reflection, denied)
03-14 04:10:08.593 782 2190 D CompatibilityInfo: mCompatibilityFlags - 4
03-14 04:10:08.593 782 2190 D CompatibilityInfo: applicationDensity - 240
03-14 04:10:08.593 782 2190 D CompatibilityInfo: applicationScale - 1.0
03-14 04:10:08.601 4986 4986 D SoLoader: init start
03-14 04:10:08.602 4986 4986 D SoLoader: adding system library source: /vendor/lib
03-14 04:10:08.602 4986 4986 D SoLoader: adding system library source: /system/lib
03-14 04:10:08.602 4986 4986 D SoLoader: adding application source: com.facebook.soloader.DirectorySoSource[root = /data/app/~~oy-h3Jy188VNd3F0K4vGWg==/com.qiyi.video-cPLcHtEh1GRu7gI60_cf0g==/lib/arm flags = 0]
03-14 04:10:08.603 4986 4986 D SoLoader: adding backup source from : com.facebook.soloader.ApkSoSource[root = /data/data/com.qiyi.video/lib-main flags = 1]
03-14 04:10:08.603 4986 4986 D SoLoader: Preparing SO source: com.facebook.soloader.DirectorySoSource[root = /system/lib flags = 2]
03-14 04:10:08.603 4986 4986 D SoLoader: Preparing SO source: com.facebook.soloader.DirectorySoSource[root = /vendor/lib flags = 2]
03-14 04:10:08.603 4986 4986 D SoLoader: Preparing SO source: com.facebook.soloader.DirectorySoSource[root = /data/app/~~oy-h3Jy188VNd3F0K4vGWg==/com.qiyi.video-cPLcHtEh1GRu7gI60_cf0g==/lib/arm flags = 0]
03-14 04:10:08.603 4986 4986 D SoLoader: Preparing SO source: com.facebook.soloader.ApkSoSource[root = /data/data/com.qiyi.video/lib-main flags = 1]
03-14 04:10:08.604 4986 4986 V fb-UnpackingSoSource: locked dso store /data/user/0/com.qiyi.video/lib-main
03-14 04:10:08.605 4986 4986 I fb-UnpackingSoSource: dso store is up-to-date: /data/user/0/com.qiyi.video/lib-main
03-14 04:10:08.605 4986 4986 V fb-UnpackingSoSource: releasing dso store lock for /data/user/0/com.qiyi.video/lib-main
03-14 04:10:08.605 4986 4986 D SoLoader: init finish: 4 SO sources prepared
03-14 04:10:08.605 4986 4986 D SoLoader: init exiting
03-14 04:10:08.605 4986 4986 D SoLoader: About to load: libcss-layout-manager.so
03-14 04:10:08.605 4986 4986 D SoLoader: libcss-layout-manager.so not found on /data/data/com.qiyi.video/lib-main
03-14 04:10:08.606 4986 4986 D SoLoader: libcss-layout-manager.so found on /data/app/~~oy-h3Jy188VNd3F0K4vGWg==/com.qiyi.video-cPLcHtEh1GRu7gI60_cf0g==/lib/arm
03-14 04:10:08.606 4986 4986 D SoLoader: Not resolving dependencies for libcss-layout-manager.so
03-14 04:10:08.607 4986 4986 D SoLoader: Loaded: libcss-layout-manager.so
03-14 04:10:08.614 4986 4986 E CardInit: CardInitTask_BaseCardApplication.init, CardModulesInitializer 3
03-14 04:10:08.614 4986 4986 E CardInit: CardInitTask_BaseCardApplication.init, CardPingbackServiceInitializer 0
03-14 04:10:08.617 4986 5058 I xutils : [xUtilsInternal]: This devices is not chosen to use xutils
03-14 04:10:08.617 4986 5063 D CompatibilityChangeReporter: Compat change id reported: 149924527; UID 10093; state: ENABLED
03-14 04:10:08.617 4986 5063 D CompatibilityChangeReporter: Compat change id reported: 132649864; UID 10093; state: DISABLED
03-14 04:10:08.621 4986 4986 E CardInit: CardV3PlayerInitialization, 0
