01-01 08:00:32.830 0 0 E : [drm:dp_display_init_aux_switch][msm-dp-err][497 ]failed to register notifier (-22)
01-01 08:00:32.831 0 0 I ueventd : loading /devices/platform/soc/17300000.qcom,lpass/firmware/adsp.b18 took 1ms
01-01 08:00:32.831 0 0 I ueventd : firmware: loading 'adsp.b10' for '/devices/platform/soc/17300000.qcom,lpass/firmware/adsp.b10'
01-01 08:00:32.832 0 0 I ueventd : loading /devices/platform/soc/17300000.qcom,lpass/firmware/adsp.b10 took 1ms
01-01 08:00:32.835 0 0 I ueventd : loading /devices/platform/soc/17300000.qcom,lpass/firmware/adsp.b15 took 7ms
01-01 08:00:32.836 0 0 I : [drm] Supports vblank timestamp caching Rev 2 (21.10.2013).
01-01 08:00:32.836 0 0 I : [drm] No driver support for vblank timestamp query.
01-01 08:00:32.836 0 0 I subsys-pil-tz 8300000.qcom,turing: cdsp: Power/Clock ready interrupt received
01-01 08:00:32.837 0 0 I subsys-pil-tz 8300000.qcom,turing: Subsystem error monitoring/handling services are up
01-01 08:00:32.837 0 0 I qcom_smd_qrtr_probe: Entered
01-01 08:00:32.837 0 0 I qcom_rpmh DRV: apps_rsc TCS Busy, retrying RPMH message send: addr=0x30080
01-01 08:00:32.837 0 0 I qcom_smd_qrtr_probe: SMD QRTR driver probed
01-01 08:00:32.838 0 0 I : [drm] Initialized msm_drm 1.3.0 20130625 for ae00000.qcom,mdss_mdp on minor 0
01-01 08:00:32.838 0 0 I adsprpc : fastrpc_restart_notifier_cb: cdsp subsystem is up
01-01 08:00:32.838 0 0 E register_client_adhoc: find path.src 1 dest 589
01-01 08:00:32.838 0 0 I init : Command 'write /sys/kernel/boot_cdsp/boot 1' action=early-boot (/vendor/etc/init/hw/init.qcom.rc:88) took 121ms and succeeded
01-01 08:00:32.838 0 0 E register_client_adhoc: Failed to find path.src 1 dest 589
01-01 08:00:32.838 0 0 I init : Untracked pid 491 exited with status 0
01-01 08:00:32.839 0 0 E : [drm:dp_display_init_aux_switch][msm-dp-err][18 ]failed to register notifier (-22)
01-01 08:00:32.839 0 0 W subsys-pil-tz 9800000.qcom,npu: Falling back to syfs fallback for: npu.mdt
01-01 08:00:32.839 0 0 I msm_cvp : info: Opening cvp instance: 0000000000000000
01-01 08:00:32.839 0 0 I msm_cvp_v4l2 ab00000.qcom,cvp: Linked as a consumer to regulator.77
01-01 08:00:32.839 0 0 I msm_cvp_v4l2 ab00000.qcom,cvp: Linked as a consumer to regulator.76
01-01 08:00:32.841 0 0 I ueventd : loading /devices/platform/soc/17300000.qcom,lpass/firmware/adsp.b14 took 19ms
01-01 08:00:32.841 0 0 I subsys-restart: __subsystem_get(): Changing subsys fw_name to cvpss
01-01 08:00:32.841 0 0 W subsys-pil-tz abb0000.qcom,cvpss: Falling back to syfs fallback for: cvpss.mdt
01-01 08:00:32.842 0 0 E register_client_adhoc: find path.src 1 dest 589
01-01 08:00:32.843 0 0 E register_client_adhoc: Failed to find path.src 1 dest 589
01-01 08:00:32.843 0 0 E : [drm:dp_display_init_aux_switch][msm-dp-err][351 ]failed to register notifier (-22)
01-01 08:00:32.843 0 0 I adsprpc : fastrpc_rpmsg_probe: opened rpmsg channel for cdsp
01-01 08:00:32.844 0 0 E register_client_adhoc: find path.src 1 dest 589
01-01 08:00:32.844 0 0 E register_client_adhoc: Failed to find path.src 1 dest 589
01-01 08:00:32.845 0 0 E : [drm:dp_display_init_aux_switch][msm-dp-err][351 ]failed to register notifier (-22)
01-01 08:00:32.845 0 0 E register_client_adhoc: find path.src 1 dest 589
01-01 08:00:32.845 0 0 E register_client_adhoc: Failed to find path.src 1 dest 589
01-01 08:00:32.846 0 0 E : [drm:dp_display_init_aux_switch][msm-dp-err][18 ]failed to register notifier (-22)
01-01 08:00:32.859 0 0 I ueventd : firmware: loading 'npu.mdt' for '/devices/platform/soc/9800000.qcom,npu/firmware/npu.mdt'
01-01 08:00:32.865 0 0 I : [drm] cont_splash feature not enabled
01-01 08:00:32.867 0 0 I ueventd : firmware: loading 'cvpss.mdt' for '/devices/platform/soc/abb0000.qcom,cvpss/firmware/cvpss.mdt'
01-01 08:00:32.868 0 0 I ueventd : loading /devices/platform/soc/abb0000.qcom,cvpss/firmware/cvpss.mdt took 1ms
01-01 08:00:32.868 0 0 I subsys-pil-tz abb0000.qcom,cvpss: cvpss: loading from 0x0000000087300000 to 0x0000000087800000
01-01 08:00:32.875 0 0 I subsys-pil-tz 9800000.qcom,npu: npu: loading from 0x0000000086900000 to 0x0000000086e00000
01-01 08:00:32.875 0 0 I ueventd : loading /devices/platform/soc/9800000.qcom,npu/firmware/npu.mdt took 15ms
01-01 08:00:32.953 0 0 I subsys-pil-tz 17300000.qcom,lpass: adsp: Brought out of reset
01-01 08:00:32.958 0 0 W subsys-pil-tz abb0000.qcom,cvpss: Falling back to syfs fallback for: cvpss.b02
01-01 08:00:32.958 0 0 W subsys-pil-tz abb0000.qcom,cvpss: Falling back to syfs fallback for: cvpss.b04
01-01 08:00:32.958 0 0 W subsys-pil-tz abb0000.qcom,cvpss: Falling back to syfs fallback for: cvpss.b03
01-01 08:00:32.958 0 0 W subsys-pil-tz abb0000.qcom,cvpss: Falling back to syfs fallback for: cvpss.b05
01-01 08:00:32.958 0 0 W subsys-pil-tz abb0000.qcom,cvpss: Falling back to syfs fallback for: cvpss.b06
01-01 08:00:32.958 0 0 W subsys-pil-tz abb0000.qcom,cvpss: Falling back to syfs fallback for: cvpss.b07
01-01 08:00:32.958 0 0 W subsys-pil-tz abb0000.qcom,cvpss: Falling back to syfs fallback for: cvpss.b08
01-01 08:00:32.958 0 0 W subsys-pil-tz abb0000.qcom,cvpss: Falling back to syfs fallback for: cvpss.b09
01-01 08:00:32.958 0 0 W subsys-pil-tz abb0000.qcom,cvpss: Falling back to syfs fallback for: cvpss.b10
01-01 08:00:32.958 0 0 W subsys-pil-tz abb0000.qcom,cvpss: Falling back to syfs fallback for: cvpss.b19
01-01 08:00:32.962 0 0 W subsys-pil-tz 9800000.qcom,npu: Falling back to syfs fallback for: npu.b02
01-01 08:00:32.963 0 0 W subsys-pil-tz 9800000.qcom,npu: Falling back to syfs fallback for: npu.b03
01-01 08:00:32.968 0 0 I ueventd : firmware: loading 'cvpss.b03' for '/devices/platform/soc/abb0000.qcom,cvpss/firmware/cvpss.b03'
01-01 08:00:32.968 0 0 I ueventd : firmware: loading 'cvpss.b04' for '/devices/platform/soc/abb0000.qcom,cvpss/firmware/cvpss.b04'
01-01 08:00:32.969 0 0 W subsys-pil-tz 9800000.qcom,npu: Falling back to syfs fallback for: npu.b04
01-01 08:00:32.971 0 0 W subsys-pil-tz 9800000.qcom,npu: Falling back to syfs fallback for: npu.b05
01-01 08:00:32.973 0 0 I ueventd : firmware: loading 'cvpss.b05' for '/devices/platform/soc/abb0000.qcom,cvpss/firmware/cvpss.b05'
01-01 08:00:32.973 0 0 I ueventd : firmware: loading 'npu.b05' for '/devices/platform/soc/9800000.qcom,npu/firmware/npu.b05'
01-01 08:00:32.973 0 0 I ueventd : firmware: loading 'cvpss.b06' for '/devices/platform/soc/abb0000.qcom,cvpss/firmware/cvpss.b06'
01-01 08:00:32.973 0 0 I ueventd : firmware: loading 'cvpss.b02' for '/devices/platform/soc/abb0000.qcom,cvpss/firmware/cvpss.b02'
01-01 08:00:32.973 0 0 I ueventd : firmware: loading 'cvpss.b08' for '/devices/platform/soc/abb0000.qcom,cvpss/firmware/cvpss.b08'
01-01 08:00:32.974 0 0 I ueventd : firmware: loading 'cvpss.b10' for '/devices/platform/soc/abb0000.qcom,cvpss/firmware/cvpss.b10'
01-01 08:00:32.974 0 0 W subsys-pil-tz 9800000.qcom,npu: Falling back to syfs fallback for: npu.b06
01-01 08:00:32.974 0 0 I ueventd : loading /devices/platform/soc/abb0000.qcom,cvpss/firmware/cvpss.b08 took 0ms
01-01 08:00:32.974 0 0 I ueventd : firmware: loading 'cvpss.b07' for '/devices/platform/soc/abb0000.qcom,cvpss/firmware/cvpss.b07'
01-01 08:00:32.974 0 0 I ueventd : firmware: loading 'cvpss.b19' for '/devices/platform/soc/abb0000.qcom,cvpss/firmware/cvpss.b19'
01-01 08:00:32.975 0 0 I ueventd : firmware: loading 'cvpss.b09' for '/devices/platform/soc/abb0000.qcom,cvpss/firmware/cvpss.b09'
01-01 08:00:32.975 0 0 I ueventd : firmware: loading 'npu.b03' for '/devices/platform/soc/9800000.qcom,npu/firmware/npu.b03'
01-01 08:00:32.975 0 0 I ueventd : loading /devices/platform/soc/abb0000.qcom,cvpss/firmware/cvpss.b19 took 0ms
01-01 08:00:32.976 0 0 I ueventd : loading /devices/platform/soc/abb0000.qcom,cvpss/firmware/cvpss.b09 took 1ms
01-01 08:00:32.976 0 0 I ueventd : loading /devices/platform/soc/9800000.qcom,npu/firmware/npu.b03 took 1ms
01-01 08:00:32.977 0 0 I ueventd : firmware: loading 'npu.b06' for '/devices/platform/soc/9800000.qcom,npu/firmware/npu.b06'
01-01 08:00:32.978 0 0 I ueventd : loading /devices/platform/soc/abb0000.qcom,cvpss/firmware/cvpss.b06 took 4ms
01-01 08:00:32.978 0 0 I subsys-pil-tz 17300000.qcom,lpass: Subsystem error monitoring/handling services are up
01-01 08:00:32.978 0 0 I ueventd : loading /devices/platform/soc/abb0000.qcom,cvpss/firmware/cvpss.b04 took 9ms
01-01 08:00:32.979 0 0 I ueventd : loading /devices/platform/soc/9800000.qcom,npu/firmware/npu.b06 took 1ms
01-01 08:00:32.979 0 0 I ueventd : loading /devices/platform/soc/abb0000.qcom,cvpss/firmware/cvpss.b03 took 11ms
01-01 08:00:32.979 0 0 I ueventd : loading /devices/platform/soc/abb0000.qcom,cvpss/firmware/cvpss.b05 took 6ms
01-01 08:00:32.980 0 0 I ueventd : loading /devices/platform/soc/9800000.qcom,npu/firmware/npu.b05 took 7ms
01-01 08:00:32.980 0 0 I ueventd : loading /devices/platform/soc/abb0000.qcom,cvpss/firmware/cvpss.b07 took 6ms
01-01 08:00:32.981 0 0 I ueventd : firmware: loading 'npu.b02' for '/devices/platform/soc/9800000.qcom,npu/firmware/npu.b02'
01-01 08:00:32.983 0 0 I ueventd : loading /devices/platform/soc/9800000.qcom,npu/firmware/npu.b02 took 1ms
01-01 08:00:32.988 0 0 I ueventd : loading /devices/platform/soc/abb0000.qcom,cvpss/firmware/cvpss.b02 took 15ms
01-01 08:00:32.989 0 0 I ueventd : firmware: loading 'npu.b04' for '/devices/platform/soc/9800000.qcom,npu/firmware/npu.b04'
01-01 08:00:32.990 0 0 I ueventd : loading /devices/platform/soc/abb0000.qcom,cvpss/firmware/cvpss.b10 took 16ms
01-01 08:00:32.996 0 0 I subsys-pil-tz 17300000.qcom,lpass: adsp: Power/Clock ready interrupt received
01-01 08:00:32.997 0 0 I ueventd : loading /devices/platform/soc/9800000.qcom,npu/firmware/npu.b04 took 7ms
01-01 08:00:33.000 0 0 I subsys-pil-tz abb0000.qcom,cvpss: cvpss: Brought out of reset
01-01 08:00:33.006 0 0 I adsprpc : fastrpc_restart_notifier_cb: adsp subsystem is up
01-01 08:00:33.007 0 0 D cnss : DRV subsystem is connected
01-01 08:00:33.007 0 0 I adsprpc : fastrpc_rpmsg_probe: opened rpmsg channel for adsp
01-01 08:00:33.008 0 0 I subsys-pil-tz 9800000.qcom,npu: npu: Brought out of reset
01-01 08:00:33.008 0 0 I qcom_smd_qrtr_probe: Entered
01-01 08:00:33.008 0 0 I qcom_smd_qrtr_probe: SMD QRTR driver probed
01-01 08:00:33.009 0 0 I apr_tal_rpmsg qcom,glink: adsp.apr_audio_svc.-1.-1: apr_tal_rpmsg_probe: Channel[apr_audio_svc] state[Up]
01-01 08:00:33.015 0 0 I qcom_rpmh DRV: apps_rsc TCS Busy, retrying RPMH message send: addr=0x30030
01-01 08:00:33.025 0 0 E register_client_adhoc: find path.src 1 dest 589
01-01 08:00:33.025 0 0 E register_client_adhoc: Failed to find path.src 1 dest 589
01-01 08:00:33.033 0 0 I qcom_rpmh DRV: apps_rsc TCS Busy, retrying RPMH message send: addr=0x30040
01-01 08:00:33.042 0 0 E : [drm:dp_display_init_aux_switch][msm-dp-err][70 ]failed to register notifier (-22)
01-01 08:00:33.045 0 0 I NPU_INFO: npu_get_fw_caps: 236 fw caps 0:2007
01-01 08:00:33.045 0 0 I NPU_INFO: npu_get_fw_caps: 236 fw caps 1:80000005
01-01 08:00:33.045 0 0 I NPU_INFO: npu_get_fw_caps: 236 fw caps 2:0
01-01 08:00:33.045 0 0 I NPU_INFO: npu_get_fw_caps: 236 fw caps 3:0
01-01 08:00:33.045 0 0 W NPU_WARN: host_session_msg_hdlr: 1904 handle npu session msg when FW is disabled
01-01 08:00:33.045 0 0 I NPU_INFO: npu_get_fw_caps: 236 fw caps 4:0
01-01 08:00:33.045 0 0 I NPU_INFO: npu_get_fw_caps: 236 fw caps 5:0
01-01 08:00:33.045 0 0 I NPU_INFO: npu_get_fw_caps: 236 fw caps 6:0
01-01 08:00:33.045 0 0 I NPU_INFO: npu_get_fw_caps: 236 fw caps 7:0
01-01 08:00:33.048 0 0 I qcom_smd_qrtr_probe: Entered
01-01 08:00:33.049 0 0 I qcom_smd_qrtr_probe: SMD QRTR driver probed
01-01 08:00:33.118 695 695 I boot_progress_preload_end: 30615
01-01 08:00:33.178 701 701 I snet_event_log: [200284993,-1,]
01-01 08:00:33.629 0 0 I binder : 782:782 ioctl 40046210 7fc8a60f74 returned -22
01-01 08:00:33.638 0 0 E register_client_adhoc: find path.src 1 dest 589
01-01 08:00:33.361 782 782 I system_server_start: [1,30857,30857]
01-01 08:00:33.361 782 782 I boot_progress_system_run: 30858
01-01 08:00:33.638 0 0 E register_client_adhoc: Failed to find path.src 1 dest 589
01-01 08:00:34.722 0 0 E : [drm:dp_display_init_aux_switch][msm-dp-err][70 ]failed to register notifier (-22)
01-01 08:00:34.753 0 0 I msm_cvp : err: Failed to create debugfs for msm_cvp
01-01 08:00:34.759 0 0 I msm_cvp : info: Closed cvp instance: 0000000000000000 session_id = 0
01-01 08:00:34.766 0 0 I init : Command 'write /sys/devices/virtual/cvp/cvp/boot 1' action=early-boot (/vendor/etc/init/hw/init.qcom.rc:90) took 1928ms and succeeded
01-01 08:00:34.781 0 0 I init : starting service 'exec 18 (/vendor/bin/init.qcom.early_boot.sh)'...
01-01 08:00:34.790 0 0 I init : SVC_EXEC service 'exec 18 (/vendor/bin/init.qcom.early_boot.sh)' pid 799 (uid 0 gid 0+0 context u:r:vendor_qti_init_shell:s0) started; waiting...
01-01 08:00:34.878 0 0 I init : Service 'exec 18 (/vendor/bin/init.qcom.early_boot.sh)' (pid 799) exited with status 0 waiting took 0.088000 seconds
01-01 08:00:34.890 0 0 I init : Sending signal 9 to service 'exec 18 (/vendor/bin/init.qcom.early_boot.sh)' (pid 799) process group...
01-01 08:00:34.901 0 0 I libprocessgroup: Successfully killed process cgroup uid 0 pid 799 in 0ms
01-01 08:00:34.909 0 0 I init : Command 'exec u:r:vendor_qti_init_shell:s0 -- /vendor/bin/init.qti.can.sh' action=early-boot (/vendor/etc/init/hw/init.qcom.rc:92) took 0ms and failed: Could not start exec service: Cannot find '/vendor/bin/init.qti.can.sh': No such file or directory
01-01 08:00:34.934 0 0 E init : Unable to set property 'ro.sf.lcd_density' from uid:0 gid:0 pid:477: Read-only property was already set
01-01 08:00:34.946 0 0 I init : processing action (early-boot) from (/vendor/etc/init/hw/init.target.rc:76)
01-01 08:00:34.955 0 0 I init : processing action (early-boot) from (/system/etc/init/installd.rc:5)
01-01 08:00:34.970 0 0 I init : processing action (early-boot) from (/vendor/etc/init/init.vendor.sensors.rc:32)
01-01 08:00:34.974 0 0 I binder : 782:782 ioctl 40046210 7fc8a60674 returned -22
01-01 08:00:34.980 0 0 I subsys-restart: __subsystem_get(): Changing subsys fw_name to slpi
01-01 08:00:34.980 0 0 W subsys-pil-tz 5c00000.qcom,ssc: Falling back to syfs fallback for: slpi.mdt
01-01 08:00:34.981 0 0 I ueventd : firmware: loading 'slpi.mdt' for '/devices/platform/soc/5c00000.qcom,ssc/firmware/slpi.mdt'
01-01 08:00:34.982 0 0 I ueventd : loading /devices/platform/soc/5c00000.qcom,ssc/firmware/slpi.mdt took 0ms
01-01 08:00:34.982 0 0 I subsys-pil-tz 5c00000.qcom,ssc: slpi: loading from 0x0000000088c00000 to 0x000000008a100000
01-01 08:00:34.984 0 0 W subsys-pil-tz 5c00000.qcom,ssc: Falling back to syfs fallback for: slpi.b02
01-01 08:00:34.984 0 0 W subsys-pil-tz 5c00000.qcom,ssc: Falling back to syfs fallback for: slpi.b03
01-01 08:00:34.984 0 0 W subsys-pil-tz 5c00000.qcom,ssc: Falling back to syfs fallback for: slpi.b04
01-01 08:00:34.984 0 0 W subsys-pil-tz 5c00000.qcom,ssc: Falling back to syfs fallback for: slpi.b06
01-01 08:00:34.984 0 0 W subsys-pil-tz 5c00000.qcom,ssc: Falling back to syfs fallback for: slpi.b05
01-01 08:00:34.984 0 0 W subsys-pil-tz 5c00000.qcom,ssc: Falling back to syfs fallback for: slpi.b07
01-01 08:00:34.984 0 0 W subsys-pil-tz 5c00000.qcom,ssc: Falling back to syfs fallback for: slpi.b08
01-01 08:00:34.984 0 0 W subsys-pil-tz 5c00000.qcom,ssc: Falling back to syfs fallback for: slpi.b09
01-01 08:00:34.984 0 0 W subsys-pil-tz 5c00000.qcom,ssc: Falling back to syfs fallback for: slpi.b10
01-01 08:00:34.984 0 0 W subsys-pil-tz 5c00000.qcom,ssc: Falling back to syfs fallback for: slpi.b11
01-01 08:00:34.984 0 0 W subsys-pil-tz 5c00000.qcom,ssc: Falling back to syfs fallback for: slpi.b12
01-01 08:00:34.985 0 0 W subsys-pil-tz 5c00000.qcom,ssc: Falling back to syfs fallback for: slpi.b13
01-01 08:00:34.985 0 0 W subsys-pil-tz 5c00000.qcom,ssc: Falling back to syfs fallback for: slpi.b14
01-01 08:00:34.985 0 0 W subsys-pil-tz 5c00000.qcom,ssc: Falling back to syfs fallback for: slpi.b15
01-01 08:00:34.985 0 0 W subsys-pil-tz 5c00000.qcom,ssc: Falling back to syfs fallback for: slpi.b16
01-01 08:00:34.985 0 0 W subsys-pil-tz 5c00000.qcom,ssc: Falling back to syfs fallback for: slpi.b17
01-01 08:00:34.985 0 0 W subsys-pil-tz 5c00000.qcom,ssc: Falling back to syfs fallback for: slpi.b18
01-01 08:00:34.985 0 0 W subsys-pil-tz 5c00000.qcom,ssc: Falling back to syfs fallback for: slpi.b19
01-01 08:00:34.985 0 0 W subsys-pil-tz 5c00000.qcom,ssc: Falling back to syfs fallback for: slpi.b20
01-01 08:00:34.986 0 0 I ueventd : firmware: loading 'slpi.b02' for '/devices/platform/soc/5c00000.qcom,ssc/firmware/slpi.b02'
01-01 08:00:34.986 0 0 I ueventd : firmware: loading 'slpi.b03' for '/devices/platform/soc/5c00000.qcom,ssc/firmware/slpi.b03'
01-01 08:00:34.986 0 0 I init : processing action (early-boot) from (/vendor/etc/init/ipa_fws.rc:6)
01-01 08:00:34.987 0 0 I init : processing action (early-boot) from (/vendor/etc/init/ssgtzd.rc:11)
01-01 08:00:34.987 0 0 I init : starting service 'vendor.ssgtzd'...
01-01 08:00:34.987 0 0 I init : Created socket '/dev/socket/ssgtzd', mode 660, user 1000, group 3003
01-01 08:00:34.987 0 0 I init : Created socket '/dev/socket/qwes_ipc', mode 660, user 1000, group 3003
01-01 08:00:34.988 0 0 I ueventd : firmware: loading 'slpi.b04' for '/devices/platform/soc/5c00000.qcom,ssc/firmware/slpi.b04'
01-01 08:00:34.988 0 0 I ueventd : firmware: loading 'slpi.b06' for '/devices/platform/soc/5c00000.qcom,ssc/firmware/slpi.b06'
01-01 08:00:34.989 0 0 I ueventd : firmware: loading 'slpi.b05' for '/devices/platform/soc/5c00000.qcom,ssc/firmware/slpi.b05'
01-01 08:00:34.990 0 0 I ueventd : loading /devices/platform/soc/5c00000.qcom,ssc/firmware/slpi.b06 took 1ms
01-01 08:00:34.991 0 0 I ueventd : loading /devices/platform/soc/5c00000.qcom,ssc/firmware/slpi.b04 took 3ms
01-01 08:00:34.992 0 0 I ueventd : firmware: loading 'slpi.b09' for '/devices/platform/soc/5c00000.qcom,ssc/firmware/slpi.b09'
01-01 08:00:34.993 0 0 I ueventd : loading /devices/platform/soc/5c00000.qcom,ssc/firmware/slpi.b05 took 3ms
01-01 08:00:34.994 0 0 I ueventd : loading /devices/platform/soc/5c00000.qcom,ssc/firmware/slpi.b09 took 1ms
01-01 08:00:34.994 0 0 I ueventd : firmware: loading 'slpi.b11' for '/devices/platform/soc/5c00000.qcom,ssc/firmware/slpi.b11'
01-01 08:00:34.995 0 0 I ueventd : loading /devices/platform/soc/5c00000.qcom,ssc/firmware/slpi.b11 took 0ms
01-01 08:00:34.995 0 0 I ueventd : firmware: loading 'slpi.b12' for '/devices/platform/soc/5c00000.qcom,ssc/firmware/slpi.b12'
01-01 08:00:34.995 0 0 I ueventd : loading /devices/platform/soc/5c00000.qcom,ssc/firmware/slpi.b12 took 0ms
01-01 08:00:34.996 0 0 I ueventd : firmware: loading 'slpi.b08' for '/devices/platform/soc/5c00000.qcom,ssc/firmware/slpi.b08'
01-01 08:00:34.996 0 0 I ueventd : firmware: loading 'slpi.b07' for '/devices/platform/soc/5c00000.qcom,ssc/firmware/slpi.b07'
01-01 08:00:34.997 0 0 I ueventd : firmware: loading 'slpi.b10' for '/devices/platform/soc/5c00000.qcom,ssc/firmware/slpi.b10'
01-01 08:00:34.997 0 0 I ueventd : loading /devices/platform/soc/5c00000.qcom,ssc/firmware/slpi.b07 took 0ms
01-01 08:00:34.997 0 0 I ueventd : firmware: loading 'slpi.b15' for '/devices/platform/soc/5c00000.qcom,ssc/firmware/slpi.b15'
01-01 08:00:34.998 0 0 I ueventd : firmware: loading 'slpi.b13' for '/devices/platform/soc/5c00000.qcom,ssc/firmware/slpi.b13'
01-01 08:00:34.999 0 0 I ueventd : firmware: loading 'slpi.b16' for '/devices/platform/soc/5c00000.qcom,ssc/firmware/slpi.b16'
01-01 08:00:35.000 0 0 I init : processing action (boot) from (/system/etc/init/hw/init.rc:1011)
01-01 08:00:35.000 0 0 I ueventd : firmware: loading 'slpi.b14' for '/devices/platform/soc/5c00000.qcom,ssc/firmware/slpi.b14'
01-01 08:00:35.001 0 0 I ueventd : firmware: loading 'slpi.b17' for '/devices/platform/soc/5c00000.qcom,ssc/firmware/slpi.b17'
01-01 08:00:35.002 0 0 I ueventd : firmware: loading 'slpi.b18' for '/devices/platform/soc/5c00000.qcom,ssc/firmware/slpi.b18'
01-01 08:00:35.003 0 0 I ueventd : loading /devices/platform/soc/5c00000.qcom,ssc/firmware/slpi.b08 took 6ms
01-01 08:00:35.003 0 0 I init : starting service 'vendor.memtrack-hal-1-0'...
01-01 08:00:35.003 0 0 I ueventd : loading /devices/platform/soc/5c00000.qcom,ssc/firmware/slpi.b10 took 6ms
01-01 08:00:35.003 0 0 I ueventd : firmware: loading 'slpi.b19' for '/devices/platform/soc/5c00000.qcom,ssc/firmware/slpi.b19'
01-01 08:00:35.004 0 0 I ueventd : loading /devices/platform/soc/5c00000.qcom,ssc/firmware/slpi.b13 took 5ms
01-01 08:00:35.004 0 0 I ueventd : firmware: loading 'slpi.b20' for '/devices/platform/soc/5c00000.qcom,ssc/firmware/slpi.b20'
01-01 08:00:35.005 0 0 I ueventd : loading /devices/platform/soc/5c00000.qcom,ssc/firmware/slpi.b17 took 3ms
01-01 08:00:35.005 0 0 I ueventd : loading /devices/platform/soc/5c00000.qcom,ssc/firmware/slpi.b16 took 5ms
01-01 08:00:35.005 0 0 I ueventd : loading /devices/platform/soc/5c00000.qcom,ssc/firmware/slpi.b18 took 2ms
01-01 08:00:34.663 477 477 I auditd : type=1400 audit(0.0:369): avc: denied { add_name } for comm="init" name="boot" scontext=u:r:vendor_init:s0 tcontext=u:object_r:vendor_sysfs_slpi:s0 tclass=dir permissive=1
01-01 08:00:34.663 477 477 I auditd : type=1400 audit(0.0:370): avc: denied { create } for comm="init" name="boot" scontext=u:r:vendor_init:s0 tcontext=u:object_r:vendor_sysfs_slpi:s0 tclass=file permissive=1
01-01 08:00:35.006 0 0 I ueventd : loading /devices/platform/soc/5c00000.qcom,ssc/firmware/slpi.b15 took 8ms
01-01 08:00:35.007 0 0 I ueventd : loading /devices/platform/soc/5c00000.qcom,ssc/firmware/slpi.b20 took 3ms
01-01 08:00:35.008 0 0 I init : Control message: Processed ctl.interface_start for 'android.hardware.memtrack@1.0::IMemtrack/default' from pid: 514 (/system/bin/hwservicemanager)
01-01 08:00:35.009 0 0 I init : Control message: Processed ctl.interface_start for 'android.hardware.memtrack@1.0::IMemtrack/default' from pid: 514 (/system/bin/hwservicemanager)
01-01 08:00:34.691 1 1 I auditd : type=1400 audit(0.0:371): avc: denied { add_name } for comm="init" name="cp_interval" scontext=u:r:init:s0 tcontext=u:object_r:sysfs_fs_f2fs:s0 tclass=dir permissive=1
01-01 08:00:34.691 1 1 I auditd : type=1400 audit(0.0:372): avc: denied { add_name } for comm="init" name="discard_max_bytes" scontext=u:r:init:s0 tcontext=u:object_r:sysfs_dm:s0 tclass=dir permissive=1
01-01 08:00:35.010 0 0 I ueventd : loading /devices/platform/soc/5c00000.qcom,ssc/firmware/slpi.b14 took 10ms
01-01 08:00:35.011 0 0 I init : starting service 'vendor.audio-hal'...
01-01 08:00:35.012 0 0 I init : starting service 'hidl_memory'...
01-01 08:00:35.013 0 0 I init : starting service 'qccsyshal@1.1-service'...
01-01 08:00:35.019 0 0 I ueventd : loading /devices/platform/soc/5c00000.qcom,ssc/firmware/slpi.b19 took 16ms
01-01 08:00:35.020 0 0 I init : starting service 'vendor.bluetooth-1-0-qti'...
01-01 08:00:35.021 0 0 I ueventd : loading /devices/platform/soc/5c00000.qcom,ssc/firmware/slpi.b02 took 35ms
01-01 08:00:35.023 0 0 I binder : 860:860 ioctl 40046210 7fd13b1f54 returned -22
01-01 08:00:35.024 0 0 I init : starting service 'vendor.cas-hal-1-2'...
01-01 08:00:35.026 0 0 I init : starting service 'vendor.drm-clearkey-hal-1-3'...
01-01 08:00:35.027 0 0 I init : starting service 'gnss_service'...
01-01 08:00:35.029 0 0 I init : starting service 'health-hal-2-1'...
01-01 08:00:35.029 0 0 I init : Opened file '/dev/kmsg', flags 1
01-01 08:00:35.031 0 0 I init : starting service 'vendor.light-qti'...
01-01 08:00:35.032 0 0 I binder : 861:861 ioctl 40046210 7fc8191c84 returned -22
01-01 08:00:35.032 0 0 I binder : 861:861 ioctl 40046210 7fc8191c64 returned -22
01-01 08:00:35.038 0 0 I ueventd : loading /devices/platform/soc/5c00000.qcom,ssc/firmware/slpi.b03 took 51ms
01-01 08:00:35.051 0 0 I init : starting service 'neuralnetworks_hal_service'...
01-01 08:00:35.079 0 0 I binder : 871:871 ioctl 40046210 7fd9793824 returned -22
01-01 08:00:35.082 0 0 E init : failed to write pid to files: couldn't write 907 to /dev/stune/nnapi-hal/tasks: No such file or directory
01-01 08:00:35.082 0 0 I init : starting service 'vendor.power'...
01-01 08:00:35.083 0 0 I init : starting service 'vendor.sensors-hal-2-0-multihal'...
01-01 08:00:35.084 0 0 I init : starting service 'android.thermal-hal'...
01-01 08:00:35.085 0 0 I init : starting service 'vendor.usb-hal-1-2'...
01-01 08:00:35.086 0 0 I init : starting service 'vendor.wifi_hal_legacy'...
01-01 08:00:35.087 0 0 I init : starting service 'display-color-hal-1-0'...
01-01 08:00:35.088 0 0 I init : starting service 'qti_esepowermanager_service_1_1'...
01-01 08:00:34.775 599 599 I auditd : type=1400 audit(0.0:373): avc: denied { read } for comm="Binder:599_2" name="wakeup58" dev="sysfs" ino=71284 scontext=u:r:system_suspend:s0 tcontext=u:object_r:sysfs:s0 tclass=dir permissive=1
01-01 08:00:34.775 599 599 I auditd : type=1400 audit(0.0:374): avc: denied { open } for comm="Binder:599_2" path="/sys/devices/virtual/misc/msm_g711alaw/wakeup58" dev="sysfs" ino=71284 scontext=u:r:system_suspend:s0 tcontext=u:object_r:sysfs:s0 tclass=dir permissive=1
01-01 08:00:35.090 0 0 I init : starting service 'vendor.capabilityconfigstore'...
01-01 08:00:35.114 0 0 I subsys-pil-tz 5c00000.qcom,ssc: slpi: Brought out of reset
01-01 08:00:35.119 0 0 I init : starting service 'vendor.qti.hardware.display.allocator'...
01-01 08:00:34.775 599 599 I auditd : type=1400 audit(0.0:375): avc: denied { read } for comm="Binder:599_2" name="event_count" dev="sysfs" ino=71291 scontext=u:r:system_suspend:s0 tcontext=u:object_r:sysfs:s0 tclass=file permissive=1
01-01 08:00:35.124 0 0 I init : starting service 'vendor.qti.hardware.display.composer'...
01-01 08:00:35.125 0 0 I init : Created socket '/dev/socket/pps', mode 660, user 1000, group 1000
01-01 08:00:34.817 782 830 I commit_sys_config_file: [batterystats-daily,42]
01-01 08:00:35.129 0 0 I init : starting service 'vendor.dspservice'...
01-01 08:00:34.775 599 599 I auditd : type=1400 audit(0.0:376): avc: denied { open } for comm="Binder:599_2" path="/sys/devices/virtual/misc/msm_g711alaw/wakeup58/event_count" dev="sysfs" ino=71291 scontext=u:r:system_suspend:s0 tcontext=u:object_r:sysfs:s0 tclass=file permissive=1
01-01 08:00:34.826 782 830 I commit_sys_config_file: [batterystats,6]
01-01 08:00:34.827 782 830 I commit_sys_config_file: [batterystats,1]
01-01 08:00:35.134 0 0 I init : starting service 'iop-hal-2-0'...
01-01 08:00:35.149 0 0 I init : starting service 'vendor.limits-hal'...
01-01 08:00:34.775 599 599 I auditd : type=1400 audit(0.0:377): avc: denied { getattr } for comm="Binder:599_2" path="/sys/devices/virtual/misc/msm_g711alaw/wakeup58/event_count" dev="sysfs" ino=71291 scontext=u:r:system_suspend:s0 tcontext=u:object_r:sysfs:s0 tclass=file permissive=1
01-01 08:00:34.843 782 782 I service_manager_stats: [100,16,32340]
01-01 08:00:35.156 0 0 I binder : 908:908 ioctl 40046210 7ffe230f14 returned -22
01-01 08:00:35.166 0 0 I init : starting service 'perf-hal-2-2'...
01-01 08:00:34.847 916 916 I auditd : type=1400 audit(0.0:378): avc: denied { read } for comm="vendor.qti.hard" name="u:object_r:vendor_cap_configstore_dbg_prop:s0" dev="tmpfs" ino=3486 scontext=u:r:vendor_hal_capabilityconfigstore_qti_default:s0 tcontext=u:object_r:vendor_cap_configstore_dbg_prop:s0 tclass=file permissive=1
01-01 08:00:34.847 916 916 I auditd : type=1400 audit(0.0:379): avc: denied { open } for comm="vendor.qti.hard" path="/dev/__properties__/u:object_r:vendor_cap_configstore_dbg_prop:s0" dev="tmpfs" ino=3486 scontext=u:r:vendor_hal_capabilityconfigstore_qti_default:s0 tcontext=u:object_r:vendor_cap_configstore_dbg_prop:s0 tclass=file permissive=1
01-01 08:00:34.847 916 916 I auditd : type=1400 audit(0.0:380): avc: denied { getattr } for comm="vendor.qti.hard" path="/dev/__properties__/u:object_r:vendor_cap_configstore_dbg_prop:s0" dev="tmpfs" ino=3486 scontext=u:r:vendor_hal_capabilityconfigstore_qti_default:s0 tcontext=u:object_r:vendor_cap_configstore_dbg_prop:s0 tclass=file permissive=1
01-01 08:00:34.847 916 916 I auditd : type=1400 audit(0.0:381): avc: denied { map } for comm="vendor.qti.hard" path="/dev/__properties__/u:object_r:vendor_cap_configstore_dbg_prop:s0" dev="tmpfs" ino=3486 scontext=u:r:vendor_hal_capabilityconfigstore_qti_default:s0 tcontext=u:object_r:vendor_cap_configstore_dbg_prop:s0 tclass=file permissive=1
01-01 08:00:35.175 0 0 I subsys-pil-tz 5c00000.qcom,ssc: Subsystem error monitoring/handling services are up
01-01 08:00:35.184 0 0 I init : starting service 'qccvndhalservice'...
01-01 08:00:35.188 0 0 I subsys-pil-tz 5c00000.qcom,ssc: slpi: Power/Clock ready interrupt received
01-01 08:00:35.188 0 0 I adsprpc : fastrpc_restart_notifier_cb: slpi subsystem is up
01-01 08:00:35.189 0 0 I adsprpc : fastrpc_rpmsg_probe: opened rpmsg channel for slpi
01-01 08:00:34.883 782 782 I rescue_note: [0,1,32380]
01-01 08:00:35.192 0 0 E register_client_adhoc: find path.src 1 dest 589
01-01 08:00:35.192 0 0 E register_client_adhoc: Failed to find path.src 1 dest 589
01-01 08:00:35.192 0 0 E : [drm:dp_display_init_aux_switch][msm-dp-err][62 ]failed to register notifier (-22)
01-01 08:00:35.199 0 0 I init : starting service 'qteeconnector-hal-1-0'...
01-01 08:00:35.201 0 0 I qcom_smd_qrtr_probe: Entered
01-01 08:00:35.201 0 0 I qcom_smd_qrtr_probe: SMD QRTR driver probed
01-01 08:00:35.202 0 0 E register_client_adhoc: find path.src 1 dest 589
01-01 08:00:35.202 0 0 E register_client_adhoc: Failed to find path.src 1 dest 589
01-01 08:00:35.203 0 0 E : [drm:dp_display_init_aux_switch][msm-dp-err][18 ]failed to register notifier (-22)
01-01 08:00:35.204 0 0 I qcom_rpmh DRV: apps_rsc TCS Busy, retrying RPMH message send: addr=0x30030
01-01 08:00:35.216 0 0 I init : starting service 'sensorscal-hal-1-0'...
01-01 08:00:35.225 0 0 I qcom_rpmh DRV: apps_rsc TCS Busy, retrying RPMH message send: addr=0x30040
01-01 08:00:35.237 0 0 I init : starting service 'vendor.servicetracker-1-2'...
01-01 08:00:34.939 918 918 I auditd : type=1400 audit(0.0:382): avc: denied { getattr } for comm="vendor.qti.hard" path="/mnt/vendor/persist/display" dev="sda2" ino=29 scontext=u:r:hal_graphics_composer_default:s0 tcontext=u:object_r:mnt_product_file:s0 tclass=dir permissive=1
01-01 08:00:35.264 0 0 I init : starting service 'soter-1-0'...
01-01 08:00:34.939 918 918 I auditd : type=1400 audit(0.0:383): avc: denied { search } for comm="vendor.qti.hard" name="display" dev="sda2" ino=29 scontext=u:r:hal_graphics_composer_default:s0 tcontext=u:object_r:mnt_product_file:s0 tclass=dir permissive=1
01-01 08:00:35.285 0 0 I init : starting service 'tui_comm-1-0'...
01-01 08:00:34.951 918 918 I auditd : type=1400 audit(0.0:384): avc: denied { read write } for comm="vendor.qti.hard" name="diag" dev="tmpfs" ino=1107 scontext=u:r:hal_graphics_composer_default:s0 tcontext=u:object_r:vendor_diag_device:s0 tclass=chr_file permissive=1
01-01 08:00:35.305 0 0 I init : starting service 'vendor.qti.vibrator'...
01-01 08:00:34.951 918 918 I auditd : type=1400 audit(0.0:385): avc: denied { open } for comm="vendor.qti.hard" path="/dev/diag" dev="tmpfs" ino=1107 scontext=u:r:hal_graphics_composer_default:s0 tcontext=u:object_r:vendor_diag_device:s0 tclass=chr_file permissive=1
01-01 08:00:35.324 0 0 I init : starting service 'vendor-qti-media-c2-hal-1-0'...
01-01 08:00:35.332 0 0 I binder : 1047:1047 ioctl 40046210 7fecd35f14 returned -22
01-01 08:00:35.342 0 0 I init : starting service 'pasr-hal-1-0'...
01-01 08:00:35.342 0 0 W QSEECOM : qseecom_load_app: App (soter64) does'nt exist, loading apps for first time
01-01 08:00:34.951 918 918 I auditd : type=1400 audit(0.0:386): avc: denied { ioctl } for comm="vendor.qti.hard" path="/dev/diag" dev="tmpfs" ino=1107 ioctlcmd=0x0 scontext=u:r:hal_graphics_composer_default:s0 tcontext=u:object_r:vendor_diag_device:s0 tclass=chr_file permissive=1
01-01 08:00:35.351 0 0 W QSEECOM : qseecom_load_app: App with id 4 (soter64) now loaded
01-01 08:00:35.403 0 0 I msm_vidc: high: 00000001: ....d: Opening video instance: 0000000000000000, 1
01-01 08:00:35.411 0 0 I init : starting service 'qspmhal'...
01-01 08:00:35.419 0 0 I msm_vidc_v4l2 aa00000.qcom,vidc: Linked as a consumer to regulator.75
01-01 08:00:35.431 0 0 I init : starting service 'secureelement-hal_1_2'...
01-01 08:00:35.440 0 0 I msm_vidc_v4l2 aa00000.qcom,vidc: Linked as a consumer to regulator.74
01-01 08:00:35.451 0 0 I init : starting service 'tsnv-1-0'...
01-01 08:00:35.460 0 0 I subsys-restart: __subsystem_get(): Changing subsys fw_name to venus
01-01 08:00:35.470 0 0 I init : starting service 'vendor.vppservice'...
01-01 08:00:35.479 0 0 W subsys-pil-tz aab0000.qcom,venus: Falling back to syfs fallback for: venus.mdt
01-01 08:00:35.490 0 0 I init : Command 'class_start hal' action=boot (/system/etc/init/hw/init.rc:1113) took 479ms and succeeded
01-01 08:00:35.500 0 0 I ueventd : firmware: loading 'venus.mdt' for '/devices/platform/soc/aab0000.qcom,venus/firmware/venus.mdt'
01-01 08:00:35.505 0 0 E init : Control message: Could not find 'vendor.qti.hardware.perf@2.2::IPerf/default' for ctl.interface_start from pid: 514 (/system/bin/hwservicemanager)
01-01 08:00:35.514 0 0 I ueventd : loading /devices/platform/soc/aab0000.qcom,venus/firmware/venus.mdt took 14ms
01-01 08:00:35.514 0 0 I subsys-pil-tz aab0000.qcom,venus: venus: loading from 0x0000000086e00000 to 0x0000000087300000
01-01 08:00:35.517 0 0 W subsys-pil-tz aab0000.qcom,venus: Falling back to syfs fallback for: venus.b02
01-01 08:00:35.517 0 0 W subsys-pil-tz aab0000.qcom,venus: Falling back to syfs fallback for: venus.b03
01-01 08:00:35.517 0 0 W subsys-pil-tz aab0000.qcom,venus: Falling back to syfs fallback for: venus.b04
01-01 08:00:35.517 0 0 W subsys-pil-tz aab0000.qcom,venus: Falling back to syfs fallback for: venus.b05
01-01 08:00:35.517 0 0 W subsys-pil-tz aab0000.qcom,venus: Falling back to syfs fallback for: venus.b06
01-01 08:00:35.517 0 0 W subsys-pil-tz aab0000.qcom,venus: Falling back to syfs fallback for: venus.b07
01-01 08:00:35.517 0 0 W subsys-pil-tz aab0000.qcom,venus: Falling back to syfs fallback for: venus.b08
01-01 08:00:35.517 0 0 W subsys-pil-tz aab0000.qcom,venus: Falling back to syfs fallback for: venus.b09
01-01 08:00:35.517 0 0 W subsys-pil-tz aab0000.qcom,venus: Falling back to syfs fallback for: venus.b10
01-01 08:00:35.517 0 0 W subsys-pil-tz aab0000.qcom,venus: Falling back to syfs fallback for: venus.b19
01-01 08:00:35.518 0 0 I ueventd : firmware: loading 'venus.b03' for '/devices/platform/soc/aab0000.qcom,venus/firmware/venus.b03'
01-01 08:00:35.519 0 0 I ueventd : loading /devices/platform/soc/aab0000.qcom,venus/firmware/venus.b03 took 0ms
01-01 08:00:35.519 0 0 I ueventd : firmware: loading 'venus.b02' for '/devices/platform/soc/aab0000.qcom,venus/firmware/venus.b02'
01-01 08:00:35.520 0 0 I ueventd : loading /devices/platform/soc/aab0000.qcom,venus/firmware/venus.b02 took 0ms
01-01 08:00:35.521 0 0 I ueventd : firmware: loading 'venus.b05' for '/devices/platform/soc/aab0000.qcom,venus/firmware/venus.b05'
01-01 08:00:35.522 0 0 I ueventd : loading /devices/platform/soc/aab0000.qcom,venus/firmware/venus.b05 took 0ms
01-01 08:00:35.523 0 0 I ueventd : firmware: loading 'venus.b07' for '/devices/platform/soc/aab0000.qcom,venus/firmware/venus.b07'
01-01 08:00:35.523 0 0 I ueventd : firmware: loading 'venus.b08' for '/devices/platform/soc/aab0000.qcom,venus/firmware/venus.b08'
01-01 08:00:35.524 0 0 I ueventd : firmware: loading 'venus.b06' for '/devices/platform/soc/aab0000.qcom,venus/firmware/venus.b06'
01-01 08:00:35.524 0 0 I init : starting service 'qcom-c_core-sh'...
01-01 08:00:35.525 0 0 I ueventd : firmware: loading 'venus.b10' for '/devices/platform/soc/aab0000.qcom,venus/firmware/venus.b10'
01-01 08:00:35.526 0 0 I ueventd : loading /devices/platform/soc/aab0000.qcom,venus/firmware/venus.b10 took 0ms
01-01 08:00:35.526 0 0 I ueventd : firmware: loading 'venus.b19' for '/devices/platform/soc/aab0000.qcom,venus/firmware/venus.b19'
01-01 08:00:35.527 0 0 I ueventd : loading /devices/platform/soc/aab0000.qcom,venus/firmware/venus.b19 took 0ms
01-01 08:00:35.527 0 0 I ueventd : firmware: loading 'venus.b09' for '/devices/platform/soc/aab0000.qcom,venus/firmware/venus.b09'
01-01 08:00:35.527 0 0 I ueventd : loading /devices/platform/soc/aab0000.qcom,venus/firmware/venus.b07 took 3ms
01-01 08:00:35.528 0 0 I ueventd : loading /devices/platform/soc/aab0000.qcom,venus/firmware/venus.b09 took 1ms
01-01 08:00:35.533 0 0 I ueventd : loading /devices/platform/soc/aab0000.qcom,venus/firmware/venus.b08 took 9ms
01-01 08:00:35.543 0 0 I ueventd : firmware: loading 'venus.b04' for '/devices/platform/soc/aab0000.qcom,venus/firmware/venus.b04'
01-01 08:00:35.544 0 0 I ueventd : loading /devices/platform/soc/aab0000.qcom,venus/firmware/venus.b06 took 20ms
01-01 08:00:35.552 0 0 I init : starting service 'vendor.qrtr-ns'...
01-01 08:00:35.562 0 0 I ueventd : loading /devices/platform/soc/aab0000.qcom,venus/firmware/venus.b04 took 18ms
01-01 08:00:35.571 0 0 I subsys-pil-tz aab0000.qcom,venus: venus: Brought out of reset
01-01 08:00:35.571 0 0 I init : starting service 'irsc_util'...
01-01 08:00:35.572 0 0 E init : Could not start service 'esepmdaemon' as part of class 'core': Cannot find '/system/vendor/bin/esepmdaemon': No such file or directory
01-01 08:00:35.572 0 0 I init : starting service 'vendor.lowi'...
01-01 08:00:35.573 0 0 I init : starting service 'vendor.pd_mapper'...
01-01 08:00:35.574 0 0 I init : starting service 'vendor.per_mgr'...
01-01 08:00:35.576 0 0 I init : starting service 'vendor.mdm_launcher'...
01-01 08:00:35.577 0 0 I init : starting service 'audioserver'...
01-01 08:00:35.578 0 0 I init : starting service 'credstore'...
01-01 08:00:35.579 0 0 I init : starting service 'gpu'...
01-01 08:00:35.581 0 0 I init : starting service 'surfaceflinger'...
01-01 08:00:35.581 0 0 I init : Could not create socket 'pdx/system/vr/display/client': Failed to bind socket 'pdx/system/vr/display/client': No such file or directory
01-01 08:00:35.581 0 0 I init : Could not create socket 'pdx/system/vr/display/manager': Failed to bind socket 'pdx/system/vr/display/manager': No such file or directory
01-01 08:00:35.581 0 0 I init : Could not create socket 'pdx/system/vr/display/vsync': Failed to bind socket 'pdx/system/vr/display/vsync': No such file or directory
01-01 08:00:35.583 0 0 I init : starting service 'vendor.rmt_storage'...
01-01 08:00:35.584 0 0 I init : starting service 'vendor.tftp_server'...
01-01 08:00:35.267 7 7 I auditd : type=1400 audit(0.0:387): avc: denied { create } for comm="kworker/u16:0" scontext=u:r:kernel:s0 tcontext=u:r:kernel:s0 tclass=qipcrtr_socket permissive=1
01-01 08:00:35.586 0 0 I init : starting service 'vendor.sensors.qti'...
01-01 08:00:35.594 0 0 I init : Command 'class_start core' action=boot (/system/etc/init/hw/init.rc:1115) took 69ms and succeeded
01-01 08:00:35.594 0 0 I init : Service 'irsc_util' (pid 1080) exited with status 0 oneshot service took 0.022000 seconds in background
01-01 08:00:35.594 0 0 I init : Sending signal 9 to service 'irsc_util' (pid 1080) process group...
01-01 08:00:35.594 0 0 I libprocessgroup: Successfully killed process cgroup uid 0 pid 1080 in 0ms
01-01 08:00:35.595 0 0 I init : Service 'vendor.mdm_launcher' (pid 1085) exited with status 0 oneshot service took 0.018000 seconds in background
01-01 08:00:35.595 0 0 I init : Sending signal 9 to service 'vendor.mdm_launcher' (pid 1085) process group...
01-01 08:00:35.595 0 0 I libprocessgroup: Successfully killed process cgroup uid 0 pid 1085 in 0ms
01-01 08:00:35.595 0 0 E init : Control message: Could not find 'vendor.qti.hardware.perf@2.2::IPerf/default' for ctl.interface_start from pid: 514 (/system/bin/hwservicemanager)
01-01 08:00:35.595 0 0 I init : processing action (persist.sys.usb.config=* && boot) from (/system/etc/init/hw/init.usb.rc:108)
01-01 08:00:35.596 0 0 E init : Control message: Could not find 'vendor.qti.hardware.perf@2.2::IPerf/default' for ctl.interface_start from pid: 514 (/system/bin/hwservicemanager)
01-01 08:00:35.271 1083 1083 I auditd : type=1400 audit(0.0:388): avc: denied { open } for comm="getprop" path="/dev/__properties__/u:object_r:default_prop:s0" dev="tmpfs" ino=3329 scontext=u:r:vendor_qti_init_shell:s0 tcontext=u:object_r:default_prop:s0 tclass=file permissive=1
01-01 08:00:35.610 0 0 I msm_vidc: err : 00000001: ....d: Failed to create debugfs for msm_vidc
01-01 08:00:35.610 0 0 I binder : 1087:1087 ioctl 40046210 7fdbccda94 returned -22
01-01 08:00:35.615 0 0 I msm_vidc: high: 00000001: h264d: Closed video instance: 0000000000000000
01-01 08:00:35.615 0 0 I msm_vidc: high: 00000001: ....d: Opening video instance: 0000000000000000, 1
01-01 08:00:35.615 0 0 I msm_vidc: err : 00000001: ....d: Failed to create debugfs for msm_vidc
01-01 08:00:35.617 0 0 I binder : 1088:1088 ioctl 40046210 7fca0cbd64 returned -22
01-01 08:00:35.620 0 0 I init : processing action (boot) from (/vendor/etc/init/hw/init.qcom.rc:108)
01-01 08:00:35.621 0 0 I msm_vidc: high: 00000001: h264d: Closed video instance: 0000000000000000
01-01 08:00:35.622 0 0 I msm_vidc: high: 00000001: ....d: Opening video instance: 0000000000000000, 1
01-01 08:00:35.622 0 0 I msm_vidc: err : 00000001: ....d: Failed to create debugfs for msm_vidc
01-01 08:00:35.626 0 0 E rmt_storage: ERR:main: Mmap Failed for rmts (-1)...pausing execution!
01-01 08:00:35.627 0 0 I msm_vidc: high: 00000001: h265d: Closed video instance: 0000000000000000
01-01 08:00:35.628 0 0 I msm_vidc: high: 00000001: ....d: Opening video instance: 0000000000000000, 1
01-01 08:00:35.628 0 0 I msm_vidc: err : 00000001: ....d: Failed to create debugfs for msm_vidc
01-01 08:00:35.630 0 0 I msm_vidc: high: 00000001: h265d: Closed video instance: 0000000000000000
01-01 08:00:35.631 0 0 I msm_vidc: high: 00000001: ....d: Opening video instance: 0000000000000000, 1
01-01 08:00:35.631 0 0 I msm_vidc: err : 00000001: ....d: Failed to create debugfs for msm_vidc
01-01 08:00:35.271 1083 1083 I auditd : type=1400 audit(0.0:389): avc: denied { getattr } for comm="getprop" path="/dev/__properties__/u:object_r:default_prop:s0" dev="tmpfs" ino=3329 scontext=u:r:vendor_qti_init_shell:s0 tcontext=u:object_r:default_prop:s0 tclass=file permissive=1
01-01 08:00:35.632 0 0 I sysmon-qmi: ssctl_new_server: Connection established between QMI handle and cdsp's SSCTL service
01-01 08:00:35.634 0 0 E diag : In diag_send_feature_mask_update, control channel is not open, p: 6, 0000000000000000
01-01 08:00:35.634 0 0 E diag : In diag_send_peripheral_buffering_mode, buffering flag not set for 6
01-01 08:00:35.634 0 0 E diag : In diag_send_feature_mask_update, control channel is not open, p: 3, 0000000000000000
01-01 08:00:35.636 0 0 E diag : In diag_send_peripheral_buffering_mode, buffering flag not set for 3
01-01 08:00:35.636 0 0 E diag : In diag_send_feature_mask_update, control channel is not open, p: 1, 0000000000000000
01-01 08:00:35.636 0 0 E diag : In diag_send_peripheral_buffering_mode, buffering flag not set for 1
01-01 08:00:35.637 0 0 E diag : In diag_send_feature_mask_update, control channel is not open, p: 5, 0000000000000000
01-01 08:00:35.637 0 0 E diag : In diag_send_peripheral_buffering_mode, buffering flag not set for 5
01-01 08:00:35.637 0 0 I msm_vidc: high: 00000001: vp8d: Closed video instance: 0000000000000000
01-01 08:00:35.638 0 0 I msm_vidc: high: 00000001: ....d: Opening video instance: 0000000000000000, 1
01-01 08:00:35.638 0 0 I msm_vidc: err : 00000001: ....d: Failed to create debugfs for msm_vidc
01-01 08:00:35.640 0 0 I sysmon-qmi: ssctl_new_server: Connection established between QMI handle and adsp's SSCTL service
01-01 08:00:35.640 0 0 I sysmon-qmi: ssctl_new_server: Connection established between QMI handle and slpi's SSCTL service
01-01 08:00:35.640 0 0 D cnss : WLFW server arriving: node 7 port 1
01-01 08:00:35.640 0 0 I sysmon-qmi: ssctl_new_server: Connection established between QMI handle and slpi's SSCTL service
01-01 08:00:35.640 0 0 D cnss : Posting event: SERVER_ARRIVE(0), state: 0x8 flags: 0x0
01-01 08:00:35.640 0 0 D cnss : PM stay awake, state: 0x8, count: 1
01-01 08:00:35.640 0 0 D cnss : PM relax, state: 0x8, count: 0
01-01 08:00:35.640 0 0 D cnss : PM stay awake, state: 0x8, count: 1
01-01 08:00:35.640 0 0 D cnss : Processing driver event: SERVER_ARRIVE(0), state: 0x8
01-01 08:00:35.640 0 0 I cnss : QMI WLFW service connected, state: 0x9
01-01 08:00:35.640 0 0 D cnss : Sending indication register message, state: 0x9
01-01 08:00:35.641 0 0 I msm_vidc: high: 00000001: vp9d: Closed video instance: 0000000000000000
01-01 08:00:35.642 0 0 I msm_vidc: high: 00000001: ....d: Opening video instance: 0000000000000000, 1
01-01 08:00:35.642 0 0 I msm_vidc: err : 00000001: ....d: Failed to create debugfs for msm_vidc
01-01 08:00:35.644 0 0 I msm_vidc: high: 00000001: vp9d: Closed video instance: 0000000000000000
01-01 08:00:35.645 0 0 I msm_vidc: high: 00000001: ....d: Opening video instance: 0000000000000000, 1
01-01 08:00:35.645 0 0 I msm_vidc: err : 00000001: ....d: Failed to create debugfs for msm_vidc
01-01 08:00:35.647 0 0 I msm_vidc: high: 00000001: mpg2d: Closed video instance: 0000000000000000
01-01 08:00:35.648 0 0 I msm_vidc: high: 00000001: ....d: Opening video instance: 0000000000000000, 1
01-01 08:00:35.648 0 0 I msm_vidc: err : 00000001: ....d: Failed to create debugfs for msm_vidc
01-01 08:00:35.649 0 0 I msm_vidc: high: 00000001: mpg2d: Closed video instance: 0000000000000000
01-01 08:00:35.650 0 0 I servloc : service_locator_new_server: Connection established with the Service locator
01-01 08:00:35.650 0 0 I servloc : init_service_locator: Service locator initialized
01-01 08:00:35.650 0 0 I adsprpc : fastrpc_get_service_location_notify: PDR notifier for adsp registered for msm/adsp/audio_pd (audio_pdr_adsprpc)
01-01 08:00:35.650 0 0 I adsprpc : fastrpc_get_service_location_notify: audio_pdr_adsprpc (msm/adsp/audio_pd) PDR service for adsp is uninitialized
01-01 08:00:35.650 0 0 I audio_notifer_reg_service: service PDR_ADSP is in use
01-01 08:00:35.650 0 0 I msm_vidc: high: 00000001: ....e: Opening video instance: 0000000000000000, 0
01-01 08:00:35.650 0 0 I msm_vidc: err : 00000001: ....e: Failed to create debugfs for msm_vidc
01-01 08:00:35.652 0 0 E init : Control message: Could not find 'vendor.qti.hardware.perf@2.2::IPerf/default' for ctl.interface_start from pid: 514 (/system/bin/hwservicemanager)
01-01 08:00:35.652 0 0 I msm_vidc: high: 00000001: h264e: Closed video instance: 0000000000000000
01-01 08:00:35.652 0 0 D cnss : Sending host capability message, state: 0x9
01-01 08:00:35.652 0 0 D cnss : Number of clients is 2
01-01 08:00:35.652 0 0 D cnss : Assign MSI to user: WAKE, num_vectors: 1, user_base_data: 813, base_vector: 13
01-01 08:00:35.652 0 0 D cnss : WAKE MSI base data is 813
01-01 08:00:35.652 0 0 D cnss : Calibration done is 0
01-01 08:00:35.652 0 0 D cnss : Sending iova starting 0xa0000000 with size 0x10010000
01-01 08:00:35.655 0 0 D cnss : PM relax, state: 0x9, count: 0
01-01 08:00:35.656 0 0 I msm_vidc: high: 00000001: ....e: Opening video instance: 0000000000000000, 0
01-01 08:00:35.657 0 0 I msm_vidc: err : 00000001: ....e: Failed to create debugfs for msm_vidc
01-01 08:00:35.659 0 0 I binder : 1089:1089 ioctl 40046210 7ff1faa124 returned -22
01-01 08:00:35.661 0 0 I msm_vidc: high: 00000001: h265e: Closed video instance: 0000000000000000
01-01 08:00:35.666 0 0 I msm_vidc: high: 00000001: ....e: Opening video instance: 0000000000000000, 0
01-01 08:00:35.666 0 0 I msm_vidc: err : 00000001: ....e: Failed to create debugfs for msm_vidc
01-01 08:00:35.667 0 0 I binder : 1089:1089 ioctl 40046210 7ff1fabb54 returned -22
01-01 08:00:35.271 1083 1083 I auditd : type=1400 audit(0.0:390): avc: denied { map } for comm="getprop" path="/dev/__properties__/u:object_r:default_prop:s0" dev="tmpfs" ino=3329 scontext=u:r:vendor_qti_init_shell:s0 tcontext=u:object_r:default_prop:s0 tclass=file permissive=1
01-01 08:00:35.287 1094 1094 I auditd : type=1400 audit(0.0:391): avc: denied { read write } for comm="sensors.qti" name="diag" dev="tmpfs" ino=1107 scontext=u:r:vendor_sensors_qti:s0 tcontext=u:object_r:vendor_diag_device:s0 tclass=chr_file permissive=1
01-01 08:00:35.287 1094 1094 I auditd : type=1400 audit(0.0:392): avc: denied { open } for comm="sensors.qti" path="/dev/diag" dev="tmpfs" ino=1107 scontext=u:r:vendor_sensors_qti:s0 tcontext=u:object_r:vendor_diag_device:s0 tclass=chr_file permissive=1
01-01 08:00:35.351 336 336 I auditd : type=1400 audit(0.0:393): avc: denied { create } for comm="kworker/u16:11" scontext=u:r:kernel:s0 tcontext=u:r:kernel:s0 tclass=qipcrtr_socket permissive=1
01-01 08:00:35.669 0 0 I service-notifier: service_notifier_new_server: Connection established between QMI handle and 74 service
01-01 08:00:35.671 0 0 I binder : 1086:1086 ioctl 40046210 7fc38228f4 returned -22
01-01 08:00:35.671 0 0 I binder : 1086:1086 ioctl 40046210 7fc3822914 returned -22
01-01 08:00:35.676 0 0 I msm_vidc: high: 00000001: h265e: Closed video instance: 0000000000000000
01-01 08:00:35.677 0 0 E init : Control message: Could not find 'vendor.qti.hardware.perf@2.2::IPerf/default' for ctl.interface_start from pid: 514 (/system/bin/hwservicemanager)
01-01 08:00:35.680 0 0 I msm_vidc: high: 00000001: ....e: Opening video instance: 0000000000000000, 0
01-01 08:00:35.680 0 0 I msm_vidc: err : 00000001: ....e: Failed to create debugfs for msm_vidc
01-01 08:00:35.681 0 0 I msm_vidc: high: 00000001: h265e: Closed video instance: 0000000000000000
01-01 08:00:35.683 0 0 I msm_vidc: high: 00000001: ....e: Opening video instance: 0000000000000000, 0
01-01 08:00:35.683 0 0 I adsprpc : fastrpc_pdr_notifier_cb: msm/adsp/audio_pd (audio_pdr_adsprpc) is up on adsp
01-01 08:00:35.683 0 0 I apr_adsp_up: Q6 is Up
01-01 08:00:35.684 0 0 I msm-audio-ion soc: qcom,msm-audio-apr:qcom,msm-audio-ion: Linked as a consumer to 15000000.apps-smmu
01-01 08:00:35.685 0 0 I iommu : Adding device soc:qcom,msm-audio-apr:qcom,msm-audio-ion to group 50
