03-16 10:33:15.904 797 812 I thunderperf: CompatConfig.addOverrideUnsafe: bef-state=0
03-16 10:33:15.904 797 812 I thunderperf: CompatConfig.addOverrideUnsafe: aft-state=0
03-16 10:33:15.905 797 812 I thunderperf: CompatConfig.addOverrideUnsafe: bef-state=0
03-16 10:33:15.905 797 812 I thunderperf: CompatConfig.addOverrideUnsafe: aft-state=0
03-16 10:33:15.905 797 812 I thunderperf: CompatConfig.addOverrideUnsafe: bef-state=0
03-16 10:33:15.905 797 812 I thunderperf: CompatConfig.addOverrideUnsafe: aft-state=0
03-16 10:33:15.905 797 812 I thunderperf: CompatConfig.addOverrideUnsafe: bef-state=0
03-16 10:33:15.905 797 812 I thunderperf: CompatConfig.addOverrideUnsafe: aft-state=0
03-16 10:33:15.906 797 812 I ActivityTaskManager: START u0 {act=android.intent.action.MAIN cat=[android.intent.category.LAUNCHER] flg=0x10200000 cmp=com.android.settings/.Settings bnds=[2128,710][2314,910]} from uid 10074
03-16 10:33:15.909 2011 2236 D PhoneStartingWindowTypeAlgorithm: preferredStartingWindowType newTask:false taskSwitch:true processRunning:true allowTaskSnapshot:true activityCreated:true useEmptySplashScreen:false legacySplashScreen:false topIsHome:false
03-16 10:33:15.909 2011 2236 D PhoneStartingWindowTypeAlgorithm: isSnapshotCompatible rotation 0 snapshot 0
03-16 10:33:15.910 797 2921 W FreeFormWindowHelper: Current Display FreeFormTask is null
03-16 10:33:15.912 797 2921 I ActivityTaskManager: FOREGROUND_APPLICATION_CHANGED to com.android.settings.homepage.SettingsHomepageActivity
03-16 10:33:15.949 797 2315 D TelephonyRegistry: listen oscl: mHasNotifySubscriptionInfoChangedOccurred==false no callback
03-16 10:33:15.951 797 2315 D TelephonyRegistry: listen oscl: mHasNotifySubscriptionInfoChangedOccurred==false no callback
03-16 10:33:15.967 2011 2236 D StartingSurfaceDrawer: Task start finish, remove starting surface for task 27
03-16 10:33:16.017 797 1514 W FreeFormWindowHelper: Current Display FreeFormTask is null
01-01 23:51:32.423 0 0 I [schedu][0x252d44c47][10:33:16.028347] wlan: [3549:I:OSIF] scan start scan id 40966
01-01 23:51:32.716 0 0 E DTC_ETH,link_delay_work_func: 3003, SQI=0, link=0
03-16 10:33:16.556 797 812 W FreeFormWindowHelper: Current Display FreeFormTask is null
03-16 10:33:16.558 797 812 W FreeFormWindowHelper: Current Display FreeFormTask is null
03-16 10:33:16.564 797 3175 W FreeFormWindowHelper: Current Display FreeFormTask is null
03-16 10:33:16.565 797 3175 W FreeFormWindowHelper: Current Display FreeFormTask is null
03-16 10:33:16.595 797 814 D AutofillManagerService: Close system dialogs
03-16 10:33:16.601 797 1514 W FreeFormWindowHelper: Current Display FreeFormTask is null
03-16 10:33:16.602 797 1514 W FreeFormWindowHelper: Current Display FreeFormTask is null
03-16 10:33:16.613 797 1514 W FreeFormWindowHelper: Current Display FreeFormTask is null
03-16 10:33:16.613 797 1514 W FreeFormWindowHelper: Current Display FreeFormTask is null
03-16 10:33:16.614 797 1514 W FreeFormWindowHelper: Current Display FreeFormTask is null
03-16 10:33:16.614 797 1514 W FreeFormWindowHelper: Current Display FreeFormTask is null
03-16 10:33:16.622 797 3175 W FreeFormWindowHelper: Current Display FreeFormTask is null
03-16 10:33:16.622 797 3175 W FreeFormWindowHelper: Current Display FreeFormTask is null
03-16 10:33:16.638 797 3175 W FreeFormWindowHelper: Current Display FreeFormTask is null
03-16 10:33:16.638 797 3175 W FreeFormWindowHelper: Current Display FreeFormTask is null
03-16 10:33:16.717 797 1514 W FreeFormWindowHelper: exitRecentTasks type=0
03-16 10:33:16.722 797 1514 W FreeFormWindowHelper: Current Display FreeFormTask is null
03-16 10:33:16.722 797 1514 W FreeFormWindowHelper: Current Display FreeFormTask is null
01-01 23:51:33.593 0 0 I [schedu][0x2542b1310][10:33:17.198357] wlan: [3549:I:OSIF] vdev 0, scan id 40966 type COMPLETED(1) reason COMPLETED(1) scan found 16 bss
03-16 10:33:17.375 797 1514 W FreeFormWindowHelper: Current Display FreeFormTask is null
03-16 10:33:17.375 797 1514 W FreeFormWindowHelper: Current Display FreeFormTask is null
03-16 10:33:17.385 797 1514 I ActivityTaskManager: FOREGROUND_APPLICATION_CHANGED to com.android.launcher3.uioverrides.QuickstepLauncher
03-16 10:33:17.502 797 1514 W FreeFormWindowHelper: Current Display FreeFormTask is null
03-16 10:33:17.865 797 2870 E TaskPersister: File error accessing recents directory (directory doesn't exist?).
01-01 23:51:36.398 0 0 I msm_vidc: err : ffffffff: .....: DBLP Set: status 0
01-01 23:51:37.836 0 0 E DTC_ETH,link_delay_work_func: 3003, SQI=0, link=0
01-01 23:51:42.956 0 0 E DTC_ETH,link_delay_work_func: 3003, SQI=0, link=0
01-01 23:51:48.076 0 0 E DTC_ETH,link_delay_work_func: 3003, SQI=0, link=0
01-01 23:51:53.196 0 0 E DTC_ETH,link_delay_work_func: 3003, SQI=0, link=0
01-01 23:51:58.316 0 0 E DTC_ETH,link_delay_work_func: 3003, SQI=0, link=0
01-01 23:52:03.436 0 0 E DTC_ETH,link_delay_work_func: 3003, SQI=0, link=0
01-01 23:52:08.556 0 0 E DTC_ETH,link_delay_work_func: 3003, SQI=0, link=0
01-01 23:52:13.676 0 0 E DTC_ETH,link_delay_work_func: 3003, SQI=0, link=0
01-01 23:52:18.796 0 0 E DTC_ETH,link_delay_work_func: 3003, SQI=0, link=0
01-01 23:52:19.022 0 0 I msm_vidc: err : ffffffff: .....: DBLP Set: status 0
01-01 23:52:22.595 0 0 I [schedu][0x28c3f170b][10:34:06.200224] wlan: [3549:I:OSIF] scan start scan id 40967
01-01 23:52:23.766 0 0 I [schedu][0x28d9645fe][10:34:07.371623] wlan: [3549:I:OSIF] vdev 0, scan id 40967 type COMPLETED(1) reason COMPLETED(1) scan found 17 bss
01-01 23:52:23.917 0 0 E DTC_ETH,link_delay_work_func: 3003, SQI=0, link=0
03-16 10:34:09.647 797 853 V DisplayPowerController[0]: Brightness [0.05] reason changing to: 'manual [ dim ]', previous reason: 'manual'.
03-16 10:34:09.653 797 1949 E DisplayDeviceConfig: requesting nits when no mapping exists.
03-16 10:34:09.654 797 1949 E DisplayDeviceConfig: requesting nits when no mapping exists.
03-16 10:34:09.656 797 830 I DropBoxManagerService: add tag=system_server_wtf isTagEnabled=true flags=0x2
03-16 10:34:09.659 797 830 I DropBoxManagerService: add tag=system_server_wtf isTagEnabled=true flags=0x2
03-16 10:34:09.669 797 1949 E DisplayDeviceConfig: requesting nits when no mapping exists.
03-16 10:34:09.670 797 1949 E DisplayDeviceConfig: requesting nits when no mapping exists.
03-16 10:34:09.671 797 830 I DropBoxManagerService: add tag=system_server_wtf isTagEnabled=true flags=0x2
03-16 10:34:09.672 797 830 I DropBoxManagerService: add tag=system_server_wtf isTagEnabled=true flags=0x2
03-16 10:34:09.686 797 1949 E DisplayDeviceConfig: requesting nits when no mapping exists.
03-16 10:34:09.686 797 1949 E DisplayDeviceConfig: requesting nits when no mapping exists.
03-16 10:34:09.687 797 830 I DropBoxManagerService: add tag=system_server_wtf isTagEnabled=true flags=0x2
03-16 10:34:09.691 797 1949 E DisplayDeviceConfig: requesting nits when no mapping exists.
03-16 10:34:09.691 797 1949 E DisplayDeviceConfig: requesting nits when no mapping exists.
03-16 10:34:09.707 797 1949 E DisplayDeviceConfig: requesting nits when no mapping exists.
03-16 10:34:09.708 797 1949 E DisplayDeviceConfig: requesting nits when no mapping exists.
03-16 10:34:09.724 797 1949 E DisplayDeviceConfig: requesting nits when no mapping exists.
03-16 10:34:09.724 797 1949 E DisplayDeviceConfig: requesting nits when no mapping exists.
03-16 10:34:09.741 797 1949 E DisplayDeviceConfig: requesting nits when no mapping exists.
03-16 10:34:09.741 797 1949 E DisplayDeviceConfig: requesting nits when no mapping exists.
03-16 10:34:09.757 797 1949 E DisplayDeviceConfig: requesting nits when no mapping exists.
03-16 10:34:09.758 797 1949 E DisplayDeviceConfig: requesting nits when no mapping exists.
03-16 10:34:09.774 797 1949 E DisplayDeviceConfig: requesting nits when no mapping exists.
03-16 10:34:09.775 797 1949 E DisplayDeviceConfig: requesting nits when no mapping exists.
03-16 10:34:09.791 797 1949 E DisplayDeviceConfig: requesting nits when no mapping exists.
03-16 10:34:09.792 797 1949 E DisplayDeviceConfig: requesting nits when no mapping exists.
03-16 10:34:09.808 797 1949 E DisplayDeviceConfig: requesting nits when no mapping exists.
03-16 10:34:09.810 797 1949 E DisplayDeviceConfig: requesting nits when no mapping exists.
03-16 10:34:09.825 797 1949 E DisplayDeviceConfig: requesting nits when no mapping exists.
03-16 10:34:09.826 797 1949 E DisplayDeviceConfig: requesting nits when no mapping exists.
03-16 10:34:09.841 797 1949 E DisplayDeviceConfig: requesting nits when no mapping exists.
03-16 10:34:09.843 797 1949 E DisplayDeviceConfig: requesting nits when no mapping exists.
03-16 10:34:09.858 797 1949 E DisplayDeviceConfig: requesting nits when no mapping exists.
03-16 10:34:09.859 797 1949 E DisplayDeviceConfig: requesting nits when no mapping exists.
03-16 10:34:09.875 797 1949 E DisplayDeviceConfig: requesting nits when no mapping exists.
03-16 10:34:09.875 797 1949 E DisplayDeviceConfig: requesting nits when no mapping exists.
03-16 10:34:09.891 797 1949 E DisplayDeviceConfig: requesting nits when no mapping exists.
03-16 10:34:09.892 797 1949 E DisplayDeviceConfig: requesting nits when no mapping exists.
03-16 10:34:09.908 797 1949 E DisplayDeviceConfig: requesting nits when no mapping exists.
03-16 10:34:09.909 797 1949 E DisplayDeviceConfig: requesting nits when no mapping exists.
03-16 10:34:09.925 797 1949 E DisplayDeviceConfig: requesting nits when no mapping exists.
03-16 10:34:09.925 797 1949 E DisplayDeviceConfig: requesting nits when no mapping exists.
03-16 10:34:09.941 797 1949 E DisplayDeviceConfig: requesting nits when no mapping exists.
03-16 10:34:09.942 797 1949 E DisplayDeviceConfig: requesting nits when no mapping exists.
03-16 10:34:09.959 797 1949 E DisplayDeviceConfig: requesting nits when no mapping exists.
03-16 10:34:09.959 797 1949 E DisplayDeviceConfig: requesting nits when no mapping exists.
03-16 10:34:09.975 797 1949 E DisplayDeviceConfig: requesting nits when no mapping exists.
03-16 10:34:09.975 797 1949 E DisplayDeviceConfig: requesting nits when no mapping exists.
03-16 10:34:09.992 797 1949 E DisplayDeviceConfig: requesting nits when no mapping exists.
03-16 10:34:09.992 797 1949 E DisplayDeviceConfig: requesting nits when no mapping exists.
03-16 10:34:10.009 797 1949 E DisplayDeviceConfig: requesting nits when no mapping exists.
03-16 10:34:10.009 797 1949 E DisplayDeviceConfig: requesting nits when no mapping exists.
03-16 10:34:10.026 797 1949 E DisplayDeviceConfig: requesting nits when no mapping exists.
03-16 10:34:10.026 797 1949 E DisplayDeviceConfig: requesting nits when no mapping exists.
03-16 10:34:10.042 797 1949 E DisplayDeviceConfig: requesting nits when no mapping exists.
03-16 10:34:10.043 797 1949 E DisplayDeviceConfig: requesting nits when no mapping exists.
03-16 10:34:10.058 797 1949 E DisplayDeviceConfig: requesting nits when no mapping exists.
03-16 10:34:10.059 797 1949 E DisplayDeviceConfig: requesting nits when no mapping exists.
03-16 10:34:10.075 797 1949 E DisplayDeviceConfig: requesting nits when no mapping exists.
03-16 10:34:10.076 797 1949 E DisplayDeviceConfig: requesting nits when no mapping exists.
03-16 10:34:10.092 797 1949 E DisplayDeviceConfig: requesting nits when no mapping exists.
03-16 10:34:10.092 797 1949 E DisplayDeviceConfig: requesting nits when no mapping exists.
03-16 10:34:10.108 797 1949 E DisplayDeviceConfig: requesting nits when no mapping exists.
03-16 10:34:10.110 797 1949 E DisplayDeviceConfig: requesting nits when no mapping exists.
03-16 10:34:10.125 797 1949 E DisplayDeviceConfig: requesting nits when no mapping exists.
03-16 10:34:10.126 797 1949 E DisplayDeviceConfig: requesting nits when no mapping exists.
03-16 10:34:10.142 797 1949 E DisplayDeviceConfig: requesting nits when no mapping exists.
03-16 10:34:10.143 797 1949 E DisplayDeviceConfig: requesting nits when no mapping exists.
01-01 23:52:26.542 0 0 I msm_vidc: err : ffffffff: .....: DBLP Set: status 0
03-16 10:34:10.159 797 1949 E DisplayDeviceConfig: requesting nits when no mapping exists.
03-16 10:34:10.159 797 1949 E DisplayDeviceConfig: requesting nits when no mapping exists.
03-16 10:34:10.175 797 1949 E DisplayDeviceConfig: requesting nits when no mapping exists.
03-16 10:34:10.176 797 1949 E DisplayDeviceConfig: requesting nits when no mapping exists.
03-16 10:34:10.192 797 1949 E DisplayDeviceConfig: requesting nits when no mapping exists.
03-16 10:34:10.193 797 1949 E DisplayDeviceConfig: requesting nits when no mapping exists.
03-16 10:34:10.209 797 1949 E DisplayDeviceConfig: requesting nits when no mapping exists.
03-16 10:34:10.209 797 1949 E DisplayDeviceConfig: requesting nits when no mapping exists.
03-16 10:34:10.225 797 1949 E DisplayDeviceConfig: requesting nits when no mapping exists.
03-16 10:34:10.226 797 1949 E DisplayDeviceConfig: requesting nits when no mapping exists.
03-16 10:34:10.242 797 1949 E DisplayDeviceConfig: requesting nits when no mapping exists.
03-16 10:34:10.243 797 1949 E DisplayDeviceConfig: requesting nits when no mapping exists.
03-16 10:34:10.259 797 1949 E DisplayDeviceConfig: requesting nits when no mapping exists.
03-16 10:34:10.259 797 1949 E DisplayDeviceConfig: requesting nits when no mapping exists.
03-16 10:34:10.276 797 1949 E DisplayDeviceConfig: requesting nits when no mapping exists.
03-16 10:34:10.276 797 1949 E DisplayDeviceConfig: requesting nits when no mapping exists.
03-16 10:34:10.292 797 1949 E DisplayDeviceConfig: requesting nits when no mapping exists.
03-16 10:34:10.293 797 1949 E DisplayDeviceConfig: requesting nits when no mapping exists.
03-16 10:34:10.309 797 1949 E DisplayDeviceConfig: requesting nits when no mapping exists.
03-16 10:34:10.310 797 1949 E DisplayDeviceConfig: requesting nits when no mapping exists.
03-16 10:34:10.325 797 1949 E DisplayDeviceConfig: requesting nits when no mapping exists.
03-16 10:34:10.327 797 1949 E DisplayDeviceConfig: requesting nits when no mapping exists.
03-16 10:34:10.342 797 1949 E DisplayDeviceConfig: requesting nits when no mapping exists.
03-16 10:34:10.343 797 1949 E DisplayDeviceConfig: requesting nits when no mapping exists.
03-16 10:34:10.359 797 1949 E DisplayDeviceConfig: requesting nits when no mapping exists.
03-16 10:34:10.360 797 1949 E DisplayDeviceConfig: requesting nits when no mapping exists.
03-16 10:34:10.376 797 1949 E DisplayDeviceConfig: requesting nits when no mapping exists.
03-16 10:34:10.377 797 1949 E DisplayDeviceConfig: requesting nits when no mapping exists.
03-16 10:34:10.392 797 1949 E DisplayDeviceConfig: requesting nits when no mapping exists.
03-16 10:34:10.394 797 1949 E DisplayDeviceConfig: requesting nits when no mapping exists.
03-16 10:34:10.409 797 1949 E DisplayDeviceConfig: requesting nits when no mapping exists.
03-16 10:34:10.410 797 1949 E DisplayDeviceConfig: requesting nits when no mapping exists.
03-16 10:34:10.426 797 1949 E DisplayDeviceConfig: requesting nits when no mapping exists.
03-16 10:34:10.427 797 1949 E DisplayDeviceConfig: requesting nits when no mapping exists.
03-16 10:34:10.443 797 1949 E DisplayDeviceConfig: requesting nits when no mapping exists.
03-16 10:34:10.444 797 1949 E DisplayDeviceConfig: requesting nits when no mapping exists.
03-16 10:34:10.459 797 1949 E DisplayDeviceConfig: requesting nits when no mapping exists.
03-16 10:34:10.460 797 1949 E DisplayDeviceConfig: requesting nits when no mapping exists.
03-16 10:34:10.476 797 1949 E DisplayDeviceConfig: requesting nits when no mapping exists.
03-16 10:34:10.477 797 1949 E DisplayDeviceConfig: requesting nits when no mapping exists.
03-16 10:34:10.493 797 1949 E DisplayDeviceConfig: requesting nits when no mapping exists.
03-16 10:34:10.493 797 1949 E DisplayDeviceConfig: requesting nits when no mapping exists.
03-16 10:34:10.509 797 1949 E DisplayDeviceConfig: requesting nits when no mapping exists.
03-16 10:34:10.510 797 1949 E DisplayDeviceConfig: requesting nits when no mapping exists.
03-16 10:34:10.526 797 1949 E DisplayDeviceConfig: requesting nits when no mapping exists.
03-16 10:34:10.526 797 1949 E DisplayDeviceConfig: requesting nits when no mapping exists.
03-16 10:34:10.543 797 1949 E DisplayDeviceConfig: requesting nits when no mapping exists.
03-16 10:34:10.543 797 1949 E DisplayDeviceConfig: requesting nits when no mapping exists.
03-16 10:34:10.559 797 1949 E DisplayDeviceConfig: requesting nits when no mapping exists.
03-16 10:34:10.560 797 1949 E DisplayDeviceConfig: requesting nits when no mapping exists.
03-16 10:34:10.576 797 1949 E DisplayDeviceConfig: requesting nits when no mapping exists.
03-16 10:34:10.577 797 1949 E DisplayDeviceConfig: requesting nits when no mapping exists.
03-16 10:34:10.593 797 1949 E DisplayDeviceConfig: requesting nits when no mapping exists.
03-16 10:34:10.594 797 1949 E DisplayDeviceConfig: requesting nits when no mapping exists.
03-16 10:34:10.610 797 1949 E DisplayDeviceConfig: requesting nits when no mapping exists.
03-16 10:34:10.610 797 1949 E DisplayDeviceConfig: requesting nits when no mapping exists.
01-01 23:52:29.036 0 0 E DTC_ETH,link_delay_work_func: 3003, SQI=0, link=0
01-01 23:52:34.156 0 0 E DTC_ETH,link_delay_work_func: 3003, SQI=0, link=0
01-01 23:52:39.276 0 0 E DTC_ETH,link_delay_work_func: 3003, SQI=0, link=0
01-01 23:52:44.396 0 0 E DTC_ETH,link_delay_work_func: 3003, SQI=0, link=0
01-01 23:52:49.516 0 0 E DTC_ETH,link_delay_work_func: 3003, SQI=0, link=0
01-01 23:52:54.636 0 0 E DTC_ETH,link_delay_work_func: 3003, SQI=0, link=0
01-01 23:52:59.756 0 0 E DTC_ETH,link_delay_work_func: 3003, SQI=0, link=0
01-01 23:53:04.876 0 0 E DTC_ETH,link_delay_work_func: 3003, SQI=0, link=0
01-01 23:53:09.996 0 0 E DTC_ETH,link_delay_work_func: 3003, SQI=0, link=0
01-01 23:53:15.116 0 0 E DTC_ETH,link_delay_work_func: 3003, SQI=0, link=0
01-01 23:53:18.990 0 0 I msm_vidc: err : ffffffff: .....: DBLP Set: status 0
01-01 23:53:20.236 0 0 E DTC_ETH,link_delay_work_func: 3003, SQI=0, link=0
01-01 23:53:25.356 0 0 E DTC_ETH,link_delay_work_func: 3003, SQI=0, link=0
01-01 23:53:30.476 0 0 E DTC_ETH,link_delay_work_func: 3003, SQI=0, link=0
01-01 23:53:34.131 0 0 I binder : 797:1298 ioctl 400c620e 75394015d8 returned -22
03-16 10:35:17.735 797 1298 D ActivityManager: freezing 3070 com.android.traceur
01-01 23:53:34.133 0 0 I binder : 797:1298 ioctl c00c620f 75394015b8 returned -22
03-16 10:35:17.736 797 1298 E ActivityManager: Unable to freeze binder for 3070 com.android.traceur
03-16 10:35:17.737 797 1298 D ActivityManager: froze 3070 com.android.traceur
03-16 10:35:17.738 797 1298 E ActivityManager: Unable to freeze binder for 3070 com.android.traceur
03-16 10:35:17.740 797 1298 I ActivityManager: Killing 3070:com.android.traceur/u0a21 (adj 965): Unable to freeze binder interface
01-01 23:53:35.596 0 0 E DTC_ETH,link_delay_work_func: 3003, SQI=0, link=0
01-01 23:53:36.851 0 0 I binder : 797:1298 ioctl 400c620e 75394015d8 returned -22
03-16 10:35:20.456 797 1298 D ActivityManager: freezing 3557 com.android.localtransport
03-16 10:35:20.456 797 1298 E ActivityManager: Unable to freeze binder for 3557 com.android.localtransport
03-16 10:35:20.457 797 1298 D ActivityManager: froze 3557 com.android.localtransport
03-16 10:35:20.457 797 1298 E ActivityManager: Unable to freeze binder for 3557 com.android.localtransport
03-16 10:35:20.458 797 1298 I ActivityManager: Killing 3557:com.android.localtransport/1000 (adj 975): Unable to freeze binder interface
01-01 23:53:36.853 0 0 I binder : 797:1298 ioctl c00c620f 75394015b8 returned -22
01-01 23:53:37.027 0 0 I binder : 797:1298 ioctl 400c620e 75394015d8 returned -22
03-16 10:35:20.632 797 1298 D ActivityManager: freezing 3588 com.android.dynsystem
03-16 10:35:20.632 797 1298 E ActivityManager: Unable to freeze binder for 3588 com.android.dynsystem
03-16 10:35:20.633 797 1298 D ActivityManager: froze 3588 com.android.dynsystem
03-16 10:35:20.634 797 1298 E ActivityManager: Unable to freeze binder for 3588 com.android.dynsystem
03-16 10:35:20.635 797 1298 I ActivityManager: Killing 3588:com.android.dynsystem/1000 (adj 965): Unable to freeze binder interface
01-01 23:53:37.029 0 0 I binder : 797:1298 ioctl c00c620f 75394015b8 returned -22
03-16 10:35:20.702 797 1298 D ActivityManager: freezing 3610 com.android.dynsystem:dynsystem
03-16 10:35:20.702 797 1298 E ActivityManager: Unable to freeze binder for 3610 com.android.dynsystem:dynsystem
01-01 23:53:37.097 0 0 I binder : 797:1298 ioctl 400c620e 75394015d8 returned -22
01-01 23:53:37.099 0 0 I binder : 797:1298 ioctl c00c620f 75394015b8 returned -22
03-16 10:35:20.703 797 1298 D ActivityManager: froze 3610 com.android.dynsystem:dynsystem
03-16 10:35:20.704 797 1298 E ActivityManager: Unable to freeze binder for 3610 com.android.dynsystem:dynsystem
03-16 10:35:20.705 797 1298 I ActivityManager: Killing 3610:com.android.dynsystem:dynsystem/1000 (adj 995): Unable to freeze binder interface
03-16 10:35:21.131 797 1298 D ActivityManager: freezing 3691 com.android.onetimeinitializer
03-16 10:35:21.131 797 1298 E ActivityManager: Unable to freeze binder for 3691 com.android.onetimeinitializer
01-01 23:53:37.527 0 0 I binder : 797:1298 ioctl 400c620e 75394015d8 returned -22
03-16 10:35:21.133 797 1298 D ActivityManager: froze 3691 com.android.onetimeinitializer
03-16 10:35:21.133 797 1298 E ActivityManager: Unable to freeze binder for 3691 com.android.onetimeinitializer
03-16 10:35:21.134 797 1298 I ActivityManager: Killing 3691:com.android.onetimeinitializer/u0a59 (adj 985): Unable to freeze binder interface
01-01 23:53:37.528 0 0 I binder : 797:1298 ioctl c00c620f 75394015b8 returned -22
03-16 10:35:22.130 797 1298 D ActivityManager: freezing 3843 com.qualcomm.qti.qms.service.connectionsecurity
03-16 10:35:22.130 797 1298 E ActivityManager: Unable to freeze binder for 3843 com.qualcomm.qti.qms.service.connectionsecurity
03-16 10:35:22.131 797 1298 D ActivityManager: froze 3843 com.qualcomm.qti.qms.service.connectionsecurity
03-16 10:35:22.131 797 1298 E ActivityManager: Unable to freeze binder for 3843 com.qualcomm.qti.qms.service.connectionsecurity
03-16 10:35:22.132 797 1298 I ActivityManager: Killing 3843:com.qualcomm.qti.qms.service.connectionsecurity/u0a58 (adj 965): Unable to freeze binder interface
01-01 23:53:38.525 0 0 I binder : 797:1298 ioctl 400c620e 75394015d8 returned -22
01-01 23:53:38.526 0 0 I binder : 797:1298 ioctl c00c620f 75394015b8 returned -22
03-16 10:35:22.136 797 1298 D ActivityManager: freezing 2812 com.qualcomm.qtil.aptxui
03-16 10:35:22.136 797 1298 E ActivityManager: Unable to freeze binder for 2812 com.qualcomm.qtil.aptxui
01-01 23:53:38.531 0 0 I binder : 797:1298 ioctl 400c620e 75394015d8 returned -22
03-16 10:35:22.137 797 1298 D ActivityManager: froze 2812 com.qualcomm.qtil.aptxui
03-16 10:35:22.138 797 1298 E ActivityManager: Unable to freeze binder for 2812 com.qualcomm.qtil.aptxui
03-16 10:35:22.139 797 1298 I ActivityManager: Killing 2812:com.qualcomm.qtil.aptxui/u0a85 (adj 965): Unable to freeze binder interface
01-01 23:53:38.533 0 0 I binder : 797:1298 ioctl c00c620f 75394015b8 returned -22
03-16 10:35:23.513 797 2325 W ActivityManager: Unable to start service Intent { act=android.intent.action.START_LEBO_SERVICE pkg=com.hpplay.happyplay.aw } U=0: not found
01-01 23:53:40.716 0 0 E DTC_ETH,link_delay_work_func: 3003, SQI=0, link=0
01-01 23:53:43.909 0 0 I binder : 797:1298 ioctl 400c620e 75394015d8 returned -22
01-01 23:53:43.910 0 0 I binder : 797:1298 ioctl c00c620f 75394015b8 returned -22
03-16 10:35:27.513 797 1298 D ActivityManager: freezing 3993 com.qualcomm.qti.qms.service.trustzoneaccess
03-16 10:35:27.514 797 1298 E ActivityManager: Unable to freeze binder for 3993 com.qualcomm.qti.qms.service.trustzoneaccess
03-16 10:35:27.515 797 1298 D ActivityManager: froze 3993 com.qualcomm.qti.qms.service.trustzoneaccess
03-16 10:35:27.515 797 1298 E ActivityManager: Unable to freeze binder for 3993 com.qualcomm.qti.qms.service.trustzoneaccess
03-16 10:35:27.516 797 1298 I ActivityManager: Killing 3993:com.qualcomm.qti.qms.service.trustzoneaccess/u0a55 (adj 955): Unable to freeze binder interface
01-01 23:53:45.836 0 0 E DTC_ETH,link_delay_work_func: 3003, SQI=0, link=0
01-01 23:53:50.956 0 0 E DTC_ETH,link_delay_work_func: 3003, SQI=0, link=0
01-01 23:53:56.076 0 0 E DTC_ETH,link_delay_work_func: 3003, SQI=0, link=0
01-01 23:54:01.196 0 0 E DTC_ETH,link_delay_work_func: 3003, SQI=0, link=0
01-01 23:54:06.316 0 0 E DTC_ETH,link_delay_work_func: 3003, SQI=0, link=0
01-01 23:54:11.436 0 0 E DTC_ETH,link_delay_work_func: 3003, SQI=0, link=0
01-01 23:54:16.556 0 0 E DTC_ETH,link_delay_work_func: 3003, SQI=0, link=0
01-01 23:54:18.990 0 0 I msm_vidc: err : ffffffff: .....: DBLP Set: status 0
01-01 23:54:21.676 0 0 E DTC_ETH,link_delay_work_func: 3003, SQI=0, link=0
01-01 23:54:26.796 0 0 E DTC_ETH,link_delay_work_func: 3003, SQI=0, link=0
01-01 23:54:31.916 0 0 E DTC_ETH,link_delay_work_func: 3003, SQI=0, link=0
03-16 10:36:15.714 797 1290 W DeviceIdleController: motion timeout went off and device isn't stationary
01-01 23:54:37.036 0 0 E DTC_ETH,link_delay_work_func: 3003, SQI=0, link=0
03-16 10:36:21.146 797 5245 I BackgroundDexOptService: Pinning optimized code {android}
01-01 23:54:42.156 0 0 E DTC_ETH,link_delay_work_func: 3003, SQI=0, link=0
01-01 23:54:47.276 0 0 E DTC_ETH,link_delay_work_func: 3003, SQI=0, link=0
01-01 23:54:52.396 0 0 E DTC_ETH,link_delay_work_func: 3003, SQI=0, link=0
01-01 23:54:57.516 0 0 E DTC_ETH,link_delay_work_func: 3003, SQI=0, link=0
01-01 23:55:02.636 0 0 E DTC_ETH,link_delay_work_func: 3003, SQI=0, link=0
01-01 23:55:07.756 0 0 E DTC_ETH,link_delay_work_func: 3003, SQI=0, link=0
01-01 23:55:12.876 0 0 E DTC_ETH,link_delay_work_func: 3003, SQI=0, link=0
01-01 23:55:17.996 0 0 E DTC_ETH,link_delay_work_func: 3003, SQI=0, link=0
01-01 23:55:18.990 0 0 I msm_vidc: err : ffffffff: .....: DBLP Set: status 0
01-01 23:55:20.258 0 0 I binder : 797:1298 ioctl 400c620e 75394015d8 returned -22
01-01 23:55:20.260 0 0 I binder : 797:1298 ioctl c00c620f 75394015b8 returned -22
03-16 10:37:03.863 797 1298 D ActivityManager: freezing 3318 android.process.acore
03-16 10:37:03.863 797 1298 E ActivityManager: Unable to freeze binder for 3318 android.process.acore
03-16 10:37:03.865 797 1298 D ActivityManager: froze 3318 android.process.acore
03-16 10:37:03.865 797 1298 E ActivityManager: Unable to freeze binder for 3318 android.process.acore
03-16 10:37:03.866 797 1298 I ActivityManager: Killing 3318:android.process.acore/u0a18 (adj 975): Unable to freeze binder interface
03-16 10:37:03.902 797 2325 D CountryDetector: No listener is left
01-01 23:55:23.116 0 0 E DTC_ETH,link_delay_work_func: 3003, SQI=0, link=0
01-01 23:55:28.236 0 0 E DTC_ETH,link_delay_work_func: 3003, SQI=0, link=0
01-01 23:55:33.356 0 0 E DTC_ETH,link_delay_work_func: 3003, SQI=0, link=0
01-01 23:55:38.476 0 0 E DTC_ETH,link_delay_work_func: 3003, SQI=0, link=0
01-01 23:55:43.596 0 0 E DTC_ETH,link_delay_work_func: 3003, SQI=0, link=0
01-01 23:55:48.716 0 0 E DTC_ETH,link_delay_work_func: 3003, SQI=0, link=0
03-16 10:37:32.780 797 853 V DisplayPowerController[0]: Brightness [1.0] reason changing to: 'manual', previous reason: 'manual [ dim ]'.
03-16 10:37:32.784 797 1949 E DisplayDeviceConfig: requesting nits when no mapping exists.
03-16 10:37:32.784 797 1949 E DisplayDeviceConfig: requesting nits when no mapping exists.
03-16 10:37:32.785 797 830 I DropBoxManagerService: add tag=system_server_wtf isTagEnabled=true flags=0x2
03-16 10:37:32.787 797 830 I DropBoxManagerService: add tag=system_server_wtf isTagEnabled=true flags=0x2
03-16 10:37:32.800 797 1949 E DisplayDeviceConfig: requesting nits when no mapping exists.
03-16 10:37:32.800 797 1949 E DisplayDeviceConfig: requesting nits when no mapping exists.
03-16 10:37:32.801 797 830 I DropBoxManagerService: add tag=system_server_wtf isTagEnabled=true flags=0x2
03-16 10:37:32.802 797 830 I DropBoxManagerService: add tag=system_server_wtf isTagEnabled=true flags=0x2
03-16 10:37:32.812 797 1949 E DisplayDeviceConfig: requesting nits when no mapping exists.
03-16 10:37:32.812 797 1949 E DisplayDeviceConfig: requesting nits when no mapping exists.
03-16 10:37:32.813 797 830 I DropBoxManagerService: add tag=system_server_wtf isTagEnabled=true flags=0x2
03-16 10:37:32.828 797 1949 E DisplayDeviceConfig: requesting nits when no mapping exists.
03-16 10:37:32.829 797 1949 E DisplayDeviceConfig: requesting nits when no mapping exists.
03-16 10:37:32.846 797 1949 E DisplayDeviceConfig: requesting nits when no mapping exists.
03-16 10:37:32.846 797 1949 E DisplayDeviceConfig: requesting nits when no mapping exists.
03-16 10:37:32.862 797 1949 E DisplayDeviceConfig: requesting nits when no mapping exists.
03-16 10:37:32.863 797 1949 E DisplayDeviceConfig: requesting nits when no mapping exists.
03-16 10:37:32.879 797 1949 E DisplayDeviceConfig: requesting nits when no mapping exists.
03-16 10:37:32.879 797 1949 E DisplayDeviceConfig: requesting nits when no mapping exists.
03-16 10:37:32.896 797 1949 E DisplayDeviceConfig: requesting nits when no mapping exists.
03-16 10:37:32.896 797 1949 E DisplayDeviceConfig: requesting nits when no mapping exists.
03-16 10:37:32.914 797 1949 E DisplayDeviceConfig: requesting nits when no mapping exists.
03-16 10:37:32.915 797 1949 E DisplayDeviceConfig: requesting nits when no mapping exists.
03-16 10:37:32.930 797 1949 E DisplayDeviceConfig: requesting nits when no mapping exists.
03-16 10:37:32.930 797 1949 E DisplayDeviceConfig: requesting nits when no mapping exists.
03-16 10:37:32.934 797 4443 I thunderperf: PlatormCompat.setOverrides: Uid1=10074 Pid1=2626 Uid2=10074 Pid2=2626
03-16 10:37:32.934 797 4443 I thunderperf: PlatormCompat.setOverrides: needCheck:false
03-16 10:37:32.934 797 4443 I thunderperf: CompatConfig.addOverrideUnsafe: bef-state=0
03-16 10:37:32.934 797 4443 I thunderperf: CompatConfig.addOverrideUnsafe: aft-state=0
03-16 10:37:32.935 797 4443 I thunderperf: CompatConfig.addOverrideUnsafe: bef-state=0
03-16 10:37:32.935 797 4443 I thunderperf: CompatConfig.addOverrideUnsafe: aft-state=0
03-16 10:37:32.939 797 4443 I thunderperf: CompatConfig.addOverrideUnsafe: bef-state=0
03-16 10:37:32.939 797 4443 I thunderperf: CompatConfig.addOverrideUnsafe: aft-state=0
03-16 10:37:32.941 797 4443 I thunderperf: CompatConfig.addOverrideUnsafe: bef-state=0
03-16 10:37:32.941 797 4443 I thunderperf: CompatConfig.addOverrideUnsafe: aft-state=0
03-16 10:37:32.941 797 4443 I thunderperf: CompatConfig.addOverrideUnsafe: bef-state=0
03-16 10:37:32.941 797 4443 I thunderperf: CompatConfig.addOverrideUnsafe: aft-state=0
03-16 10:37:32.942 797 4443 I thunderperf: CompatConfig.addOverrideUnsafe: bef-state=0
03-16 10:37:32.942 797 4443 I thunderperf: CompatConfig.addOverrideUnsafe: aft-state=0
03-16 10:37:32.942 797 4443 I thunderperf: CompatConfig.addOverrideUnsafe: bef-state=0
03-16 10:37:32.942 797 4443 I thunderperf: CompatConfig.addOverrideUnsafe: aft-state=0
03-16 10:37:32.942 797 4443 I thunderperf: CompatConfig.addOverrideUnsafe: bef-state=0
03-16 10:37:32.942 797 4443 I thunderperf: CompatConfig.addOverrideUnsafe: aft-state=0
03-16 10:37:32.943 797 4443 I thunderperf: CompatConfig.addOverrideUnsafe: bef-state=0
03-16 10:37:32.943 797 4443 I thunderperf: CompatConfig.addOverrideUnsafe: aft-state=0
03-16 10:37:32.943 797 4443 I thunderperf: CompatConfig.addOverrideUnsafe: bef-state=0
03-16 10:37:32.943 797 4443 I thunderperf: CompatConfig.addOverrideUnsafe: aft-state=0
03-16 10:37:32.943 797 4443 I thunderperf: CompatConfig.addOverrideUnsafe: bef-state=0
03-16 10:37:32.944 797 4443 I thunderperf: CompatConfig.addOverrideUnsafe: aft-state=0
03-16 10:37:32.944 797 4443 I thunderperf: CompatConfig.addOverrideUnsafe: bef-state=0
03-16 10:37:32.944 797 4443 I thunderperf: CompatConfig.addOverrideUnsafe: aft-state=0
03-16 10:37:32.944 797 4443 I thunderperf: CompatConfig.addOverrideUnsafe: bef-state=0
03-16 10:37:32.944 797 4443 I thunderperf: CompatConfig.addOverrideUnsafe: aft-state=0
03-16 10:37:32.945 797 4443 I thunderperf: CompatConfig.addOverrideUnsafe: bef-state=0
03-16 10:37:32.945 797 4443 I thunderperf: CompatConfig.addOverrideUnsafe: aft-state=0
03-16 10:37:32.946 797 1949 E DisplayDeviceConfig: requesting nits when no mapping exists.
03-16 10:37:32.946 797 1949 E DisplayDeviceConfig: requesting nits when no mapping exists.
03-16 10:37:32.950 797 4443 I ActivityTaskManager: START u0 {act=android.intent.action.MAIN cat=[android.intent.category.LAUNCHER] flg=0x10200000 cmp=com.android.documentsui/.LauncherActivity bnds=[112,632][388,906]} from uid 10074
03-16 10:37:32.957 797 4443 W ActivityTaskManager: Can't find TaskDisplayArea to determine support for multi window. Task id=28 attached=false
03-16 10:37:32.960 797 4443 V SplashScreenExceptionList: SplashScreen checking exception for package com.android.documentsui (target sdk:30) -> false
03-16 10:37:32.962 797 1514 W FreeFormWindowHelper: Current Display FreeFormTask is null
03-16 10:37:32.962 797 1949 E DisplayDeviceConfig: requesting nits when no mapping exists.
03-16 10:37:32.963 797 1949 E DisplayDeviceConfig: requesting nits when no mapping exists.
03-16 10:37:32.964 797 1514 I ActivityTaskManager: FOREGROUND_APPLICATION_CHANGED to com.android.documentsui.files.LauncherActivity
03-16 10:37:32.965 797 1514 I ActivityTaskManager: The Process com.android.documentsui Already Exists in BG. So sending its PID: 4508
03-16 10:37:32.965 797 1514 W ActivityTaskManager: Tried to set launchTime (0) < mLastActivityLaunchTime (498756)
03-16 10:37:32.971 797 2330 I thunderperf: PlatormCompat.setOverrides: Uid1=10022 Pid1=4508 Uid2=10022 Pid2=4508
03-16 10:37:32.971 797 2330 I thunderperf: PlatormCompat.setOverrides: needCheck:false
03-16 10:37:32.971 797 2330 I thunderperf: CompatConfig.addOverrideUnsafe: bef-state=0
03-16 10:37:32.971 797 2330 I thunderperf: CompatConfig.addOverrideUnsafe: aft-state=0
03-16 10:37:32.971 797 2330 I thunderperf: CompatConfig.addOverrideUnsafe: bef-state=0
03-16 10:37:32.971 797 2330 I thunderperf: CompatConfig.addOverrideUnsafe: aft-state=0
03-16 10:37:32.971 797 2330 I thunderperf: CompatConfig.addOverrideUnsafe: bef-state=0
03-16 10:37:32.971 797 2330 I thunderperf: CompatConfig.addOverrideUnsafe: aft-state=0
03-16 10:37:32.972 797 2330 I thunderperf: CompatConfig.addOverrideUnsafe: bef-state=0
03-16 10:37:32.972 797 2330 I thunderperf: CompatConfig.addOverrideUnsafe: aft-state=0
03-16 10:37:32.972 797 2330 I thunderperf: CompatConfig.addOverrideUnsafe: bef-state=0
03-16 10:37:32.972 797 2330 I thunderperf: CompatConfig.addOverrideUnsafe: aft-state=0
03-16 10:37:32.972 797 2330 I thunderperf: CompatConfig.addOverrideUnsafe: bef-state=0
03-16 10:37:32.972 797 2330 I thunderperf: CompatConfig.addOverrideUnsafe: aft-state=0
03-16 10:37:32.972 797 2330 I thunderperf: CompatConfig.addOverrideUnsafe: bef-state=0
03-16 10:37:32.972 797 2330 I thunderperf: CompatConfig.addOverrideUnsafe: aft-state=0
03-16 10:37:32.972 797 2330 I thunderperf: CompatConfig.addOverrideUnsafe: bef-state=0
03-16 10:37:32.972 797 2330 I thunderperf: CompatConfig.addOverrideUnsafe: aft-state=0
03-16 10:37:32.972 797 2330 I thunderperf: CompatConfig.addOverrideUnsafe: bef-state=0
03-16 10:37:32.972 797 2330 I thunderperf: CompatConfig.addOverrideUnsafe: aft-state=0
03-16 10:37:32.973 797 2330 I thunderperf: CompatConfig.addOverrideUnsafe: bef-state=0
03-16 10:37:32.973 797 2330 I thunderperf: CompatConfig.addOverrideUnsafe: aft-state=0
03-16 10:37:32.973 797 2330 I thunderperf: CompatConfig.addOverrideUnsafe: bef-state=0
03-16 10:37:32.973 797 2330 I thunderperf: CompatConfig.addOverrideUnsafe: aft-state=0
03-16 10:37:32.973 797 2330 I thunderperf: CompatConfig.addOverrideUnsafe: bef-state=0
03-16 10:37:32.973 797 2330 I thunderperf: CompatConfig.addOverrideUnsafe: aft-state=0
03-16 10:37:32.973 797 2330 I thunderperf: CompatConfig.addOverrideUnsafe: bef-state=0
03-16 10:37:32.973 797 2330 I thunderperf: CompatConfig.addOverrideUnsafe: aft-state=0
03-16 10:37:32.973 797 2330 I thunderperf: CompatConfig.addOverrideUnsafe: bef-state=0
03-16 10:37:32.973 797 2330 I thunderperf: CompatConfig.addOverrideUnsafe: aft-state=0
03-16 10:37:32.975 797 2330 I ActivityTaskManager: START u0 {dat=//com.android.documentsui.launchControl flg=0x10280000 cmp=com.android.documentsui/.files.FilesActivity (has extras)} from uid 10022
03-16 10:37:32.979 797 2434 I ActivityTaskManager: FOREGROUND_APPLICATION_CHANGED to com.android.documentsui.files.FilesActivity
03-16 10:37:32.981 797 1949 E DisplayDeviceConfig: requesting nits when no mapping exists.
03-16 10:37:32.981 797 1949 E DisplayDeviceConfig: requesting nits when no mapping exists.
03-16 10:37:32.998 797 1949 E DisplayDeviceConfig: requesting nits when no mapping exists.
03-16 10:37:32.999 797 1949 E DisplayDeviceConfig: requesting nits when no mapping exists.
03-16 10:37:33.015 797 1949 E DisplayDeviceConfig: requesting nits when no mapping exists.
03-16 10:37:33.015 797 1949 E DisplayDeviceConfig: requesting nits when no mapping exists.
03-16 10:37:33.031 797 1949 E DisplayDeviceConfig: requesting nits when no mapping exists.
03-16 10:37:33.031 797 1949 E DisplayDeviceConfig: requesting nits when no mapping exists.
03-16 10:37:33.048 797 1949 E DisplayDeviceConfig: requesting nits when no mapping exists.
03-16 10:37:33.048 797 1949 E DisplayDeviceConfig: requesting nits when no mapping exists.
03-16 10:37:33.065 797 1949 E DisplayDeviceConfig: requesting nits when no mapping exists.
03-16 10:37:33.065 797 1949 E DisplayDeviceConfig: requesting nits when no mapping exists.
03-16 10:37:33.083 797 1949 E DisplayDeviceConfig: requesting nits when no mapping exists.
03-16 10:37:33.083 797 1949 E DisplayDeviceConfig: requesting nits when no mapping exists.
03-16 10:37:33.084 797 1514 W FreeFormWindowHelper: Current Display FreeFormTask is null
03-16 10:37:33.101 797 1949 E DisplayDeviceConfig: requesting nits when no mapping exists.
03-16 10:37:33.101 797 1949 E DisplayDeviceConfig: requesting nits when no mapping exists.
03-16 10:37:33.115 797 1949 E DisplayDeviceConfig: requesting nits when no mapping exists.
03-16 10:37:33.115 797 1949 E DisplayDeviceConfig: requesting nits when no mapping exists.
03-16 10:37:33.133 797 1949 E DisplayDeviceConfig: requesting nits when no mapping exists.
03-16 10:37:33.133 797 1949 E DisplayDeviceConfig: requesting nits when no mapping exists.
03-16 10:37:33.149 797 1949 E DisplayDeviceConfig: requesting nits when no mapping exists.
03-16 10:37:33.150 797 1949 E DisplayDeviceConfig: requesting nits when no mapping exists.
03-16 10:37:33.165 797 1949 E DisplayDeviceConfig: requesting nits when no mapping exists.
03-16 10:37:33.165 797 1949 E DisplayDeviceConfig: requesting nits when no mapping exists.
03-16 10:37:33.182 797 1949 E DisplayDeviceConfig: requesting nits when no mapping exists.
03-16 10:37:33.183 797 1949 E DisplayDeviceConfig: requesting nits when no mapping exists.
03-16 10:37:33.198 797 1949 E DisplayDeviceConfig: requesting nits when no mapping exists.
03-16 10:37:33.199 797 1949 E DisplayDeviceConfig: requesting nits when no mapping exists.
03-16 10:37:33.215 797 1949 E DisplayDeviceConfig: requesting nits when no mapping exists.
03-16 10:37:33.215 797 1949 E DisplayDeviceConfig: requesting nits when no mapping exists.
03-16 10:37:33.232 797 1949 E DisplayDeviceConfig: requesting nits when no mapping exists.
03-16 10:37:33.232 797 1949 E DisplayDeviceConfig: requesting nits when no mapping exists.
03-16 10:37:33.249 797 1949 E DisplayDeviceConfig: requesting nits when no mapping exists.
03-16 10:37:33.249 797 1949 E DisplayDeviceConfig: requesting nits when no mapping exists.
03-16 10:37:33.265 797 1949 E DisplayDeviceConfig: requesting nits when no mapping exists.
03-16 10:37:33.266 797 1949 E DisplayDeviceConfig: requesting nits when no mapping exists.
03-16 10:37:33.283 797 1949 E DisplayDeviceConfig: requesting nits when no mapping exists.
03-16 10:37:33.283 797 1949 E DisplayDeviceConfig: requesting nits when no mapping exists.
03-16 10:37:33.299 797 1949 E DisplayDeviceConfig: requesting nits when no mapping exists.
03-16 10:37:33.299 797 1949 E DisplayDeviceConfig: requesting nits when no mapping exists.
03-16 10:37:33.316 797 1949 E DisplayDeviceConfig: requesting nits when no mapping exists.
03-16 10:37:33.316 797 1949 E DisplayDeviceConfig: requesting nits when no mapping exists.
03-16 10:37:33.332 797 1949 E DisplayDeviceConfig: requesting nits when no mapping exists.
03-16 10:37:33.332 797 1949 E DisplayDeviceConfig: requesting nits when no mapping exists.
03-16 10:37:33.349 797 1949 E DisplayDeviceConfig: requesting nits when no mapping exists.
03-16 10:37:33.349 797 1949 E DisplayDeviceConfig: requesting nits when no mapping exists.
03-16 10:37:33.366 797 1949 E DisplayDeviceConfig: requesting nits when no mapping exists.
03-16 10:37:33.366 797 1949 E DisplayDeviceConfig: requesting nits when no mapping exists.
03-16 10:37:33.383 797 1949 E DisplayDeviceConfig: requesting nits when no mapping exists.
03-16 10:37:33.383 797 1949 E DisplayDeviceConfig: requesting nits when no mapping exists.
03-16 10:37:33.399 797 1949 E DisplayDeviceConfig: requesting nits when no mapping exists.
03-16 10:37:33.400 797 1949 E DisplayDeviceConfig: requesting nits when no mapping exists.
03-16 10:37:33.415 797 1949 E DisplayDeviceConfig: requesting nits when no mapping exists.
03-16 10:37:33.416 797 1949 E DisplayDeviceConfig: requesting nits when no mapping exists.
03-16 10:37:33.433 797 1949 E DisplayDeviceConfig: requesting nits when no mapping exists.
03-16 10:37:33.434 797 1949 E DisplayDeviceConfig: requesting nits when no mapping exists.
03-16 10:37:33.450 797 1949 E DisplayDeviceConfig: requesting nits when no mapping exists.
03-16 10:37:33.450 797 1949 E DisplayDeviceConfig: requesting nits when no mapping exists.
03-16 10:37:33.467 797 1949 E DisplayDeviceConfig: requesting nits when no mapping exists.
03-16 10:37:33.467 797 1949 E DisplayDeviceConfig: requesting nits when no mapping exists.
03-16 10:37:33.483 797 1949 E DisplayDeviceConfig: requesting nits when no mapping exists.
03-16 10:37:33.483 797 1949 E DisplayDeviceConfig: requesting nits when no mapping exists.
03-16 10:37:33.499 797 1949 E DisplayDeviceConfig: requesting nits when no mapping exists.
03-16 10:37:33.500 797 1949 E DisplayDeviceConfig: requesting nits when no mapping exists.
03-16 10:37:33.516 797 1949 E DisplayDeviceConfig: requesting nits when no mapping exists.
03-16 10:37:33.516 797 1949 E DisplayDeviceConfig: requesting nits when no mapping exists.
03-16 10:37:33.533 797 1949 E DisplayDeviceConfig: requesting nits when no mapping exists.
03-16 10:37:33.534 797 1949 E DisplayDeviceConfig: requesting nits when no mapping exists.
03-16 10:37:33.549 797 1949 E DisplayDeviceConfig: requesting nits when no mapping exists.
03-16 10:37:33.550 797 1949 E DisplayDeviceConfig: requesting nits when no mapping exists.
03-16 10:37:33.566 797 1949 E DisplayDeviceConfig: requesting nits when no mapping exists.
03-16 10:37:33.566 797 1949 E DisplayDeviceConfig: requesting nits when no mapping exists.
03-16 10:37:33.583 797 1949 E DisplayDeviceConfig: requesting nits when no mapping exists.
03-16 10:37:33.583 797 1949 E DisplayDeviceConfig: requesting nits when no mapping exists.
03-16 10:37:33.599 797 1949 E DisplayDeviceConfig: requesting nits when no mapping exists.
03-16 10:37:33.599 797 1949 E DisplayDeviceConfig: requesting nits when no mapping exists.
03-16 10:37:33.614 797 1949 E DisplayDeviceConfig: requesting nits when no mapping exists.
03-16 10:37:33.614 797 1949 E DisplayDeviceConfig: requesting nits when no mapping exists.
03-16 10:37:33.630 797 1949 E DisplayDeviceConfig: requesting nits when no mapping exists.
03-16 10:37:33.631 797 1949 E DisplayDeviceConfig: requesting nits when no mapping exists.
03-16 10:37:33.647 797 1949 E DisplayDeviceConfig: requesting nits when no mapping exists.
03-16 10:37:33.647 797 1949 E DisplayDeviceConfig: requesting nits when no mapping exists.
03-16 10:37:33.664 797 1949 E DisplayDeviceConfig: requesting nits when no mapping exists.
03-16 10:37:33.664 797 1949 E DisplayDeviceConfig: requesting nits when no mapping exists.
03-16 10:37:33.681 797 1949 E DisplayDeviceConfig: requesting nits when no mapping exists.
03-16 10:37:33.681 797 1949 E DisplayDeviceConfig: requesting nits when no mapping exists.
03-16 10:37:33.697 797 1949 E DisplayDeviceConfig: requesting nits when no mapping exists.
03-16 10:37:33.697 797 1949 E DisplayDeviceConfig: requesting nits when no mapping exists.
03-16 10:37:33.714 797 1949 E DisplayDeviceConfig: requesting nits when no mapping exists.
03-16 10:37:33.714 797 1949 E DisplayDeviceConfig: requesting nits when no mapping exists.
03-16 10:37:33.731 797 1949 E DisplayDeviceConfig: requesting nits when no mapping exists.
03-16 10:37:33.731 797 1949 E DisplayDeviceConfig: requesting nits when no mapping exists.
03-16 10:37:34.115 797 2330 W FreeFormWindowHelper: Current Display FreeFormTask is null
03-16 10:37:34.116 797 2330 W FreeFormWindowHelper: Current Display FreeFormTask is null
03-16 10:37:34.117 797 2330 W FreeFormWindowHelper: Current Display FreeFormTask is null
03-16 10:37:34.117 797 4608 W FreeFormWindowHelper: Current Display FreeFormTask is null
03-16 10:37:34.139 797 2330 W FreeFormWindowHelper: Current Display FreeFormTask is null
03-16 10:37:34.140 797 2330 W FreeFormWindowHelper: Current Display FreeFormTask is null
03-16 10:37:34.151 797 4608 W FreeFormWindowHelper: Current Display FreeFormTask is null
03-16 10:37:34.151 797 4608 W FreeFormWindowHelper: Current Display FreeFormTask is null
03-16 10:37:34.273 797 814 D AutofillManagerService: Close system dialogs
03-16 10:37:34.274 797 4608 W FreeFormWindowHelper: Current Display FreeFormTask is null
03-16 10:37:34.274 797 4443 W FreeFormWindowHelper: Current Display FreeFormTask is null
03-16 10:37:34.287 797 4608 W FreeFormWindowHelper: Current Display FreeFormTask is null
03-16 10:37:34.287 797 4443 W FreeFormWindowHelper: Current Display FreeFormTask is null
03-16 10:37:34.304 797 2330 W FreeFormWindowHelper: Current Display FreeFormTask is null
03-16 10:37:34.304 797 2330 W FreeFormWindowHelper: Current Display FreeFormTask is null
03-16 10:37:34.620 797 2330 W FreeFormWindowHelper: Current Display FreeFormTask is null
03-16 10:37:34.621 797 2330 W FreeFormWindowHelper: Current Display FreeFormTask is null
03-16 10:37:34.630 797 2330 W FreeFormWindowHelper: exitRecentTasks type=0
03-16 10:37:34.637 797 822 W UsageStatsService: Unexpected activity event reported! (com.android.launcher3/com.android.launcher3.uioverrides.QuickstepLauncher event : 23 instanceId : 55927770)
03-16 10:37:35.190 797 2434 W FreeFormWindowHelper: Current Display FreeFormTask is null
03-16 10:37:35.192 797 2330 W FreeFormWindowHelper: Current Display FreeFormTask is null
03-16 10:37:35.203 797 4443 W FreeFormWindowHelper: Current Display FreeFormTask is null
03-16 10:37:35.204 797 4443 W FreeFormWindowHelper: Current Display FreeFormTask is null
03-16 10:37:35.236 797 2330 W FreeFormWindowHelper: Current Display FreeFormTask is null
03-16 10:37:35.237 797 2330 W FreeFormWindowHelper: Current Display FreeFormTask is null
03-16 10:37:35.245 797 4443 W FreeFormWindowHelper: Current Display FreeFormTask is null
03-16 10:37:35.246 797 4443 W FreeFormWindowHelper: Current Display FreeFormTask is null
03-16 10:37:35.277 797 814 D AutofillManagerService: Close system dialogs
03-16 10:37:35.278 797 2434 W FreeFormWindowHelper: Current Display FreeFormTask is null
03-16 10:37:35.280 797 2434 W FreeFormWindowHelper: Current Display FreeFormTask is null
03-16 10:37:35.287 797 2434 W FreeFormWindowHelper: Current Display FreeFormTask is null
03-16 10:37:35.288 797 2434 W FreeFormWindowHelper: Current Display FreeFormTask is null
03-16 10:37:35.305 797 2330 W FreeFormWindowHelper: Current Display FreeFormTask is null
03-16 10:37:35.305 797 2330 W FreeFormWindowHelper: Current Display FreeFormTask is null
03-16 10:37:35.451 797 2434 W FreeFormWindowHelper: Current Display FreeFormTask is null
03-16 10:37:35.451 797 2434 W FreeFormWindowHelper: Current Display FreeFormTask is null
03-16 10:37:35.465 797 2434 W FreeFormWindowHelper: exitRecentTasks type=0
03-16 10:37:35.485 797 822 W UsageStatsService: Unexpected activity event reported! (com.android.launcher3/com.android.launcher3.uioverrides.QuickstepLauncher event : 23 instanceId : 55927770)
03-16 10:37:36.175 797 2434 W FreeFormWindowHelper: Current Display FreeFormTask is null
03-16 10:37:36.175 797 4443 W FreeFormWindowHelper: Current Display FreeFormTask is null
03-16 10:37:36.191 797 2434 W FreeFormWindowHelper: Current Display FreeFormTask is null
03-16 10:37:36.191 797 4443 W FreeFormWindowHelper: Current Display FreeFormTask is null
03-16 10:37:36.218 797 4443 W FreeFormWindowHelper: Current Display FreeFormTask is null
03-16 10:37:36.218 797 4443 W FreeFormWindowHelper: Current Display FreeFormTask is null
03-16 10:37:36.226 797 2330 W FreeFormWindowHelper: Current Display FreeFormTask is null
03-16 10:37:36.226 797 2330 W FreeFormWindowHelper: Current Display FreeFormTask is null
03-16 10:37:36.240 797 2434 W FreeFormWindowHelper: Current Display FreeFormTask is null
03-16 10:37:36.241 797 4443 W FreeFormWindowHelper: Current Display FreeFormTask is null
03-16 10:37:36.243 797 814 D AutofillManagerService: Close system dialogs
03-16 10:37:36.245 797 2434 W FreeFormWindowHelper: Current Display FreeFormTask is null
03-16 10:37:36.245 797 2434 W FreeFormWindowHelper: Current Display FreeFormTask is null
03-16 10:37:36.256 797 4443 W FreeFormWindowHelper: Current Display FreeFormTask is null
03-16 10:37:36.256 797 4443 W FreeFormWindowHelper: Current Display FreeFormTask is null
03-16 10:37:36.493 797 2330 W FreeFormWindowHelper: exitRecentTasks type=0
03-16 10:37:36.503 797 2434 W FreeFormWindowHelper: Current Display FreeFormTask is null
