03-16 10:40:42.908 797 5728 W FreeFormWindowHelper: Current Display FreeFormTask is null
03-16 10:40:42.909 797 4608 W FreeFormWindowHelper: Current Display FreeFormTask is null
03-16 10:40:42.920 797 1514 W FreeFormWindowHelper: Current Display FreeFormTask is null
03-16 10:40:42.921 797 1514 W FreeFormWindowHelper: Current Display FreeFormTask is null
03-16 10:40:42.922 797 4608 W FreeFormWindowHelper: exitRecentTasks type=0
03-16 10:40:42.925 2626 2626 I wm_on_stop_called: [28844568,com.android.launcher3.uioverrides.QuickstepLauncher,STOP_ACTIVITY_ITEM]
03-16 10:40:43.125 797 1297 I commit_sys_config_file: [settings-1-0,1]
03-16 10:40:43.129 797 1329 I input_interaction: Interaction with: Letterbox_right_ActivityRecord{930000f u0 com.qiyi.video/.WelcomeActivity t41} (server), edge-swipe (server), swipe-up (server), PointerEventDispatcher0 (server),
03-16 10:40:43.197 797 1329 I input_interaction: Interaction with: Letterbox_right_ActivityRecord{930000f u0 com.qiyi.video/.WelcomeActivity t41} (server), Letterbox_left_ActivityRecord{930000f u0 com.qiyi.video/.WelcomeActivity t41} (server), edge-swipe (server), swipe-up (server), PointerEventDispatcher0 (server),
03-16 10:40:43.211 797 1329 I input_interaction: Interaction with: Letterbox_right_ActivityRecord{930000f u0 com.qiyi.video/.WelcomeActivity t41} (server), Letterbox_left_ActivityRecord{930000f u0 com.qiyi.video/.WelcomeActivity t41} (server), 73f65af com.qiyi.video/com.qiyi.video.WelcomeActivity (server), edge-swipe (server), swipe-up (server), PointerEventDispatcher0 (server),
03-16 10:40:43.214 797 5728 W FreeFormWindowHelper: Current Display FreeFormTask is null
03-16 10:40:43.214 797 1514 I wm_task_moved: [1,0,0]
03-16 10:40:43.214 797 1514 I wm_task_moved: [1,0,14]
03-16 10:40:43.216 797 5728 W FreeFormWindowHelper: Current Display FreeFormTask is null
03-16 10:40:43.219 2626 2626 I wm_on_restart_called: [28844568,com.android.launcher3.uioverrides.QuickstepLauncher,performRestartActivity]
03-16 10:40:43.220 797 1514 W FreeFormWindowHelper: Current Display FreeFormTask is null
03-16 10:40:43.220 797 1672 W FreeFormWindowHelper: Current Display FreeFormTask is null
03-16 10:40:43.228 2626 2626 I wm_on_start_called: [28844568,com.android.launcher3.uioverrides.QuickstepLauncher,handleStartActivity]
03-16 10:40:43.244 797 1672 W FreeFormWindowHelper: Current Display FreeFormTask is null
03-16 10:40:43.244 797 1672 W FreeFormWindowHelper: Current Display FreeFormTask is null
03-16 10:40:43.253 797 814 I sysui_multi_action: [319,3,322,37,325,964,757,761,758,9,759,5,806,com.android.launcher3,871,com.android.launcher3.uioverrides.QuickstepLauncher,905,0,1320,4,1321,1]
03-16 10:40:43.254 6080 6080 I view_enqueue_input_event: [Motion - Cancel,com.qiyi.video/com.qiyi.video.WelcomeActivity]
03-16 10:40:43.254 2626 2626 I sysui_latency: [1,34]
03-16 10:40:43.256 797 814 D AutofillManagerService: Close system dialogs
03-16 10:40:43.256 797 1672 W FreeFormWindowHelper: Current Display FreeFormTask is null
03-16 10:40:43.256 797 1672 W FreeFormWindowHelper: Current Display FreeFormTask is null
03-16 10:40:43.256 797 818 I input_focus: [Focus request recents_animation_input_consumer,reason=UpdateInputWindows]
03-16 10:40:43.257 797 1672 W FreeFormWindowHelper: Current Display FreeFormTask is null
03-16 10:40:43.258 797 1514 W FreeFormWindowHelper: Current Display FreeFormTask is null
03-16 10:40:43.262 797 830 I am_uid_running: 10067
03-16 10:40:43.262 797 830 D CompatibilityChangeReporter: Compat change id reported: 135634846; UID 10067; state: DISABLED
03-16 10:40:43.263 797 830 D CompatibilityChangeReporter: Compat change id reported: 177438394; UID 10067; state: DISABLED
03-16 10:40:43.263 797 830 D CompatibilityChangeReporter: Compat change id reported: 135772972; UID 10067; state: DISABLED
03-16 10:40:43.263 797 830 D CompatibilityChangeReporter: Compat change id reported: 135754954; UID 10067; state: ENABLED
03-16 10:40:43.263 797 831 D CompatibilityChangeReporter: Compat change id reported: 143937733; UID 10067; state: ENABLED
03-16 10:40:43.265 797 5728 I commit_sys_config_file: [sync-accounts,1]
03-16 10:40:43.266 797 5728 I commit_sys_config_file: [sync-accounts,2]
03-16 10:40:43.267 797 1329 I input_interaction: Interaction with: edge-swipe (server), swipe-up (server), PointerEventDispatcher0 (server),
03-16 10:40:43.268 797 5728 I commit_sys_config_file: [sync-accounts,4]
03-16 10:40:43.268 797 831 I am_proc_start: [0,6298,10067,com.android.inputmethod.latin,broadcast,{com.android.inputmethod.latin/com.android.inputmethod.latin.accounts.AccountsChangedReceiver}]
03-16 10:40:43.268 797 831 I ActivityManager: Start proc 6298:com.android.inputmethod.latin/u0a67 for broadcast {com.android.inputmethod.latin/com.android.inputmethod.latin.accounts.AccountsChangedReceiver}
03-16 10:40:43.271 797 5728 W ContentService: Requested poll frequency of 60 seconds being rounded up to 900s.
03-16 10:40:43.273 797 1329 I input_focus: [Focus leaving 73f65af com.qiyi.video/com.qiyi.video.WelcomeActivity (server),reason=NOT_FOCUSABLE]
03-16 10:40:43.273 797 1672 W FreeFormWindowHelper: Current Display FreeFormTask is null
03-16 10:40:43.273 797 1329 I input_focus: [Focus entering recents_animation_input_consumer (server),reason=setFocusedWindow]
03-16 10:40:43.273 797 1672 W FreeFormWindowHelper: Current Display FreeFormTask is null
03-16 10:40:43.271 4218 4218 I auditd : type=1400 audit(0.0:3381): avc: denied { call } for comm="CodecLooper" scontext=u:r:su:s0 tcontext=u:r:mediacodec:s0 tclass=binder permissive=1
03-16 10:40:43.275 6298 6298 I auditd : type=1400 audit(0.0:3382): avc: denied { connectto } for comm=4144422D4A44575020436F6E6E6563 path=006A6477702D636F6E74726F6C scontext=u:r:untrusted_app:s0:c67,c256,c512,c768 tcontext=u:r:su:s0 tclass=unix_stream_socket permissive=1
01-01 23:58:59.675 0 0 I binder : 6298:6298 ioctl 40046210 7fdb4c8cd4 returned -22
03-16 10:40:43.282 797 5728 I am_proc_bound: [0,6298,com.android.inputmethod.latin]
03-16 10:40:43.282 797 5728 D CompatibilityChangeReporter: Compat change id reported: 168419799; UID 10067; state: DISABLED
03-16 10:40:43.289 797 5728 D CompatibilityChangeReporter: Compat change id reported: 168419799; UID 10094; state: DISABLED
03-16 10:40:43.290 797 1514 W FreeFormWindowHelper: Current Display FreeFormTask is null
03-16 10:40:43.290 797 1514 W FreeFormWindowHelper: Current Display FreeFormTask is null
03-16 10:40:43.307 1416 1416 I auditd : type=1400 audit(0.0:3383): avc: denied { call } for comm="OMXCallbackDisp" scontext=u:r:mediacodec:s0 tcontext=u:r:su:s0 tclass=binder permissive=1
03-16 10:40:43.323 4129 4129 I auditd : type=1400 audit(0.0:3384): avc: denied { use } for comm="UsbFfs-worker" path="anon_inode:[eventfd]" dev="anon_inodefs" ino=11319 scontext=u:r:su:s0 tcontext=u:r:adbd:s0 tclass=fd permissive=1
03-16 10:40:43.364 797 2870 E TaskPersister: File error accessing recents directory (directory doesn't exist?).
03-16 10:40:43.428 797 1297 I commit_sys_config_file: [settings-1-0,2]
03-16 10:40:43.542 797 2012 W FreeFormWindowHelper: exitRecentTasks type=0
03-16 10:40:43.552 797 822 I sysui_latency: [8,39]
03-16 10:40:43.557 797 1672 W FreeFormWindowHelper: Current Display FreeFormTask is null
03-16 10:40:43.557 797 1672 W FreeFormWindowHelper: Current Display FreeFormTask is null
03-16 10:40:43.746 797 1297 I commit_sys_config_file: [settings-1-0,2]
03-16 10:40:43.913 797 1329 I input_interaction: Interaction with: recents_animation_input_consumer (server), edge-swipe (server), swipe-up (server), PointerEventDispatcher0 (server),
03-16 10:40:43.931 797 1514 I wm_task_moved: [1,1,15]
03-16 10:40:43.932 797 1514 I wm_task_moved: [13,1,2147483647]
03-16 10:40:43.932 797 1514 I wm_task_to_front: [0,13]
03-16 10:40:43.932 797 1514 I wm_focused_root_task: [0,0,1,41,RecentsAnimation.onAnimationFinished()]
03-16 10:40:43.932 6080 6080 I wm_on_top_resumed_lost_called: [154140687,com.qiyi.video.WelcomeActivity,topStateChangedWhenResumed]
03-16 10:40:43.933 797 1514 I wm_set_resumed_activity: [0,com.android.launcher3/.uioverrides.QuickstepLauncher,RecentsAnimation.onAnimationFinished()]
03-16 10:40:43.934 797 1514 I wm_pause_activity: [0,154140687,com.qiyi.video/.WelcomeActivity,userLeaving=true,pauseBackTasks]
03-16 10:40:43.938 797 1514 I wm_add_to_stopping: [0,154140687,com.qiyi.video/.WelcomeActivity,makeInvisible]
03-16 10:40:43.938 797 1514 I ActivityTaskManager: FOREGROUND_APPLICATION_CHANGED to com.android.launcher3.uioverrides.QuickstepLauncher
03-16 10:40:43.938 797 1514 I wm_set_resumed_activity: [0,com.android.launcher3/.uioverrides.QuickstepLauncher,resumeTopActivityInnerLocked]
03-16 10:40:43.941 797 1514 I wm_resume_activity: [0,28844568,13,com.android.launcher3/.uioverrides.QuickstepLauncher]
03-16 10:40:43.941 797 2012 W FreeFormWindowHelper: Current Display FreeFormTask is null
03-16 10:40:43.941 797 2012 W FreeFormWindowHelper: Current Display FreeFormTask is null
03-16 10:40:43.943 2626 2626 I wm_on_resume_called: [28844568,com.android.launcher3.uioverrides.QuickstepLauncher,RESUME_ACTIVITY]
03-16 10:40:43.954 797 818 I input_focus: [Focus request efa3eda com.android.launcher3/com.android.launcher3.uioverrides.QuickstepLauncher,reason=UpdateInputWindows]
03-16 10:40:43.955 2626 2626 I wm_on_top_resumed_gained_called: [28844568,com.android.launcher3.uioverrides.QuickstepLauncher,topStateChangedWhenResumed]
03-16 10:40:43.960 797 1329 I input_focus: [Focus leaving recents_animation_input_consumer (server),reason=NOT_VISIBLE]
03-16 10:40:43.967 797 817 I wm_stop_activity: [0,154140687,com.qiyi.video/.WelcomeActivity]
03-16 10:40:43.967 797 817 I sysui_multi_action: [757,803,799,window_time_0,802,2]
03-16 10:40:43.968 797 817 I sysui_multi_action: [757,803,799,window_time_0,802,0]
03-16 10:40:43.975 6080 6080 I wm_on_paused_called: [154140687,com.qiyi.video.WelcomeActivity,performPause]
03-16 10:40:43.976 797 1329 I input_focus: [Focus entering efa3eda com.android.launcher3/com.android.launcher3.uioverrides.QuickstepLauncher (server),reason=setFocusedWindow]
03-16 10:40:43.990 6080 6080 I wm_on_stop_called: [154140687,com.qiyi.video.WelcomeActivity,STOP_ACTIVITY_ITEM]
03-16 10:40:44.056 797 1672 W FreeFormWindowHelper: Current Display FreeFormTask is null
03-16 10:40:44.904 797 1329 I input_interaction: Interaction with: efa3eda com.android.launcher3/com.android.launcher3.uioverrides.QuickstepLauncher (server), eb1e2e4 com.android.systemui.ImageWallpaper (server), edge-swipe (server), swipe-up (server), PointerEventDispatcher0 (server),
03-16 10:40:45.076 797 1514 I thunderperf: PlatormCompat.setOverrides: Uid1=10074 Pid1=2626 Uid2=10074 Pid2=2626
03-16 10:40:45.076 797 1514 I thunderperf: PlatormCompat.setOverrides: needCheck:false
03-16 10:40:45.076 797 1514 I thunderperf: CompatConfig.addOverrideUnsafe: bef-state=0
03-16 10:40:45.076 797 1514 I thunderperf: CompatConfig.addOverrideUnsafe: aft-state=0
03-16 10:40:45.077 797 1514 I thunderperf: CompatConfig.addOverrideUnsafe: bef-state=0
03-16 10:40:45.077 797 1514 I thunderperf: CompatConfig.addOverrideUnsafe: aft-state=0
03-16 10:40:45.077 797 1514 I thunderperf: CompatConfig.addOverrideUnsafe: bef-state=0
03-16 10:40:45.077 797 1514 I thunderperf: CompatConfig.addOverrideUnsafe: aft-state=0
03-16 10:40:45.078 797 1514 I thunderperf: CompatConfig.addOverrideUnsafe: bef-state=0
03-16 10:40:45.078 797 1514 I thunderperf: CompatConfig.addOverrideUnsafe: aft-state=0
03-16 10:40:45.078 797 1514 I thunderperf: CompatConfig.addOverrideUnsafe: bef-state=0
03-16 10:40:45.078 797 1514 I thunderperf: CompatConfig.addOverrideUnsafe: aft-state=0
03-16 10:40:45.078 797 1514 I thunderperf: CompatConfig.addOverrideUnsafe: bef-state=0
03-16 10:40:45.078 797 1514 I thunderperf: CompatConfig.addOverrideUnsafe: aft-state=0
03-16 10:40:45.079 797 1514 I thunderperf: CompatConfig.addOverrideUnsafe: bef-state=0
03-16 10:40:45.079 797 1514 I thunderperf: CompatConfig.addOverrideUnsafe: aft-state=0
03-16 10:40:45.079 797 1514 I thunderperf: CompatConfig.addOverrideUnsafe: bef-state=0
03-16 10:40:45.079 797 1514 I thunderperf: CompatConfig.addOverrideUnsafe: aft-state=0
03-16 10:40:45.079 797 1514 I thunderperf: CompatConfig.addOverrideUnsafe: bef-state=0
03-16 10:40:45.079 797 1514 I thunderperf: CompatConfig.addOverrideUnsafe: aft-state=0
03-16 10:40:45.080 797 1514 I thunderperf: CompatConfig.addOverrideUnsafe: bef-state=0
03-16 10:40:45.080 797 1514 I thunderperf: CompatConfig.addOverrideUnsafe: aft-state=0
03-16 10:40:45.080 797 1514 I thunderperf: CompatConfig.addOverrideUnsafe: bef-state=0
03-16 10:40:45.080 797 1514 I thunderperf: CompatConfig.addOverrideUnsafe: aft-state=0
03-16 10:40:45.080 797 1514 I thunderperf: CompatConfig.addOverrideUnsafe: bef-state=0
03-16 10:40:45.080 797 1514 I thunderperf: CompatConfig.addOverrideUnsafe: aft-state=0
03-16 10:40:45.081 797 1514 I thunderperf: CompatConfig.addOverrideUnsafe: bef-state=0
03-16 10:40:45.081 797 1514 I thunderperf: CompatConfig.addOverrideUnsafe: aft-state=0
03-16 10:40:45.081 797 1514 I thunderperf: CompatConfig.addOverrideUnsafe: bef-state=0
03-16 10:40:45.081 797 1514 I thunderperf: CompatConfig.addOverrideUnsafe: aft-state=0
03-16 10:40:45.089 797 1514 I ActivityTaskManager: START u0 {act=android.intent.action.MAIN cat=[android.intent.category.LAUNCHER] flg=0x10200000 cmp=com.qiyi.video/.WelcomeActivity bnds=[1492,84][1768,358]} from uid 10074
03-16 10:40:45.090 797 1514 I wm_task_moved: [41,1,15]
03-16 10:40:45.090 797 1514 I wm_task_to_front: [0,41]
03-16 10:40:45.091 797 1514 I wm_focused_root_task: [0,0,41,1,bringingFoundTaskToFront]
03-16 10:40:45.092 797 1514 I wm_set_resumed_activity: [0,com.qiyi.video/.WelcomeActivity,bringingFoundTaskToFront]
03-16 10:40:45.092 797 1514 I wm_new_intent: [0,154140687,41,com.qiyi.video/.WelcomeActivity,android.intent.action.MAIN,NULL,NULL,270532608]
03-16 10:40:45.093 797 1514 D CompatibilityChangeReporter: Compat change id reported: 168419799; UID 10095; state: DISABLED
03-16 10:40:45.094 797 1514 I wm_pause_activity: [0,28844568,com.android.launcher3/.uioverrides.QuickstepLauncher,userLeaving=true,pauseBackTasks]
03-16 10:40:45.095 2011 2236 D PhoneStartingWindowTypeAlgorithm: preferredStartingWindowType newTask:false taskSwitch:true processRunning:true allowTaskSnapshot:true activityCreated:true useEmptySplashScreen:false legacySplashScreen:false topIsHome:false
03-16 10:40:45.095 2011 2236 D PhoneStartingWindowTypeAlgorithm: isSnapshotCompatible rotation 0 snapshot 0
03-16 10:40:45.099 797 2012 W FreeFormWindowHelper: Current Display FreeFormTask is null
03-16 10:40:45.101 2626 2626 I wm_on_top_resumed_lost_called: [28844568,com.android.launcher3.uioverrides.QuickstepLauncher,topStateChangedWhenResumed]
03-16 10:40:45.106 2626 2626 I wm_on_paused_called: [28844568,com.android.launcher3.uioverrides.QuickstepLauncher,performPause]
03-16 10:40:45.107 797 1514 I ActivityTaskManager: FOREGROUND_APPLICATION_CHANGED to org.qiyi.android.video.MainActivity
03-16 10:40:45.108 797 1514 I wm_set_resumed_activity: [0,com.qiyi.video/.WelcomeActivity,resumeTopActivityInnerLocked]
03-16 10:40:45.109 797 1514 I wm_add_to_stopping: [0,28844568,com.android.launcher3/.uioverrides.QuickstepLauncher,makeInvisible]
03-16 10:40:45.111 797 1514 D CompatibilityChangeReporter: Compat change id reported: 174042980; UID 10095; state: DISABLED
03-16 10:40:45.111 797 1514 D CompatibilityChangeReporter: Compat change id reported: 181136395; UID 10095; state: DISABLED
03-16 10:40:45.112 797 1514 D CompatibilityChangeReporter: Compat change id reported: 174042936; UID 10095; state: DISABLED
03-16 10:40:45.112 797 1514 D CompatibilityChangeReporter: Compat change id reported: 184838306; UID 10095; state: DISABLED
03-16 10:40:45.113 797 1514 D CompatibilityChangeReporter: Compat change id reported: 185004937; UID 10095; state: DISABLED
03-16 10:40:45.113 797 1514 I wm_resume_activity: [0,154140687,41,com.qiyi.video/.WelcomeActivity]
03-16 10:40:45.119 797 817 I sysui_multi_action: [757,803,799,window_time_0,802,1]
03-16 10:40:45.129 6080 6080 I wm_on_restart_called: [154140687,com.qiyi.video.WelcomeActivity,performRestartActivity]
03-16 10:40:45.129 797 1329 I input_focus: [Focus leaving efa3eda com.android.launcher3/com.android.launcher3.uioverrides.QuickstepLauncher (server),reason=NO_WINDOW]
03-16 10:40:45.133 6080 6080 I wm_on_start_called: [154140687,com.qiyi.video.WelcomeActivity,handleStartActivity]
03-16 10:40:45.137 6080 6080 I wm_on_resume_called: [154140687,com.qiyi.video.WelcomeActivity,RESUME_ACTIVITY]
03-16 10:40:45.154 6080 6080 I wm_on_top_resumed_gained_called: [154140687,com.qiyi.video.WelcomeActivity,topWhenResuming]
03-16 10:40:45.158 797 818 I input_focus: [Focus request 73f65af com.qiyi.video/com.qiyi.video.WelcomeActivity,reason=UpdateInputWindows]
03-16 10:40:45.173 797 4608 D CompatibilityChangeReporter: Compat change id reported: 171306433; UID 10094; state: DISABLED
03-16 10:40:45.196 2011 2236 D StartingSurfaceDrawer: Task start finish, remove starting surface for task 41
03-16 10:40:45.207 797 814 I sysui_multi_action: [319,33,321,31,322,103,325,966,757,761,758,9,759,4,806,com.qiyi.video,871,com.qiyi.video.WelcomeActivity,904,com.android.launcher3,905,0,1320,4,1321,4]
03-16 10:40:45.213 797 1329 I input_focus: [Focus entering 73f65af com.qiyi.video/com.qiyi.video.WelcomeActivity (server),reason=Window became focusable. Previous reason: NOT_VISIBLE]
03-16 10:40:45.215 797 1514 W FreeFormWindowHelper: Current Display FreeFormTask is null
03-16 10:40:45.276 797 816 I commit_sys_config_file: [jobs,2]
03-16 10:40:45.667 797 817 I wm_stop_activity: [0,28844568,com.android.launcher3/.uioverrides.QuickstepLauncher]
03-16 10:40:45.703 2626 2626 I wm_on_stop_called: [28844568,com.android.launcher3.uioverrides.QuickstepLauncher,STOP_ACTIVITY_ITEM]
03-16 10:40:45.772 797 1329 I input_interaction: Interaction with: Letterbox_right_ActivityRecord{930000f u0 com.qiyi.video/.WelcomeActivity t41} (server), edge-swipe (server), swipe-up (server), PointerEventDispatcher0 (server),
03-16 10:40:45.787 4218 4218 I auditd : type=1400 audit(0.0:3385): avc: denied { call } for comm="CodecLooper" scontext=u:r:su:s0 tcontext=u:r:mediacodec:s0 tclass=binder permissive=1
03-16 10:40:45.852 797 1329 I input_interaction: Interaction with: Letterbox_right_ActivityRecord{930000f u0 com.qiyi.video/.WelcomeActivity t41} (server), 73f65af com.qiyi.video/com.qiyi.video.WelcomeActivity (server), edge-swipe (server), swipe-up (server), PointerEventDispatcher0 (server),
03-16 10:40:45.852 797 1329 I input_interaction: Interaction with: Letterbox_right_ActivityRecord{930000f u0 com.qiyi.video/.WelcomeActivity t41} (server), 73f65af com.qiyi.video/com.qiyi.video.WelcomeActivity (server), Letterbox_left_ActivityRecord{930000f u0 com.qiyi.video/.WelcomeActivity t41} (server), edge-swipe (server), swipe-up (server), PointerEventDispatcher0 (server),
03-16 10:40:45.866 797 2012 W FreeFormWindowHelper: Current Display FreeFormTask is null
03-16 10:40:45.867 797 2012 I wm_task_moved: [1,0,0]
03-16 10:40:45.868 797 2012 I wm_task_moved: [1,0,14]
03-16 10:40:45.869 797 2330 W FreeFormWindowHelper: Current Display FreeFormTask is null
03-16 10:40:45.877 2626 2626 I wm_on_restart_called: [28844568,com.android.launcher3.uioverrides.QuickstepLauncher,performRestartActivity]
03-16 10:40:45.878 797 2012 W FreeFormWindowHelper: Current Display FreeFormTask is null
03-16 10:40:45.879 797 2012 W FreeFormWindowHelper: Current Display FreeFormTask is null
03-16 10:40:45.903 2626 2626 I wm_on_start_called: [28844568,com.android.launcher3.uioverrides.QuickstepLauncher,handleStartActivity]
03-16 10:40:45.909 797 5728 W FreeFormWindowHelper: Current Display FreeFormTask is null
03-16 10:40:45.910 797 5728 W FreeFormWindowHelper: Current Display FreeFormTask is null
03-16 10:40:45.920 797 4608 W FreeFormWindowHelper: Current Display FreeFormTask is null
03-16 10:40:45.920 797 4608 W FreeFormWindowHelper: Current Display FreeFormTask is null
03-16 10:40:45.921 797 814 I sysui_multi_action: [319,10,322,52,325,967,757,761,758,9,759,5,806,com.android.launcher3,871,com.android.launcher3.uioverrides.QuickstepLauncher,905,0,1320,4,1321,1]
03-16 10:40:45.929 797 4608 W FreeFormWindowHelper: Current Display FreeFormTask is null
03-16 10:40:45.929 797 4608 W FreeFormWindowHelper: Current Display FreeFormTask is null
03-16 10:40:45.952 797 814 D AutofillManagerService: Close system dialogs
03-16 10:40:45.952 2626 2626 I sysui_latency: [1,59]
03-16 10:40:45.953 797 5728 W FreeFormWindowHelper: Current Display FreeFormTask is null
03-16 10:40:45.953 797 818 I input_focus: [Focus request recents_animation_input_consumer,reason=UpdateInputWindows]
03-16 10:40:45.954 797 2330 W FreeFormWindowHelper: Current Display FreeFormTask is null
03-16 10:40:45.960 6080 6080 I view_enqueue_input_event: [Motion - Cancel,com.qiyi.video/com.qiyi.video.WelcomeActivity]
03-16 10:40:45.961 797 1329 I input_interaction: Interaction with: edge-swipe (server), swipe-up (server), PointerEventDispatcher0 (server),
03-16 10:40:45.968 797 2330 W FreeFormWindowHelper: Current Display FreeFormTask is null
03-16 10:40:45.968 797 2330 W FreeFormWindowHelper: Current Display FreeFormTask is null
03-16 10:40:45.980 797 4608 W FreeFormWindowHelper: Current Display FreeFormTask is null
03-16 10:40:45.980 797 4608 W FreeFormWindowHelper: Current Display FreeFormTask is null
03-16 10:40:45.980 797 1329 I input_focus: [Focus leaving 73f65af com.qiyi.video/com.qiyi.video.WelcomeActivity (server),reason=NOT_FOCUSABLE]
03-16 10:40:45.980 797 1329 I input_focus: [Focus entering recents_animation_input_consumer (server),reason=setFocusedWindow]
03-16 10:40:46.107 797 1297 I commit_sys_config_file: [settings-1-0,5]
03-16 10:40:46.211 797 797 I service_manager_stats: [100,42,9035]
03-16 10:40:46.221 797 822 I sysui_latency: [8,65]
03-16 10:40:46.720 797 2330 I wm_task_moved: [1,0,14]
03-16 10:40:46.723 797 2330 I wm_add_to_stopping: [0,28844568,com.android.launcher3/.uioverrides.QuickstepLauncher,makeInvisible]
01-01 23:59:03.121 0 0 W perfetto: disabled ftrace
03-16 10:40:46.729 797 2012 W FreeFormWindowHelper: Current Display FreeFormTask is null
03-16 10:40:46.729 797 2012 W FreeFormWindowHelper: Current Display FreeFormTask is null
03-16 10:40:46.731 797 818 I input_focus: [Focus request 73f65af com.qiyi.video/com.qiyi.video.WelcomeActivity,reason=UpdateInputWindows]
03-16 10:40:46.738 797 817 I wm_stop_activity: [0,28844568,com.android.launcher3/.uioverrides.QuickstepLauncher]
03-16 10:40:46.745 797 4608 W FreeFormWindowHelper: Current Display FreeFormTask is null
03-16 10:40:46.745 797 4608 W FreeFormWindowHelper: Current Display FreeFormTask is null
03-16 10:40:46.751 797 1329 I input_focus: [Focus leaving recents_animation_input_consumer (server),reason=NOT_VISIBLE]
03-16 10:40:46.751 797 1329 I input_focus: [Focus entering 73f65af com.qiyi.video/com.qiyi.video.WelcomeActivity (server),reason=setFocusedWindow]
03-16 10:40:46.756 797 1672 W FreeFormWindowHelper: Current Display FreeFormTask is null
03-16 10:40:46.756 797 1672 W FreeFormWindowHelper: Current Display FreeFormTask is null
03-16 10:40:46.763 797 1672 W FreeFormWindowHelper: exitRecentTasks type=0
03-16 10:40:46.765 2626 2626 I wm_on_stop_called: [28844568,com.android.launcher3.uioverrides.QuickstepLauncher,STOP_ACTIVITY_ITEM]
03-16 10:40:46.768 797 822 W UsageStatsService: Unexpected activity event reported! (com.android.launcher3/com.android.launcher3.uioverrides.QuickstepLauncher event : 23 instanceId : 55927770)
01-01 23:59:03.276 0 0 E DTC_ETH,link_delay_work_func: 3003, SQI=0, link=0
03-16 10:40:46.971 797 1297 I commit_sys_config_file: [settings-1-0,6]
03-16 10:40:47.813 797 1329 I input_interaction: Interaction with: 73f65af com.qiyi.video/com.qiyi.video.WelcomeActivity (server), edge-swipe (server), swipe-up (server), PointerEventDispatcher0 (server),
03-16 10:40:47.815 797 1329 I input_interaction: Interaction with: 73f65af com.qiyi.video/com.qiyi.video.WelcomeActivity (server), Letterbox_right_ActivityRecord{930000f u0 com.qiyi.video/.WelcomeActivity t41} (server), edge-swipe (server), swipe-up (server), PointerEventDispatcher0 (server),
03-16 10:40:47.826 797 1672 W FreeFormWindowHelper: Current Display FreeFormTask is null
03-16 10:40:47.827 797 2012 I wm_task_moved: [1,0,0]
03-16 10:40:47.827 797 2012 I wm_task_moved: [1,0,14]
03-16 10:40:47.831 797 1672 W FreeFormWindowHelper: Current Display FreeFormTask is null
03-16 10:40:47.831 2626 2626 I wm_on_restart_called: [28844568,com.android.launcher3.uioverrides.QuickstepLauncher,performRestartActivity]
03-16 10:40:47.833 797 1672 W FreeFormWindowHelper: Current Display FreeFormTask is null
03-16 10:40:47.833 797 1672 W FreeFormWindowHelper: Current Display FreeFormTask is null
03-16 10:40:47.850 2626 2626 I wm_on_start_called: [28844568,com.android.launcher3.uioverrides.QuickstepLauncher,handleStartActivity]
03-16 10:40:47.859 797 1672 W FreeFormWindowHelper: Current Display FreeFormTask is null
03-16 10:40:47.859 797 1672 W FreeFormWindowHelper: Current Display FreeFormTask is null
03-16 10:40:47.867 797 1672 W FreeFormWindowHelper: Current Display FreeFormTask is null
03-16 10:40:47.867 797 1672 W FreeFormWindowHelper: Current Display FreeFormTask is null
03-16 10:40:47.871 797 814 I sysui_multi_action: [319,10,322,38,325,969,757,761,758,9,759,5,806,com.android.launcher3,871,com.android.launcher3.uioverrides.QuickstepLauncher,905,0,1320,4,1321,1]
03-16 10:40:47.871 797 1329 I input_interaction: Interaction with: 73f65af com.qiyi.video/com.qiyi.video.WelcomeActivity (server), Letterbox_right_ActivityRecord{930000f u0 com.qiyi.video/.WelcomeActivity t41} (server), Letterbox_left_ActivityRecord{930000f u0 com.qiyi.video/.WelcomeActivity t41} (server), edge-swipe (server), swipe-up (server), PointerEventDispatcher0 (server),
03-16 10:40:47.919 797 1672 I wm_task_moved: [1,0,14]
03-16 10:40:47.919 797 1672 I wm_add_to_stopping: [0,28844568,com.android.launcher3/.uioverrides.QuickstepLauncher,makeInvisible]
03-16 10:40:47.925 797 817 I wm_stop_activity: [0,28844568,com.android.launcher3/.uioverrides.QuickstepLauncher]
03-16 10:40:47.926 797 1672 W FreeFormWindowHelper: exitRecentTasks type=0
03-16 10:40:47.938 797 1672 W FreeFormWindowHelper: Current Display FreeFormTask is null
03-16 10:40:47.938 797 1672 W FreeFormWindowHelper: Current Display FreeFormTask is null
03-16 10:40:47.940 2626 2626 I wm_on_stop_called: [28844568,com.android.launcher3.uioverrides.QuickstepLauncher,STOP_ACTIVITY_ITEM]
03-16 10:40:47.952 797 822 W UsageStatsService: Unexpected activity event reported! (com.android.launcher3/com.android.launcher3.uioverrides.QuickstepLauncher event : 23 instanceId : 55927770)
03-16 10:40:48.051 797 1297 I commit_sys_config_file: [settings-1-0,3]
03-16 10:40:48.115 797 2870 E TaskPersister: File error accessing recents directory (directory doesn't exist?).
03-16 10:40:48.183 797 1329 I input_interaction: Interaction with: 73f65af com.qiyi.video/com.qiyi.video.WelcomeActivity (server), Letterbox_right_ActivityRecord{930000f u0 com.qiyi.video/.WelcomeActivity t41} (server), edge-swipe (server), swipe-up (server), PointerEventDispatcher0 (server),
03-16 10:40:48.430 797 1329 I input_interaction: Interaction with: Letterbox_right_ActivityRecord{930000f u0 com.qiyi.video/.WelcomeActivity t41} (server), edge-swipe (server), swipe-up (server), PointerEventDispatcher0 (server),
03-16 10:40:48.720 797 1329 I input_interaction: Interaction with: Letterbox_left_ActivityRecord{930000f u0 com.qiyi.video/.WelcomeActivity t41} (server), edge-swipe (server), swipe-up (server), PointerEventDispatcher0 (server),
03-16 10:40:48.789 797 1329 I input_interaction: Interaction with: Letterbox_left_ActivityRecord{930000f u0 com.qiyi.video/.WelcomeActivity t41} (server), Letterbox_right_ActivityRecord{930000f u0 com.qiyi.video/.WelcomeActivity t41} (server), edge-swipe (server), swipe-up (server), PointerEventDispatcher0 (server),
03-16 10:40:48.815 797 1672 I wm_task_moved: [1,0,0]
03-16 10:40:48.816 797 1672 I wm_task_moved: [1,0,14]
03-16 10:40:48.817 797 2330 W FreeFormWindowHelper: Current Display FreeFormTask is null
03-16 10:40:48.817 797 1329 I input_interaction: Interaction with: Letterbox_left_ActivityRecord{930000f u0 com.qiyi.video/.WelcomeActivity t41} (server), Letterbox_right_ActivityRecord{930000f u0 com.qiyi.video/.WelcomeActivity t41} (server), 73f65af com.qiyi.video/com.qiyi.video.WelcomeActivity (server), edge-swipe (server), swipe-up (server), PointerEventDispatcher0 (server),
03-16 10:40:48.819 797 2330 W FreeFormWindowHelper: Current Display FreeFormTask is null
03-16 10:40:48.835 2626 2626 I wm_on_restart_called: [28844568,com.android.launcher3.uioverrides.QuickstepLauncher,performRestartActivity]
03-16 10:40:48.836 797 1672 W FreeFormWindowHelper: Current Display FreeFormTask is null
03-16 10:40:48.837 797 2330 W FreeFormWindowHelper: Current Display FreeFormTask is null
03-16 10:40:48.859 2626 2626 I wm_on_start_called: [28844568,com.android.launcher3.uioverrides.QuickstepLauncher,handleStartActivity]
03-16 10:40:48.860 6080 6080 I view_enqueue_input_event: [Motion - Cancel,com.qiyi.video/com.qiyi.video.WelcomeActivity]
03-16 10:40:48.861 797 814 D AutofillManagerService: Close system dialogs
03-16 10:40:48.863 797 818 I input_focus: [Focus request recents_animation_input_consumer,reason=UpdateInputWindows]
03-16 10:40:48.864 797 2330 W FreeFormWindowHelper: Current Display FreeFormTask is null
03-16 10:40:48.865 797 2330 W FreeFormWindowHelper: Current Display FreeFormTask is null
03-16 10:40:48.865 2626 2626 I sysui_latency: [1,63]
03-16 10:40:48.873 797 1329 I input_interaction: Interaction with: edge-swipe (server), swipe-up (server), PointerEventDispatcher0 (server),
03-16 10:40:48.874 797 1672 W FreeFormWindowHelper: Current Display FreeFormTask is null
03-16 10:40:48.875 797 2330 W FreeFormWindowHelper: Current Display FreeFormTask is null
03-16 10:40:48.875 797 2330 W FreeFormWindowHelper: Current Display FreeFormTask is null
03-16 10:40:48.875 797 2330 W FreeFormWindowHelper: Current Display FreeFormTask is null
03-16 10:40:48.889 797 814 I sysui_multi_action: [319,10,322,63,325,970,757,761,758,9,759,5,806,com.android.launcher3,871,com.android.launcher3.uioverrides.QuickstepLauncher,905,0,1320,4,1321,1]
03-16 10:40:48.890 797 1329 I input_focus: [Focus leaving 73f65af com.qiyi.video/com.qiyi.video.WelcomeActivity (server),reason=NOT_FOCUSABLE]
03-16 10:40:48.890 797 1329 I input_focus: [Focus entering recents_animation_input_consumer (server),reason=setFocusedWindow]
03-16 10:40:48.890 797 1672 W FreeFormWindowHelper: Current Display FreeFormTask is null
03-16 10:40:48.891 797 1672 W FreeFormWindowHelper: Current Display FreeFormTask is null
03-16 10:40:48.904 797 4608 W FreeFormWindowHelper: Current Display FreeFormTask is null
03-16 10:40:48.904 797 4608 W FreeFormWindowHelper: Current Display FreeFormTask is null
03-16 10:40:49.060 797 1297 I commit_sys_config_file: [settings-1-0,3]
03-16 10:40:49.181 797 822 I sysui_latency: [8,72]
03-16 10:40:49.392 797 2012 I wm_task_moved: [1,0,14]
03-16 10:40:49.394 797 2012 I wm_add_to_stopping: [0,28844568,com.android.launcher3/.uioverrides.QuickstepLauncher,makeInvisible]
03-16 10:40:49.400 797 818 I input_focus: [Focus request 73f65af com.qiyi.video/com.qiyi.video.WelcomeActivity,reason=UpdateInputWindows]
03-16 10:40:49.401 797 817 I wm_stop_activity: [0,28844568,com.android.launcher3/.uioverrides.QuickstepLauncher]
03-16 10:40:49.404 797 1672 W FreeFormWindowHelper: Current Display FreeFormTask is null
03-16 10:40:49.404 797 1672 W FreeFormWindowHelper: Current Display FreeFormTask is null
03-16 10:40:49.410 797 1329 I input_focus: [Focus leaving recents_animation_input_consumer (server),reason=NOT_VISIBLE]
03-16 10:40:49.411 797 1329 I input_focus: [Focus entering 73f65af com.qiyi.video/com.qiyi.video.WelcomeActivity (server),reason=setFocusedWindow]
03-16 10:40:49.413 797 2012 W FreeFormWindowHelper: Current Display FreeFormTask is null
03-16 10:40:49.413 797 2012 W FreeFormWindowHelper: Current Display FreeFormTask is null
03-16 10:40:49.422 797 1672 W FreeFormWindowHelper: Current Display FreeFormTask is null
03-16 10:40:49.422 797 1672 W FreeFormWindowHelper: Current Display FreeFormTask is null
03-16 10:40:49.426 797 2012 W FreeFormWindowHelper: exitRecentTasks type=0
03-16 10:40:49.428 2626 2626 I wm_on_stop_called: [28844568,com.android.launcher3.uioverrides.QuickstepLauncher,STOP_ACTIVITY_ITEM]
03-16 10:40:49.438 797 822 W UsageStatsService: Unexpected activity event reported! (com.android.launcher3/com.android.launcher3.uioverrides.QuickstepLauncher event : 23 instanceId : 55927770)
03-16 10:40:49.632 797 1297 I commit_sys_config_file: [settings-1-0,4]
03-16 10:40:49.888 797 1168 I commit_sys_config_file: [package-user-0,5]
03-16 10:40:50.003 797 1329 I input_interaction: Interaction with: 73f65af com.qiyi.video/com.qiyi.video.WelcomeActivity (server), edge-swipe (server), swipe-up (server), PointerEventDispatcher0 (server),
01-01 23:59:06.427 0 0 W audit : audit_lost=4061 audit_rate_limit=5 audit_backlog_limit=64
01-01 23:59:06.427 0 0 E audit : rate limit exceeded
03-16 10:40:50.027 6375 6375 I auditd : type=1400 audit(0.0:3386): avc: denied { open } for comm="getprop" path="/dev/__properties__/u:object_r:ab_update_gki_prop:s0" dev="tmpfs" ino=2245 scontext=u:r:untrusted_app:s0:c94,c256,c512,c768 tcontext=u:object_r:ab_update_gki_prop:s0 tclass=file permissive=1 app=com.sohu.sohuvideo
03-16 10:40:50.027 6375 6375 I auditd : type=1400 audit(0.0:3387): avc: denied { getattr } for comm="getprop" path="/dev/__properties__/u:object_r:ab_update_gki_prop:s0" dev="tmpfs" ino=2245 scontext=u:r:untrusted_app:s0:c94,c256,c512,c768 tcontext=u:object_r:ab_update_gki_prop:s0 tclass=file permissive=1 app=com.sohu.sohuvideo
03-16 10:40:50.027 6375 6375 I auditd : type=1400 audit(0.0:3388): avc: denied { map } for comm="getprop" path="/dev/__properties__/u:object_r:ab_update_gki_prop:s0" dev="tmpfs" ino=2245 scontext=u:r:untrusted_app:s0:c94,c256,c512,c768 tcontext=u:object_r:ab_update_gki_prop:s0 tclass=file permissive=1 app=com.sohu.sohuvideo
03-16 10:40:50.027 6375 6375 I auditd : type=1400 audit(0.0:3389): avc: denied { open } for comm="getprop" path="/dev/__properties__/u:object_r:adbd_prop:s0" dev="tmpfs" ino=2247 scontext=u:r:untrusted_app:s0:c94,c256,c512,c768 tcontext=u:object_r:adbd_prop:s0 tclass=file permissive=1 app=com.sohu.sohuvideo
03-16 10:40:50.027 6375 6375 I auditd : type=1400 audit(0.0:3390): avc: denied { getattr } for comm="getprop" path="/dev/__properties__/u:object_r:adbd_prop:s0" dev="tmpfs" ino=2247 scontext=u:r:untrusted_app:s0:c94,c256,c512,c768 tcontext=u:object_r:adbd_prop:s0 tclass=file permissive=1 app=com.sohu.sohuvideo
03-16 10:40:50.454 797 1329 I input_interaction: Interaction with: Letterbox_left_ActivityRecord{930000f u0 com.qiyi.video/.WelcomeActivity t41} (server), edge-swipe (server), swipe-up (server), PointerEventDispatcher0 (server),
03-16 10:40:50.498 797 1329 I input_interaction: Interaction with: Letterbox_left_ActivityRecord{930000f u0 com.qiyi.video/.WelcomeActivity t41} (server), Letterbox_right_ActivityRecord{930000f u0 com.qiyi.video/.WelcomeActivity t41} (server), edge-swipe (server), swipe-up (server), PointerEventDispatcher0 (server),
03-16 10:40:50.508 797 1329 I input_interaction: Interaction with: Letterbox_left_ActivityRecord{930000f u0 com.qiyi.video/.WelcomeActivity t41} (server), Letterbox_right_ActivityRecord{930000f u0 com.qiyi.video/.WelcomeActivity t41} (server), 73f65af com.qiyi.video/com.qiyi.video.WelcomeActivity (server), edge-swipe (server), swipe-up (server), PointerEventDispatcher0 (server),
03-16 10:40:50.519 797 2012 W FreeFormWindowHelper: Current Display FreeFormTask is null
03-16 10:40:50.520 797 5728 W FreeFormWindowHelper: Current Display FreeFormTask is null
03-16 10:40:50.520 797 2012 I wm_task_moved: [1,0,0]
03-16 10:40:50.521 797 2012 I wm_task_moved: [1,0,14]
03-16 10:40:50.547 2626 2626 I wm_on_restart_called: [28844568,com.android.launcher3.uioverrides.QuickstepLauncher,performRestartActivity]
03-16 10:40:50.548 797 5728 W FreeFormWindowHelper: Current Display FreeFormTask is null
03-16 10:40:50.549 797 5728 W FreeFormWindowHelper: Current Display FreeFormTask is null
03-16 10:40:50.561 2626 2626 I wm_on_start_called: [28844568,com.android.launcher3.uioverrides.QuickstepLauncher,handleStartActivity]
03-16 10:40:50.567 797 2012 W FreeFormWindowHelper: Current Display FreeFormTask is null
03-16 10:40:50.567 797 2012 W FreeFormWindowHelper: Current Display FreeFormTask is null
03-16 10:40:50.577 797 2330 W FreeFormWindowHelper: Current Display FreeFormTask is null
03-16 10:40:50.577 797 2330 W FreeFormWindowHelper: Current Display FreeFormTask is null
03-16 10:40:50.578 797 814 I sysui_multi_action: [319,13,322,53,325,972,757,761,758,9,759,5,806,com.android.launcher3,871,com.android.launcher3.uioverrides.QuickstepLauncher,905,0,1320,4,1321,1]
03-16 10:40:50.581 6080 6080 I view_enqueue_input_event: [Motion - Cancel,com.qiyi.video/com.qiyi.video.WelcomeActivity]
03-16 10:40:50.582 797 814 D AutofillManagerService: Close system dialogs
03-16 10:40:50.583 2626 2626 I sysui_latency: [1,61]
03-16 10:40:50.583 797 2330 W FreeFormWindowHelper: Current Display FreeFormTask is null
03-16 10:40:50.583 797 818 I input_focus: [Focus request recents_animation_input_consumer,reason=UpdateInputWindows]
03-16 10:40:50.584 797 5728 W FreeFormWindowHelper: Current Display FreeFormTask is null
03-16 10:40:50.591 797 1329 I input_interaction: Interaction with: edge-swipe (server), swipe-up (server), PointerEventDispatcher0 (server),
03-16 10:40:50.594 797 2330 W FreeFormWindowHelper: Current Display FreeFormTask is null
03-16 10:40:50.594 797 2330 W FreeFormWindowHelper: Current Display FreeFormTask is null
03-16 10:40:50.607 797 2330 W FreeFormWindowHelper: Current Display FreeFormTask is null
03-16 10:40:50.607 797 2330 W FreeFormWindowHelper: Current Display FreeFormTask is null
03-16 10:40:50.608 797 1329 I input_focus: [Focus leaving 73f65af com.qiyi.video/com.qiyi.video.WelcomeActivity (server),reason=NOT_FOCUSABLE]
03-16 10:40:50.608 797 1329 I input_focus: [Focus entering recents_animation_input_consumer (server),reason=setFocusedWindow]
03-16 10:40:50.762 797 1297 I commit_sys_config_file: [settings-1-0,3]
03-16 10:40:50.877 797 822 I sysui_latency: [8,62]
01-01 23:59:08.397 0 0 E DTC_ETH,link_delay_work_func: 3003, SQI=0, link=0
03-16 10:40:52.313 797 5728 I wm_task_moved: [1,0,14]
03-16 10:40:52.316 797 5728 I wm_add_to_stopping: [0,28844568,com.android.launcher3/.uioverrides.QuickstepLauncher,makeInvisible]
03-16 10:40:52.323 797 2330 W FreeFormWindowHelper: Current Display FreeFormTask is null
03-16 10:40:52.323 797 2330 W FreeFormWindowHelper: Current Display FreeFormTask is null
03-16 10:40:52.329 797 818 I input_focus: [Focus request 73f65af com.qiyi.video/com.qiyi.video.WelcomeActivity,reason=UpdateInputWindows]
03-16 10:40:52.330 797 817 I wm_stop_activity: [0,28844568,com.android.launcher3/.uioverrides.QuickstepLauncher]
03-16 10:40:52.333 797 817 I ActivityManager: PendingStartActivityUids startActivity to updateOomAdj delay:1808ms, uid:10074
03-16 10:40:52.340 797 2330 W FreeFormWindowHelper: Current Display FreeFormTask is null
03-16 10:40:52.341 797 2330 W FreeFormWindowHelper: Current Display FreeFormTask is null
03-16 10:40:52.349 797 1329 I input_focus: [Focus leaving recents_animation_input_consumer (server),reason=NOT_VISIBLE]
03-16 10:40:52.349 797 1329 I input_focus: [Focus entering 73f65af com.qiyi.video/com.qiyi.video.WelcomeActivity (server),reason=setFocusedWindow]
03-16 10:40:52.386 797 1672 W FreeFormWindowHelper: Current Display FreeFormTask is null
03-16 10:40:52.386 797 1672 W FreeFormWindowHelper: Current Display FreeFormTask is null
03-16 10:40:52.387 797 1672 W FreeFormWindowHelper: exitRecentTasks type=0
03-16 10:40:52.390 2626 2626 I wm_on_stop_called: [28844568,com.android.launcher3.uioverrides.QuickstepLauncher,STOP_ACTIVITY_ITEM]
03-16 10:40:52.396 797 822 W UsageStatsService: Unexpected activity event reported! (com.android.launcher3/com.android.launcher3.uioverrides.QuickstepLauncher event : 23 instanceId : 55927770)
03-16 10:40:52.594 797 1297 I commit_sys_config_file: [settings-1-0,5]
03-16 10:40:52.727 797 1329 I input_interaction: Interaction with: Letterbox_right_ActivityRecord{930000f u0 com.qiyi.video/.WelcomeActivity t41} (server), edge-swipe (server), swipe-up (server), PointerEventDispatcher0 (server),
03-16 10:40:52.781 797 1329 I input_interaction: Interaction with: Letterbox_right_ActivityRecord{930000f u0 com.qiyi.video/.WelcomeActivity t41} (server), 73f65af com.qiyi.video/com.qiyi.video.WelcomeActivity (server), edge-swipe (server), swipe-up (server), PointerEventDispatcher0 (server),
03-16 10:40:52.809 797 1329 I input_interaction: Interaction with: Letterbox_right_ActivityRecord{930000f u0 com.qiyi.video/.WelcomeActivity t41} (server), 73f65af com.qiyi.video/com.qiyi.video.WelcomeActivity (server), Letterbox_left_ActivityRecord{930000f u0 com.qiyi.video/.WelcomeActivity t41} (server), edge-swipe (server), swipe-up (server), PointerEventDispatcher0 (server),
03-16 10:40:52.823 797 1672 W FreeFormWindowHelper: Current Display FreeFormTask is null
03-16 10:40:52.824 797 2012 I wm_task_moved: [1,0,0]
03-16 10:40:52.827 797 2012 I wm_task_moved: [1,0,14]
03-16 10:40:52.828 797 1672 W FreeFormWindowHelper: Current Display FreeFormTask is null
03-16 10:40:52.843 2626 2626 I wm_on_restart_called: [28844568,com.android.launcher3.uioverrides.QuickstepLauncher,performRestartActivity]
03-16 10:40:52.845 797 2330 W FreeFormWindowHelper: Current Display FreeFormTask is null
03-16 10:40:52.845 797 5728 W FreeFormWindowHelper: Current Display FreeFormTask is null
03-16 10:40:52.855 4218 4218 I auditd : type=1400 audit(0.0:4063): avc: denied { call } for comm="CodecLooper" scontext=u:r:su:s0 tcontext=u:r:mediacodec:s0 tclass=binder permissive=1
03-16 10:40:52.862 2626 2626 I wm_on_start_called: [28844568,com.android.launcher3.uioverrides.QuickstepLauncher,handleStartActivity]
03-16 10:40:52.870 797 2012 W FreeFormWindowHelper: Current Display FreeFormTask is null
03-16 10:40:52.870 797 2012 W FreeFormWindowHelper: Current Display FreeFormTask is null
03-16 10:40:52.879 2626 2626 I sysui_latency: [1,62]
03-16 10:40:52.880 797 2012 W FreeFormWindowHelper: Current Display FreeFormTask is null
03-16 10:40:52.880 6080 6080 I view_enqueue_input_event: [Motion - Cancel,com.qiyi.video/com.qiyi.video.WelcomeActivity]
03-16 10:40:52.880 797 2012 W FreeFormWindowHelper: Current Display FreeFormTask is null
03-16 10:40:52.883 797 814 I sysui_multi_action: [319,15,322,53,325,974,757,761,758,9,759,5,806,com.android.launcher3,871,com.android.launcher3.uioverrides.QuickstepLauncher,905,0,1320,4,1321,1]
03-16 10:40:52.884 797 2012 W FreeFormWindowHelper: Current Display FreeFormTask is null
03-16 10:40:52.885 797 2012 W FreeFormWindowHelper: Current Display FreeFormTask is null
03-16 10:40:52.885 797 814 D AutofillManagerService: Close system dialogs
03-16 10:40:52.885 797 818 I input_focus: [Focus request recents_animation_input_consumer,reason=UpdateInputWindows]
03-16 10:40:52.893 797 1329 I input_interaction: Interaction with: edge-swipe (server), swipe-up (server), PointerEventDispatcher0 (server),
03-16 10:40:52.895 797 2330 W FreeFormWindowHelper: Current Display FreeFormTask is null
03-16 10:40:52.896 797 2330 W FreeFormWindowHelper: Current Display FreeFormTask is null
03-16 10:40:52.897 797 1329 I input_focus: [Focus leaving 73f65af com.qiyi.video/com.qiyi.video.WelcomeActivity (server),reason=NOT_FOCUSABLE]
03-16 10:40:52.897 797 1329 I input_focus: [Focus entering recents_animation_input_consumer (server),reason=setFocusedWindow]
03-16 10:40:52.912 797 1672 W FreeFormWindowHelper: Current Display FreeFormTask is null
03-16 10:40:52.912 797 1672 W FreeFormWindowHelper: Current Display FreeFormTask is null
03-16 10:40:53.067 797 1297 I commit_sys_config_file: [settings-1-0,7]
03-16 10:40:53.181 797 822 I sysui_latency: [8,65]
03-16 10:40:53.327 797 5728 D CompatibilityChangeReporter: Compat change id reported: 149924527; UID 10094; state: ENABLED
03-16 10:40:53.328 797 5728 D CompatibilityChangeReporter: Compat change id reported: 132649864; UID 10094; state: DISABLED
03-16 10:40:54.051 797 2012 I wm_task_moved: [1,0,14]
03-16 10:40:54.058 797 2012 I wm_add_to_stopping: [0,28844568,com.android.launcher3/.uioverrides.QuickstepLauncher,makeInvisible]
03-16 10:40:54.060 797 1672 W FreeFormWindowHelper: Current Display FreeFormTask is null
03-16 10:40:54.060 797 1672 W FreeFormWindowHelper: Current Display FreeFormTask is null
03-16 10:40:54.072 797 818 I input_focus: [Focus request 73f65af com.qiyi.video/com.qiyi.video.WelcomeActivity,reason=UpdateInputWindows]
03-16 10:40:54.073 797 817 I wm_stop_activity: [0,28844568,com.android.launcher3/.uioverrides.QuickstepLauncher]
03-16 10:40:54.084 797 4608 W FreeFormWindowHelper: Current Display FreeFormTask is null
03-16 10:40:54.084 797 1329 I input_focus: [Focus leaving recents_animation_input_consumer (server),reason=NOT_VISIBLE]
03-16 10:40:54.084 797 1329 I input_focus: [Focus entering 73f65af com.qiyi.video/com.qiyi.video.WelcomeActivity (server),reason=setFocusedWindow]
03-16 10:40:54.085 797 1672 W FreeFormWindowHelper: Current Display FreeFormTask is null
03-16 10:40:54.108 797 2012 W FreeFormWindowHelper: Current Display FreeFormTask is null
03-16 10:40:54.108 797 2012 W FreeFormWindowHelper: Current Display FreeFormTask is null
03-16 10:40:54.114 797 2012 W FreeFormWindowHelper: exitRecentTasks type=0
03-16 10:40:54.117 2626 2626 I wm_on_stop_called: [28844568,com.android.launcher3.uioverrides.QuickstepLauncher,STOP_ACTIVITY_ITEM]
03-16 10:40:54.122 797 822 W UsageStatsService: Unexpected activity event reported! (com.android.launcher3/com.android.launcher3.uioverrides.QuickstepLauncher event : 23 instanceId : 55927770)
03-16 10:40:54.266 797 1329 I input_interaction: Interaction with: Letterbox_right_ActivityRecord{930000f u0 com.qiyi.video/.WelcomeActivity t41} (server), edge-swipe (server), swipe-up (server), PointerEventDispatcher0 (server),
03-16 10:40:54.278 797 1329 I input_interaction: Interaction with: Letterbox_right_ActivityRecord{930000f u0 com.qiyi.video/.WelcomeActivity t41} (server), Letterbox_left_ActivityRecord{930000f u0 com.qiyi.video/.WelcomeActivity t41} (server), edge-swipe (server), swipe-up (server), PointerEventDispatcher0 (server),
03-16 10:40:54.319 797 1297 I commit_sys_config_file: [settings-1-0,3]
03-16 10:40:54.363 797 1329 I input_interaction: Interaction with: Letterbox_right_ActivityRecord{930000f u0 com.qiyi.video/.WelcomeActivity t41} (server), Letterbox_left_ActivityRecord{930000f u0 com.qiyi.video/.WelcomeActivity t41} (server), 73f65af com.qiyi.video/com.qiyi.video.WelcomeActivity (server), edge-swipe (server), swipe-up (server), PointerEventDispatcher0 (server),
03-16 10:40:54.374 797 2012 W FreeFormWindowHelper: Current Display FreeFormTask is null
03-16 10:40:54.374 797 2012 I wm_task_moved: [1,0,0]
03-16 10:40:54.375 797 4608 W FreeFormWindowHelper: Current Display FreeFormTask is null
03-16 10:40:54.375 797 2012 I wm_task_moved: [1,0,14]
03-16 10:40:54.380 2626 2626 I wm_on_restart_called: [28844568,com.android.launcher3.uioverrides.QuickstepLauncher,performRestartActivity]
03-16 10:40:54.381 797 5728 W FreeFormWindowHelper: Current Display FreeFormTask is null
03-16 10:40:54.381 797 5728 W FreeFormWindowHelper: Current Display FreeFormTask is null
03-16 10:40:54.395 2626 2626 I wm_on_start_called: [28844568,com.android.launcher3.uioverrides.QuickstepLauncher,handleStartActivity]
03-16 10:40:54.406 797 2012 W FreeFormWindowHelper: Current Display FreeFormTask is null
03-16 10:40:54.406 797 2012 W FreeFormWindowHelper: Current Display FreeFormTask is null
03-16 10:40:54.416 797 2012 W FreeFormWindowHelper: Current Display FreeFormTask is null
03-16 10:40:54.416 797 2012 W FreeFormWindowHelper: Current Display FreeFormTask is null
03-16 10:40:54.426 797 814 I sysui_multi_action: [319,10,322,40,325,975,757,761,758,9,759,5,806,com.android.launcher3,871,com.android.launcher3.uioverrides.QuickstepLauncher,905,0,1320,4,1321,1]
03-16 10:40:54.431 6080 6080 I view_enqueue_input_event: [Motion - Cancel,com.qiyi.video/com.qiyi.video.WelcomeActivity]
03-16 10:40:54.432 2626 2626 I sysui_latency: [1,45]
03-16 10:40:54.432 797 814 D AutofillManagerService: Close system dialogs
03-16 10:40:54.433 797 5728 W FreeFormWindowHelper: Current Display FreeFormTask is null
03-16 10:40:54.434 797 818 I input_focus: [Focus request recents_animation_input_consumer,reason=UpdateInputWindows]
03-16 10:40:54.434 797 2921 W FreeFormWindowHelper: Current Display FreeFormTask is null
03-16 10:40:54.438 797 5728 W FreeFormWindowHelper: Current Display FreeFormTask is null
03-16 10:40:54.438 797 5728 W FreeFormWindowHelper: Current Display FreeFormTask is null
03-16 10:40:54.447 797 1329 I input_interaction: Interaction with: edge-swipe (server), swipe-up (server), PointerEventDispatcher0 (server),
03-16 10:40:54.450 797 4608 W FreeFormWindowHelper: Current Display FreeFormTask is null
03-16 10:40:54.450 797 4608 W FreeFormWindowHelper: Current Display FreeFormTask is null
03-16 10:40:54.451 797 1329 I input_focus: [Focus leaving 73f65af com.qiyi.video/com.qiyi.video.WelcomeActivity (server),reason=NOT_FOCUSABLE]
03-16 10:40:54.451 797 1329 I input_focus: [Focus entering recents_animation_input_consumer (server),reason=setFocusedWindow]
03-16 10:40:54.599 797 1297 I commit_sys_config_file: [settings-1-0,6]
03-16 10:40:54.717 797 822 I sysui_latency: [8,48]
03-16 10:40:55.334 797 5728 I wm_task_moved: [1,0,14]
03-16 10:40:55.335 797 5728 I wm_add_to_stopping: [0,28844568,com.android.launcher3/.uioverrides.QuickstepLauncher,makeInvisible]
