03-16 10:56:17.102 797 811 W FreeFormWindowHelper: Current Display FreeFormTask is null
03-16 10:56:17.102 797 811 W FreeFormWindowHelper: Current Display FreeFormTask is null
03-16 10:56:17.118 797 2330 W FreeFormWindowHelper: Current Display FreeFormTask is null
03-16 10:56:17.118 797 811 W FreeFormWindowHelper: Current Display FreeFormTask is null
03-16 10:56:17.134 797 811 W FreeFormWindowHelper: Current Display FreeFormTask is null
03-16 10:56:17.134 797 2330 W FreeFormWindowHelper: Current Display FreeFormTask is null
03-16 10:56:17.138 797 811 W FreeFormWindowHelper: exitRecentTasks type=0
03-16 10:56:17.151 797 2330 W FreeFormWindowHelper: Current Display FreeFormTask is null
03-16 10:56:17.151 797 2330 W FreeFormWindowHelper: Current Display FreeFormTask is null
03-16 10:56:17.231 797 1297 I commit_sys_config_file: [settings-1-0,1]
03-16 10:56:17.785 797 1514 W FreeFormWindowHelper: Current Display FreeFormTask is null
03-16 10:56:17.785 797 2330 W FreeFormWindowHelper: Current Display FreeFormTask is null
03-16 10:56:17.787 797 2330 I wm_task_moved: [1,1,14]
03-16 10:56:17.788 797 2330 I wm_task_moved: [13,1,2147483647]
03-16 10:56:17.788 797 2330 I wm_task_to_front: [0,13]
03-16 10:56:17.788 7008 7008 I wm_on_top_resumed_lost_called: [35513617,com.android.documentsui.files.FilesActivity,topStateChangedWhenResumed]
03-16 10:56:17.788 797 2330 I wm_focused_root_task: [0,0,1,21,RecentsAnimation.onAnimationFinished()]
03-16 10:56:17.788 797 2330 I wm_set_resumed_activity: [0,com.android.launcher3/.uioverrides.QuickstepLauncher,RecentsAnimation.onAnimationFinished()]
03-16 10:56:17.788 797 2330 I wm_pause_activity: [0,35513617,com.android.documentsui/.files.FilesActivity,userLeaving=true,pauseBackTasks]
03-16 10:56:17.789 797 2330 I wm_add_to_stopping: [0,35513617,com.android.documentsui/.files.FilesActivity,makeInvisible]
03-16 10:56:17.789 797 2330 I ActivityTaskManager: FOREGROUND_APPLICATION_CHANGED to com.android.launcher3.uioverrides.QuickstepLauncher
03-16 10:56:17.789 797 2330 I wm_set_resumed_activity: [0,com.android.launcher3/.uioverrides.QuickstepLauncher,resumeTopActivityInnerLocked]
03-16 10:56:17.790 797 2330 I wm_resume_activity: [0,28844568,13,com.android.launcher3/.uioverrides.QuickstepLauncher]
03-16 10:56:17.791 2626 2626 I wm_on_resume_called: [28844568,com.android.launcher3.uioverrides.QuickstepLauncher,RESUME_ACTIVITY]
03-16 10:56:17.794 797 818 I input_focus: [Focus request efa3eda com.android.launcher3/com.android.launcher3.uioverrides.QuickstepLauncher,reason=UpdateInputWindows]
03-16 10:56:17.794 2626 2626 I wm_on_top_resumed_gained_called: [28844568,com.android.launcher3.uioverrides.QuickstepLauncher,topStateChangedWhenResumed]
03-16 10:56:17.795 7008 7008 I wm_on_paused_called: [35513617,com.android.documentsui.files.FilesActivity,performPause]
03-16 10:56:17.796 797 1514 I wm_stop_activity: [0,35513617,com.android.documentsui/.files.FilesActivity]
03-16 10:56:17.796 797 817 I sysui_multi_action: [757,803,799,window_time_0,802,2]
03-16 10:56:17.797 797 817 I sysui_multi_action: [757,803,799,window_time_0,802,0]
03-16 10:56:17.804 797 1329 I input_focus: [Focus leaving recents_animation_input_consumer (server),reason=NOT_VISIBLE]
03-16 10:56:17.808 7008 7008 I wm_on_stop_called: [35513617,com.android.documentsui.files.FilesActivity,STOP_ACTIVITY_ITEM]
03-16 10:56:17.819 797 1329 I input_focus: [Focus entering efa3eda com.android.launcher3/com.android.launcher3.uioverrides.QuickstepLauncher (server),reason=setFocusedWindow]
03-16 10:56:17.831 1416 1416 I auditd : type=1400 audit(0.0:4775): avc: denied { call } for comm="OMXCallbackDisp" scontext=u:r:mediacodec:s0 tcontext=u:r:su:s0 tclass=binder permissive=1
03-16 10:56:17.895 797 2434 W FreeFormWindowHelper: Current Display FreeFormTask is null
03-16 10:56:18.225 797 1329 I input_interaction: Interaction with: efa3eda com.android.launcher3/com.android.launcher3.uioverrides.QuickstepLauncher (server), eb1e2e4 com.android.systemui.ImageWallpaper (server), edge-swipe (server), swipe-up (server), PointerEventDispatcher0 (server),
03-16 10:56:18.335 797 2330 I thunderperf: PlatormCompat.setOverrides: Uid1=10074 Pid1=2626 Uid2=10074 Pid2=2626
03-16 10:56:18.335 797 2330 I thunderperf: PlatormCompat.setOverrides: needCheck:false
03-16 10:56:18.335 797 2330 I thunderperf: CompatConfig.addOverrideUnsafe: bef-state=0
03-16 10:56:18.335 797 2330 I thunderperf: CompatConfig.addOverrideUnsafe: aft-state=0
03-16 10:56:18.335 797 2330 I thunderperf: CompatConfig.addOverrideUnsafe: bef-state=0
03-16 10:56:18.335 797 2330 I thunderperf: CompatConfig.addOverrideUnsafe: aft-state=0
03-16 10:56:18.335 797 2330 I thunderperf: CompatConfig.addOverrideUnsafe: bef-state=0
03-16 10:56:18.335 797 2330 I thunderperf: CompatConfig.addOverrideUnsafe: aft-state=0
03-16 10:56:18.335 797 2330 I thunderperf: CompatConfig.addOverrideUnsafe: bef-state=0
03-16 10:56:18.335 797 2330 I thunderperf: CompatConfig.addOverrideUnsafe: aft-state=0
03-16 10:56:18.336 797 2330 I thunderperf: CompatConfig.addOverrideUnsafe: bef-state=0
03-16 10:56:18.336 797 2330 I thunderperf: CompatConfig.addOverrideUnsafe: aft-state=0
03-16 10:56:18.336 797 2330 I thunderperf: CompatConfig.addOverrideUnsafe: bef-state=0
03-16 10:56:18.336 797 2330 I thunderperf: CompatConfig.addOverrideUnsafe: aft-state=0
03-16 10:56:18.336 797 2330 I thunderperf: CompatConfig.addOverrideUnsafe: bef-state=0
03-16 10:56:18.336 797 2330 I thunderperf: CompatConfig.addOverrideUnsafe: aft-state=0
03-16 10:56:18.336 797 2330 I thunderperf: CompatConfig.addOverrideUnsafe: bef-state=0
03-16 10:56:18.336 797 2330 I thunderperf: CompatConfig.addOverrideUnsafe: aft-state=0
03-16 10:56:18.336 797 2330 I thunderperf: CompatConfig.addOverrideUnsafe: bef-state=0
03-16 10:56:18.336 797 2330 I thunderperf: CompatConfig.addOverrideUnsafe: aft-state=0
03-16 10:56:18.336 797 2330 I thunderperf: CompatConfig.addOverrideUnsafe: bef-state=0
03-16 10:56:18.336 797 2330 I thunderperf: CompatConfig.addOverrideUnsafe: aft-state=0
03-16 10:56:18.336 797 2330 I thunderperf: CompatConfig.addOverrideUnsafe: bef-state=0
03-16 10:56:18.336 797 2330 I thunderperf: CompatConfig.addOverrideUnsafe: aft-state=0
03-16 10:56:18.337 797 2330 I thunderperf: CompatConfig.addOverrideUnsafe: bef-state=0
03-16 10:56:18.337 797 2330 I thunderperf: CompatConfig.addOverrideUnsafe: aft-state=0
03-16 10:56:18.337 797 2330 I thunderperf: CompatConfig.addOverrideUnsafe: bef-state=0
03-16 10:56:18.337 797 2330 I thunderperf: CompatConfig.addOverrideUnsafe: aft-state=0
03-16 10:56:18.337 797 2330 I thunderperf: CompatConfig.addOverrideUnsafe: bef-state=0
03-16 10:56:18.337 797 2330 I thunderperf: CompatConfig.addOverrideUnsafe: aft-state=0
03-16 10:56:18.338 797 2330 I ActivityTaskManager: START u0 {act=android.intent.action.MAIN cat=[android.intent.category.LAUNCHER] flg=0x10200000 cmp=com.android.documentsui/.LauncherActivity bnds=[112,632][388,906]} from uid 10074
03-16 10:56:18.340 797 2330 I wm_task_created: [51,-1]
03-16 10:56:18.340 797 2330 W ActivityTaskManager: Can't find TaskDisplayArea to determine support for multi window. Task id=51 attached=false
03-16 10:56:18.342 797 2330 I wm_task_moved: [51,1,15]
03-16 10:56:18.342 797 2330 I wm_task_to_front: [0,51]
03-16 10:56:18.342 797 2330 I wm_create_task: [0,51]
03-16 10:56:18.342 797 2330 I wm_create_activity: [0,69179871,51,com.android.documentsui/.LauncherActivity,android.intent.action.MAIN,NULL,NULL,270532608]
03-16 10:56:18.342 797 2330 I wm_task_moved: [51,1,15]
03-16 10:56:18.343 797 2330 V SplashScreenExceptionList: SplashScreen checking exception for package com.android.documentsui (target sdk:30) -> false
03-16 10:56:18.343 797 2330 I wm_pause_activity: [0,28844568,com.android.launcher3/.uioverrides.QuickstepLauncher,userLeaving=true,pauseBackTasks]
03-16 10:56:18.345 797 2434 W FreeFormWindowHelper: Current Display FreeFormTask is null
03-16 10:56:18.345 2626 2626 I wm_on_top_resumed_lost_called: [28844568,com.android.launcher3.uioverrides.QuickstepLauncher,topStateChangedWhenResumed]
03-16 10:56:18.346 2626 2626 I wm_on_paused_called: [28844568,com.android.launcher3.uioverrides.QuickstepLauncher,performPause]
03-16 10:56:18.346 797 2434 I ActivityTaskManager: FOREGROUND_APPLICATION_CHANGED to com.android.documentsui.files.LauncherActivity
03-16 10:56:18.347 797 2434 I ActivityTaskManager: The Process com.android.documentsui Already Exists in BG. So sending its PID: 7008
03-16 10:56:18.347 797 2434 W ActivityTaskManager: Tried to set launchTime (0) < mLastActivityLaunchTime (1897938)
03-16 10:56:18.347 797 2434 I wm_restart_activity: [0,69179871,51,com.android.documentsui/.LauncherActivity]
03-16 10:56:18.348 797 2434 I wm_set_resumed_activity: [0,com.android.documentsui/.LauncherActivity,minimalResumeActivityLocked]
03-16 10:56:18.351 797 817 I sysui_multi_action: [757,803,799,window_time_0,802,0]
03-16 10:56:18.355 797 4443 I thunderperf: PlatormCompat.setOverrides: Uid1=10022 Pid1=7008 Uid2=10022 Pid2=7008
03-16 10:56:18.355 797 4443 I thunderperf: PlatormCompat.setOverrides: needCheck:false
03-16 10:56:18.355 797 4443 I thunderperf: CompatConfig.addOverrideUnsafe: bef-state=0
03-16 10:56:18.355 797 4443 I thunderperf: CompatConfig.addOverrideUnsafe: aft-state=0
03-16 10:56:18.355 797 4443 I thunderperf: CompatConfig.addOverrideUnsafe: bef-state=0
03-16 10:56:18.355 797 4443 I thunderperf: CompatConfig.addOverrideUnsafe: aft-state=0
03-16 10:56:18.355 797 4443 I thunderperf: CompatConfig.addOverrideUnsafe: bef-state=0
03-16 10:56:18.355 797 4443 I thunderperf: CompatConfig.addOverrideUnsafe: aft-state=0
03-16 10:56:18.355 797 4443 I thunderperf: CompatConfig.addOverrideUnsafe: bef-state=0
03-16 10:56:18.355 797 4443 I thunderperf: CompatConfig.addOverrideUnsafe: aft-state=0
03-16 10:56:18.355 797 4443 I thunderperf: CompatConfig.addOverrideUnsafe: bef-state=0
03-16 10:56:18.355 797 4443 I thunderperf: CompatConfig.addOverrideUnsafe: aft-state=0
03-16 10:56:18.355 797 4443 I thunderperf: CompatConfig.addOverrideUnsafe: bef-state=0
03-16 10:56:18.355 797 4443 I thunderperf: CompatConfig.addOverrideUnsafe: aft-state=0
03-16 10:56:18.356 797 4443 I thunderperf: CompatConfig.addOverrideUnsafe: bef-state=0
03-16 10:56:18.356 797 4443 I thunderperf: CompatConfig.addOverrideUnsafe: aft-state=0
03-16 10:56:18.356 797 4443 I thunderperf: CompatConfig.addOverrideUnsafe: bef-state=0
03-16 10:56:18.356 797 4443 I thunderperf: CompatConfig.addOverrideUnsafe: aft-state=0
03-16 10:56:18.356 797 4443 I thunderperf: CompatConfig.addOverrideUnsafe: bef-state=0
03-16 10:56:18.356 797 4443 I thunderperf: CompatConfig.addOverrideUnsafe: aft-state=0
03-16 10:56:18.351 4129 4129 I auditd : type=1400 audit(0.0:4776): avc: denied { use } for comm="UsbFfs-worker" path="anon_inode:[eventfd]" dev="anon_inodefs" ino=11319 scontext=u:r:su:s0 tcontext=u:r:adbd:s0 tclass=fd permissive=1
03-16 10:56:18.356 797 4443 I thunderperf: CompatConfig.addOverrideUnsafe: bef-state=0
03-16 10:56:18.356 797 4443 I thunderperf: CompatConfig.addOverrideUnsafe: aft-state=0
03-16 10:56:18.356 797 4443 I thunderperf: CompatConfig.addOverrideUnsafe: bef-state=0
03-16 10:56:18.356 797 4443 I thunderperf: CompatConfig.addOverrideUnsafe: aft-state=0
03-16 10:56:18.356 797 4443 I thunderperf: CompatConfig.addOverrideUnsafe: bef-state=0
03-16 10:56:18.357 797 4443 I thunderperf: CompatConfig.addOverrideUnsafe: aft-state=0
03-16 10:56:18.357 797 4443 I thunderperf: CompatConfig.addOverrideUnsafe: bef-state=0
03-16 10:56:18.357 797 4443 I thunderperf: CompatConfig.addOverrideUnsafe: aft-state=0
03-16 10:56:18.357 797 4443 I thunderperf: CompatConfig.addOverrideUnsafe: bef-state=0
03-16 10:56:18.357 797 4443 I thunderperf: CompatConfig.addOverrideUnsafe: aft-state=0
03-16 10:56:18.358 797 4443 I ActivityTaskManager: START u0 {dat=//com.android.documentsui.launchControl flg=0x10280000 cmp=com.android.documentsui/.files.FilesActivity (has extras)} from uid 10022
03-16 10:56:18.359 797 4443 I wm_task_moved: [21,1,15]
03-16 10:56:18.359 797 4443 I wm_task_to_front: [0,21]
03-16 10:56:18.359 797 4443 I wm_focused_root_task: [0,0,21,51,bringingFoundTaskToFront]
03-16 10:56:18.359 797 4443 I wm_set_resumed_activity: [0,com.android.documentsui/.files.FilesActivity,bringingFoundTaskToFront]
03-16 10:56:18.359 797 4443 I wm_new_intent: [0,35513617,21,com.android.documentsui/.files.FilesActivity,NULL,NULL,//com.android.documentsui.launchControl,271056896]
03-16 10:56:18.360 797 4443 I wm_pause_activity: [0,69179871,com.android.documentsui/.LauncherActivity,userLeaving=true,pauseBackTasks]
03-16 10:56:18.362 797 4443 I wm_finish_activity: [0,69179871,51,com.android.documentsui/.LauncherActivity,app-request]
03-16 10:56:18.362 7008 7008 I wm_on_create_called: [69179871,com.android.documentsui.LauncherActivity,performCreate]
03-16 10:56:18.363 797 811 I wm_add_to_stopping: [0,69179871,com.android.documentsui/.LauncherActivity,completeFinishing]
03-16 10:56:18.364 797 811 I ActivityTaskManager: FOREGROUND_APPLICATION_CHANGED to com.android.documentsui.files.FilesActivity
03-16 10:56:18.364 797 811 I wm_set_resumed_activity: [0,com.android.documentsui/.files.FilesActivity,resumeTopActivityInnerLocked]
03-16 10:56:18.364 797 811 I wm_add_to_stopping: [0,28844568,com.android.launcher3/.uioverrides.QuickstepLauncher,makeInvisible]
03-16 10:56:18.365 797 811 I wm_resume_activity: [0,35513617,21,com.android.documentsui/.files.FilesActivity]
03-16 10:56:18.367 7008 7008 I wm_on_restart_called: [35513617,com.android.documentsui.files.FilesActivity,performRestartActivity]
03-16 10:56:18.367 797 817 I wm_destroy_activity: [0,69179871,51,com.android.documentsui/.LauncherActivity,finish-imm:idle]
03-16 10:56:18.368 797 817 I sysui_multi_action: [757,803,799,window_time_0,802,0]
03-16 10:56:18.369 7008 7008 I wm_on_start_called: [35513617,com.android.documentsui.files.FilesActivity,handleStartActivity]
03-16 10:56:18.371 7008 7008 I wm_on_resume_called: [35513617,com.android.documentsui.files.FilesActivity,RESUME_ACTIVITY]
03-16 10:56:18.372 7008 7008 I wm_on_top_resumed_gained_called: [35513617,com.android.documentsui.files.FilesActivity,topWhenResuming]
03-16 10:56:18.376 797 818 I input_focus: [Focus request c73e6c2 com.android.documentsui/com.android.documentsui.files.FilesActivity,reason=UpdateInputWindows]
03-16 10:56:18.388 797 1329 I input_focus: [Focus leaving efa3eda com.android.launcher3/com.android.launcher3.uioverrides.QuickstepLauncher (server),reason=NO_WINDOW]
03-16 10:56:18.392 7008 7008 I wm_on_destroy_called: [69179871,com.android.documentsui.LauncherActivity,performDestroy]
03-16 10:56:18.396 797 814 I sysui_multi_action: [319,56,322,55,325,1899,757,761,758,8,759,2,806,com.android.documentsui,871,com.android.documentsui.files.FilesActivity,904,com.android.documentsui,905,0,1320,4,1321,1]
03-16 10:56:18.396 797 814 I wm_activity_launch_time: [0,35513617,com.android.documentsui/.files.FilesActivity,55]
03-16 10:56:18.398 797 2434 I wm_task_removed: [51,removeChild:removeChild last r=ActivityRecord{41f99df u0 com.android.documentsui/.LauncherActivity t-1 f}} in t=Task{6b7f918 #51 type=standard A=10022:com.android.documentsui U=0 visible=false mode=fullscreen translucent=true sz=0}]
03-16 10:56:18.398 797 2434 I wm_task_removed: [51,removeChild]
03-16 10:56:18.406 797 1329 I input_focus: [Focus entering c73e6c2 com.android.documentsui/com.android.documentsui.files.FilesActivity (server),reason=setFocusedWindow]
03-16 10:56:18.467 797 811 W FreeFormWindowHelper: Current Display FreeFormTask is null
01-02 00:14:35.116 0 0 E DTC_ETH,link_delay_work_func: 3003, SQI=0, link=0
03-16 10:56:18.924 797 817 I wm_stop_activity: [0,28844568,com.android.launcher3/.uioverrides.QuickstepLauncher]
03-16 10:56:18.941 2626 2626 I wm_on_stop_called: [28844568,com.android.launcher3.uioverrides.QuickstepLauncher,STOP_ACTIVITY_ITEM]
03-16 10:56:19.010 797 1329 I input_interaction: Interaction with: c73e6c2 com.android.documentsui/com.android.documentsui.files.FilesActivity (server), edge-swipe (server), swipe-up (server), PointerEventDispatcher0 (server),
03-16 10:56:19.014 797 811 I wm_task_moved: [1,0,0]
03-16 10:56:19.014 797 811 I wm_task_moved: [1,0,13]
03-16 10:56:19.019 797 2330 W FreeFormWindowHelper: Current Display FreeFormTask is null
03-16 10:56:19.020 797 811 W FreeFormWindowHelper: Current Display FreeFormTask is null
03-16 10:56:19.020 2626 2626 I wm_on_restart_called: [28844568,com.android.launcher3.uioverrides.QuickstepLauncher,performRestartActivity]
03-16 10:56:19.020 797 811 W FreeFormWindowHelper: Current Display FreeFormTask is null
03-16 10:56:19.020 797 1514 W FreeFormWindowHelper: Current Display FreeFormTask is null
03-16 10:56:19.036 2626 2626 I wm_on_start_called: [28844568,com.android.launcher3.uioverrides.QuickstepLauncher,handleStartActivity]
03-16 10:56:19.041 797 811 W FreeFormWindowHelper: Current Display FreeFormTask is null
03-16 10:56:19.041 797 811 W FreeFormWindowHelper: Current Display FreeFormTask is null
03-16 10:56:19.046 797 814 I sysui_multi_action: [319,2,322,30,325,1900,757,761,758,9,759,5,806,com.android.launcher3,871,com.android.launcher3.uioverrides.QuickstepLauncher,905,0,1320,4,1321,1]
03-16 10:56:19.051 7008 7008 I view_enqueue_input_event: [Motion - Cancel,com.android.documentsui/com.android.documentsui.files.FilesActivity]
03-16 10:56:19.052 797 814 D AutofillManagerService: Close system dialogs
03-16 10:56:19.052 2626 2626 I sysui_latency: [1,32]
03-16 10:56:19.053 797 818 I input_focus: [Focus request recents_animation_input_consumer,reason=UpdateInputWindows]
03-16 10:56:19.057 797 1514 W FreeFormWindowHelper: Current Display FreeFormTask is null
03-16 10:56:19.057 797 6901 W FreeFormWindowHelper: Current Display FreeFormTask is null
03-16 10:56:19.058 797 6901 W FreeFormWindowHelper: Current Display FreeFormTask is null
03-16 10:56:19.059 797 6901 W FreeFormWindowHelper: Current Display FreeFormTask is null
03-16 10:56:19.063 797 1329 I input_interaction: Interaction with: edge-swipe (server), swipe-up (server), PointerEventDispatcher0 (server),
03-16 10:56:19.073 797 1514 W FreeFormWindowHelper: Current Display FreeFormTask is null
03-16 10:56:19.073 797 1514 W FreeFormWindowHelper: Current Display FreeFormTask is null
03-16 10:56:19.073 797 1329 I input_focus: [Focus leaving c73e6c2 com.android.documentsui/com.android.documentsui.files.FilesActivity (server),reason=NOT_FOCUSABLE]
03-16 10:56:19.074 797 1329 I input_focus: [Focus entering recents_animation_input_consumer (server),reason=setFocusedWindow]
03-16 10:56:19.092 797 2330 W FreeFormWindowHelper: Current Display FreeFormTask is null
03-16 10:56:19.092 797 2330 W FreeFormWindowHelper: Current Display FreeFormTask is null
03-16 10:56:19.108 797 6901 W FreeFormWindowHelper: Current Display FreeFormTask is null
03-16 10:56:19.108 797 2434 W FreeFormWindowHelper: Current Display FreeFormTask is null
03-16 10:56:19.124 797 6901 W FreeFormWindowHelper: Current Display FreeFormTask is null
03-16 10:56:19.124 797 6901 W FreeFormWindowHelper: Current Display FreeFormTask is null
03-16 10:56:19.163 797 6901 W FreeFormWindowHelper: exitRecentTasks type=0
03-16 10:56:19.174 797 2330 W FreeFormWindowHelper: Current Display FreeFormTask is null
03-16 10:56:19.174 797 6901 W FreeFormWindowHelper: Current Display FreeFormTask is null
03-16 10:56:19.237 797 1297 I commit_sys_config_file: [settings-1-0,2]
03-16 10:56:19.345 797 822 I sysui_latency: [8,32]
03-16 10:56:19.536 797 2870 E TaskPersister: File error accessing recents directory (directory doesn't exist?).
03-16 10:56:19.823 797 2434 W FreeFormWindowHelper: Current Display FreeFormTask is null
03-16 10:56:19.824 797 2434 W FreeFormWindowHelper: Current Display FreeFormTask is null
03-16 10:56:19.825 797 6901 I wm_task_moved: [1,1,14]
03-16 10:56:19.826 797 6901 I wm_task_moved: [13,1,2147483647]
03-16 10:56:19.826 797 6901 I wm_task_to_front: [0,13]
03-16 10:56:19.826 797 6901 I wm_focused_root_task: [0,0,1,21,RecentsAnimation.onAnimationFinished()]
03-16 10:56:19.826 7008 7008 I wm_on_top_resumed_lost_called: [35513617,com.android.documentsui.files.FilesActivity,topStateChangedWhenResumed]
03-16 10:56:19.827 797 6901 I wm_set_resumed_activity: [0,com.android.launcher3/.uioverrides.QuickstepLauncher,RecentsAnimation.onAnimationFinished()]
03-16 10:56:19.827 797 6901 I wm_pause_activity: [0,35513617,com.android.documentsui/.files.FilesActivity,userLeaving=true,pauseBackTasks]
03-16 10:56:19.828 797 6901 I wm_add_to_stopping: [0,35513617,com.android.documentsui/.files.FilesActivity,makeInvisible]
03-16 10:56:19.828 797 6901 I ActivityTaskManager: FOREGROUND_APPLICATION_CHANGED to com.android.launcher3.uioverrides.QuickstepLauncher
03-16 10:56:19.828 797 6901 I wm_set_resumed_activity: [0,com.android.launcher3/.uioverrides.QuickstepLauncher,resumeTopActivityInnerLocked]
03-16 10:56:19.829 797 6901 I wm_resume_activity: [0,28844568,13,com.android.launcher3/.uioverrides.QuickstepLauncher]
03-16 10:56:19.830 2626 2626 I wm_on_resume_called: [28844568,com.android.launcher3.uioverrides.QuickstepLauncher,RESUME_ACTIVITY]
03-16 10:56:19.833 797 818 I input_focus: [Focus request efa3eda com.android.launcher3/com.android.launcher3.uioverrides.QuickstepLauncher,reason=UpdateInputWindows]
03-16 10:56:19.834 797 2330 I wm_stop_activity: [0,35513617,com.android.documentsui/.files.FilesActivity]
03-16 10:56:19.835 7008 7008 I wm_on_paused_called: [35513617,com.android.documentsui.files.FilesActivity,performPause]
03-16 10:56:19.835 2626 2626 I wm_on_top_resumed_gained_called: [28844568,com.android.launcher3.uioverrides.QuickstepLauncher,topStateChangedWhenResumed]
03-16 10:56:19.836 797 817 I sysui_multi_action: [757,803,799,window_time_0,802,2]
03-16 10:56:19.836 7008 7008 I wm_on_stop_called: [35513617,com.android.documentsui.files.FilesActivity,STOP_ACTIVITY_ITEM]
03-16 10:56:19.837 797 817 I sysui_multi_action: [757,803,799,window_time_0,802,0]
03-16 10:56:19.842 797 1329 I input_focus: [Focus leaving recents_animation_input_consumer (server),reason=NOT_VISIBLE]
03-16 10:56:19.858 797 1329 I input_focus: [Focus entering efa3eda com.android.launcher3/com.android.launcher3.uioverrides.QuickstepLauncher (server),reason=setFocusedWindow]
03-16 10:56:19.934 797 2434 W FreeFormWindowHelper: Current Display FreeFormTask is null
03-16 10:56:19.974 797 1329 I input_interaction: Interaction with: efa3eda com.android.launcher3/com.android.launcher3.uioverrides.QuickstepLauncher (server), eb1e2e4 com.android.systemui.ImageWallpaper (server), edge-swipe (server), swipe-up (server), PointerEventDispatcher0 (server),
03-16 10:56:20.111 797 6901 I thunderperf: PlatormCompat.setOverrides: Uid1=10074 Pid1=2626 Uid2=10074 Pid2=2626
03-16 10:56:20.111 797 6901 I thunderperf: PlatormCompat.setOverrides: needCheck:false
03-16 10:56:20.111 797 6901 I thunderperf: CompatConfig.addOverrideUnsafe: bef-state=0
03-16 10:56:20.111 797 6901 I thunderperf: CompatConfig.addOverrideUnsafe: aft-state=0
03-16 10:56:20.111 797 6901 I thunderperf: CompatConfig.addOverrideUnsafe: bef-state=0
03-16 10:56:20.111 797 6901 I thunderperf: CompatConfig.addOverrideUnsafe: aft-state=0
03-16 10:56:20.111 797 6901 I thunderperf: CompatConfig.addOverrideUnsafe: bef-state=0
03-16 10:56:20.111 797 6901 I thunderperf: CompatConfig.addOverrideUnsafe: aft-state=0
03-16 10:56:20.111 797 6901 I thunderperf: CompatConfig.addOverrideUnsafe: bef-state=0
03-16 10:56:20.111 797 6901 I thunderperf: CompatConfig.addOverrideUnsafe: aft-state=0
03-16 10:56:20.111 797 6901 I thunderperf: CompatConfig.addOverrideUnsafe: bef-state=0
03-16 10:56:20.111 797 6901 I thunderperf: CompatConfig.addOverrideUnsafe: aft-state=0
03-16 10:56:20.111 797 6901 I thunderperf: CompatConfig.addOverrideUnsafe: bef-state=0
03-16 10:56:20.111 797 6901 I thunderperf: CompatConfig.addOverrideUnsafe: aft-state=0
03-16 10:56:20.112 797 6901 I thunderperf: CompatConfig.addOverrideUnsafe: bef-state=0
03-16 10:56:20.112 797 6901 I thunderperf: CompatConfig.addOverrideUnsafe: aft-state=0
03-16 10:56:20.112 797 6901 I thunderperf: CompatConfig.addOverrideUnsafe: bef-state=0
03-16 10:56:20.112 797 6901 I thunderperf: CompatConfig.addOverrideUnsafe: aft-state=0
03-16 10:56:20.112 797 6901 I thunderperf: CompatConfig.addOverrideUnsafe: bef-state=0
03-16 10:56:20.112 797 6901 I thunderperf: CompatConfig.addOverrideUnsafe: aft-state=0
03-16 10:56:20.112 797 6901 I thunderperf: CompatConfig.addOverrideUnsafe: bef-state=0
03-16 10:56:20.112 797 6901 I thunderperf: CompatConfig.addOverrideUnsafe: aft-state=0
03-16 10:56:20.112 797 6901 I thunderperf: CompatConfig.addOverrideUnsafe: bef-state=0
03-16 10:56:20.112 797 6901 I thunderperf: CompatConfig.addOverrideUnsafe: aft-state=0
03-16 10:56:20.112 797 6901 I thunderperf: CompatConfig.addOverrideUnsafe: bef-state=0
03-16 10:56:20.112 797 6901 I thunderperf: CompatConfig.addOverrideUnsafe: aft-state=0
03-16 10:56:20.112 797 6901 I thunderperf: CompatConfig.addOverrideUnsafe: bef-state=0
03-16 10:56:20.112 797 6901 I thunderperf: CompatConfig.addOverrideUnsafe: aft-state=0
03-16 10:56:20.113 797 6901 I thunderperf: CompatConfig.addOverrideUnsafe: bef-state=0
03-16 10:56:20.113 797 6901 I thunderperf: CompatConfig.addOverrideUnsafe: aft-state=0
03-16 10:56:20.114 797 6901 I ActivityTaskManager: START u0 {act=android.intent.action.MAIN cat=[android.intent.category.LAUNCHER] flg=0x10200000 cmp=com.android.music/.VideoBrowserActivity bnds=[2128,510][2314,710]} from uid 10074
03-16 10:56:20.115 797 6901 I wm_task_moved: [26,1,14]
03-16 10:56:20.115 797 6901 I wm_task_to_front: [0,26]
03-16 10:56:20.115 797 6901 I wm_focused_root_task: [0,0,26,1,bringingFoundTaskToFront]
03-16 10:56:20.115 797 6901 I wm_set_resumed_activity: [0,com.android.music/.VideoBrowserActivity,bringingFoundTaskToFront]
03-16 10:56:20.116 797 6901 I wm_pause_activity: [0,28844568,com.android.launcher3/.uioverrides.QuickstepLauncher,userLeaving=true,pauseBackTasks]
03-16 10:56:20.116 2011 2236 D PhoneStartingWindowTypeAlgorithm: preferredStartingWindowType newTask:false taskSwitch:true processRunning:true allowTaskSnapshot:true activityCreated:true useEmptySplashScreen:false legacySplashScreen:false topIsHome:false
03-16 10:56:20.116 2011 2236 D PhoneStartingWindowTypeAlgorithm: isSnapshotCompatible rotation 0 snapshot 0
03-16 10:56:20.118 797 2434 W FreeFormWindowHelper: Current Display FreeFormTask is null
03-16 10:56:20.118 2626 2626 I wm_on_top_resumed_lost_called: [28844568,com.android.launcher3.uioverrides.QuickstepLauncher,topStateChangedWhenResumed]
03-16 10:56:20.120 2626 2626 I wm_on_paused_called: [28844568,com.android.launcher3.uioverrides.QuickstepLauncher,performPause]
03-16 10:56:20.120 797 2434 I ActivityTaskManager: FOREGROUND_APPLICATION_CHANGED to com.android.music.VideoBrowserActivity
03-16 10:56:20.121 797 2434 I wm_set_resumed_activity: [0,com.android.music/.VideoBrowserActivity,resumeTopActivityInnerLocked]
03-16 10:56:20.121 797 2434 I wm_add_to_stopping: [0,28844568,com.android.launcher3/.uioverrides.QuickstepLauncher,makeInvisible]
03-16 10:56:20.122 797 2434 I wm_resume_activity: [0,35236351,26,com.android.music/.VideoBrowserActivity]
03-16 10:56:20.128 3673 3673 I wm_on_restart_called: [35236351,com.android.music.VideoBrowserActivity,performRestartActivity]
03-16 10:56:20.128 3673 3673 I wm_on_start_called: [35236351,com.android.music.VideoBrowserActivity,handleStartActivity]
03-16 10:56:20.129 3673 3673 I wm_on_resume_called: [35236351,com.android.music.VideoBrowserActivity,RESUME_ACTIVITY]
03-16 10:56:20.129 3673 3673 I wm_on_top_resumed_gained_called: [35236351,com.android.music.VideoBrowserActivity,topWhenResuming]
03-16 10:56:20.129 797 817 I sysui_multi_action: [757,803,799,window_time_0,802,0]
03-16 10:56:20.143 797 1329 I input_focus: [Focus leaving efa3eda com.android.launcher3/com.android.launcher3.uioverrides.QuickstepLauncher (server),reason=NO_WINDOW]
03-16 10:56:20.143 797 818 I input_focus: [Focus request e7710ef com.android.music/com.android.music.VideoBrowserActivity,reason=UpdateInputWindows]
03-16 10:56:20.149 2011 2236 D StartingSurfaceDrawer: Task start finish, remove starting surface for task 26
03-16 10:56:20.150 797 814 I sysui_multi_action: [319,11,321,10,322,34,325,1901,757,761,758,9,759,4,806,com.android.music,871,com.android.music.VideoBrowserActivity,904,com.android.launcher3,905,0,1320,4,1321,1]
03-16 10:56:20.160 797 1329 I input_focus: [Focus entering e7710ef com.android.music/com.android.music.VideoBrowserActivity (server),reason=setFocusedWindow]
03-16 10:56:20.223 797 6901 W FreeFormWindowHelper: Current Display FreeFormTask is null
03-16 10:56:20.664 797 817 I wm_stop_activity: [0,28844568,com.android.launcher3/.uioverrides.QuickstepLauncher]
03-16 10:56:20.689 2626 2626 I wm_on_stop_called: [28844568,com.android.launcher3.uioverrides.QuickstepLauncher,STOP_ACTIVITY_ITEM]
03-16 10:56:20.790 797 1329 I input_interaction: Interaction with: e7710ef com.android.music/com.android.music.VideoBrowserActivity (server), edge-swipe (server), swipe-up (server), PointerEventDispatcher0 (server),
03-16 10:56:20.804 797 811 I wm_task_moved: [1,0,0]
03-16 10:56:20.804 797 811 I wm_task_moved: [1,0,13]
03-16 10:56:20.807 797 2330 W FreeFormWindowHelper: Current Display FreeFormTask is null
03-16 10:56:20.808 797 2330 W FreeFormWindowHelper: Current Display FreeFormTask is null
03-16 10:56:20.814 3673 3673 I view_enqueue_input_event: [Motion - Cancel,com.android.music/com.android.music.VideoBrowserActivity]
03-16 10:56:20.820 797 814 D AutofillManagerService: Close system dialogs
03-16 10:56:20.822 797 818 I input_focus: [Focus request recents_animation_input_consumer,reason=UpdateInputWindows]
03-16 10:56:20.826 797 1329 I input_interaction: Interaction with: edge-swipe (server), swipe-up (server), PointerEventDispatcher0 (server),
03-16 10:56:20.828 2626 2626 I wm_on_restart_called: [28844568,com.android.launcher3.uioverrides.QuickstepLauncher,performRestartActivity]
03-16 10:56:20.829 797 811 W FreeFormWindowHelper: Current Display FreeFormTask is null
03-16 10:56:20.829 797 811 W FreeFormWindowHelper: Current Display FreeFormTask is null
03-16 10:56:20.844 797 1329 I input_focus: [Focus leaving e7710ef com.android.music/com.android.music.VideoBrowserActivity (server),reason=NOT_FOCUSABLE]
03-16 10:56:20.844 797 1329 I input_focus: [Focus entering recents_animation_input_consumer (server),reason=setFocusedWindow]
03-16 10:56:20.854 2626 2626 I wm_on_start_called: [28844568,com.android.launcher3.uioverrides.QuickstepLauncher,handleStartActivity]
03-16 10:56:20.854 797 811 W FreeFormWindowHelper: Current Display FreeFormTask is null
03-16 10:56:20.854 797 811 W FreeFormWindowHelper: Current Display FreeFormTask is null
03-16 10:56:20.861 797 2330 W FreeFormWindowHelper: Current Display FreeFormTask is null
03-16 10:56:20.861 797 2330 W FreeFormWindowHelper: Current Display FreeFormTask is null
03-16 10:56:20.862 2626 2626 I sysui_latency: [1,73]
03-16 10:56:20.875 797 814 I sysui_multi_action: [319,10,322,65,325,1902,757,761,758,9,759,5,806,com.android.launcher3,871,com.android.launcher3.uioverrides.QuickstepLauncher,905,0,1320,4,1321,1]
03-16 10:56:20.877 797 2330 W FreeFormWindowHelper: Current Display FreeFormTask is null
03-16 10:56:20.877 797 2330 W FreeFormWindowHelper: Current Display FreeFormTask is null
03-16 10:56:20.879 797 2330 W FreeFormWindowHelper: Current Display FreeFormTask is null
03-16 10:56:20.879 797 2330 W FreeFormWindowHelper: Current Display FreeFormTask is null
03-16 10:56:20.893 797 6901 W FreeFormWindowHelper: Current Display FreeFormTask is null
03-16 10:56:20.893 797 2330 W FreeFormWindowHelper: Current Display FreeFormTask is null
03-16 10:56:20.910 797 2434 W FreeFormWindowHelper: Current Display FreeFormTask is null
03-16 10:56:20.910 797 2330 W FreeFormWindowHelper: Current Display FreeFormTask is null
03-16 10:56:20.914 797 2434 W FreeFormWindowHelper: exitRecentTasks type=0
03-16 10:56:20.927 797 6901 W FreeFormWindowHelper: Current Display FreeFormTask is null
03-16 10:56:20.927 797 2434 W FreeFormWindowHelper: Current Display FreeFormTask is null
03-16 10:56:21.056 797 1297 I commit_sys_config_file: [settings-1-0,4]
03-16 10:56:21.170 797 822 I sysui_latency: [8,76]
03-16 10:56:21.611 797 2330 W FreeFormWindowHelper: Current Display FreeFormTask is null
03-16 10:56:21.612 797 6901 W FreeFormWindowHelper: Current Display FreeFormTask is null
03-16 10:56:21.614 797 6901 I wm_task_moved: [1,1,14]
03-16 10:56:21.615 797 6901 I wm_task_moved: [13,1,2147483647]
03-16 10:56:21.615 797 6901 I wm_task_to_front: [0,13]
03-16 10:56:21.615 797 6901 I wm_focused_root_task: [0,0,1,26,RecentsAnimation.onAnimationFinished()]
03-16 10:56:21.615 3673 3673 I wm_on_top_resumed_lost_called: [35236351,com.android.music.VideoBrowserActivity,topStateChangedWhenResumed]
03-16 10:56:21.616 797 6901 I wm_set_resumed_activity: [0,com.android.launcher3/.uioverrides.QuickstepLauncher,RecentsAnimation.onAnimationFinished()]
03-16 10:56:21.617 797 6901 I wm_pause_activity: [0,35236351,com.android.music/.VideoBrowserActivity,userLeaving=true,pauseBackTasks]
03-16 10:56:21.619 797 6901 I wm_add_to_stopping: [0,35236351,com.android.music/.VideoBrowserActivity,makeInvisible]
03-16 10:56:21.619 797 6901 I ActivityTaskManager: FOREGROUND_APPLICATION_CHANGED to com.android.launcher3.uioverrides.QuickstepLauncher
03-16 10:56:21.620 797 6901 I wm_set_resumed_activity: [0,com.android.launcher3/.uioverrides.QuickstepLauncher,resumeTopActivityInnerLocked]
03-16 10:56:21.623 797 6901 I wm_resume_activity: [0,28844568,13,com.android.launcher3/.uioverrides.QuickstepLauncher]
03-16 10:56:21.624 2626 2626 I wm_on_resume_called: [28844568,com.android.launcher3.uioverrides.QuickstepLauncher,RESUME_ACTIVITY]
03-16 10:56:21.627 797 1329 I input_interaction: Interaction with: recents_animation_input_consumer (server), edge-swipe (server), swipe-up (server), PointerEventDispatcher0 (server),
03-16 10:56:21.629 797 818 I input_focus: [Focus request efa3eda com.android.launcher3/com.android.launcher3.uioverrides.QuickstepLauncher,reason=UpdateInputWindows]
03-16 10:56:21.630 3673 3673 I wm_on_paused_called: [35236351,com.android.music.VideoBrowserActivity,performPause]
03-16 10:56:21.638 797 2434 I wm_stop_activity: [0,35236351,com.android.music/.VideoBrowserActivity]
03-16 10:56:21.640 797 817 I sysui_multi_action: [757,803,799,window_time_0,802,2]
03-16 10:56:21.641 797 817 I sysui_multi_action: [757,803,799,window_time_0,802,0]
03-16 10:56:21.643 2626 2626 I wm_on_top_resumed_gained_called: [28844568,com.android.launcher3.uioverrides.QuickstepLauncher,topStateChangedWhenResumed]
03-16 10:56:21.647 797 1329 I input_focus: [Focus leaving recents_animation_input_consumer (server),reason=NOT_VISIBLE]
03-16 10:56:21.647 797 1329 I input_focus: [Focus entering efa3eda com.android.launcher3/com.android.launcher3.uioverrides.QuickstepLauncher (server),reason=setFocusedWindow]
03-16 10:56:21.656 3673 3673 I wm_on_stop_called: [35236351,com.android.music.VideoBrowserActivity,STOP_ACTIVITY_ITEM]
03-16 10:56:21.732 797 1514 W FreeFormWindowHelper: Current Display FreeFormTask is null
03-16 10:56:21.739 797 2434 I thunderperf: PlatormCompat.setOverrides: Uid1=10074 Pid1=2626 Uid2=10074 Pid2=2626
03-16 10:56:21.739 797 2434 I thunderperf: PlatormCompat.setOverrides: needCheck:false
03-16 10:56:21.739 797 2434 I thunderperf: CompatConfig.addOverrideUnsafe: bef-state=0
03-16 10:56:21.739 797 2434 I thunderperf: CompatConfig.addOverrideUnsafe: aft-state=0
03-16 10:56:21.740 797 2434 I thunderperf: CompatConfig.addOverrideUnsafe: bef-state=0
03-16 10:56:21.740 797 2434 I thunderperf: CompatConfig.addOverrideUnsafe: aft-state=0
03-16 10:56:21.740 797 2434 I thunderperf: CompatConfig.addOverrideUnsafe: bef-state=0
03-16 10:56:21.740 797 2434 I thunderperf: CompatConfig.addOverrideUnsafe: aft-state=0
03-16 10:56:21.741 797 2434 I thunderperf: CompatConfig.addOverrideUnsafe: bef-state=0
03-16 10:56:21.741 797 2434 I thunderperf: CompatConfig.addOverrideUnsafe: aft-state=0
03-16 10:56:21.741 797 2434 I thunderperf: CompatConfig.addOverrideUnsafe: bef-state=0
03-16 10:56:21.741 797 2434 I thunderperf: CompatConfig.addOverrideUnsafe: aft-state=0
03-16 10:56:21.741 797 2434 I thunderperf: CompatConfig.addOverrideUnsafe: bef-state=0
03-16 10:56:21.741 797 2434 I thunderperf: CompatConfig.addOverrideUnsafe: aft-state=0
03-16 10:56:21.742 797 2434 I thunderperf: CompatConfig.addOverrideUnsafe: bef-state=0
03-16 10:56:21.742 797 2434 I thunderperf: CompatConfig.addOverrideUnsafe: aft-state=0
03-16 10:56:21.742 797 2434 I thunderperf: CompatConfig.addOverrideUnsafe: bef-state=0
03-16 10:56:21.742 797 2434 I thunderperf: CompatConfig.addOverrideUnsafe: aft-state=0
03-16 10:56:21.743 797 2434 I thunderperf: CompatConfig.addOverrideUnsafe: bef-state=0
03-16 10:56:21.743 797 2434 I thunderperf: CompatConfig.addOverrideUnsafe: aft-state=0
03-16 10:56:21.743 797 2434 I thunderperf: CompatConfig.addOverrideUnsafe: bef-state=0
03-16 10:56:21.743 797 2434 I thunderperf: CompatConfig.addOverrideUnsafe: aft-state=0
03-16 10:56:21.743 797 2434 I thunderperf: CompatConfig.addOverrideUnsafe: bef-state=0
03-16 10:56:21.743 797 2434 I thunderperf: CompatConfig.addOverrideUnsafe: aft-state=0
03-16 10:56:21.744 797 2434 I thunderperf: CompatConfig.addOverrideUnsafe: bef-state=0
03-16 10:56:21.744 797 2434 I thunderperf: CompatConfig.addOverrideUnsafe: aft-state=0
03-16 10:56:21.744 797 2434 I thunderperf: CompatConfig.addOverrideUnsafe: bef-state=0
03-16 10:56:21.744 797 2434 I thunderperf: CompatConfig.addOverrideUnsafe: aft-state=0
03-16 10:56:21.745 797 2434 I thunderperf: CompatConfig.addOverrideUnsafe: bef-state=0
03-16 10:56:21.745 797 2434 I thunderperf: CompatConfig.addOverrideUnsafe: aft-state=0
03-16 10:56:21.750 797 2434 I ActivityTaskManager: START u0 {act=android.intent.action.MAIN cat=[android.intent.category.LAUNCHER] flg=0x10200000 cmp=com.android.music/.VideoBrowserActivity bnds=[2128,510][2314,710]} from uid 10074
03-16 10:56:21.751 797 2434 I wm_task_moved: [26,1,14]
03-16 10:56:21.751 797 2434 I wm_task_to_front: [0,26]
03-16 10:56:21.751 797 2434 I wm_focused_root_task: [0,0,26,1,bringingFoundTaskToFront]
03-16 10:56:21.751 797 2434 I wm_set_resumed_activity: [0,com.android.music/.VideoBrowserActivity,bringingFoundTaskToFront]
03-16 10:56:21.753 797 2434 I wm_pause_activity: [0,28844568,com.android.launcher3/.uioverrides.QuickstepLauncher,userLeaving=true,pauseBackTasks]
03-16 10:56:21.754 2011 2236 D PhoneStartingWindowTypeAlgorithm: preferredStartingWindowType newTask:false taskSwitch:true processRunning:true allowTaskSnapshot:true activityCreated:true useEmptySplashScreen:false legacySplashScreen:false topIsHome:false
03-16 10:56:21.754 2011 2236 D PhoneStartingWindowTypeAlgorithm: isSnapshotCompatible rotation 0 snapshot 0
03-16 10:56:21.755 797 811 W FreeFormWindowHelper: Current Display FreeFormTask is null
03-16 10:56:21.757 2626 2626 I wm_on_top_resumed_lost_called: [28844568,com.android.launcher3.uioverrides.QuickstepLauncher,topStateChangedWhenResumed]
03-16 10:56:21.759 2626 2626 I wm_on_paused_called: [28844568,com.android.launcher3.uioverrides.QuickstepLauncher,performPause]
03-16 10:56:21.760 797 2434 I ActivityTaskManager: FOREGROUND_APPLICATION_CHANGED to com.android.music.VideoBrowserActivity
03-16 10:56:21.761 797 2434 I wm_set_resumed_activity: [0,com.android.music/.VideoBrowserActivity,resumeTopActivityInnerLocked]
03-16 10:56:21.761 797 2434 I wm_add_to_stopping: [0,28844568,com.android.launcher3/.uioverrides.QuickstepLauncher,makeInvisible]
03-16 10:56:21.763 797 2434 I wm_resume_activity: [0,35236351,26,com.android.music/.VideoBrowserActivity]
03-16 10:56:21.769 797 817 I sysui_multi_action: [757,803,799,window_time_0,802,0]
03-16 10:56:21.779 3673 3673 I wm_on_restart_called: [35236351,com.android.music.VideoBrowserActivity,performRestartActivity]
03-16 10:56:21.779 3673 3673 I wm_on_start_called: [35236351,com.android.music.VideoBrowserActivity,handleStartActivity]
03-16 10:56:21.780 3673 3673 I wm_on_resume_called: [35236351,com.android.music.VideoBrowserActivity,RESUME_ACTIVITY]
03-16 10:56:21.780 3673 3673 I wm_on_top_resumed_gained_called: [35236351,com.android.music.VideoBrowserActivity,topWhenResuming]
03-16 10:56:21.781 797 1329 I input_focus: [Focus leaving efa3eda com.android.launcher3/com.android.launcher3.uioverrides.QuickstepLauncher (server),reason=NO_WINDOW]
03-16 10:56:21.799 797 818 I input_focus: [Focus request e7710ef com.android.music/com.android.music.VideoBrowserActivity,reason=UpdateInputWindows]
03-16 10:56:21.805 2011 2236 D StartingSurfaceDrawer: Task start finish, remove starting surface for task 26
03-16 10:56:21.807 797 814 I sysui_multi_action: [319,21,321,19,322,54,325,1903,757,761,758,9,759,4,806,com.android.music,871,com.android.music.VideoBrowserActivity,904,com.android.launcher3,905,0,1320,4,1321,1]
03-16 10:56:21.814 797 1329 I input_focus: [Focus entering e7710ef com.android.music/com.android.music.VideoBrowserActivity (server),reason=setFocusedWindow]
03-16 10:56:21.865 797 2330 W FreeFormWindowHelper: Current Display FreeFormTask is null
03-16 10:56:22.190 797 1329 I input_interaction: Interaction with: edge-swipe (server), swipe-up (server), PointerEventDispatcher0 (server),
03-16 10:56:22.204 797 811 W FreeFormWindowHelper: Current Display FreeFormTask is null
03-16 10:56:22.204 797 1514 W FreeFormWindowHelper: Current Display FreeFormTask is null
03-16 10:56:22.206 797 2434 W FreeFormWindowHelper: Current Display FreeFormTask is null
03-16 10:56:22.208 797 811 W FreeFormWindowHelper: Current Display FreeFormTask is null
03-16 10:56:22.208 797 2434 I wm_task_moved: [1,0,0]
03-16 10:56:22.208 797 2434 I wm_task_moved: [1,0,13]
03-16 10:56:22.213 797 1514 W FreeFormWindowHelper: Current Display FreeFormTask is null
03-16 10:56:22.213 797 1514 W FreeFormWindowHelper: Current Display FreeFormTask is null
03-16 10:56:22.245 797 811 W FreeFormWindowHelper: Current Display FreeFormTask is null
03-16 10:56:22.245 797 811 W FreeFormWindowHelper: Current Display FreeFormTask is null
03-16 10:56:22.245 797 814 D AutofillManagerService: Close system dialogs
03-16 10:56:22.273 2626 2626 I sysui_latency: [1,8]
03-16 10:56:22.273 797 818 I input_focus: [Focus request recents_animation_input_consumer,reason=UpdateInputWindows]
03-16 10:56:22.274 797 1514 W FreeFormWindowHelper: Current Display FreeFormTask is null
03-16 10:56:22.274 797 1514 W FreeFormWindowHelper: Current Display FreeFormTask is null
03-16 10:56:22.275 797 1514 W FreeFormWindowHelper: Current Display FreeFormTask is null
03-16 10:56:22.276 797 1514 W FreeFormWindowHelper: Current Display FreeFormTask is null
03-16 10:56:22.281 797 811 W FreeFormWindowHelper: Current Display FreeFormTask is null
03-16 10:56:22.281 797 811 W FreeFormWindowHelper: Current Display FreeFormTask is null
03-16 10:56:22.297 797 1514 W FreeFormWindowHelper: Current Display FreeFormTask is null
03-16 10:56:22.297 797 1514 W FreeFormWindowHelper: Current Display FreeFormTask is null
03-16 10:56:22.298 797 1329 I input_focus: [Focus leaving e7710ef com.android.music/com.android.music.VideoBrowserActivity (server),reason=NOT_FOCUSABLE]
03-16 10:56:22.298 797 1329 I input_focus: [Focus entering recents_animation_input_consumer (server),reason=setFocusedWindow]
03-16 10:56:22.313 797 1514 W FreeFormWindowHelper: Current Display FreeFormTask is null
03-16 10:56:22.314 797 1514 W FreeFormWindowHelper: Current Display FreeFormTask is null
03-16 10:56:22.346 797 2434 W FreeFormWindowHelper: Current Display FreeFormTask is null
03-16 10:56:22.346 797 2330 W FreeFormWindowHelper: Current Display FreeFormTask is null
03-16 10:56:22.363 797 1514 W FreeFormWindowHelper: Current Display FreeFormTask is null
03-16 10:56:22.363 797 1514 W FreeFormWindowHelper: Current Display FreeFormTask is null
03-16 10:56:22.434 797 2330 I wm_task_moved: [1,0,13]
03-16 10:56:22.434 797 2330 I wm_add_to_stopping: [0,28844568,com.android.launcher3/.uioverrides.QuickstepLauncher,makeInvisible]
03-16 10:56:22.439 797 818 I input_focus: [Focus request e7710ef com.android.music/com.android.music.VideoBrowserActivity,reason=UpdateInputWindows]
03-16 10:56:22.440 797 817 I wm_stop_activity: [0,28844568,com.android.launcher3/.uioverrides.QuickstepLauncher]
03-16 10:56:22.444 797 1514 W FreeFormWindowHelper: Current Display FreeFormTask is null
03-16 10:56:22.444 797 1514 W FreeFormWindowHelper: Current Display FreeFormTask is null
03-16 10:56:22.453 797 1514 W FreeFormWindowHelper: exitRecentTasks type=0
03-16 10:56:22.457 2626 2626 I wm_on_stop_called: [28844568,com.android.launcher3.uioverrides.QuickstepLauncher,STOP_ACTIVITY_ITEM]
03-16 10:56:22.465 797 1329 I input_focus: [Focus leaving recents_animation_input_consumer (server),reason=NOT_VISIBLE]
03-16 10:56:22.465 797 1329 I input_focus: [Focus entering e7710ef com.android.music/com.android.music.VideoBrowserActivity (server),reason=setFocusedWindow]
03-16 10:56:22.475 797 1297 I commit_sys_config_file: [settings-1-0,3]
03-16 10:56:22.919 797 1329 I input_interaction: Interaction with: e7710ef com.android.music/com.android.music.VideoBrowserActivity (server), edge-swipe (server), swipe-up (server), PointerEventDispatcher0 (server),
03-16 10:56:22.932 797 2434 I wm_task_moved: [1,0,0]
03-16 10:56:22.933 797 1514 W FreeFormWindowHelper: Current Display FreeFormTask is null
03-16 10:56:22.933 797 2434 I wm_task_moved: [1,0,13]
03-16 10:56:22.934 797 1514 W FreeFormWindowHelper: Current Display FreeFormTask is null
03-16 10:56:22.944 3673 3673 I view_enqueue_input_event: [Motion - Cancel,com.android.music/com.android.music.VideoBrowserActivity]
03-16 10:56:22.945 2626 2626 I wm_on_restart_called: [28844568,com.android.launcher3.uioverrides.QuickstepLauncher,performRestartActivity]
03-16 10:56:22.947 797 2330 W FreeFormWindowHelper: Current Display FreeFormTask is null
03-16 10:56:22.947 797 1514 W FreeFormWindowHelper: Current Display FreeFormTask is null
03-16 10:56:22.948 797 814 D AutofillManagerService: Close system dialogs
03-16 10:56:22.948 797 818 I input_focus: [Focus request recents_animation_input_consumer,reason=UpdateInputWindows]
03-16 10:56:22.956 797 1329 I input_interaction: Interaction with: edge-swipe (server), swipe-up (server), PointerEventDispatcher0 (server),
03-16 10:56:22.960 2626 2626 I wm_on_start_called: [28844568,com.android.launcher3.uioverrides.QuickstepLauncher,handleStartActivity]
03-16 10:56:22.961 797 811 W FreeFormWindowHelper: Current Display FreeFormTask is null
03-16 10:56:22.962 797 811 W FreeFormWindowHelper: Current Display FreeFormTask is null
03-16 10:56:22.965 797 1329 I input_focus: [Focus leaving e7710ef com.android.music/com.android.music.VideoBrowserActivity (server),reason=NOT_FOCUSABLE]
03-16 10:56:22.966 797 1329 I input_focus: [Focus entering recents_animation_input_consumer (server),reason=setFocusedWindow]
03-16 10:56:22.976 797 2330 W FreeFormWindowHelper: Current Display FreeFormTask is null
03-16 10:56:22.976 797 2330 W FreeFormWindowHelper: Current Display FreeFormTask is null
03-16 10:56:22.978 2626 2626 I sysui_latency: [1,60]
03-16 10:56:22.993 797 2330 W FreeFormWindowHelper: Current Display FreeFormTask is null
03-16 10:56:22.993 797 2330 W FreeFormWindowHelper: Current Display FreeFormTask is null
03-16 10:56:22.998 797 814 I sysui_multi_action: [319,9,322,54,325,1904,757,761,758,9,759,5,806,com.android.launcher3,871,com.android.launcher3.uioverrides.QuickstepLauncher,905,0,1320,4,1321,1]
03-16 10:56:22.999 797 1514 W FreeFormWindowHelper: Current Display FreeFormTask is null
03-16 10:56:22.999 797 1514 W FreeFormWindowHelper: Current Display FreeFormTask is null
03-16 10:56:23.105 797 2434 W FreeFormWindowHelper: exitRecentTasks type=0
03-16 10:56:23.109 797 1514 W FreeFormWindowHelper: Current Display FreeFormTask is null
03-16 10:56:23.109 797 1514 W FreeFormWindowHelper: Current Display FreeFormTask is null
03-16 10:56:23.162 797 1297 I commit_sys_config_file: [settings-1-0,3]
03-16 10:56:23.288 797 822 I sysui_latency: [8,63]
03-16 10:56:23.631 797 2870 E TaskPersister: File error accessing recents directory (directory doesn't exist?).
03-16 10:56:23.750 797 6901 W FreeFormWindowHelper: Current Display FreeFormTask is null
03-16 10:56:23.750 797 6901 W FreeFormWindowHelper: Current Display FreeFormTask is null
03-16 10:56:23.753 797 2434 I wm_task_moved: [1,1,14]
03-16 10:56:23.753 797 2434 I wm_task_moved: [13,1,2147483647]
03-16 10:56:23.753 797 2434 I wm_task_to_front: [0,13]
03-16 10:56:23.754 797 2434 I wm_focused_root_task: [0,0,1,26,RecentsAnimation.onAnimationFinished()]
03-16 10:56:23.754 3673 3673 I wm_on_top_resumed_lost_called: [35236351,com.android.music.VideoBrowserActivity,topStateChangedWhenResumed]
03-16 10:56:23.754 797 2434 I wm_set_resumed_activity: [0,com.android.launcher3/.uioverrides.QuickstepLauncher,RecentsAnimation.onAnimationFinished()]
03-16 10:56:23.755 797 2434 I wm_pause_activity: [0,35236351,com.android.music/.VideoBrowserActivity,userLeaving=true,pauseBackTasks]
03-16 10:56:23.757 797 2434 I wm_add_to_stopping: [0,35236351,com.android.music/.VideoBrowserActivity,makeInvisible]
03-16 10:56:23.757 797 2434 I ActivityTaskManager: FOREGROUND_APPLICATION_CHANGED to com.android.launcher3.uioverrides.QuickstepLauncher
03-16 10:56:23.758 797 2434 I wm_set_resumed_activity: [0,com.android.launcher3/.uioverrides.QuickstepLauncher,resumeTopActivityInnerLocked]
03-16 10:56:23.764 797 2434 I wm_resume_activity: [0,28844568,13,com.android.launcher3/.uioverrides.QuickstepLauncher]
03-16 10:56:23.765 2626 2626 I wm_on_resume_called: [28844568,com.android.launcher3.uioverrides.QuickstepLauncher,RESUME_ACTIVITY]
03-16 10:56:23.769 797 818 I input_focus: [Focus request efa3eda com.android.launcher3/com.android.launcher3.uioverrides.QuickstepLauncher,reason=UpdateInputWindows]
