03-16 10:56:31.832 7027 7027 I wm_on_top_resumed_gained_called: [239922567,com.android.gallery3d.app.GalleryActivity,topWhenResuming]
03-16 10:56:31.838 797 1329 I input_focus: [Focus leaving efa3eda com.android.launcher3/com.android.launcher3.uioverrides.QuickstepLauncher (server),reason=NO_WINDOW]
03-16 10:56:31.842 797 818 I input_focus: [Focus request c79df05 com.android.gallery3d/com.android.gallery3d.app.GalleryActivity,reason=UpdateInputWindows]
03-16 10:56:31.857 2011 2236 D StartingSurfaceDrawer: Task start finish, remove starting surface for task 52
03-16 10:56:31.859 797 814 I sysui_multi_action: [319,37,321,34,322,69,325,1913,757,761,758,9,759,4,806,com.android.gallery3d,871,com.android.gallery3d.app.GalleryActivity,904,com.android.launcher3,905,0,1320,4,1321,1]
03-16 10:56:31.872 797 1329 I input_focus: [Focus entering c79df05 com.android.gallery3d/com.android.gallery3d.app.GalleryActivity (server),reason=setFocusedWindow]
03-16 10:56:31.914 797 1514 W FreeFormWindowHelper: Current Display FreeFormTask is null
03-16 10:56:32.360 797 817 I wm_stop_activity: [0,28844568,com.android.launcher3/.uioverrides.QuickstepLauncher]
03-16 10:56:32.381 2626 2626 I wm_on_stop_called: [28844568,com.android.launcher3.uioverrides.QuickstepLauncher,STOP_ACTIVITY_ITEM]
03-16 10:56:32.640 797 1329 I input_interaction: Interaction with: c79df05 com.android.gallery3d/com.android.gallery3d.app.GalleryActivity (server), edge-swipe (server), swipe-up (server), PointerEventDispatcher0 (server),
03-16 10:56:32.657 797 2325 I wm_task_moved: [1,0,0]
03-16 10:56:32.658 797 2325 I wm_task_moved: [1,0,14]
03-16 10:56:32.659 797 2434 W FreeFormWindowHelper: Current Display FreeFormTask is null
03-16 10:56:32.661 797 2434 W FreeFormWindowHelper: Current Display FreeFormTask is null
03-16 10:56:32.669 2626 2626 I wm_on_restart_called: [28844568,com.android.launcher3.uioverrides.QuickstepLauncher,performRestartActivity]
03-16 10:56:32.670 797 2325 W FreeFormWindowHelper: Current Display FreeFormTask is null
03-16 10:56:32.670 797 2434 W FreeFormWindowHelper: Current Display FreeFormTask is null
03-16 10:56:32.697 2626 2626 I wm_on_start_called: [28844568,com.android.launcher3.uioverrides.QuickstepLauncher,handleStartActivity]
03-16 10:56:32.698 797 814 D AutofillManagerService: Close system dialogs
03-16 10:56:32.698 7027 7027 I view_enqueue_input_event: [Motion - Cancel,com.android.gallery3d/com.android.gallery3d.app.GalleryActivity]
03-16 10:56:32.699 797 818 I input_focus: [Focus request recents_animation_input_consumer,reason=UpdateInputWindows]
03-16 10:56:32.703 797 1514 W FreeFormWindowHelper: Current Display FreeFormTask is null
03-16 10:56:32.703 797 1514 W FreeFormWindowHelper: Current Display FreeFormTask is null
03-16 10:56:32.704 2626 2626 I sysui_latency: [1,64]
03-16 10:56:32.705 797 1329 I input_interaction: Interaction with: edge-swipe (server), swipe-up (server), PointerEventDispatcher0 (server),
03-16 10:56:32.708 797 1329 I input_focus: [Focus leaving c79df05 com.android.gallery3d/com.android.gallery3d.app.GalleryActivity (server),reason=NOT_FOCUSABLE]
03-16 10:56:32.708 797 1329 I input_focus: [Focus entering recents_animation_input_consumer (server),reason=setFocusedWindow]
03-16 10:56:32.711 797 2434 W FreeFormWindowHelper: Current Display FreeFormTask is null
03-16 10:56:32.713 797 1514 W FreeFormWindowHelper: Current Display FreeFormTask is null
03-16 10:56:32.713 797 1514 W FreeFormWindowHelper: Current Display FreeFormTask is null
03-16 10:56:32.714 797 1514 W FreeFormWindowHelper: Current Display FreeFormTask is null
03-16 10:56:32.716 797 814 I sysui_multi_action: [319,9,322,53,325,1914,757,761,758,9,759,5,806,com.android.launcher3,871,com.android.launcher3.uioverrides.QuickstepLauncher,905,0,1320,4,1321,1]
03-16 10:56:32.722 797 2434 W FreeFormWindowHelper: Current Display FreeFormTask is null
03-16 10:56:32.722 797 6909 W FreeFormWindowHelper: Current Display FreeFormTask is null
03-16 10:56:32.738 797 2434 W FreeFormWindowHelper: Current Display FreeFormTask is null
03-16 10:56:32.738 797 2434 W FreeFormWindowHelper: Current Display FreeFormTask is null
03-16 10:56:32.755 797 811 W FreeFormWindowHelper: Current Display FreeFormTask is null
03-16 10:56:32.755 797 2434 W FreeFormWindowHelper: Current Display FreeFormTask is null
03-16 10:56:32.772 797 2434 W FreeFormWindowHelper: Current Display FreeFormTask is null
03-16 10:56:32.772 797 2434 W FreeFormWindowHelper: Current Display FreeFormTask is null
03-16 10:56:32.820 797 6909 W FreeFormWindowHelper: exitRecentTasks type=0
03-16 10:56:32.826 797 811 W FreeFormWindowHelper: Current Display FreeFormTask is null
03-16 10:56:32.826 797 6909 W FreeFormWindowHelper: Current Display FreeFormTask is null
03-16 10:56:32.900 797 1297 I commit_sys_config_file: [settings-1-0,4]
03-16 10:56:33.012 797 822 I sysui_latency: [8,65]
03-16 10:56:33.457 797 2434 W FreeFormWindowHelper: Current Display FreeFormTask is null
03-16 10:56:33.457 797 811 W FreeFormWindowHelper: Current Display FreeFormTask is null
03-16 10:56:33.460 797 811 I wm_task_moved: [1,1,15]
03-16 10:56:33.460 797 811 I wm_task_moved: [13,1,2147483647]
03-16 10:56:33.461 797 811 I wm_task_to_front: [0,13]
03-16 10:56:33.461 7027 7027 I wm_on_top_resumed_lost_called: [239922567,com.android.gallery3d.app.GalleryActivity,topStateChangedWhenResumed]
03-16 10:56:33.461 797 811 I wm_focused_root_task: [0,0,1,52,RecentsAnimation.onAnimationFinished()]
03-16 10:56:33.461 797 811 I wm_set_resumed_activity: [0,com.android.launcher3/.uioverrides.QuickstepLauncher,RecentsAnimation.onAnimationFinished()]
03-16 10:56:33.462 797 811 I wm_pause_activity: [0,239922567,com.android.gallery3d/.app.GalleryActivity,userLeaving=true,pauseBackTasks]
03-16 10:56:33.463 797 811 I wm_add_to_stopping: [0,239922567,com.android.gallery3d/.app.GalleryActivity,makeInvisible]
03-16 10:56:33.463 797 811 I ActivityTaskManager: FOREGROUND_APPLICATION_CHANGED to com.android.launcher3.uioverrides.QuickstepLauncher
03-16 10:56:33.463 797 811 I wm_set_resumed_activity: [0,com.android.launcher3/.uioverrides.QuickstepLauncher,resumeTopActivityInnerLocked]
03-16 10:56:33.465 797 811 I wm_resume_activity: [0,28844568,13,com.android.launcher3/.uioverrides.QuickstepLauncher]
03-16 10:56:33.466 2626 2626 I wm_on_resume_called: [28844568,com.android.launcher3.uioverrides.QuickstepLauncher,RESUME_ACTIVITY]
03-16 10:56:33.470 797 818 I input_focus: [Focus request efa3eda com.android.launcher3/com.android.launcher3.uioverrides.QuickstepLauncher,reason=UpdateInputWindows]
03-16 10:56:33.472 2626 2626 I wm_on_top_resumed_gained_called: [28844568,com.android.launcher3.uioverrides.QuickstepLauncher,topStateChangedWhenResumed]
03-16 10:56:33.477 7027 7027 I wm_on_paused_called: [239922567,com.android.gallery3d.app.GalleryActivity,performPause]
03-16 10:56:33.477 797 1329 I input_focus: [Focus leaving recents_animation_input_consumer (server),reason=NOT_VISIBLE]
03-16 10:56:33.479 797 2434 I wm_stop_activity: [0,239922567,com.android.gallery3d/.app.GalleryActivity]
03-16 10:56:33.482 797 817 I sysui_multi_action: [757,803,799,window_time_0,802,2]
03-16 10:56:33.488 797 817 I sysui_multi_action: [757,803,799,window_time_0,802,0]
03-16 10:56:33.491 797 1329 I input_focus: [Focus entering efa3eda com.android.launcher3/com.android.launcher3.uioverrides.QuickstepLauncher (server),reason=setFocusedWindow]
03-16 10:56:33.504 7027 7027 I wm_on_stop_called: [239922567,com.android.gallery3d.app.GalleryActivity,STOP_ACTIVITY_ITEM]
03-16 10:56:33.572 797 6909 W FreeFormWindowHelper: Current Display FreeFormTask is null
03-16 10:56:33.945 797 1329 I input_interaction: Interaction with: efa3eda com.android.launcher3/com.android.launcher3.uioverrides.QuickstepLauncher (server), eb1e2e4 com.android.systemui.ImageWallpaper (server), edge-swipe (server), swipe-up (server), PointerEventDispatcher0 (server),
03-16 10:56:34.062 797 6909 I thunderperf: PlatormCompat.setOverrides: Uid1=10074 Pid1=2626 Uid2=10074 Pid2=2626
03-16 10:56:34.062 797 6909 I thunderperf: PlatormCompat.setOverrides: needCheck:false
03-16 10:56:34.062 797 6909 I thunderperf: CompatConfig.addOverrideUnsafe: bef-state=0
03-16 10:56:34.062 797 6909 I thunderperf: CompatConfig.addOverrideUnsafe: aft-state=0
03-16 10:56:34.068 797 6909 I thunderperf: CompatConfig.addOverrideUnsafe: bef-state=0
03-16 10:56:34.068 797 6909 I thunderperf: CompatConfig.addOverrideUnsafe: aft-state=0
03-16 10:56:34.071 797 6909 I thunderperf: CompatConfig.addOverrideUnsafe: bef-state=0
03-16 10:56:34.071 797 6909 I thunderperf: CompatConfig.addOverrideUnsafe: aft-state=0
03-16 10:56:34.072 797 6909 I thunderperf: CompatConfig.addOverrideUnsafe: bef-state=0
03-16 10:56:34.072 797 6909 I thunderperf: CompatConfig.addOverrideUnsafe: aft-state=0
03-16 10:56:34.072 797 6909 I thunderperf: CompatConfig.addOverrideUnsafe: bef-state=0
03-16 10:56:34.072 797 6909 I thunderperf: CompatConfig.addOverrideUnsafe: aft-state=0
03-16 10:56:34.073 797 6909 I thunderperf: CompatConfig.addOverrideUnsafe: bef-state=0
03-16 10:56:34.073 797 6909 I thunderperf: CompatConfig.addOverrideUnsafe: aft-state=0
03-16 10:56:34.073 797 6909 I thunderperf: CompatConfig.addOverrideUnsafe: bef-state=0
03-16 10:56:34.073 797 6909 I thunderperf: CompatConfig.addOverrideUnsafe: aft-state=0
03-16 10:56:34.074 797 6909 I thunderperf: CompatConfig.addOverrideUnsafe: bef-state=0
03-16 10:56:34.074 797 6909 I thunderperf: CompatConfig.addOverrideUnsafe: aft-state=0
03-16 10:56:34.074 797 6909 I thunderperf: CompatConfig.addOverrideUnsafe: bef-state=0
03-16 10:56:34.074 797 6909 I thunderperf: CompatConfig.addOverrideUnsafe: aft-state=0
03-16 10:56:34.075 797 6909 I thunderperf: CompatConfig.addOverrideUnsafe: bef-state=0
03-16 10:56:34.075 797 6909 I thunderperf: CompatConfig.addOverrideUnsafe: aft-state=0
03-16 10:56:34.075 797 6909 I thunderperf: CompatConfig.addOverrideUnsafe: bef-state=0
03-16 10:56:34.075 797 6909 I thunderperf: CompatConfig.addOverrideUnsafe: aft-state=0
03-16 10:56:34.075 797 6909 I thunderperf: CompatConfig.addOverrideUnsafe: bef-state=0
03-16 10:56:34.075 797 6909 I thunderperf: CompatConfig.addOverrideUnsafe: aft-state=0
03-16 10:56:34.076 797 6909 I thunderperf: CompatConfig.addOverrideUnsafe: bef-state=0
03-16 10:56:34.076 797 6909 I thunderperf: CompatConfig.addOverrideUnsafe: aft-state=0
03-16 10:56:34.076 797 6909 I thunderperf: CompatConfig.addOverrideUnsafe: bef-state=0
03-16 10:56:34.076 797 6909 I thunderperf: CompatConfig.addOverrideUnsafe: aft-state=0
03-16 10:56:34.084 797 6909 I ActivityTaskManager: START u0 {act=android.intent.action.MAIN cat=[android.intent.category.LAUNCHER] flg=0x10200000 cmp=com.ss.android.lark/.main.app.MainActivity bnds=[1768,84][2044,358]} from uid 10074
01-02 00:14:50.476 0 0 E DTC_ETH,link_delay_work_func: 3003, SQI=0, link=0
03-16 10:56:34.094 797 6909 I wm_task_created: [53,-1]
03-16 10:56:34.094 797 6909 W ActivityTaskManager: Can't find TaskDisplayArea to determine support for multi window. Task id=53 attached=false
03-16 10:56:34.095 797 6909 D CompatibilityChangeReporter: Compat change id reported: 174042980; UID 10096; state: DISABLED
03-16 10:56:34.095 797 6909 D CompatibilityChangeReporter: Compat change id reported: 184838306; UID 10096; state: DISABLED
03-16 10:56:34.095 797 6909 D CompatibilityChangeReporter: Compat change id reported: 185004937; UID 10096; state: DISABLED
03-16 10:56:34.096 797 6909 D CompatibilityChangeReporter: Compat change id reported: 181136395; UID 10096; state: DISABLED
03-16 10:56:34.096 797 6909 D CompatibilityChangeReporter: Compat change id reported: 174042936; UID 10096; state: DISABLED
03-16 10:56:34.096 797 6909 I wm_task_moved: [53,1,16]
03-16 10:56:34.096 797 6909 I wm_task_to_front: [0,53]
03-16 10:56:34.096 797 6909 I wm_create_task: [0,53]
03-16 10:56:34.096 797 6909 I wm_create_activity: [0,217713981,53,com.ss.android.lark/.main.app.MainActivity,android.intent.action.MAIN,NULL,NULL,270532608]
03-16 10:56:34.096 797 6909 I wm_task_moved: [53,1,16]
03-16 10:56:34.097 797 6909 D CompatibilityChangeReporter: Compat change id reported: 168419799; UID 10096; state: DISABLED
03-16 10:56:34.097 2011 2236 D PhoneStartingWindowTypeAlgorithm: preferredStartingWindowType newTask:true taskSwitch:true processRunning:false allowTaskSnapshot:true activityCreated:false useEmptySplashScreen:false legacySplashScreen:false topIsHome:false
03-16 10:56:34.097 2011 2236 D StartingSurfaceDrawer: addSplashScreen com.ss.android.lark theme=7f120312 task=53 suggestType=1
03-16 10:56:34.097 797 6909 I wm_pause_activity: [0,28844568,com.android.launcher3/.uioverrides.QuickstepLauncher,userLeaving=true,pauseBackTasks]
03-16 10:56:34.099 797 1514 W FreeFormWindowHelper: Current Display FreeFormTask is null
03-16 10:56:34.100 2011 2251 D StartingSurfaceDrawer: window attributes color: 0 icon null duration 0 brandImage null
03-16 10:56:34.100 797 817 I am_uid_running: 10096
03-16 10:56:34.100 797 817 D CompatibilityChangeReporter: Compat change id reported: 135634846; UID 10096; state: DISABLED
03-16 10:56:34.101 797 831 D CompatibilityChangeReporter: Compat change id reported: 143937733; UID 10096; state: ENABLED
03-16 10:56:34.102 2011 2251 D StartingSurfaceDrawer: replace drawable with bottom layer drawable
03-16 10:56:34.104 2626 2626 I wm_on_top_resumed_lost_called: [28844568,com.android.launcher3.uioverrides.QuickstepLauncher,topStateChangedWhenResumed]
03-16 10:56:34.104 2011 2251 D StartingSurfaceDrawer: FgMainColor=ff0780ee BgMainColor=ffffffff IsBgComplex=false FromCache=false ThemeColor=ffffffff
03-16 10:56:34.104 2011 2251 D StartingSurfaceDrawer: makeSplashScreenContentView: choose fg icon
03-16 10:56:34.104 2011 2251 D StartingSurfaceDrawer: fillViewWithIcon surfaceWindowView android.window.SplashScreenView{6acb869 V.E...... ......ID 0,0-0,0}
03-16 10:56:34.105 797 831 I am_proc_start: [0,7390,10096,com.ss.android.lark,pre-top-activity,{com.ss.android.lark/com.ss.android.lark.main.app.MainActivity}]
03-16 10:56:34.105 797 831 I ActivityManager: Start proc 7390:com.ss.android.lark/u0a96 for pre-top-activity {com.ss.android.lark/com.ss.android.lark.main.app.MainActivity}
03-16 10:56:34.105 2626 2626 I wm_on_paused_called: [28844568,com.android.launcher3.uioverrides.QuickstepLauncher,performPause]
03-16 10:56:34.105 797 7391 W ContextImpl: Calling a method in the system process without a qualified user: android.app.ContextImpl.sendBroadcast:1173 com.qualcomm.qti.Performance$SendGameLaunchBroadcast.run:217 java.lang.Thread.run:920
03-16 10:56:34.105 797 2434 I ActivityTaskManager: FOREGROUND_APPLICATION_CHANGED to com.ss.android.lark.main.app.MainActivity
03-16 10:56:34.107 797 2434 I wm_add_to_stopping: [0,28844568,com.android.launcher3/.uioverrides.QuickstepLauncher,makeInvisible]
01-02 00:14:50.504 0 0 W perfetto: enabled ftrace
03-16 10:56:34.112 797 817 I sysui_multi_action: [757,803,799,window_time_0,802,0]
03-16 10:56:34.111 7390 7390 I auditd : type=1400 audit(0.0:4778): avc: denied { connectto } for comm=4144422D4A44575020436F6E6E6563 path=006A6477702D636F6E74726F6C scontext=u:r:untrusted_app:s0:c96,c256,c512,c768 tcontext=u:r:su:s0 tclass=unix_stream_socket permissive=1 app=com.ss.android.lark
01-02 00:14:50.512 0 0 I binder : 7390:7390 ioctl 40046210 ff813ff8 returned -22
03-16 10:56:34.119 797 2434 I am_proc_bound: [0,7390,com.ss.android.lark]
03-16 10:56:34.122 797 2434 I wm_restart_activity: [0,217713981,53,com.ss.android.lark/.main.app.MainActivity]
03-16 10:56:34.122 797 2434 I wm_set_resumed_activity: [0,com.ss.android.lark/.main.app.MainActivity,minimalResumeActivityLocked]
03-16 10:56:34.123 797 817 I am_uid_active: 10096
03-16 10:56:34.123 1416 1416 I auditd : type=1400 audit(0.0:4779): avc: denied { call } for comm="OMXCallbackDisp" scontext=u:r:mediacodec:s0 tcontext=u:r:su:s0 tclass=binder permissive=1
03-16 10:56:34.123 4218 4218 I auditd : type=1400 audit(0.0:4780): avc: denied { call } for comm="CodecLooper" scontext=u:r:su:s0 tcontext=u:r:mediacodec:s0 tclass=binder permissive=1
03-16 10:56:34.129 797 1329 I input_focus: [Focus leaving efa3eda com.android.launcher3/com.android.launcher3.uioverrides.QuickstepLauncher (server),reason=NO_WINDOW]
03-16 10:56:34.209 797 811 W FreeFormWindowHelper: Current Display FreeFormTask is null
03-16 10:56:34.437 797 2434 I thunderperf: PlatormCompat.setOverrides: Uid1=10096 Pid1=7390 Uid2=10096 Pid2=7390
03-16 10:56:34.437 797 2434 I thunderperf: PlatormCompat.setOverrides: needCheck:false
03-16 10:56:34.437 797 2434 I thunderperf: CompatConfig.addOverrideUnsafe: bef-state=0
03-16 10:56:34.437 797 2434 I thunderperf: CompatConfig.addOverrideUnsafe: aft-state=0
03-16 10:56:34.437 797 2434 W PackageManager: MATCH_ANY_USER flag requires INTERACT_ACROSS_USERS permission: UID 10096 requires android.permission.INTERACT_ACROSS_USERS_FULL or android.permission.INTERACT_ACROSS_USERS to access user 0.
03-16 10:56:34.437 797 2434 I ActivityTaskManager: START u0 {cmp=com.ss.android.lark/.authorization.AuthorizationActivity} from uid 10096
03-16 10:56:34.438 797 2434 I wm_task_moved: [53,1,16]
03-16 10:56:34.438 797 2434 I wm_set_resumed_activity: [0,com.ss.android.lark/.main.app.MainActivity,positionChildAt]
03-16 10:56:34.438 797 2434 I wm_create_activity: [0,995939,53,com.ss.android.lark/.authorization.AuthorizationActivity,NULL,NULL,NULL,0]
03-16 10:56:34.439 797 2434 I wm_pause_activity: [0,217713981,com.ss.android.lark/.main.app.MainActivity,userLeaving=true,resumeTopActivityInnerLocked]
03-16 10:56:34.441 797 2434 I wm_finish_activity: [0,217713981,53,com.ss.android.lark/.main.app.MainActivity,app-request]
03-16 10:56:34.441 797 817 D CompatibilityChangeReporter: Compat change id reported: 135634846; UID 10096; state: DISABLED
03-16 10:56:34.441 7390 7390 I wm_on_create_called: [217713981,com.ss.android.lark.main.app.MainActivity,performCreate]
03-16 10:56:34.441 797 831 D CompatibilityChangeReporter: Compat change id reported: 143937733; UID 10096; state: ENABLED
03-16 10:56:34.445 797 831 I am_proc_start: [0,7458,10096,com.ss.android.lark:authorized,pre-top-activity,{com.ss.android.lark/com.ss.android.lark.authorization.AuthorizationActivity}]
03-16 10:56:34.445 797 831 I ActivityManager: Start proc 7458:com.ss.android.lark:authorized/u0a96 for pre-top-activity {com.ss.android.lark/com.ss.android.lark.authorization.AuthorizationActivity}
03-16 10:56:34.446 797 7459 W ContextImpl: Calling a method in the system process without a qualified user: android.app.ContextImpl.sendBroadcast:1173 com.qualcomm.qti.Performance$SendGameLaunchBroadcast.run:217 java.lang.Thread.run:920
03-16 10:56:34.447 797 6909 I wm_add_to_stopping: [0,217713981,com.ss.android.lark/.main.app.MainActivity,completeFinishing]
03-16 10:56:34.447 797 6909 I ActivityTaskManager: FOREGROUND_APPLICATION_CHANGED to com.ss.android.lark.authorization.AuthorizationActivity
03-16 10:56:34.450 797 817 I sysui_multi_action: [757,803,799,window_time_0,802,0]
03-16 10:56:34.451 4129 4129 I auditd : type=1400 audit(0.0:4781): avc: denied { use } for comm=6A64777020636F6E74726F6C path="anon_inode:[eventfd]" dev="anon_inodefs" ino=11319 scontext=u:r:su:s0 tcontext=u:r:adbd:s0 tclass=fd permissive=1
01-02 00:14:50.850 0 0 I binder : 7458:7458 ioctl 40046210 ff813ff8 returned -22
03-16 10:56:34.457 797 6909 I am_proc_bound: [0,7458,com.ss.android.lark:authorized]
03-16 10:56:34.460 797 6909 I wm_restart_activity: [0,995939,53,com.ss.android.lark/.authorization.AuthorizationActivity]
03-16 10:56:34.460 797 6909 I wm_set_resumed_activity: [0,com.ss.android.lark/.authorization.AuthorizationActivity,minimalResumeActivityLocked]
03-16 10:56:34.459 1416 1416 I auditd : type=1400 audit(0.0:4782): avc: denied { call } for comm="OMXCallbackDisp" scontext=u:r:mediacodec:s0 tcontext=u:r:su:s0 tclass=binder permissive=1
03-16 10:56:34.550 797 2434 W FreeFormWindowHelper: Current Display FreeFormTask is null
03-16 10:56:34.608 7458 7458 I wm_on_create_called: [995939,com.ss.android.lark.authorization.AuthorizationActivity,performCreate]
03-16 10:56:34.608 7458 7458 I wm_on_start_called: [995939,com.ss.android.lark.authorization.AuthorizationActivity,handleStartActivity]
03-16 10:56:34.609 7458 7458 I wm_on_resume_called: [995939,com.ss.android.lark.authorization.AuthorizationActivity,RESUME_ACTIVITY]
03-16 10:56:34.611 7458 7458 I wm_on_top_resumed_gained_called: [995939,com.ss.android.lark.authorization.AuthorizationActivity,topStateChangedWhenResumed]
03-16 10:56:34.619 797 818 I input_focus: [Focus request 64b988e com.ss.android.lark/com.ss.android.lark.authorization.AuthorizationActivity,reason=UpdateInputWindows]
01-02 00:14:51.030 0 0 I binder : 7458:7516 ioctl 40046210 afb97d38 returned -22
03-16 10:56:34.672 2011 2236 D StartingSurfaceDrawer: Task start finish, remove starting surface for task 53
03-16 10:56:34.672 2011 2236 V StartingSurfaceDrawer: Removing splash screen window for task: 53
03-16 10:56:34.673 797 1329 I input_interaction: Interaction with: edge-swipe (server), swipe-up (server), PointerEventDispatcher0 (server),
03-16 10:56:34.675 797 814 I sysui_multi_action: [319,34,321,32,322,588,325,1915,757,761,758,7,759,1,806,com.ss.android.lark,871,com.ss.android.lark.authorization.AuthorizationActivity,904,com.ss.android.lark,905,0,945,374,1320,4,1321,4]
03-16 10:56:34.675 797 814 I wm_activity_launch_time: [0,995939,com.ss.android.lark/.authorization.AuthorizationActivity,588]
03-16 10:56:34.678 797 2330 I wm_destroy_activity: [0,217713981,53,com.ss.android.lark/.main.app.MainActivity,finish-imm:idle]
03-16 10:56:34.678 797 2330 I wm_stop_activity: [0,28844568,com.android.launcher3/.uioverrides.QuickstepLauncher]
03-16 10:56:34.679 797 1329 I input_focus: [Focus entering 64b988e com.ss.android.lark/com.ss.android.lark.authorization.AuthorizationActivity (server),reason=Window became focusable. Previous reason: NOT_VISIBLE]
03-16 10:56:34.680 7390 7390 I wm_on_destroy_called: [217713981,com.ss.android.lark.main.app.MainActivity,performDestroy]
03-16 10:56:34.682 797 1514 W FreeFormWindowHelper: Current Display FreeFormTask is null
03-16 10:56:34.682 797 1514 W FreeFormWindowHelper: Current Display FreeFormTask is null
03-16 10:56:34.683 797 1514 I wm_task_moved: [1,0,0]
03-16 10:56:34.683 797 1514 I wm_task_moved: [1,0,15]
03-16 10:56:34.686 2626 2626 I wm_on_stop_called: [28844568,com.android.launcher3.uioverrides.QuickstepLauncher,STOP_ACTIVITY_ITEM]
03-16 10:56:34.687 797 811 W FreeFormWindowHelper: Current Display FreeFormTask is null
03-16 10:56:34.687 797 1514 W FreeFormWindowHelper: Current Display FreeFormTask is null
03-16 10:56:34.688 797 822 I am_pss : [6974,10063,com.thundercomm.gamemode.provider,8084480,6033408,0,97419264,0,5,5]
03-16 10:56:34.688 2626 2626 I wm_on_restart_called: [28844568,com.android.launcher3.uioverrides.QuickstepLauncher,performRestartActivity]
03-16 10:56:34.688 2626 2626 I wm_on_start_called: [28844568,com.android.launcher3.uioverrides.QuickstepLauncher,handleStartActivity]
03-16 10:56:34.689 797 2330 I ActivityTaskManager: Activity reported stop, but no longer stopping: ActivityRecord{1b82218 u0 com.android.launcher3/.uioverrides.QuickstepLauncher t13} STARTED
03-16 10:56:34.695 797 2330 W FreeFormWindowHelper: Current Display FreeFormTask is null
03-16 10:56:34.695 797 2330 W FreeFormWindowHelper: Current Display FreeFormTask is null
03-16 10:56:34.695 797 822 I am_pss : [7010,10031,com.microsoft.emmx,33112064,27828224,0,133959680,0,19,6]
03-16 10:56:34.700 797 814 I sysui_multi_action: [319,3,322,15,325,1916,757,761,758,9,759,5,806,com.android.launcher3,871,com.android.launcher3.uioverrides.QuickstepLauncher,905,0,1320,4,1321,1]
03-16 10:56:34.703 797 822 I am_pss : [7016,10093,com.huawei.appmarket,47334400,44376064,0,147197952,0,19,6]
03-16 10:56:34.712 797 2330 W FreeFormWindowHelper: Current Display FreeFormTask is null
03-16 10:56:34.712 797 2330 W FreeFormWindowHelper: Current Display FreeFormTask is null
03-16 10:56:34.713 797 814 D AutofillManagerService: Close system dialogs
03-16 10:56:34.729 2626 2626 I sysui_latency: [1,6]
03-16 10:56:34.730 797 818 I input_focus: [Focus request recents_animation_input_consumer,reason=UpdateInputWindows]
03-16 10:56:34.731 797 2330 W FreeFormWindowHelper: Current Display FreeFormTask is null
03-16 10:56:34.731 797 2330 W FreeFormWindowHelper: Current Display FreeFormTask is null
03-16 10:56:34.733 797 6909 W FreeFormWindowHelper: Current Display FreeFormTask is null
03-16 10:56:34.733 797 6909 W FreeFormWindowHelper: Current Display FreeFormTask is null
03-16 10:56:34.743 797 6909 W FreeFormWindowHelper: Current Display FreeFormTask is null
03-16 10:56:34.743 797 6909 W FreeFormWindowHelper: Current Display FreeFormTask is null
03-16 10:56:34.760 797 811 W FreeFormWindowHelper: Current Display FreeFormTask is null
03-16 10:56:34.760 797 811 W FreeFormWindowHelper: Current Display FreeFormTask is null
03-16 10:56:34.761 797 1329 I input_focus: [Focus leaving 64b988e com.ss.android.lark/com.ss.android.lark.authorization.AuthorizationActivity (server),reason=NOT_FOCUSABLE]
03-16 10:56:34.761 797 1329 I input_focus: [Focus entering recents_animation_input_consumer (server),reason=setFocusedWindow]
03-16 10:56:34.776 797 1514 W FreeFormWindowHelper: Current Display FreeFormTask is null
03-16 10:56:34.777 797 1514 W FreeFormWindowHelper: Current Display FreeFormTask is null
03-16 10:56:34.793 797 811 W FreeFormWindowHelper: Current Display FreeFormTask is null
03-16 10:56:34.793 797 811 W FreeFormWindowHelper: Current Display FreeFormTask is null
03-16 10:56:34.880 797 811 W FreeFormWindowHelper: exitRecentTasks type=0
03-16 10:56:34.893 797 811 W FreeFormWindowHelper: Current Display FreeFormTask is null
03-16 10:56:34.893 797 811 W FreeFormWindowHelper: Current Display FreeFormTask is null
03-16 10:56:34.930 797 1297 I commit_sys_config_file: [settings-1-0,2]
03-16 10:56:34.999 797 822 I sysui_latency: [8,23]
03-16 10:56:35.311 797 2870 E TaskPersister: File error accessing recents directory (directory doesn't exist?).
03-16 10:56:35.339 1416 1416 I auditd : type=1400 audit(0.0:4783): avc: denied { call } for comm="OMXCallbackDisp" scontext=u:r:mediacodec:s0 tcontext=u:r:su:s0 tclass=binder permissive=1
03-16 10:56:35.528 797 2330 W FreeFormWindowHelper: Current Display FreeFormTask is null
03-16 10:56:35.528 797 2330 W FreeFormWindowHelper: Current Display FreeFormTask is null
03-16 10:56:35.530 797 2330 I wm_task_moved: [1,1,16]
03-16 10:56:35.530 797 2330 I wm_task_moved: [13,1,2147483647]
03-16 10:56:35.530 797 2330 I wm_task_to_front: [0,13]
03-16 10:56:35.530 797 2330 I wm_focused_root_task: [0,0,1,53,RecentsAnimation.onAnimationFinished()]
03-16 10:56:35.530 7458 7458 I wm_on_top_resumed_lost_called: [995939,com.ss.android.lark.authorization.AuthorizationActivity,topStateChangedWhenResumed]
03-16 10:56:35.530 797 2330 I wm_set_resumed_activity: [0,com.android.launcher3/.uioverrides.QuickstepLauncher,RecentsAnimation.onAnimationFinished()]
03-16 10:56:35.531 797 2330 I wm_pause_activity: [0,995939,com.ss.android.lark/.authorization.AuthorizationActivity,userLeaving=true,pauseBackTasks]
03-16 10:56:35.531 797 2330 I wm_add_to_stopping: [0,995939,com.ss.android.lark/.authorization.AuthorizationActivity,makeInvisible]
03-16 10:56:35.531 797 2330 I ActivityTaskManager: FOREGROUND_APPLICATION_CHANGED to com.android.launcher3.uioverrides.QuickstepLauncher
03-16 10:56:35.532 797 2330 I wm_set_resumed_activity: [0,com.android.launcher3/.uioverrides.QuickstepLauncher,resumeTopActivityInnerLocked]
03-16 10:56:35.533 797 2330 I wm_resume_activity: [0,28844568,13,com.android.launcher3/.uioverrides.QuickstepLauncher]
03-16 10:56:35.533 2626 2626 I wm_on_resume_called: [28844568,com.android.launcher3.uioverrides.QuickstepLauncher,RESUME_ACTIVITY]
03-16 10:56:35.538 797 818 I input_focus: [Focus request efa3eda com.android.launcher3/com.android.launcher3.uioverrides.QuickstepLauncher,reason=UpdateInputWindows]
03-16 10:56:35.539 2626 2626 I wm_on_top_resumed_gained_called: [28844568,com.android.launcher3.uioverrides.QuickstepLauncher,topStateChangedWhenResumed]
03-16 10:56:35.540 7458 7458 I wm_on_paused_called: [995939,com.ss.android.lark.authorization.AuthorizationActivity,performPause]
03-16 10:56:35.540 797 6909 I wm_stop_activity: [0,995939,com.ss.android.lark/.authorization.AuthorizationActivity]
03-16 10:56:35.543 797 817 I sysui_multi_action: [757,803,799,window_time_0,802,2]
03-16 10:56:35.543 797 817 I sysui_multi_action: [757,803,799,window_time_0,802,0]
03-16 10:56:35.547 797 1329 I input_focus: [Focus leaving recents_animation_input_consumer (server),reason=NOT_VISIBLE]
03-16 10:56:35.554 7458 7458 I wm_on_stop_called: [995939,com.ss.android.lark.authorization.AuthorizationActivity,STOP_ACTIVITY_ITEM]
03-16 10:56:35.562 797 1329 I input_focus: [Focus entering efa3eda com.android.launcher3/com.android.launcher3.uioverrides.QuickstepLauncher (server),reason=setFocusedWindow]
03-16 10:56:35.639 797 1514 W FreeFormWindowHelper: Current Display FreeFormTask is null
03-16 10:56:35.704 797 1329 I input_interaction: Interaction with: efa3eda com.android.launcher3/com.android.launcher3.uioverrides.QuickstepLauncher (server), eb1e2e4 com.android.systemui.ImageWallpaper (server), edge-swipe (server), swipe-up (server), PointerEventDispatcher0 (server),
03-16 10:56:35.828 797 6909 I thunderperf: PlatormCompat.setOverrides: Uid1=10074 Pid1=2626 Uid2=10074 Pid2=2626
03-16 10:56:35.828 797 6909 I thunderperf: PlatormCompat.setOverrides: needCheck:false
03-16 10:56:35.828 797 6909 I thunderperf: CompatConfig.addOverrideUnsafe: bef-state=0
03-16 10:56:35.828 797 6909 I thunderperf: CompatConfig.addOverrideUnsafe: aft-state=0
03-16 10:56:35.828 797 6909 I thunderperf: CompatConfig.addOverrideUnsafe: bef-state=0
03-16 10:56:35.828 797 6909 I thunderperf: CompatConfig.addOverrideUnsafe: aft-state=0
03-16 10:56:35.828 797 6909 I thunderperf: CompatConfig.addOverrideUnsafe: bef-state=0
03-16 10:56:35.828 797 6909 I thunderperf: CompatConfig.addOverrideUnsafe: aft-state=0
03-16 10:56:35.828 797 6909 I thunderperf: CompatConfig.addOverrideUnsafe: bef-state=0
03-16 10:56:35.828 797 6909 I thunderperf: CompatConfig.addOverrideUnsafe: aft-state=0
03-16 10:56:35.829 797 6909 I thunderperf: CompatConfig.addOverrideUnsafe: bef-state=0
03-16 10:56:35.829 797 6909 I thunderperf: CompatConfig.addOverrideUnsafe: aft-state=0
03-16 10:56:35.829 797 6909 I thunderperf: CompatConfig.addOverrideUnsafe: bef-state=0
03-16 10:56:35.829 797 6909 I thunderperf: CompatConfig.addOverrideUnsafe: aft-state=0
03-16 10:56:35.829 797 6909 I thunderperf: CompatConfig.addOverrideUnsafe: bef-state=0
03-16 10:56:35.829 797 6909 I thunderperf: CompatConfig.addOverrideUnsafe: aft-state=0
03-16 10:56:35.829 797 6909 I thunderperf: CompatConfig.addOverrideUnsafe: bef-state=0
03-16 10:56:35.829 797 6909 I thunderperf: CompatConfig.addOverrideUnsafe: aft-state=0
03-16 10:56:35.830 797 6909 I thunderperf: CompatConfig.addOverrideUnsafe: bef-state=0
03-16 10:56:35.830 797 6909 I thunderperf: CompatConfig.addOverrideUnsafe: aft-state=0
03-16 10:56:35.830 797 6909 I thunderperf: CompatConfig.addOverrideUnsafe: bef-state=0
03-16 10:56:35.830 797 6909 I thunderperf: CompatConfig.addOverrideUnsafe: aft-state=0
03-16 10:56:35.830 797 6909 I thunderperf: CompatConfig.addOverrideUnsafe: bef-state=0
03-16 10:56:35.830 797 6909 I thunderperf: CompatConfig.addOverrideUnsafe: aft-state=0
03-16 10:56:35.830 797 6909 I thunderperf: CompatConfig.addOverrideUnsafe: bef-state=0
03-16 10:56:35.830 797 6909 I thunderperf: CompatConfig.addOverrideUnsafe: aft-state=0
03-16 10:56:35.830 797 6909 I thunderperf: CompatConfig.addOverrideUnsafe: bef-state=0
03-16 10:56:35.830 797 6909 I thunderperf: CompatConfig.addOverrideUnsafe: aft-state=0
03-16 10:56:35.830 797 6909 I thunderperf: CompatConfig.addOverrideUnsafe: bef-state=0
03-16 10:56:35.830 797 6909 I thunderperf: CompatConfig.addOverrideUnsafe: aft-state=0
03-16 10:56:35.832 797 6909 I ActivityTaskManager: START u0 {act=android.intent.action.MAIN cat=[android.intent.category.LAUNCHER] flg=0x10200000 cmp=com.ss.android.lark/.main.app.MainActivity bnds=[1768,84][2044,358]} from uid 10074
03-16 10:56:35.833 797 6909 I wm_task_moved: [53,1,16]
03-16 10:56:35.833 797 6909 I wm_task_to_front: [0,53]
03-16 10:56:35.833 797 6909 I wm_focused_root_task: [0,0,53,1,bringingFoundTaskToFront]
03-16 10:56:35.833 797 6909 I wm_set_resumed_activity: [0,com.ss.android.lark/.authorization.AuthorizationActivity,bringingFoundTaskToFront]
03-16 10:56:35.833 797 6909 D CompatibilityChangeReporter: Compat change id reported: 168419799; UID 10096; state: DISABLED
03-16 10:56:35.834 2011 2236 D PhoneStartingWindowTypeAlgorithm: preferredStartingWindowType newTask:false taskSwitch:true processRunning:true allowTaskSnapshot:true activityCreated:true useEmptySplashScreen:false legacySplashScreen:false topIsHome:false
03-16 10:56:35.834 2011 2236 D PhoneStartingWindowTypeAlgorithm: isSnapshotCompatible rotation 0 snapshot 0
03-16 10:56:35.834 797 6909 I wm_pause_activity: [0,28844568,com.android.launcher3/.uioverrides.QuickstepLauncher,userLeaving=true,pauseBackTasks]
03-16 10:56:35.836 797 811 W FreeFormWindowHelper: Current Display FreeFormTask is null
03-16 10:56:35.837 2626 2626 I wm_on_top_resumed_lost_called: [28844568,com.android.launcher3.uioverrides.QuickstepLauncher,topStateChangedWhenResumed]
03-16 10:56:35.838 2626 2626 I wm_on_paused_called: [28844568,com.android.launcher3.uioverrides.QuickstepLauncher,performPause]
03-16 10:56:35.839 797 6909 I ActivityTaskManager: FOREGROUND_APPLICATION_CHANGED to com.ss.android.lark.authorization.AuthorizationActivity
03-16 10:56:35.840 797 6909 I wm_set_resumed_activity: [0,com.ss.android.lark/.authorization.AuthorizationActivity,resumeTopActivityInnerLocked]
03-16 10:56:35.840 797 6909 I wm_add_to_stopping: [0,28844568,com.android.launcher3/.uioverrides.QuickstepLauncher,makeInvisible]
03-16 10:56:35.844 797 6909 D CompatibilityChangeReporter: Compat change id reported: 174042980; UID 10096; state: DISABLED
03-16 10:56:35.844 797 6909 D CompatibilityChangeReporter: Compat change id reported: 181136395; UID 10096; state: DISABLED
03-16 10:56:35.844 797 6909 D CompatibilityChangeReporter: Compat change id reported: 174042936; UID 10096; state: DISABLED
03-16 10:56:35.844 797 6909 D CompatibilityChangeReporter: Compat change id reported: 184838306; UID 10096; state: DISABLED
03-16 10:56:35.845 797 6909 D CompatibilityChangeReporter: Compat change id reported: 185004937; UID 10096; state: DISABLED
03-16 10:56:35.845 797 6909 I wm_resume_activity: [0,995939,53,com.ss.android.lark/.authorization.AuthorizationActivity]
03-16 10:56:35.854 797 817 I sysui_multi_action: [757,803,799,window_time_0,802,0]
03-16 10:56:35.855 797 818 I input_focus: [Focus request 64b988e com.ss.android.lark/com.ss.android.lark.authorization.AuthorizationActivity,reason=UpdateInputWindows]
03-16 10:56:35.858 7458 7458 I wm_on_restart_called: [995939,com.ss.android.lark.authorization.AuthorizationActivity,performRestartActivity]
03-16 10:56:35.859 7458 7458 I wm_on_start_called: [995939,com.ss.android.lark.authorization.AuthorizationActivity,handleStartActivity]
03-16 10:56:35.859 7458 7458 I wm_on_resume_called: [995939,com.ss.android.lark.authorization.AuthorizationActivity,RESUME_ACTIVITY]
03-16 10:56:35.859 7458 7458 I wm_on_top_resumed_gained_called: [995939,com.ss.android.lark.authorization.AuthorizationActivity,topWhenResuming]
03-16 10:56:35.864 797 1329 I input_focus: [Focus leaving efa3eda com.android.launcher3/com.android.launcher3.uioverrides.QuickstepLauncher (server),reason=NO_WINDOW]
03-16 10:56:35.872 797 814 I sysui_multi_action: [319,16,321,13,322,37,325,1917,757,761,758,9,759,4,806,com.ss.android.lark,871,com.ss.android.lark.authorization.AuthorizationActivity,904,com.ss.android.lark,905,0,1320,4,1321,4]
03-16 10:56:35.873 2011 2236 D StartingSurfaceDrawer: Task start finish, remove starting surface for task 53
03-16 10:56:35.880 797 1329 I input_focus: [Focus entering 64b988e com.ss.android.lark/com.ss.android.lark.authorization.AuthorizationActivity (server),reason=Window became focusable. Previous reason: NOT_VISIBLE]
03-16 10:56:35.947 797 6909 W FreeFormWindowHelper: Current Display FreeFormTask is null
03-16 10:56:36.356 797 1329 I input_interaction: Interaction with: edge-swipe (server), swipe-up (server), PointerEventDispatcher0 (server),
03-16 10:56:36.366 797 6909 W FreeFormWindowHelper: Current Display FreeFormTask is null
03-16 10:56:36.366 797 6909 W FreeFormWindowHelper: Current Display FreeFormTask is null
03-16 10:56:36.366 797 6901 I wm_task_moved: [1,0,0]
03-16 10:56:36.366 797 6901 I wm_task_moved: [1,0,15]
03-16 10:56:36.369 797 6909 W FreeFormWindowHelper: Current Display FreeFormTask is null
03-16 10:56:36.370 797 1514 W FreeFormWindowHelper: Current Display FreeFormTask is null
03-16 10:56:36.379 797 6901 W FreeFormWindowHelper: Current Display FreeFormTask is null
03-16 10:56:36.379 797 6901 W FreeFormWindowHelper: Current Display FreeFormTask is null
03-16 10:56:36.380 797 814 D AutofillManagerService: Close system dialogs
03-16 10:56:36.403 2626 2626 I sysui_latency: [1,7]
03-16 10:56:36.403 797 818 I input_focus: [Focus request recents_animation_input_consumer,reason=UpdateInputWindows]
03-16 10:56:36.404 797 6901 W FreeFormWindowHelper: Current Display FreeFormTask is null
03-16 10:56:36.404 797 6901 W FreeFormWindowHelper: Current Display FreeFormTask is null
03-16 10:56:36.405 797 6901 W FreeFormWindowHelper: Current Display FreeFormTask is null
03-16 10:56:36.406 797 6901 W FreeFormWindowHelper: Current Display FreeFormTask is null
03-16 10:56:36.414 797 6901 W FreeFormWindowHelper: Current Display FreeFormTask is null
03-16 10:56:36.414 797 6901 W FreeFormWindowHelper: Current Display FreeFormTask is null
03-16 10:56:36.431 797 6901 W FreeFormWindowHelper: Current Display FreeFormTask is null
03-16 10:56:36.431 797 6901 W FreeFormWindowHelper: Current Display FreeFormTask is null
03-16 10:56:36.432 797 1329 I input_focus: [Focus leaving 64b988e com.ss.android.lark/com.ss.android.lark.authorization.AuthorizationActivity (server),reason=NOT_FOCUSABLE]
03-16 10:56:36.433 797 1329 I input_focus: [Focus entering recents_animation_input_consumer (server),reason=setFocusedWindow]
03-16 10:56:36.448 797 811 W FreeFormWindowHelper: Current Display FreeFormTask is null
03-16 10:56:36.448 797 6901 W FreeFormWindowHelper: Current Display FreeFormTask is null
03-16 10:56:36.464 797 811 W FreeFormWindowHelper: Current Display FreeFormTask is null
03-16 10:56:36.464 797 811 W FreeFormWindowHelper: Current Display FreeFormTask is null
03-16 10:56:36.480 797 6909 W FreeFormWindowHelper: Current Display FreeFormTask is null
03-16 10:56:36.480 797 6901 W FreeFormWindowHelper: Current Display FreeFormTask is null
03-16 10:56:36.517 797 6901 W FreeFormWindowHelper: exitRecentTasks type=0
03-16 10:56:36.521 797 6901 W FreeFormWindowHelper: Current Display FreeFormTask is null
03-16 10:56:36.522 797 6901 W FreeFormWindowHelper: Current Display FreeFormTask is null
03-16 10:56:36.608 797 1297 I commit_sys_config_file: [settings-1-0,7]
03-16 10:56:37.149 797 811 W FreeFormWindowHelper: Current Display FreeFormTask is null
03-16 10:56:37.149 797 811 W FreeFormWindowHelper: Current Display FreeFormTask is null
03-16 10:56:37.154 797 1514 I wm_task_moved: [1,1,16]
03-16 10:56:37.155 797 1514 I wm_task_moved: [13,1,2147483647]
03-16 10:56:37.155 797 1514 I wm_task_to_front: [0,13]
03-16 10:56:37.155 797 1514 I wm_focused_root_task: [0,0,1,53,RecentsAnimation.onAnimationFinished()]
03-16 10:56:37.155 797 1514 I wm_set_resumed_activity: [0,com.android.launcher3/.uioverrides.QuickstepLauncher,RecentsAnimation.onAnimationFinished()]
03-16 10:56:37.155 7458 7458 I wm_on_top_resumed_lost_called: [995939,com.ss.android.lark.authorization.AuthorizationActivity,topStateChangedWhenResumed]
03-16 10:56:37.156 797 1514 I wm_pause_activity: [0,995939,com.ss.android.lark/.authorization.AuthorizationActivity,userLeaving=true,pauseBackTasks]
03-16 10:56:37.156 797 1514 I wm_add_to_stopping: [0,995939,com.ss.android.lark/.authorization.AuthorizationActivity,makeInvisible]
03-16 10:56:37.157 797 1514 I ActivityTaskManager: FOREGROUND_APPLICATION_CHANGED to com.android.launcher3.uioverrides.QuickstepLauncher
03-16 10:56:37.157 797 1514 I wm_set_resumed_activity: [0,com.android.launcher3/.uioverrides.QuickstepLauncher,resumeTopActivityInnerLocked]
03-16 10:56:37.159 797 1514 I wm_resume_activity: [0,28844568,13,com.android.launcher3/.uioverrides.QuickstepLauncher]
03-16 10:56:37.161 2626 2626 I wm_on_resume_called: [28844568,com.android.launcher3.uioverrides.QuickstepLauncher,RESUME_ACTIVITY]
03-16 10:56:37.168 797 818 I input_focus: [Focus request efa3eda com.android.launcher3/com.android.launcher3.uioverrides.QuickstepLauncher,reason=UpdateInputWindows]
03-16 10:56:37.170 7458 7458 I wm_on_paused_called: [995939,com.ss.android.lark.authorization.AuthorizationActivity,performPause]
03-16 10:56:37.170 2626 2626 I wm_on_top_resumed_gained_called: [28844568,com.android.launcher3.uioverrides.QuickstepLauncher,topStateChangedWhenResumed]
03-16 10:56:37.183 797 6909 I wm_stop_activity: [0,995939,com.ss.android.lark/.authorization.AuthorizationActivity]
03-16 10:56:37.184 797 1329 I input_focus: [Focus leaving recents_animation_input_consumer (server),reason=NOT_VISIBLE]
03-16 10:56:37.185 797 1329 I input_focus: [Focus entering efa3eda com.android.launcher3/com.android.launcher3.uioverrides.QuickstepLauncher (server),reason=setFocusedWindow]
03-16 10:56:37.191 797 817 I sysui_multi_action: [757,803,799,window_time_0,802,1]
03-16 10:56:37.192 797 817 I sysui_multi_action: [757,803,799,window_time_0,802,0]
03-16 10:56:37.204 7458 7458 I wm_on_stop_called: [995939,com.ss.android.lark.authorization.AuthorizationActivity,STOP_ACTIVITY_ITEM]
03-16 10:56:37.207 797 822 I am_pss : [2471,1000,com.android.settings,139569152,133349376,0,266018816,0,16,10]
03-16 10:56:37.270 797 6901 W FreeFormWindowHelper: Current Display FreeFormTask is null
03-16 10:56:37.463 797 1329 I input_interaction: Interaction with: efa3eda com.android.launcher3/com.android.launcher3.uioverrides.QuickstepLauncher (server), eb1e2e4 com.android.systemui.ImageWallpaper (server), edge-swipe (server), swipe-up (server), PointerEventDispatcher0 (server),
03-16 10:56:37.580 797 6909 I thunderperf: PlatormCompat.setOverrides: Uid1=10074 Pid1=2626 Uid2=10074 Pid2=2626
03-16 10:56:37.580 797 6909 I thunderperf: PlatormCompat.setOverrides: needCheck:false
03-16 10:56:37.580 797 6909 I thunderperf: CompatConfig.addOverrideUnsafe: bef-state=0
03-16 10:56:37.580 797 6909 I thunderperf: CompatConfig.addOverrideUnsafe: aft-state=0
03-16 10:56:37.581 797 6909 I thunderperf: CompatConfig.addOverrideUnsafe: bef-state=0
03-16 10:56:37.581 797 6909 I thunderperf: CompatConfig.addOverrideUnsafe: aft-state=0
03-16 10:56:37.581 797 6909 I thunderperf: CompatConfig.addOverrideUnsafe: bef-state=0
03-16 10:56:37.582 797 6909 I thunderperf: CompatConfig.addOverrideUnsafe: aft-state=0
03-16 10:56:37.582 797 6909 I thunderperf: CompatConfig.addOverrideUnsafe: bef-state=0
03-16 10:56:37.582 797 6909 I thunderperf: CompatConfig.addOverrideUnsafe: aft-state=0
03-16 10:56:37.583 797 6909 I thunderperf: CompatConfig.addOverrideUnsafe: bef-state=0
03-16 10:56:37.583 797 6909 I thunderperf: CompatConfig.addOverrideUnsafe: aft-state=0
03-16 10:56:37.583 797 6909 I thunderperf: CompatConfig.addOverrideUnsafe: bef-state=0
03-16 10:56:37.583 797 6909 I thunderperf: CompatConfig.addOverrideUnsafe: aft-state=0
03-16 10:56:37.584 797 6909 I thunderperf: CompatConfig.addOverrideUnsafe: bef-state=0
03-16 10:56:37.584 797 6909 I thunderperf: CompatConfig.addOverrideUnsafe: aft-state=0
03-16 10:56:37.584 797 6909 I thunderperf: CompatConfig.addOverrideUnsafe: bef-state=0
03-16 10:56:37.584 797 6909 I thunderperf: CompatConfig.addOverrideUnsafe: aft-state=0
03-16 10:56:37.585 797 6909 I thunderperf: CompatConfig.addOverrideUnsafe: bef-state=0
03-16 10:56:37.585 797 6909 I thunderperf: CompatConfig.addOverrideUnsafe: aft-state=0
03-16 10:56:37.585 797 6909 I thunderperf: CompatConfig.addOverrideUnsafe: bef-state=0
03-16 10:56:37.585 797 6909 I thunderperf: CompatConfig.addOverrideUnsafe: aft-state=0
03-16 10:56:37.586 797 6909 I thunderperf: CompatConfig.addOverrideUnsafe: bef-state=0
03-16 10:56:37.586 797 6909 I thunderperf: CompatConfig.addOverrideUnsafe: aft-state=0
03-16 10:56:37.587 797 6909 I thunderperf: CompatConfig.addOverrideUnsafe: bef-state=0
03-16 10:56:37.587 797 6909 I thunderperf: CompatConfig.addOverrideUnsafe: aft-state=0
03-16 10:56:37.587 797 6909 I thunderperf: CompatConfig.addOverrideUnsafe: bef-state=0
03-16 10:56:37.587 797 6909 I thunderperf: CompatConfig.addOverrideUnsafe: aft-state=0
03-16 10:56:37.588 797 6909 I thunderperf: CompatConfig.addOverrideUnsafe: bef-state=0
03-16 10:56:37.588 797 6909 I thunderperf: CompatConfig.addOverrideUnsafe: aft-state=0
03-16 10:56:37.595 797 6909 I ActivityTaskManager: START u0 {act=android.intent.action.MAIN cat=[android.intent.category.LAUNCHER] flg=0x10200000 cmp=com.sohu.sohuvideo/.ui.homepage.MainActivity bnds=[1216,84][1492,358]} from uid 10074
03-16 10:56:37.602 797 6909 I wm_task_moved: [40,1,16]
03-16 10:56:37.602 797 6909 I wm_task_to_front: [0,40]
03-16 10:56:37.603 797 6909 I wm_focused_root_task: [0,0,40,1,bringingFoundTaskToFront]
03-16 10:56:37.604 797 6909 I wm_set_resumed_activity: [0,com.sohu.sohuvideo/.ui.homepage.MainActivity,bringingFoundTaskToFront]
03-16 10:56:37.608 797 6909 I wm_pause_activity: [0,28844568,com.android.launcher3/.uioverrides.QuickstepLauncher,userLeaving=true,pauseBackTasks]
03-16 10:56:37.608 2011 2236 D PhoneStartingWindowTypeAlgorithm: preferredStartingWindowType newTask:false taskSwitch:true processRunning:true allowTaskSnapshot:true activityCreated:true useEmptySplashScreen:false legacySplashScreen:false topIsHome:false
03-16 10:56:37.609 2011 2236 D PhoneStartingWindowTypeAlgorithm: isSnapshotCompatible rotation 0 snapshot 0
03-16 10:56:37.612 797 811 W FreeFormWindowHelper: Current Display FreeFormTask is null
03-16 10:56:37.613 2626 2626 I wm_on_top_resumed_lost_called: [28844568,com.android.launcher3.uioverrides.QuickstepLauncher,topStateChangedWhenResumed]
03-16 10:56:37.615 2626 2626 I wm_on_paused_called: [28844568,com.android.launcher3.uioverrides.QuickstepLauncher,performPause]
03-16 10:56:37.624 797 811 I ActivityTaskManager: FOREGROUND_APPLICATION_CHANGED to com.sohu.sohuvideo.ui.homepage.MainActivity
03-16 10:56:37.628 797 811 I wm_set_resumed_activity: [0,com.sohu.sohuvideo/.ui.homepage.MainActivity,resumeTopActivityInnerLocked]
03-16 10:56:37.628 797 811 I wm_add_to_stopping: [0,28844568,com.android.launcher3/.uioverrides.QuickstepLauncher,makeInvisible]
03-16 10:56:37.631 797 811 I service_manager_stats: [100,33,11951]
03-16 10:56:37.633 797 811 I wm_resume_activity: [0,16041582,40,com.sohu.sohuvideo/.ui.homepage.MainActivity]
03-16 10:56:37.653 797 1329 I input_focus: [Focus leaving efa3eda com.android.launcher3/com.android.launcher3.uioverrides.QuickstepLauncher (server),reason=NO_WINDOW]
03-16 10:56:37.654 797 817 I am_uid_active: 10094
03-16 10:56:37.661 797 817 I sysui_multi_action: [757,803,799,window_time_0,802,1]
03-16 10:56:37.661 5886 5886 I wm_on_restart_called: [16041582,com.sohu.sohuvideo.ui.homepage.MainActivity,performRestartActivity]
03-16 10:56:37.662 797 6909 E ClipboardService: Denying clipboard access to com.sohu.sohuvideo, application is not in focus nor is it a system service for user 0
03-16 10:56:37.663 5886 5886 I wm_on_start_called: [16041582,com.sohu.sohuvideo.ui.homepage.MainActivity,handleStartActivity]
03-16 10:56:37.668 797 6901 I thunderperf: PlatormCompat.setOverrides: Uid1=10094 Pid1=5886 Uid2=10094 Pid2=5886
03-16 10:56:37.668 797 6901 I thunderperf: PlatormCompat.setOverrides: needCheck:false
03-16 10:56:37.668 797 6901 I thunderperf: CompatConfig.addOverrideUnsafe: bef-state=0
03-16 10:56:37.668 797 6901 I thunderperf: CompatConfig.addOverrideUnsafe: aft-state=0
03-16 10:56:37.668 797 6901 W PackageManager: MATCH_ANY_USER flag requires INTERACT_ACROSS_USERS permission: UID 10094 requires android.permission.INTERACT_ACROSS_USERS_FULL or android.permission.INTERACT_ACROSS_USERS to access user 0.
03-16 10:56:37.669 797 6901 I ActivityTaskManager: START u0 {cmp=com.sohu.sohuvideo/.FirstNavigationActivityGroup (has extras)} from uid 10094
03-16 10:56:37.672 797 6901 I wm_task_moved: [40,1,16]
03-16 10:56:37.672 797 6901 I wm_set_resumed_activity: [0,com.sohu.sohuvideo/.ui.homepage.MainActivity,positionChildAt]
03-16 10:56:37.672 797 6901 I wm_create_activity: [0,11529246,40,com.sohu.sohuvideo/.FirstNavigationActivityGroup,NULL,NULL,NULL,0]
03-16 10:56:37.673 797 6901 I wm_pause_activity: [0,16041582,com.sohu.sohuvideo/.ui.homepage.MainActivity,userLeaving=true,resumeTopActivityInnerLocked]
03-16 10:56:37.676 5886 5886 I wm_on_resume_called: [16041582,com.sohu.sohuvideo.ui.homepage.MainActivity,RESUME_ACTIVITY]
03-16 10:56:37.678 5886 5886 I wm_on_top_resumed_gained_called: [16041582,com.sohu.sohuvideo.ui.homepage.MainActivity,topWhenResuming]
03-16 10:56:37.681 797 818 I input_focus: [Focus request 3e9cbf0 com.sohu.sohuvideo/com.sohu.sohuvideo.ui.homepage.MainActivity,reason=UpdateInputWindows]
03-16 10:56:37.685 5886 5886 I wm_on_top_resumed_lost_called: [16041582,com.sohu.sohuvideo.ui.homepage.MainActivity,topStateChangedWhenResumed]
03-16 10:56:37.689 5886 5886 I wm_on_paused_called: [16041582,com.sohu.sohuvideo.ui.homepage.MainActivity,performPause]
03-16 10:56:37.689 797 1514 I ActivityTaskManager: FOREGROUND_APPLICATION_CHANGED to com.sohu.sohuvideo.FirstNavigationActivityGroup
03-16 10:56:37.689 797 1514 I ActivityTaskManager: The Process com.sohu.sohuvideo Already Exists in BG. So sending its PID: 5886
