03-16 10:37:59.190 797 4608 I wm_task_moved: [1,0,0]
03-16 10:37:59.190 797 4608 I wm_task_moved: [1,0,11]
03-16 10:37:59.192 797 4443 W FreeFormWindowHelper: Current Display FreeFormTask is null
03-16 10:37:59.193 797 1672 W FreeFormWindowHelper: Current Display FreeFormTask is null
03-16 10:37:59.193 2626 2626 I wm_on_restart_called: [28844568,com.android.launcher3.uioverrides.QuickstepLauncher,performRestartActivity]
03-16 10:37:59.193 797 1672 W FreeFormWindowHelper: Current Display FreeFormTask is null
03-16 10:37:59.194 797 1672 W FreeFormWindowHelper: Current Display FreeFormTask is null
03-16 10:37:59.211 2626 2626 I wm_on_start_called: [28844568,com.android.launcher3.uioverrides.QuickstepLauncher,handleStartActivity]
03-16 10:37:59.215 797 1672 W FreeFormWindowHelper: Current Display FreeFormTask is null
03-16 10:37:59.215 797 1672 W FreeFormWindowHelper: Current Display FreeFormTask is null
03-16 10:37:59.220 797 814 I sysui_multi_action: [319,4,322,29,325,800,757,761,758,9,759,5,806,com.android.launcher3,871,com.android.launcher3.uioverrides.QuickstepLauncher,905,0,1320,4,1321,1]
03-16 10:37:59.228 797 1672 W FreeFormWindowHelper: Current Display FreeFormTask is null
03-16 10:37:59.228 797 1672 W FreeFormWindowHelper: Current Display FreeFormTask is null
03-16 10:37:59.254 4536 4536 I view_enqueue_input_event: [Motion - Cancel,com.microsoft.emmx/com.microsoft.edge.fre.MicrosoftFirstRunActivity]
03-16 10:37:59.255 797 814 D AutofillManagerService: Close system dialogs
03-16 10:37:59.255 2626 2626 I sysui_latency: [1,30]
03-16 10:37:59.256 797 4443 W FreeFormWindowHelper: Current Display FreeFormTask is null
03-16 10:37:59.256 797 818 I input_focus: [Focus request recents_animation_input_consumer,reason=UpdateInputWindows]
03-16 10:37:59.256 797 4443 W FreeFormWindowHelper: Current Display FreeFormTask is null
03-16 10:37:59.261 797 1672 W FreeFormWindowHelper: Current Display FreeFormTask is null
03-16 10:37:59.261 797 1672 W FreeFormWindowHelper: Current Display FreeFormTask is null
03-16 10:37:59.268 797 1329 I input_interaction: Interaction with: edge-swipe (server), swipe-up (server), PointerEventDispatcher0 (server),
03-16 10:37:59.279 797 4443 W FreeFormWindowHelper: Current Display FreeFormTask is null
03-16 10:37:59.279 797 4443 W FreeFormWindowHelper: Current Display FreeFormTask is null
03-16 10:37:59.279 797 1329 I input_focus: [Focus leaving d9ce408 com.microsoft.emmx/com.microsoft.edge.fre.MicrosoftFirstRunActivity (server),reason=NOT_FOCUSABLE]
03-16 10:37:59.279 797 1329 I input_focus: [Focus entering recents_animation_input_consumer (server),reason=setFocusedWindow]
03-16 10:37:59.411 797 1297 I commit_sys_config_file: [settings-1-0,1]
03-16 10:37:59.520 797 822 I sysui_latency: [8,33]
03-16 10:37:59.722 797 4443 W FreeFormWindowHelper: exitRecentTasks type=0
03-16 10:37:59.729 797 4443 W FreeFormWindowHelper: Current Display FreeFormTask is null
03-16 10:37:59.729 797 4443 W FreeFormWindowHelper: Current Display FreeFormTask is null
03-16 10:37:59.925 797 1297 I commit_sys_config_file: [settings-1-0,1]
03-16 10:38:00.391 797 1672 W FreeFormWindowHelper: Current Display FreeFormTask is null
03-16 10:38:00.392 797 1672 W FreeFormWindowHelper: Current Display FreeFormTask is null
03-16 10:38:00.397 797 1672 I wm_task_moved: [1,1,12]
03-16 10:38:00.399 797 1672 I wm_task_moved: [13,1,2147483647]
03-16 10:38:00.399 797 1672 I wm_task_to_front: [0,13]
03-16 10:38:00.400 797 1672 I wm_focused_root_task: [0,0,1,35,RecentsAnimation.onAnimationFinished()]
03-16 10:38:00.400 4536 4536 I wm_on_top_resumed_lost_called: [38057419,com.microsoft.edge.fre.MicrosoftFirstRunActivity,topStateChangedWhenResumed]
03-16 10:38:00.400 797 1672 I wm_set_resumed_activity: [0,com.android.launcher3/.uioverrides.QuickstepLauncher,RecentsAnimation.onAnimationFinished()]
03-16 10:38:00.401 797 1672 I wm_pause_activity: [0,38057419,com.microsoft.emmx/com.microsoft.edge.fre.MicrosoftFirstRunActivity,userLeaving=true,pauseBackTasks]
03-16 10:38:00.404 797 1672 I wm_add_to_stopping: [0,38057419,com.microsoft.emmx/com.microsoft.edge.fre.MicrosoftFirstRunActivity,makeInvisible]
03-16 10:38:00.404 797 1672 I ActivityTaskManager: FOREGROUND_APPLICATION_CHANGED to com.android.launcher3.uioverrides.QuickstepLauncher
03-16 10:38:00.405 797 1672 I wm_set_resumed_activity: [0,com.android.launcher3/.uioverrides.QuickstepLauncher,resumeTopActivityInnerLocked]
03-16 10:38:00.409 797 1672 I wm_resume_activity: [0,28844568,13,com.android.launcher3/.uioverrides.QuickstepLauncher]
03-16 10:38:00.410 2626 2626 I wm_on_resume_called: [28844568,com.android.launcher3.uioverrides.QuickstepLauncher,RESUME_ACTIVITY]
03-16 10:38:00.420 797 818 I input_focus: [Focus request efa3eda com.android.launcher3/com.android.launcher3.uioverrides.QuickstepLauncher,reason=UpdateInputWindows]
03-16 10:38:00.422 4536 4536 I wm_on_paused_called: [38057419,com.microsoft.edge.fre.MicrosoftFirstRunActivity,performPause]
03-16 10:38:00.423 797 4608 I wm_stop_activity: [0,38057419,com.microsoft.emmx/com.microsoft.edge.fre.MicrosoftFirstRunActivity]
03-16 10:38:00.423 2626 2626 I wm_on_top_resumed_gained_called: [28844568,com.android.launcher3.uioverrides.QuickstepLauncher,topStateChangedWhenResumed]
03-16 10:38:00.427 797 817 I sysui_multi_action: [757,803,799,window_time_0,802,2]
03-16 10:38:00.429 797 817 I sysui_multi_action: [757,803,799,window_time_0,802,0]
03-16 10:38:00.433 797 817 I ActivityManager: PendingStartActivityUids startActivity to updateOomAdj delay:1241ms, uid:10074
03-16 10:38:00.435 797 1329 I input_focus: [Focus leaving recents_animation_input_consumer (server),reason=NOT_VISIBLE]
03-16 10:38:00.435 797 1329 I input_focus: [Focus entering efa3eda com.android.launcher3/com.android.launcher3.uioverrides.QuickstepLauncher (server),reason=setFocusedWindow]
03-16 10:38:00.451 4536 4536 I wm_on_stop_called: [38057419,com.microsoft.edge.fre.MicrosoftFirstRunActivity,STOP_ACTIVITY_ITEM]
03-16 10:38:00.525 797 1672 W FreeFormWindowHelper: Current Display FreeFormTask is null
03-16 10:38:00.562 797 1329 I input_interaction: Interaction with: efa3eda com.android.launcher3/com.android.launcher3.uioverrides.QuickstepLauncher (server), eb1e2e4 com.android.systemui.ImageWallpaper (server), edge-swipe (server), swipe-up (server), PointerEventDispatcher0 (server),
03-16 10:38:00.676 797 1514 I thunderperf: PlatormCompat.setOverrides: Uid1=10074 Pid1=2626 Uid2=10074 Pid2=2626
03-16 10:38:00.676 797 1514 I thunderperf: PlatormCompat.setOverrides: needCheck:false
03-16 10:38:00.677 797 1514 I thunderperf: CompatConfig.addOverrideUnsafe: bef-state=0
03-16 10:38:00.677 797 1514 I thunderperf: CompatConfig.addOverrideUnsafe: aft-state=0
03-16 10:38:00.678 797 1514 I thunderperf: CompatConfig.addOverrideUnsafe: bef-state=0
03-16 10:38:00.678 797 1514 I thunderperf: CompatConfig.addOverrideUnsafe: aft-state=0
03-16 10:38:00.678 797 1514 I thunderperf: CompatConfig.addOverrideUnsafe: bef-state=0
03-16 10:38:00.678 797 1514 I thunderperf: CompatConfig.addOverrideUnsafe: aft-state=0
03-16 10:38:00.679 797 1514 I thunderperf: CompatConfig.addOverrideUnsafe: bef-state=0
03-16 10:38:00.679 797 1514 I thunderperf: CompatConfig.addOverrideUnsafe: aft-state=0
03-16 10:38:00.679 797 1514 I thunderperf: CompatConfig.addOverrideUnsafe: bef-state=0
03-16 10:38:00.679 797 1514 I thunderperf: CompatConfig.addOverrideUnsafe: aft-state=0
03-16 10:38:00.680 797 1514 I thunderperf: CompatConfig.addOverrideUnsafe: bef-state=0
03-16 10:38:00.680 797 1514 I thunderperf: CompatConfig.addOverrideUnsafe: aft-state=0
03-16 10:38:00.680 797 1514 I thunderperf: CompatConfig.addOverrideUnsafe: bef-state=0
03-16 10:38:00.680 797 1514 I thunderperf: CompatConfig.addOverrideUnsafe: aft-state=0
03-16 10:38:00.681 797 1514 I thunderperf: CompatConfig.addOverrideUnsafe: bef-state=0
03-16 10:38:00.681 797 1514 I thunderperf: CompatConfig.addOverrideUnsafe: aft-state=0
03-16 10:38:00.681 797 1514 I thunderperf: CompatConfig.addOverrideUnsafe: bef-state=0
03-16 10:38:00.681 797 1514 I thunderperf: CompatConfig.addOverrideUnsafe: aft-state=0
03-16 10:38:00.681 797 1514 I thunderperf: CompatConfig.addOverrideUnsafe: bef-state=0
03-16 10:38:00.682 797 1514 I thunderperf: CompatConfig.addOverrideUnsafe: aft-state=0
03-16 10:38:00.682 797 1514 I thunderperf: CompatConfig.addOverrideUnsafe: bef-state=0
03-16 10:38:00.682 797 1514 I thunderperf: CompatConfig.addOverrideUnsafe: aft-state=0
03-16 10:38:00.682 797 1514 I thunderperf: CompatConfig.addOverrideUnsafe: bef-state=0
03-16 10:38:00.682 797 1514 I thunderperf: CompatConfig.addOverrideUnsafe: aft-state=0
03-16 10:38:00.683 797 1514 I thunderperf: CompatConfig.addOverrideUnsafe: bef-state=0
03-16 10:38:00.683 797 1514 I thunderperf: CompatConfig.addOverrideUnsafe: aft-state=0
03-16 10:38:00.683 797 1514 I thunderperf: CompatConfig.addOverrideUnsafe: bef-state=0
03-16 10:38:00.683 797 1514 I thunderperf: CompatConfig.addOverrideUnsafe: aft-state=0
03-16 10:38:00.689 797 1514 I ActivityTaskManager: START u0 {act=android.intent.action.MAIN cat=[android.intent.category.LAUNCHER] flg=0x10200000 cmp=com.hht.lebocast/.GuidanceActivity bnds=[388,84][664,358]} from uid 10074
03-16 10:38:00.697 797 1514 I wm_task_created: [36,-1]
03-16 10:38:00.697 797 1514 W ActivityTaskManager: Can't find TaskDisplayArea to determine support for multi window. Task id=36 attached=false
03-16 10:38:00.699 797 1514 D CompatibilityChangeReporter: Compat change id reported: 174042980; UID 10082; state: DISABLED
03-16 10:38:00.699 797 1514 D CompatibilityChangeReporter: Compat change id reported: 184838306; UID 10082; state: DISABLED
03-16 10:38:00.699 797 1514 D CompatibilityChangeReporter: Compat change id reported: 185004937; UID 10082; state: DISABLED
03-16 10:38:00.699 797 1514 D CompatibilityChangeReporter: Compat change id reported: 181136395; UID 10082; state: DISABLED
03-16 10:38:00.699 797 1514 D CompatibilityChangeReporter: Compat change id reported: 174042936; UID 10082; state: DISABLED
03-16 10:38:00.700 797 1514 I wm_task_moved: [36,1,13]
03-16 10:38:00.700 797 1514 I wm_task_to_front: [0,36]
03-16 10:38:00.700 797 1514 I wm_create_task: [0,36]
03-16 10:38:00.700 797 1514 I wm_create_activity: [0,137775373,36,com.hht.lebocast/.GuidanceActivity,android.intent.action.MAIN,NULL,NULL,270532608]
03-16 10:38:00.700 797 1514 I wm_task_moved: [36,1,13]
03-16 10:38:00.701 2011 2236 D PhoneStartingWindowTypeAlgorithm: preferredStartingWindowType newTask:true taskSwitch:true processRunning:true allowTaskSnapshot:true activityCreated:false useEmptySplashScreen:false legacySplashScreen:false topIsHome:false
03-16 10:38:00.701 2011 2236 D StartingSurfaceDrawer: addSplashScreen com.hht.lebocast theme=7f0f01d2 task=36 suggestType=1
03-16 10:38:00.701 797 1514 I wm_pause_activity: [0,28844568,com.android.launcher3/.uioverrides.QuickstepLauncher,userLeaving=true,pauseBackTasks]
03-16 10:38:00.703 2011 2251 D StartingSurfaceDrawer: window attributes color: 0 icon null duration 0 brandImage null
03-16 10:38:00.703 797 1672 W FreeFormWindowHelper: Current Display FreeFormTask is null
03-16 10:38:00.703 2011 2251 D StartingSurfaceDrawer: The icon is not an AdaptiveIconDrawable
03-16 10:38:00.704 2626 2626 I wm_on_top_resumed_lost_called: [28844568,com.android.launcher3.uioverrides.QuickstepLauncher,topStateChangedWhenResumed]
03-16 10:38:00.704 2626 2626 I wm_on_paused_called: [28844568,com.android.launcher3.uioverrides.QuickstepLauncher,performPause]
03-16 10:38:00.705 797 1672 I ActivityTaskManager: FOREGROUND_APPLICATION_CHANGED to com.hht.lebocast.GuidanceActivity
03-16 10:38:00.705 797 1672 I ActivityTaskManager: The Process com.hht.lebocast Already Exists in BG. So sending its PID: 2869
03-16 10:38:00.705 2011 2251 D StartingSurfaceDrawer: fillViewWithIcon surfaceWindowView android.window.SplashScreenView{5e49474 V.E...... ......ID 0,0-0,0}
03-16 10:38:00.706 797 1672 I wm_add_to_stopping: [0,28844568,com.android.launcher3/.uioverrides.QuickstepLauncher,makeInvisible]
03-16 10:38:00.706 797 1672 I wm_restart_activity: [0,137775373,36,com.hht.lebocast/.GuidanceActivity]
03-16 10:38:00.707 797 1672 I wm_set_resumed_activity: [0,com.hht.lebocast/.GuidanceActivity,minimalResumeActivityLocked]
03-16 10:38:00.710 797 817 I sysui_multi_action: [757,803,799,window_time_0,802,1]
03-16 10:38:00.716 797 1329 I input_focus: [Focus leaving efa3eda com.android.launcher3/com.android.launcher3.uioverrides.QuickstepLauncher (server),reason=NO_WINDOW]
03-16 10:38:00.800 2869 2869 I wm_on_create_called: [137775373,com.hht.lebocast.GuidanceActivity,performCreate]
03-16 10:38:00.800 2869 2869 I wm_on_start_called: [137775373,com.hht.lebocast.GuidanceActivity,handleStartActivity]
03-16 10:38:00.801 2869 2869 I wm_on_resume_called: [137775373,com.hht.lebocast.GuidanceActivity,RESUME_ACTIVITY]
03-16 10:38:00.804 2869 2869 I wm_on_top_resumed_gained_called: [137775373,com.hht.lebocast.GuidanceActivity,topStateChangedWhenResumed]
03-16 10:38:00.811 797 4608 W FreeFormWindowHelper: Current Display FreeFormTask is null
03-16 10:38:00.819 797 818 I input_focus: [Focus request 61b273b com.hht.lebocast/com.hht.lebocast.GuidanceActivity,reason=UpdateInputWindows]
01-01 23:56:17.216 0 0 I binder : 2869:2869 ioctl 40046210 ff8138e0 returned -22
03-16 10:38:00.903 2011 2236 D StartingSurfaceDrawer: Task start finish, remove starting surface for task 36
03-16 10:38:00.903 2011 2236 V StartingSurfaceDrawer: Removing splash screen window for task: 36
03-16 10:38:00.903 797 1672 I wm_finish_activity: [0,38057419,35,com.microsoft.emmx/com.microsoft.edge.fre.MicrosoftFirstRunActivity,recent-task-trimmed]
03-16 10:38:00.904 797 1672 I wm_destroy_activity: [0,38057419,35,com.microsoft.emmx/com.microsoft.edge.fre.MicrosoftFirstRunActivity,finish-imm:finishIfPossible]
03-16 10:38:00.904 797 814 I sysui_multi_action: [319,38,321,36,322,213,325,802,757,761,758,8,759,1,806,com.hht.lebocast,871,com.hht.lebocast.GuidanceActivity,904,com.android.launcher3,905,0,1320,4,1321,2]
03-16 10:38:00.904 797 814 I wm_activity_launch_time: [0,137775373,com.hht.lebocast/.GuidanceActivity,213]
03-16 10:38:00.905 797 817 I sysui_multi_action: [757,803,799,window_time_0,802,0]
03-16 10:38:00.905 4536 4536 I wm_on_destroy_called: [38057419,com.microsoft.edge.fre.MicrosoftFirstRunActivity,performDestroy]
03-16 10:38:00.909 797 822 W UsageStatsService: Unexpected activity event reported! (com.microsoft.emmx/com.microsoft.edge.fre.MicrosoftFirstRunActivity event : 23 instanceId : 237484186)
03-16 10:38:00.909 797 1514 I wm_task_removed: [35,removeChild:removeChild last r=ActivityRecord{244b5cb u0 com.microsoft.emmx/com.microsoft.edge.fre.MicrosoftFirstRunActivity t-1 f}} in t=Task{7dcc4c1 #35 type=standard A=10031:com.microsoft.emmx U=0 visible=false mode=fullscreen translucent=true sz=0}]
03-16 10:38:00.909 797 1514 I wm_task_removed: [35,removeChild]
03-16 10:38:00.910 797 1672 W WindowManager: Failed looking up window session=Session{7bceb5b 4536:u0a10031} callers=com.android.server.wm.WindowManagerService.windowForClientLocked:5628 com.android.server.wm.WindowManagerService.removeWindow:2033 com.android.server.wm.Session.remove:218
03-16 10:38:00.911 797 818 W ActivityTaskManager: Can't find TaskDisplayArea to determine support for multi window. Task id=35 attached=false
03-16 10:38:00.911 797 818 W ActivityTaskManager: Can't find TaskDisplayArea to determine support for multi window. Task id=35 attached=false
03-16 10:38:00.917 797 1329 I input_focus: [Focus entering 61b273b com.hht.lebocast/com.hht.lebocast.GuidanceActivity (server),reason=Window became focusable. Previous reason: NOT_VISIBLE]
03-16 10:38:01.005 797 1514 W FreeFormWindowHelper: Current Display FreeFormTask is null
03-16 10:38:01.248 797 1329 I input_interaction: Interaction with: 61b273b com.hht.lebocast/com.hht.lebocast.GuidanceActivity (server), edge-swipe (server), swipe-up (server), PointerEventDispatcher0 (server),
03-16 10:38:01.251 797 817 I wm_stop_activity: [0,28844568,com.android.launcher3/.uioverrides.QuickstepLauncher]
03-16 10:38:01.269 2626 2626 I wm_on_stop_called: [28844568,com.android.launcher3.uioverrides.QuickstepLauncher,STOP_ACTIVITY_ITEM]
03-16 10:38:01.346 797 4608 W FreeFormWindowHelper: Current Display FreeFormTask is null
03-16 10:38:01.346 797 4608 W FreeFormWindowHelper: Current Display FreeFormTask is null
03-16 10:38:01.347 797 1514 W FreeFormWindowHelper: Current Display FreeFormTask is null
03-16 10:38:01.347 797 4608 I wm_task_moved: [1,0,0]
03-16 10:38:01.348 797 4608 I wm_task_moved: [1,0,11]
03-16 10:38:01.348 797 1514 W FreeFormWindowHelper: Current Display FreeFormTask is null
03-16 10:38:01.366 2626 2626 I wm_on_restart_called: [28844568,com.android.launcher3.uioverrides.QuickstepLauncher,performRestartActivity]
03-16 10:38:01.367 797 1514 W FreeFormWindowHelper: Current Display FreeFormTask is null
03-16 10:38:01.367 797 1672 W FreeFormWindowHelper: Current Display FreeFormTask is null
03-16 10:38:01.385 2626 2626 I wm_on_start_called: [28844568,com.android.launcher3.uioverrides.QuickstepLauncher,handleStartActivity]
03-16 10:38:01.389 797 1672 W FreeFormWindowHelper: Current Display FreeFormTask is null
03-16 10:38:01.389 797 1672 W FreeFormWindowHelper: Current Display FreeFormTask is null
03-16 10:38:01.394 797 814 I sysui_multi_action: [319,3,322,45,325,802,757,761,758,9,759,5,806,com.android.launcher3,871,com.android.launcher3.uioverrides.QuickstepLauncher,905,0,1320,4,1321,1]
03-16 10:38:01.399 2869 2869 I view_enqueue_input_event: [Motion - Cancel,com.hht.lebocast/com.hht.lebocast.GuidanceActivity]
03-16 10:38:01.400 2626 2626 I sysui_latency: [1,46]
03-16 10:38:01.401 797 4608 W FreeFormWindowHelper: Current Display FreeFormTask is null
03-16 10:38:01.401 797 4608 W FreeFormWindowHelper: Current Display FreeFormTask is null
03-16 10:38:01.402 797 818 I input_focus: [Focus request recents_animation_input_consumer,reason=UpdateInputWindows]
03-16 10:38:01.402 797 814 D AutofillManagerService: Close system dialogs
03-16 10:38:01.403 797 1672 W FreeFormWindowHelper: Current Display FreeFormTask is null
03-16 10:38:01.403 797 1514 W FreeFormWindowHelper: Current Display FreeFormTask is null
03-16 10:38:01.412 797 1329 I input_interaction: Interaction with: edge-swipe (server), swipe-up (server), PointerEventDispatcher0 (server),
03-16 10:38:01.416 797 1672 W FreeFormWindowHelper: Current Display FreeFormTask is null
03-16 10:38:01.416 797 1672 W FreeFormWindowHelper: Current Display FreeFormTask is null
03-16 10:38:01.434 797 1672 W FreeFormWindowHelper: Current Display FreeFormTask is null
03-16 10:38:01.434 797 1672 W FreeFormWindowHelper: Current Display FreeFormTask is null
03-16 10:38:01.434 797 1329 I input_focus: [Focus leaving 61b273b com.hht.lebocast/com.hht.lebocast.GuidanceActivity (server),reason=NOT_FOCUSABLE]
03-16 10:38:01.434 797 1329 I input_focus: [Focus entering recents_animation_input_consumer (server),reason=setFocusedWindow]
03-16 10:38:01.565 797 4608 I wm_task_moved: [1,0,11]
03-16 10:38:01.565 797 4608 I wm_add_to_stopping: [0,28844568,com.android.launcher3/.uioverrides.QuickstepLauncher,makeInvisible]
03-16 10:38:01.568 797 817 I wm_stop_activity: [0,28844568,com.android.launcher3/.uioverrides.QuickstepLauncher]
03-16 10:38:01.568 797 818 I input_focus: [Focus request 61b273b com.hht.lebocast/com.hht.lebocast.GuidanceActivity,reason=UpdateInputWindows]
03-16 10:38:01.570 797 4608 W FreeFormWindowHelper: Current Display FreeFormTask is null
03-16 10:38:01.570 797 4608 W FreeFormWindowHelper: Current Display FreeFormTask is null
03-16 10:38:01.578 797 4608 W FreeFormWindowHelper: exitRecentTasks type=0
03-16 10:38:01.580 2626 2626 I wm_on_stop_called: [28844568,com.android.launcher3.uioverrides.QuickstepLauncher,STOP_ACTIVITY_ITEM]
03-16 10:38:01.585 797 1329 I input_focus: [Focus leaving recents_animation_input_consumer (server),reason=NOT_VISIBLE]
03-16 10:38:01.585 797 1329 I input_focus: [Focus entering 61b273b com.hht.lebocast/com.hht.lebocast.GuidanceActivity (server),reason=setFocusedWindow]
03-16 10:38:01.585 797 822 W UsageStatsService: Unexpected activity event reported! (com.android.launcher3/com.android.launcher3.uioverrides.QuickstepLauncher event : 23 instanceId : 55927770)
03-16 10:38:01.585 797 1297 I commit_sys_config_file: [settings-1-0,2]
03-16 10:38:02.169 797 1329 I input_interaction: Interaction with: 61b273b com.hht.lebocast/com.hht.lebocast.GuidanceActivity (server), edge-swipe (server), swipe-up (server), PointerEventDispatcher0 (server),
03-16 10:38:02.240 797 1150 W FreeFormWindowHelper: Current Display FreeFormTask is null
03-16 10:38:02.240 797 1672 I wm_task_moved: [1,0,0]
03-16 10:38:02.240 797 1672 I wm_task_moved: [1,0,11]
03-16 10:38:02.240 797 1150 W FreeFormWindowHelper: Current Display FreeFormTask is null
03-16 10:38:02.249 2626 2626 I wm_on_restart_called: [28844568,com.android.launcher3.uioverrides.QuickstepLauncher,performRestartActivity]
03-16 10:38:02.250 797 1150 W FreeFormWindowHelper: Current Display FreeFormTask is null
03-16 10:38:02.250 797 1672 W FreeFormWindowHelper: Current Display FreeFormTask is null
03-16 10:38:02.258 2626 2626 I wm_on_start_called: [28844568,com.android.launcher3.uioverrides.QuickstepLauncher,handleStartActivity]
03-16 10:38:02.271 797 1672 W FreeFormWindowHelper: Current Display FreeFormTask is null
03-16 10:38:02.271 797 1672 W FreeFormWindowHelper: Current Display FreeFormTask is null
03-16 10:38:02.275 797 814 I sysui_multi_action: [319,3,322,34,325,803,757,761,758,9,759,5,806,com.android.launcher3,871,com.android.launcher3.uioverrides.QuickstepLauncher,905,0,1320,4,1321,1]
03-16 10:38:02.285 797 1150 W FreeFormWindowHelper: Current Display FreeFormTask is null
03-16 10:38:02.285 797 1150 W FreeFormWindowHelper: Current Display FreeFormTask is null
03-16 10:38:02.309 797 2870 E TaskPersister: File error accessing recents directory (directory doesn't exist?).
03-16 10:38:02.334 2869 2869 I view_enqueue_input_event: [Motion - Cancel,com.hht.lebocast/com.hht.lebocast.GuidanceActivity]
03-16 10:38:02.334 797 814 D AutofillManagerService: Close system dialogs
03-16 10:38:02.334 2626 2626 I sysui_latency: [1,35]
03-16 10:38:02.335 797 1672 W FreeFormWindowHelper: Current Display FreeFormTask is null
03-16 10:38:02.335 797 818 I input_focus: [Focus request recents_animation_input_consumer,reason=UpdateInputWindows]
03-16 10:38:02.336 797 1150 W FreeFormWindowHelper: Current Display FreeFormTask is null
03-16 10:38:02.336 797 4608 W FreeFormWindowHelper: Current Display FreeFormTask is null
03-16 10:38:02.336 797 1150 W FreeFormWindowHelper: Current Display FreeFormTask is null
03-16 10:38:02.347 797 1329 I input_interaction: Interaction with: edge-swipe (server), swipe-up (server), PointerEventDispatcher0 (server),
03-16 10:38:02.352 797 1150 W FreeFormWindowHelper: Current Display FreeFormTask is null
03-16 10:38:02.352 797 1150 W FreeFormWindowHelper: Current Display FreeFormTask is null
03-16 10:38:02.369 797 1329 I input_focus: [Focus leaving 61b273b com.hht.lebocast/com.hht.lebocast.GuidanceActivity (server),reason=NOT_FOCUSABLE]
03-16 10:38:02.369 797 1329 I input_focus: [Focus entering recents_animation_input_consumer (server),reason=setFocusedWindow]
03-16 10:38:02.458 797 1297 I commit_sys_config_file: [settings-1-0,1]
03-16 10:38:02.576 797 822 I sysui_latency: [8,36]
03-16 10:38:02.949 797 4608 I wm_task_moved: [1,0,11]
03-16 10:38:02.950 797 4608 I wm_add_to_stopping: [0,28844568,com.android.launcher3/.uioverrides.QuickstepLauncher,makeInvisible]
03-16 10:38:02.957 797 818 I input_focus: [Focus request 61b273b com.hht.lebocast/com.hht.lebocast.GuidanceActivity,reason=UpdateInputWindows]
03-16 10:38:02.957 797 817 I wm_stop_activity: [0,28844568,com.android.launcher3/.uioverrides.QuickstepLauncher]
03-16 10:38:02.964 797 4608 W FreeFormWindowHelper: Current Display FreeFormTask is null
03-16 10:38:02.964 797 4608 W FreeFormWindowHelper: Current Display FreeFormTask is null
03-16 10:38:02.972 797 1329 I input_focus: [Focus leaving recents_animation_input_consumer (server),reason=NOT_VISIBLE]
03-16 10:38:02.972 797 1329 I input_focus: [Focus entering 61b273b com.hht.lebocast/com.hht.lebocast.GuidanceActivity (server),reason=setFocusedWindow]
03-16 10:38:02.977 797 4608 W FreeFormWindowHelper: exitRecentTasks type=0
03-16 10:38:02.981 2626 2626 I wm_on_stop_called: [28844568,com.android.launcher3.uioverrides.QuickstepLauncher,STOP_ACTIVITY_ITEM]
03-16 10:38:02.982 797 822 W UsageStatsService: Unexpected activity event reported! (com.android.launcher3/com.android.launcher3.uioverrides.QuickstepLauncher event : 23 instanceId : 55927770)
01-01 23:56:19.436 0 0 E DTC_ETH,link_delay_work_func: 3003, SQI=0, link=0
03-16 10:38:03.185 797 1297 I commit_sys_config_file: [settings-1-0,5]
03-16 10:38:03.187 797 1329 I input_interaction: Interaction with: 61b273b com.hht.lebocast/com.hht.lebocast.GuidanceActivity (server), edge-swipe (server), swipe-up (server), PointerEventDispatcher0 (server),
03-16 10:38:03.254 797 1150 I wm_task_moved: [1,0,0]
03-16 10:38:03.255 797 1150 I wm_task_moved: [1,0,11]
03-16 10:38:03.257 797 1672 W FreeFormWindowHelper: Current Display FreeFormTask is null
03-16 10:38:03.260 797 1672 W FreeFormWindowHelper: Current Display FreeFormTask is null
03-16 10:38:03.265 2626 2626 I wm_on_restart_called: [28844568,com.android.launcher3.uioverrides.QuickstepLauncher,performRestartActivity]
03-16 10:38:03.266 797 1672 W FreeFormWindowHelper: Current Display FreeFormTask is null
03-16 10:38:03.267 797 1672 W FreeFormWindowHelper: Current Display FreeFormTask is null
03-16 10:38:03.296 2626 2626 I wm_on_start_called: [28844568,com.android.launcher3.uioverrides.QuickstepLauncher,handleStartActivity]
03-16 10:38:03.303 797 4608 W FreeFormWindowHelper: Current Display FreeFormTask is null
03-16 10:38:03.303 797 4608 W FreeFormWindowHelper: Current Display FreeFormTask is null
03-16 10:38:03.312 797 1672 W FreeFormWindowHelper: Current Display FreeFormTask is null
03-16 10:38:03.312 797 1672 W FreeFormWindowHelper: Current Display FreeFormTask is null
03-16 10:38:03.319 797 814 I sysui_multi_action: [319,16,322,59,325,804,757,761,758,9,759,5,806,com.android.launcher3,871,com.android.launcher3.uioverrides.QuickstepLauncher,905,0,1320,4,1321,1]
03-16 10:38:03.338 2869 2869 I view_enqueue_input_event: [Motion - Cancel,com.hht.lebocast/com.hht.lebocast.GuidanceActivity]
03-16 10:38:03.339 2626 2626 I sysui_latency: [1,63]
03-16 10:38:03.339 797 814 D AutofillManagerService: Close system dialogs
03-16 10:38:03.340 797 4608 W FreeFormWindowHelper: Current Display FreeFormTask is null
03-16 10:38:03.340 797 818 I input_focus: [Focus request recents_animation_input_consumer,reason=UpdateInputWindows]
03-16 10:38:03.341 797 1672 W FreeFormWindowHelper: Current Display FreeFormTask is null
03-16 10:38:03.342 797 1514 W FreeFormWindowHelper: Current Display FreeFormTask is null
03-16 10:38:03.342 797 1514 W FreeFormWindowHelper: Current Display FreeFormTask is null
03-16 10:38:03.351 797 1329 I input_interaction: Interaction with: edge-swipe (server), swipe-up (server), PointerEventDispatcher0 (server),
03-16 10:38:03.355 797 1672 W FreeFormWindowHelper: Current Display FreeFormTask is null
03-16 10:38:03.355 797 1672 W FreeFormWindowHelper: Current Display FreeFormTask is null
03-16 10:38:03.372 797 1329 I input_focus: [Focus leaving 61b273b com.hht.lebocast/com.hht.lebocast.GuidanceActivity (server),reason=NOT_FOCUSABLE]
03-16 10:38:03.372 797 1329 I input_focus: [Focus entering recents_animation_input_consumer (server),reason=setFocusedWindow]
03-16 10:38:03.498 797 1297 I commit_sys_config_file: [settings-1-0,5]
03-16 10:38:03.615 797 822 I sysui_latency: [8,69]
03-16 10:38:03.756 797 1672 W FreeFormWindowHelper: exitRecentTasks type=0
03-16 10:38:03.766 797 1672 W FreeFormWindowHelper: Current Display FreeFormTask is null
03-16 10:38:03.766 797 1672 W FreeFormWindowHelper: Current Display FreeFormTask is null
03-16 10:38:03.967 797 1297 I commit_sys_config_file: [settings-1-0,7]
03-16 10:38:04.328 797 822 I ActivityManager: PendingStartActivityUids startActivity to updateOomAdj delay:1064ms, uid:10074
03-16 10:38:04.396 797 1514 W FreeFormWindowHelper: Current Display FreeFormTask is null
03-16 10:38:04.397 797 1150 W FreeFormWindowHelper: Current Display FreeFormTask is null
03-16 10:38:04.409 797 1150 I wm_task_moved: [1,1,12]
03-16 10:38:04.411 797 1150 I wm_task_moved: [13,1,2147483647]
03-16 10:38:04.411 797 1150 I wm_task_to_front: [0,13]
03-16 10:38:04.411 797 1150 I wm_focused_root_task: [0,0,1,36,RecentsAnimation.onAnimationFinished()]
03-16 10:38:04.411 2869 2869 I wm_on_top_resumed_lost_called: [137775373,com.hht.lebocast.GuidanceActivity,topStateChangedWhenResumed]
03-16 10:38:04.412 797 1150 I wm_set_resumed_activity: [0,com.android.launcher3/.uioverrides.QuickstepLauncher,RecentsAnimation.onAnimationFinished()]
03-16 10:38:04.413 797 1150 I wm_pause_activity: [0,137775373,com.hht.lebocast/.GuidanceActivity,userLeaving=true,pauseBackTasks]
03-16 10:38:04.414 797 1150 I wm_add_to_stopping: [0,137775373,com.hht.lebocast/.GuidanceActivity,makeInvisible]
03-16 10:38:04.414 797 1150 I ActivityTaskManager: FOREGROUND_APPLICATION_CHANGED to com.android.launcher3.uioverrides.QuickstepLauncher
03-16 10:38:04.414 797 1150 I wm_set_resumed_activity: [0,com.android.launcher3/.uioverrides.QuickstepLauncher,resumeTopActivityInnerLocked]
03-16 10:38:04.417 797 1150 I wm_resume_activity: [0,28844568,13,com.android.launcher3/.uioverrides.QuickstepLauncher]
03-16 10:38:04.419 2626 2626 I wm_on_resume_called: [28844568,com.android.launcher3.uioverrides.QuickstepLauncher,RESUME_ACTIVITY]
03-16 10:38:04.425 797 818 I input_focus: [Focus request efa3eda com.android.launcher3/com.android.launcher3.uioverrides.QuickstepLauncher,reason=UpdateInputWindows]
03-16 10:38:04.426 2626 2626 I wm_on_top_resumed_gained_called: [28844568,com.android.launcher3.uioverrides.QuickstepLauncher,topStateChangedWhenResumed]
03-16 10:38:04.427 2869 2869 I wm_on_paused_called: [137775373,com.hht.lebocast.GuidanceActivity,performPause]
03-16 10:38:04.432 797 1514 I wm_stop_activity: [0,137775373,com.hht.lebocast/.GuidanceActivity]
03-16 10:38:04.439 797 817 I sysui_multi_action: [757,803,799,window_time_0,802,3]
03-16 10:38:04.441 797 817 I sysui_multi_action: [757,803,799,window_time_0,802,0]
03-16 10:38:04.443 797 1329 I input_focus: [Focus leaving recents_animation_input_consumer (server),reason=NOT_VISIBLE]
03-16 10:38:04.443 797 1329 I input_focus: [Focus entering efa3eda com.android.launcher3/com.android.launcher3.uioverrides.QuickstepLauncher (server),reason=setFocusedWindow]
03-16 10:38:04.451 2869 2869 I wm_on_stop_called: [137775373,com.hht.lebocast.GuidanceActivity,STOP_ACTIVITY_ITEM]
03-16 10:38:04.475 797 1329 I input_interaction: Interaction with: efa3eda com.android.launcher3/com.android.launcher3.uioverrides.QuickstepLauncher (server), eb1e2e4 com.android.systemui.ImageWallpaper (server), edge-swipe (server), swipe-up (server), PointerEventDispatcher0 (server),
03-16 10:38:04.526 797 1672 W FreeFormWindowHelper: Current Display FreeFormTask is null
03-16 10:38:04.580 797 1150 I thunderperf: PlatormCompat.setOverrides: Uid1=10074 Pid1=2626 Uid2=10074 Pid2=2626
03-16 10:38:04.580 797 1150 I thunderperf: PlatormCompat.setOverrides: needCheck:false
03-16 10:38:04.580 797 1150 I thunderperf: CompatConfig.addOverrideUnsafe: bef-state=0
03-16 10:38:04.580 797 1150 I thunderperf: CompatConfig.addOverrideUnsafe: aft-state=0
03-16 10:38:04.581 797 1150 I thunderperf: CompatConfig.addOverrideUnsafe: bef-state=0
03-16 10:38:04.581 797 1150 I thunderperf: CompatConfig.addOverrideUnsafe: aft-state=0
03-16 10:38:04.582 797 1150 I thunderperf: CompatConfig.addOverrideUnsafe: bef-state=0
03-16 10:38:04.582 797 1150 I thunderperf: CompatConfig.addOverrideUnsafe: aft-state=0
03-16 10:38:04.582 797 1150 I thunderperf: CompatConfig.addOverrideUnsafe: bef-state=0
03-16 10:38:04.582 797 1150 I thunderperf: CompatConfig.addOverrideUnsafe: aft-state=0
03-16 10:38:04.583 797 1150 I thunderperf: CompatConfig.addOverrideUnsafe: bef-state=0
03-16 10:38:04.583 797 1150 I thunderperf: CompatConfig.addOverrideUnsafe: aft-state=0
03-16 10:38:04.583 797 1150 I thunderperf: CompatConfig.addOverrideUnsafe: bef-state=0
03-16 10:38:04.583 797 1150 I thunderperf: CompatConfig.addOverrideUnsafe: aft-state=0
03-16 10:38:04.584 797 1150 I thunderperf: CompatConfig.addOverrideUnsafe: bef-state=0
03-16 10:38:04.584 797 1150 I thunderperf: CompatConfig.addOverrideUnsafe: aft-state=0
03-16 10:38:04.584 797 1150 I thunderperf: CompatConfig.addOverrideUnsafe: bef-state=0
03-16 10:38:04.584 797 1150 I thunderperf: CompatConfig.addOverrideUnsafe: aft-state=0
03-16 10:38:04.585 797 1150 I thunderperf: CompatConfig.addOverrideUnsafe: bef-state=0
03-16 10:38:04.585 797 1150 I thunderperf: CompatConfig.addOverrideUnsafe: aft-state=0
03-16 10:38:04.585 797 1150 I thunderperf: CompatConfig.addOverrideUnsafe: bef-state=0
03-16 10:38:04.585 797 1150 I thunderperf: CompatConfig.addOverrideUnsafe: aft-state=0
03-16 10:38:04.586 797 1150 I thunderperf: CompatConfig.addOverrideUnsafe: bef-state=0
03-16 10:38:04.586 797 1150 I thunderperf: CompatConfig.addOverrideUnsafe: aft-state=0
03-16 10:38:04.586 797 1150 I thunderperf: CompatConfig.addOverrideUnsafe: bef-state=0
03-16 10:38:04.586 797 1150 I thunderperf: CompatConfig.addOverrideUnsafe: aft-state=0
03-16 10:38:04.587 797 1150 I thunderperf: CompatConfig.addOverrideUnsafe: bef-state=0
03-16 10:38:04.587 797 1150 I thunderperf: CompatConfig.addOverrideUnsafe: aft-state=0
03-16 10:38:04.587 797 1150 I thunderperf: CompatConfig.addOverrideUnsafe: bef-state=0
03-16 10:38:04.587 797 1150 I thunderperf: CompatConfig.addOverrideUnsafe: aft-state=0
03-16 10:38:04.594 797 1150 I ActivityTaskManager: START u0 {act=android.intent.action.MAIN cat=[android.intent.category.LAUNCHER] flg=0x10200000 cmp=com.sohu.inputmethod.sogou.car/.settingsui.SogouSettingsActivity bnds=[664,84][940,358]} from uid 10074
03-16 10:38:04.599 797 1150 I wm_task_created: [37,-1]
03-16 10:38:04.599 797 1150 W ActivityTaskManager: Can't find TaskDisplayArea to determine support for multi window. Task id=37 attached=false
03-16 10:38:04.601 797 1150 D CompatibilityChangeReporter: Compat change id reported: 174042980; UID 10023; state: DISABLED
03-16 10:38:04.601 797 1150 D CompatibilityChangeReporter: Compat change id reported: 184838306; UID 10023; state: DISABLED
03-16 10:38:04.601 797 1150 D CompatibilityChangeReporter: Compat change id reported: 185004937; UID 10023; state: DISABLED
03-16 10:38:04.601 797 1150 D CompatibilityChangeReporter: Compat change id reported: 181136395; UID 10023; state: DISABLED
03-16 10:38:04.601 797 1150 D CompatibilityChangeReporter: Compat change id reported: 174042936; UID 10023; state: DISABLED
03-16 10:38:04.602 797 1150 I wm_task_moved: [37,1,13]
03-16 10:38:04.602 797 1150 I wm_task_to_front: [0,37]
03-16 10:38:04.602 797 1150 I wm_create_task: [0,37]
03-16 10:38:04.602 797 1150 I wm_create_activity: [0,178506898,37,com.sohu.inputmethod.sogou.car/.settingsui.SogouSettingsActivity,android.intent.action.MAIN,NULL,NULL,278921216]
03-16 10:38:04.602 797 1150 I wm_task_moved: [37,1,13]
03-16 10:38:04.603 797 1150 I service_manager_stats: [100,30,11299]
03-16 10:38:04.603 797 1150 D CompatibilityChangeReporter: Compat change id reported: 168419799; UID 10023; state: DISABLED
03-16 10:38:04.603 797 1150 V SplashScreenExceptionList: SplashScreen checking exception for package com.sohu.inputmethod.sogou.car (target sdk:21) -> false
03-16 10:38:04.603 2011 2236 D PhoneStartingWindowTypeAlgorithm: preferredStartingWindowType newTask:true taskSwitch:true processRunning:false allowTaskSnapshot:true activityCreated:false useEmptySplashScreen:false legacySplashScreen:false topIsHome:false
03-16 10:38:04.603 797 1150 I wm_pause_activity: [0,28844568,com.android.launcher3/.uioverrides.QuickstepLauncher,userLeaving=true,pauseBackTasks]
03-16 10:38:04.603 2011 2236 D StartingSurfaceDrawer: addSplashScreen com.sohu.inputmethod.sogou.car theme=10302e3 task=37 suggestType=1
03-16 10:38:04.604 2011 2236 D StartingSurfaceDrawer: addSplashScreen: creating context based on task Configuration {1.0 ?mcc?mnc [zh_CN] ldltr sw680dp w1182dp h612dp 240dpi lrg long hdr land finger -keyb/v/h -nav/h winConfig={ mBounds=Rect(303, 0 - 2077, 1020) mAppBounds=Rect(303, 0 - 2077, 954) mMaxBounds=Rect(0, 0 - 2380, 1020) mWindowingMode=fullscreen mDisplayWindowingMode=fullscreen mActivityType=standard mAlwaysOnTop=undefined mRotation=ROTATION_0} s.1 fontWeightAdjustment=0} for splash screen
03-16 10:38:04.605 2011 2236 D StartingSurfaceDrawer: addSplashScreen: apply overrideConfig{1.0 ?mcc?mnc [zh_CN] ldltr sw680dp w1182dp h612dp 240dpi lrg long hdr land finger -keyb/v/h -nav/h winConfig={ mBounds=Rect(303, 0 - 2077, 1020) mAppBounds=Rect(303, 0 - 2077, 954) mMaxBounds=Rect(0, 0 - 2380, 1020) mWindowingMode=fullscreen mDisplayWindowingMode=fullscreen mActivityType=standard mAlwaysOnTop=undefined mRotation=ROTATION_0} s.1 fontWeightAdjustment=0} to starting window resId=17170463
03-16 10:38:04.605 2011 2251 D StartingSurfaceDrawer: window attributes color: 0 icon null duration 0 brandImage null
03-16 10:38:04.605 797 1514 W FreeFormWindowHelper: Current Display FreeFormTask is null
03-16 10:38:04.605 2011 2251 D StartingSurfaceDrawer: The icon is not an AdaptiveIconDrawable
03-16 10:38:04.606 2626 2626 I wm_on_top_resumed_lost_called: [28844568,com.android.launcher3.uioverrides.QuickstepLauncher,topStateChangedWhenResumed]
03-16 10:38:04.606 2626 2626 I wm_on_paused_called: [28844568,com.android.launcher3.uioverrides.QuickstepLauncher,performPause]
03-16 10:38:04.607 2011 2251 D StartingSurfaceDrawer: fillViewWithIcon surfaceWindowView android.window.SplashScreenView{89ca510 V.E...... ......ID 0,0-0,0}
03-16 10:38:04.607 797 1150 I ActivityTaskManager: FOREGROUND_APPLICATION_CHANGED to com.sohu.inputmethod.sogou.car.settingsui.SogouSettingsActivity
03-16 10:38:04.608 797 1150 I wm_add_to_stopping: [0,28844568,com.android.launcher3/.uioverrides.QuickstepLauncher,makeInvisible]
03-16 10:38:04.610 797 817 I am_uid_running: 10023
03-16 10:38:04.611 797 817 D CompatibilityChangeReporter: Compat change id reported: 135634846; UID 10023; state: DISABLED
03-16 10:38:04.611 797 831 D CompatibilityChangeReporter: Compat change id reported: 143937733; UID 10023; state: DISABLED
03-16 10:38:04.611 797 817 I sysui_multi_action: [757,803,799,window_time_0,802,1]
03-16 10:38:04.614 797 831 I am_proc_start: [0,5583,10023,com.sohu.inputmethod.sogou.car,pre-top-activity,{com.sohu.inputmethod.sogou.car/com.sohu.inputmethod.sogou.car.settingsui.SogouSettingsActivity}]
03-16 10:38:04.614 797 831 I ActivityManager: Start proc 5583:com.sohu.inputmethod.sogou.car/u0a23 for pre-top-activity {com.sohu.inputmethod.sogou.car/com.sohu.inputmethod.sogou.car.settingsui.SogouSettingsActivity}
03-16 10:38:04.614 797 5584 W ContextImpl: Calling a method in the system process without a qualified user: android.app.ContextImpl.sendBroadcast:1173 com.qualcomm.qti.Performance$SendGameLaunchBroadcast.run:217 java.lang.Thread.run:920
01-01 23:56:21.015 0 0 W perfetto: enabled ftrace
03-16 10:38:04.615 5583 5583 I auditd : type=1400 audit(0.0:3327): avc: denied { connectto } for comm=4144422D4A44575020436F6E6E6563 path=006A6477702D636F6E74726F6C scontext=u:r:priv_app:s0:c512,c768 tcontext=u:r:su:s0 tclass=unix_stream_socket permissive=1 app=com.sohu.inputmethod.sogou.car
03-16 10:38:04.623 797 1150 I am_proc_bound: [0,5583,com.sohu.inputmethod.sogou.car]
01-01 23:56:21.016 0 0 I binder : 5583:5583 ioctl 40046210 ff813ff8 returned -22
03-16 10:38:04.625 797 1329 I input_focus: [Focus leaving efa3eda com.android.launcher3/com.android.launcher3.uioverrides.QuickstepLauncher (server),reason=NO_WINDOW]
03-16 10:38:04.623 1416 1416 I auditd : type=1400 audit(0.0:3328): avc: denied { call } for comm="OMXCallbackDisp" scontext=u:r:mediacodec:s0 tcontext=u:r:su:s0 tclass=binder permissive=1
03-16 10:38:04.623 4218 4218 I auditd : type=1400 audit(0.0:3329): avc: denied { call } for comm="CodecLooper" scontext=u:r:su:s0 tcontext=u:r:mediacodec:s0 tclass=binder permissive=1
03-16 10:38:04.627 797 1150 I wm_restart_activity: [0,178506898,37,com.sohu.inputmethod.sogou.car/.settingsui.SogouSettingsActivity]
03-16 10:38:04.628 797 1150 I wm_set_resumed_activity: [0,com.sohu.inputmethod.sogou.car/.settingsui.SogouSettingsActivity,minimalResumeActivityLocked]
03-16 10:38:04.628 797 817 I am_uid_active: 10023
03-16 10:38:04.640 5583 5583 E SystemConfig: SystemConfig is being accessed by a process other than system_server.
03-16 10:38:04.640 797 830 I am_wtf : [0,5583,com.sohu.inputmethod.sogou.car,948485701,SystemConfig,SystemConfig is being accessed by a process other than system_server.]
03-16 10:38:04.641 5583 5583 I SystemConfig: Reading permissions from /system/etc/sysconfig/framework-sysconfig.xml
03-16 10:38:04.639 5583 5583 I auditd : type=1400 audit(0.0:3330): avc: denied { read } for comm="ethod.sogou.car" name="filesystems" dev="proc" ino=4026532295 scontext=u:r:priv_app:s0:c512,c768 tcontext=u:object_r:proc_filesystems:s0 tclass=file permissive=1 app=com.sohu.inputmethod.sogou.car
03-16 10:38:04.639 5583 5583 I auditd : type=1400 audit(0.0:3331): avc: denied { open } for comm="ethod.sogou.car" path="/proc/filesystems" dev="proc" ino=4026532295 scontext=u:r:priv_app:s0:c512,c768 tcontext=u:object_r:proc_filesystems:s0 tclass=file permissive=1 app=com.sohu.inputmethod.sogou.car
03-16 10:38:04.639 5583 5583 I auditd : type=1400 audit(0.0:3332): avc: denied { getattr } for comm="ethod.sogou.car" path="/proc/filesystems" dev="proc" ino=4026532295 scontext=u:r:priv_app:s0:c512,c768 tcontext=u:object_r:proc_filesystems:s0 tclass=file permissive=1 app=com.sohu.inputmethod.sogou.car
03-16 10:38:04.641 5583 5583 I SystemConfig: Reading permissions from /system/etc/sysconfig/preinstalled-packages-com.android.providers.media.module.xml
03-16 10:38:04.642 797 5603 I DropBoxManagerService: add tag=system_app_wtf isTagEnabled=true flags=0x2
03-16 10:38:04.642 5583 5583 I SystemConfig: Reading permissions from /system/etc/sysconfig/hiddenapi-package-whitelist.xml
03-16 10:38:04.642 5583 5583 I SystemConfig: Reading permissions from /system/etc/sysconfig/preinstalled-packages-platform-full-base.xml
03-16 10:38:04.642 5583 5583 I SystemConfig: Reading permissions from /system/etc/sysconfig/preinstalled-packages-platform.xml
03-16 10:38:04.643 5583 5583 I SystemConfig: Reading permissions from /system/etc/sysconfig/qti_whitelist.xml
03-16 10:38:04.643 5583 5583 I SystemConfig: Reading permissions from /system/etc/permissions/com.thundercomm.screensaver.xml
03-16 10:38:04.643 5583 5583 I SystemConfig: Reading permissions from /system/etc/permissions/com.android.networkstack.tethering.xml
03-16 10:38:04.643 5583 5583 I SystemConfig: Reading permissions from /system/etc/permissions/com.android.networkstack.xml
03-16 10:38:04.644 5583 5583 I SystemConfig: Reading permissions from /system/etc/permissions/javax.obex.xml
03-16 10:38:04.644 5583 5583 I SystemConfig: Reading permissions from /system/etc/permissions/android.test.base.xml
03-16 10:38:04.644 5583 5583 I SystemConfig: Reading permissions from /system/etc/permissions/com.android.media.remotedisplay.xml
03-16 10:38:04.644 5583 5583 I SystemConfig: Reading permissions from /system/etc/permissions/privapp-permissions-platform.xml
03-16 10:38:04.646 5583 5583 I SystemConfig: Reading permissions from /system/etc/permissions/privapp-permissions-qti.xml
03-16 10:38:04.646 5583 5583 I SystemConfig: Reading permissions from /system/etc/permissions/com.thundercomm.debugtools.xml
03-16 10:38:04.647 5583 5583 I SystemConfig: Reading permissions from /system/etc/permissions/com.baidu.input.xml
03-16 10:38:04.647 5583 5583 I SystemConfig: Reading permissions from /system/etc/permissions/android.test.mock.xml
03-16 10:38:04.647 5583 5583 I SystemConfig: Reading permissions from /system/etc/permissions/android.software.live_wallpaper.xml
03-16 10:38:04.647 5583 5583 I SystemConfig: Reading permissions from /system/etc/permissions/android.test.runner.xml
03-16 10:38:04.647 5583 5583 I SystemConfig: Reading permissions from /system/etc/permissions/com.android.nfc_extras.xml
03-16 10:38:04.647 5583 5583 I SystemConfig: Reading permissions from /system/etc/permissions/com.android.location.provider.xml
03-16 10:38:04.647 5583 5583 I SystemConfig: Reading permissions from /system/etc/permissions/com.android.mediadrm.signer.xml
03-16 10:38:04.648 5583 5583 I SystemConfig: Reading permissions from /system/etc/permissions/org.apache.http.legacy.xml
03-16 10:38:04.648 5583 5583 I SystemConfig: Reading permissions from /system/etc/permissions/android.software.freeform_window_management.xml
03-16 10:38:04.648 5583 5583 I SystemConfig: Reading permissions from /system/etc/permissions/com.android.documentsui.xml
03-16 10:38:04.648 5583 5583 I SystemConfig: Reading permissions from /system/etc/permissions/android.software.webview.xml
03-16 10:38:04.648 5583 5583 I SystemConfig: Reading permissions from /system/etc/permissions/com.android.future.usb.accessory.xml
03-16 10:38:04.648 5583 5583 I SystemConfig: Reading permissions from /system/etc/permissions/com.thundercomm.tcservice.xml
03-16 10:38:04.648 5583 5583 I SystemConfig: Reading permissions from /system/etc/permissions/platform.xml
03-16 10:38:04.650 5583 5583 I SystemConfig: Reading permissions from /vendor/etc/permissions/handheld_core_hardware.xml
03-16 10:38:04.650 5583 5583 I SystemConfig: Reading permissions from /vendor/etc/permissions/android.hardware.wifi.direct.xml
03-16 10:38:04.650 5583 5583 I SystemConfig: Reading permissions from /vendor/etc/permissions/android.hardware.sensor.relative_humidity.xml
03-16 10:38:04.650 5583 5583 I SystemConfig: Reading permissions from /vendor/etc/permissions/android.hardware.opengles.aep.xml
03-16 10:38:04.650 5583 5583 I SystemConfig: Reading permissions from /vendor/etc/permissions/android.hardware.usb.host.xml
03-16 10:38:04.650 5583 5583 I SystemConfig: Reading permissions from /vendor/etc/permissions/android.hardware.sensor.ambient_temperature.xml
03-16 10:38:04.650 5583 5583 I SystemConfig: Reading permissions from /vendor/etc/permissions/android.hardware.se.omapi.ese.xml
03-16 10:38:04.651 5583 5583 I SystemConfig: Reading permissions from /vendor/etc/permissions/android.hardware.sensor.compass.xml
03-16 10:38:04.651 5583 5583 I SystemConfig: Reading permissions from /vendor/etc/permissions/android.hardware.touchscreen.multitouch.jazzhand.xml
03-16 10:38:04.651 5583 5583 I SystemConfig: Reading permissions from /vendor/etc/permissions/android.software.verified_boot.xml
03-16 10:38:04.651 5583 5583 I SystemConfig: Reading permissions from /vendor/etc/permissions/android.hardware.se.omapi.uicc.xml
03-16 10:38:04.651 5583 5583 I SystemConfig: Reading permissions from /vendor/etc/permissions/android.hardware.vulkan.level-1.xml
03-16 10:38:04.651 5583 5583 I SystemConfig: Reading permissions from /vendor/etc/permissions/android.hardware.vulkan.version-1_1.xml
03-16 10:38:04.651 5583 5583 I SystemConfig: Reading permissions from /vendor/etc/permissions/android.software.ipsec_tunnels.xml
03-16 10:38:04.651 5583 5583 I SystemConfig: Reading permissions from /vendor/etc/permissions/android.hardware.usb.accessory.xml
03-16 10:38:04.651 5583 5583 I SystemConfig: Reading permissions from /vendor/etc/permissions/android.hardware.vulkan.compute-0.xml
03-16 10:38:04.651 5583 5583 I SystemConfig: Reading permissions from /vendor/etc/permissions/android.hardware.wifi.xml
03-16 10:38:04.652 5583 5583 I SystemConfig: Reading permissions from /vendor/etc/permissions/qti_fingerprint_interface.xml
03-16 10:38:04.652 5583 5583 I SystemConfig: Reading permissions from /vendor/etc/permissions/vendor-qti-hardware-sensorscalibrate.xml
03-16 10:38:04.652 5583 5583 I SystemConfig: Reading permissions from /vendor/etc/permissions/android.hardware.wifi.aware.xml
03-16 10:38:04.652 5583 5583 I SystemConfig: Reading permissions from /vendor/etc/permissions/android.hardware.wifi.rtt.xml
03-16 10:38:04.652 5583 5583 I SystemConfig: Reading permissions from /vendor/etc/permissions/android.hardware.bluetooth_le.xml
03-16 10:38:04.652 5583 5583 I SystemConfig: Reading permissions from /vendor/etc/permissions/android.hardware.light.xml
03-16 10:38:04.652 5583 5583 I SystemConfig: Reading permissions from /vendor/etc/permissions/android.software.midi.xml
03-16 10:38:04.652 5583 5583 I SystemConfig: Reading permissions from /vendor/etc/permissions/android.software.device_id_attestation.xml
03-16 10:38:04.652 5583 5583 I SystemConfig: Reading permissions from /vendor/etc/permissions/android.hardware.fingerprint.xml
03-16 10:38:04.653 5583 5583 I SystemConfig: Reading permissions from /vendor/etc/permissions/android.hardware.sensor.hifi_sensors.xml
03-16 10:38:04.653 5583 5583 I SystemConfig: Reading permissions from /vendor/etc/permissions/android.hardware.audio.low_latency.xml
03-16 10:38:04.653 5583 5583 I SystemConfig: Reading permissions from /vendor/etc/permissions/android.hardware.bluetooth.xml
03-16 10:38:04.653 5583 5583 I SystemConfig: Reading permissions from /vendor/etc/permissions/vendor.qti.hardware.factory.xml
03-16 10:38:04.653 5583 5583 I SystemConfig: Reading permissions from /vendor/etc/permissions/android.hardware.wifi.passpoint.xml
03-16 10:38:04.653 5583 5583 I SystemConfig: Reading permissions from /vendor/etc/permissions/android.hardware.sensor.accelerometer.xml
03-16 10:38:04.653 5583 5583 I SystemConfig: Reading permissions from /vendor/etc/permissions/android.hardware.sensor.barometer.xml
03-16 10:38:04.653 5583 5583 I SystemConfig: Reading permissions from /vendor/etc/permissions/android.software.vulkan.deqp.level.xml
