03-16 10:40:30.126 2011 2236 D PhoneStartingWindowTypeAlgorithm: preferredStartingWindowType newTask:false taskSwitch:true processRunning:true allowTaskSnapshot:true activityCreated:true useEmptySplashScreen:false legacySplashScreen:false topIsHome:false
03-16 10:40:30.126 2011 2236 D PhoneStartingWindowTypeAlgorithm: isSnapshotCompatible rotation 0 snapshot 0
03-16 10:40:30.131 797 1672 W FreeFormWindowHelper: Current Display FreeFormTask is null
03-16 10:40:30.133 2626 2626 I wm_on_top_resumed_lost_called: [28844568,com.android.launcher3.uioverrides.QuickstepLauncher,topStateChangedWhenResumed]
03-16 10:40:30.133 2626 2626 I wm_on_paused_called: [28844568,com.android.launcher3.uioverrides.QuickstepLauncher,performPause]
03-16 10:40:30.136 797 2330 I ActivityTaskManager: FOREGROUND_APPLICATION_CHANGED to com.android.music.VideoBrowserActivity
03-16 10:40:30.138 797 2330 I wm_set_resumed_activity: [0,com.android.music/.VideoBrowserActivity,resumeTopActivityInnerLocked]
03-16 10:40:30.138 797 2330 I wm_add_to_stopping: [0,28844568,com.android.launcher3/.uioverrides.QuickstepLauncher,makeInvisible]
03-16 10:40:30.141 797 2330 I wm_resume_activity: [0,35236351,26,com.android.music/.VideoBrowserActivity]
03-16 10:40:30.155 3673 3673 I wm_on_restart_called: [35236351,com.android.music.VideoBrowserActivity,performRestartActivity]
03-16 10:40:30.155 3673 3673 I wm_on_start_called: [35236351,com.android.music.VideoBrowserActivity,handleStartActivity]
03-16 10:40:30.155 3673 3673 I wm_on_resume_called: [35236351,com.android.music.VideoBrowserActivity,RESUME_ACTIVITY]
03-16 10:40:30.155 3673 3673 I wm_on_top_resumed_gained_called: [35236351,com.android.music.VideoBrowserActivity,topWhenResuming]
03-16 10:40:30.156 797 817 I sysui_multi_action: [757,803,799,window_time_0,802,1]
03-16 10:40:30.160 797 1329 I input_focus: [Focus leaving efa3eda com.android.launcher3/com.android.launcher3.uioverrides.QuickstepLauncher (server),reason=NO_WINDOW]
03-16 10:40:30.179 797 818 I input_focus: [Focus request e7710ef com.android.music/com.android.music.VideoBrowserActivity,reason=UpdateInputWindows]
03-16 10:40:30.186 2011 2236 D StartingSurfaceDrawer: Task start finish, remove starting surface for task 26
03-16 10:40:30.187 797 814 I sysui_multi_action: [319,33,321,30,322,69,325,951,757,761,758,9,759,4,806,com.android.music,871,com.android.music.VideoBrowserActivity,904,com.android.launcher3,905,0,1320,4,1321,1]
03-16 10:40:30.193 797 1329 I input_focus: [Focus entering e7710ef com.android.music/com.android.music.VideoBrowserActivity (server),reason=setFocusedWindow]
03-16 10:40:30.243 797 2330 W FreeFormWindowHelper: Current Display FreeFormTask is null
03-16 10:40:30.680 797 817 I wm_stop_activity: [0,28844568,com.android.launcher3/.uioverrides.QuickstepLauncher]
03-16 10:40:30.701 2626 2626 I wm_on_stop_called: [28844568,com.android.launcher3.uioverrides.QuickstepLauncher,STOP_ACTIVITY_ITEM]
03-16 10:40:30.742 797 1329 I input_interaction: Interaction with: e7710ef com.android.music/com.android.music.VideoBrowserActivity (server), edge-swipe (server), swipe-up (server), PointerEventDispatcher0 (server),
03-16 10:40:30.792 797 2921 W FreeFormWindowHelper: Current Display FreeFormTask is null
03-16 10:40:30.793 797 2012 I wm_task_moved: [1,0,0]
03-16 10:40:30.793 797 2921 W FreeFormWindowHelper: Current Display FreeFormTask is null
03-16 10:40:30.793 797 2012 I wm_task_moved: [1,0,12]
03-16 10:40:30.809 2626 2626 I wm_on_restart_called: [28844568,com.android.launcher3.uioverrides.QuickstepLauncher,performRestartActivity]
03-16 10:40:30.810 797 2012 W FreeFormWindowHelper: Current Display FreeFormTask is null
03-16 10:40:30.811 797 2434 W FreeFormWindowHelper: Current Display FreeFormTask is null
03-16 10:40:30.834 2626 2626 I wm_on_start_called: [28844568,com.android.launcher3.uioverrides.QuickstepLauncher,handleStartActivity]
03-16 10:40:30.840 797 2434 W FreeFormWindowHelper: Current Display FreeFormTask is null
03-16 10:40:30.841 797 2921 W FreeFormWindowHelper: Current Display FreeFormTask is null
03-16 10:40:30.850 797 2434 W FreeFormWindowHelper: Current Display FreeFormTask is null
03-16 10:40:30.851 797 2434 W FreeFormWindowHelper: Current Display FreeFormTask is null
03-16 10:40:30.856 797 814 I sysui_multi_action: [319,9,322,58,325,952,757,761,758,9,759,5,806,com.android.launcher3,871,com.android.launcher3.uioverrides.QuickstepLauncher,905,0,1320,4,1321,1]
03-16 10:40:30.858 3673 3673 I view_enqueue_input_event: [Motion - Cancel,com.android.music/com.android.music.VideoBrowserActivity]
03-16 10:40:30.859 2626 2626 I sysui_latency: [1,59]
03-16 10:40:30.859 797 2434 W FreeFormWindowHelper: Current Display FreeFormTask is null
03-16 10:40:30.860 797 2012 W FreeFormWindowHelper: Current Display FreeFormTask is null
03-16 10:40:30.860 797 818 I input_focus: [Focus request recents_animation_input_consumer,reason=UpdateInputWindows]
03-16 10:40:30.864 797 2012 W FreeFormWindowHelper: Current Display FreeFormTask is null
03-16 10:40:30.864 797 2921 W FreeFormWindowHelper: Current Display FreeFormTask is null
03-16 10:40:30.869 797 814 D AutofillManagerService: Close system dialogs
03-16 10:40:30.871 797 1329 I input_interaction: Interaction with: edge-swipe (server), swipe-up (server), PointerEventDispatcher0 (server),
03-16 10:40:30.876 797 2921 W FreeFormWindowHelper: Current Display FreeFormTask is null
03-16 10:40:30.876 797 2921 W FreeFormWindowHelper: Current Display FreeFormTask is null
03-16 10:40:30.877 797 1329 I input_focus: [Focus leaving e7710ef com.android.music/com.android.music.VideoBrowserActivity (server),reason=NOT_FOCUSABLE]
03-16 10:40:30.877 797 1329 I input_focus: [Focus entering recents_animation_input_consumer (server),reason=setFocusedWindow]
03-16 10:40:31.036 797 1297 I commit_sys_config_file: [settings-1-0,3]
03-16 10:40:31.153 797 822 I sysui_latency: [8,67]
03-16 10:40:31.159 797 2434 W FreeFormWindowHelper: exitRecentTasks type=0
03-16 10:40:31.164 797 2012 W FreeFormWindowHelper: Current Display FreeFormTask is null
03-16 10:40:31.164 797 2012 W FreeFormWindowHelper: Current Display FreeFormTask is null
03-16 10:40:31.376 797 1297 I commit_sys_config_file: [settings-1-0,14]
01-01 23:58:47.916 0 0 E DTC_ETH,link_delay_work_func: 3003, SQI=0, link=0
03-16 10:40:31.820 797 2012 W FreeFormWindowHelper: Current Display FreeFormTask is null
03-16 10:40:31.820 797 2012 W FreeFormWindowHelper: Current Display FreeFormTask is null
03-16 10:40:31.821 797 1329 I input_interaction: Interaction with: recents_animation_input_consumer (server), edge-swipe (server), swipe-up (server), PointerEventDispatcher0 (server),
03-16 10:40:31.830 797 2434 I wm_task_moved: [1,1,13]
03-16 10:40:31.833 797 2434 I wm_task_moved: [13,1,2147483647]
03-16 10:40:31.833 797 2434 I wm_task_to_front: [0,13]
03-16 10:40:31.833 797 2434 I wm_focused_root_task: [0,0,1,26,RecentsAnimation.onAnimationFinished()]
03-16 10:40:31.833 797 2434 I wm_set_resumed_activity: [0,com.android.launcher3/.uioverrides.QuickstepLauncher,RecentsAnimation.onAnimationFinished()]
03-16 10:40:31.834 797 2434 I wm_pause_activity: [0,35236351,com.android.music/.VideoBrowserActivity,userLeaving=true,pauseBackTasks]
03-16 10:40:31.835 797 2434 I wm_add_to_stopping: [0,35236351,com.android.music/.VideoBrowserActivity,makeInvisible]
03-16 10:40:31.835 797 2434 I ActivityTaskManager: FOREGROUND_APPLICATION_CHANGED to com.android.launcher3.uioverrides.QuickstepLauncher
03-16 10:40:31.836 797 2434 I wm_set_resumed_activity: [0,com.android.launcher3/.uioverrides.QuickstepLauncher,resumeTopActivityInnerLocked]
03-16 10:40:31.840 797 2434 I wm_resume_activity: [0,28844568,13,com.android.launcher3/.uioverrides.QuickstepLauncher]
03-16 10:40:31.841 2626 2626 I wm_on_resume_called: [28844568,com.android.launcher3.uioverrides.QuickstepLauncher,RESUME_ACTIVITY]
03-16 10:40:31.847 3673 3673 I wm_on_top_resumed_lost_called: [35236351,com.android.music.VideoBrowserActivity,topStateChangedWhenResumed]
03-16 10:40:31.852 797 818 I input_focus: [Focus request efa3eda com.android.launcher3/com.android.launcher3.uioverrides.QuickstepLauncher,reason=UpdateInputWindows]
03-16 10:40:31.857 3673 3673 I wm_on_paused_called: [35236351,com.android.music.VideoBrowserActivity,performPause]
03-16 10:40:31.861 797 2330 I wm_stop_activity: [0,35236351,com.android.music/.VideoBrowserActivity]
03-16 10:40:31.864 797 1329 I input_focus: [Focus leaving recents_animation_input_consumer (server),reason=NOT_VISIBLE]
03-16 10:40:31.864 797 1329 I input_focus: [Focus entering efa3eda com.android.launcher3/com.android.launcher3.uioverrides.QuickstepLauncher (server),reason=setFocusedWindow]
03-16 10:40:31.864 2626 2626 I wm_on_top_resumed_gained_called: [28844568,com.android.launcher3.uioverrides.QuickstepLauncher,topStateChangedWhenResumed]
03-16 10:40:31.867 797 817 I sysui_multi_action: [757,803,799,window_time_0,802,2]
03-16 10:40:31.868 3673 3673 I wm_on_stop_called: [35236351,com.android.music.VideoBrowserActivity,STOP_ACTIVITY_ITEM]
03-16 10:40:31.869 797 817 I sysui_multi_action: [757,803,799,window_time_0,802,0]
03-16 10:40:31.870 797 817 I ActivityManager: PendingStartActivityUids startActivity to updateOomAdj delay:1074ms, uid:10074
03-16 10:40:31.908 797 2870 E TaskPersister: File error accessing recents directory (directory doesn't exist?).
03-16 10:40:31.957 797 2921 W FreeFormWindowHelper: Current Display FreeFormTask is null
03-16 10:40:31.995 797 2921 I thunderperf: PlatormCompat.setOverrides: Uid1=10074 Pid1=2626 Uid2=10074 Pid2=2626
03-16 10:40:31.995 797 2921 I thunderperf: PlatormCompat.setOverrides: needCheck:false
03-16 10:40:31.996 797 2921 I thunderperf: CompatConfig.addOverrideUnsafe: bef-state=0
03-16 10:40:31.996 797 2921 I thunderperf: CompatConfig.addOverrideUnsafe: aft-state=0
03-16 10:40:31.997 797 2921 I thunderperf: CompatConfig.addOverrideUnsafe: bef-state=0
03-16 10:40:31.997 797 2921 I thunderperf: CompatConfig.addOverrideUnsafe: aft-state=0
03-16 10:40:31.997 797 2921 I thunderperf: CompatConfig.addOverrideUnsafe: bef-state=0
03-16 10:40:31.997 797 2921 I thunderperf: CompatConfig.addOverrideUnsafe: aft-state=0
03-16 10:40:31.998 797 2921 I thunderperf: CompatConfig.addOverrideUnsafe: bef-state=0
03-16 10:40:31.998 797 2921 I thunderperf: CompatConfig.addOverrideUnsafe: aft-state=0
03-16 10:40:31.998 797 2921 I thunderperf: CompatConfig.addOverrideUnsafe: bef-state=0
03-16 10:40:31.998 797 2921 I thunderperf: CompatConfig.addOverrideUnsafe: aft-state=0
03-16 10:40:31.999 797 2921 I thunderperf: CompatConfig.addOverrideUnsafe: bef-state=0
03-16 10:40:31.999 797 2921 I thunderperf: CompatConfig.addOverrideUnsafe: aft-state=0
03-16 10:40:31.999 797 2921 I thunderperf: CompatConfig.addOverrideUnsafe: bef-state=0
03-16 10:40:31.999 797 2921 I thunderperf: CompatConfig.addOverrideUnsafe: aft-state=0
03-16 10:40:31.999 797 2921 I thunderperf: CompatConfig.addOverrideUnsafe: bef-state=0
03-16 10:40:31.999 797 2921 I thunderperf: CompatConfig.addOverrideUnsafe: aft-state=0
03-16 10:40:32.000 797 2921 I thunderperf: CompatConfig.addOverrideUnsafe: bef-state=0
03-16 10:40:32.000 797 2921 I thunderperf: CompatConfig.addOverrideUnsafe: aft-state=0
03-16 10:40:32.000 797 2921 I thunderperf: CompatConfig.addOverrideUnsafe: bef-state=0
03-16 10:40:32.000 797 2921 I thunderperf: CompatConfig.addOverrideUnsafe: aft-state=0
03-16 10:40:32.001 797 2921 I thunderperf: CompatConfig.addOverrideUnsafe: bef-state=0
03-16 10:40:32.001 797 2921 I thunderperf: CompatConfig.addOverrideUnsafe: aft-state=0
03-16 10:40:32.001 797 2921 I thunderperf: CompatConfig.addOverrideUnsafe: bef-state=0
03-16 10:40:32.001 797 2921 I thunderperf: CompatConfig.addOverrideUnsafe: aft-state=0
03-16 10:40:32.001 797 2921 I thunderperf: CompatConfig.addOverrideUnsafe: bef-state=0
03-16 10:40:32.001 797 2921 I thunderperf: CompatConfig.addOverrideUnsafe: aft-state=0
03-16 10:40:32.002 797 2921 I thunderperf: CompatConfig.addOverrideUnsafe: bef-state=0
03-16 10:40:32.002 797 2921 I thunderperf: CompatConfig.addOverrideUnsafe: aft-state=0
03-16 10:40:32.009 797 2921 I ActivityTaskManager: START u0 {act=android.intent.action.MAIN cat=[android.intent.category.LAUNCHER] flg=0x10200000 cmp=com.android.settings/.Settings bnds=[2128,710][2314,910]} from uid 10074
03-16 10:40:32.016 797 2921 I wm_task_moved: [27,1,13]
03-16 10:40:32.016 797 2921 I wm_task_to_front: [0,27]
03-16 10:40:32.017 797 2921 I wm_focused_root_task: [0,0,27,1,bringingFoundTaskToFront]
03-16 10:40:32.017 797 2921 I wm_set_resumed_activity: [0,com.android.settings/.Settings,bringingFoundTaskToFront]
03-16 10:40:32.018 797 2921 I wm_new_intent: [0,8399530,27,com.android.settings/.Settings,android.intent.action.MAIN,NULL,NULL,270532608]
03-16 10:40:32.019 797 2921 I wm_pause_activity: [0,28844568,com.android.launcher3/.uioverrides.QuickstepLauncher,userLeaving=true,pauseBackTasks]
03-16 10:40:32.021 2011 2236 D PhoneStartingWindowTypeAlgorithm: preferredStartingWindowType newTask:false taskSwitch:true processRunning:true allowTaskSnapshot:true activityCreated:true useEmptySplashScreen:false legacySplashScreen:false topIsHome:false
03-16 10:40:32.021 2011 2236 D PhoneStartingWindowTypeAlgorithm: isSnapshotCompatible rotation 0 snapshot 0
03-16 10:40:32.024 797 2921 W FreeFormWindowHelper: Current Display FreeFormTask is null
03-16 10:40:32.025 2626 2626 I wm_on_top_resumed_lost_called: [28844568,com.android.launcher3.uioverrides.QuickstepLauncher,topStateChangedWhenResumed]
03-16 10:40:32.026 2626 2626 I wm_on_paused_called: [28844568,com.android.launcher3.uioverrides.QuickstepLauncher,performPause]
03-16 10:40:32.029 797 2921 I ActivityTaskManager: FOREGROUND_APPLICATION_CHANGED to com.android.settings.homepage.SettingsHomepageActivity
03-16 10:40:32.030 797 2921 I wm_set_resumed_activity: [0,com.android.settings/.Settings,resumeTopActivityInnerLocked]
03-16 10:40:32.030 797 2921 I wm_add_to_stopping: [0,28844568,com.android.launcher3/.uioverrides.QuickstepLauncher,makeInvisible]
03-16 10:40:32.031 797 2921 I wm_resume_activity: [0,8399530,27,com.android.settings/.Settings]
03-16 10:40:32.039 797 817 I sysui_multi_action: [757,803,799,window_time_0,802,0]
03-16 10:40:32.047 797 1329 I input_focus: [Focus leaving efa3eda com.android.launcher3/com.android.launcher3.uioverrides.QuickstepLauncher (server),reason=NO_WINDOW]
03-16 10:40:32.047 2471 2471 I wm_on_restart_called: [8399530,com.android.settings.Settings,performRestartActivity]
03-16 10:40:32.055 2471 2471 I wm_on_start_called: [8399530,com.android.settings.Settings,handleStartActivity]
03-16 10:40:32.055 2471 2471 I snet_event_log: [120484087,-1,]
03-16 10:40:32.056 2471 2471 I wm_on_resume_called: [8399530,com.android.settings.Settings,RESUME_ACTIVITY]
03-16 10:40:32.057 2471 2471 I sysui_multi_action: [757,35,758,1,833,0,1089,0]
03-16 10:40:32.071 797 845 W BatteryExternalStatsWorker: error reading modem stats:ERROR_PHONE_NOT_AVAILABLE
03-16 10:40:32.075 2471 2471 I sysui_multi_action: [757,746,758,1,833,0,1089,0]
03-16 10:40:32.076 797 2921 D TelephonyRegistry: listen oscl: mHasNotifySubscriptionInfoChangedOccurred==false no callback
03-16 10:40:32.078 797 2921 D TelephonyRegistry: listen oscl: mHasNotifySubscriptionInfoChangedOccurred==false no callback
03-16 10:40:32.084 2471 2471 I wm_on_top_resumed_gained_called: [8399530,com.android.settings.Settings,topWhenResuming]
03-16 10:40:32.092 797 818 I input_focus: [Focus request c027675 com.android.settings/com.android.settings.Settings,reason=UpdateInputWindows]
03-16 10:40:32.098 797 845 E KernelCpuSpeedReader: Failed to read cpu-freq: /sys/devices/system/cpu/cpu4/cpufreq/stats/time_in_state: open failed: ENOENT (No such file or directory)
03-16 10:40:32.098 797 845 E KernelCpuSpeedReader: Failed to read cpu-freq: /sys/devices/system/cpu/cpu0/cpufreq/stats/time_in_state: open failed: ENOENT (No such file or directory)
03-16 10:40:32.095 592 592 I auditd : type=1400 audit(0.0:3348): avc: denied { read } for comm="Binder:592_2" name="wakeup58" dev="sysfs" ino=71257 scontext=u:r:system_suspend:s0 tcontext=u:object_r:sysfs:s0 tclass=dir permissive=1
03-16 10:40:32.095 592 592 I auditd : type=1400 audit(0.0:3349): avc: denied { open } for comm="Binder:592_2" path="/sys/devices/virtual/misc/msm_g711alaw/wakeup58" dev="sysfs" ino=71257 scontext=u:r:system_suspend:s0 tcontext=u:object_r:sysfs:s0 tclass=dir permissive=1
03-16 10:40:32.095 592 592 I auditd : type=1400 audit(0.0:3350): avc: denied { read } for comm="Binder:592_2" name="event_count" dev="sysfs" ino=71264 scontext=u:r:system_suspend:s0 tcontext=u:object_r:sysfs:s0 tclass=file permissive=1
03-16 10:40:32.095 592 592 I auditd : type=1400 audit(0.0:3351): avc: denied { open } for comm="Binder:592_2" path="/sys/devices/virtual/misc/msm_g711alaw/wakeup58/event_count" dev="sysfs" ino=71264 scontext=u:r:system_suspend:s0 tcontext=u:object_r:sysfs:s0 tclass=file permissive=1
03-16 10:40:32.095 592 592 I auditd : type=1400 audit(0.0:3352): avc: denied { getattr } for comm="Binder:592_2" path="/sys/devices/virtual/misc/msm_g711alaw/wakeup58/event_count" dev="sysfs" ino=71264 scontext=u:r:system_suspend:s0 tcontext=u:object_r:sysfs:s0 tclass=file permissive=1
03-16 10:40:32.107 797 845 D KernelCpuUidUserSysTimeReader: Removing uids 10098-10098
03-16 10:40:32.117 2011 2236 D StartingSurfaceDrawer: Task start finish, remove starting surface for task 27
03-16 10:40:32.115 1416 1416 I auditd : type=1400 audit(0.0:3353): avc: denied { call } for comm="OMXCallbackDisp" scontext=u:r:mediacodec:s0 tcontext=u:r:su:s0 tclass=binder permissive=1
03-16 10:40:32.123 797 814 I sysui_multi_action: [319,28,321,26,322,108,325,953,757,761,758,9,759,4,806,com.android.settings,871,com.android.settings.Settings,904,com.android.launcher3,905,0,1320,4,1321,1]
01-01 23:58:48.519 0 0 W audit : audit_lost=4049 audit_rate_limit=5 audit_backlog_limit=64
01-01 23:58:48.519 0 0 E audit : rate limit exceeded
03-16 10:40:32.130 797 1329 I input_focus: [Focus entering c027675 com.android.settings/com.android.settings.Settings (server),reason=Window became focusable. Previous reason: NOT_VISIBLE]
03-16 10:40:32.134 797 2330 W FreeFormWindowHelper: Current Display FreeFormTask is null
01-01 23:58:48.540 0 0 I [schedu][0x445eccab5][10:40:32.144806] wlan: [3549:I:OSIF] scan start scan id 40969
03-16 10:40:32.169 797 845 W BatteryExternalStatsWorker: error reading modem stats:ERROR_PHONE_NOT_AVAILABLE
03-16 10:40:32.172 797 845 E KernelCpuSpeedReader: Failed to read cpu-freq: /sys/devices/system/cpu/cpu4/cpufreq/stats/time_in_state: open failed: ENOENT (No such file or directory)
03-16 10:40:32.172 797 845 E KernelCpuSpeedReader: Failed to read cpu-freq: /sys/devices/system/cpu/cpu0/cpufreq/stats/time_in_state: open failed: ENOENT (No such file or directory)
03-16 10:40:32.569 797 817 I wm_stop_activity: [0,28844568,com.android.launcher3/.uioverrides.QuickstepLauncher]
03-16 10:40:32.584 797 1329 I input_interaction: Interaction with: c027675 com.android.settings/com.android.settings.Settings (server), edge-swipe (server), swipe-up (server), PointerEventDispatcher0 (server),
03-16 10:40:32.596 2626 2626 I wm_on_stop_called: [28844568,com.android.launcher3.uioverrides.QuickstepLauncher,STOP_ACTIVITY_ITEM]
03-16 10:40:32.678 797 2434 I wm_task_moved: [1,0,0]
03-16 10:40:32.678 797 2921 W FreeFormWindowHelper: Current Display FreeFormTask is null
03-16 10:40:32.679 797 2434 I wm_task_moved: [1,0,12]
03-16 10:40:32.679 797 2921 W FreeFormWindowHelper: Current Display FreeFormTask is null
03-16 10:40:32.697 2626 2626 I wm_on_restart_called: [28844568,com.android.launcher3.uioverrides.QuickstepLauncher,performRestartActivity]
03-16 10:40:32.698 797 4443 W FreeFormWindowHelper: Current Display FreeFormTask is null
03-16 10:40:32.698 797 2921 W FreeFormWindowHelper: Current Display FreeFormTask is null
03-16 10:40:32.722 2626 2626 I wm_on_start_called: [28844568,com.android.launcher3.uioverrides.QuickstepLauncher,handleStartActivity]
03-16 10:40:32.727 797 2921 W FreeFormWindowHelper: Current Display FreeFormTask is null
03-16 10:40:32.728 797 2921 W FreeFormWindowHelper: Current Display FreeFormTask is null
03-16 10:40:32.736 2471 2471 I view_enqueue_input_event: [Motion - Cancel,com.android.settings/com.android.settings.Settings]
03-16 10:40:32.736 2626 2626 I sysui_latency: [1,63]
03-16 10:40:32.737 797 2434 W FreeFormWindowHelper: Current Display FreeFormTask is null
03-16 10:40:32.738 797 2434 W FreeFormWindowHelper: Current Display FreeFormTask is null
03-16 10:40:32.740 797 2434 W FreeFormWindowHelper: Current Display FreeFormTask is null
03-16 10:40:32.741 797 2921 W FreeFormWindowHelper: Current Display FreeFormTask is null
03-16 10:40:32.746 797 814 I sysui_multi_action: [319,10,322,59,325,954,757,761,758,9,759,5,806,com.android.launcher3,871,com.android.launcher3.uioverrides.QuickstepLauncher,905,0,1320,4,1321,1]
03-16 10:40:32.746 797 818 I input_focus: [Focus request recents_animation_input_consumer,reason=UpdateInputWindows]
03-16 10:40:32.748 797 814 D AutofillManagerService: Close system dialogs
03-16 10:40:32.749 797 1329 I input_interaction: Interaction with: edge-swipe (server), swipe-up (server), PointerEventDispatcher0 (server),
03-16 10:40:32.749 797 4443 W FreeFormWindowHelper: Current Display FreeFormTask is null
03-16 10:40:32.750 797 4443 W FreeFormWindowHelper: Current Display FreeFormTask is null
03-16 10:40:32.765 797 2921 W FreeFormWindowHelper: Current Display FreeFormTask is null
03-16 10:40:32.765 797 2921 W FreeFormWindowHelper: Current Display FreeFormTask is null
03-16 10:40:32.765 797 1329 I input_focus: [Focus leaving c027675 com.android.settings/com.android.settings.Settings (server),reason=NOT_FOCUSABLE]
03-16 10:40:32.765 797 1329 I input_focus: [Focus entering recents_animation_input_consumer (server),reason=setFocusedWindow]
03-16 10:40:32.924 797 1297 I commit_sys_config_file: [settings-1-0,3]
03-16 10:40:33.040 797 822 I sysui_latency: [8,66]
01-01 23:58:49.706 0 0 I [schedu][0x447427ec6][10:40:33.311153] wlan: [3549:I:OSIF] vdev 0, scan id 40969 type COMPLETED(1) reason COMPLETED(1) scan found 6 bss
03-16 10:40:33.334 797 2434 I wm_task_moved: [1,0,12]
03-16 10:40:33.335 797 2434 I wm_add_to_stopping: [0,28844568,com.android.launcher3/.uioverrides.QuickstepLauncher,makeInvisible]
03-16 10:40:33.342 797 818 I input_focus: [Focus request c027675 com.android.settings/com.android.settings.Settings,reason=UpdateInputWindows]
03-16 10:40:33.347 797 817 I wm_stop_activity: [0,28844568,com.android.launcher3/.uioverrides.QuickstepLauncher]
03-16 10:40:33.350 797 2434 W FreeFormWindowHelper: Current Display FreeFormTask is null
03-16 10:40:33.350 797 2434 W FreeFormWindowHelper: Current Display FreeFormTask is null
03-16 10:40:33.350 797 1329 I input_focus: [Focus leaving recents_animation_input_consumer (server),reason=NOT_VISIBLE]
03-16 10:40:33.350 797 1329 I input_focus: [Focus entering c027675 com.android.settings/com.android.settings.Settings (server),reason=setFocusedWindow]
03-16 10:40:33.361 797 2315 W FreeFormWindowHelper: exitRecentTasks type=0
03-16 10:40:33.364 2626 2626 I wm_on_stop_called: [28844568,com.android.launcher3.uioverrides.QuickstepLauncher,STOP_ACTIVITY_ITEM]
03-16 10:40:33.378 797 822 W UsageStatsService: Unexpected activity event reported! (com.android.launcher3/com.android.launcher3.uioverrides.QuickstepLauncher event : 23 instanceId : 55927770)
03-16 10:40:33.568 797 1297 I commit_sys_config_file: [settings-1-0,5]
03-16 10:40:33.588 797 1329 I input_interaction: Interaction with: c027675 com.android.settings/com.android.settings.Settings (server), edge-swipe (server), swipe-up (server), PointerEventDispatcher0 (server),
03-16 10:40:33.666 797 2330 W FreeFormWindowHelper: Current Display FreeFormTask is null
03-16 10:40:33.667 797 2330 I wm_task_moved: [1,0,0]
03-16 10:40:33.667 797 2330 I wm_task_moved: [1,0,12]
03-16 10:40:33.668 797 2921 W FreeFormWindowHelper: Current Display FreeFormTask is null
03-16 10:40:33.682 2626 2626 I wm_on_restart_called: [28844568,com.android.launcher3.uioverrides.QuickstepLauncher,performRestartActivity]
03-16 10:40:33.683 797 2330 W FreeFormWindowHelper: Current Display FreeFormTask is null
03-16 10:40:33.684 797 1672 W FreeFormWindowHelper: Current Display FreeFormTask is null
03-16 10:40:33.702 2626 2626 I wm_on_start_called: [28844568,com.android.launcher3.uioverrides.QuickstepLauncher,handleStartActivity]
03-16 10:40:33.713 797 1672 W FreeFormWindowHelper: Current Display FreeFormTask is null
03-16 10:40:33.713 797 1672 W FreeFormWindowHelper: Current Display FreeFormTask is null
03-16 10:40:33.725 2471 2471 I view_enqueue_input_event: [Motion - Cancel,com.android.settings/com.android.settings.Settings]
03-16 10:40:33.726 2626 2626 I sysui_latency: [1,58]
03-16 10:40:33.731 797 814 I sysui_multi_action: [319,8,322,58,325,955,757,761,758,9,759,5,806,com.android.launcher3,871,com.android.launcher3.uioverrides.QuickstepLauncher,905,0,1320,4,1321,1]
03-16 10:40:33.733 797 818 I input_focus: [Focus request recents_animation_input_consumer,reason=UpdateInputWindows]
03-16 10:40:33.733 797 1672 W FreeFormWindowHelper: Current Display FreeFormTask is null
03-16 10:40:33.733 797 1672 W FreeFormWindowHelper: Current Display FreeFormTask is null
03-16 10:40:33.734 797 814 D AutofillManagerService: Close system dialogs
03-16 10:40:33.734 797 2921 W FreeFormWindowHelper: Current Display FreeFormTask is null
03-16 10:40:33.735 797 2921 W FreeFormWindowHelper: Current Display FreeFormTask is null
03-16 10:40:33.735 797 2921 W FreeFormWindowHelper: Current Display FreeFormTask is null
03-16 10:40:33.735 797 2921 W FreeFormWindowHelper: Current Display FreeFormTask is null
03-16 10:40:33.740 797 1329 I input_interaction: Interaction with: edge-swipe (server), swipe-up (server), PointerEventDispatcher0 (server),
03-16 10:40:33.750 797 1329 I input_focus: [Focus leaving c027675 com.android.settings/com.android.settings.Settings (server),reason=NOT_FOCUSABLE]
03-16 10:40:33.751 797 1329 I input_focus: [Focus entering recents_animation_input_consumer (server),reason=setFocusedWindow]
03-16 10:40:33.751 797 2921 W FreeFormWindowHelper: Current Display FreeFormTask is null
03-16 10:40:33.751 797 2921 W FreeFormWindowHelper: Current Display FreeFormTask is null
03-16 10:40:33.767 797 1672 W FreeFormWindowHelper: Current Display FreeFormTask is null
03-16 10:40:33.767 797 1672 W FreeFormWindowHelper: Current Display FreeFormTask is null
01-01 23:58:50.226 0 0 D cnss : Host time = 957572280 us, device time = 915557180 us, offset = 42015100 us
01-01 23:58:50.226 0 0 D cnss : Updated time sync regs [0x984] = 0x281197c, [0x988] = 0x0
03-16 10:40:33.907 797 1297 I commit_sys_config_file: [settings-1-0,8]
03-16 10:40:34.027 797 822 I sysui_latency: [8,67]
03-16 10:40:34.157 797 1672 W FreeFormWindowHelper: exitRecentTasks type=0
03-16 10:40:34.169 797 1672 W FreeFormWindowHelper: Current Display FreeFormTask is null
03-16 10:40:34.169 797 1672 W FreeFormWindowHelper: Current Display FreeFormTask is null
03-16 10:40:34.367 797 1297 I commit_sys_config_file: [settings-1-0,6]
03-16 10:40:34.827 797 2434 W FreeFormWindowHelper: Current Display FreeFormTask is null
03-16 10:40:34.827 797 1672 W FreeFormWindowHelper: Current Display FreeFormTask is null
03-16 10:40:34.830 797 2434 I wm_task_moved: [1,1,13]
03-16 10:40:34.833 797 2434 I wm_task_moved: [13,1,2147483647]
03-16 10:40:34.833 797 2434 I wm_task_to_front: [0,13]
03-16 10:40:34.833 797 2434 I wm_focused_root_task: [0,0,1,27,RecentsAnimation.onAnimationFinished()]
03-16 10:40:34.833 797 2434 I wm_set_resumed_activity: [0,com.android.launcher3/.uioverrides.QuickstepLauncher,RecentsAnimation.onAnimationFinished()]
03-16 10:40:34.834 2471 2471 I wm_on_top_resumed_lost_called: [8399530,com.android.settings.Settings,topStateChangedWhenResumed]
03-16 10:40:34.834 797 2434 I wm_pause_activity: [0,8399530,com.android.settings/.Settings,userLeaving=true,pauseBackTasks]
03-16 10:40:34.836 797 2434 I wm_add_to_stopping: [0,8399530,com.android.settings/.Settings,makeInvisible]
03-16 10:40:34.836 797 2434 I ActivityTaskManager: FOREGROUND_APPLICATION_CHANGED to com.android.launcher3.uioverrides.QuickstepLauncher
03-16 10:40:34.836 797 2434 I wm_set_resumed_activity: [0,com.android.launcher3/.uioverrides.QuickstepLauncher,resumeTopActivityInnerLocked]
03-16 10:40:34.841 797 2434 I wm_resume_activity: [0,28844568,13,com.android.launcher3/.uioverrides.QuickstepLauncher]
03-16 10:40:34.842 2626 2626 I wm_on_resume_called: [28844568,com.android.launcher3.uioverrides.QuickstepLauncher,RESUME_ACTIVITY]
03-16 10:40:34.849 797 818 I input_focus: [Focus request efa3eda com.android.launcher3/com.android.launcher3.uioverrides.QuickstepLauncher,reason=UpdateInputWindows]
03-16 10:40:34.854 797 1329 I input_focus: [Focus leaving recents_animation_input_consumer (server),reason=NOT_VISIBLE]
03-16 10:40:34.854 797 1329 I input_focus: [Focus entering efa3eda com.android.launcher3/com.android.launcher3.uioverrides.QuickstepLauncher (server),reason=setFocusedWindow]
03-16 10:40:34.855 797 817 I wm_stop_activity: [0,8399530,com.android.settings/.Settings]
03-16 10:40:34.856 2626 2626 I wm_on_top_resumed_gained_called: [28844568,com.android.launcher3.uioverrides.QuickstepLauncher,topStateChangedWhenResumed]
03-16 10:40:34.857 797 817 I sysui_multi_action: [757,803,799,window_time_0,802,3]
03-16 10:40:34.858 2471 2471 I sysui_multi_action: [757,35,758,2,1089,2800]
03-16 10:40:34.867 797 817 I sysui_multi_action: [757,803,799,window_time_0,802,0]
03-16 10:40:34.868 797 817 I ActivityManager: PendingStartActivityUids startActivity to updateOomAdj delay:1198ms, uid:10074
03-16 10:40:34.869 2471 2471 I sysui_multi_action: [757,746,758,2,1089,2793]
03-16 10:40:34.880 2471 2471 I wm_on_paused_called: [8399530,com.android.settings.Settings,performPause]
03-16 10:40:34.890 2471 2471 I wm_on_stop_called: [8399530,com.android.settings.Settings,STOP_ACTIVITY_ITEM]
03-16 10:40:34.950 797 2324 W FreeFormWindowHelper: Current Display FreeFormTask is null
03-16 10:40:35.033 797 1329 I input_interaction: Interaction with: efa3eda com.android.launcher3/com.android.launcher3.uioverrides.QuickstepLauncher (server), eb1e2e4 com.android.systemui.ImageWallpaper (server), edge-swipe (server), swipe-up (server), PointerEventDispatcher0 (server),
03-16 10:40:35.039 797 2870 E TaskPersister: File error accessing recents directory (directory doesn't exist?).
03-16 10:40:35.179 797 2330 I thunderperf: PlatormCompat.setOverrides: Uid1=10074 Pid1=2626 Uid2=10074 Pid2=2626
03-16 10:40:35.179 797 2330 I thunderperf: PlatormCompat.setOverrides: needCheck:false
03-16 10:40:35.179 797 2330 I thunderperf: CompatConfig.addOverrideUnsafe: bef-state=0
03-16 10:40:35.179 797 2330 I thunderperf: CompatConfig.addOverrideUnsafe: aft-state=0
03-16 10:40:35.180 797 2330 I thunderperf: CompatConfig.addOverrideUnsafe: bef-state=0
03-16 10:40:35.180 797 2330 I thunderperf: CompatConfig.addOverrideUnsafe: aft-state=0
03-16 10:40:35.181 797 2330 I thunderperf: CompatConfig.addOverrideUnsafe: bef-state=0
03-16 10:40:35.181 797 2330 I thunderperf: CompatConfig.addOverrideUnsafe: aft-state=0
03-16 10:40:35.182 797 2330 I thunderperf: CompatConfig.addOverrideUnsafe: bef-state=0
03-16 10:40:35.182 797 2330 I thunderperf: CompatConfig.addOverrideUnsafe: aft-state=0
03-16 10:40:35.182 797 2330 I thunderperf: CompatConfig.addOverrideUnsafe: bef-state=0
03-16 10:40:35.182 797 2330 I thunderperf: CompatConfig.addOverrideUnsafe: aft-state=0
03-16 10:40:35.183 797 2330 I thunderperf: CompatConfig.addOverrideUnsafe: bef-state=0
03-16 10:40:35.183 797 2330 I thunderperf: CompatConfig.addOverrideUnsafe: aft-state=0
03-16 10:40:35.183 797 2330 I thunderperf: CompatConfig.addOverrideUnsafe: bef-state=0
03-16 10:40:35.183 797 2330 I thunderperf: CompatConfig.addOverrideUnsafe: aft-state=0
03-16 10:40:35.184 797 2330 I thunderperf: CompatConfig.addOverrideUnsafe: bef-state=0
03-16 10:40:35.184 797 2330 I thunderperf: CompatConfig.addOverrideUnsafe: aft-state=0
03-16 10:40:35.185 797 2330 I thunderperf: CompatConfig.addOverrideUnsafe: bef-state=0
03-16 10:40:35.185 797 2330 I thunderperf: CompatConfig.addOverrideUnsafe: aft-state=0
03-16 10:40:35.185 797 2330 I thunderperf: CompatConfig.addOverrideUnsafe: bef-state=0
03-16 10:40:35.185 797 2330 I thunderperf: CompatConfig.addOverrideUnsafe: aft-state=0
03-16 10:40:35.186 797 2330 I thunderperf: CompatConfig.addOverrideUnsafe: bef-state=0
03-16 10:40:35.186 797 2330 I thunderperf: CompatConfig.addOverrideUnsafe: aft-state=0
03-16 10:40:35.186 797 2330 I thunderperf: CompatConfig.addOverrideUnsafe: bef-state=0
03-16 10:40:35.187 797 2330 I thunderperf: CompatConfig.addOverrideUnsafe: aft-state=0
03-16 10:40:35.187 797 2330 I thunderperf: CompatConfig.addOverrideUnsafe: bef-state=0
03-16 10:40:35.187 797 2330 I thunderperf: CompatConfig.addOverrideUnsafe: aft-state=0
03-16 10:40:35.188 797 2330 I thunderperf: CompatConfig.addOverrideUnsafe: bef-state=0
03-16 10:40:35.188 797 2330 I thunderperf: CompatConfig.addOverrideUnsafe: aft-state=0
03-16 10:40:35.196 797 2330 I ActivityTaskManager: START u0 {act=android.intent.action.MAIN cat=[android.intent.category.LAUNCHER] flg=0x10200000 cmp=com.android.settings/.Settings bnds=[2128,710][2314,910]} from uid 10074
03-16 10:40:35.198 797 2330 I wm_task_moved: [27,1,13]
03-16 10:40:35.198 797 2330 I wm_task_to_front: [0,27]
03-16 10:40:35.199 797 2330 I wm_focused_root_task: [0,0,27,1,bringingFoundTaskToFront]
03-16 10:40:35.200 797 2330 I wm_set_resumed_activity: [0,com.android.settings/.Settings,bringingFoundTaskToFront]
03-16 10:40:35.200 797 2330 I wm_new_intent: [0,8399530,27,com.android.settings/.Settings,android.intent.action.MAIN,NULL,NULL,270532608]
03-16 10:40:35.202 797 2330 I wm_pause_activity: [0,28844568,com.android.launcher3/.uioverrides.QuickstepLauncher,userLeaving=true,pauseBackTasks]
03-16 10:40:35.203 2011 2236 D PhoneStartingWindowTypeAlgorithm: preferredStartingWindowType newTask:false taskSwitch:true processRunning:true allowTaskSnapshot:true activityCreated:true useEmptySplashScreen:false legacySplashScreen:false topIsHome:false
03-16 10:40:35.203 2011 2236 D PhoneStartingWindowTypeAlgorithm: isSnapshotCompatible rotation 0 snapshot 0
03-16 10:40:35.207 797 2330 W FreeFormWindowHelper: Current Display FreeFormTask is null
03-16 10:40:35.208 2626 2626 I wm_on_top_resumed_lost_called: [28844568,com.android.launcher3.uioverrides.QuickstepLauncher,topStateChangedWhenResumed]
03-16 10:40:35.214 2626 2626 I wm_on_paused_called: [28844568,com.android.launcher3.uioverrides.QuickstepLauncher,performPause]
03-16 10:40:35.215 797 2324 I ActivityTaskManager: FOREGROUND_APPLICATION_CHANGED to com.android.settings.homepage.SettingsHomepageActivity
03-16 10:40:35.216 797 2324 I wm_set_resumed_activity: [0,com.android.settings/.Settings,resumeTopActivityInnerLocked]
03-16 10:40:35.216 797 2324 I wm_add_to_stopping: [0,28844568,com.android.launcher3/.uioverrides.QuickstepLauncher,makeInvisible]
03-16 10:40:35.218 797 2324 I wm_resume_activity: [0,8399530,27,com.android.settings/.Settings]
03-16 10:40:35.238 2471 2471 I wm_on_restart_called: [8399530,com.android.settings.Settings,performRestartActivity]
03-16 10:40:35.238 797 817 I sysui_multi_action: [757,803,799,window_time_0,802,0]
03-16 10:40:35.249 2471 2471 I wm_on_start_called: [8399530,com.android.settings.Settings,handleStartActivity]
03-16 10:40:35.249 2471 2471 I snet_event_log: [120484087,-1,]
03-16 10:40:35.250 2471 2471 I wm_on_resume_called: [8399530,com.android.settings.Settings,RESUME_ACTIVITY]
03-16 10:40:35.250 2471 2471 I sysui_multi_action: [757,35,758,1,833,0,1089,0]
03-16 10:40:35.257 797 1329 I input_focus: [Focus leaving efa3eda com.android.launcher3/com.android.launcher3.uioverrides.QuickstepLauncher (server),reason=NO_WINDOW]
03-16 10:40:35.261 2471 2471 I sysui_multi_action: [757,746,758,1,833,0,1089,0]
03-16 10:40:35.262 797 2012 D TelephonyRegistry: listen oscl: mHasNotifySubscriptionInfoChangedOccurred==false no callback
03-16 10:40:35.263 797 2330 D TelephonyRegistry: listen oscl: mHasNotifySubscriptionInfoChangedOccurred==false no callback
03-16 10:40:35.270 2471 2471 I wm_on_top_resumed_gained_called: [8399530,com.android.settings.Settings,topWhenResuming]
03-16 10:40:35.275 797 818 I input_focus: [Focus request c027675 com.android.settings/com.android.settings.Settings,reason=UpdateInputWindows]
03-16 10:40:35.289 2011 2236 D StartingSurfaceDrawer: Task start finish, remove starting surface for task 27
03-16 10:40:35.290 797 814 I sysui_multi_action: [319,37,321,33,322,89,325,956,757,761,758,9,759,4,806,com.android.settings,871,com.android.settings.Settings,904,com.android.launcher3,905,0,1320,4,1321,1]
03-16 10:40:35.290 797 1329 I input_focus: [Focus entering c027675 com.android.settings/com.android.settings.Settings (server),reason=setFocusedWindow]
03-16 10:40:35.319 797 2434 W FreeFormWindowHelper: Current Display FreeFormTask is null
01-01 23:58:51.734 0 0 I [schedu][0x44994af9e][10:40:35.339324] wlan: [3549:I:OSIF] scan start scan id 40970
03-16 10:40:35.777 797 817 I wm_stop_activity: [0,28844568,com.android.launcher3/.uioverrides.QuickstepLauncher]
03-16 10:40:35.803 2626 2626 I wm_on_stop_called: [28844568,com.android.launcher3.uioverrides.QuickstepLauncher,STOP_ACTIVITY_ITEM]
03-16 10:40:35.884 797 1329 I input_interaction: Interaction with: c027675 com.android.settings/com.android.settings.Settings (server), edge-swipe (server), swipe-up (server), PointerEventDispatcher0 (server),
03-16 10:40:35.978 797 1672 W FreeFormWindowHelper: Current Display FreeFormTask is null
03-16 10:40:35.978 797 2012 I wm_task_moved: [1,0,0]
03-16 10:40:35.979 797 2012 I wm_task_moved: [1,0,12]
03-16 10:40:35.980 797 1672 W FreeFormWindowHelper: Current Display FreeFormTask is null
03-16 10:40:35.986 2626 2626 I wm_on_restart_called: [28844568,com.android.launcher3.uioverrides.QuickstepLauncher,performRestartActivity]
03-16 10:40:35.987 797 1672 W FreeFormWindowHelper: Current Display FreeFormTask is null
03-16 10:40:35.988 797 2324 W FreeFormWindowHelper: Current Display FreeFormTask is null
03-16 10:40:36.022 2626 2626 I wm_on_start_called: [28844568,com.android.launcher3.uioverrides.QuickstepLauncher,handleStartActivity]
03-16 10:40:36.023 2471 2471 I view_enqueue_input_event: [Motion - Cancel,com.android.settings/com.android.settings.Settings]
03-16 10:40:36.023 797 818 I input_focus: [Focus request recents_animation_input_consumer,reason=UpdateInputWindows]
03-16 10:40:36.024 797 814 D AutofillManagerService: Close system dialogs
03-16 10:40:36.028 797 2324 W FreeFormWindowHelper: Current Display FreeFormTask is null
03-16 10:40:36.028 797 2324 W FreeFormWindowHelper: Current Display FreeFormTask is null
03-16 10:40:36.029 2626 2626 I sysui_latency: [1,63]
03-16 10:40:36.033 797 2012 W FreeFormWindowHelper: Current Display FreeFormTask is null
03-16 10:40:36.034 797 2324 W FreeFormWindowHelper: Current Display FreeFormTask is null
03-16 10:40:36.035 797 1329 I input_interaction: Interaction with: edge-swipe (server), swipe-up (server), PointerEventDispatcher0 (server),
03-16 10:40:36.039 797 2324 W FreeFormWindowHelper: Current Display FreeFormTask is null
03-16 10:40:36.039 797 2324 W FreeFormWindowHelper: Current Display FreeFormTask is null
03-16 10:40:36.040 797 1329 I input_focus: [Focus leaving c027675 com.android.settings/com.android.settings.Settings (server),reason=NOT_FOCUSABLE]
03-16 10:40:36.040 797 1329 I input_focus: [Focus entering recents_animation_input_consumer (server),reason=setFocusedWindow]
03-16 10:40:36.045 797 814 I sysui_multi_action: [319,10,322,59,325,957,757,761,758,9,759,5,806,com.android.launcher3,871,com.android.launcher3.uioverrides.QuickstepLauncher,905,0,1320,4,1321,1]
03-16 10:40:36.061 797 2012 W FreeFormWindowHelper: Current Display FreeFormTask is null
03-16 10:40:36.061 797 2012 W FreeFormWindowHelper: Current Display FreeFormTask is null
03-16 10:40:36.072 797 2324 W FreeFormWindowHelper: Current Display FreeFormTask is null
03-16 10:40:36.072 797 2324 W FreeFormWindowHelper: Current Display FreeFormTask is null
03-16 10:40:36.225 797 1297 I commit_sys_config_file: [settings-1-0,5]
03-16 10:40:36.338 797 822 I sysui_latency: [8,69]
03-16 10:40:36.412 797 2012 W FreeFormWindowHelper: exitRecentTasks type=0
03-16 10:40:36.424 797 2012 W FreeFormWindowHelper: Current Display FreeFormTask is null
03-16 10:40:36.424 797 2012 W FreeFormWindowHelper: Current Display FreeFormTask is null
01-01 23:58:52.909 0 0 I [schedu][0x44aece562][10:40:36.514228] wlan: [3549:I:OSIF] vdev 0, scan id 40970 type COMPLETED(1) reason COMPLETED(1) scan found 11 bss
03-16 10:40:36.601 2471 2471 I service_manager_stats: [100,38,958136]
03-16 10:40:36.620 797 1297 I commit_sys_config_file: [settings-1-0,4]
01-01 23:58:53.038 0 0 E DTC_ETH,link_delay_work_func: 3003, SQI=0, link=0
03-16 10:40:37.058 797 2012 W FreeFormWindowHelper: Current Display FreeFormTask is null
03-16 10:40:37.058 797 2921 W FreeFormWindowHelper: Current Display FreeFormTask is null
03-16 10:40:37.069 797 1672 I wm_task_moved: [1,1,13]
03-16 10:40:37.070 797 1672 I wm_task_moved: [13,1,2147483647]
03-16 10:40:37.070 797 1672 I wm_task_to_front: [0,13]
03-16 10:40:37.070 797 1672 I wm_focused_root_task: [0,0,1,27,RecentsAnimation.onAnimationFinished()]
03-16 10:40:37.070 797 1672 I wm_set_resumed_activity: [0,com.android.launcher3/.uioverrides.QuickstepLauncher,RecentsAnimation.onAnimationFinished()]
03-16 10:40:37.071 797 1672 I wm_pause_activity: [0,8399530,com.android.settings/.Settings,userLeaving=true,pauseBackTasks]
03-16 10:40:37.072 797 1672 I wm_add_to_stopping: [0,8399530,com.android.settings/.Settings,makeInvisible]
03-16 10:40:37.072 797 1672 I ActivityTaskManager: FOREGROUND_APPLICATION_CHANGED to com.android.launcher3.uioverrides.QuickstepLauncher
03-16 10:40:37.073 797 1672 I wm_set_resumed_activity: [0,com.android.launcher3/.uioverrides.QuickstepLauncher,resumeTopActivityInnerLocked]
03-16 10:40:37.076 797 1672 I wm_resume_activity: [0,28844568,13,com.android.launcher3/.uioverrides.QuickstepLauncher]
03-16 10:40:37.077 2471 2471 I wm_on_top_resumed_lost_called: [8399530,com.android.settings.Settings,topStateChangedWhenResumed]
03-16 10:40:37.078 2626 2626 I wm_on_resume_called: [28844568,com.android.launcher3.uioverrides.QuickstepLauncher,RESUME_ACTIVITY]
03-16 10:40:37.085 797 818 I input_focus: [Focus request efa3eda com.android.launcher3/com.android.launcher3.uioverrides.QuickstepLauncher,reason=UpdateInputWindows]
03-16 10:40:37.087 2626 2626 I wm_on_top_resumed_gained_called: [28844568,com.android.launcher3.uioverrides.QuickstepLauncher,topStateChangedWhenResumed]
03-16 10:40:37.088 2471 2471 I sysui_multi_action: [757,35,758,2,1089,1838]
03-16 10:40:37.091 797 2315 I wm_stop_activity: [0,8399530,com.android.settings/.Settings]
03-16 10:40:37.092 2471 2471 I sysui_multi_action: [757,746,758,2,1089,1831]
03-16 10:40:37.093 797 1329 I input_focus: [Focus leaving recents_animation_input_consumer (server),reason=NOT_VISIBLE]
03-16 10:40:37.093 797 1329 I input_focus: [Focus entering efa3eda com.android.launcher3/com.android.launcher3.uioverrides.QuickstepLauncher (server),reason=setFocusedWindow]
03-16 10:40:37.097 797 1672 I ActivityManager: PendingStartActivityUids startActivity to updateOomAdj delay:1114ms, uid:10074
03-16 10:40:37.097 797 817 I sysui_multi_action: [757,803,799,window_time_0,802,2]
03-16 10:40:37.097 797 817 I sysui_multi_action: [757,803,799,window_time_0,802,0]
03-16 10:40:37.098 2471 2471 I wm_on_paused_called: [8399530,com.android.settings.Settings,performPause]
03-16 10:40:37.115 2471 2471 I wm_on_stop_called: [8399530,com.android.settings.Settings,STOP_ACTIVITY_ITEM]
03-16 10:40:37.175 797 1329 I input_interaction: Interaction with: efa3eda com.android.launcher3/com.android.launcher3.uioverrides.QuickstepLauncher (server), eb1e2e4 com.android.systemui.ImageWallpaper (server), edge-swipe (server), swipe-up (server), PointerEventDispatcher0 (server),
03-16 10:40:37.176 797 797 I service_manager_stats: [100,47,9917]
03-16 10:40:37.186 797 2324 W FreeFormWindowHelper: Current Display FreeFormTask is null
03-16 10:40:37.279 797 2330 I thunderperf: PlatormCompat.setOverrides: Uid1=10074 Pid1=2626 Uid2=10074 Pid2=2626
03-16 10:40:37.279 797 2330 I thunderperf: PlatormCompat.setOverrides: needCheck:false
03-16 10:40:37.279 797 2330 I thunderperf: CompatConfig.addOverrideUnsafe: bef-state=0
03-16 10:40:37.279 797 2330 I thunderperf: CompatConfig.addOverrideUnsafe: aft-state=0
03-16 10:40:37.280 797 2330 I thunderperf: CompatConfig.addOverrideUnsafe: bef-state=0
03-16 10:40:37.280 797 2330 I thunderperf: CompatConfig.addOverrideUnsafe: aft-state=0
03-16 10:40:37.281 797 2330 I thunderperf: CompatConfig.addOverrideUnsafe: bef-state=0
03-16 10:40:37.281 797 2330 I thunderperf: CompatConfig.addOverrideUnsafe: aft-state=0
03-16 10:40:37.281 797 2330 I thunderperf: CompatConfig.addOverrideUnsafe: bef-state=0
03-16 10:40:37.281 797 2330 I thunderperf: CompatConfig.addOverrideUnsafe: aft-state=0
03-16 10:40:37.282 797 2330 I thunderperf: CompatConfig.addOverrideUnsafe: bef-state=0
03-16 10:40:37.282 797 2330 I thunderperf: CompatConfig.addOverrideUnsafe: aft-state=0
03-16 10:40:37.282 797 2330 I thunderperf: CompatConfig.addOverrideUnsafe: bef-state=0
03-16 10:40:37.282 797 2330 I thunderperf: CompatConfig.addOverrideUnsafe: aft-state=0
03-16 10:40:37.283 797 2330 I thunderperf: CompatConfig.addOverrideUnsafe: bef-state=0
03-16 10:40:37.283 797 2330 I thunderperf: CompatConfig.addOverrideUnsafe: aft-state=0
03-16 10:40:37.283 797 2330 I thunderperf: CompatConfig.addOverrideUnsafe: bef-state=0
03-16 10:40:37.283 797 2330 I thunderperf: CompatConfig.addOverrideUnsafe: aft-state=0
03-16 10:40:37.284 797 2330 I thunderperf: CompatConfig.addOverrideUnsafe: bef-state=0
03-16 10:40:37.284 797 2330 I thunderperf: CompatConfig.addOverrideUnsafe: aft-state=0
03-16 10:40:37.284 797 2330 I thunderperf: CompatConfig.addOverrideUnsafe: bef-state=0
03-16 10:40:37.284 797 2330 I thunderperf: CompatConfig.addOverrideUnsafe: aft-state=0
03-16 10:40:37.285 797 2330 I thunderperf: CompatConfig.addOverrideUnsafe: bef-state=0
03-16 10:40:37.285 797 2330 I thunderperf: CompatConfig.addOverrideUnsafe: aft-state=0
03-16 10:40:37.285 797 2330 I thunderperf: CompatConfig.addOverrideUnsafe: bef-state=0
03-16 10:40:37.285 797 2330 I thunderperf: CompatConfig.addOverrideUnsafe: aft-state=0
03-16 10:40:37.286 797 2330 I thunderperf: CompatConfig.addOverrideUnsafe: bef-state=0
03-16 10:40:37.286 797 2330 I thunderperf: CompatConfig.addOverrideUnsafe: aft-state=0
03-16 10:40:37.286 797 2330 I thunderperf: CompatConfig.addOverrideUnsafe: bef-state=0
03-16 10:40:37.286 797 2330 I thunderperf: CompatConfig.addOverrideUnsafe: aft-state=0
03-16 10:40:37.293 797 2330 I ActivityTaskManager: START u0 {act=android.intent.action.MAIN cat=[android.intent.category.LAUNCHER] flg=0x10200000 cmp=com.huawei.appmarket/.MainActivity bnds=[940,84][1216,358]} from uid 10074
03-16 10:40:37.301 797 2330 I wm_task_moved: [38,1,13]
03-16 10:40:37.301 797 2330 I wm_task_to_front: [0,38]
03-16 10:40:37.302 797 2330 I wm_focused_root_task: [0,0,38,1,bringingFoundTaskToFront]
03-16 10:40:37.302 797 2330 I wm_set_resumed_activity: [0,com.huawei.appmarket/.MainActivity,bringingFoundTaskToFront]
03-16 10:40:37.303 797 2330 I wm_new_intent: [0,236784880,38,com.huawei.appmarket/.MainActivity,android.intent.action.MAIN,NULL,NULL,270532608]
03-16 10:40:37.304 797 2330 D CompatibilityChangeReporter: Compat change id reported: 168419799; UID 10093; state: DISABLED
03-16 10:40:37.305 797 2330 I wm_pause_activity: [0,28844568,com.android.launcher3/.uioverrides.QuickstepLauncher,userLeaving=true,pauseBackTasks]
03-16 10:40:37.306 2011 2236 D PhoneStartingWindowTypeAlgorithm: preferredStartingWindowType newTask:false taskSwitch:true processRunning:true allowTaskSnapshot:true activityCreated:true useEmptySplashScreen:false legacySplashScreen:false topIsHome:false
03-16 10:40:37.306 2011 2236 D PhoneStartingWindowTypeAlgorithm: isSnapshotCompatible rotation 0 snapshot 0
03-16 10:40:37.310 797 2330 W FreeFormWindowHelper: Current Display FreeFormTask is null
03-16 10:40:37.311 2626 2626 I wm_on_top_resumed_lost_called: [28844568,com.android.launcher3.uioverrides.QuickstepLauncher,topStateChangedWhenResumed]
03-16 10:40:37.311 2626 2626 I wm_on_paused_called: [28844568,com.android.launcher3.uioverrides.QuickstepLauncher,performPause]
03-16 10:40:37.312 797 2315 I ActivityTaskManager: FOREGROUND_APPLICATION_CHANGED to com.huawei.appmarket.MainActivity
03-16 10:40:37.314 797 2315 I wm_set_resumed_activity: [0,com.huawei.appmarket/.MainActivity,resumeTopActivityInnerLocked]
03-16 10:40:37.315 797 2315 I wm_add_to_stopping: [0,28844568,com.android.launcher3/.uioverrides.QuickstepLauncher,makeInvisible]
03-16 10:40:37.316 797 2315 D CompatibilityChangeReporter: Compat change id reported: 174042980; UID 10093; state: DISABLED
03-16 10:40:37.317 797 2315 D CompatibilityChangeReporter: Compat change id reported: 181136395; UID 10093; state: DISABLED
03-16 10:40:37.317 797 2315 D CompatibilityChangeReporter: Compat change id reported: 174042936; UID 10093; state: DISABLED
03-16 10:40:37.318 797 2315 D CompatibilityChangeReporter: Compat change id reported: 184838306; UID 10093; state: DISABLED
03-16 10:40:37.318 797 2315 D CompatibilityChangeReporter: Compat change id reported: 185004937; UID 10093; state: DISABLED
03-16 10:40:37.318 797 2315 I wm_resume_activity: [0,236784880,38,com.huawei.appmarket/.MainActivity]
03-16 10:40:37.326 797 817 I am_uid_active: 10093
03-16 10:40:37.328 797 1329 I input_focus: [Focus leaving efa3eda com.android.launcher3/com.android.launcher3.uioverrides.QuickstepLauncher (server),reason=NO_WINDOW]
03-16 10:40:37.332 797 817 I sysui_multi_action: [757,803,799,window_time_0,802,0]
