03-16 10:41:08.105 797 2315 I wm_pause_activity: [0,28844568,com.android.launcher3/.uioverrides.QuickstepLauncher,userLeaving=true,pauseBackTasks]
03-16 10:41:08.106 2011 2236 D PhoneStartingWindowTypeAlgorithm: preferredStartingWindowType newTask:false taskSwitch:true processRunning:true allowTaskSnapshot:true activityCreated:true useEmptySplashScreen:false legacySplashScreen:false topIsHome:false
03-16 10:41:08.106 2011 2236 D PhoneStartingWindowTypeAlgorithm: isSnapshotCompatible rotation 0 snapshot 0
03-16 10:41:08.107 797 2315 W WindowManager: updateScale : 0.79357797
03-16 10:41:08.107 797 2315 W WindowManager: updateScale : 0.79357797
03-16 10:41:08.110 797 2315 W FreeFormWindowHelper: Current Display FreeFormTask is Task{a39c1f8 #43 type=standard A=10031:com.microsoft.emmx U=0 visible=false mode=freeform translucent=true sz=1}
03-16 10:41:08.112 2626 2626 I wm_on_top_resumed_lost_called: [28844568,com.android.launcher3.uioverrides.QuickstepLauncher,topStateChangedWhenResumed]
03-16 10:41:08.114 797 1672 W WindowManager: updateScale : 0.79357797
03-16 10:41:08.114 797 1672 W WindowManager: updateScale : 0.79357797
03-16 10:41:08.117 2626 2626 I wm_on_paused_called: [28844568,com.android.launcher3.uioverrides.QuickstepLauncher,performPause]
03-16 10:41:08.120 797 2315 I ActivityTaskManager: FOREGROUND_APPLICATION_CHANGED to com.huawei.appmarket.MainActivity
03-16 10:41:08.123 797 2315 I wm_set_resumed_activity: [0,com.huawei.appmarket/.MainActivity,resumeTopActivityInnerLocked]
03-16 10:41:08.123 797 2315 I wm_add_to_stopping: [0,28844568,com.android.launcher3/.uioverrides.QuickstepLauncher,makeInvisible]
03-16 10:41:08.135 797 2315 I wm_resume_activity: [0,236784880,38,com.huawei.appmarket/.MainActivity]
03-16 10:41:08.136 797 2315 W WindowManager: updateScale : 0.79357797
03-16 10:41:08.137 797 2315 W WindowManager: updateScale : 0.79357797
03-16 10:41:08.143 797 2315 W WindowManager: updateScale : 0.79357797
03-16 10:41:08.143 797 2315 W WindowManager: updateScale : 0.79357797
03-16 10:41:08.144 797 2315 W WindowManager: updateScale : 0.79357797
03-16 10:41:08.144 797 2315 W WindowManager: updateScale : 0.79357797
03-16 10:41:08.148 797 817 I sysui_multi_action: [757,803,799,window_time_0,802,1]
03-16 10:41:08.148 797 1514 W WindowManager: updateScale : 0.79357797
03-16 10:41:08.148 797 1514 W WindowManager: updateScale : 0.79357797
03-16 10:41:08.155 5644 5644 I wm_on_restart_called: [236784880,com.huawei.appmarket.MainActivity,performRestartActivity]
03-16 10:41:08.156 5644 5644 I wm_on_start_called: [236784880,com.huawei.appmarket.MainActivity,handleStartActivity]
03-16 10:41:08.158 5644 5644 I wm_on_resume_called: [236784880,com.huawei.appmarket.MainActivity,RESUME_ACTIVITY]
03-16 10:41:08.159 5644 5644 I wm_on_top_resumed_gained_called: [236784880,com.huawei.appmarket.MainActivity,topWhenResuming]
03-16 10:41:08.167 797 1672 W WindowManager: updateScale : 0.79357797
03-16 10:41:08.167 797 1672 W WindowManager: updateScale : 0.79357797
03-16 10:41:08.170 797 818 I input_focus: [Focus request 2909ed1 com.huawei.appmarket/com.huawei.appmarket.MainActivity,reason=UpdateInputWindows]
03-16 10:41:08.175 797 818 W WindowManager: updateScale : 0.79357797
03-16 10:41:08.175 797 818 W WindowManager: updateScale : 0.79357797
03-16 10:41:08.176 797 818 W WindowManager: updateScale : 0.79357797
03-16 10:41:08.176 797 818 W WindowManager: updateScale : 0.79357797
03-16 10:41:08.181 2011 2236 D StartingSurfaceDrawer: Task start finish, remove starting surface for task 38
03-16 10:41:08.184 797 814 I sysui_multi_action: [319,43,321,38,322,78,325,989,757,761,758,9,759,4,806,com.huawei.appmarket,871,com.huawei.appmarket.MainActivity,904,com.android.launcher3,905,0,1320,4,1321,4]
03-16 10:41:08.185 797 1329 I input_focus: [Focus leaving efa3eda com.android.launcher3/com.android.launcher3.uioverrides.QuickstepLauncher (server),reason=NO_WINDOW]
03-16 10:41:08.186 797 1329 I input_focus: [Focus entering 2909ed1 com.huawei.appmarket/com.huawei.appmarket.MainActivity (server),reason=setFocusedWindow]
03-16 10:41:08.237 797 2324 W FreeFormWindowHelper: Current Display FreeFormTask is Task{a39c1f8 #43 type=standard A=10031:com.microsoft.emmx U=0 visible=false mode=freeform translucent=true sz=1}
03-16 10:41:08.285 797 1672 W WindowManager: updateScale : 0.79357797
03-16 10:41:08.285 797 1672 W WindowManager: updateScale : 0.79357797
03-16 10:41:08.450 797 818 W WindowManager: updateScale : 0.79357797
03-16 10:41:08.451 797 818 W WindowManager: updateScale : 0.79357797
03-16 10:41:08.467 797 818 W WindowManager: updateScale : 0.79357797
03-16 10:41:08.467 797 818 W WindowManager: updateScale : 0.79357797
03-16 10:41:08.555 797 1329 I input_interaction: Interaction with: 2909ed1 com.huawei.appmarket/com.huawei.appmarket.MainActivity (server), edge-swipe (server), swipe-up (server), PointerEventDispatcher0 (server),
03-16 10:41:08.677 797 4608 W FreeFormWindowHelper: Current Display FreeFormTask is Task{a39c1f8 #43 type=standard A=10031:com.microsoft.emmx U=0 visible=false mode=freeform translucent=true sz=1}
03-16 10:41:08.677 797 4608 W FreeFormWindowHelper: Current Display FreeFormTask is Task{a39c1f8 #43 type=standard A=10031:com.microsoft.emmx U=0 visible=false mode=freeform translucent=true sz=1}
03-16 10:41:08.678 797 1672 I wm_task_moved: [1,0,0]
03-16 10:41:08.679 797 4608 W FreeFormWindowHelper: Current Display FreeFormTask is Task{a39c1f8 #43 type=standard A=10031:com.microsoft.emmx U=0 visible=false mode=freeform translucent=true sz=1}
03-16 10:41:08.679 797 1672 I wm_task_moved: [1,0,15]
03-16 10:41:08.680 797 4608 W FreeFormWindowHelper: Current Display FreeFormTask is Task{a39c1f8 #43 type=standard A=10031:com.microsoft.emmx U=0 visible=false mode=freeform translucent=true sz=1}
03-16 10:41:08.682 797 1672 W WindowManager: updateScale : 0.79357797
03-16 10:41:08.682 797 1672 W WindowManager: updateScale : 0.79357797
03-16 10:41:08.685 797 4608 W FreeFormWindowHelper: Current Display FreeFormTask is Task{a39c1f8 #43 type=standard A=10031:com.microsoft.emmx U=0 visible=false mode=freeform translucent=true sz=1}
03-16 10:41:08.686 797 1672 W WindowManager: updateScale : 0.79357797
03-16 10:41:08.686 797 1672 W WindowManager: updateScale : 0.79357797
03-16 10:41:08.686 797 4608 W FreeFormWindowHelper: Current Display FreeFormTask is Task{a39c1f8 #43 type=standard A=10031:com.microsoft.emmx U=0 visible=false mode=freeform translucent=true sz=1}
03-16 10:41:08.768 797 4443 W WindowManager: updateScale : 0.79357797
03-16 10:41:08.768 797 4443 W WindowManager: updateScale : 0.79357797
03-16 10:41:08.774 5644 5644 I view_enqueue_input_event: [Motion - Cancel,com.huawei.appmarket/com.huawei.appmarket.MainActivity]
03-16 10:41:08.775 797 2315 W FreeFormWindowHelper: Current Display FreeFormTask is Task{a39c1f8 #43 type=standard A=10031:com.microsoft.emmx U=0 visible=false mode=freeform translucent=true sz=1}
03-16 10:41:08.775 797 814 D AutofillManagerService: Close system dialogs
03-16 10:41:08.776 797 4443 W FreeFormWindowHelper: Current Display FreeFormTask is Task{a39c1f8 #43 type=standard A=10031:com.microsoft.emmx U=0 visible=false mode=freeform translucent=true sz=1}
03-16 10:41:08.788 797 1329 I input_interaction: Interaction with: edge-swipe (server), swipe-up (server), PointerEventDispatcher0 (server),
03-16 10:41:08.802 2626 2626 I sysui_latency: [1,7]
03-16 10:41:08.804 797 818 I input_focus: [Focus request recents_animation_input_consumer,reason=UpdateInputWindows]
03-16 10:41:08.804 797 2315 W FreeFormWindowHelper: Current Display FreeFormTask is Task{a39c1f8 #43 type=standard A=10031:com.microsoft.emmx U=0 visible=false mode=freeform translucent=true sz=1}
03-16 10:41:08.804 797 2315 W FreeFormWindowHelper: Current Display FreeFormTask is Task{a39c1f8 #43 type=standard A=10031:com.microsoft.emmx U=0 visible=false mode=freeform translucent=true sz=1}
03-16 10:41:08.806 797 2315 W FreeFormWindowHelper: Current Display FreeFormTask is Task{a39c1f8 #43 type=standard A=10031:com.microsoft.emmx U=0 visible=false mode=freeform translucent=true sz=1}
03-16 10:41:08.807 797 4443 W FreeFormWindowHelper: Current Display FreeFormTask is Task{a39c1f8 #43 type=standard A=10031:com.microsoft.emmx U=0 visible=false mode=freeform translucent=true sz=1}
03-16 10:41:08.817 797 4443 W FreeFormWindowHelper: Current Display FreeFormTask is Task{a39c1f8 #43 type=standard A=10031:com.microsoft.emmx U=0 visible=false mode=freeform translucent=true sz=1}
03-16 10:41:08.818 797 4443 W FreeFormWindowHelper: Current Display FreeFormTask is Task{a39c1f8 #43 type=standard A=10031:com.microsoft.emmx U=0 visible=false mode=freeform translucent=true sz=1}
03-16 10:41:08.821 797 1329 I input_focus: [Focus leaving 2909ed1 com.huawei.appmarket/com.huawei.appmarket.MainActivity (server),reason=NOT_FOCUSABLE]
03-16 10:41:08.821 797 1329 I input_focus: [Focus entering recents_animation_input_consumer (server),reason=setFocusedWindow]
03-16 10:41:08.835 797 2315 W FreeFormWindowHelper: Current Display FreeFormTask is Task{a39c1f8 #43 type=standard A=10031:com.microsoft.emmx U=0 visible=false mode=freeform translucent=true sz=1}
03-16 10:41:08.835 797 2315 W FreeFormWindowHelper: Current Display FreeFormTask is Task{a39c1f8 #43 type=standard A=10031:com.microsoft.emmx U=0 visible=false mode=freeform translucent=true sz=1}
03-16 10:41:08.925 797 4608 W WindowManager: updateScale : 0.79357797
03-16 10:41:08.925 797 4608 W WindowManager: updateScale : 0.79357797
03-16 10:41:08.926 797 4608 W WindowManager: updateScale : 0.79357797
03-16 10:41:08.926 797 4608 W WindowManager: updateScale : 0.79357797
03-16 10:41:09.011 797 1297 I commit_sys_config_file: [settings-1-0,10]
03-16 10:41:09.428 797 4608 W FreeFormWindowHelper: exitRecentTasks type=0
03-16 10:41:09.436 797 2315 W FreeFormWindowHelper: Current Display FreeFormTask is Task{a39c1f8 #43 type=standard A=10031:com.microsoft.emmx U=0 visible=false mode=freeform translucent=true sz=1}
03-16 10:41:09.437 797 4608 W FreeFormWindowHelper: Current Display FreeFormTask is Task{a39c1f8 #43 type=standard A=10031:com.microsoft.emmx U=0 visible=false mode=freeform translucent=true sz=1}
03-16 10:41:09.637 797 1297 I commit_sys_config_file: [settings-1-0,4]
03-16 10:41:09.983 797 4608 W FreeFormWindowHelper: Current Display FreeFormTask is Task{a39c1f8 #43 type=standard A=10031:com.microsoft.emmx U=0 visible=false mode=freeform translucent=true sz=1}
03-16 10:41:09.984 797 4443 W FreeFormWindowHelper: Current Display FreeFormTask is Task{a39c1f8 #43 type=standard A=10031:com.microsoft.emmx U=0 visible=false mode=freeform translucent=true sz=1}
03-16 10:41:09.990 797 4608 I wm_task_moved: [1,1,16]
03-16 10:41:09.992 797 4608 I wm_task_moved: [13,1,2147483647]
03-16 10:41:09.992 797 4608 I wm_task_to_front: [0,13]
03-16 10:41:09.992 797 4608 I wm_focused_root_task: [0,0,1,38,RecentsAnimation.onAnimationFinished()]
03-16 10:41:09.992 797 4608 I wm_set_resumed_activity: [0,com.android.launcher3/.uioverrides.QuickstepLauncher,RecentsAnimation.onAnimationFinished()]
03-16 10:41:09.993 797 4608 I wm_pause_activity: [0,236784880,com.huawei.appmarket/.MainActivity,userLeaving=true,pauseBackTasks]
03-16 10:41:09.994 797 4608 I wm_add_to_stopping: [0,236784880,com.huawei.appmarket/.MainActivity,makeInvisible]
03-16 10:41:09.994 797 4608 I ActivityTaskManager: FOREGROUND_APPLICATION_CHANGED to com.android.launcher3.uioverrides.QuickstepLauncher
03-16 10:41:09.995 797 4608 I wm_set_resumed_activity: [0,com.android.launcher3/.uioverrides.QuickstepLauncher,resumeTopActivityInnerLocked]
03-16 10:41:10.000 5644 5644 I wm_on_top_resumed_lost_called: [236784880,com.huawei.appmarket.MainActivity,topStateChangedWhenResumed]
03-16 10:41:10.002 797 4608 I wm_resume_activity: [0,28844568,13,com.android.launcher3/.uioverrides.QuickstepLauncher]
03-16 10:41:10.003 2626 2626 I wm_on_resume_called: [28844568,com.android.launcher3.uioverrides.QuickstepLauncher,RESUME_ACTIVITY]
03-16 10:41:10.004 797 4608 W WindowManager: updateScale : 0.79357797
03-16 10:41:10.004 797 4608 W WindowManager: updateScale : 0.79357797
03-16 10:41:10.008 797 4608 W WindowManager: updateScale : 0.79357797
03-16 10:41:10.008 797 4608 W WindowManager: updateScale : 0.79357797
03-16 10:41:10.011 797 818 I input_focus: [Focus request efa3eda com.android.launcher3/com.android.launcher3.uioverrides.QuickstepLauncher,reason=UpdateInputWindows]
03-16 10:41:10.013 2626 2626 I wm_on_top_resumed_gained_called: [28844568,com.android.launcher3.uioverrides.QuickstepLauncher,topStateChangedWhenResumed]
03-16 10:41:10.013 5644 5644 I wm_on_paused_called: [236784880,com.huawei.appmarket.MainActivity,performPause]
03-16 10:41:10.021 797 1672 I wm_stop_activity: [0,236784880,com.huawei.appmarket/.MainActivity]
03-16 10:41:10.024 797 1329 I input_focus: [Focus leaving recents_animation_input_consumer (server),reason=NOT_VISIBLE]
03-16 10:41:10.024 797 1329 I input_focus: [Focus entering efa3eda com.android.launcher3/com.android.launcher3.uioverrides.QuickstepLauncher (server),reason=setFocusedWindow]
03-16 10:41:10.027 797 817 I sysui_multi_action: [757,803,799,window_time_0,802,2]
03-16 10:41:10.027 797 817 I sysui_multi_action: [757,803,799,window_time_0,802,0]
03-16 10:41:10.039 797 1672 W WindowManager: updateScale : 0.79357797
03-16 10:41:10.040 797 1672 W WindowManager: updateScale : 0.79357797
03-16 10:41:10.072 5644 5644 I wm_on_stop_called: [236784880,com.huawei.appmarket.MainActivity,STOP_ACTIVITY_ITEM]
03-16 10:41:10.073 797 2315 W WindowManager: updateScale : 0.79357797
03-16 10:41:10.073 797 2315 W WindowManager: updateScale : 0.79357797
03-16 10:41:10.112 797 4443 W FreeFormWindowHelper: Current Display FreeFormTask is Task{a39c1f8 #43 type=standard A=10031:com.microsoft.emmx U=0 visible=false mode=freeform translucent=true sz=1}
03-16 10:41:10.329 797 1329 I input_interaction: Interaction with: efa3eda com.android.launcher3/com.android.launcher3.uioverrides.QuickstepLauncher (server), eb1e2e4 com.android.systemui.ImageWallpaper (server), edge-swipe (server), swipe-up (server), PointerEventDispatcher0 (server),
03-16 10:41:10.455 797 2315 I thunderperf: PlatormCompat.setOverrides: Uid1=10074 Pid1=2626 Uid2=10074 Pid2=2626
03-16 10:41:10.455 797 2315 I thunderperf: PlatormCompat.setOverrides: needCheck:false
03-16 10:41:10.456 797 2315 I thunderperf: CompatConfig.addOverrideUnsafe: bef-state=0
03-16 10:41:10.456 797 2315 I thunderperf: CompatConfig.addOverrideUnsafe: aft-state=0
03-16 10:41:10.456 797 2315 I thunderperf: CompatConfig.addOverrideUnsafe: bef-state=0
03-16 10:41:10.457 797 2315 I thunderperf: CompatConfig.addOverrideUnsafe: aft-state=0
03-16 10:41:10.457 797 2315 I thunderperf: CompatConfig.addOverrideUnsafe: bef-state=0
03-16 10:41:10.457 797 2315 I thunderperf: CompatConfig.addOverrideUnsafe: aft-state=0
03-16 10:41:10.458 797 2315 I thunderperf: CompatConfig.addOverrideUnsafe: bef-state=0
03-16 10:41:10.458 797 2315 I thunderperf: CompatConfig.addOverrideUnsafe: aft-state=0
03-16 10:41:10.458 797 2315 I thunderperf: CompatConfig.addOverrideUnsafe: bef-state=0
03-16 10:41:10.458 797 2315 I thunderperf: CompatConfig.addOverrideUnsafe: aft-state=0
03-16 10:41:10.459 797 2315 I thunderperf: CompatConfig.addOverrideUnsafe: bef-state=0
03-16 10:41:10.459 797 2315 I thunderperf: CompatConfig.addOverrideUnsafe: aft-state=0
03-16 10:41:10.459 797 2315 I thunderperf: CompatConfig.addOverrideUnsafe: bef-state=0
03-16 10:41:10.459 797 2315 I thunderperf: CompatConfig.addOverrideUnsafe: aft-state=0
03-16 10:41:10.460 797 2315 I thunderperf: CompatConfig.addOverrideUnsafe: bef-state=0
03-16 10:41:10.460 797 2315 I thunderperf: CompatConfig.addOverrideUnsafe: aft-state=0
03-16 10:41:10.460 797 2315 I thunderperf: CompatConfig.addOverrideUnsafe: bef-state=0
03-16 10:41:10.460 797 2315 I thunderperf: CompatConfig.addOverrideUnsafe: aft-state=0
03-16 10:41:10.461 797 2315 I thunderperf: CompatConfig.addOverrideUnsafe: bef-state=0
03-16 10:41:10.461 797 2315 I thunderperf: CompatConfig.addOverrideUnsafe: aft-state=0
03-16 10:41:10.461 797 2315 I thunderperf: CompatConfig.addOverrideUnsafe: bef-state=0
03-16 10:41:10.461 797 2315 I thunderperf: CompatConfig.addOverrideUnsafe: aft-state=0
03-16 10:41:10.462 797 2315 I thunderperf: CompatConfig.addOverrideUnsafe: bef-state=0
03-16 10:41:10.462 797 2315 I thunderperf: CompatConfig.addOverrideUnsafe: aft-state=0
03-16 10:41:10.462 797 2315 I thunderperf: CompatConfig.addOverrideUnsafe: bef-state=0
03-16 10:41:10.462 797 2315 I thunderperf: CompatConfig.addOverrideUnsafe: aft-state=0
03-16 10:41:10.463 797 2315 I thunderperf: CompatConfig.addOverrideUnsafe: bef-state=0
03-16 10:41:10.463 797 2315 I thunderperf: CompatConfig.addOverrideUnsafe: aft-state=0
03-16 10:41:10.471 797 2315 I ActivityTaskManager: START u0 {act=android.intent.action.MAIN cat=[android.intent.category.LAUNCHER] flg=0x10200000 cmp=com.sohu.inputmethod.sogou.car/.settingsui.SogouSettingsActivity bnds=[664,84][940,358]} from uid 10074
03-16 10:41:10.477 797 2315 I wm_task_created: [44,-1]
03-16 10:41:10.477 797 2315 W ActivityTaskManager: Can't find TaskDisplayArea to determine support for multi window. Task id=44 attached=false
03-16 10:41:10.478 797 2315 D CompatibilityChangeReporter: Compat change id reported: 174042980; UID 10023; state: DISABLED
03-16 10:41:10.478 797 2315 D CompatibilityChangeReporter: Compat change id reported: 184838306; UID 10023; state: DISABLED
03-16 10:41:10.478 797 2315 D CompatibilityChangeReporter: Compat change id reported: 185004937; UID 10023; state: DISABLED
03-16 10:41:10.478 797 2315 D CompatibilityChangeReporter: Compat change id reported: 181136395; UID 10023; state: DISABLED
03-16 10:41:10.479 797 2315 D CompatibilityChangeReporter: Compat change id reported: 174042936; UID 10023; state: DISABLED
03-16 10:41:10.479 797 2315 I wm_task_moved: [44,1,17]
03-16 10:41:10.479 797 2315 I wm_task_to_front: [0,44]
03-16 10:41:10.479 797 2315 I wm_create_task: [0,44]
03-16 10:41:10.479 797 2315 I wm_create_activity: [0,191834105,44,com.sohu.inputmethod.sogou.car/.settingsui.SogouSettingsActivity,android.intent.action.MAIN,NULL,NULL,278921216]
03-16 10:41:10.479 797 2315 I wm_task_moved: [44,1,17]
03-16 10:41:10.479 797 2315 D CompatibilityChangeReporter: Compat change id reported: 168419799; UID 10023; state: DISABLED
03-16 10:41:10.480 797 2315 V SplashScreenExceptionList: SplashScreen checking exception for package com.sohu.inputmethod.sogou.car (target sdk:21) -> false
03-16 10:41:10.480 2011 2236 D PhoneStartingWindowTypeAlgorithm: preferredStartingWindowType newTask:true taskSwitch:true processRunning:true allowTaskSnapshot:true activityCreated:false useEmptySplashScreen:false legacySplashScreen:false topIsHome:false
03-16 10:41:10.480 2011 2236 D StartingSurfaceDrawer: addSplashScreen com.sohu.inputmethod.sogou.car theme=10302e3 task=44 suggestType=1
03-16 10:41:10.480 797 2315 I wm_pause_activity: [0,28844568,com.android.launcher3/.uioverrides.QuickstepLauncher,userLeaving=true,pauseBackTasks]
03-16 10:41:10.481 797 2315 W WindowManager: updateScale : 0.79357797
03-16 10:41:10.481 797 2315 W WindowManager: updateScale : 0.79357797
03-16 10:41:10.481 2011 2236 D StartingSurfaceDrawer: addSplashScreen: creating context based on task Configuration {1.0 ?mcc?mnc [zh_CN] ldltr sw680dp w1182dp h612dp 240dpi lrg long hdr land finger -keyb/v/h -nav/h winConfig={ mBounds=Rect(303, 0 - 2077, 1020) mAppBounds=Rect(303, 0 - 2077, 954) mMaxBounds=Rect(0, 0 - 2380, 1020) mWindowingMode=fullscreen mDisplayWindowingMode=fullscreen mActivityType=standard mAlwaysOnTop=undefined mRotation=ROTATION_0} s.1 fontWeightAdjustment=0} for splash screen
03-16 10:41:10.481 2011 2236 D StartingSurfaceDrawer: addSplashScreen: apply overrideConfig{1.0 ?mcc?mnc [zh_CN] ldltr sw680dp w1182dp h612dp 240dpi lrg long hdr land finger -keyb/v/h -nav/h winConfig={ mBounds=Rect(303, 0 - 2077, 1020) mAppBounds=Rect(303, 0 - 2077, 954) mMaxBounds=Rect(0, 0 - 2380, 1020) mWindowingMode=fullscreen mDisplayWindowingMode=fullscreen mActivityType=standard mAlwaysOnTop=undefined mRotation=ROTATION_0} s.1 fontWeightAdjustment=0} to starting window resId=17170463
03-16 10:41:10.482 2011 2251 D StartingSurfaceDrawer: window attributes color: 0 icon null duration 0 brandImage null
03-16 10:41:10.482 2011 2251 D StartingSurfaceDrawer: The icon is not an AdaptiveIconDrawable
03-16 10:41:10.484 2011 2251 D StartingSurfaceDrawer: fillViewWithIcon surfaceWindowView android.window.SplashScreenView{8da56c8 V.E...... ......ID 0,0-0,0}
03-16 10:41:10.485 797 2315 W FreeFormWindowHelper: Current Display FreeFormTask is Task{a39c1f8 #43 type=standard A=10031:com.microsoft.emmx U=0 visible=false mode=freeform translucent=true sz=1}
03-16 10:41:10.486 2626 2626 I wm_on_top_resumed_lost_called: [28844568,com.android.launcher3.uioverrides.QuickstepLauncher,topStateChangedWhenResumed]
03-16 10:41:10.486 797 2315 W WindowManager: updateScale : 0.79357797
03-16 10:41:10.486 797 2315 W WindowManager: updateScale : 0.79357797
03-16 10:41:10.487 2626 2626 I wm_on_paused_called: [28844568,com.android.launcher3.uioverrides.QuickstepLauncher,performPause]
03-16 10:41:10.487 797 4608 I ActivityTaskManager: FOREGROUND_APPLICATION_CHANGED to com.sohu.inputmethod.sogou.car.settingsui.SogouSettingsActivity
03-16 10:41:10.488 797 4608 I ActivityTaskManager: The Process com.sohu.inputmethod.sogou.car Already Exists in BG. So sending its PID: 5583
03-16 10:41:10.488 797 4608 W ActivityTaskManager: Tried to set launchTime (0) < mLastActivityLaunchTime (806162)
03-16 10:41:10.488 797 4608 I wm_add_to_stopping: [0,28844568,com.android.launcher3/.uioverrides.QuickstepLauncher,makeInvisible]
03-16 10:41:10.488 797 4608 I wm_restart_activity: [0,191834105,44,com.sohu.inputmethod.sogou.car/.settingsui.SogouSettingsActivity]
03-16 10:41:10.489 797 4608 I wm_set_resumed_activity: [0,com.sohu.inputmethod.sogou.car/.settingsui.SogouSettingsActivity,minimalResumeActivityLocked]
03-16 10:41:10.490 797 4608 W WindowManager: updateScale : 0.79357797
03-16 10:41:10.490 797 4608 W WindowManager: updateScale : 0.79357797
03-16 10:41:10.491 797 817 I am_uid_active: 10023
03-16 10:41:10.499 5583 5583 I wm_on_create_called: [191834105,com.sohu.inputmethod.sogou.car.settingsui.SogouSettingsActivity,performCreate]
03-16 10:41:10.500 5583 5583 I wm_on_start_called: [191834105,com.sohu.inputmethod.sogou.car.settingsui.SogouSettingsActivity,handleStartActivity]
03-16 10:41:10.500 5583 5583 I wm_on_resume_called: [191834105,com.sohu.inputmethod.sogou.car.settingsui.SogouSettingsActivity,RESUME_ACTIVITY]
03-16 10:41:10.502 797 817 I sysui_multi_action: [757,803,799,window_time_0,802,1]
03-16 10:41:10.502 797 818 W WindowManager: updateScale : 0.79357797
03-16 10:41:10.502 797 818 W WindowManager: updateScale : 0.79357797
03-16 10:41:10.503 5583 5583 I wm_on_top_resumed_gained_called: [191834105,com.sohu.inputmethod.sogou.car.settingsui.SogouSettingsActivity,topStateChangedWhenResumed]
03-16 10:41:10.506 797 818 W WindowManager: updateScale : 0.79357797
03-16 10:41:10.506 797 818 W WindowManager: updateScale : 0.79357797
03-16 10:41:10.506 797 1329 I input_focus: [Focus leaving efa3eda com.android.launcher3/com.android.launcher3.uioverrides.QuickstepLauncher (server),reason=NO_WINDOW]
03-16 10:41:10.506 797 818 W WindowManager: updateScale : 0.79357797
03-16 10:41:10.506 797 818 W WindowManager: updateScale : 0.79357797
03-16 10:41:10.511 797 2324 W WindowManager: updateScale : 0.79357797
03-16 10:41:10.511 797 2324 W WindowManager: updateScale : 0.79357797
03-16 10:41:10.512 797 818 I input_focus: [Focus request b5be5d8 com.sohu.inputmethod.sogou.car/com.sohu.inputmethod.sogou.car.settingsui.SogouSettingsActivity,reason=UpdateInputWindows]
03-16 10:41:10.529 797 818 W WindowManager: updateScale : 0.79357797
03-16 10:41:10.529 797 818 W WindowManager: updateScale : 0.79357797
03-16 10:41:10.529 797 818 W WindowManager: updateScale : 0.79357797
03-16 10:41:10.529 797 818 W WindowManager: updateScale : 0.79357797
03-16 10:41:10.531 797 814 I sysui_multi_action: [319,34,321,32,322,59,325,992,757,761,758,8,759,1,806,com.sohu.inputmethod.sogou.car,871,com.sohu.inputmethod.sogou.car.settingsui.SogouSettingsActivity,904,com.android.launcher3,905,0,1320,4,1321,2]
03-16 10:41:10.532 797 814 I wm_activity_launch_time: [0,191834105,com.sohu.inputmethod.sogou.car/.settingsui.SogouSettingsActivity,59]
03-16 10:41:10.534 797 1672 I wm_finish_activity: [0,25253585,43,com.microsoft.emmx/com.microsoft.edge.fre.MicrosoftFirstRunActivity,recent-task-trimmed]
03-16 10:41:10.535 797 1672 I wm_pause_activity: [0,25253585,com.microsoft.emmx/com.microsoft.edge.fre.MicrosoftFirstRunActivity,userLeaving=false,finish]
03-16 10:41:10.537 797 817 I sysui_multi_action: [757,803,799,window_time_0,802,0]
03-16 10:41:10.538 2011 2236 D StartingSurfaceDrawer: Task start finish, remove starting surface for task 44
03-16 10:41:10.538 2011 2236 V StartingSurfaceDrawer: Removing splash screen window for task: 44
03-16 10:41:10.540 797 1329 I input_focus: [Focus entering b5be5d8 com.sohu.inputmethod.sogou.car/com.sohu.inputmethod.sogou.car.settingsui.SogouSettingsActivity (server),reason=setFocusedWindow]
03-16 10:41:10.541 4536 4536 I wm_on_paused_called: [25253585,com.microsoft.edge.fre.MicrosoftFirstRunActivity,performPause]
03-16 10:41:10.541 797 2324 I wm_add_to_stopping: [0,25253585,com.microsoft.emmx/com.microsoft.edge.fre.MicrosoftFirstRunActivity,completeFinishing]
03-16 10:41:10.544 797 817 I wm_destroy_activity: [0,25253585,43,com.microsoft.emmx/com.microsoft.edge.fre.MicrosoftFirstRunActivity,finish-imm:idle]
03-16 10:41:10.544 797 817 I sysui_multi_action: [757,803,799,window_time_0,802,0]
03-16 10:41:10.560 4536 4536 I wm_on_stop_called: [25253585,com.microsoft.edge.fre.MicrosoftFirstRunActivity,LIFECYCLER_STOP_ACTIVITY]
03-16 10:41:10.568 4536 4536 I wm_on_destroy_called: [25253585,com.microsoft.edge.fre.MicrosoftFirstRunActivity,performDestroy]
03-16 10:41:10.605 797 818 I wm_task_removed: [43,removeChild:removeChild last r=ActivityRecord{18156d1 u0 com.microsoft.emmx/com.microsoft.edge.fre.MicrosoftFirstRunActivity t-1 f}} in t=Task{a39c1f8 #43 type=standard A=10031:com.microsoft.emmx U=0 visible=false mode=freeform translucent=true sz=0}]
03-16 10:41:10.605 797 818 I wm_task_removed: [43,removeChild]
03-16 10:41:10.605 797 818 D FreeFormWindowHelper: Remove freefrom task=Task{a39c1f8 #43 type=standard A=10031:com.microsoft.emmx U=0 visible=false mode=freeform translucent=true sz=0}
03-16 10:41:10.643 797 2324 W FreeFormWindowHelper: Current Display FreeFormTask is null
03-16 10:41:10.643 797 4608 W FreeFormWindowHelper: Current Display FreeFormTask is null
03-16 10:41:10.809 797 1329 I input_interaction: Interaction with: b5be5d8 com.sohu.inputmethod.sogou.car/com.sohu.inputmethod.sogou.car.settingsui.SogouSettingsActivity (server), edge-swipe (server), swipe-up (server), PointerEventDispatcher0 (server),
03-16 10:41:10.909 797 4608 W FreeFormWindowHelper: Current Display FreeFormTask is null
03-16 10:41:10.909 797 2324 W FreeFormWindowHelper: Current Display FreeFormTask is null
03-16 10:41:10.910 797 4608 I wm_task_moved: [1,0,0]
03-16 10:41:10.910 797 2315 W FreeFormWindowHelper: Current Display FreeFormTask is null
03-16 10:41:10.910 797 4443 W FreeFormWindowHelper: Current Display FreeFormTask is null
03-16 10:41:10.910 797 4608 I wm_task_moved: [1,0,15]
03-16 10:41:10.911 797 2324 W FreeFormWindowHelper: Current Display FreeFormTask is null
03-16 10:41:10.911 797 2315 W FreeFormWindowHelper: Current Display FreeFormTask is null
03-16 10:41:10.922 797 2324 W FreeFormWindowHelper: Current Display FreeFormTask is null
03-16 10:41:10.922 797 2315 W FreeFormWindowHelper: Current Display FreeFormTask is null
03-16 10:41:11.000 5583 5583 I view_enqueue_input_event: [Motion - Cancel,com.sohu.inputmethod.sogou.car/com.sohu.inputmethod.sogou.car.settingsui.SogouSettingsActivity]
03-16 10:41:11.001 797 814 D AutofillManagerService: Close system dialogs
03-16 10:41:11.002 797 2324 W FreeFormWindowHelper: Current Display FreeFormTask is null
03-16 10:41:11.002 797 4608 W FreeFormWindowHelper: Current Display FreeFormTask is null
03-16 10:41:11.014 797 1329 I input_interaction: Interaction with: edge-swipe (server), swipe-up (server), PointerEventDispatcher0 (server),
03-16 10:41:11.020 2626 2626 I sysui_latency: [1,2]
03-16 10:41:11.020 797 818 I input_focus: [Focus request recents_animation_input_consumer,reason=UpdateInputWindows]
03-16 10:41:11.021 797 2324 W FreeFormWindowHelper: Current Display FreeFormTask is null
03-16 10:41:11.021 797 4443 W FreeFormWindowHelper: Current Display FreeFormTask is null
03-16 10:41:11.023 797 2324 W FreeFormWindowHelper: Current Display FreeFormTask is null
03-16 10:41:11.024 797 1672 W FreeFormWindowHelper: Current Display FreeFormTask is null
03-16 10:41:11.024 797 4443 W FreeFormWindowHelper: Current Display FreeFormTask is null
03-16 10:41:11.025 797 4443 W FreeFormWindowHelper: Current Display FreeFormTask is null
03-16 10:41:11.040 797 1672 W FreeFormWindowHelper: Current Display FreeFormTask is null
03-16 10:41:11.040 797 1672 W FreeFormWindowHelper: Current Display FreeFormTask is null
03-16 10:41:11.040 797 1329 I input_focus: [Focus leaving b5be5d8 com.sohu.inputmethod.sogou.car/com.sohu.inputmethod.sogou.car.settingsui.SogouSettingsActivity (server),reason=NOT_FOCUSABLE]
03-16 10:41:11.040 797 1329 I input_focus: [Focus entering recents_animation_input_consumer (server),reason=setFocusedWindow]
03-16 10:41:11.056 797 4443 W FreeFormWindowHelper: Current Display FreeFormTask is null
03-16 10:41:11.056 797 4443 W FreeFormWindowHelper: Current Display FreeFormTask is null
03-16 10:41:11.125 797 2870 E TaskPersister: File error accessing recents directory (directory doesn't exist?).
03-16 10:41:11.220 797 1297 I commit_sys_config_file: [settings-1-0,2]
03-16 10:41:12.477 797 4443 I wm_task_moved: [1,0,15]
03-16 10:41:12.477 797 4443 I wm_add_to_stopping: [0,28844568,com.android.launcher3/.uioverrides.QuickstepLauncher,makeInvisible]
03-16 10:41:12.480 797 817 I wm_stop_activity: [0,28844568,com.android.launcher3/.uioverrides.QuickstepLauncher]
03-16 10:41:12.480 797 818 I input_focus: [Focus request b5be5d8 com.sohu.inputmethod.sogou.car/com.sohu.inputmethod.sogou.car.settingsui.SogouSettingsActivity,reason=UpdateInputWindows]
03-16 10:41:12.485 797 4443 W FreeFormWindowHelper: Current Display FreeFormTask is null
03-16 10:41:12.485 797 4443 W FreeFormWindowHelper: Current Display FreeFormTask is null
01-01 23:59:28.879 0 0 E DTC_ETH,link_delay_work_func: 3003, SQI=0, link=0
03-16 10:41:12.492 797 4443 W FreeFormWindowHelper: exitRecentTasks type=0
03-16 10:41:12.495 2626 2626 I wm_on_stop_called: [28844568,com.android.launcher3.uioverrides.QuickstepLauncher,STOP_ACTIVITY_ITEM]
03-16 10:41:12.511 797 1329 I input_focus: [Focus leaving recents_animation_input_consumer (server),reason=NOT_VISIBLE]
03-16 10:41:12.511 797 1329 I input_focus: [Focus entering b5be5d8 com.sohu.inputmethod.sogou.car/com.sohu.inputmethod.sogou.car.settingsui.SogouSettingsActivity (server),reason=setFocusedWindow]
03-16 10:41:12.710 797 1297 I commit_sys_config_file: [settings-1-0,15]
03-16 10:41:12.775 797 1329 I input_interaction: Interaction with: b5be5d8 com.sohu.inputmethod.sogou.car/com.sohu.inputmethod.sogou.car.settingsui.SogouSettingsActivity (server), edge-swipe (server), swipe-up (server), PointerEventDispatcher0 (server),
03-16 10:41:12.791 797 1672 W FreeFormWindowHelper: Current Display FreeFormTask is null
03-16 10:41:12.791 797 4443 I wm_task_moved: [1,0,0]
03-16 10:41:12.792 797 4443 I wm_task_moved: [1,0,15]
03-16 10:41:12.794 797 1672 W FreeFormWindowHelper: Current Display FreeFormTask is null
03-16 10:41:12.811 2626 2626 I wm_on_restart_called: [28844568,com.android.launcher3.uioverrides.QuickstepLauncher,performRestartActivity]
03-16 10:41:12.812 797 4443 W FreeFormWindowHelper: Current Display FreeFormTask is null
03-16 10:41:12.812 797 2324 W FreeFormWindowHelper: Current Display FreeFormTask is null
03-16 10:41:12.826 2626 2626 I wm_on_start_called: [28844568,com.android.launcher3.uioverrides.QuickstepLauncher,handleStartActivity]
03-16 10:41:12.828 5583 5583 I view_enqueue_input_event: [Motion - Cancel,com.sohu.inputmethod.sogou.car/com.sohu.inputmethod.sogou.car.settingsui.SogouSettingsActivity]
03-16 10:41:12.828 797 814 D AutofillManagerService: Close system dialogs
03-16 10:41:12.829 797 818 I input_focus: [Focus request recents_animation_input_consumer,reason=UpdateInputWindows]
03-16 10:41:12.840 797 1329 I input_interaction: Interaction with: edge-swipe (server), swipe-up (server), PointerEventDispatcher0 (server),
03-16 10:41:12.841 797 1672 W FreeFormWindowHelper: Current Display FreeFormTask is null
03-16 10:41:12.842 797 1672 W FreeFormWindowHelper: Current Display FreeFormTask is null
03-16 10:41:12.843 2626 2626 I sysui_latency: [1,69]
03-16 10:41:12.847 797 1329 I input_focus: [Focus leaving b5be5d8 com.sohu.inputmethod.sogou.car/com.sohu.inputmethod.sogou.car.settingsui.SogouSettingsActivity (server),reason=NOT_FOCUSABLE]
03-16 10:41:12.847 797 1329 I input_focus: [Focus entering recents_animation_input_consumer (server),reason=setFocusedWindow]
03-16 10:41:12.848 797 4608 W FreeFormWindowHelper: Current Display FreeFormTask is null
03-16 10:41:12.850 797 1672 W FreeFormWindowHelper: Current Display FreeFormTask is null
03-16 10:41:12.851 797 1672 W FreeFormWindowHelper: Current Display FreeFormTask is null
03-16 10:41:12.851 797 1672 W FreeFormWindowHelper: Current Display FreeFormTask is null
03-16 10:41:12.858 797 814 I sysui_multi_action: [319,9,322,58,325,994,757,761,758,9,759,5,806,com.android.launcher3,871,com.android.launcher3.uioverrides.QuickstepLauncher,905,0,1320,4,1321,1]
03-16 10:41:12.870 797 4608 W FreeFormWindowHelper: Current Display FreeFormTask is null
03-16 10:41:12.870 797 4608 W FreeFormWindowHelper: Current Display FreeFormTask is null
03-16 10:41:12.877 797 4443 W FreeFormWindowHelper: Current Display FreeFormTask is null
03-16 10:41:12.877 797 4443 W FreeFormWindowHelper: Current Display FreeFormTask is null
03-16 10:41:12.930 797 4608 W FreeFormWindowHelper: exitRecentTasks type=0
03-16 10:41:12.937 797 4608 W FreeFormWindowHelper: Current Display FreeFormTask is null
03-16 10:41:12.937 797 4608 W FreeFormWindowHelper: Current Display FreeFormTask is null
03-16 10:41:13.028 797 1297 I commit_sys_config_file: [settings-1-0,4]
03-16 10:41:13.151 797 822 I sysui_latency: [8,71]
03-16 10:41:13.543 797 4608 W FreeFormWindowHelper: Current Display FreeFormTask is null
03-16 10:41:13.544 797 2324 W FreeFormWindowHelper: Current Display FreeFormTask is null
03-16 10:41:13.549 797 4608 I wm_task_moved: [1,1,16]
03-16 10:41:13.550 797 4608 I wm_task_moved: [13,1,2147483647]
03-16 10:41:13.550 797 4608 I wm_task_to_front: [0,13]
03-16 10:41:13.550 797 4608 I wm_focused_root_task: [0,0,1,44,RecentsAnimation.onAnimationFinished()]
03-16 10:41:13.550 5583 5583 I wm_on_top_resumed_lost_called: [191834105,com.sohu.inputmethod.sogou.car.settingsui.SogouSettingsActivity,topStateChangedWhenResumed]
03-16 10:41:13.551 797 4608 I wm_set_resumed_activity: [0,com.android.launcher3/.uioverrides.QuickstepLauncher,RecentsAnimation.onAnimationFinished()]
03-16 10:41:13.552 797 4608 I wm_pause_activity: [0,191834105,com.sohu.inputmethod.sogou.car/.settingsui.SogouSettingsActivity,userLeaving=true,pauseBackTasks]
03-16 10:41:13.554 797 4608 I wm_add_to_stopping: [0,191834105,com.sohu.inputmethod.sogou.car/.settingsui.SogouSettingsActivity,makeInvisible]
03-16 10:41:13.554 797 4608 I ActivityTaskManager: FOREGROUND_APPLICATION_CHANGED to com.android.launcher3.uioverrides.QuickstepLauncher
03-16 10:41:13.554 797 4608 I wm_set_resumed_activity: [0,com.android.launcher3/.uioverrides.QuickstepLauncher,resumeTopActivityInnerLocked]
03-16 10:41:13.557 797 4608 I service_manager_stats: [100,41,11110]
03-16 10:41:13.558 797 4608 I wm_resume_activity: [0,28844568,13,com.android.launcher3/.uioverrides.QuickstepLauncher]
03-16 10:41:13.559 2626 2626 I wm_on_resume_called: [28844568,com.android.launcher3.uioverrides.QuickstepLauncher,RESUME_ACTIVITY]
03-16 10:41:13.569 797 818 I input_focus: [Focus request efa3eda com.android.launcher3/com.android.launcher3.uioverrides.QuickstepLauncher,reason=UpdateInputWindows]
03-16 10:41:13.570 5583 5583 I wm_on_paused_called: [191834105,com.sohu.inputmethod.sogou.car.settingsui.SogouSettingsActivity,performPause]
03-16 10:41:13.571 2626 2626 I wm_on_top_resumed_gained_called: [28844568,com.android.launcher3.uioverrides.QuickstepLauncher,topStateChangedWhenResumed]
03-16 10:41:13.573 797 4443 I wm_stop_activity: [0,191834105,com.sohu.inputmethod.sogou.car/.settingsui.SogouSettingsActivity]
03-16 10:41:13.578 797 817 I sysui_multi_action: [757,803,799,window_time_0,802,3]
03-16 10:41:13.581 797 817 I sysui_multi_action: [757,803,799,window_time_0,802,0]
03-16 10:41:13.584 797 1329 I input_focus: [Focus leaving recents_animation_input_consumer (server),reason=NOT_VISIBLE]
03-16 10:41:13.584 797 1329 I input_focus: [Focus entering efa3eda com.android.launcher3/com.android.launcher3.uioverrides.QuickstepLauncher (server),reason=setFocusedWindow]
03-16 10:41:13.592 5583 5583 I wm_on_stop_called: [191834105,com.sohu.inputmethod.sogou.car.settingsui.SogouSettingsActivity,STOP_ACTIVITY_ITEM]
03-16 10:41:13.670 797 1672 W FreeFormWindowHelper: Current Display FreeFormTask is null
03-16 10:41:14.020 797 1329 I input_interaction: Interaction with: efa3eda com.android.launcher3/com.android.launcher3.uioverrides.QuickstepLauncher (server), eb1e2e4 com.android.systemui.ImageWallpaper (server), edge-swipe (server), swipe-up (server), PointerEventDispatcher0 (server),
03-16 10:41:15.083 797 4443 I thunderperf: PlatormCompat.setOverrides: Uid1=10074 Pid1=2626 Uid2=10074 Pid2=2626
03-16 10:41:15.083 797 4443 I thunderperf: PlatormCompat.setOverrides: needCheck:false
03-16 10:41:15.083 797 4443 I thunderperf: CompatConfig.addOverrideUnsafe: bef-state=0
03-16 10:41:15.083 797 4443 I thunderperf: CompatConfig.addOverrideUnsafe: aft-state=0
03-16 10:41:15.084 797 4443 I thunderperf: CompatConfig.addOverrideUnsafe: bef-state=0
03-16 10:41:15.084 797 4443 I thunderperf: CompatConfig.addOverrideUnsafe: aft-state=0
03-16 10:41:15.084 797 4443 I thunderperf: CompatConfig.addOverrideUnsafe: bef-state=0
03-16 10:41:15.084 797 4443 I thunderperf: CompatConfig.addOverrideUnsafe: aft-state=0
03-16 10:41:15.085 797 4443 I thunderperf: CompatConfig.addOverrideUnsafe: bef-state=0
03-16 10:41:15.085 797 4443 I thunderperf: CompatConfig.addOverrideUnsafe: aft-state=0
03-16 10:41:15.085 797 4443 I thunderperf: CompatConfig.addOverrideUnsafe: bef-state=0
03-16 10:41:15.085 797 4443 I thunderperf: CompatConfig.addOverrideUnsafe: aft-state=0
03-16 10:41:15.085 797 4443 I thunderperf: CompatConfig.addOverrideUnsafe: bef-state=0
03-16 10:41:15.085 797 4443 I thunderperf: CompatConfig.addOverrideUnsafe: aft-state=0
03-16 10:41:15.086 797 4443 I thunderperf: CompatConfig.addOverrideUnsafe: bef-state=0
03-16 10:41:15.086 797 4443 I thunderperf: CompatConfig.addOverrideUnsafe: aft-state=0
03-16 10:41:15.086 797 4443 I thunderperf: CompatConfig.addOverrideUnsafe: bef-state=0
03-16 10:41:15.086 797 4443 I thunderperf: CompatConfig.addOverrideUnsafe: aft-state=0
03-16 10:41:15.086 797 4443 I thunderperf: CompatConfig.addOverrideUnsafe: bef-state=0
03-16 10:41:15.086 797 4443 I thunderperf: CompatConfig.addOverrideUnsafe: aft-state=0
03-16 10:41:15.087 797 4443 I thunderperf: CompatConfig.addOverrideUnsafe: bef-state=0
03-16 10:41:15.087 797 4443 I thunderperf: CompatConfig.addOverrideUnsafe: aft-state=0
03-16 10:41:15.087 797 4443 I thunderperf: CompatConfig.addOverrideUnsafe: bef-state=0
03-16 10:41:15.087 797 4443 I thunderperf: CompatConfig.addOverrideUnsafe: aft-state=0
03-16 10:41:15.087 797 4443 I thunderperf: CompatConfig.addOverrideUnsafe: bef-state=0
03-16 10:41:15.087 797 4443 I thunderperf: CompatConfig.addOverrideUnsafe: aft-state=0
03-16 10:41:15.088 797 4443 I thunderperf: CompatConfig.addOverrideUnsafe: bef-state=0
03-16 10:41:15.088 797 4443 I thunderperf: CompatConfig.addOverrideUnsafe: aft-state=0
03-16 10:41:15.088 797 4443 I thunderperf: CompatConfig.addOverrideUnsafe: bef-state=0
03-16 10:41:15.088 797 4443 I thunderperf: CompatConfig.addOverrideUnsafe: aft-state=0
03-16 10:41:15.095 797 4443 I ActivityTaskManager: START u0 {act=android.intent.action.MAIN cat=[android.intent.category.LAUNCHER] flg=0x10200000 cmp=com.microsoft.emmx/com.microsoft.ruby.Main} from uid 10074
03-16 10:41:15.099 797 4443 I wm_task_created: [45,-1]
03-16 10:41:15.099 797 4443 W ActivityTaskManager: Can't find TaskDisplayArea to determine support for multi window. Task id=45 attached=false
03-16 10:41:15.100 797 4443 D FreeFormWindowHelper: Add freeform task=Task{93669c8 #45 type=standard ?? U=0 visible=false mode=freeform translucent=true sz=0}
03-16 10:41:15.104 797 4443 I wm_task_moved: [45,1,17]
03-16 10:41:15.104 797 4443 I wm_task_to_front: [0,45]
03-16 10:41:15.104 797 4443 I wm_create_task: [0,45]
03-16 10:41:15.104 797 4443 I wm_create_activity: [0,152447585,45,com.microsoft.emmx/com.microsoft.ruby.Main,android.intent.action.MAIN,NULL,NULL,270532608]
03-16 10:41:15.104 797 4443 I wm_task_moved: [45,1,17]
03-16 10:41:15.105 797 4443 I ActivityTaskManager: FOREGROUND_APPLICATION_CHANGED to org.chromium.chrome.browser.ChromeTabbedActivity
03-16 10:41:15.105 797 4443 I ActivityTaskManager: The Process com.microsoft.emmx Already Exists in BG. So sending its PID: 4536
03-16 10:41:15.105 797 4443 W ActivityTaskManager: Tried to set launchTime (0) < mLastActivityLaunchTime (985284)
03-16 10:41:15.106 797 4443 I wm_restart_activity: [0,152447585,45,com.microsoft.emmx/com.microsoft.ruby.Main]
03-16 10:41:15.106 797 4443 I wm_set_resumed_activity: [0,com.microsoft.emmx/com.microsoft.ruby.Main,minimalResumeActivityLocked]
03-16 10:41:15.109 2626 2626 I wm_on_top_resumed_lost_called: [28844568,com.android.launcher3.uioverrides.QuickstepLauncher,topStateChangedWhenResumed]
03-16 10:41:15.117 797 811 I thunderperf: PlatormCompat.setOverrides: Uid1=10031 Pid1=4536 Uid2=10031 Pid2=4536
03-16 10:41:15.117 797 811 I thunderperf: PlatormCompat.setOverrides: needCheck:false
03-16 10:41:15.117 797 811 I thunderperf: CompatConfig.addOverrideUnsafe: bef-state=0
03-16 10:41:15.117 797 811 I thunderperf: CompatConfig.addOverrideUnsafe: aft-state=0
03-16 10:41:15.117 797 811 W PackageManager: MATCH_ANY_USER flag requires INTERACT_ACROSS_USERS permission: UID 10031 requires android.permission.INTERACT_ACROSS_USERS_FULL or android.permission.INTERACT_ACROSS_USERS to access user 0.
03-16 10:41:15.118 797 811 I ActivityTaskManager: START u0 {cmp=com.microsoft.emmx/com.microsoft.edge.fre.MicrosoftFirstRunActivity (has extras)} from uid 10031
03-16 10:41:15.118 797 811 I wm_task_created: [46,-1]
03-16 10:41:15.118 797 811 W ActivityTaskManager: Can't find TaskDisplayArea to determine support for multi window. Task id=46 attached=false
03-16 10:41:15.119 797 811 D FreeFormWindowHelper: finish old freeform task = ActivityRecord{9162a61 u0 com.microsoft.emmx/com.microsoft.ruby.Main t45}
03-16 10:41:15.119 797 811 I wm_finish_activity: [0,152447585,45,com.microsoft.emmx/com.microsoft.ruby.Main,app-request]
03-16 10:41:15.119 797 811 I wm_task_moved: [1,1,18]
03-16 10:41:15.119 797 811 I wm_set_resumed_activity: [0,com.android.launcher3/.uioverrides.QuickstepLauncher,positionChildAt]
03-16 10:41:15.119 797 811 I wm_task_moved: [13,1,2147483647]
03-16 10:41:15.119 797 811 I wm_task_to_front: [0,13]
03-16 10:41:15.119 797 811 I wm_focused_root_task: [0,0,1,-1,finish-top adjustFocusToNextFocusableTask]
03-16 10:41:15.119 797 811 I wm_set_resumed_activity: [0,com.android.launcher3/.uioverrides.QuickstepLauncher,finish-top]
03-16 10:41:15.119 797 811 I wm_pause_activity: [0,152447585,com.microsoft.emmx/com.microsoft.ruby.Main,userLeaving=false,finish]
03-16 10:41:15.119 797 811 D FreeFormWindowHelper: Add freeform task=Task{c2c5a74 #46 type=standard ?? U=0 visible=false mode=freeform translucent=true sz=0}
03-16 10:41:15.120 797 811 I wm_task_moved: [46,1,18]
03-16 10:41:15.120 797 811 I wm_task_to_front: [0,46]
03-16 10:41:15.120 797 811 I wm_focused_root_task: [0,0,46,1,reuseOrNewTask]
03-16 10:41:15.120 797 811 I wm_create_task: [0,46]
03-16 10:41:15.120 797 811 I wm_create_activity: [0,204082077,46,com.microsoft.emmx/com.microsoft.edge.fre.MicrosoftFirstRunActivity,NULL,NULL,NULL,276824064]
03-16 10:41:15.121 797 811 I wm_task_moved: [46,1,18]
03-16 10:41:15.121 797 811 I ActivityTaskManager: Add Task{93669c8 #45 type=standard A=10031:com.microsoft.emmx U=0 visible=false mode=freeform translucent=true sz=1} to hidden list because adding Task{c2c5a74 #46 type=standard A=10031:com.microsoft.emmx U=0 visible=true mode=freeform translucent=true sz=1}
03-16 10:41:15.125 797 818 I input_focus: [Focus request efa3eda com.android.launcher3/com.android.launcher3.uioverrides.QuickstepLauncher,reason=UpdateInputWindows]
03-16 10:41:15.129 797 2012 W ActivityTaskManager: Finishing task with all activities already finished
03-16 10:41:15.129 797 2012 W ActivityTaskManager: Duplicate finish request for r=ActivityRecord{9162a61 u0 com.microsoft.emmx/com.microsoft.ruby.Main t45 f}}
03-16 10:41:15.129 4536 4536 I wm_on_create_called: [152447585,com.microsoft.ruby.Main,performCreate]
03-16 10:41:15.130 797 4443 I wm_add_to_stopping: [0,152447585,com.microsoft.emmx/com.microsoft.ruby.Main,completeFinishing]
03-16 10:41:15.130 797 4443 I ActivityTaskManager: FOREGROUND_APPLICATION_CHANGED to com.microsoft.edge.fre.MicrosoftFirstRunActivity
03-16 10:41:15.131 797 4443 I ActivityTaskManager: The Process com.microsoft.emmx Already Exists in BG. So sending its PID: 4536
03-16 10:41:15.131 797 4443 W ActivityTaskManager: Tried to set launchTime (0) < mLastActivityLaunchTime (996641)
03-16 10:41:15.131 797 4443 I wm_restart_activity: [0,204082077,46,com.microsoft.emmx/com.microsoft.edge.fre.MicrosoftFirstRunActivity]
03-16 10:41:15.132 797 4443 I wm_set_resumed_activity: [0,com.microsoft.emmx/com.microsoft.edge.fre.MicrosoftFirstRunActivity,minimalResumeActivityLocked]
03-16 10:41:15.133 797 817 I wm_destroy_activity: [0,152447585,45,com.microsoft.emmx/com.microsoft.ruby.Main,finish-imm:idle]
03-16 10:41:15.134 797 817 I sysui_multi_action: [757,803,799,window_time_0,802,1]
03-16 10:41:15.143 4536 4536 I wm_on_create_called: [204082077,com.microsoft.edge.fre.MicrosoftFirstRunActivity,performCreate]
03-16 10:41:15.144 4536 4536 I wm_on_start_called: [204082077,com.microsoft.edge.fre.MicrosoftFirstRunActivity,handleStartActivity]
03-16 10:41:15.145 4536 4536 I wm_on_resume_called: [204082077,com.microsoft.edge.fre.MicrosoftFirstRunActivity,RESUME_ACTIVITY]
03-16 10:41:15.147 4536 4536 I wm_on_top_resumed_gained_called: [204082077,com.microsoft.edge.fre.MicrosoftFirstRunActivity,topStateChangedWhenResumed]
03-16 10:41:15.147 4218 4218 I auditd : type=1400 audit(0.0:4065): avc: denied { call } for comm="CodecLooper" scontext=u:r:su:s0 tcontext=u:r:mediacodec:s0 tclass=binder permissive=1
03-16 10:41:15.150 4536 4536 I wm_on_destroy_called: [152447585,com.microsoft.ruby.Main,performDestroy]
03-16 10:41:15.151 797 4443 I wm_task_removed: [45,removeChild:removeChild last r=ActivityRecord{9162a61 u0 com.microsoft.emmx/com.microsoft.ruby.Main t-1 f}} in t=Task{93669c8 #45 type=standard A=10031:com.microsoft.emmx U=0 visible=false mode=freeform translucent=true sz=0}]
03-16 10:41:15.151 797 4443 I wm_task_removed: [45,removeChild]
03-16 10:41:15.162 797 4443 W WindowManager: updateScale : 0.79357797
03-16 10:41:15.162 797 4443 W WindowManager: updateScale : 0.79357797
03-16 10:41:15.170 797 4443 W WindowManager: updateScale : 0.79357797
03-16 10:41:15.170 797 4443 W WindowManager: updateScale : 0.79357797
03-16 10:41:15.172 797 818 I input_focus: [Focus request 43bd4f8 com.microsoft.emmx/com.microsoft.edge.fre.MicrosoftFirstRunActivity,reason=UpdateInputWindows]
03-16 10:41:15.175 797 818 W WindowManager: updateScale : 0.79357797
03-16 10:41:15.175 797 818 W WindowManager: updateScale : 0.79357797
03-16 10:41:15.176 797 818 W WindowManager: updateScale : 0.79357797
03-16 10:41:15.176 797 818 W WindowManager: updateScale : 0.79357797
03-16 10:41:15.178 797 818 W WindowManager: updateScale : 0.79357797
03-16 10:41:15.178 797 818 W WindowManager: updateScale : 0.79357797
03-16 10:41:15.179 797 814 I sysui_multi_action: [319,83,322,82,325,996,757,761,758,8,759,2,806,com.microsoft.emmx,871,com.microsoft.edge.fre.MicrosoftFirstRunActivity,904,com.microsoft.emmx,905,0,1320,4,1321,2]
03-16 10:41:15.180 797 818 W WindowManager: updateScale : 0.79357797
03-16 10:41:15.180 797 818 W WindowManager: updateScale : 0.79357797
03-16 10:41:15.180 797 814 I wm_activity_launch_time: [0,204082077,com.microsoft.emmx/com.microsoft.edge.fre.MicrosoftFirstRunActivity,82]
03-16 10:41:15.184 797 2434 I wm_finish_activity: [0,191834105,44,com.sohu.inputmethod.sogou.car/.settingsui.SogouSettingsActivity,recent-task-trimmed]
03-16 10:41:15.185 797 1329 I input_focus: [Focus leaving efa3eda com.android.launcher3/com.android.launcher3.uioverrides.QuickstepLauncher (server),reason=setFocusedWindow]
03-16 10:41:15.185 797 2434 I wm_destroy_activity: [0,191834105,44,com.sohu.inputmethod.sogou.car/.settingsui.SogouSettingsActivity,finish-imm:finishIfPossible]
03-16 10:41:15.185 797 1329 I input_focus: [Focus entering 43bd4f8 com.microsoft.emmx/com.microsoft.edge.fre.MicrosoftFirstRunActivity (server),reason=setFocusedWindow]
03-16 10:41:15.186 5583 5583 I wm_on_destroy_called: [191834105,com.sohu.inputmethod.sogou.car.settingsui.SogouSettingsActivity,performDestroy]
03-16 10:41:15.188 797 817 I sysui_multi_action: [757,803,799,window_time_2,802,0]
03-16 10:41:15.188 797 2434 W WindowManager: updateScale : 0.79357797
