03-16 10:41:15.188 797 2434 W WindowManager: updateScale : 0.79357797
03-16 10:41:15.190 797 2434 I wm_task_removed: [44,removeChild:removeChild last r=ActivityRecord{b6f27f9 u0 com.sohu.inputmethod.sogou.car/.settingsui.SogouSettingsActivity t-1 f}} in t=Task{7814c16 #44 type=standard A=10023:com.sohu.inputmethod.sogou.car U=0 visible=false mode=fullscreen translucent=true sz=0}]
03-16 10:41:15.190 797 822 W UsageStatsService: Unexpected activity event reported! (com.sohu.inputmethod.sogou.car/com.sohu.inputmethod.sogou.car.settingsui.SogouSettingsActivity event : 23 instanceId : 237193714)
03-16 10:41:15.190 797 2434 I wm_task_removed: [44,removeChild]
03-16 10:41:15.192 797 818 W ActivityTaskManager: Can't find TaskDisplayArea to determine support for multi window. Task id=44 attached=false
03-16 10:41:15.192 797 818 W ActivityTaskManager: Can't find TaskDisplayArea to determine support for multi window. Task id=44 attached=false
03-16 10:41:15.286 797 2324 W FreeFormWindowHelper: Current Display FreeFormTask is Task{c2c5a74 #46 type=standard A=10031:com.microsoft.emmx U=0 visible=true mode=freeform translucent=false sz=1}
03-16 10:41:15.286 797 2324 W FreeFormWindowHelper: Current Display FreeFormTask is Task{c2c5a74 #46 type=standard A=10031:com.microsoft.emmx U=0 visible=true mode=freeform translucent=false sz=1}
03-16 10:41:15.450 797 818 W WindowManager: updateScale : 0.79357797
03-16 10:41:15.450 797 818 W WindowManager: updateScale : 0.79357797
03-16 10:41:17.188 797 4443 I thunderperf: PlatormCompat.setOverrides: Uid1=10074 Pid1=2626 Uid2=10074 Pid2=2626
03-16 10:41:17.188 797 4443 I thunderperf: PlatormCompat.setOverrides: needCheck:false
03-16 10:41:17.188 797 4443 I thunderperf: CompatConfig.addOverrideUnsafe: bef-state=0
03-16 10:41:17.188 797 4443 I thunderperf: CompatConfig.addOverrideUnsafe: aft-state=0
03-16 10:41:17.189 797 4443 I thunderperf: CompatConfig.addOverrideUnsafe: bef-state=0
03-16 10:41:17.189 797 4443 I thunderperf: CompatConfig.addOverrideUnsafe: aft-state=0
03-16 10:41:17.190 797 4443 I thunderperf: CompatConfig.addOverrideUnsafe: bef-state=0
03-16 10:41:17.190 797 4443 I thunderperf: CompatConfig.addOverrideUnsafe: aft-state=0
03-16 10:41:17.191 797 4443 I thunderperf: CompatConfig.addOverrideUnsafe: bef-state=0
03-16 10:41:17.191 797 4443 I thunderperf: CompatConfig.addOverrideUnsafe: aft-state=0
03-16 10:41:17.191 797 4443 I thunderperf: CompatConfig.addOverrideUnsafe: bef-state=0
03-16 10:41:17.191 797 4443 I thunderperf: CompatConfig.addOverrideUnsafe: aft-state=0
03-16 10:41:17.192 797 4443 I thunderperf: CompatConfig.addOverrideUnsafe: bef-state=0
03-16 10:41:17.192 797 4443 I thunderperf: CompatConfig.addOverrideUnsafe: aft-state=0
03-16 10:41:17.193 797 4443 I thunderperf: CompatConfig.addOverrideUnsafe: bef-state=0
03-16 10:41:17.193 797 4443 I thunderperf: CompatConfig.addOverrideUnsafe: aft-state=0
03-16 10:41:17.194 797 4443 I thunderperf: CompatConfig.addOverrideUnsafe: bef-state=0
03-16 10:41:17.194 797 4443 I thunderperf: CompatConfig.addOverrideUnsafe: aft-state=0
03-16 10:41:17.194 797 4443 I thunderperf: CompatConfig.addOverrideUnsafe: bef-state=0
03-16 10:41:17.194 797 4443 I thunderperf: CompatConfig.addOverrideUnsafe: aft-state=0
03-16 10:41:17.195 797 4443 I thunderperf: CompatConfig.addOverrideUnsafe: bef-state=0
03-16 10:41:17.195 797 4443 I thunderperf: CompatConfig.addOverrideUnsafe: aft-state=0
03-16 10:41:17.195 797 4443 I thunderperf: CompatConfig.addOverrideUnsafe: bef-state=0
03-16 10:41:17.195 797 4443 I thunderperf: CompatConfig.addOverrideUnsafe: aft-state=0
03-16 10:41:17.196 797 4443 I thunderperf: CompatConfig.addOverrideUnsafe: bef-state=0
03-16 10:41:17.196 797 4443 I thunderperf: CompatConfig.addOverrideUnsafe: aft-state=0
03-16 10:41:17.197 797 4443 I thunderperf: CompatConfig.addOverrideUnsafe: bef-state=0
03-16 10:41:17.197 797 4443 I thunderperf: CompatConfig.addOverrideUnsafe: aft-state=0
03-16 10:41:17.198 797 4443 I thunderperf: CompatConfig.addOverrideUnsafe: bef-state=0
03-16 10:41:17.198 797 4443 I thunderperf: CompatConfig.addOverrideUnsafe: aft-state=0
03-16 10:41:17.209 797 4443 I ActivityTaskManager: START u0 {act=android.intent.action.MAIN cat=[android.intent.category.LAUNCHER] flg=0x10200000 cmp=com.sohu.inputmethod.sogou.car/.settingsui.SogouSettingsActivity bnds=[664,84][940,358]} from uid 10074
03-16 10:41:17.213 797 4443 I wm_task_created: [47,-1]
03-16 10:41:17.213 797 4443 W ActivityTaskManager: Can't find TaskDisplayArea to determine support for multi window. Task id=47 attached=false
03-16 10:41:17.215 797 4443 I wm_task_moved: [47,1,17]
03-16 10:41:17.215 797 4443 I wm_task_to_front: [0,47]
03-16 10:41:17.215 797 4443 I wm_create_task: [0,47]
03-16 10:41:17.215 797 4443 I wm_create_activity: [0,216744215,47,com.sohu.inputmethod.sogou.car/.settingsui.SogouSettingsActivity,android.intent.action.MAIN,NULL,NULL,278921216]
03-16 10:41:17.216 797 4443 I wm_task_moved: [47,1,17]
03-16 10:41:17.216 4536 4536 I wm_on_top_resumed_lost_called: [204082077,com.microsoft.edge.fre.MicrosoftFirstRunActivity,topStateChangedWhenResumed]
03-16 10:41:17.216 797 4443 V SplashScreenExceptionList: SplashScreen checking exception for package com.sohu.inputmethod.sogou.car (target sdk:21) -> false
03-16 10:41:17.217 2011 2236 D PhoneStartingWindowTypeAlgorithm: preferredStartingWindowType newTask:true taskSwitch:true processRunning:true allowTaskSnapshot:true activityCreated:false useEmptySplashScreen:false legacySplashScreen:false topIsHome:false
03-16 10:41:17.217 797 4443 I wm_pause_activity: [0,28844568,com.android.launcher3/.uioverrides.QuickstepLauncher,userLeaving=true,pauseBackTasks]
03-16 10:41:17.217 2011 2236 D StartingSurfaceDrawer: addSplashScreen com.sohu.inputmethod.sogou.car theme=10302e3 task=47 suggestType=1
03-16 10:41:17.218 797 4443 W WindowManager: updateScale : 0.79357797
03-16 10:41:17.218 797 4443 W WindowManager: updateScale : 0.79357797
03-16 10:41:17.218 2011 2236 D StartingSurfaceDrawer: addSplashScreen: creating context based on task Configuration {1.0 ?mcc?mnc [zh_CN] ldltr sw680dp w1182dp h612dp 240dpi lrg long hdr land finger -keyb/v/h -nav/h winConfig={ mBounds=Rect(303, 0 - 2077, 1020) mAppBounds=Rect(303, 0 - 2077, 954) mMaxBounds=Rect(0, 0 - 2380, 1020) mWindowingMode=fullscreen mDisplayWindowingMode=fullscreen mActivityType=standard mAlwaysOnTop=undefined mRotation=ROTATION_0} s.1 fontWeightAdjustment=0} for splash screen
03-16 10:41:17.218 2011 2236 D StartingSurfaceDrawer: addSplashScreen: apply overrideConfig{1.0 ?mcc?mnc [zh_CN] ldltr sw680dp w1182dp h612dp 240dpi lrg long hdr land finger -keyb/v/h -nav/h winConfig={ mBounds=Rect(303, 0 - 2077, 1020) mAppBounds=Rect(303, 0 - 2077, 954) mMaxBounds=Rect(0, 0 - 2380, 1020) mWindowingMode=fullscreen mDisplayWindowingMode=fullscreen mActivityType=standard mAlwaysOnTop=undefined mRotation=ROTATION_0} s.1 fontWeightAdjustment=0} to starting window resId=17170463
03-16 10:41:17.219 2011 2251 D StartingSurfaceDrawer: window attributes color: 0 icon null duration 0 brandImage null
03-16 10:41:17.219 797 2012 W FreeFormWindowHelper: Current Display FreeFormTask is Task{c2c5a74 #46 type=standard A=10031:com.microsoft.emmx U=0 visible=true mode=freeform translucent=false sz=1}
03-16 10:41:17.219 2011 2251 D StartingSurfaceDrawer: The icon is not an AdaptiveIconDrawable
03-16 10:41:17.220 2626 2626 I wm_on_paused_called: [28844568,com.android.launcher3.uioverrides.QuickstepLauncher,performPause]
03-16 10:41:17.221 797 4443 I ActivityTaskManager: FOREGROUND_APPLICATION_CHANGED to com.sohu.inputmethod.sogou.car.settingsui.SogouSettingsActivity
03-16 10:41:17.221 2011 2251 D StartingSurfaceDrawer: fillViewWithIcon surfaceWindowView android.window.SplashScreenView{d950b4b V.E...... ......ID 0,0-0,0}
03-16 10:41:17.221 797 4443 I ActivityTaskManager: The Process com.sohu.inputmethod.sogou.car Already Exists in BG. So sending its PID: 5583
03-16 10:41:17.222 797 4443 W ActivityTaskManager: Tried to set launchTime (0) < mLastActivityLaunchTime (992023)
03-16 10:41:17.222 797 4443 I wm_add_to_stopping: [0,28844568,com.android.launcher3/.uioverrides.QuickstepLauncher,makeInvisible]
03-16 10:41:17.222 797 4443 I wm_restart_activity: [0,216744215,47,com.sohu.inputmethod.sogou.car/.settingsui.SogouSettingsActivity]
03-16 10:41:17.223 797 4443 I wm_set_resumed_activity: [0,com.sohu.inputmethod.sogou.car/.settingsui.SogouSettingsActivity,minimalResumeActivityLocked]
03-16 10:41:17.228 797 817 I sysui_multi_action: [757,803,799,window_time_2,802,2]
03-16 10:41:17.234 5583 5583 I wm_on_create_called: [216744215,com.sohu.inputmethod.sogou.car.settingsui.SogouSettingsActivity,performCreate]
03-16 10:41:17.234 5583 5583 I wm_on_start_called: [216744215,com.sohu.inputmethod.sogou.car.settingsui.SogouSettingsActivity,handleStartActivity]
03-16 10:41:17.234 5583 5583 I wm_on_resume_called: [216744215,com.sohu.inputmethod.sogou.car.settingsui.SogouSettingsActivity,RESUME_ACTIVITY]
03-16 10:41:17.235 5583 5583 I wm_on_top_resumed_gained_called: [216744215,com.sohu.inputmethod.sogou.car.settingsui.SogouSettingsActivity,topStateChangedWhenResumed]
03-16 10:41:17.238 797 4443 W WindowManager: updateScale : 0.79357797
03-16 10:41:17.238 797 4443 W WindowManager: updateScale : 0.79357797
03-16 10:41:17.239 797 2012 W WindowManager: updateScale : 0.79357797
03-16 10:41:17.239 797 2012 W WindowManager: updateScale : 0.79357797
03-16 10:41:17.241 797 818 I input_focus: [Focus request c231d6e com.sohu.inputmethod.sogou.car/com.sohu.inputmethod.sogou.car.settingsui.SogouSettingsActivity,reason=UpdateInputWindows]
03-16 10:41:17.243 797 818 W WindowManager: updateScale : 0.79357797
03-16 10:41:17.243 797 818 W WindowManager: updateScale : 0.79357797
03-16 10:41:17.248 797 818 W WindowManager: updateScale : 0.79357797
03-16 10:41:17.248 797 818 W WindowManager: updateScale : 0.79357797
03-16 10:41:17.249 797 818 W WindowManager: updateScale : 0.79357797
03-16 10:41:17.249 797 818 W WindowManager: updateScale : 0.79357797
03-16 10:41:17.253 797 818 W WindowManager: updateScale : 0.79357797
03-16 10:41:17.253 797 818 W WindowManager: updateScale : 0.79357797
03-16 10:41:17.254 797 818 W WindowManager: updateScale : 0.79357797
03-16 10:41:17.254 797 818 W WindowManager: updateScale : 0.79357797
03-16 10:41:17.257 797 814 I sysui_multi_action: [319,38,321,36,322,47,325,998,757,761,758,8,759,1,806,com.sohu.inputmethod.sogou.car,871,com.sohu.inputmethod.sogou.car.settingsui.SogouSettingsActivity,904,com.android.launcher3,905,0,1320,4,1321,2]
03-16 10:41:17.257 797 814 I wm_activity_launch_time: [0,216744215,com.sohu.inputmethod.sogou.car/.settingsui.SogouSettingsActivity,47]
03-16 10:41:17.257 2011 2236 D StartingSurfaceDrawer: Task start finish, remove starting surface for task 47
03-16 10:41:17.258 2011 2236 V StartingSurfaceDrawer: Removing splash screen window for task: 47
03-16 10:41:17.258 797 1329 I input_focus: [Focus leaving 43bd4f8 com.microsoft.emmx/com.microsoft.edge.fre.MicrosoftFirstRunActivity (server),reason=Waiting for window because NOT_VISIBLE]
03-16 10:41:17.272 797 1329 I input_focus: [Focus entering c231d6e com.sohu.inputmethod.sogou.car/com.sohu.inputmethod.sogou.car.settingsui.SogouSettingsActivity (server),reason=Window became focusable. Previous reason: NOT_VISIBLE]
03-16 10:41:17.326 797 4443 W FreeFormWindowHelper: Current Display FreeFormTask is Task{c2c5a74 #46 type=standard A=10031:com.microsoft.emmx U=0 visible=false mode=freeform translucent=true sz=1}
01-01 23:59:33.996 0 0 E DTC_ETH,link_delay_work_func: 3003, SQI=0, link=0
03-16 10:41:17.623 797 4443 W WindowManager: updateScale : 0.79357797
03-16 10:41:17.623 797 4443 W WindowManager: updateScale : 0.79357797
03-16 10:41:17.624 797 2012 W WindowManager: updateScale : 0.79357797
03-16 10:41:17.624 797 2012 W WindowManager: updateScale : 0.79357797
03-16 10:41:17.773 797 817 I wm_stop_activity: [0,28844568,com.android.launcher3/.uioverrides.QuickstepLauncher]
03-16 10:41:17.789 797 818 W WindowManager: updateScale : 0.79357797
03-16 10:41:17.789 797 818 W WindowManager: updateScale : 0.79357797
03-16 10:41:17.789 797 818 W WindowManager: updateScale : 0.79357797
03-16 10:41:17.789 797 818 W WindowManager: updateScale : 0.79357797
03-16 10:41:17.790 797 818 W WindowManager: updateScale : 0.79357797
03-16 10:41:17.790 797 818 W WindowManager: updateScale : 0.79357797
03-16 10:41:17.791 797 2012 W WindowManager: updateScale : 0.79357797
03-16 10:41:17.791 797 2012 W WindowManager: updateScale : 0.79357797
03-16 10:41:17.791 797 4443 W WindowManager: updateScale : 0.79357797
03-16 10:41:17.791 797 4443 W WindowManager: updateScale : 0.79357797
03-16 10:41:17.792 2626 2626 I wm_on_stop_called: [28844568,com.android.launcher3.uioverrides.QuickstepLauncher,STOP_ACTIVITY_ITEM]
03-16 10:41:17.806 797 818 W WindowManager: updateScale : 0.79357797
03-16 10:41:17.806 797 818 W WindowManager: updateScale : 0.79357797
03-16 10:41:17.827 797 1329 I input_interaction: Interaction with: c231d6e com.sohu.inputmethod.sogou.car/com.sohu.inputmethod.sogou.car.settingsui.SogouSettingsActivity (server), edge-swipe (server), swipe-up (server), PointerEventDispatcher0 (server),
03-16 10:41:17.982 797 2324 W FreeFormWindowHelper: Current Display FreeFormTask is Task{c2c5a74 #46 type=standard A=10031:com.microsoft.emmx U=0 visible=false mode=freeform translucent=true sz=1}
03-16 10:41:17.982 797 2324 W FreeFormWindowHelper: Current Display FreeFormTask is Task{c2c5a74 #46 type=standard A=10031:com.microsoft.emmx U=0 visible=false mode=freeform translucent=true sz=1}
03-16 10:41:17.983 797 2324 I wm_task_moved: [1,0,0]
03-16 10:41:17.983 797 2324 I wm_task_moved: [1,0,16]
03-16 10:41:17.985 797 2324 W WindowManager: updateScale : 0.79357797
03-16 10:41:17.985 797 2324 W WindowManager: updateScale : 0.79357797
03-16 10:41:17.987 797 2012 W FreeFormWindowHelper: Current Display FreeFormTask is Task{c2c5a74 #46 type=standard A=10031:com.microsoft.emmx U=0 visible=false mode=freeform translucent=true sz=1}
03-16 10:41:17.988 797 2324 W FreeFormWindowHelper: Current Display FreeFormTask is Task{c2c5a74 #46 type=standard A=10031:com.microsoft.emmx U=0 visible=false mode=freeform translucent=true sz=1}
03-16 10:41:17.988 2626 2626 I wm_on_restart_called: [28844568,com.android.launcher3.uioverrides.QuickstepLauncher,performRestartActivity]
03-16 10:41:17.989 797 2324 W FreeFormWindowHelper: Current Display FreeFormTask is Task{c2c5a74 #46 type=standard A=10031:com.microsoft.emmx U=0 visible=false mode=freeform translucent=true sz=1}
03-16 10:41:17.989 797 2012 W FreeFormWindowHelper: Current Display FreeFormTask is Task{c2c5a74 #46 type=standard A=10031:com.microsoft.emmx U=0 visible=false mode=freeform translucent=true sz=1}
03-16 10:41:18.006 2626 2626 I wm_on_start_called: [28844568,com.android.launcher3.uioverrides.QuickstepLauncher,handleStartActivity]
03-16 10:41:18.008 797 2012 W WindowManager: updateScale : 0.79357797
03-16 10:41:18.008 797 2012 W WindowManager: updateScale : 0.79357797
03-16 10:41:18.010 797 2324 W FreeFormWindowHelper: Current Display FreeFormTask is Task{c2c5a74 #46 type=standard A=10031:com.microsoft.emmx U=0 visible=false mode=freeform translucent=true sz=1}
03-16 10:41:18.010 797 2324 W FreeFormWindowHelper: Current Display FreeFormTask is Task{c2c5a74 #46 type=standard A=10031:com.microsoft.emmx U=0 visible=false mode=freeform translucent=true sz=1}
03-16 10:41:18.013 797 818 W WindowManager: updateScale : 0.79357797
03-16 10:41:18.013 797 818 W WindowManager: updateScale : 0.79357797
03-16 10:41:18.014 797 818 W WindowManager: updateScale : 0.79357797
03-16 10:41:18.014 797 818 W WindowManager: updateScale : 0.79357797
03-16 10:41:18.015 797 818 W WindowManager: updateScale : 0.79357797
03-16 10:41:18.015 797 818 W WindowManager: updateScale : 0.79357797
03-16 10:41:18.016 797 814 I sysui_multi_action: [319,2,322,30,325,999,757,761,758,9,759,5,806,com.android.launcher3,871,com.android.launcher3.uioverrides.QuickstepLauncher,905,0,1320,4,1321,1]
03-16 10:41:18.023 797 2012 W FreeFormWindowHelper: Current Display FreeFormTask is Task{c2c5a74 #46 type=standard A=10031:com.microsoft.emmx U=0 visible=false mode=freeform translucent=true sz=1}
03-16 10:41:18.023 797 2012 W FreeFormWindowHelper: Current Display FreeFormTask is Task{c2c5a74 #46 type=standard A=10031:com.microsoft.emmx U=0 visible=false mode=freeform translucent=true sz=1}
03-16 10:41:18.088 5583 5583 I view_enqueue_input_event: [Motion - Cancel,com.sohu.inputmethod.sogou.car/com.sohu.inputmethod.sogou.car.settingsui.SogouSettingsActivity]
03-16 10:41:18.089 2626 2626 I sysui_latency: [1,33]
03-16 10:41:18.089 797 814 D AutofillManagerService: Close system dialogs
03-16 10:41:18.090 797 818 I input_focus: [Focus request recents_animation_input_consumer,reason=UpdateInputWindows]
03-16 10:41:18.090 797 4443 W FreeFormWindowHelper: Current Display FreeFormTask is Task{c2c5a74 #46 type=standard A=10031:com.microsoft.emmx U=0 visible=false mode=freeform translucent=true sz=1}
03-16 10:41:18.091 797 4443 W FreeFormWindowHelper: Current Display FreeFormTask is Task{c2c5a74 #46 type=standard A=10031:com.microsoft.emmx U=0 visible=false mode=freeform translucent=true sz=1}
03-16 10:41:18.101 797 1329 I input_interaction: Interaction with: edge-swipe (server), swipe-up (server), PointerEventDispatcher0 (server),
03-16 10:41:18.106 797 4443 W FreeFormWindowHelper: Current Display FreeFormTask is Task{c2c5a74 #46 type=standard A=10031:com.microsoft.emmx U=0 visible=false mode=freeform translucent=true sz=1}
03-16 10:41:18.106 797 4443 W FreeFormWindowHelper: Current Display FreeFormTask is Task{c2c5a74 #46 type=standard A=10031:com.microsoft.emmx U=0 visible=false mode=freeform translucent=true sz=1}
03-16 10:41:18.123 797 4443 W FreeFormWindowHelper: Current Display FreeFormTask is Task{c2c5a74 #46 type=standard A=10031:com.microsoft.emmx U=0 visible=false mode=freeform translucent=true sz=1}
03-16 10:41:18.123 797 2324 W FreeFormWindowHelper: Current Display FreeFormTask is Task{c2c5a74 #46 type=standard A=10031:com.microsoft.emmx U=0 visible=false mode=freeform translucent=true sz=1}
03-16 10:41:18.124 797 1329 I input_focus: [Focus leaving c231d6e com.sohu.inputmethod.sogou.car/com.sohu.inputmethod.sogou.car.settingsui.SogouSettingsActivity (server),reason=NOT_FOCUSABLE]
03-16 10:41:18.124 797 1329 I input_focus: [Focus entering recents_animation_input_consumer (server),reason=setFocusedWindow]
03-16 10:41:18.206 797 1297 I commit_sys_config_file: [settings-1-0,2]
03-16 10:41:18.207 797 818 W WindowManager: updateScale : 0.79357797
03-16 10:41:18.207 797 818 W WindowManager: updateScale : 0.79357797
03-16 10:41:18.316 797 822 I sysui_latency: [8,35]
03-16 10:41:18.446 797 4443 W FreeFormWindowHelper: exitRecentTasks type=0
03-16 10:41:18.457 797 2324 W FreeFormWindowHelper: Current Display FreeFormTask is Task{c2c5a74 #46 type=standard A=10031:com.microsoft.emmx U=0 visible=false mode=freeform translucent=true sz=1}
03-16 10:41:18.457 797 2324 W FreeFormWindowHelper: Current Display FreeFormTask is Task{c2c5a74 #46 type=standard A=10031:com.microsoft.emmx U=0 visible=false mode=freeform translucent=true sz=1}
03-16 10:41:18.607 797 2870 E TaskPersister: File error accessing recents directory (directory doesn't exist?).
03-16 10:41:18.649 797 1297 I commit_sys_config_file: [settings-1-0,2]
03-16 10:41:19.075 797 2434 W FreeFormWindowHelper: Current Display FreeFormTask is Task{c2c5a74 #46 type=standard A=10031:com.microsoft.emmx U=0 visible=false mode=freeform translucent=true sz=1}
03-16 10:41:19.075 797 2434 W FreeFormWindowHelper: Current Display FreeFormTask is Task{c2c5a74 #46 type=standard A=10031:com.microsoft.emmx U=0 visible=false mode=freeform translucent=true sz=1}
03-16 10:41:19.077 797 2434 I wm_task_moved: [1,1,17]
03-16 10:41:19.078 797 2434 I wm_task_moved: [13,1,2147483647]
03-16 10:41:19.078 797 2434 I wm_task_to_front: [0,13]
03-16 10:41:19.078 797 2434 I wm_focused_root_task: [0,0,1,47,RecentsAnimation.onAnimationFinished()]
03-16 10:41:19.078 797 2434 I wm_set_resumed_activity: [0,com.android.launcher3/.uioverrides.QuickstepLauncher,RecentsAnimation.onAnimationFinished()]
03-16 10:41:19.079 797 2434 I wm_pause_activity: [0,216744215,com.sohu.inputmethod.sogou.car/.settingsui.SogouSettingsActivity,userLeaving=true,pauseBackTasks]
03-16 10:41:19.079 797 2434 I wm_add_to_stopping: [0,216744215,com.sohu.inputmethod.sogou.car/.settingsui.SogouSettingsActivity,makeInvisible]
03-16 10:41:19.079 797 2434 I ActivityTaskManager: FOREGROUND_APPLICATION_CHANGED to com.android.launcher3.uioverrides.QuickstepLauncher
03-16 10:41:19.079 797 2434 I wm_set_resumed_activity: [0,com.android.launcher3/.uioverrides.QuickstepLauncher,resumeTopActivityInnerLocked]
03-16 10:41:19.081 797 2434 I wm_resume_activity: [0,28844568,13,com.android.launcher3/.uioverrides.QuickstepLauncher]
03-16 10:41:19.081 2626 2626 I wm_on_resume_called: [28844568,com.android.launcher3.uioverrides.QuickstepLauncher,RESUME_ACTIVITY]
03-16 10:41:19.082 797 2434 W WindowManager: updateScale : 0.79357797
03-16 10:41:19.082 797 2434 W WindowManager: updateScale : 0.79357797
03-16 10:41:19.084 797 2434 W WindowManager: updateScale : 0.79357797
03-16 10:41:19.084 797 2434 W WindowManager: updateScale : 0.79357797
03-16 10:41:19.085 797 818 I input_focus: [Focus request efa3eda com.android.launcher3/com.android.launcher3.uioverrides.QuickstepLauncher,reason=UpdateInputWindows]
03-16 10:41:19.087 797 817 I wm_stop_activity: [0,216744215,com.sohu.inputmethod.sogou.car/.settingsui.SogouSettingsActivity]
03-16 10:41:19.087 797 817 I sysui_multi_action: [757,803,799,window_time_0,802,2]
03-16 10:41:19.087 797 817 I sysui_multi_action: [757,803,799,window_time_0,802,0]
03-16 10:41:19.088 797 817 I ActivityManager: PendingStartActivityUids startActivity to updateOomAdj delay:1103ms, uid:10074
03-16 10:41:19.092 5583 5583 I wm_on_top_resumed_lost_called: [216744215,com.sohu.inputmethod.sogou.car.settingsui.SogouSettingsActivity,topStateChangedWhenResumed]
03-16 10:41:19.093 2626 2626 I wm_on_top_resumed_gained_called: [28844568,com.android.launcher3.uioverrides.QuickstepLauncher,topStateChangedWhenResumed]
03-16 10:41:19.093 5583 5583 I wm_on_paused_called: [216744215,com.sohu.inputmethod.sogou.car.settingsui.SogouSettingsActivity,performPause]
03-16 10:41:19.093 797 1329 I input_focus: [Focus leaving recents_animation_input_consumer (server),reason=NOT_VISIBLE]
03-16 10:41:19.095 5583 5583 I wm_on_stop_called: [216744215,com.sohu.inputmethod.sogou.car.settingsui.SogouSettingsActivity,STOP_ACTIVITY_ITEM]
03-16 10:41:19.109 797 2324 W WindowManager: updateScale : 0.79357797
03-16 10:41:19.109 797 2324 W WindowManager: updateScale : 0.79357797
03-16 10:41:19.110 797 1329 I input_focus: [Focus entering efa3eda com.android.launcher3/com.android.launcher3.uioverrides.QuickstepLauncher (server),reason=setFocusedWindow]
03-16 10:41:19.113 797 818 W WindowManager: updateScale : 0.79357797
03-16 10:41:19.113 797 818 W WindowManager: updateScale : 0.79357797
03-16 10:41:19.186 797 2434 W FreeFormWindowHelper: Current Display FreeFormTask is Task{c2c5a74 #46 type=standard A=10031:com.microsoft.emmx U=0 visible=false mode=freeform translucent=true sz=1}
03-16 10:41:19.277 797 1329 I input_interaction: Interaction with: efa3eda com.android.launcher3/com.android.launcher3.uioverrides.QuickstepLauncher (server), eb1e2e4 com.android.systemui.ImageWallpaper (server), edge-swipe (server), swipe-up (server), PointerEventDispatcher0 (server),
03-16 10:41:19.381 797 4443 I thunderperf: PlatormCompat.setOverrides: Uid1=10074 Pid1=2626 Uid2=10074 Pid2=2626
03-16 10:41:19.381 797 4443 I thunderperf: PlatormCompat.setOverrides: needCheck:false
03-16 10:41:19.381 797 4443 I thunderperf: CompatConfig.addOverrideUnsafe: bef-state=0
03-16 10:41:19.381 797 4443 I thunderperf: CompatConfig.addOverrideUnsafe: aft-state=0
03-16 10:41:19.382 797 4443 I thunderperf: CompatConfig.addOverrideUnsafe: bef-state=0
03-16 10:41:19.382 797 4443 I thunderperf: CompatConfig.addOverrideUnsafe: aft-state=0
03-16 10:41:19.383 797 4443 I thunderperf: CompatConfig.addOverrideUnsafe: bef-state=0
03-16 10:41:19.383 797 4443 I thunderperf: CompatConfig.addOverrideUnsafe: aft-state=0
03-16 10:41:19.383 797 4443 I thunderperf: CompatConfig.addOverrideUnsafe: bef-state=0
03-16 10:41:19.383 797 4443 I thunderperf: CompatConfig.addOverrideUnsafe: aft-state=0
03-16 10:41:19.384 797 4443 I thunderperf: CompatConfig.addOverrideUnsafe: bef-state=0
03-16 10:41:19.384 797 4443 I thunderperf: CompatConfig.addOverrideUnsafe: aft-state=0
03-16 10:41:19.384 797 4443 I thunderperf: CompatConfig.addOverrideUnsafe: bef-state=0
03-16 10:41:19.384 797 4443 I thunderperf: CompatConfig.addOverrideUnsafe: aft-state=0
03-16 10:41:19.385 797 4443 I thunderperf: CompatConfig.addOverrideUnsafe: bef-state=0
03-16 10:41:19.385 797 4443 I thunderperf: CompatConfig.addOverrideUnsafe: aft-state=0
03-16 10:41:19.385 797 4443 I thunderperf: CompatConfig.addOverrideUnsafe: bef-state=0
03-16 10:41:19.385 797 4443 I thunderperf: CompatConfig.addOverrideUnsafe: aft-state=0
03-16 10:41:19.385 797 4443 I thunderperf: CompatConfig.addOverrideUnsafe: bef-state=0
03-16 10:41:19.385 797 4443 I thunderperf: CompatConfig.addOverrideUnsafe: aft-state=0
03-16 10:41:19.386 797 4443 I thunderperf: CompatConfig.addOverrideUnsafe: bef-state=0
03-16 10:41:19.386 797 4443 I thunderperf: CompatConfig.addOverrideUnsafe: aft-state=0
03-16 10:41:19.386 797 4443 I thunderperf: CompatConfig.addOverrideUnsafe: bef-state=0
03-16 10:41:19.386 797 4443 I thunderperf: CompatConfig.addOverrideUnsafe: aft-state=0
03-16 10:41:19.387 797 4443 I thunderperf: CompatConfig.addOverrideUnsafe: bef-state=0
03-16 10:41:19.387 797 4443 I thunderperf: CompatConfig.addOverrideUnsafe: aft-state=0
03-16 10:41:19.387 797 4443 I thunderperf: CompatConfig.addOverrideUnsafe: bef-state=0
03-16 10:41:19.387 797 4443 I thunderperf: CompatConfig.addOverrideUnsafe: aft-state=0
03-16 10:41:19.388 797 4443 I thunderperf: CompatConfig.addOverrideUnsafe: bef-state=0
03-16 10:41:19.388 797 4443 I thunderperf: CompatConfig.addOverrideUnsafe: aft-state=0
03-16 10:41:19.396 797 4443 I ActivityTaskManager: START u0 {act=android.intent.action.MAIN cat=[android.intent.category.LAUNCHER] flg=0x10200000 cmp=com.huawei.appmarket/.MainActivity bnds=[940,84][1216,358]} from uid 10074
03-16 10:41:19.397 797 4443 I wm_task_moved: [38,1,17]
03-16 10:41:19.397 797 4443 I wm_task_to_front: [0,38]
03-16 10:41:19.398 797 4443 I wm_focused_root_task: [0,0,38,1,bringingFoundTaskToFront]
03-16 10:41:19.399 797 4443 I wm_set_resumed_activity: [0,com.huawei.appmarket/.MainActivity,bringingFoundTaskToFront]
03-16 10:41:19.399 797 4443 I wm_new_intent: [0,236784880,38,com.huawei.appmarket/.MainActivity,android.intent.action.MAIN,NULL,NULL,270532608]
03-16 10:41:19.401 797 4443 I wm_pause_activity: [0,28844568,com.android.launcher3/.uioverrides.QuickstepLauncher,userLeaving=true,pauseBackTasks]
03-16 10:41:19.402 2011 2236 D PhoneStartingWindowTypeAlgorithm: preferredStartingWindowType newTask:false taskSwitch:true processRunning:true allowTaskSnapshot:true activityCreated:true useEmptySplashScreen:false legacySplashScreen:false topIsHome:false
03-16 10:41:19.402 2011 2236 D PhoneStartingWindowTypeAlgorithm: isSnapshotCompatible rotation 0 snapshot 0
03-16 10:41:19.403 797 4443 W WindowManager: updateScale : 0.79357797
03-16 10:41:19.403 797 4443 W WindowManager: updateScale : 0.79357797
03-16 10:41:19.406 797 4443 W FreeFormWindowHelper: Current Display FreeFormTask is Task{c2c5a74 #46 type=standard A=10031:com.microsoft.emmx U=0 visible=false mode=freeform translucent=true sz=1}
03-16 10:41:19.407 2626 2626 I wm_on_top_resumed_lost_called: [28844568,com.android.launcher3.uioverrides.QuickstepLauncher,topStateChangedWhenResumed]
03-16 10:41:19.409 2626 2626 I wm_on_paused_called: [28844568,com.android.launcher3.uioverrides.QuickstepLauncher,performPause]
03-16 10:41:19.410 797 2434 W WindowManager: updateScale : 0.79357797
03-16 10:41:19.410 797 2434 W WindowManager: updateScale : 0.79357797
03-16 10:41:19.413 797 4443 I ActivityTaskManager: FOREGROUND_APPLICATION_CHANGED to com.huawei.appmarket.MainActivity
03-16 10:41:19.415 797 4443 I wm_set_resumed_activity: [0,com.huawei.appmarket/.MainActivity,resumeTopActivityInnerLocked]
03-16 10:41:19.415 797 4443 I wm_add_to_stopping: [0,28844568,com.android.launcher3/.uioverrides.QuickstepLauncher,makeInvisible]
03-16 10:41:19.418 797 4443 I wm_resume_activity: [0,236784880,38,com.huawei.appmarket/.MainActivity]
03-16 10:41:19.424 797 817 I sysui_multi_action: [757,803,799,window_time_0,802,0]
03-16 10:41:19.424 797 818 W WindowManager: updateScale : 0.79357797
03-16 10:41:19.424 797 818 W WindowManager: updateScale : 0.79357797
03-16 10:41:19.427 797 818 W WindowManager: updateScale : 0.79357797
03-16 10:41:19.427 797 818 W WindowManager: updateScale : 0.79357797
03-16 10:41:19.427 797 818 W WindowManager: updateScale : 0.79357797
03-16 10:41:19.427 797 818 W WindowManager: updateScale : 0.79357797
03-16 10:41:19.428 797 1329 I input_focus: [Focus leaving efa3eda com.android.launcher3/com.android.launcher3.uioverrides.QuickstepLauncher (server),reason=NO_WINDOW]
03-16 10:41:19.430 797 811 W WindowManager: updateScale : 0.79357797
03-16 10:41:19.430 797 811 W WindowManager: updateScale : 0.79357797
03-16 10:41:19.433 5644 5644 I wm_on_restart_called: [236784880,com.huawei.appmarket.MainActivity,performRestartActivity]
03-16 10:41:19.433 5644 5644 I wm_on_start_called: [236784880,com.huawei.appmarket.MainActivity,handleStartActivity]
03-16 10:41:19.435 5644 5644 I wm_on_resume_called: [236784880,com.huawei.appmarket.MainActivity,RESUME_ACTIVITY]
03-16 10:41:19.435 5644 5644 I wm_on_top_resumed_gained_called: [236784880,com.huawei.appmarket.MainActivity,topWhenResuming]
03-16 10:41:19.444 797 2434 W WindowManager: updateScale : 0.79357797
03-16 10:41:19.445 797 2434 W WindowManager: updateScale : 0.79357797
03-16 10:41:19.448 797 818 I input_focus: [Focus request 2909ed1 com.huawei.appmarket/com.huawei.appmarket.MainActivity,reason=UpdateInputWindows]
03-16 10:41:19.453 797 818 W WindowManager: updateScale : 0.79357797
03-16 10:41:19.453 797 818 W WindowManager: updateScale : 0.79357797
03-16 10:41:19.455 797 818 W WindowManager: updateScale : 0.79357797
03-16 10:41:19.455 797 818 W WindowManager: updateScale : 0.79357797
03-16 10:41:19.456 2011 2236 D StartingSurfaceDrawer: Task start finish, remove starting surface for task 38
03-16 10:41:19.457 797 814 I sysui_multi_action: [319,31,321,29,322,60,325,1000,757,761,758,9,759,4,806,com.huawei.appmarket,871,com.huawei.appmarket.MainActivity,904,com.android.launcher3,905,0,1320,4,1321,4]
03-16 10:41:19.463 797 1329 I input_focus: [Focus entering 2909ed1 com.huawei.appmarket/com.huawei.appmarket.MainActivity (server),reason=setFocusedWindow]
03-16 10:41:19.520 797 2324 W FreeFormWindowHelper: Current Display FreeFormTask is Task{c2c5a74 #46 type=standard A=10031:com.microsoft.emmx U=0 visible=false mode=freeform translucent=true sz=1}
03-16 10:41:19.560 797 2434 W WindowManager: updateScale : 0.79357797
03-16 10:41:19.561 797 2434 W WindowManager: updateScale : 0.79357797
03-16 10:41:19.728 797 818 W WindowManager: updateScale : 0.79357797
03-16 10:41:19.728 797 818 W WindowManager: updateScale : 0.79357797
03-16 10:41:19.744 797 818 W WindowManager: updateScale : 0.79357797
03-16 10:41:19.744 797 818 W WindowManager: updateScale : 0.79357797
03-16 10:41:19.953 797 1329 I input_interaction: Interaction with: 2909ed1 com.huawei.appmarket/com.huawei.appmarket.MainActivity (server), edge-swipe (server), swipe-up (server), PointerEventDispatcher0 (server),
03-16 10:41:19.970 797 817 I wm_stop_activity: [0,28844568,com.android.launcher3/.uioverrides.QuickstepLauncher]
03-16 10:41:19.973 797 818 W WindowManager: updateScale : 0.79357797
03-16 10:41:19.973 797 818 W WindowManager: updateScale : 0.79357797
03-16 10:41:19.993 797 822 I am_pss : [6080,10095,com.qiyi.video,133864448,118497280,0,244518912,0,10,12]
03-16 10:41:20.007 2626 2626 I wm_on_stop_called: [28844568,com.android.launcher3.uioverrides.QuickstepLauncher,STOP_ACTIVITY_ITEM]
03-16 10:41:20.011 797 2434 W WindowManager: updateScale : 0.79357797
03-16 10:41:20.011 797 2434 W WindowManager: updateScale : 0.79357797
03-16 10:41:20.045 797 2324 W FreeFormWindowHelper: Current Display FreeFormTask is Task{c2c5a74 #46 type=standard A=10031:com.microsoft.emmx U=0 visible=false mode=freeform translucent=true sz=1}
03-16 10:41:20.046 797 2012 I wm_task_moved: [1,0,0]
03-16 10:41:20.046 797 2012 I wm_task_moved: [1,0,16]
03-16 10:41:20.050 797 2434 W FreeFormWindowHelper: Current Display FreeFormTask is Task{c2c5a74 #46 type=standard A=10031:com.microsoft.emmx U=0 visible=false mode=freeform translucent=true sz=1}
03-16 10:41:20.052 797 2012 W WindowManager: updateScale : 0.79357797
03-16 10:41:20.052 797 2012 W WindowManager: updateScale : 0.79357797
03-16 10:41:20.059 2626 2626 I wm_on_restart_called: [28844568,com.android.launcher3.uioverrides.QuickstepLauncher,performRestartActivity]
03-16 10:41:20.060 797 2012 W FreeFormWindowHelper: Current Display FreeFormTask is Task{c2c5a74 #46 type=standard A=10031:com.microsoft.emmx U=0 visible=false mode=freeform translucent=true sz=1}
03-16 10:41:20.060 797 2434 W FreeFormWindowHelper: Current Display FreeFormTask is Task{c2c5a74 #46 type=standard A=10031:com.microsoft.emmx U=0 visible=false mode=freeform translucent=true sz=1}
03-16 10:41:20.082 2626 2626 I wm_on_start_called: [28844568,com.android.launcher3.uioverrides.QuickstepLauncher,handleStartActivity]
03-16 10:41:20.084 797 2012 W WindowManager: updateScale : 0.79357797
03-16 10:41:20.084 797 2012 W WindowManager: updateScale : 0.79357797
03-16 10:41:20.087 797 2012 W FreeFormWindowHelper: Current Display FreeFormTask is Task{c2c5a74 #46 type=standard A=10031:com.microsoft.emmx U=0 visible=false mode=freeform translucent=true sz=1}
03-16 10:41:20.088 797 2012 W FreeFormWindowHelper: Current Display FreeFormTask is Task{c2c5a74 #46 type=standard A=10031:com.microsoft.emmx U=0 visible=false mode=freeform translucent=true sz=1}
03-16 10:41:20.093 797 818 W WindowManager: updateScale : 0.79357797
03-16 10:41:20.093 797 818 W WindowManager: updateScale : 0.79357797
03-16 10:41:20.095 797 2012 W FreeFormWindowHelper: Current Display FreeFormTask is Task{c2c5a74 #46 type=standard A=10031:com.microsoft.emmx U=0 visible=false mode=freeform translucent=true sz=1}
03-16 10:41:20.096 797 2324 W FreeFormWindowHelper: Current Display FreeFormTask is Task{c2c5a74 #46 type=standard A=10031:com.microsoft.emmx U=0 visible=false mode=freeform translucent=true sz=1}
03-16 10:41:20.096 797 818 W WindowManager: updateScale : 0.79357797
03-16 10:41:20.096 797 818 W WindowManager: updateScale : 0.79357797
03-16 10:41:20.101 797 818 W WindowManager: updateScale : 0.79357797
03-16 10:41:20.101 797 818 W WindowManager: updateScale : 0.79357797
03-16 10:41:20.101 797 814 I sysui_multi_action: [319,10,322,50,325,1001,757,761,758,9,759,5,806,com.android.launcher3,871,com.android.launcher3.uioverrides.QuickstepLauncher,905,0,1320,4,1321,1]
03-16 10:41:20.106 797 814 D AutofillManagerService: Close system dialogs
03-16 10:41:20.106 2626 2626 I sysui_latency: [1,54]
03-16 10:41:20.107 797 2012 W FreeFormWindowHelper: Current Display FreeFormTask is Task{c2c5a74 #46 type=standard A=10031:com.microsoft.emmx U=0 visible=false mode=freeform translucent=true sz=1}
03-16 10:41:20.107 797 818 I input_focus: [Focus request recents_animation_input_consumer,reason=UpdateInputWindows]
03-16 10:41:20.107 797 818 W WindowManager: updateScale : 0.79357797
03-16 10:41:20.107 797 818 W WindowManager: updateScale : 0.79357797
03-16 10:41:20.108 797 2434 W FreeFormWindowHelper: Current Display FreeFormTask is Task{c2c5a74 #46 type=standard A=10031:com.microsoft.emmx U=0 visible=false mode=freeform translucent=true sz=1}
03-16 10:41:20.112 797 2324 W WindowManager: updateScale : 0.79357797
03-16 10:41:20.112 797 2324 W WindowManager: updateScale : 0.79357797
03-16 10:41:20.112 797 2324 W WindowManager: updateScale : 0.79357797
03-16 10:41:20.112 797 2324 W WindowManager: updateScale : 0.79357797
03-16 10:41:20.114 5644 5644 I view_enqueue_input_event: [Motion - Cancel,com.huawei.appmarket/com.huawei.appmarket.MainActivity]
03-16 10:41:20.115 797 2324 W FreeFormWindowHelper: Current Display FreeFormTask is Task{c2c5a74 #46 type=standard A=10031:com.microsoft.emmx U=0 visible=false mode=freeform translucent=true sz=1}
03-16 10:41:20.116 797 1329 I input_focus: [Focus leaving 2909ed1 com.huawei.appmarket/com.huawei.appmarket.MainActivity (server),reason=NOT_FOCUSABLE]
03-16 10:41:20.116 797 1329 I input_focus: [Focus entering recents_animation_input_consumer (server),reason=setFocusedWindow]
03-16 10:41:20.116 797 1329 I input_interaction: Interaction with: edge-swipe (server), swipe-up (server), PointerEventDispatcher0 (server),
03-16 10:41:20.116 797 811 W FreeFormWindowHelper: Current Display FreeFormTask is Task{c2c5a74 #46 type=standard A=10031:com.microsoft.emmx U=0 visible=false mode=freeform translucent=true sz=1}
03-16 10:41:20.117 797 818 W WindowManager: updateScale : 0.79357797
03-16 10:41:20.117 797 818 W WindowManager: updateScale : 0.79357797
03-16 10:41:20.129 797 2434 W WindowManager: updateScale : 0.79357797
03-16 10:41:20.129 797 2434 W WindowManager: updateScale : 0.79357797
03-16 10:41:20.132 797 2434 W FreeFormWindowHelper: Current Display FreeFormTask is Task{c2c5a74 #46 type=standard A=10031:com.microsoft.emmx U=0 visible=false mode=freeform translucent=true sz=1}
03-16 10:41:20.132 797 2434 W FreeFormWindowHelper: Current Display FreeFormTask is Task{c2c5a74 #46 type=standard A=10031:com.microsoft.emmx U=0 visible=false mode=freeform translucent=true sz=1}
03-16 10:41:20.198 797 2324 W WindowManager: updateScale : 0.79357797
03-16 10:41:20.198 797 2324 W WindowManager: updateScale : 0.79357797
03-16 10:41:20.199 797 2324 W WindowManager: updateScale : 0.79357797
03-16 10:41:20.199 797 2324 W WindowManager: updateScale : 0.79357797
03-16 10:41:20.284 797 1297 I commit_sys_config_file: [settings-1-0,3]
03-16 10:41:20.399 797 822 I sysui_latency: [8,60]
03-16 10:41:20.485 797 2324 W FreeFormWindowHelper: exitRecentTasks type=0
03-16 10:41:20.489 797 811 W FreeFormWindowHelper: Current Display FreeFormTask is Task{c2c5a74 #46 type=standard A=10031:com.microsoft.emmx U=0 visible=false mode=freeform translucent=true sz=1}
03-16 10:41:20.490 797 811 W FreeFormWindowHelper: Current Display FreeFormTask is Task{c2c5a74 #46 type=standard A=10031:com.microsoft.emmx U=0 visible=false mode=freeform translucent=true sz=1}
03-16 10:41:20.696 797 1297 I commit_sys_config_file: [settings-1-0,9]
03-16 10:41:21.042 797 811 W FreeFormWindowHelper: Current Display FreeFormTask is Task{c2c5a74 #46 type=standard A=10031:com.microsoft.emmx U=0 visible=false mode=freeform translucent=true sz=1}
03-16 10:41:21.042 797 2324 W FreeFormWindowHelper: Current Display FreeFormTask is Task{c2c5a74 #46 type=standard A=10031:com.microsoft.emmx U=0 visible=false mode=freeform translucent=true sz=1}
03-16 10:41:21.048 797 2434 I wm_task_moved: [1,1,17]
03-16 10:41:21.050 797 2434 I wm_task_moved: [13,1,2147483647]
03-16 10:41:21.050 797 2434 I wm_task_to_front: [0,13]
03-16 10:41:21.050 797 2434 I wm_focused_root_task: [0,0,1,38,RecentsAnimation.onAnimationFinished()]
03-16 10:41:21.051 797 2434 I wm_set_resumed_activity: [0,com.android.launcher3/.uioverrides.QuickstepLauncher,RecentsAnimation.onAnimationFinished()]
03-16 10:41:21.052 797 2434 I wm_pause_activity: [0,236784880,com.huawei.appmarket/.MainActivity,userLeaving=true,pauseBackTasks]
03-16 10:41:21.053 797 2434 I wm_add_to_stopping: [0,236784880,com.huawei.appmarket/.MainActivity,makeInvisible]
03-16 10:41:21.053 797 2434 I ActivityTaskManager: FOREGROUND_APPLICATION_CHANGED to com.android.launcher3.uioverrides.QuickstepLauncher
03-16 10:41:21.053 797 2434 I wm_set_resumed_activity: [0,com.android.launcher3/.uioverrides.QuickstepLauncher,resumeTopActivityInnerLocked]
03-16 10:41:21.060 5644 5644 I wm_on_top_resumed_lost_called: [236784880,com.huawei.appmarket.MainActivity,topStateChangedWhenResumed]
03-16 10:41:21.061 797 2434 I wm_resume_activity: [0,28844568,13,com.android.launcher3/.uioverrides.QuickstepLauncher]
03-16 10:41:21.062 2626 2626 I wm_on_resume_called: [28844568,com.android.launcher3.uioverrides.QuickstepLauncher,RESUME_ACTIVITY]
03-16 10:41:21.063 797 2434 W WindowManager: updateScale : 0.79357797
03-16 10:41:21.063 797 2434 W WindowManager: updateScale : 0.79357797
03-16 10:41:21.067 797 2434 W WindowManager: updateScale : 0.79357797
03-16 10:41:21.067 797 2434 W WindowManager: updateScale : 0.79357797
03-16 10:41:21.069 797 818 I input_focus: [Focus request efa3eda com.android.launcher3/com.android.launcher3.uioverrides.QuickstepLauncher,reason=UpdateInputWindows]
03-16 10:41:21.071 5644 5644 I wm_on_paused_called: [236784880,com.huawei.appmarket.MainActivity,performPause]
03-16 10:41:21.072 2626 2626 I wm_on_top_resumed_gained_called: [28844568,com.android.launcher3.uioverrides.QuickstepLauncher,topStateChangedWhenResumed]
03-16 10:41:21.074 797 2012 I wm_stop_activity: [0,236784880,com.huawei.appmarket/.MainActivity]
03-16 10:41:21.083 797 1329 I input_focus: [Focus leaving recents_animation_input_consumer (server),reason=NOT_VISIBLE]
03-16 10:41:21.083 797 817 I sysui_multi_action: [757,803,799,window_time_0,802,2]
03-16 10:41:21.083 797 1329 I input_focus: [Focus entering efa3eda com.android.launcher3/com.android.launcher3.uioverrides.QuickstepLauncher (server),reason=setFocusedWindow]
03-16 10:41:21.086 797 817 I ActivityManager: PendingStartActivityUids startActivity to updateOomAdj delay:1035ms, uid:10074
03-16 10:41:21.086 797 817 I sysui_multi_action: [757,803,799,window_time_0,802,0]
03-16 10:41:21.111 5644 5644 I wm_on_stop_called: [236784880,com.huawei.appmarket.MainActivity,STOP_ACTIVITY_ITEM]
03-16 10:41:21.113 797 4608 W WindowManager: updateScale : 0.79357797
03-16 10:41:21.113 797 4608 W WindowManager: updateScale : 0.79357797
03-16 10:41:21.178 797 2434 W FreeFormWindowHelper: Current Display FreeFormTask is Task{c2c5a74 #46 type=standard A=10031:com.microsoft.emmx U=0 visible=false mode=freeform translucent=true sz=1}
03-16 10:41:22.423 797 2870 E TaskPersister: File error accessing recents directory (directory doesn't exist?).
01-01 23:59:39.116 0 0 E DTC_ETH,link_delay_work_func: 3003, SQI=0, link=0
03-16 10:41:23.339 797 1329 I input_interaction: Interaction with: efa3eda com.android.launcher3/com.android.launcher3.uioverrides.QuickstepLauncher (server), eb1e2e4 com.android.systemui.ImageWallpaper (server), edge-swipe (server), swipe-up (server), PointerEventDispatcher0 (server),
03-16 10:41:23.498 797 2324 I thunderperf: PlatormCompat.setOverrides: Uid1=10074 Pid1=2626 Uid2=10074 Pid2=2626
03-16 10:41:23.498 797 2324 I thunderperf: PlatormCompat.setOverrides: needCheck:false
03-16 10:41:23.499 797 2324 I thunderperf: CompatConfig.addOverrideUnsafe: bef-state=0
03-16 10:41:23.499 797 2324 I thunderperf: CompatConfig.addOverrideUnsafe: aft-state=0
03-16 10:41:23.503 797 2324 I thunderperf: CompatConfig.addOverrideUnsafe: bef-state=0
03-16 10:41:23.503 797 2324 I thunderperf: CompatConfig.addOverrideUnsafe: aft-state=0
03-16 10:41:23.504 797 2324 I thunderperf: CompatConfig.addOverrideUnsafe: bef-state=0
03-16 10:41:23.504 797 2324 I thunderperf: CompatConfig.addOverrideUnsafe: aft-state=0
03-16 10:41:23.504 797 2324 I thunderperf: CompatConfig.addOverrideUnsafe: bef-state=0
03-16 10:41:23.505 797 2324 I thunderperf: CompatConfig.addOverrideUnsafe: aft-state=0
03-16 10:41:23.505 797 2324 I thunderperf: CompatConfig.addOverrideUnsafe: bef-state=0
03-16 10:41:23.505 797 2324 I thunderperf: CompatConfig.addOverrideUnsafe: aft-state=0
03-16 10:41:23.506 797 2324 I thunderperf: CompatConfig.addOverrideUnsafe: bef-state=0
03-16 10:41:23.506 797 2324 I thunderperf: CompatConfig.addOverrideUnsafe: aft-state=0
03-16 10:41:23.506 797 2324 I thunderperf: CompatConfig.addOverrideUnsafe: bef-state=0
03-16 10:41:23.506 797 2324 I thunderperf: CompatConfig.addOverrideUnsafe: aft-state=0
03-16 10:41:23.508 797 2324 I thunderperf: CompatConfig.addOverrideUnsafe: bef-state=0
03-16 10:41:23.508 797 2324 I thunderperf: CompatConfig.addOverrideUnsafe: aft-state=0
03-16 10:41:23.508 797 2324 I thunderperf: CompatConfig.addOverrideUnsafe: bef-state=0
03-16 10:41:23.508 797 2324 I thunderperf: CompatConfig.addOverrideUnsafe: aft-state=0
03-16 10:41:23.509 797 2324 I thunderperf: CompatConfig.addOverrideUnsafe: bef-state=0
03-16 10:41:23.509 797 2324 I thunderperf: CompatConfig.addOverrideUnsafe: aft-state=0
03-16 10:41:23.509 797 2324 I thunderperf: CompatConfig.addOverrideUnsafe: bef-state=0
03-16 10:41:23.509 797 2324 I thunderperf: CompatConfig.addOverrideUnsafe: aft-state=0
03-16 10:41:23.510 797 2324 I thunderperf: CompatConfig.addOverrideUnsafe: bef-state=0
03-16 10:41:23.510 797 2324 I thunderperf: CompatConfig.addOverrideUnsafe: aft-state=0
03-16 10:41:23.512 797 2324 I thunderperf: CompatConfig.addOverrideUnsafe: bef-state=0
03-16 10:41:23.512 797 2324 I thunderperf: CompatConfig.addOverrideUnsafe: aft-state=0
03-16 10:41:23.513 797 2324 I thunderperf: CompatConfig.addOverrideUnsafe: bef-state=0
03-16 10:41:23.513 797 2324 I thunderperf: CompatConfig.addOverrideUnsafe: aft-state=0
03-16 10:41:23.520 797 2324 I ActivityTaskManager: START u0 {act=android.intent.action.MAIN cat=[android.intent.category.LAUNCHER] flg=0x10200000 cmp=com.sohu.sohuvideo/.ui.homepage.MainActivity bnds=[1216,84][1492,358]} from uid 10074
03-16 10:41:23.526 797 2324 I wm_task_moved: [40,1,17]
03-16 10:41:23.526 797 2324 I wm_task_to_front: [0,40]
03-16 10:41:23.527 797 2324 I wm_focused_root_task: [0,0,40,1,bringingFoundTaskToFront]
03-16 10:41:23.527 797 2324 I wm_set_resumed_activity: [0,com.sohu.sohuvideo/.ui.homepage.MainActivity,bringingFoundTaskToFront]
03-16 10:41:23.529 797 2324 I wm_pause_activity: [0,28844568,com.android.launcher3/.uioverrides.QuickstepLauncher,userLeaving=true,pauseBackTasks]
03-16 10:41:23.530 2011 2236 D PhoneStartingWindowTypeAlgorithm: preferredStartingWindowType newTask:false taskSwitch:true processRunning:true allowTaskSnapshot:true activityCreated:true useEmptySplashScreen:false legacySplashScreen:false topIsHome:false
03-16 10:41:23.530 2011 2236 D PhoneStartingWindowTypeAlgorithm: isSnapshotCompatible rotation 0 snapshot 0
03-16 10:41:23.531 797 2324 W WindowManager: updateScale : 0.79357797
03-16 10:41:23.531 797 2324 W WindowManager: updateScale : 0.79357797
03-16 10:41:23.535 797 4608 W FreeFormWindowHelper: Current Display FreeFormTask is Task{c2c5a74 #46 type=standard A=10031:com.microsoft.emmx U=0 visible=false mode=freeform translucent=true sz=1}
03-16 10:41:23.538 2626 2626 I wm_on_top_resumed_lost_called: [28844568,com.android.launcher3.uioverrides.QuickstepLauncher,topStateChangedWhenResumed]
03-16 10:41:23.538 797 2012 W WindowManager: updateScale : 0.79357797
03-16 10:41:23.538 797 2012 W WindowManager: updateScale : 0.79357797
03-16 10:41:23.542 2626 2626 I wm_on_paused_called: [28844568,com.android.launcher3.uioverrides.QuickstepLauncher,performPause]
03-16 10:41:23.545 797 2012 I ActivityTaskManager: FOREGROUND_APPLICATION_CHANGED to com.sohu.sohuvideo.ui.homepage.MainActivity
03-16 10:41:23.546 797 2012 I wm_set_resumed_activity: [0,com.sohu.sohuvideo/.ui.homepage.MainActivity,resumeTopActivityInnerLocked]
03-16 10:41:23.546 797 2012 I wm_add_to_stopping: [0,28844568,com.android.launcher3/.uioverrides.QuickstepLauncher,makeInvisible]
03-16 10:41:23.549 797 2012 D CompatibilityChangeReporter: Compat change id reported: 174042980; UID 10094; state: DISABLED
03-16 10:41:23.550 797 2012 D CompatibilityChangeReporter: Compat change id reported: 181136395; UID 10094; state: DISABLED
03-16 10:41:23.550 797 2012 D CompatibilityChangeReporter: Compat change id reported: 174042936; UID 10094; state: DISABLED
03-16 10:41:23.550 797 2012 D CompatibilityChangeReporter: Compat change id reported: 184838306; UID 10094; state: DISABLED
03-16 10:41:23.551 797 2012 D CompatibilityChangeReporter: Compat change id reported: 185004937; UID 10094; state: DISABLED
03-16 10:41:23.552 797 2012 I wm_resume_activity: [0,16041582,40,com.sohu.sohuvideo/.ui.homepage.MainActivity]
03-16 10:41:23.573 797 2012 W WindowManager: updateScale : 0.79357797
03-16 10:41:23.573 797 2012 W WindowManager: updateScale : 0.79357797
03-16 10:41:23.578 797 2012 W WindowManager: updateScale : 0.79357797
03-16 10:41:23.578 797 2012 W WindowManager: updateScale : 0.79357797
03-16 10:41:23.579 797 2012 W WindowManager: updateScale : 0.79357797
03-16 10:41:23.579 797 2012 W WindowManager: updateScale : 0.79357797
03-16 10:41:23.585 797 817 I sysui_multi_action: [757,803,799,window_time_0,802,3]
03-16 10:41:23.585 5886 5886 I wm_on_restart_called: [16041582,com.sohu.sohuvideo.ui.homepage.MainActivity,performRestartActivity]
03-16 10:41:23.586 797 2434 E ClipboardService: Denying clipboard access to com.sohu.sohuvideo, application is not in focus nor is it a system service for user 0
03-16 10:41:23.588 5886 5886 I wm_on_start_called: [16041582,com.sohu.sohuvideo.ui.homepage.MainActivity,handleStartActivity]
03-16 10:41:23.589 797 1329 I input_focus: [Focus leaving efa3eda com.android.launcher3/com.android.launcher3.uioverrides.QuickstepLauncher (server),reason=NO_WINDOW]
03-16 10:41:23.590 5886 5886 I wm_on_resume_called: [16041582,com.sohu.sohuvideo.ui.homepage.MainActivity,RESUME_ACTIVITY]
03-16 10:41:23.592 5886 5886 I wm_on_top_resumed_gained_called: [16041582,com.sohu.sohuvideo.ui.homepage.MainActivity,topWhenResuming]
03-16 10:41:23.604 797 2434 W WindowManager: updateScale : 0.79357797
03-16 10:41:23.605 797 2434 W WindowManager: updateScale : 0.79357797
