03-16 10:43:01.487 797 830 I am_wtf : [0,797,system_server,-1,DisplayDeviceConfig,requesting nits when no mapping exists.]
03-16 10:43:01.487 797 830 I am_wtf : [0,797,system_server,-1,DisplayDeviceConfig,requesting nits when no mapping exists.]
03-16 10:43:01.502 797 1949 E DisplayDeviceConfig: requesting nits when no mapping exists.
03-16 10:43:01.503 797 1949 E DisplayDeviceConfig: requesting nits when no mapping exists.
03-16 10:43:01.503 797 830 I am_wtf : [0,797,system_server,-1,DisplayDeviceConfig,requesting nits when no mapping exists.]
03-16 10:43:01.504 797 830 I am_wtf : [0,797,system_server,-1,DisplayDeviceConfig,requesting nits when no mapping exists.]
03-16 10:43:01.519 797 1949 E DisplayDeviceConfig: requesting nits when no mapping exists.
03-16 10:43:01.519 797 1949 E DisplayDeviceConfig: requesting nits when no mapping exists.
03-16 10:43:01.519 797 830 I am_wtf : [0,797,system_server,-1,DisplayDeviceConfig,requesting nits when no mapping exists.]
03-16 10:43:01.520 797 830 I am_wtf : [0,797,system_server,-1,DisplayDeviceConfig,requesting nits when no mapping exists.]
03-16 10:43:01.536 797 1949 E DisplayDeviceConfig: requesting nits when no mapping exists.
03-16 10:43:01.536 797 830 I am_wtf : [0,797,system_server,-1,DisplayDeviceConfig,requesting nits when no mapping exists.]
03-16 10:43:01.536 797 1949 E DisplayDeviceConfig: requesting nits when no mapping exists.
03-16 10:43:01.537 797 830 I am_wtf : [0,797,system_server,-1,DisplayDeviceConfig,requesting nits when no mapping exists.]
03-16 10:43:01.553 797 1949 E DisplayDeviceConfig: requesting nits when no mapping exists.
03-16 10:43:01.554 797 1949 E DisplayDeviceConfig: requesting nits when no mapping exists.
03-16 10:43:01.554 797 830 I am_wtf : [0,797,system_server,-1,DisplayDeviceConfig,requesting nits when no mapping exists.]
03-16 10:43:01.555 797 830 I am_wtf : [0,797,system_server,-1,DisplayDeviceConfig,requesting nits when no mapping exists.]
03-16 10:43:01.569 797 1949 E DisplayDeviceConfig: requesting nits when no mapping exists.
03-16 10:43:01.570 797 1949 E DisplayDeviceConfig: requesting nits when no mapping exists.
03-16 10:43:01.570 797 830 I am_wtf : [0,797,system_server,-1,DisplayDeviceConfig,requesting nits when no mapping exists.]
03-16 10:43:01.571 797 830 I am_wtf : [0,797,system_server,-1,DisplayDeviceConfig,requesting nits when no mapping exists.]
03-16 10:43:01.586 797 1949 E DisplayDeviceConfig: requesting nits when no mapping exists.
03-16 10:43:01.587 797 830 I am_wtf : [0,797,system_server,-1,DisplayDeviceConfig,requesting nits when no mapping exists.]
03-16 10:43:01.587 797 1949 E DisplayDeviceConfig: requesting nits when no mapping exists.
03-16 10:43:01.587 797 830 I am_wtf : [0,797,system_server,-1,DisplayDeviceConfig,requesting nits when no mapping exists.]
03-16 10:43:01.603 797 1949 E DisplayDeviceConfig: requesting nits when no mapping exists.
03-16 10:43:01.603 797 830 I am_wtf : [0,797,system_server,-1,DisplayDeviceConfig,requesting nits when no mapping exists.]
03-16 10:43:01.603 797 1949 E DisplayDeviceConfig: requesting nits when no mapping exists.
03-16 10:43:01.604 797 830 I am_wtf : [0,797,system_server,-1,DisplayDeviceConfig,requesting nits when no mapping exists.]
03-16 10:43:01.619 797 1949 E DisplayDeviceConfig: requesting nits when no mapping exists.
03-16 10:43:01.620 797 1949 E DisplayDeviceConfig: requesting nits when no mapping exists.
03-16 10:43:01.620 797 830 I am_wtf : [0,797,system_server,-1,DisplayDeviceConfig,requesting nits when no mapping exists.]
03-16 10:43:01.621 797 830 I am_wtf : [0,797,system_server,-1,DisplayDeviceConfig,requesting nits when no mapping exists.]
03-16 10:43:01.636 797 1949 E DisplayDeviceConfig: requesting nits when no mapping exists.
03-16 10:43:01.637 797 1949 E DisplayDeviceConfig: requesting nits when no mapping exists.
03-16 10:43:01.637 797 830 I am_wtf : [0,797,system_server,-1,DisplayDeviceConfig,requesting nits when no mapping exists.]
03-16 10:43:01.637 797 830 I am_wtf : [0,797,system_server,-1,DisplayDeviceConfig,requesting nits when no mapping exists.]
03-16 10:43:01.653 797 1949 E DisplayDeviceConfig: requesting nits when no mapping exists.
03-16 10:43:01.653 797 830 I am_wtf : [0,797,system_server,-1,DisplayDeviceConfig,requesting nits when no mapping exists.]
03-16 10:43:01.653 797 1949 E DisplayDeviceConfig: requesting nits when no mapping exists.
03-16 10:43:01.654 797 830 I am_wtf : [0,797,system_server,-1,DisplayDeviceConfig,requesting nits when no mapping exists.]
03-16 10:43:01.669 797 1949 E DisplayDeviceConfig: requesting nits when no mapping exists.
03-16 10:43:01.670 797 1949 E DisplayDeviceConfig: requesting nits when no mapping exists.
03-16 10:43:01.670 797 830 I am_wtf : [0,797,system_server,-1,DisplayDeviceConfig,requesting nits when no mapping exists.]
03-16 10:43:01.671 797 830 I am_wtf : [0,797,system_server,-1,DisplayDeviceConfig,requesting nits when no mapping exists.]
03-16 10:43:01.686 797 1949 E DisplayDeviceConfig: requesting nits when no mapping exists.
03-16 10:43:01.687 797 1949 E DisplayDeviceConfig: requesting nits when no mapping exists.
03-16 10:43:01.687 797 830 I am_wtf : [0,797,system_server,-1,DisplayDeviceConfig,requesting nits when no mapping exists.]
03-16 10:43:01.687 797 830 I am_wtf : [0,797,system_server,-1,DisplayDeviceConfig,requesting nits when no mapping exists.]
03-16 10:43:01.703 797 1949 E DisplayDeviceConfig: requesting nits when no mapping exists.
03-16 10:43:01.703 797 1949 E DisplayDeviceConfig: requesting nits when no mapping exists.
03-16 10:43:01.703 797 830 I am_wtf : [0,797,system_server,-1,DisplayDeviceConfig,requesting nits when no mapping exists.]
03-16 10:43:01.704 797 830 I am_wtf : [0,797,system_server,-1,DisplayDeviceConfig,requesting nits when no mapping exists.]
03-16 10:43:01.719 797 1949 E DisplayDeviceConfig: requesting nits when no mapping exists.
03-16 10:43:01.720 797 1949 E DisplayDeviceConfig: requesting nits when no mapping exists.
03-16 10:43:01.720 797 830 I am_wtf : [0,797,system_server,-1,DisplayDeviceConfig,requesting nits when no mapping exists.]
03-16 10:43:01.721 797 830 I am_wtf : [0,797,system_server,-1,DisplayDeviceConfig,requesting nits when no mapping exists.]
03-16 10:43:01.736 797 1949 E DisplayDeviceConfig: requesting nits when no mapping exists.
03-16 10:43:01.737 797 1949 E DisplayDeviceConfig: requesting nits when no mapping exists.
03-16 10:43:01.737 797 830 I am_wtf : [0,797,system_server,-1,DisplayDeviceConfig,requesting nits when no mapping exists.]
03-16 10:43:01.738 797 830 I am_wtf : [0,797,system_server,-1,DisplayDeviceConfig,requesting nits when no mapping exists.]
03-16 10:43:01.753 797 1949 E DisplayDeviceConfig: requesting nits when no mapping exists.
03-16 10:43:01.754 797 1949 E DisplayDeviceConfig: requesting nits when no mapping exists.
03-16 10:43:01.754 797 830 I am_wtf : [0,797,system_server,-1,DisplayDeviceConfig,requesting nits when no mapping exists.]
03-16 10:43:01.755 797 830 I am_wtf : [0,797,system_server,-1,DisplayDeviceConfig,requesting nits when no mapping exists.]
03-16 10:43:01.770 797 1949 E DisplayDeviceConfig: requesting nits when no mapping exists.
03-16 10:43:01.770 797 1949 E DisplayDeviceConfig: requesting nits when no mapping exists.
03-16 10:43:01.770 797 830 I am_wtf : [0,797,system_server,-1,DisplayDeviceConfig,requesting nits when no mapping exists.]
03-16 10:43:01.771 797 830 I am_wtf : [0,797,system_server,-1,DisplayDeviceConfig,requesting nits when no mapping exists.]
03-16 10:43:01.786 797 1949 E DisplayDeviceConfig: requesting nits when no mapping exists.
03-16 10:43:01.787 797 1949 E DisplayDeviceConfig: requesting nits when no mapping exists.
03-16 10:43:01.787 797 830 I am_wtf : [0,797,system_server,-1,DisplayDeviceConfig,requesting nits when no mapping exists.]
03-16 10:43:01.788 797 830 I am_wtf : [0,797,system_server,-1,DisplayDeviceConfig,requesting nits when no mapping exists.]
03-16 10:43:01.803 797 1949 E DisplayDeviceConfig: requesting nits when no mapping exists.
03-16 10:43:01.804 797 1949 E DisplayDeviceConfig: requesting nits when no mapping exists.
03-16 10:43:01.804 797 830 I am_wtf : [0,797,system_server,-1,DisplayDeviceConfig,requesting nits when no mapping exists.]
03-16 10:43:01.805 797 830 I am_wtf : [0,797,system_server,-1,DisplayDeviceConfig,requesting nits when no mapping exists.]
03-16 10:43:01.806 797 830 I service_manager_stats: [100,59,55363]
03-16 10:43:01.820 797 1949 E DisplayDeviceConfig: requesting nits when no mapping exists.
03-16 10:43:01.820 797 1949 E DisplayDeviceConfig: requesting nits when no mapping exists.
03-16 10:43:01.821 797 830 I am_wtf : [0,797,system_server,-1,DisplayDeviceConfig,requesting nits when no mapping exists.]
03-16 10:43:01.821 797 830 I am_wtf : [0,797,system_server,-1,DisplayDeviceConfig,requesting nits when no mapping exists.]
03-16 10:43:01.837 797 1949 E DisplayDeviceConfig: requesting nits when no mapping exists.
03-16 10:43:01.837 797 1949 E DisplayDeviceConfig: requesting nits when no mapping exists.
03-16 10:43:01.837 797 830 I am_wtf : [0,797,system_server,-1,DisplayDeviceConfig,requesting nits when no mapping exists.]
03-16 10:43:01.838 797 830 I am_wtf : [0,797,system_server,-1,DisplayDeviceConfig,requesting nits when no mapping exists.]
03-16 10:43:01.853 797 1949 E DisplayDeviceConfig: requesting nits when no mapping exists.
03-16 10:43:01.854 797 1949 E DisplayDeviceConfig: requesting nits when no mapping exists.
03-16 10:43:01.854 797 830 I am_wtf : [0,797,system_server,-1,DisplayDeviceConfig,requesting nits when no mapping exists.]
03-16 10:43:01.854 797 830 I am_wtf : [0,797,system_server,-1,DisplayDeviceConfig,requesting nits when no mapping exists.]
03-16 10:43:01.870 797 1949 E DisplayDeviceConfig: requesting nits when no mapping exists.
03-16 10:43:01.870 797 1949 E DisplayDeviceConfig: requesting nits when no mapping exists.
03-16 10:43:01.870 797 830 I am_wtf : [0,797,system_server,-1,DisplayDeviceConfig,requesting nits when no mapping exists.]
03-16 10:43:01.871 797 830 I am_wtf : [0,797,system_server,-1,DisplayDeviceConfig,requesting nits when no mapping exists.]
03-16 10:43:01.886 797 1949 E DisplayDeviceConfig: requesting nits when no mapping exists.
03-16 10:43:01.887 797 1949 E DisplayDeviceConfig: requesting nits when no mapping exists.
03-16 10:43:01.887 797 830 I am_wtf : [0,797,system_server,-1,DisplayDeviceConfig,requesting nits when no mapping exists.]
03-16 10:43:01.888 797 830 I am_wtf : [0,797,system_server,-1,DisplayDeviceConfig,requesting nits when no mapping exists.]
03-16 10:43:01.903 797 1949 E DisplayDeviceConfig: requesting nits when no mapping exists.
03-16 10:43:01.904 797 1949 E DisplayDeviceConfig: requesting nits when no mapping exists.
03-16 10:43:01.904 797 830 I am_wtf : [0,797,system_server,-1,DisplayDeviceConfig,requesting nits when no mapping exists.]
03-16 10:43:01.905 797 830 I am_wtf : [0,797,system_server,-1,DisplayDeviceConfig,requesting nits when no mapping exists.]
03-16 10:43:01.920 797 1949 E DisplayDeviceConfig: requesting nits when no mapping exists.
03-16 10:43:01.920 797 1949 E DisplayDeviceConfig: requesting nits when no mapping exists.
03-16 10:43:01.920 797 830 I am_wtf : [0,797,system_server,-1,DisplayDeviceConfig,requesting nits when no mapping exists.]
03-16 10:43:01.923 797 830 I am_wtf : [0,797,system_server,-1,DisplayDeviceConfig,requesting nits when no mapping exists.]
03-16 10:43:01.937 797 1949 E DisplayDeviceConfig: requesting nits when no mapping exists.
03-16 10:43:01.937 797 1949 E DisplayDeviceConfig: requesting nits when no mapping exists.
03-16 10:43:01.937 797 830 I am_wtf : [0,797,system_server,-1,DisplayDeviceConfig,requesting nits when no mapping exists.]
03-16 10:43:01.938 797 830 I am_wtf : [0,797,system_server,-1,DisplayDeviceConfig,requesting nits when no mapping exists.]
03-16 10:43:01.953 797 1949 E DisplayDeviceConfig: requesting nits when no mapping exists.
03-16 10:43:01.954 797 1949 E DisplayDeviceConfig: requesting nits when no mapping exists.
03-16 10:43:01.954 797 830 I am_wtf : [0,797,system_server,-1,DisplayDeviceConfig,requesting nits when no mapping exists.]
03-16 10:43:01.955 797 830 I am_wtf : [0,797,system_server,-1,DisplayDeviceConfig,requesting nits when no mapping exists.]
03-16 10:43:01.970 797 1949 E DisplayDeviceConfig: requesting nits when no mapping exists.
03-16 10:43:01.970 797 1949 E DisplayDeviceConfig: requesting nits when no mapping exists.
03-16 10:43:01.970 797 830 I am_wtf : [0,797,system_server,-1,DisplayDeviceConfig,requesting nits when no mapping exists.]
03-16 10:43:01.971 797 830 I am_wtf : [0,797,system_server,-1,DisplayDeviceConfig,requesting nits when no mapping exists.]
03-16 10:43:01.987 797 1949 E DisplayDeviceConfig: requesting nits when no mapping exists.
03-16 10:43:01.987 797 1949 E DisplayDeviceConfig: requesting nits when no mapping exists.
03-16 10:43:01.987 797 830 I am_wtf : [0,797,system_server,-1,DisplayDeviceConfig,requesting nits when no mapping exists.]
03-16 10:43:01.988 797 830 I am_wtf : [0,797,system_server,-1,DisplayDeviceConfig,requesting nits when no mapping exists.]
03-16 10:43:02.003 797 1949 E DisplayDeviceConfig: requesting nits when no mapping exists.
03-16 10:43:02.004 797 830 I am_wtf : [0,797,system_server,-1,DisplayDeviceConfig,requesting nits when no mapping exists.]
03-16 10:43:02.004 797 1949 E DisplayDeviceConfig: requesting nits when no mapping exists.
03-16 10:43:02.005 797 830 I am_wtf : [0,797,system_server,-1,DisplayDeviceConfig,requesting nits when no mapping exists.]
01-02 00:01:18.990 0 0 I msm_vidc: err : ffffffff: .....: DBLP Set: status 0
01-02 00:01:21.516 0 0 E DTC_ETH,link_delay_work_func: 3003, SQI=0, link=0
03-16 10:43:07.882 797 830 I am_uid_idle: 10063
03-16 10:43:08.111 797 830 I am_uid_idle: 10065
01-02 00:01:26.636 0 0 E DTC_ETH,link_delay_work_func: 3003, SQI=0, link=0
01-02 00:01:31.756 0 0 E DTC_ETH,link_delay_work_func: 3003, SQI=0, link=0
01-02 00:01:36.876 0 0 E DTC_ETH,link_delay_work_func: 3003, SQI=0, link=0
03-16 10:43:20.536 797 1298 D ActivityManager: freezing 2635 com.qualcomm.qti.qccauthmgr
03-16 10:43:20.536 797 1298 E ActivityManager: Unable to freeze binder for 2635 com.qualcomm.qti.qccauthmgr
01-02 00:01:36.931 0 0 I binder : 797:1298 ioctl 400c620e 75394015d8 returned -22
03-16 10:43:20.538 797 1298 D ActivityManager: froze 2635 com.qualcomm.qti.qccauthmgr
03-16 10:43:20.538 797 1298 I am_freeze: [2635,com.qualcomm.qti.qccauthmgr]
03-16 10:43:20.539 797 1298 E ActivityManager: Unable to freeze binder for 2635 com.qualcomm.qti.qccauthmgr
01-02 00:01:36.934 0 0 I binder : 797:1298 ioctl c00c620f 75394015b8 returned -22
03-16 10:43:20.541 797 1298 I ActivityManager: Killing 2635:com.qualcomm.qti.qccauthmgr/u0a81 (adj 955): Unable to freeze binder interface
03-16 10:43:20.541 797 1298 I am_kill : [0,2635,com.qualcomm.qti.qccauthmgr,955,Unable to freeze binder interface]
03-16 10:43:20.571 797 2921 I am_proc_died: [0,2635,com.qualcomm.qti.qccauthmgr,955,19]
03-16 10:43:20.571 797 2921 I am_uid_stopped: 10081
03-16 10:43:20.600 797 822 I am_pss : [5003,10065,com.android.gallery3d,22138880,16371712,0,148062208,0,18,7]
03-16 10:43:20.613 797 822 I am_pss : [6080,10095,com.qiyi.video,132824064,117436416,0,243494912,0,16,13]
01-02 00:01:41.996 0 0 E DTC_ETH,link_delay_work_func: 3003, SQI=0, link=0
01-02 00:01:42.601 0 0 I [schedu][0x50d1f4874][10:43:26.206002] wlan: [3549:I:OSIF] scan start scan id 40973
01-02 00:01:43.764 0 0 I [schedu][0x50e7410e2][10:43:27.369208] wlan: [3549:I:OSIF] vdev 0, scan id 40973 type COMPLETED(1) reason COMPLETED(1) scan found 19 bss
01-02 00:01:47.116 0 0 E DTC_ETH,link_delay_work_func: 3003, SQI=0, link=0
01-02 00:01:52.236 0 0 E DTC_ETH,link_delay_work_func: 3003, SQI=0, link=0
01-02 00:01:57.356 0 0 E DTC_ETH,link_delay_work_func: 3003, SQI=0, link=0
01-02 00:02:02.476 0 0 E DTC_ETH,link_delay_work_func: 3003, SQI=0, link=0
01-02 00:02:07.596 0 0 E DTC_ETH,link_delay_work_func: 3003, SQI=0, link=0
01-02 00:02:12.716 0 0 E DTC_ETH,link_delay_work_func: 3003, SQI=0, link=0
03-16 10:43:58.330 797 830 I am_uid_idle: 10094
03-16 10:43:58.330 797 830 I am_stop_idle_service: [10094,com.sohu.sohuvideo/.sohupush.service.SocketService]
03-16 10:43:58.330 797 830 W ActivityManager: Stopping service due to app idle: u0a94 -2m34s741ms com.sohu.sohuvideo/.sohupush.service.SocketService
03-16 10:44:00.067 4218 4218 I auditd : type=1400 audit(0.0:4077): avc: denied { call } for comm="MediaCodec_loop" scontext=u:r:su:s0 tcontext=u:r:mediaserver:s0 tclass=binder permissive=1
03-16 10:44:00.067 4218 4218 I auditd : type=1400 audit(0.0:4078): avc: denied { transfer } for comm="MediaCodec_loop" scontext=u:r:su:s0 tcontext=u:r:mediaserver:s0 tclass=binder permissive=1
01-02 00:02:17.836 0 0 E DTC_ETH,link_delay_work_func: 3003, SQI=0, link=0
01-02 00:02:18.990 0 0 I msm_vidc: err : ffffffff: .....: DBLP Set: status 0
01-02 00:02:22.956 0 0 E DTC_ETH,link_delay_work_func: 3003, SQI=0, link=0
01-02 00:02:28.076 0 0 E DTC_ETH,link_delay_work_func: 3003, SQI=0, link=0
01-02 00:02:33.196 0 0 E DTC_ETH,link_delay_work_func: 3003, SQI=0, link=0
01-02 00:02:38.316 0 0 E DTC_ETH,link_delay_work_func: 3003, SQI=0, link=0
01-02 00:02:43.436 0 0 E DTC_ETH,link_delay_work_func: 3003, SQI=0, link=0
01-02 00:02:48.556 0 0 E DTC_ETH,link_delay_work_func: 3003, SQI=0, link=0
01-02 00:02:53.676 0 0 E DTC_ETH,link_delay_work_func: 3003, SQI=0, link=0
01-02 00:02:58.796 0 0 E DTC_ETH,link_delay_work_func: 3003, SQI=0, link=0
01-02 00:03:03.916 0 0 E DTC_ETH,link_delay_work_func: 3003, SQI=0, link=0
01-02 00:03:09.036 0 0 E DTC_ETH,link_delay_work_func: 3003, SQI=0, link=0
01-02 00:03:14.156 0 0 E DTC_ETH,link_delay_work_func: 3003, SQI=0, link=0
01-02 00:03:18.958 0 0 I msm_vidc: err : ffffffff: .....: DBLP Set: status 0
01-02 00:03:19.276 0 0 E DTC_ETH,link_delay_work_func: 3003, SQI=0, link=0
01-02 00:03:24.396 0 0 E DTC_ETH,link_delay_work_func: 3003, SQI=0, link=0
03-16 10:45:12.755 797 822 I UsageStatsService: User[0] Flushing usage stats to disk
01-02 00:03:29.516 0 0 E DTC_ETH,link_delay_work_func: 3003, SQI=0, link=0
01-02 00:03:34.636 0 0 E DTC_ETH,link_delay_work_func: 3003, SQI=0, link=0
01-02 00:03:39.756 0 0 E DTC_ETH,link_delay_work_func: 3003, SQI=0, link=0
01-02 00:03:44.876 0 0 E DTC_ETH,link_delay_work_func: 3003, SQI=0, link=0
01-02 00:03:49.996 0 0 E DTC_ETH,link_delay_work_func: 3003, SQI=0, link=0
01-02 00:03:55.116 0 0 E DTC_ETH,link_delay_work_func: 3003, SQI=0, link=0
01-02 00:04:00.236 0 0 E DTC_ETH,link_delay_work_func: 3003, SQI=0, link=0
01-02 00:04:05.356 0 0 E DTC_ETH,link_delay_work_func: 3003, SQI=0, link=0
01-02 00:04:10.476 0 0 E DTC_ETH,link_delay_work_func: 3003, SQI=0, link=0
01-02 00:04:15.596 0 0 E DTC_ETH,link_delay_work_func: 3003, SQI=0, link=0
03-16 10:46:00.083 4129 4129 I auditd : type=1400 audit(0.0:4079): avc: denied { use } for comm="UsbFfs-worker" path="anon_inode:[eventfd]" dev="anon_inodefs" ino=11319 scontext=u:r:su:s0 tcontext=u:r:adbd:s0 tclass=fd permissive=1
01-02 00:04:18.990 0 0 I msm_vidc: err : ffffffff: .....: DBLP Set: status 0
01-02 00:04:20.716 0 0 E DTC_ETH,link_delay_work_func: 3003, SQI=0, link=0
01-02 00:04:25.836 0 0 E DTC_ETH,link_delay_work_func: 3003, SQI=0, link=0
01-02 00:04:30.956 0 0 E DTC_ETH,link_delay_work_func: 3003, SQI=0, link=0
01-02 00:04:36.076 0 0 E DTC_ETH,link_delay_work_func: 3003, SQI=0, link=0
01-02 00:04:41.196 0 0 E DTC_ETH,link_delay_work_func: 3003, SQI=0, link=0
01-02 00:04:46.316 0 0 E DTC_ETH,link_delay_work_func: 3003, SQI=0, link=0
01-02 00:04:51.436 0 0 E DTC_ETH,link_delay_work_func: 3003, SQI=0, link=0
01-02 00:04:56.556 0 0 E DTC_ETH,link_delay_work_func: 3003, SQI=0, link=0
01-02 00:05:01.676 0 0 E DTC_ETH,link_delay_work_func: 3003, SQI=0, link=0
01-02 00:05:06.796 0 0 E DTC_ETH,link_delay_work_func: 3003, SQI=0, link=0
01-02 00:05:11.916 0 0 E DTC_ETH,link_delay_work_func: 3003, SQI=0, link=0
01-02 00:05:17.036 0 0 E DTC_ETH,link_delay_work_func: 3003, SQI=0, link=0
01-02 00:05:18.990 0 0 I msm_vidc: err : ffffffff: .....: DBLP Set: status 0
01-02 00:05:22.156 0 0 E DTC_ETH,link_delay_work_func: 3003, SQI=0, link=0
01-02 00:05:27.276 0 0 E DTC_ETH,link_delay_work_func: 3003, SQI=0, link=0
01-02 00:05:32.396 0 0 E DTC_ETH,link_delay_work_func: 3003, SQI=0, link=0
01-02 00:05:37.516 0 0 E DTC_ETH,link_delay_work_func: 3003, SQI=0, link=0
01-02 00:05:42.636 0 0 E DTC_ETH,link_delay_work_func: 3003, SQI=0, link=0
01-02 00:05:47.756 0 0 E DTC_ETH,link_delay_work_func: 3003, SQI=0, link=0
01-02 00:05:52.876 0 0 E DTC_ETH,link_delay_work_func: 3003, SQI=0, link=0
01-02 00:05:57.996 0 0 E DTC_ETH,link_delay_work_func: 3003, SQI=0, link=0
01-02 00:06:03.116 0 0 E DTC_ETH,link_delay_work_func: 3003, SQI=0, link=0
01-02 00:06:08.236 0 0 E DTC_ETH,link_delay_work_func: 3003, SQI=0, link=0
01-02 00:06:13.356 0 0 E DTC_ETH,link_delay_work_func: 3003, SQI=0, link=0
01-02 00:06:18.476 0 0 E DTC_ETH,link_delay_work_func: 3003, SQI=0, link=0
01-02 00:06:18.990 0 0 I msm_vidc: err : ffffffff: .....: DBLP Set: status 0
01-02 00:06:22.603 0 0 I [schedu][0x64d8f35d4][10:48:06.208314] wlan: [3549:I:OSIF] scan start scan id 40974
01-02 00:06:23.596 0 0 E DTC_ETH,link_delay_work_func: 3003, SQI=0, link=0
01-02 00:06:23.770 0 0 I [schedu][0x64ee528ab][10:48:07.375498] wlan: [3549:I:OSIF] vdev 0, scan id 40974 type COMPLETED(1) reason COMPLETED(1) scan found 12 bss
01-02 00:06:28.716 0 0 E DTC_ETH,link_delay_work_func: 3003, SQI=0, link=0
01-02 00:06:33.836 0 0 E DTC_ETH,link_delay_work_func: 3003, SQI=0, link=0
01-02 00:06:38.956 0 0 E DTC_ETH,link_delay_work_func: 3003, SQI=0, link=0
01-02 00:06:44.076 0 0 E DTC_ETH,link_delay_work_func: 3003, SQI=0, link=0
01-02 00:06:49.196 0 0 E DTC_ETH,link_delay_work_func: 3003, SQI=0, link=0
01-02 00:06:54.316 0 0 E DTC_ETH,link_delay_work_func: 3003, SQI=0, link=0
01-02 00:06:59.436 0 0 E DTC_ETH,link_delay_work_func: 3003, SQI=0, link=0
01-02 00:07:04.556 0 0 E DTC_ETH,link_delay_work_func: 3003, SQI=0, link=0
01-02 00:07:09.676 0 0 E DTC_ETH,link_delay_work_func: 3003, SQI=0, link=0
01-02 00:07:14.796 0 0 E DTC_ETH,link_delay_work_func: 3003, SQI=0, link=0
01-02 00:07:18.990 0 0 I msm_vidc: err : ffffffff: .....: DBLP Set: status 0
01-02 00:07:19.916 0 0 E DTC_ETH,link_delay_work_func: 3003, SQI=0, link=0
01-02 00:07:25.036 0 0 E DTC_ETH,link_delay_work_func: 3003, SQI=0, link=0
01-02 00:07:30.156 0 0 E DTC_ETH,link_delay_work_func: 3003, SQI=0, link=0
01-02 00:07:35.276 0 0 E DTC_ETH,link_delay_work_func: 3003, SQI=0, link=0
01-02 00:07:40.396 0 0 E DTC_ETH,link_delay_work_func: 3003, SQI=0, link=0
01-02 00:07:45.516 0 0 E DTC_ETH,link_delay_work_func: 3003, SQI=0, link=0
01-02 00:07:50.636 0 0 E DTC_ETH,link_delay_work_func: 3003, SQI=0, link=0
01-02 00:07:55.756 0 0 E DTC_ETH,link_delay_work_func: 3003, SQI=0, link=0
01-02 00:08:00.876 0 0 E DTC_ETH,link_delay_work_func: 3003, SQI=0, link=0
01-02 00:08:05.996 0 0 E DTC_ETH,link_delay_work_func: 3003, SQI=0, link=0
01-02 00:08:11.116 0 0 E DTC_ETH,link_delay_work_func: 3003, SQI=0, link=0
01-02 00:08:16.236 0 0 E DTC_ETH,link_delay_work_func: 3003, SQI=0, link=0
01-02 00:08:18.990 0 0 I msm_vidc: err : ffffffff: .....: DBLP Set: status 0
01-02 00:08:21.356 0 0 E DTC_ETH,link_delay_work_func: 3003, SQI=0, link=0
01-02 00:08:26.476 0 0 E DTC_ETH,link_delay_work_func: 3003, SQI=0, link=0
01-02 00:08:31.596 0 0 E DTC_ETH,link_delay_work_func: 3003, SQI=0, link=0
01-02 00:08:36.716 0 0 E DTC_ETH,link_delay_work_func: 3003, SQI=0, link=0
01-02 00:08:41.836 0 0 E DTC_ETH,link_delay_work_func: 3003, SQI=0, link=0
01-02 00:08:45.647 0 0 I binder : 797:1298 ioctl 400c620e 75394015d8 returned -22
01-02 00:08:45.649 0 0 I binder : 797:1298 ioctl c00c620f 75394015b8 returned -22
03-16 10:50:29.252 797 1298 D ActivityManager: freezing 4446 cn.kuwo.player
03-16 10:50:29.252 797 1298 E ActivityManager: Unable to freeze binder for 4446 cn.kuwo.player
03-16 10:50:29.254 797 1298 D ActivityManager: froze 4446 cn.kuwo.player
03-16 10:50:29.254 797 1298 I am_freeze: [4446,cn.kuwo.player]
03-16 10:50:29.254 797 1298 E ActivityManager: Unable to freeze binder for 4446 cn.kuwo.player
03-16 10:50:29.255 797 1298 I ActivityManager: Killing 4446:cn.kuwo.player/u0a97 (adj 940): Unable to freeze binder interface
03-16 10:50:29.255 797 1298 I am_kill : [0,4446,cn.kuwo.player,940,Unable to freeze binder interface]
03-16 10:50:29.331 797 811 I WindowManager: WIN DEATH: Window{b76d9ba u0 cn.kuwo.player/cn.kuwo.player.activities.EntryActivity}
03-16 10:50:29.333 797 2324 I am_proc_died: [0,4446,cn.kuwo.player,940,16]
03-16 10:50:29.337 797 2330 I WindowManager: WIN DEATH: Window{218f19d u0 cn.kuwo.player/cn.kuwo.player.activities.EntryActivity}
03-16 10:50:29.341 797 2324 I am_uid_stopped: 10097
03-16 10:50:29.345 797 817 W ActivityManager: setHasOverlayUi called on unknown pid: 4446
03-16 10:50:29.352 797 817 I am_uid_running: 10097
03-16 10:50:29.352 797 817 D CompatibilityChangeReporter: Compat change id reported: 135634846; UID 10097; state: DISABLED
03-16 10:50:29.353 797 831 D CompatibilityChangeReporter: Compat change id reported: 143937733; UID 10097; state: DISABLED
03-16 10:50:29.359 797 831 I am_proc_start: [0,6853,10097,cn.kuwo.player,NULL,]
03-16 10:50:29.359 797 831 I ActivityManager: Start proc 6853:cn.kuwo.player/u0a97 for null
03-16 10:50:29.362 797 822 I am_pss : [2626,10074,com.android.launcher3,116937728,109256704,0,255082496,0,2,10]
03-16 10:50:29.359 4218 4218 I auditd : type=1400 audit(0.0:4080): avc: denied { call } for comm="MediaCodec_loop" scontext=u:r:su:s0 tcontext=u:r:mediaserver:s0 tclass=binder permissive=1
03-16 10:50:29.359 4218 4218 I auditd : type=1400 audit(0.0:4081): avc: denied { transfer } for comm="MediaCodec_loop" scontext=u:r:su:s0 tcontext=u:r:mediaserver:s0 tclass=binder permissive=1
03-16 10:50:29.363 4218 4218 I auditd : type=1400 audit(0.0:4082): avc: denied { call } for comm="CodecLooper" scontext=u:r:su:s0 tcontext=u:r:mediacodec:s0 tclass=binder permissive=1
03-16 10:50:29.370 797 822 I am_pss : [3673,10086,com.android.music,24506368,18669568,0,154157056,0,4,7]
03-16 10:50:29.371 797 822 W UsageStatsService: Unexpected activity event reported! (cn.kuwo.player/cn.kuwo.player.activities.EntryActivity event : 23 instanceId : 124140473)
03-16 10:50:29.379 6853 6853 I auditd : type=1400 audit(0.0:4083): avc: denied { connectto } for comm=4144422D4A44575020436F6E6E6563 path=006A6477702D636F6E74726F6C scontext=u:r:untrusted_app_27:s0:c97,c256,c512,c768 tcontext=u:r:su:s0 tclass=unix_stream_socket permissive=1 app=cn.kuwo.player
03-16 10:50:29.383 4129 4129 I auditd : type=1400 audit(0.0:4084): avc: denied { use } for comm=6A64777020636F6E74726F6C path="anon_inode:[eventfd]" dev="anon_inodefs" ino=11319 scontext=u:r:su:s0 tcontext=u:r:adbd:s0 tclass=fd permissive=1
01-02 00:08:45.781 0 0 I binder : 6853:6853 ioctl 40046210 ff813ff8 returned -22
03-16 10:50:29.389 797 2330 I am_proc_bound: [0,6853,cn.kuwo.player]
03-16 10:50:29.417 6853 6853 E LoadedApk: Unable to instantiate appComponentFactory
03-16 10:50:29.417 6853 6853 E LoadedApk: java.lang.ClassNotFoundException: Didn't find class "androidx.core.app.CoreComponentFactory" on path: DexPathList[[zip file "/data/app/~~2SC0ei_Oxg3y5pbNcWZLgA==/cn.kuwo.player-2mfkoGX4Bh-vDHDspUySNQ==/base.apk"],nativeLibraryDirectories=[/data/app/~~2SC0ei_Oxg3y5pbNcWZLgA==/cn.kuwo.player-2mfkoGX4Bh-vDHDspUySNQ==/lib/arm, /data/app/~~2SC0ei_Oxg3y5pbNcWZLgA==/cn.kuwo.player-2mfkoGX4Bh-vDHDspUySNQ==/base.apk!/lib/armeabi, /system/lib, /system_ext/lib]]
03-16 10:50:29.417 6853 6853 E LoadedApk: at dalvik.system.BaseDexClassLoader.findClass(BaseDexClassLoader.java:218)
03-16 10:50:29.417 6853 6853 E LoadedApk: at java.lang.ClassLoader.loadClass(ClassLoader.java:379)
03-16 10:50:29.417 6853 6853 E LoadedApk: at java.lang.ClassLoader.loadClass(ClassLoader.java:312)
03-16 10:50:29.417 6853 6853 E LoadedApk: at android.app.LoadedApk.createAppFactory(LoadedApk.java:262)
03-16 10:50:29.417 6853 6853 E LoadedApk: at android.app.LoadedApk.createOrUpdateClassLoaderLocked(LoadedApk.java:975)
03-16 10:50:29.417 6853 6853 E LoadedApk: at android.app.LoadedApk.getClassLoader(LoadedApk.java:1062)
03-16 10:50:29.417 6853 6853 E LoadedApk: at android.app.LoadedApk.getResources(LoadedApk.java:1310)
03-16 10:50:29.417 6853 6853 E LoadedApk: at android.app.ContextImpl.createAppContext(ContextImpl.java:3014)
03-16 10:50:29.417 6853 6853 E LoadedApk: at android.app.ContextImpl.createAppContext(ContextImpl.java:3006)
03-16 10:50:29.417 6853 6853 E LoadedApk: at android.app.ActivityThread.handleBindApplication(ActivityThread.java:6633)
03-16 10:50:29.417 6853 6853 E LoadedApk: at android.app.ActivityThread.access$1500(ActivityThread.java:248)
03-16 10:50:29.417 6853 6853 E LoadedApk: at android.app.ActivityThread$H.handleMessage(ActivityThread.java:2054)
03-16 10:50:29.417 6853 6853 E LoadedApk: at android.os.Handler.dispatchMessage(Handler.java:106)
03-16 10:50:29.417 6853 6853 E LoadedApk: at android.os.Looper.loopOnce(Looper.java:201)
03-16 10:50:29.417 6853 6853 E LoadedApk: at android.os.Looper.loop(Looper.java:288)
03-16 10:50:29.417 6853 6853 E LoadedApk: at android.app.ActivityThread.main(ActivityThread.java:7880)
03-16 10:50:29.417 6853 6853 E LoadedApk: at java.lang.reflect.Method.invoke(Native Method)
03-16 10:50:29.417 6853 6853 E LoadedApk: at com.android.internal.os.RuntimeInit$MethodAndArgsCaller.run(RuntimeInit.java:548)
03-16 10:50:29.417 6853 6853 E LoadedApk: at com.android.internal.os.ZygoteInit.main(ZygoteInit.java:1009)
03-16 10:50:29.471 6853 6853 I auditd : type=1400 audit(0.0:4085): avc: granted { execute } for comm="cn.kuwo.player" path="/data/user/0/cn.kuwo.player/.jiagu/libjiagu.so" dev="dm-10" ino=4339 scontext=u:r:untrusted_app_27:s0:c97,c256,c512,c768 tcontext=u:object_r:app_data_file:s0:c97,c256,c512,c768 tclass=file app=cn.kuwo.player
01-02 00:08:46.956 0 0 E DTC_ETH,link_delay_work_func: 3003, SQI=0, link=0
01-02 00:08:48.303 0 0 I msm_vidc: err : ffffffff: .....: DBLP Set: status 0
03-16 10:50:31.913 797 1298 D ActivityManager: freezing 4508 com.android.documentsui
03-16 10:50:31.914 797 1298 E ActivityManager: Unable to freeze binder for 4508 com.android.documentsui
03-16 10:50:31.915 797 1298 D ActivityManager: froze 4508 com.android.documentsui
03-16 10:50:31.915 797 1298 I am_freeze: [4508,com.android.documentsui]
03-16 10:50:31.915 797 1298 E ActivityManager: Unable to freeze binder for 4508 com.android.documentsui
01-02 00:08:48.309 0 0 I binder : 797:1298 ioctl 400c620e 75394015d8 returned -22
01-02 00:08:48.311 0 0 I binder : 797:1298 ioctl c00c620f 75394015b8 returned -22
03-16 10:50:31.918 797 1298 D ActivityManager: freezing 3870 com.android.externalstorage
03-16 10:50:31.918 797 1298 E ActivityManager: Unable to freeze binder for 3870 com.android.externalstorage
03-16 10:50:31.918 797 1298 D ActivityManager: froze 3870 com.android.externalstorage
03-16 10:50:31.919 797 1298 I am_freeze: [3870,com.android.externalstorage]
03-16 10:50:31.919 797 1298 E ActivityManager: Unable to freeze binder for 3870 com.android.externalstorage
01-02 00:08:48.313 0 0 I binder : 797:1298 ioctl 400c620e 75394015d8 returned -22
01-02 00:08:48.314 0 0 I binder : 797:1298 ioctl c00c620f 75394015b8 returned -22
03-16 10:50:31.921 797 1298 D ActivityManager: freezing 3113 android.process.media
03-16 10:50:31.921 797 1298 E ActivityManager: Unable to freeze binder for 3113 android.process.media
03-16 10:50:31.922 797 1298 D ActivityManager: froze 3113 android.process.media
03-16 10:50:31.922 797 1298 I am_freeze: [3113,android.process.media]
03-16 10:50:31.922 797 1298 E ActivityManager: Unable to freeze binder for 3113 android.process.media
03-16 10:50:31.923 797 1298 I ActivityManager: Killing 4508:com.android.documentsui/u0a22 (adj 950): Unable to freeze binder interface
03-16 10:50:31.923 797 1298 I am_kill : [0,4508,com.android.documentsui,950,Unable to freeze binder interface]
01-02 00:08:48.316 0 0 I binder : 797:1298 ioctl 400c620e 75394015d8 returned -22
01-02 00:08:48.317 0 0 I binder : 797:1298 ioctl c00c620f 75394015b8 returned -22
03-16 10:50:31.925 797 1298 I ActivityManager: Killing 3870:com.android.externalstorage/u0a28 (adj 935): Unable to freeze binder interface
03-16 10:50:31.925 797 1298 I am_kill : [0,3870,com.android.externalstorage,935,Unable to freeze binder interface]
03-16 10:50:31.926 797 1298 I ActivityManager: Killing 3113:android.process.media/u0a17 (adj 945): Unable to freeze binder interface
03-16 10:50:31.926 797 1298 I am_kill : [0,3113,android.process.media,945,Unable to freeze binder interface]
03-16 10:50:31.959 797 2330 I am_proc_died: [0,3870,com.android.externalstorage,935,19]
03-16 10:50:31.960 797 2330 I am_uid_stopped: 10028
03-16 10:50:31.963 797 811 I am_proc_died: [0,3113,android.process.media,945,19]
03-16 10:50:31.963 797 811 I am_uid_stopped: 10017
03-16 10:50:31.980 797 811 I am_proc_died: [0,4508,com.android.documentsui,950,16]
03-16 10:50:31.980 797 6852 I WindowManager: WIN DEATH: Window{7b13481 u0 com.android.documentsui/com.android.documentsui.files.FilesActivity}
03-16 10:50:31.985 797 811 I am_uid_stopped: 10022
03-16 10:50:31.986 797 817 W ActivityManager: setHasOverlayUi called on unknown pid: 4508
03-16 10:50:31.987 797 822 W UsageStatsService: Unexpected activity event reported! (com.android.documentsui/com.android.documentsui.files.FilesActivity event : 23 instanceId : 70375850)
03-16 10:50:32.003 4218 4218 I auditd : type=1400 audit(0.0:4086): avc: denied { call } for comm="CodecLooper" scontext=u:r:su:s0 tcontext=u:r:mediacodec:s0 tclass=binder permissive=1
01-02 00:08:50.958 0 0 I msm_vidc: err : ffffffff: .....: DBLP Set: status 0
01-02 00:08:52.076 0 0 E DTC_ETH,link_delay_work_func: 3003, SQI=0, link=0
03-16 10:50:36.047 4218 4218 I auditd : type=1400 audit(0.0:4087): avc: denied { call } for comm="MediaCodec_loop" scontext=u:r:su:s0 tcontext=u:r:mediaserver:s0 tclass=binder permissive=1
03-16 10:50:40.364 797 1298 D ActivityManager: freezing 5960 com.android.webview:webview_service
03-16 10:50:40.364 797 1298 E ActivityManager: Unable to freeze binder for 5960 com.android.webview:webview_service
01-02 00:08:56.759 0 0 I binder : 797:1298 ioctl 400c620e 75394015d8 returned -22
01-02 00:08:56.761 0 0 I binder : 797:1298 ioctl c00c620f 75394015b8 returned -22
03-16 10:50:40.366 797 1298 D ActivityManager: froze 5960 com.android.webview:webview_service
03-16 10:50:40.366 797 1298 I am_freeze: [5960,com.android.webview:webview_service]
03-16 10:50:40.366 797 1298 E ActivityManager: Unable to freeze binder for 5960 com.android.webview:webview_service
03-16 10:50:40.368 797 1298 I ActivityManager: Killing 5960:com.android.webview:webview_service/u0a66 (adj 935): Unable to freeze binder interface
03-16 10:50:40.368 797 1298 I am_kill : [0,5960,com.android.webview:webview_service,935,Unable to freeze binder interface]
03-16 10:50:40.397 797 6852 I am_proc_died: [0,5960,com.android.webview:webview_service,935,19]
03-16 10:50:40.398 797 6852 I am_uid_stopped: 10066
01-02 00:08:57.196 0 0 E DTC_ETH,link_delay_work_func: 3003, SQI=0, link=0
03-16 10:50:43.325 797 1298 D ActivityManager: freezing 6298 com.android.inputmethod.latin
03-16 10:50:43.325 797 1298 E ActivityManager: Unable to freeze binder for 6298 com.android.inputmethod.latin
01-02 00:08:59.720 0 0 I binder : 797:1298 ioctl 400c620e 75394015d8 returned -22
01-02 00:08:59.722 0 0 I binder : 797:1298 ioctl c00c620f 75394015b8 returned -22
03-16 10:50:43.327 797 1298 D ActivityManager: froze 6298 com.android.inputmethod.latin
03-16 10:50:43.327 797 1298 I am_freeze: [6298,com.android.inputmethod.latin]
03-16 10:50:43.327 797 1298 E ActivityManager: Unable to freeze binder for 6298 com.android.inputmethod.latin
03-16 10:50:43.328 797 1298 I ActivityManager: Killing 6298:com.android.inputmethod.latin/u0a67 (adj 965): Unable to freeze binder interface
03-16 10:50:43.328 797 1298 I am_kill : [0,6298,com.android.inputmethod.latin,965,Unable to freeze binder interface]
03-16 10:50:43.353 797 6852 I am_proc_died: [0,6298,com.android.inputmethod.latin,965,19]
03-16 10:50:43.354 797 6852 I am_uid_stopped: 10067
01-02 00:09:02.316 0 0 E DTC_ETH,link_delay_work_func: 3003, SQI=0, link=0
01-02 00:09:07.436 0 0 E DTC_ETH,link_delay_work_func: 3003, SQI=0, link=0
01-02 00:09:12.556 0 0 E DTC_ETH,link_delay_work_func: 3003, SQI=0, link=0
01-02 00:09:14.304 0 0 I binder : 797:1298 ioctl 400c620e 75394015d8 returned -22
01-02 00:09:14.306 0 0 I binder : 797:1298 ioctl c00c620f 75394015b8 returned -22
03-16 10:50:57.908 797 1298 D ActivityManager: freezing 3736 com.android.permissioncontroller
03-16 10:50:57.909 797 1298 E ActivityManager: Unable to freeze binder for 3736 com.android.permissioncontroller
03-16 10:50:57.911 797 1298 D ActivityManager: froze 3736 com.android.permissioncontroller
03-16 10:50:57.911 797 1298 I am_freeze: [3736,com.android.permissioncontroller]
03-16 10:50:57.911 797 1298 E ActivityManager: Unable to freeze binder for 3736 com.android.permissioncontroller
03-16 10:50:57.913 797 1298 I ActivityManager: Killing 3736:com.android.permissioncontroller/u0a90 (adj 955): Unable to freeze binder interface
03-16 10:50:57.913 797 1298 I am_kill : [0,3736,com.android.permissioncontroller,955,Unable to freeze binder interface]
03-16 10:50:57.946 797 2315 I am_proc_died: [0,3736,com.android.permissioncontroller,955,19]
03-16 10:50:57.947 797 2315 I am_uid_stopped: 10090
03-16 10:50:57.960 797 822 I am_pss : [5886,10094,com.sohu.sohuvideo,128189440,106651648,0,243433472,0,16,10]
03-16 10:50:57.965 797 822 I am_pss : [5978,99000,com.android.webview:sandboxed_process0:org.chromium.content.app.SandboxedProcessService0:0,11887616,3039232,0,78548992,0,17,5]
03-16 10:50:57.978 797 822 I am_pss : [6853,10097,cn.kuwo.player,187118592,178057216,0,264011776,0,19,12]
03-16 10:51:00.059 4218 4218 I auditd : type=1400 audit(0.0:4088): avc: denied { transfer } for comm="MediaCodec_loop" scontext=u:r:su:s0 tcontext=u:r:mediaserver:s0 tclass=binder permissive=1
01-02 00:09:17.676 0 0 E DTC_ETH,link_delay_work_func: 3003, SQI=0, link=0
01-02 00:09:18.990 0 0 I msm_vidc: err : ffffffff: .....: DBLP Set: status 0
01-02 00:09:22.796 0 0 E DTC_ETH,link_delay_work_func: 3003, SQI=0, link=0
01-02 00:09:27.916 0 0 E DTC_ETH,link_delay_work_func: 3003, SQI=0, link=0
01-02 00:09:33.036 0 0 E DTC_ETH,link_delay_work_func: 3003, SQI=0, link=0
01-02 00:09:38.156 0 0 E DTC_ETH,link_delay_work_func: 3003, SQI=0, link=0
01-02 00:09:43.276 0 0 E DTC_ETH,link_delay_work_func: 3003, SQI=0, link=0
01-02 00:09:48.396 0 0 E DTC_ETH,link_delay_work_func: 3003, SQI=0, link=0
03-16 10:51:36.466 797 1298 D ActivityManager: freezing 5583 com.sohu.inputmethod.sogou.car
03-16 10:51:36.466 797 1298 E ActivityManager: Unable to freeze binder for 5583 com.sohu.inputmethod.sogou.car
01-02 00:09:52.861 0 0 I binder : 797:1298 ioctl 400c620e 75394015d8 returned -22
01-02 00:09:52.864 0 0 I binder : 797:1298 ioctl c00c620f 75394015b8 returned -22
03-16 10:51:36.468 797 1298 D ActivityManager: froze 5583 com.sohu.inputmethod.sogou.car
03-16 10:51:36.468 797 1298 I am_freeze: [5583,com.sohu.inputmethod.sogou.car]
03-16 10:51:36.469 797 1298 E ActivityManager: Unable to freeze binder for 5583 com.sohu.inputmethod.sogou.car
03-16 10:51:36.471 797 1298 I ActivityManager: Killing 5583:com.sohu.inputmethod.sogou.car/u0a23 (adj 945): Unable to freeze binder interface
03-16 10:51:36.471 797 1298 I am_kill : [0,5583,com.sohu.inputmethod.sogou.car,945,Unable to freeze binder interface]
03-16 10:51:36.521 797 2315 I am_proc_died: [0,5583,com.sohu.inputmethod.sogou.car,945,19]
03-16 10:51:36.522 797 2315 I am_uid_stopped: 10023
03-16 10:51:36.525 797 817 W ActivityManager: setHasOverlayUi called on unknown pid: 5583
03-16 10:51:36.535 797 822 I am_pss : [5886,10094,com.sohu.sohuvideo,130845696,106684416,0,243445760,0,16,10]
03-16 10:51:36.539 797 822 I am_pss : [5978,99000,com.android.webview:sandboxed_process0:org.chromium.content.app.SandboxedProcessService0:0,12856320,3039232,0,78548992,0,17,4]
03-16 10:51:36.547 797 822 I am_pss : [1988,1002,com.android.bluetooth,28453888,22724608,0,141398016,0,0,7]
03-16 10:51:36.558 797 822 I am_pss : [6853,10097,cn.kuwo.player,188291072,178057216,0,264011776,0,19,10]
03-16 10:51:36.568 797 822 I am_pss : [3238,10024,com.baidu.input,88756224,76288000,0,212951040,0,7,9]
03-16 10:51:36.575 797 822 I am_pss : [2514,10092,android.ext.services,18290688,6627328,0,135610368,0,5,6]
03-16 10:51:36.581 797 822 I am_pss : [3043,10071,com.qualcomm.location.XT,6682624,4648960,0,95449088,0,6,6]
03-16 10:51:36.586 797 822 I am_pss : [3274,1000,com.qti.diagservices,6448128,4153344,0,96804864,0,10,5]
03-16 10:51:36.591 797 822 I am_pss : [2156,1001,.dataservices,8301568,6283264,0,96120832,0,0,5]
03-16 10:51:36.597 797 822 I am_pss : [2113,1073,com.android.networkstack.process,11400192,8896512,0,105947136,0,0,5]
03-16 10:51:36.610 797 822 I am_pss : [2011,10078,com.android.systemui,172924928,152268800,0,345886720,0,0,12]
03-16 10:51:36.630 797 822 I am_pss : [797,1000,system,233293824,142282752,0,569249792,0,0,19]
01-02 00:09:53.516 0 0 E DTC_ETH,link_delay_work_func: 3003, SQI=0, link=0
01-02 00:09:58.636 0 0 E DTC_ETH,link_delay_work_func: 3003, SQI=0, link=0
01-02 00:10:03.756 0 0 E DTC_ETH,link_delay_work_func: 3003, SQI=0, link=0
01-02 00:10:04.082 0 0 I binder : 797:1298 ioctl 400c620e 75394015d8 returned -22
03-16 10:51:47.687 797 1298 D ActivityManager: freezing 4536 com.microsoft.emmx
03-16 10:51:47.687 797 1298 E ActivityManager: Unable to freeze binder for 4536 com.microsoft.emmx
03-16 10:51:47.689 797 1298 D ActivityManager: froze 4536 com.microsoft.emmx
03-16 10:51:47.689 797 1298 I am_freeze: [4536,com.microsoft.emmx]
03-16 10:51:47.689 797 1298 E ActivityManager: Unable to freeze binder for 4536 com.microsoft.emmx
03-16 10:51:47.692 797 1298 D ActivityManager: freezing 4787 com.microsoft.emmx:sandboxed_process0:org.chromium.content.app.SandboxedProcessService0:0
01-02 00:10:04.084 0 0 I binder : 797:1298 ioctl c00c620f 75394015b8 returned -22
03-16 10:51:47.692 797 1298 E ActivityManager: Unable to freeze binder for 4787 com.microsoft.emmx:sandboxed_process0:org.chromium.content.app.SandboxedProcessService0:0
01-02 00:10:04.087 0 0 I binder : 797:1298 ioctl 400c620e 75394015d8 returned -22
03-16 10:51:47.693 797 1298 D ActivityManager: froze 4787 com.microsoft.emmx:sandboxed_process0:org.chromium.content.app.SandboxedProcessService0:0
03-16 10:51:47.693 797 1298 I am_freeze: [4787,com.microsoft.emmx:sandboxed_process0:org.chromium.content.app.SandboxedProcessService0:0]
03-16 10:51:47.694 797 1298 E ActivityManager: Unable to freeze binder for 4787 com.microsoft.emmx:sandboxed_process0:org.chromium.content.app.SandboxedProcessService0:0
03-16 10:51:47.695 797 1298 I ActivityManager: Killing 4536:com.microsoft.emmx/u0a31 (adj 935): Unable to freeze binder interface
03-16 10:51:47.696 797 1298 I am_kill : [0,4536,com.microsoft.emmx,935,Unable to freeze binder interface]
01-02 00:10:04.089 0 0 I binder : 797:1298 ioctl c00c620f 75394015b8 returned -22
03-16 10:51:47.698 797 1298 I ActivityManager: Killing 4787:com.microsoft.emmx:sandboxed_process0:org.chromium.content.app.SandboxedProcessService0:0/u0a31i-9000 (adj 905): Unable to freeze binder interface
03-16 10:51:47.699 797 1298 I am_kill : [0,4787,com.microsoft.emmx:sandboxed_process0:org.chromium.content.app.SandboxedProcessService0:0,905,Unable to freeze binder interface]
03-16 10:51:47.724 797 6893 I am_proc_died: [0,4787,com.microsoft.emmx:sandboxed_process0:org.chromium.content.app.SandboxedProcessService0:0,905,19]
03-16 10:51:47.725 797 6893 W ActivityManager: Scheduling restart of crashed service com.microsoft.emmx/org.chromium.content.app.SandboxedProcessService0:0 in 1000ms for connection
03-16 10:51:47.725 797 6893 I am_schedule_service_restart: [0,com.microsoft.emmx/org.chromium.content.app.SandboxedProcessService0:0,1000]
03-16 10:51:47.725 797 6893 I am_uid_stopped: 90000
03-16 10:51:47.735 797 822 I am_pss : [5644,10093,com.huawei.appmarket,65973248,57733120,0,200577024,0,16,8]
03-16 10:51:47.736 797 845 E KernelCpuSpeedReader: Failed to read cpu-freq: /sys/devices/system/cpu/cpu4/cpufreq/stats/time_in_state: open failed: ENOENT (No such file or directory)
03-16 10:51:47.736 797 845 E KernelCpuSpeedReader: Failed to read cpu-freq: /sys/devices/system/cpu/cpu0/cpufreq/stats/time_in_state: open failed: ENOENT (No such file or directory)
03-16 10:51:47.750 797 2315 I am_proc_died: [0,4536,com.microsoft.emmx,935,19]
03-16 10:51:47.752 797 2315 I am_uid_stopped: 10031
03-16 10:51:47.753 797 817 W ActivityManager: setHasOverlayUi called on unknown pid: 4536
01-02 00:10:08.876 0 0 E DTC_ETH,link_delay_work_func: 3003, SQI=0, link=0
03-16 10:51:52.723 797 797 I auditd : type=1400 audit(0.0:4089): avc: denied { getpgid } for comm="ActivityManager" scontext=u:r:system_server:s0 tcontext=u:r:app_zygote:s0:c512,c768 tclass=process permissive=1
03-16 10:51:55.388 797 1298 D ActivityManager: freezing 5644 com.huawei.appmarket
03-16 10:51:55.388 797 1298 E ActivityManager: Unable to freeze binder for 5644 com.huawei.appmarket
01-02 00:10:11.783 0 0 I binder : 797:1298 ioctl 400c620e 75394015d8 returned -22
01-02 00:10:11.785 0 0 I binder : 797:1298 ioctl c00c620f 75394015b8 returned -22
03-16 10:51:55.390 797 1298 D ActivityManager: froze 5644 com.huawei.appmarket
03-16 10:51:55.390 797 1298 I am_freeze: [5644,com.huawei.appmarket]
03-16 10:51:55.390 797 1298 E ActivityManager: Unable to freeze binder for 5644 com.huawei.appmarket
03-16 10:51:55.391 797 1298 I ActivityManager: Killing 5644:com.huawei.appmarket/u0a93 (adj 930): Unable to freeze binder interface
03-16 10:51:55.392 797 1298 I am_kill : [0,5644,com.huawei.appmarket,930,Unable to freeze binder interface]
03-16 10:51:55.447 797 6902 I am_proc_died: [0,5644,com.huawei.appmarket,930,16]
03-16 10:51:55.448 797 2315 I WindowManager: WIN DEATH: Window{2909ed1 u0 com.huawei.appmarket/com.huawei.appmarket.MainActivity}
03-16 10:51:55.452 797 6902 I am_uid_stopped: 10093
03-16 10:51:55.454 797 817 W ActivityManager: setHasOverlayUi called on unknown pid: 5644
03-16 10:51:55.454 797 822 W UsageStatsService: Unexpected activity event reported! (com.huawei.appmarket/com.huawei.appmarket.MainActivity event : 23 instanceId : 139779181)
01-02 00:10:13.996 0 0 E DTC_ETH,link_delay_work_func: 3003, SQI=0, link=0
01-02 00:10:14.414 0 0 I msm_vidc: err : ffffffff: .....: DBLP Set: status 0
01-02 00:10:18.990 0 0 I msm_vidc: err : ffffffff: .....: DBLP Set: status 0
01-02 00:10:19.116 0 0 E DTC_ETH,link_delay_work_func: 3003, SQI=0, link=0
01-02 00:10:24.236 0 0 E DTC_ETH,link_delay_work_func: 3003, SQI=0, link=0
01-02 00:10:24.565 0 0 I binder : 797:1298 ioctl 400c620e 75394015d8 returned -22
01-02 00:10:24.567 0 0 I binder : 797:1298 ioctl c00c620f 75394015b8 returned -22
03-16 10:52:08.170 797 1298 D ActivityManager: freezing 5003 com.android.gallery3d
03-16 10:52:08.170 797 1298 E ActivityManager: Unable to freeze binder for 5003 com.android.gallery3d
03-16 10:52:08.171 797 1298 D ActivityManager: froze 5003 com.android.gallery3d
03-16 10:52:08.171 797 1298 I am_freeze: [5003,com.android.gallery3d]
03-16 10:52:08.171 797 1298 E ActivityManager: Unable to freeze binder for 5003 com.android.gallery3d
03-16 10:52:08.173 797 1298 I ActivityManager: Killing 5003:com.android.gallery3d/u0a65 (adj 920): Unable to freeze binder interface
03-16 10:52:08.174 797 1298 I am_kill : [0,5003,com.android.gallery3d,920,Unable to freeze binder interface]
03-16 10:52:08.217 797 4443 I am_proc_died: [0,5003,com.android.gallery3d,920,18]
03-16 10:52:08.218 797 4443 I am_uid_stopped: 10065
03-16 10:52:08.220 797 817 W ActivityManager: setHasOverlayUi called on unknown pid: 5003
03-16 10:52:08.229 797 822 I am_pss : [2527,10063,com.thundercomm.gamemode.provider,8350720,5955584,0,97423360,0,19,6]
03-16 10:52:08.235 797 822 I am_pss : [3022,10091,com.android.providers.media.module,19558400,15228928,0,126992384,0,0,6]
03-16 10:52:08.240 797 822 I am_pss : [3776,2000,com.android.shell,6405120,4288512,0,92098560,0,19,5]
03-16 10:52:08.245 797 822 I am_pss : [3713,10029,com.android.packageinstaller,7778304,5685248,0,92962816,0,19,4]
03-16 10:52:08.250 797 822 I am_pss : [3653,10025,com.android.managedprovisioning,9413632,7249920,0,95997952,0,19,4]
03-16 10:52:08.255 797 822 I am_pss : [2742,10070,com.qualcomm.location,10786816,7766016,0,105635840,0,0,5]
03-16 10:52:08.261 797 822 I am_pss : [2462,1000,com.qualcomm.qti.qdma,9683968,6504448,0,106450944,0,0,5]
03-16 10:52:08.266 797 822 I am_pss : [2427,1000,com.thundercomm.tcservice,8892416,6569984,0,97734656,0,0,5]
03-16 10:52:08.271 797 822 I am_pss : [2399,1000,com.thundercomm.remotecontrolservice,13562880,10813440,0,106610688,0,0,4]
03-16 10:52:08.276 797 822 I am_pss : [2332,1000,vendor.qti.qesdk.sysservice,5952512,3768320,0,93061120,0,0,5]
03-16 10:52:08.281 797 822 I am_pss : [2357,1068,com.android.se,6197248,4018176,0,93327360,0,0,4]
03-16 10:52:08.286 797 822 I am_pss : [2341,10080,com.qti.qualcomm.mstatssystemservice,5854208,3719168,0,91602944,0,0,4]
03-16 10:52:08.290 797 822 I am_pss : [2305,1000,com.thundercomm.tcsetupwizard,7191552,5074944,0,93028352,0,0,4]
03-16 10:52:08.294 797 822 I am_pss : [2242,1000,com.tc.logclient,7990272,5500928,0,100339712,0,0,4]
03-16 10:52:08.299 797 822 I am_pss : [2223,10057,.qtidataservices,6342656,4173824,0,93151232,0,0,4]
03-16 10:52:08.304 797 822 I am_pss : [2233,1000,com.thundercomm.tchttpserver,8286208,6053888,0,95883264,0,0,4]
03-16 10:52:08.312 797 822 I am_pss : [2129,1000,com.thundercomm.gamemode,47824896,40341504,0,158687232,0,0,7]
03-16 10:52:08.317 797 822 I am_pss : [2140,1000,com.thundercomm.microsettings,18712576,9682944,0,116858880,0,0,5]
03-16 10:52:08.322 797 822 I am_pss : [2139,1000,com.thundercomm.microservice,9288704,7032832,0,97419264,0,0,4]
