03-16 10:37:51.364 797 1514 I wm_new_intent: [0,35513617,21,com.android.documentsui/.files.FilesActivity,NULL,NULL,//com.android.documentsui.launchControl,271056896]
03-16 10:37:51.364 797 1514 I wm_pause_activity: [0,247484645,com.android.documentsui/.LauncherActivity,userLeaving=true,pauseBackTasks]
03-16 10:37:51.366 797 1514 I wm_finish_activity: [0,247484645,32,com.android.documentsui/.LauncherActivity,app-request]
03-16 10:37:51.366 4508 4508 I wm_on_create_called: [247484645,com.android.documentsui.LauncherActivity,performCreate]
03-16 10:37:51.367 797 4443 I wm_add_to_stopping: [0,247484645,com.android.documentsui/.LauncherActivity,completeFinishing]
03-16 10:37:51.367 797 4443 I ActivityTaskManager: FOREGROUND_APPLICATION_CHANGED to com.android.documentsui.files.FilesActivity
03-16 10:37:51.367 797 4443 I wm_set_resumed_activity: [0,com.android.documentsui/.files.FilesActivity,resumeTopActivityInnerLocked]
03-16 10:37:51.367 797 4443 I wm_add_to_stopping: [0,28844568,com.android.launcher3/.uioverrides.QuickstepLauncher,makeInvisible]
03-16 10:37:51.369 797 4443 I wm_resume_activity: [0,35513617,21,com.android.documentsui/.files.FilesActivity]
03-16 10:37:51.370 4508 4508 I wm_on_restart_called: [35513617,com.android.documentsui.files.FilesActivity,performRestartActivity]
03-16 10:37:51.371 797 817 I wm_destroy_activity: [0,247484645,32,com.android.documentsui/.LauncherActivity,finish-imm:idle]
03-16 10:37:51.372 797 817 I sysui_multi_action: [757,803,799,window_time_0,802,0]
03-16 10:37:51.372 4508 4508 I wm_on_start_called: [35513617,com.android.documentsui.files.FilesActivity,handleStartActivity]
03-16 10:37:51.374 4508 4508 I wm_on_resume_called: [35513617,com.android.documentsui.files.FilesActivity,RESUME_ACTIVITY]
03-16 10:37:51.375 4508 4508 I wm_on_top_resumed_gained_called: [35513617,com.android.documentsui.files.FilesActivity,topWhenResuming]
03-16 10:37:51.380 797 818 I input_focus: [Focus request 7b13481 com.android.documentsui/com.android.documentsui.files.FilesActivity,reason=UpdateInputWindows]
03-16 10:37:51.396 797 1329 I input_focus: [Focus leaving efa3eda com.android.launcher3/com.android.launcher3.uioverrides.QuickstepLauncher (server),reason=NO_WINDOW]
03-16 10:37:51.399 4508 4508 I wm_on_destroy_called: [247484645,com.android.documentsui.LauncherActivity,performDestroy]
03-16 10:37:51.404 797 814 I sysui_multi_action: [319,58,322,58,325,792,757,761,758,8,759,2,806,com.android.documentsui,871,com.android.documentsui.files.FilesActivity,904,com.android.documentsui,905,0,1320,4,1321,1]
03-16 10:37:51.404 797 1514 I wm_task_removed: [32,removeChild:removeChild last r=ActivityRecord{ec050e5 u0 com.android.documentsui/.LauncherActivity t-1 f}} in t=Task{f434586 #32 type=standard A=10022:com.android.documentsui U=0 visible=false mode=fullscreen translucent=true sz=0}]
03-16 10:37:51.404 797 1514 I wm_task_removed: [32,removeChild]
03-16 10:37:51.405 797 814 I wm_activity_launch_time: [0,35513617,com.android.documentsui/.files.FilesActivity,58]
03-16 10:37:51.411 797 1329 I input_focus: [Focus entering 7b13481 com.android.documentsui/com.android.documentsui.files.FilesActivity (server),reason=Window became focusable. Previous reason: NOT_VISIBLE]
03-16 10:37:51.470 797 1672 W FreeFormWindowHelper: Current Display FreeFormTask is null
03-16 10:37:51.929 797 817 I wm_stop_activity: [0,28844568,com.android.launcher3/.uioverrides.QuickstepLauncher]
03-16 10:37:51.946 2626 2626 I wm_on_stop_called: [28844568,com.android.launcher3.uioverrides.QuickstepLauncher,STOP_ACTIVITY_ITEM]
03-16 10:37:51.969 797 1329 I input_interaction: Interaction with: 7b13481 com.android.documentsui/com.android.documentsui.files.FilesActivity (server), edge-swipe (server), swipe-up (server), PointerEventDispatcher0 (server),
03-16 10:37:52.040 797 1514 I wm_task_moved: [1,0,0]
03-16 10:37:52.040 797 1514 I wm_task_moved: [1,0,10]
03-16 10:37:52.041 797 4443 W FreeFormWindowHelper: Current Display FreeFormTask is null
03-16 10:37:52.042 797 4443 W FreeFormWindowHelper: Current Display FreeFormTask is null
03-16 10:37:52.060 2626 2626 I wm_on_restart_called: [28844568,com.android.launcher3.uioverrides.QuickstepLauncher,performRestartActivity]
03-16 10:37:52.061 797 1514 W FreeFormWindowHelper: Current Display FreeFormTask is null
03-16 10:37:52.061 797 4443 W FreeFormWindowHelper: Current Display FreeFormTask is null
03-16 10:37:52.078 2626 2626 I wm_on_start_called: [28844568,com.android.launcher3.uioverrides.QuickstepLauncher,handleStartActivity]
03-16 10:37:52.082 797 4443 W FreeFormWindowHelper: Current Display FreeFormTask is null
03-16 10:37:52.083 797 4443 W FreeFormWindowHelper: Current Display FreeFormTask is null
03-16 10:37:52.088 797 814 I sysui_multi_action: [319,3,322,45,325,793,757,761,758,9,759,5,806,com.android.launcher3,871,com.android.launcher3.uioverrides.QuickstepLauncher,905,0,1320,4,1321,1]
03-16 10:37:52.095 797 4443 W FreeFormWindowHelper: Current Display FreeFormTask is null
03-16 10:37:52.095 797 4443 W FreeFormWindowHelper: Current Display FreeFormTask is null
03-16 10:37:52.161 4508 4508 I view_enqueue_input_event: [Motion - Cancel,com.android.documentsui/com.android.documentsui.files.FilesActivity]
03-16 10:37:52.162 797 814 D AutofillManagerService: Close system dialogs
03-16 10:37:52.163 2626 2626 I sysui_latency: [1,47]
03-16 10:37:52.163 797 818 I input_focus: [Focus request recents_animation_input_consumer,reason=UpdateInputWindows]
03-16 10:37:52.163 797 4443 W FreeFormWindowHelper: Current Display FreeFormTask is null
03-16 10:37:52.164 797 1672 W FreeFormWindowHelper: Current Display FreeFormTask is null
03-16 10:37:52.175 797 1329 I input_interaction: Interaction with: edge-swipe (server), swipe-up (server), PointerEventDispatcher0 (server),
03-16 10:37:52.180 797 1672 W FreeFormWindowHelper: Current Display FreeFormTask is null
03-16 10:37:52.180 797 1672 W FreeFormWindowHelper: Current Display FreeFormTask is null
03-16 10:37:52.195 797 4443 W FreeFormWindowHelper: Current Display FreeFormTask is null
03-16 10:37:52.195 797 4443 W FreeFormWindowHelper: Current Display FreeFormTask is null
03-16 10:37:52.195 797 1329 I input_focus: [Focus leaving 7b13481 com.android.documentsui/com.android.documentsui.files.FilesActivity (server),reason=NOT_FOCUSABLE]
03-16 10:37:52.195 797 1329 I input_focus: [Focus entering recents_animation_input_consumer (server),reason=setFocusedWindow]
03-16 10:37:52.278 797 1297 I commit_sys_config_file: [settings-1-0,2]
03-16 10:37:52.388 797 822 I sysui_latency: [8,48]
03-16 10:37:52.615 797 4443 W FreeFormWindowHelper: exitRecentTasks type=0
03-16 10:37:52.629 797 4443 W FreeFormWindowHelper: Current Display FreeFormTask is null
03-16 10:37:52.629 797 4443 W FreeFormWindowHelper: Current Display FreeFormTask is null
01-01 23:56:09.198 0 0 E DTC_ETH,link_delay_work_func: 3003, SQI=0, link=0
03-16 10:37:52.818 797 1297 I commit_sys_config_file: [settings-1-0,1]
03-16 10:37:53.280 797 2330 W FreeFormWindowHelper: Current Display FreeFormTask is null
03-16 10:37:53.281 797 2330 W FreeFormWindowHelper: Current Display FreeFormTask is null
03-16 10:37:53.282 797 2330 I wm_task_moved: [1,1,11]
03-16 10:37:53.283 797 2330 I wm_task_moved: [13,1,2147483647]
03-16 10:37:53.283 797 2330 I wm_task_to_front: [0,13]
03-16 10:37:53.283 797 2330 I wm_focused_root_task: [0,0,1,21,RecentsAnimation.onAnimationFinished()]
03-16 10:37:53.283 4508 4508 I wm_on_top_resumed_lost_called: [35513617,com.android.documentsui.files.FilesActivity,topStateChangedWhenResumed]
03-16 10:37:53.283 797 2330 I wm_set_resumed_activity: [0,com.android.launcher3/.uioverrides.QuickstepLauncher,RecentsAnimation.onAnimationFinished()]
03-16 10:37:53.284 797 2330 I wm_pause_activity: [0,35513617,com.android.documentsui/.files.FilesActivity,userLeaving=true,pauseBackTasks]
03-16 10:37:53.284 797 2330 I wm_add_to_stopping: [0,35513617,com.android.documentsui/.files.FilesActivity,makeInvisible]
03-16 10:37:53.284 797 2330 I ActivityTaskManager: FOREGROUND_APPLICATION_CHANGED to com.android.launcher3.uioverrides.QuickstepLauncher
03-16 10:37:53.284 797 2330 I wm_set_resumed_activity: [0,com.android.launcher3/.uioverrides.QuickstepLauncher,resumeTopActivityInnerLocked]
03-16 10:37:53.286 797 2330 I wm_resume_activity: [0,28844568,13,com.android.launcher3/.uioverrides.QuickstepLauncher]
03-16 10:37:53.286 2626 2626 I wm_on_resume_called: [28844568,com.android.launcher3.uioverrides.QuickstepLauncher,RESUME_ACTIVITY]
03-16 10:37:53.289 797 818 I input_focus: [Focus request efa3eda com.android.launcher3/com.android.launcher3.uioverrides.QuickstepLauncher,reason=UpdateInputWindows]
03-16 10:37:53.290 2626 2626 I wm_on_top_resumed_gained_called: [28844568,com.android.launcher3.uioverrides.QuickstepLauncher,topStateChangedWhenResumed]
03-16 10:37:53.290 4508 4508 I wm_on_paused_called: [35513617,com.android.documentsui.files.FilesActivity,performPause]
03-16 10:37:53.292 797 2434 I wm_stop_activity: [0,35513617,com.android.documentsui/.files.FilesActivity]
03-16 10:37:53.292 797 817 I sysui_multi_action: [757,803,799,window_time_0,802,2]
03-16 10:37:53.293 797 817 I sysui_multi_action: [757,803,799,window_time_0,802,0]
03-16 10:37:53.293 797 817 I ActivityManager: PendingStartActivityUids startActivity to updateOomAdj delay:1251ms, uid:10074
03-16 10:37:53.299 797 1329 I input_focus: [Focus leaving recents_animation_input_consumer (server),reason=NOT_VISIBLE]
03-16 10:37:53.303 797 1329 I input_interaction: Interaction with: efa3eda com.android.launcher3/com.android.launcher3.uioverrides.QuickstepLauncher (server), edge-swipe (server), swipe-up (server), PointerEventDispatcher0 (server),
03-16 10:37:53.304 4508 4508 I wm_on_stop_called: [35513617,com.android.documentsui.files.FilesActivity,STOP_ACTIVITY_ITEM]
03-16 10:37:53.304 797 797 I service_manager_stats: [100,22,8877]
03-16 10:37:53.315 797 1329 I input_focus: [Focus entering efa3eda com.android.launcher3/com.android.launcher3.uioverrides.QuickstepLauncher (server),reason=setFocusedWindow]
03-16 10:37:53.392 797 4443 W FreeFormWindowHelper: Current Display FreeFormTask is null
03-16 10:37:53.444 797 1514 I thunderperf: PlatormCompat.setOverrides: Uid1=10074 Pid1=2626 Uid2=10074 Pid2=2626
03-16 10:37:53.444 797 1514 I thunderperf: PlatormCompat.setOverrides: needCheck:false
03-16 10:37:53.445 797 1514 I thunderperf: CompatConfig.addOverrideUnsafe: bef-state=0
03-16 10:37:53.445 797 1514 I thunderperf: CompatConfig.addOverrideUnsafe: aft-state=0
03-16 10:37:53.446 797 1514 I thunderperf: CompatConfig.addOverrideUnsafe: bef-state=0
03-16 10:37:53.446 797 1514 I thunderperf: CompatConfig.addOverrideUnsafe: aft-state=0
03-16 10:37:53.446 797 1514 I thunderperf: CompatConfig.addOverrideUnsafe: bef-state=0
03-16 10:37:53.446 797 1514 I thunderperf: CompatConfig.addOverrideUnsafe: aft-state=0
03-16 10:37:53.447 797 1514 I thunderperf: CompatConfig.addOverrideUnsafe: bef-state=0
03-16 10:37:53.447 797 1514 I thunderperf: CompatConfig.addOverrideUnsafe: aft-state=0
03-16 10:37:53.447 797 1514 I thunderperf: CompatConfig.addOverrideUnsafe: bef-state=0
03-16 10:37:53.447 797 1514 I thunderperf: CompatConfig.addOverrideUnsafe: aft-state=0
03-16 10:37:53.448 797 1514 I thunderperf: CompatConfig.addOverrideUnsafe: bef-state=0
03-16 10:37:53.448 797 1514 I thunderperf: CompatConfig.addOverrideUnsafe: aft-state=0
03-16 10:37:53.448 797 1514 I thunderperf: CompatConfig.addOverrideUnsafe: bef-state=0
03-16 10:37:53.448 797 1514 I thunderperf: CompatConfig.addOverrideUnsafe: aft-state=0
03-16 10:37:53.449 797 1514 I thunderperf: CompatConfig.addOverrideUnsafe: bef-state=0
03-16 10:37:53.449 797 1514 I thunderperf: CompatConfig.addOverrideUnsafe: aft-state=0
03-16 10:37:53.449 797 1514 I thunderperf: CompatConfig.addOverrideUnsafe: bef-state=0
03-16 10:37:53.449 797 1514 I thunderperf: CompatConfig.addOverrideUnsafe: aft-state=0
03-16 10:37:53.450 797 1514 I thunderperf: CompatConfig.addOverrideUnsafe: bef-state=0
03-16 10:37:53.450 797 1514 I thunderperf: CompatConfig.addOverrideUnsafe: aft-state=0
03-16 10:37:53.451 797 1514 I thunderperf: CompatConfig.addOverrideUnsafe: bef-state=0
03-16 10:37:53.451 797 1514 I thunderperf: CompatConfig.addOverrideUnsafe: aft-state=0
03-16 10:37:53.451 797 1514 I thunderperf: CompatConfig.addOverrideUnsafe: bef-state=0
03-16 10:37:53.451 797 1514 I thunderperf: CompatConfig.addOverrideUnsafe: aft-state=0
03-16 10:37:53.452 797 1514 I thunderperf: CompatConfig.addOverrideUnsafe: bef-state=0
03-16 10:37:53.452 797 1514 I thunderperf: CompatConfig.addOverrideUnsafe: aft-state=0
03-16 10:37:53.452 797 1514 I thunderperf: CompatConfig.addOverrideUnsafe: bef-state=0
03-16 10:37:53.452 797 1514 I thunderperf: CompatConfig.addOverrideUnsafe: aft-state=0
03-16 10:37:53.460 797 1514 I ActivityTaskManager: START u0 {act=android.intent.action.MAIN cat=[android.intent.category.LAUNCHER] flg=0x10200000 cmp=com.android.documentsui/.LauncherActivity bnds=[112,632][388,906]} from uid 10074
03-16 10:37:53.464 797 1514 I wm_task_created: [33,-1]
03-16 10:37:53.464 797 1514 W ActivityTaskManager: Can't find TaskDisplayArea to determine support for multi window. Task id=33 attached=false
03-16 10:37:53.466 797 1514 I wm_task_moved: [33,1,12]
03-16 10:37:53.466 797 1514 I wm_task_to_front: [0,33]
03-16 10:37:53.466 797 1514 I wm_create_task: [0,33]
03-16 10:37:53.466 797 1514 I wm_create_activity: [0,222671004,33,com.android.documentsui/.LauncherActivity,android.intent.action.MAIN,NULL,NULL,270532608]
03-16 10:37:53.466 797 1514 I wm_task_moved: [33,1,12]
03-16 10:37:53.467 797 1514 V SplashScreenExceptionList: SplashScreen checking exception for package com.android.documentsui (target sdk:30) -> false
03-16 10:37:53.467 797 1514 I wm_pause_activity: [0,28844568,com.android.launcher3/.uioverrides.QuickstepLauncher,userLeaving=true,pauseBackTasks]
03-16 10:37:53.469 797 2330 W FreeFormWindowHelper: Current Display FreeFormTask is null
03-16 10:37:53.470 2626 2626 I wm_on_top_resumed_lost_called: [28844568,com.android.launcher3.uioverrides.QuickstepLauncher,topStateChangedWhenResumed]
03-16 10:37:53.471 2626 2626 I wm_on_paused_called: [28844568,com.android.launcher3.uioverrides.QuickstepLauncher,performPause]
03-16 10:37:53.472 797 2330 I ActivityTaskManager: FOREGROUND_APPLICATION_CHANGED to com.android.documentsui.files.LauncherActivity
03-16 10:37:53.472 797 2330 I ActivityTaskManager: The Process com.android.documentsui Already Exists in BG. So sending its PID: 4508
03-16 10:37:53.472 797 2330 W ActivityTaskManager: Tried to set launchTime (0) < mLastActivityLaunchTime (792889)
03-16 10:37:53.472 797 2330 I wm_restart_activity: [0,222671004,33,com.android.documentsui/.LauncherActivity]
03-16 10:37:53.473 797 2330 I wm_set_resumed_activity: [0,com.android.documentsui/.LauncherActivity,minimalResumeActivityLocked]
03-16 10:37:53.476 797 817 I sysui_multi_action: [757,803,799,window_time_0,802,1]
03-16 10:37:53.481 797 4443 I thunderperf: PlatormCompat.setOverrides: Uid1=10022 Pid1=4508 Uid2=10022 Pid2=4508
03-16 10:37:53.481 797 4443 I thunderperf: PlatormCompat.setOverrides: needCheck:false
03-16 10:37:53.481 797 4443 I thunderperf: CompatConfig.addOverrideUnsafe: bef-state=0
03-16 10:37:53.481 797 4443 I thunderperf: CompatConfig.addOverrideUnsafe: aft-state=0
03-16 10:37:53.481 797 4443 I thunderperf: CompatConfig.addOverrideUnsafe: bef-state=0
03-16 10:37:53.481 797 4443 I thunderperf: CompatConfig.addOverrideUnsafe: aft-state=0
03-16 10:37:53.481 797 4443 I thunderperf: CompatConfig.addOverrideUnsafe: bef-state=0
03-16 10:37:53.481 797 4443 I thunderperf: CompatConfig.addOverrideUnsafe: aft-state=0
03-16 10:37:53.482 797 4443 I thunderperf: CompatConfig.addOverrideUnsafe: bef-state=0
03-16 10:37:53.482 797 4443 I thunderperf: CompatConfig.addOverrideUnsafe: aft-state=0
03-16 10:37:53.482 797 4443 I thunderperf: CompatConfig.addOverrideUnsafe: bef-state=0
03-16 10:37:53.482 797 4443 I thunderperf: CompatConfig.addOverrideUnsafe: aft-state=0
03-16 10:37:53.482 797 4443 I thunderperf: CompatConfig.addOverrideUnsafe: bef-state=0
03-16 10:37:53.482 797 4443 I thunderperf: CompatConfig.addOverrideUnsafe: aft-state=0
03-16 10:37:53.482 797 4443 I thunderperf: CompatConfig.addOverrideUnsafe: bef-state=0
03-16 10:37:53.482 797 4443 I thunderperf: CompatConfig.addOverrideUnsafe: aft-state=0
03-16 10:37:53.482 797 4443 I thunderperf: CompatConfig.addOverrideUnsafe: bef-state=0
03-16 10:37:53.482 797 4443 I thunderperf: CompatConfig.addOverrideUnsafe: aft-state=0
03-16 10:37:53.482 797 4443 I thunderperf: CompatConfig.addOverrideUnsafe: bef-state=0
03-16 10:37:53.483 797 4443 I thunderperf: CompatConfig.addOverrideUnsafe: aft-state=0
03-16 10:37:53.483 797 4443 I thunderperf: CompatConfig.addOverrideUnsafe: bef-state=0
03-16 10:37:53.483 797 4443 I thunderperf: CompatConfig.addOverrideUnsafe: aft-state=0
03-16 10:37:53.483 797 4443 I thunderperf: CompatConfig.addOverrideUnsafe: bef-state=0
03-16 10:37:53.483 797 4443 I thunderperf: CompatConfig.addOverrideUnsafe: aft-state=0
03-16 10:37:53.483 797 4443 I thunderperf: CompatConfig.addOverrideUnsafe: bef-state=0
03-16 10:37:53.483 797 4443 I thunderperf: CompatConfig.addOverrideUnsafe: aft-state=0
03-16 10:37:53.483 797 4443 I thunderperf: CompatConfig.addOverrideUnsafe: bef-state=0
03-16 10:37:53.483 797 4443 I thunderperf: CompatConfig.addOverrideUnsafe: aft-state=0
03-16 10:37:53.483 797 4443 I thunderperf: CompatConfig.addOverrideUnsafe: bef-state=0
03-16 10:37:53.483 797 4443 I thunderperf: CompatConfig.addOverrideUnsafe: aft-state=0
03-16 10:37:53.485 797 4443 I ActivityTaskManager: START u0 {dat=//com.android.documentsui.launchControl flg=0x10280000 cmp=com.android.documentsui/.files.FilesActivity (has extras)} from uid 10022
03-16 10:37:53.485 797 4443 I wm_task_moved: [21,1,12]
03-16 10:37:53.485 797 4443 I wm_task_to_front: [0,21]
03-16 10:37:53.485 797 4443 I wm_focused_root_task: [0,0,21,33,bringingFoundTaskToFront]
03-16 10:37:53.486 797 4443 I wm_set_resumed_activity: [0,com.android.documentsui/.files.FilesActivity,bringingFoundTaskToFront]
03-16 10:37:53.486 797 4443 I wm_new_intent: [0,35513617,21,com.android.documentsui/.files.FilesActivity,NULL,NULL,//com.android.documentsui.launchControl,271056896]
03-16 10:37:53.486 797 4443 I wm_pause_activity: [0,222671004,com.android.documentsui/.LauncherActivity,userLeaving=true,pauseBackTasks]
03-16 10:37:53.487 797 4443 I wm_finish_activity: [0,222671004,33,com.android.documentsui/.LauncherActivity,app-request]
03-16 10:37:53.487 4508 4508 I wm_on_create_called: [222671004,com.android.documentsui.LauncherActivity,performCreate]
03-16 10:37:53.489 797 4608 I wm_add_to_stopping: [0,222671004,com.android.documentsui/.LauncherActivity,completeFinishing]
03-16 10:37:53.490 797 4608 I ActivityTaskManager: FOREGROUND_APPLICATION_CHANGED to com.android.documentsui.files.FilesActivity
03-16 10:37:53.490 797 4608 I wm_set_resumed_activity: [0,com.android.documentsui/.files.FilesActivity,resumeTopActivityInnerLocked]
03-16 10:37:53.490 797 4608 I wm_add_to_stopping: [0,28844568,com.android.launcher3/.uioverrides.QuickstepLauncher,makeInvisible]
03-16 10:37:53.492 797 4608 I wm_resume_activity: [0,35513617,21,com.android.documentsui/.files.FilesActivity]
03-16 10:37:53.493 4508 4508 I wm_on_restart_called: [35513617,com.android.documentsui.files.FilesActivity,performRestartActivity]
03-16 10:37:53.495 4508 4508 I wm_on_start_called: [35513617,com.android.documentsui.files.FilesActivity,handleStartActivity]
03-16 10:37:53.496 797 817 I wm_destroy_activity: [0,222671004,33,com.android.documentsui/.LauncherActivity,finish-imm:idle]
03-16 10:37:53.497 4508 4508 I wm_on_resume_called: [35513617,com.android.documentsui.files.FilesActivity,RESUME_ACTIVITY]
03-16 10:37:53.497 797 817 I sysui_multi_action: [757,803,799,window_time_0,802,0]
03-16 10:37:53.498 4508 4508 I wm_on_top_resumed_gained_called: [35513617,com.android.documentsui.files.FilesActivity,topWhenResuming]
03-16 10:37:53.501 797 818 I input_focus: [Focus request 7b13481 com.android.documentsui/com.android.documentsui.files.FilesActivity,reason=UpdateInputWindows]
03-16 10:37:53.516 797 1329 I input_focus: [Focus leaving efa3eda com.android.launcher3/com.android.launcher3.uioverrides.QuickstepLauncher (server),reason=NO_WINDOW]
03-16 10:37:53.518 4508 4508 I wm_on_destroy_called: [222671004,com.android.documentsui.LauncherActivity,performDestroy]
03-16 10:37:53.521 797 814 I sysui_multi_action: [319,61,322,60,325,794,757,761,758,8,759,2,806,com.android.documentsui,871,com.android.documentsui.files.FilesActivity,904,com.android.documentsui,905,0,1320,4,1321,1]
03-16 10:37:53.521 797 814 I wm_activity_launch_time: [0,35513617,com.android.documentsui/.files.FilesActivity,60]
03-16 10:37:53.526 797 1514 I wm_task_removed: [33,removeChild:removeChild last r=ActivityRecord{d45b09c u0 com.android.documentsui/.LauncherActivity t-1 f}} in t=Task{70d8c21 #33 type=standard A=10022:com.android.documentsui U=0 visible=false mode=fullscreen translucent=true sz=0}]
03-16 10:37:53.526 797 1514 I wm_task_removed: [33,removeChild]
03-16 10:37:53.533 797 1329 I input_focus: [Focus entering 7b13481 com.android.documentsui/com.android.documentsui.files.FilesActivity (server),reason=setFocusedWindow]
03-16 10:37:53.592 797 4608 W FreeFormWindowHelper: Current Display FreeFormTask is null
03-16 10:37:54.050 797 817 I wm_stop_activity: [0,28844568,com.android.launcher3/.uioverrides.QuickstepLauncher]
03-16 10:37:54.053 2626 2626 I wm_on_stop_called: [28844568,com.android.launcher3.uioverrides.QuickstepLauncher,STOP_ACTIVITY_ITEM]
03-16 10:37:54.141 797 1329 I input_interaction: Interaction with: 7b13481 com.android.documentsui/com.android.documentsui.files.FilesActivity (server), edge-swipe (server), swipe-up (server), PointerEventDispatcher0 (server),
03-16 10:37:54.212 797 2330 I wm_task_moved: [1,0,0]
03-16 10:37:54.212 797 2330 I wm_task_moved: [1,0,10]
03-16 10:37:54.215 797 1514 W FreeFormWindowHelper: Current Display FreeFormTask is null
03-16 10:37:54.215 797 2330 W FreeFormWindowHelper: Current Display FreeFormTask is null
03-16 10:37:54.216 2626 2626 I wm_on_restart_called: [28844568,com.android.launcher3.uioverrides.QuickstepLauncher,performRestartActivity]
03-16 10:37:54.217 797 2434 W FreeFormWindowHelper: Current Display FreeFormTask is null
03-16 10:37:54.217 797 1514 W FreeFormWindowHelper: Current Display FreeFormTask is null
03-16 10:37:54.232 2626 2626 I wm_on_start_called: [28844568,com.android.launcher3.uioverrides.QuickstepLauncher,handleStartActivity]
03-16 10:37:54.236 797 1514 W FreeFormWindowHelper: Current Display FreeFormTask is null
03-16 10:37:54.236 797 1514 W FreeFormWindowHelper: Current Display FreeFormTask is null
03-16 10:37:54.241 797 814 I sysui_multi_action: [319,3,322,28,325,795,757,761,758,9,759,5,806,com.android.launcher3,871,com.android.launcher3.uioverrides.QuickstepLauncher,905,0,1320,4,1321,1]
03-16 10:37:54.250 797 1514 W FreeFormWindowHelper: Current Display FreeFormTask is null
03-16 10:37:54.250 797 1514 W FreeFormWindowHelper: Current Display FreeFormTask is null
03-16 10:37:54.305 4508 4508 I view_enqueue_input_event: [Motion - Cancel,com.android.documentsui/com.android.documentsui.files.FilesActivity]
03-16 10:37:54.306 797 814 D AutofillManagerService: Close system dialogs
03-16 10:37:54.306 2626 2626 I sysui_latency: [1,29]
03-16 10:37:54.307 797 818 I input_focus: [Focus request recents_animation_input_consumer,reason=UpdateInputWindows]
03-16 10:37:54.307 797 2434 W FreeFormWindowHelper: Current Display FreeFormTask is null
03-16 10:37:54.307 797 2434 W FreeFormWindowHelper: Current Display FreeFormTask is null
03-16 10:37:54.318 797 2330 W FreeFormWindowHelper: Current Display FreeFormTask is null
03-16 10:37:54.318 797 2330 W FreeFormWindowHelper: Current Display FreeFormTask is null
03-16 10:37:54.319 797 1329 I input_interaction: Interaction with: edge-swipe (server), swipe-up (server), PointerEventDispatcher0 (server),
03-16 10:37:54.333 797 2330 W FreeFormWindowHelper: Current Display FreeFormTask is null
03-16 10:37:54.333 797 2330 W FreeFormWindowHelper: Current Display FreeFormTask is null
03-16 10:37:54.333 797 1329 I input_focus: [Focus leaving 7b13481 com.android.documentsui/com.android.documentsui.files.FilesActivity (server),reason=NOT_FOCUSABLE]
03-16 10:37:54.333 797 1329 I input_focus: [Focus entering recents_animation_input_consumer (server),reason=setFocusedWindow]
03-16 10:37:54.433 797 1297 I commit_sys_config_file: [settings-1-0,2]
03-16 10:37:54.541 797 822 I sysui_latency: [8,31]
03-16 10:37:55.068 797 4608 I wm_task_moved: [1,0,10]
03-16 10:37:55.069 797 4608 I wm_add_to_stopping: [0,28844568,com.android.launcher3/.uioverrides.QuickstepLauncher,makeInvisible]
03-16 10:37:55.071 797 818 I input_focus: [Focus request 7b13481 com.android.documentsui/com.android.documentsui.files.FilesActivity,reason=UpdateInputWindows]
03-16 10:37:55.071 797 817 I wm_stop_activity: [0,28844568,com.android.launcher3/.uioverrides.QuickstepLauncher]
03-16 10:37:55.073 797 4608 W FreeFormWindowHelper: Current Display FreeFormTask is null
03-16 10:37:55.073 797 4608 W FreeFormWindowHelper: Current Display FreeFormTask is null
03-16 10:37:55.075 797 4608 W FreeFormWindowHelper: exitRecentTasks type=0
03-16 10:37:55.077 2626 2626 I wm_on_stop_called: [28844568,com.android.launcher3.uioverrides.QuickstepLauncher,STOP_ACTIVITY_ITEM]
03-16 10:37:55.087 797 822 W UsageStatsService: Unexpected activity event reported! (com.android.launcher3/com.android.launcher3.uioverrides.QuickstepLauncher event : 23 instanceId : 55927770)
03-16 10:37:55.102 797 1329 I input_focus: [Focus leaving recents_animation_input_consumer (server),reason=NOT_VISIBLE]
03-16 10:37:55.102 797 1329 I input_focus: [Focus entering 7b13481 com.android.documentsui/com.android.documentsui.files.FilesActivity (server),reason=setFocusedWindow]
03-16 10:37:55.278 797 1297 I commit_sys_config_file: [settings-1-0,1]
03-16 10:37:55.503 797 1329 I input_interaction: Interaction with: 7b13481 com.android.documentsui/com.android.documentsui.files.FilesActivity (server), edge-swipe (server), swipe-up (server), PointerEventDispatcher0 (server),
03-16 10:37:55.597 797 4608 W FreeFormWindowHelper: Current Display FreeFormTask is null
03-16 10:37:55.598 797 2434 I wm_task_moved: [1,0,0]
03-16 10:37:55.599 797 2434 I wm_task_moved: [1,0,10]
03-16 10:37:55.599 797 4608 W FreeFormWindowHelper: Current Display FreeFormTask is null
03-16 10:37:55.621 2626 2626 I wm_on_restart_called: [28844568,com.android.launcher3.uioverrides.QuickstepLauncher,performRestartActivity]
03-16 10:37:55.622 797 4608 W FreeFormWindowHelper: Current Display FreeFormTask is null
03-16 10:37:55.623 797 4608 W FreeFormWindowHelper: Current Display FreeFormTask is null
03-16 10:37:55.633 2626 2626 I wm_on_start_called: [28844568,com.android.launcher3.uioverrides.QuickstepLauncher,handleStartActivity]
03-16 10:37:55.642 797 2434 W FreeFormWindowHelper: Current Display FreeFormTask is null
03-16 10:37:55.642 797 2434 W FreeFormWindowHelper: Current Display FreeFormTask is null
03-16 10:37:55.647 4508 4508 I view_enqueue_input_event: [Motion - Cancel,com.android.documentsui/com.android.documentsui.files.FilesActivity]
03-16 10:37:55.648 2626 2626 I sysui_latency: [1,60]
03-16 10:37:55.649 797 814 D AutofillManagerService: Close system dialogs
03-16 10:37:55.649 797 818 I input_focus: [Focus request recents_animation_input_consumer,reason=UpdateInputWindows]
03-16 10:37:55.651 797 4608 W FreeFormWindowHelper: Current Display FreeFormTask is null
03-16 10:37:55.652 797 2330 W FreeFormWindowHelper: Current Display FreeFormTask is null
03-16 10:37:55.656 797 1329 I input_interaction: Interaction with: edge-swipe (server), swipe-up (server), PointerEventDispatcher0 (server),
03-16 10:37:55.658 797 1514 W FreeFormWindowHelper: Current Display FreeFormTask is null
03-16 10:37:55.658 797 1514 W FreeFormWindowHelper: Current Display FreeFormTask is null
03-16 10:37:55.659 797 814 I sysui_multi_action: [319,9,322,55,325,797,757,761,758,9,759,5,806,com.android.launcher3,871,com.android.launcher3.uioverrides.QuickstepLauncher,905,0,1320,4,1321,1]
03-16 10:37:55.671 797 1329 I input_focus: [Focus leaving 7b13481 com.android.documentsui/com.android.documentsui.files.FilesActivity (server),reason=NOT_FOCUSABLE]
03-16 10:37:55.671 797 1329 I input_focus: [Focus entering recents_animation_input_consumer (server),reason=setFocusedWindow]
03-16 10:37:55.671 797 2330 W FreeFormWindowHelper: Current Display FreeFormTask is null
03-16 10:37:55.671 797 2330 W FreeFormWindowHelper: Current Display FreeFormTask is null
03-16 10:37:55.835 797 1297 I commit_sys_config_file: [settings-1-0,3]
03-16 10:37:55.855 797 2870 E TaskPersister: File error accessing recents directory (directory doesn't exist?).
03-16 10:37:55.960 797 822 I sysui_latency: [8,67]
03-16 10:37:56.002 797 1514 I wm_task_moved: [1,0,10]
03-16 10:37:56.002 797 1514 I wm_add_to_stopping: [0,28844568,com.android.launcher3/.uioverrides.QuickstepLauncher,makeInvisible]
03-16 10:37:56.007 797 818 I input_focus: [Focus request 7b13481 com.android.documentsui/com.android.documentsui.files.FilesActivity,reason=UpdateInputWindows]
03-16 10:37:56.008 797 817 I wm_stop_activity: [0,28844568,com.android.launcher3/.uioverrides.QuickstepLauncher]
03-16 10:37:56.014 797 4608 W FreeFormWindowHelper: Current Display FreeFormTask is null
03-16 10:37:56.015 797 4608 W FreeFormWindowHelper: Current Display FreeFormTask is null
03-16 10:37:56.023 797 1514 W FreeFormWindowHelper: Current Display FreeFormTask is null
03-16 10:37:56.023 797 1329 I input_focus: [Focus leaving recents_animation_input_consumer (server),reason=NOT_VISIBLE]
03-16 10:37:56.023 797 1329 I input_focus: [Focus entering 7b13481 com.android.documentsui/com.android.documentsui.files.FilesActivity (server),reason=setFocusedWindow]
03-16 10:37:56.023 797 2434 W FreeFormWindowHelper: Current Display FreeFormTask is null
03-16 10:37:56.037 797 4608 W FreeFormWindowHelper: exitRecentTasks type=0
03-16 10:37:56.039 2626 2626 I wm_on_stop_called: [28844568,com.android.launcher3.uioverrides.QuickstepLauncher,STOP_ACTIVITY_ITEM]
03-16 10:37:56.043 797 822 W UsageStatsService: Unexpected activity event reported! (com.android.launcher3/com.android.launcher3.uioverrides.QuickstepLauncher event : 23 instanceId : 55927770)
03-16 10:37:56.249 797 1297 I commit_sys_config_file: [settings-1-0,10]
03-16 10:37:56.644 797 1329 I input_interaction: Interaction with: 7b13481 com.android.documentsui/com.android.documentsui.files.FilesActivity (server), edge-swipe (server), swipe-up (server), PointerEventDispatcher0 (server),
03-16 10:37:56.751 797 1514 W FreeFormWindowHelper: Current Display FreeFormTask is null
03-16 10:37:56.752 797 4608 I wm_task_moved: [1,0,0]
03-16 10:37:56.753 797 4608 I wm_task_moved: [1,0,10]
03-16 10:37:56.754 797 1514 W FreeFormWindowHelper: Current Display FreeFormTask is null
03-16 10:37:56.774 2626 2626 I wm_on_restart_called: [28844568,com.android.launcher3.uioverrides.QuickstepLauncher,performRestartActivity]
03-16 10:37:56.775 797 1514 W FreeFormWindowHelper: Current Display FreeFormTask is null
03-16 10:37:56.776 797 1514 W FreeFormWindowHelper: Current Display FreeFormTask is null
03-16 10:37:56.791 2626 2626 I wm_on_start_called: [28844568,com.android.launcher3.uioverrides.QuickstepLauncher,handleStartActivity]
03-16 10:37:56.797 797 4608 W FreeFormWindowHelper: Current Display FreeFormTask is null
03-16 10:37:56.797 797 4608 W FreeFormWindowHelper: Current Display FreeFormTask is null
03-16 10:37:56.803 4508 4508 I view_enqueue_input_event: [Motion - Cancel,com.android.documentsui/com.android.documentsui.files.FilesActivity]
03-16 10:37:56.804 797 814 D AutofillManagerService: Close system dialogs
03-16 10:37:56.804 2626 2626 I sysui_latency: [1,61]
03-16 10:37:56.810 797 4443 W FreeFormWindowHelper: Current Display FreeFormTask is null
03-16 10:37:56.810 797 1329 I input_interaction: Interaction with: edge-swipe (server), swipe-up (server), PointerEventDispatcher0 (server),
03-16 10:37:56.811 797 2330 W FreeFormWindowHelper: Current Display FreeFormTask is null
03-16 10:37:56.812 797 4443 W FreeFormWindowHelper: Current Display FreeFormTask is null
03-16 10:37:56.812 797 4443 W FreeFormWindowHelper: Current Display FreeFormTask is null
03-16 10:37:56.814 797 818 I input_focus: [Focus request recents_animation_input_consumer,reason=UpdateInputWindows]
03-16 10:37:56.821 797 814 I sysui_multi_action: [319,13,322,59,325,798,757,761,758,9,759,5,806,com.android.launcher3,871,com.android.launcher3.uioverrides.QuickstepLauncher,905,0,1320,4,1321,1]
03-16 10:37:56.824 797 1329 I input_focus: [Focus leaving 7b13481 com.android.documentsui/com.android.documentsui.files.FilesActivity (server),reason=NOT_FOCUSABLE]
03-16 10:37:56.824 797 1329 I input_focus: [Focus entering recents_animation_input_consumer (server),reason=setFocusedWindow]
03-16 10:37:56.826 797 4443 W FreeFormWindowHelper: Current Display FreeFormTask is null
03-16 10:37:56.826 797 4443 W FreeFormWindowHelper: Current Display FreeFormTask is null
03-16 10:37:56.840 797 4443 W FreeFormWindowHelper: Current Display FreeFormTask is null
03-16 10:37:56.840 797 4443 W FreeFormWindowHelper: Current Display FreeFormTask is null
03-16 10:37:56.994 797 1297 I commit_sys_config_file: [settings-1-0,6]
03-16 10:37:57.113 797 822 I sysui_latency: [8,69]
03-16 10:37:57.214 797 2330 W FreeFormWindowHelper: exitRecentTasks type=0
03-16 10:37:57.225 797 2330 W FreeFormWindowHelper: Current Display FreeFormTask is null
03-16 10:37:57.225 797 2330 W FreeFormWindowHelper: Current Display FreeFormTask is null
03-16 10:37:57.422 797 1297 I commit_sys_config_file: [settings-1-0,3]
03-16 10:37:57.881 797 4608 W FreeFormWindowHelper: Current Display FreeFormTask is null
03-16 10:37:57.882 797 2330 W FreeFormWindowHelper: Current Display FreeFormTask is null
03-16 10:37:57.886 797 2012 I wm_task_moved: [1,1,11]
03-16 10:37:57.889 797 2012 I wm_task_moved: [13,1,2147483647]
03-16 10:37:57.889 797 2012 I wm_task_to_front: [0,13]
03-16 10:37:57.889 797 2012 I wm_focused_root_task: [0,0,1,21,RecentsAnimation.onAnimationFinished()]
03-16 10:37:57.889 797 2012 I wm_set_resumed_activity: [0,com.android.launcher3/.uioverrides.QuickstepLauncher,RecentsAnimation.onAnimationFinished()]
03-16 10:37:57.890 4508 4508 I wm_on_top_resumed_lost_called: [35513617,com.android.documentsui.files.FilesActivity,topStateChangedWhenResumed]
03-16 10:37:57.890 797 2012 I wm_pause_activity: [0,35513617,com.android.documentsui/.files.FilesActivity,userLeaving=true,pauseBackTasks]
03-16 10:37:57.892 797 2012 I wm_add_to_stopping: [0,35513617,com.android.documentsui/.files.FilesActivity,makeInvisible]
03-16 10:37:57.892 797 2012 I ActivityTaskManager: FOREGROUND_APPLICATION_CHANGED to com.android.launcher3.uioverrides.QuickstepLauncher
03-16 10:37:57.893 797 2012 I wm_set_resumed_activity: [0,com.android.launcher3/.uioverrides.QuickstepLauncher,resumeTopActivityInnerLocked]
03-16 10:37:57.896 797 2012 I wm_resume_activity: [0,28844568,13,com.android.launcher3/.uioverrides.QuickstepLauncher]
03-16 10:37:57.900 2626 2626 I wm_on_resume_called: [28844568,com.android.launcher3.uioverrides.QuickstepLauncher,RESUME_ACTIVITY]
03-16 10:37:57.906 797 818 I input_focus: [Focus request efa3eda com.android.launcher3/com.android.launcher3.uioverrides.QuickstepLauncher,reason=UpdateInputWindows]
03-16 10:37:57.909 4508 4508 I wm_on_paused_called: [35513617,com.android.documentsui.files.FilesActivity,performPause]
03-16 10:37:57.911 2626 2626 I wm_on_top_resumed_gained_called: [28844568,com.android.launcher3.uioverrides.QuickstepLauncher,topStateChangedWhenResumed]
03-16 10:37:57.915 797 1329 I input_focus: [Focus leaving recents_animation_input_consumer (server),reason=NOT_VISIBLE]
03-16 10:37:57.915 797 1514 I wm_stop_activity: [0,35513617,com.android.documentsui/.files.FilesActivity]
03-16 10:37:57.920 797 817 I sysui_multi_action: [757,803,799,window_time_0,802,4]
03-16 10:37:57.926 797 1329 I input_focus: [Focus entering efa3eda com.android.launcher3/com.android.launcher3.uioverrides.QuickstepLauncher (server),reason=setFocusedWindow]
03-16 10:37:57.930 797 817 I sysui_multi_action: [757,803,799,window_time_0,802,0]
01-01 23:56:14.317 0 0 E DTC_ETH,link_delay_work_func: 3003, SQI=0, link=0
03-16 10:37:57.946 797 822 I am_pss : [3753,10020,com.android.providers.calendar,7279616,5279744,0,99676160,0,19,6]
03-16 10:37:57.946 4508 4508 I wm_on_stop_called: [35513617,com.android.documentsui.files.FilesActivity,STOP_ACTIVITY_ITEM]
03-16 10:37:58.008 797 2434 W FreeFormWindowHelper: Current Display FreeFormTask is null
03-16 10:37:58.170 797 1329 I input_interaction: Interaction with: efa3eda com.android.launcher3/com.android.launcher3.uioverrides.QuickstepLauncher (server), eb1e2e4 com.android.systemui.ImageWallpaper (server), edge-swipe (server), swipe-up (server), PointerEventDispatcher0 (server),
03-16 10:37:58.280 797 2012 I thunderperf: PlatormCompat.setOverrides: Uid1=10074 Pid1=2626 Uid2=10074 Pid2=2626
03-16 10:37:58.280 797 2012 I thunderperf: PlatormCompat.setOverrides: needCheck:false
03-16 10:37:58.281 797 2012 I thunderperf: CompatConfig.addOverrideUnsafe: bef-state=0
03-16 10:37:58.281 797 2012 I thunderperf: CompatConfig.addOverrideUnsafe: aft-state=0
03-16 10:37:58.281 797 2012 I thunderperf: CompatConfig.addOverrideUnsafe: bef-state=0
03-16 10:37:58.281 797 2012 I thunderperf: CompatConfig.addOverrideUnsafe: aft-state=0
03-16 10:37:58.282 797 2012 I thunderperf: CompatConfig.addOverrideUnsafe: bef-state=0
03-16 10:37:58.282 797 2012 I thunderperf: CompatConfig.addOverrideUnsafe: aft-state=0
03-16 10:37:58.282 797 2012 I thunderperf: CompatConfig.addOverrideUnsafe: bef-state=0
03-16 10:37:58.282 797 2012 I thunderperf: CompatConfig.addOverrideUnsafe: aft-state=0
03-16 10:37:58.283 797 2012 I thunderperf: CompatConfig.addOverrideUnsafe: bef-state=0
03-16 10:37:58.283 797 2012 I thunderperf: CompatConfig.addOverrideUnsafe: aft-state=0
03-16 10:37:58.283 797 2012 I thunderperf: CompatConfig.addOverrideUnsafe: bef-state=0
03-16 10:37:58.283 797 2012 I thunderperf: CompatConfig.addOverrideUnsafe: aft-state=0
03-16 10:37:58.284 797 2012 I thunderperf: CompatConfig.addOverrideUnsafe: bef-state=0
03-16 10:37:58.284 797 2012 I thunderperf: CompatConfig.addOverrideUnsafe: aft-state=0
03-16 10:37:58.284 797 2012 I thunderperf: CompatConfig.addOverrideUnsafe: bef-state=0
03-16 10:37:58.285 797 2012 I thunderperf: CompatConfig.addOverrideUnsafe: aft-state=0
03-16 10:37:58.285 797 2012 I thunderperf: CompatConfig.addOverrideUnsafe: bef-state=0
03-16 10:37:58.285 797 2012 I thunderperf: CompatConfig.addOverrideUnsafe: aft-state=0
03-16 10:37:58.285 797 2012 I thunderperf: CompatConfig.addOverrideUnsafe: bef-state=0
03-16 10:37:58.285 797 2012 I thunderperf: CompatConfig.addOverrideUnsafe: aft-state=0
03-16 10:37:58.286 797 2012 I thunderperf: CompatConfig.addOverrideUnsafe: bef-state=0
03-16 10:37:58.286 797 2012 I thunderperf: CompatConfig.addOverrideUnsafe: aft-state=0
03-16 10:37:58.286 797 2012 I thunderperf: CompatConfig.addOverrideUnsafe: bef-state=0
03-16 10:37:58.286 797 2012 I thunderperf: CompatConfig.addOverrideUnsafe: aft-state=0
03-16 10:37:58.287 797 2012 I thunderperf: CompatConfig.addOverrideUnsafe: bef-state=0
03-16 10:37:58.287 797 2012 I thunderperf: CompatConfig.addOverrideUnsafe: aft-state=0
03-16 10:37:58.287 797 2012 I thunderperf: CompatConfig.addOverrideUnsafe: bef-state=0
03-16 10:37:58.287 797 2012 I thunderperf: CompatConfig.addOverrideUnsafe: aft-state=0
03-16 10:37:58.294 797 2012 I ActivityTaskManager: START u0 {act=android.intent.action.MAIN cat=[android.intent.category.LAUNCHER] flg=0x10200000 cmp=com.microsoft.emmx/com.microsoft.ruby.Main bnds=[112,84][388,358]} from uid 10074
03-16 10:37:58.303 797 2012 I wm_task_created: [34,-1]
03-16 10:37:58.303 797 2012 W ActivityTaskManager: Can't find TaskDisplayArea to determine support for multi window. Task id=34 attached=false
03-16 10:37:58.305 797 2012 I wm_task_moved: [34,1,12]
03-16 10:37:58.305 797 2012 I wm_task_to_front: [0,34]
03-16 10:37:58.305 797 2012 I wm_create_task: [0,34]
03-16 10:37:58.305 797 2012 I wm_create_activity: [0,64495760,34,com.microsoft.emmx/com.microsoft.ruby.Main,android.intent.action.MAIN,NULL,NULL,270532608]
03-16 10:37:58.305 797 2012 I wm_task_moved: [34,1,12]
03-16 10:37:58.306 797 2012 I wm_pause_activity: [0,28844568,com.android.launcher3/.uioverrides.QuickstepLauncher,userLeaving=true,pauseBackTasks]
03-16 10:37:58.306 2011 2236 D PhoneStartingWindowTypeAlgorithm: preferredStartingWindowType newTask:true taskSwitch:true processRunning:true allowTaskSnapshot:true activityCreated:false useEmptySplashScreen:false legacySplashScreen:false topIsHome:false
03-16 10:37:58.306 2011 2236 D StartingSurfaceDrawer: addSplashScreen com.microsoft.emmx theme=7f150632 task=34 suggestType=1
03-16 10:37:58.308 797 1514 W FreeFormWindowHelper: Current Display FreeFormTask is null
03-16 10:37:58.308 2011 2251 D StartingSurfaceDrawer: window attributes color: fffcfcff icon null duration 0 brandImage null
03-16 10:37:58.309 2626 2626 I wm_on_top_resumed_lost_called: [28844568,com.android.launcher3.uioverrides.QuickstepLauncher,topStateChangedWhenResumed]
03-16 10:37:58.310 2626 2626 I wm_on_paused_called: [28844568,com.android.launcher3.uioverrides.QuickstepLauncher,performPause]
03-16 10:37:58.310 797 1514 I ActivityTaskManager: FOREGROUND_APPLICATION_CHANGED to org.chromium.chrome.browser.ChromeTabbedActivity
03-16 10:37:58.311 797 1514 I ActivityTaskManager: The Process com.microsoft.emmx Already Exists in BG. So sending its PID: 4536
03-16 10:37:58.311 797 1514 W ActivityTaskManager: Tried to set launchTime (0) < mLastActivityLaunchTime (487485)
03-16 10:37:58.311 797 1514 I wm_add_to_stopping: [0,28844568,com.android.launcher3/.uioverrides.QuickstepLauncher,makeInvisible]
03-16 10:37:58.312 797 1514 I wm_restart_activity: [0,64495760,34,com.microsoft.emmx/com.microsoft.ruby.Main]
03-16 10:37:58.312 2011 2251 D StartingSurfaceDrawer: FgMainColor=ff23d9c7 BgMainColor=fff8f8f8 IsBgComplex=false FromCache=true ThemeColor=fffcfcff
03-16 10:37:58.312 2011 2251 D StartingSurfaceDrawer: isRgbSimilarInHsv a: fffcfcff b fff8f8f8 contrast ratio: 1.0370965
03-16 10:37:58.312 2011 2251 D StartingSurfaceDrawer: makeSplashScreenContentView: choose fg icon
03-16 10:37:58.312 797 1514 I wm_set_resumed_activity: [0,com.microsoft.emmx/com.microsoft.ruby.Main,minimalResumeActivityLocked]
03-16 10:37:58.312 2011 2251 D StartingSurfaceDrawer: fillViewWithIcon surfaceWindowView android.window.SplashScreenView{81b97fe V.E...... ......ID 0,0-0,0}
03-16 10:37:58.314 797 817 I am_uid_active: 10031
03-16 10:37:58.315 797 817 I am_uid_active: 90000
03-16 10:37:58.316 797 817 I sysui_multi_action: [757,803,799,window_time_0,802,0]
03-16 10:37:58.321 797 4443 I thunderperf: PlatormCompat.setOverrides: Uid1=10031 Pid1=4536 Uid2=10031 Pid2=4536
03-16 10:37:58.321 797 4443 I thunderperf: PlatormCompat.setOverrides: needCheck:false
03-16 10:37:58.321 797 4443 I thunderperf: CompatConfig.addOverrideUnsafe: bef-state=0
03-16 10:37:58.321 797 4443 I thunderperf: CompatConfig.addOverrideUnsafe: aft-state=0
03-16 10:37:58.321 797 4443 W PackageManager: MATCH_ANY_USER flag requires INTERACT_ACROSS_USERS permission: UID 10031 requires android.permission.INTERACT_ACROSS_USERS_FULL or android.permission.INTERACT_ACROSS_USERS to access user 0.
03-16 10:37:58.321 797 4443 I ActivityTaskManager: START u0 {cmp=com.microsoft.emmx/com.microsoft.edge.fre.MicrosoftFirstRunActivity (has extras)} from uid 10031
03-16 10:37:58.322 797 4443 I wm_task_created: [35,-1]
03-16 10:37:58.322 797 4443 W ActivityTaskManager: Can't find TaskDisplayArea to determine support for multi window. Task id=35 attached=false
03-16 10:37:58.323 797 4443 I wm_task_moved: [35,1,13]
03-16 10:37:58.323 797 4443 I wm_task_to_front: [0,35]
03-16 10:37:58.323 797 4443 I wm_create_task: [0,35]
03-16 10:37:58.323 797 4443 I wm_create_activity: [0,38057419,35,com.microsoft.emmx/com.microsoft.edge.fre.MicrosoftFirstRunActivity,NULL,NULL,NULL,276824064]
03-16 10:37:58.323 797 4443 I wm_task_moved: [35,1,13]
03-16 10:37:58.324 797 4443 I wm_pause_activity: [0,64495760,com.microsoft.emmx/com.microsoft.ruby.Main,userLeaving=true,pauseBackTasks]
03-16 10:37:58.324 797 4443 I ActivityTaskManager: Add Task{ca771a8 #34 type=standard A=10031:com.microsoft.emmx U=0 visible=true mode=fullscreen translucent=false sz=1} to hidden list because adding Task{7dcc4c1 #35 type=standard A=10031:com.microsoft.emmx U=0 visible=true mode=fullscreen translucent=true sz=1}
03-16 10:37:58.327 797 1329 I input_focus: [Focus leaving efa3eda com.android.launcher3/com.android.launcher3.uioverrides.QuickstepLauncher (server),reason=NO_WINDOW]
03-16 10:37:58.331 2011 2236 D PhoneStartingWindowTypeAlgorithm: preferredStartingWindowType newTask:true taskSwitch:true processRunning:true allowTaskSnapshot:true activityCreated:false useEmptySplashScreen:false legacySplashScreen:false topIsHome:false
03-16 10:37:58.331 2011 2236 D StartingSurfaceDrawer: addSplashScreen com.microsoft.emmx theme=7f150624 task=35 suggestType=1
03-16 10:37:58.332 2011 2251 D StartingSurfaceDrawer: window attributes color: fffcfcff icon null duration 0 brandImage null
03-16 10:37:58.335 2011 2251 D StartingSurfaceDrawer: FgMainColor=ff23d9c7 BgMainColor=fff8f8f8 IsBgComplex=false FromCache=true ThemeColor=fffcfcff
03-16 10:37:58.335 2011 2251 D StartingSurfaceDrawer: isRgbSimilarInHsv a: fffcfcff b fff8f8f8 contrast ratio: 1.0370965
03-16 10:37:58.335 2011 2251 D StartingSurfaceDrawer: makeSplashScreenContentView: choose fg icon
03-16 10:37:58.336 2011 2251 D StartingSurfaceDrawer: fillViewWithIcon surfaceWindowView android.window.SplashScreenView{b14b4f1 V.E...... ......ID 0,0-0,0}
03-16 10:37:58.337 797 2012 I wm_finish_activity: [0,64495760,34,com.microsoft.emmx/com.microsoft.ruby.Main,app-request]
03-16 10:37:58.337 4536 4536 I wm_on_create_called: [64495760,com.microsoft.ruby.Main,performCreate]
03-16 10:37:58.338 797 1672 I wm_add_to_stopping: [0,64495760,com.microsoft.emmx/com.microsoft.ruby.Main,completeFinishing]
03-16 10:37:58.338 797 1672 I ActivityTaskManager: FOREGROUND_APPLICATION_CHANGED to com.microsoft.edge.fre.MicrosoftFirstRunActivity
03-16 10:37:58.339 797 1672 I ActivityTaskManager: The Process com.microsoft.emmx Already Exists in BG. So sending its PID: 4536
03-16 10:37:58.339 797 1672 W ActivityTaskManager: Tried to set launchTime (0) < mLastActivityLaunchTime (799847)
03-16 10:37:58.339 797 1672 I wm_restart_activity: [0,38057419,35,com.microsoft.emmx/com.microsoft.edge.fre.MicrosoftFirstRunActivity]
03-16 10:37:58.340 797 1672 I wm_set_resumed_activity: [0,com.microsoft.emmx/com.microsoft.edge.fre.MicrosoftFirstRunActivity,minimalResumeActivityLocked]
03-16 10:37:58.342 797 817 I sysui_multi_action: [757,803,799,window_time_0,802,0]
03-16 10:37:58.348 2011 2236 D StartingSurfaceDrawer: Task start finish, remove starting surface for task 34
03-16 10:37:58.348 2011 2236 V StartingSurfaceDrawer: Removing splash screen window for task: 34
03-16 10:37:58.361 4536 4536 I wm_on_create_called: [38057419,com.microsoft.edge.fre.MicrosoftFirstRunActivity,performCreate]
03-16 10:37:58.362 4536 4536 I wm_on_start_called: [38057419,com.microsoft.edge.fre.MicrosoftFirstRunActivity,handleStartActivity]
03-16 10:37:58.362 4536 4536 I wm_on_resume_called: [38057419,com.microsoft.edge.fre.MicrosoftFirstRunActivity,RESUME_ACTIVITY]
03-16 10:37:58.364 4536 4536 I wm_on_top_resumed_gained_called: [38057419,com.microsoft.edge.fre.MicrosoftFirstRunActivity,topStateChangedWhenResumed]
03-16 10:37:58.386 797 818 I input_focus: [Focus request d9ce408 com.microsoft.emmx/com.microsoft.edge.fre.MicrosoftFirstRunActivity,reason=UpdateInputWindows]
03-16 10:37:58.393 2011 2236 D StartingSurfaceDrawer: Task start finish, remove starting surface for task 35
03-16 10:37:58.393 2011 2236 V StartingSurfaceDrawer: Removing splash screen window for task: 35
03-16 10:37:58.410 797 1329 I input_focus: [Focus entering d9ce408 com.microsoft.emmx/com.microsoft.edge.fre.MicrosoftFirstRunActivity (server),reason=Window became focusable. Previous reason: NOT_VISIBLE]
03-16 10:37:58.444 797 1672 W FreeFormWindowHelper: Current Display FreeFormTask is null
03-16 10:37:58.845 797 817 I wm_destroy_activity: [0,64495760,34,com.microsoft.emmx/com.microsoft.ruby.Main,finish-imm:idle]
03-16 10:37:58.846 4536 4536 I wm_on_destroy_called: [64495760,com.microsoft.ruby.Main,performDestroy]
03-16 10:37:58.847 797 1672 I wm_task_removed: [34,removeChild:removeChild last r=ActivityRecord{3d82090 u0 com.microsoft.emmx/com.microsoft.ruby.Main t-1 f}} in t=Task{ca771a8 #34 type=standard A=10031:com.microsoft.emmx U=0 visible=false mode=fullscreen translucent=true sz=0}]
03-16 10:37:58.847 797 1672 I wm_task_removed: [34,removeChild]
03-16 10:37:58.848 797 818 W ActivityTaskManager: Can't find TaskDisplayArea to determine support for multi window. Task id=34 attached=false
03-16 10:37:58.848 797 818 W ActivityTaskManager: Can't find TaskDisplayArea to determine support for multi window. Task id=34 attached=false
03-16 10:37:58.861 797 817 I wm_stop_activity: [0,28844568,com.android.launcher3/.uioverrides.QuickstepLauncher]
03-16 10:37:58.880 2626 2626 I wm_on_stop_called: [28844568,com.android.launcher3.uioverrides.QuickstepLauncher,STOP_ACTIVITY_ITEM]
03-16 10:37:59.062 797 1329 I input_interaction: Interaction with: d9ce408 com.microsoft.emmx/com.microsoft.edge.fre.MicrosoftFirstRunActivity (server), edge-swipe (server), swipe-up (server), PointerEventDispatcher0 (server),
03-16 10:37:59.189 797 4608 W FreeFormWindowHelper: Current Display FreeFormTask is null
03-16 10:37:59.189 797 4608 W FreeFormWindowHelper: Current Display FreeFormTask is null
