01-01 23:43:36.538 0 0 F [kworke][0x3238ce19][03:51:11.048859] wlan: [1069:F:DP] cdp_ipa_set_uc_tx_partition_base invalid instance
01-01 23:43:36.549 0 0 I [kworke][0x323c0bc6][03:51:11.059921] wlan: [1069:I:WMA] wma_he_update_tgt_services: 996: 11ax is enabled
01-01 23:43:36.550 0 0 I [kworke][0x323c729d][03:51:11.061292] wlan: [1069:I:HIF] Initializing Runtime PM wakelock &mgmt_txrx_pdev_ctx->wakelock_tx_runtime_cmp
01-01 23:43:36.551 0 0 I [kworke][0x323c78d4][03:51:11.061375] wlan: [1069:I:dfs] WLAN_DEBUG_DFS_ALWAYS : wlan_dfs_pdev_obj_create_notification: 421: dfs_offload 1
01-01 23:43:36.551 0 0 I [kworke][0x323c797f][03:51:11.061384] wlan: [1069:I:SPECTRAL] null_get_capability: 1715: SPECTRAL : get_capability not registered
01-01 23:43:36.551 0 0 I [kworke][0x323c79d0][03:51:11.061388] wlan: [1069:I:SPECTRAL] target_if_pdev_spectral_init: 2249: HAL_CAP_PHYDIAG : Capable
01-01 23:43:36.551 0 0 I [kworke][0x323c7a20][03:51:11.061392] wlan: [1069:I:SPECTRAL] null_get_capability: 1715: SPECTRAL : get_capability not registered
01-01 23:43:36.551 0 0 I [kworke][0x323c7ac9][03:51:11.061401] wlan: [1069:I:SPECTRAL] target_if_pdev_spectral_init: 2253: HAL_CAP_RADAR : Capable
01-01 23:43:36.551 0 0 I [kworke][0x323c7b6d][03:51:11.061410] wlan: [1069:I:SPECTRAL] null_get_capability: 1715: SPECTRAL : get_capability not registered
01-01 23:43:36.551 0 0 I [kworke][0x323c7bb8][03:51:11.061414] wlan: [1069:I:SPECTRAL] target_if_pdev_spectral_init: 2258: HAL_CAP_SPECTRAL_SCAN : Capable
01-01 23:43:36.551 0 0 I [kworke][0x323c7c92][03:51:11.061425] wlan: [1069:I:SPECTRAL] null_get_tsf64: 1703: SPECTRAL : get_tsf64 not registered
01-01 23:43:36.551 0 0 I [kworke][0x323c7d11][03:51:11.061432] wlan: [1069:I:GREEN_AP] wlan_green_ap_pdev_obj_create_notification: 106: Green AP creation successful, green ap ctx: 0000000000000000, pdev: 0000000000000000
01-01 23:43:36.551 0 0 I [kworke][0x323c7e39][03:51:11.061447] wlan: [1069:I:IPA] wlan_ipa_wdi_init: 540: ipa_over_gsi: 1, is_smmu_enabled: 1
01-01 23:43:36.551 0 0 I [kworke][0x323cbfc4][03:51:11.062321] wlan: [1069:I:REGULATORY] reg_set_band: 483: set band bitmap: 3
01-01 23:43:36.552 0 0 I [kworke][0x323cc823][03:51:11.062432] wlan: [1069:I:HIF] Initializing Runtime PM wakelock &ctx->dfs
01-01 23:43:36.552 0 0 I [kworke][0x323cc854][03:51:11.062435] wlan: [1069:I:HIF] Initializing Runtime PM wakelock &ctx->connect
01-01 23:43:36.552 0 0 I [kworke][0x323cc87c][03:51:11.062437] wlan: [1069:I:HIF] Initializing Runtime PM wakelock &ctx->user
01-01 23:43:36.552 0 0 I [kworke][0x323cc8ae][03:51:11.062440] wlan: [1069:I:HIF] Initializing Runtime PM wakelock &scan_priv->runtime_pm_lock
01-01 23:43:36.552 0 0 I [kworke][0x323cc98c][03:51:11.062451] wlan: [1069:I:GREEN_AP] target_if_green_ap_register_egap_event_handler: 131: Set the Enhance Green AP event handler
01-01 23:43:36.552 0 0 E [kworke][0x323cca02][03:51:11.062457] wlan: [1069:E:QDF] dp_peer_map_attach_wifi3: 10048: dp_peer_map_attach_wifi3 max_peers 55, max_ast_index: 144
01-01 23:43:36.568 0 0 I [kworke][0x32418880][03:51:11.078651] wlan: [1069:I:DP]
01-01 23:43:36.568 0 0 I : <=== cfg max peer id 55 ====>
01-01 23:43:36.568 0 0 I [kworke][0x3241892b][03:51:11.078660] wlan: [1069:I:DP]
01-01 23:43:36.568 0 0 I : <=== cfg max ast idx 144 ====>
01-01 23:43:36.568 0 0 I [kworke][0x32418992][03:51:11.078665] wlan: [1069:I:DP] ast hash_elems: 512, max_ast_idx: 144
01-01 23:43:36.568 0 0 I [kworke][0x32418d89][03:51:11.078718] wlan: [337:I:WMA] wma_wait_for_ready_event: 6926: FW ready event received
01-01 23:43:36.569 0 0 E [kworke][0x3241c152][03:51:11.079408] wlan: [337:E:WMI] send_action_oui_cmd_tlv: 220: Invalid action id
01-01 23:43:36.579 0 0 E [kworke][0x3244e622][03:51:11.090139] wlan: [337:E:action_oui] ucfg_action_oui_send: 160: Failed to send: 7
01-01 23:43:36.590 0 0 E [kworke][0x324824f2][03:51:11.101217] wlan: [337:E:WMI] send_action_oui_cmd_tlv: 220: Invalid action id
01-01 23:43:36.601 0 0 E [kworke][0x324b4978][03:51:11.111944] wlan: [337:E:action_oui] ucfg_action_oui_send: 160: Failed to send: 9
01-01 23:43:36.612 0 0 E [kworke][0x324e8855][03:51:11.123022] wlan: [337:E:HDD] hdd_action_oui_send: 13281: Failed to send one or all action_ouis
01-01 23:43:36.626 0 0 D cnss : dma-coherent is enabled
01-01 23:43:36.626 0 0 D cnss : IOMMU map: iova b0000000, len 4096
01-01 23:43:36.626 0 0 D cnss : IOMMU map: iova_addr b0000040
01-01 23:43:36.626 0 0 D cnss : dma-coherent is enabled
01-01 23:43:36.626 0 0 D cnss : IOMMU map: iova b0001000, len 4096
01-01 23:43:36.626 0 0 D cnss : IOMMU map: iova_addr b0001018
01-01 23:43:36.626 0 0 I [kworke][0x3252abd9][03:51:11.137149] wlan: [337:I:SYS] Creating periodic timer for OLBC UPDATE CACHE TIMEOUT
01-01 23:43:36.626 0 0 E [kworke][0x3252b04c][03:51:11.137208] wlan: [337:E:TXRX] dp_rxdma_ring_config: 5022: DBS enabled max_mac_rings 2
01-01 23:43:36.638 0 0 E [kworke][0x3256102c][03:51:11.148726] wlan: [337:E:TXRX] dp_rxdma_ring_config: 5033: pdev_id 0 max_mac_rings 2
01-01 23:43:36.649 0 0 E [kworke][0x32596257][03:51:11.160062] wlan: [337:E:TXRX] dp_rxdma_ring_config: 5050: mac_id 0
01-01 23:43:36.659 0 0 E [kworke][0x325c44e2][03:51:11.169909] wlan: [337:E:TXRX] dp_rxdma_ring_config: 5050: mac_id 1
01-01 23:43:36.669 0 0 I [kworke][0x325f2cad][03:51:11.179826] wlan: [337:I:POLICY_MGR] policy_mgr_update_5g_scc_prefer: 398: overwrite pm_second_connection_pcl_dbs_2x2_table, index 2 mode 3 system prefer 0 new pcl 6
01-01 23:43:36.669 0 0 I [kworke][0x325f2ccd][03:51:11.179828] wlan: [337:I:POLICY_MGR] policy_mgr_update_5g_scc_prefer: 404: overwrite pm_second_connection_pcl_dbs_2x2_table, index 3 mode 3 system prefer 0 new pcl 6
01-01 23:43:36.669 0 0 E [kworke][0x325f3307][03:51:11.179911] wlan: [337:E:REGULATORY] reg_freq_width_to_chan_op_class: 512: no op class for frequency 5745
01-01 23:43:36.682 0 0 I [kworke][0x3263187d][03:51:11.193210] wlan: [337:I:HIF] hif_pm_runtime_start: Enabling RUNTIME PM, Delay: 500 ms
01-01 23:43:36.683 0 0 E cnss_utils: WLAN MAC address is not set, type 0
01-01 23:43:36.689 0 0 W cnss_pci 0000: 01:00.0: Falling back to syfs fallback for: wlan/qca_cld/qca6390/wlan_mac.bin
01-01 23:43:36.691 0 0 I ueventd : firmware: loading 'wlan/qca_cld/qca6390/wlan_mac.bin' for '/devices/platform/soc/1c00000.qcom,pcie/pci0000:00/0000:00:00.0/0000:01:00.0/firmware/wlan!qca_cld!qca6390!wlan_mac.bin'
01-01 23:43:36.692 0 0 E ueventd : firmware: could not find firmware for wlan/qca_cld/qca6390/wlan_mac.bin
01-01 23:43:36.703 0 0 E ueventd : firmware: attempted /etc/firmware/wlan/qca_cld/qca6390/wlan_mac.bin, open failed: No such file or directory
01-01 23:43:36.715 0 0 E ueventd : firmware: attempted /odm/firmware/wlan/qca_cld/qca6390/wlan_mac.bin, open failed: No such file or directory
01-01 23:43:36.727 0 0 E ueventd : firmware: attempted /vendor/firmware/wlan/qca_cld/qca6390/wlan_mac.bin, open failed: No such file or directory
01-01 23:43:36.739 0 0 E ueventd : firmware: attempted /firmware/image/wlan/qca_cld/qca6390/wlan_mac.bin, open failed: No such file or directory
01-01 23:43:36.751 0 0 E ueventd : firmware: attempted /vendor/firmware_mnt/image/wlan/qca_cld/qca6390/wlan_mac.bin, open failed: No such file or directory
01-01 23:43:36.752 0 0 I binder : 3557:3557 ioctl 40046210 7fdb4c8cd4 returned -22
01-01 23:43:36.764 0 0 I ueventd : loading /devices/platform/soc/1c00000.qcom,pcie/pci0000:00/0000:00:00.0/0000:01:00.0/firmware/wlan!qca_cld!qca6390!wlan_mac.bin took 73ms
01-01 23:43:36.764 0 0 I [kworke][0x327b1a72][03:51:11.275157] wlan: [337:I:HDD] hdd_initialize_mac_address: 12589: using default MAC address
01-01 23:43:36.766 0 0 D cnss : Host time = 44112330 us, device time = 2704580 us, offset = 41407750 us
01-01 23:43:36.766 0 0 D cnss : Updated time sync regs [0x984] = 0x277d506, [0x988] = 0x0
01-01 23:43:36.766 0 0 D cnss : Removing vote for Regulator vdd-wlan-rfa2
01-01 23:43:36.766 0 0 D cnss : Removing vote for Regulator vdd-wlan-rfa1
01-01 23:43:36.766 0 0 D cnss : Removing vote for Regulator vdd-wlan-dig
01-01 23:43:36.766 0 0 D cnss : Removing vote for Regulator vdd-wlan-aon
01-01 23:43:36.766 0 0 D cnss : Removing vote for Regulator vdd-wlan-io
01-01 23:43:36.766 0 0 D cnss : PM relax, state: 0x107, count: 0
01-01 23:43:36.766 0 0 D cnss : PM stay awake, state: 0x107, count: 1
01-01 23:43:36.766 0 0 D cnss : PM relax, state: 0x107, count: 0
01-01 23:43:36.769 0 0 W cnss-daemon: no interop issues ap currently
01-01 23:43:36.778 0 0 I : Wifi Turning On from UI
01-01 23:43:36.779 0 0 I [wifi@1][0x327f46a6][03:51:11.289399] wlan: [881:I:DP] dp_vdev_attach_wifi3: wlan_cfg_ap_bridge_enabled 0
01-01 23:43:36.779 0 0 I [wifi@1][0x327f4acd][03:51:11.289455] wlan: [881:I:DP] 00000000: 05 4b 6f d8 61 63 fa 13 f9 2f e2 c6 4a 3a b9 c3
01-01 23:43:36.779 0 0 I [wifi@1][0x327f4b57][03:51:11.289462] wlan: [881:I:DP] 00000010: 89 13 bd 7f
01-01 23:43:36.779 0 0 I [wifi@1][0x327f4c28][03:51:11.289473] wlan: [881:I:DP] 00000000: 74 be 3f 66 8a c3 86 6a ab c3 8a 96 6c b8 85 58
01-01 23:43:36.779 0 0 I [wifi@1][0x327f4ca8][03:51:11.289479] wlan: [881:I:DP] 00000010: d1 b5 23 f6 e4 6b de f7 48 84 0e 01 05 41 87 ca
01-01 23:43:36.779 0 0 I [wifi@1][0x327f4d20][03:51:11.289486] wlan: [881:I:DP] 00000020: 0f 58 5b c6 95 95 54 6c b0 9f 64 4e
01-01 23:43:36.785 0 0 I IPv6 : ADDRCONF(NETDEV_UP): wlan0: link is not ready
01-01 23:43:36.796 0 0 I [lowi-s][0x32848025][03:51:11.307233] wlan: [1570:I:wifipos] wifi_pos_get_ch_info: 461: num channels: 26
01-01 23:43:36.800 0 0 E [wifi@1][0x3285b1e5][03:51:11.311309] wlan: [3576:E:wifipos] wifi_pos_process_app_reg_req: 608: Received App Req Req pid(1291846513), len(16)
01-01 23:43:36.804 0 0 I [wifi@1][0x3286ade1][03:51:11.314669] wlan: [881:I:DP] dp_vdev_attach_wifi3: wlan_cfg_ap_bridge_enabled 1
01-01 23:43:36.815 0 0 E [wifi@1][0x3289e55f][03:51:11.325649] wlan: [881:E:PMO] pmo_register_wow_wakeup_events: 88: Skipping wake event configuration for vdev_opmode 16
01-01 23:43:36.829 0 0 E [wifi@1][0x328e1ed8][03:51:11.340069] wlan: [881:E:SME] sme_get_nss_chain_shift: 4045: Device mode 16 invalid
01-01 23:43:36.842 0 0 E [wifi@1][0x3291dfd8][03:51:11.352882] wlan: [881:E:SME] sme_get_nss_chain_shift: 4045: Device mode 16 invalid
01-01 23:43:36.854 0 0 I IPv6 : ADDRCONF(NETDEV_UP): wifi-aware0: link is not ready
01-01 23:43:36.899 0 0 I init : starting service 'wpa_supplicant'...
01-01 23:43:36.901 0 0 I init : Created socket '/dev/socket/vendor_wpa_wlan0', mode 660, user 1010, group 1010
01-01 23:43:36.907 0 0 I init : Control message: Processed ctl.interface_start for 'android.hardware.wifi.supplicant@1.0::ISupplicant/default' from pid: 509 (/system/bin/hwservicemanager)
01-01 23:43:36.922 0 0 I binder : 3588:3588 ioctl 40046210 7fdb4c8cd4 returned -22
01-01 23:43:37.004 0 0 I binder : 3610:3610 ioctl 40046210 7fdb4c8cd4 returned -22
01-01 23:43:37.019 0 0 I binder : 3611:3611 ioctl 40046210 7fdb4c8cd4 returned -22
01-01 23:43:37.158 0 0 I [schedu][0x32ee5a56][03:51:11.668542] wlan: [3549:I:HIF] Deinitializing Runtime PM wakelock &vdev->vdev_set_key_runtime_wakelock
01-01 23:43:37.158 0 0 I [schedu][0x32ee8ab8][03:51:11.669187] wlan: [3549:I:HIF] Initializing Runtime PM wakelock &vdev->vdev_set_key_runtime_wakelock
01-01 23:43:37.177 0 0 I binder : 3653:3653 ioctl 40046210 7fdb4c8cd4 returned -22
01-01 23:43:37.218 0 0 W perfetto: disabled ftrace
01-01 23:43:37.228 0 0 I [schedu][0x3302d222][03:51:11.738406] wlan: [3549:I:HIF] Deinitializing Runtime PM wakelock &vdev->vdev_set_key_runtime_wakelock
01-01 23:43:37.228 0 0 I [schedu][0x3302fd72][03:51:11.738983] wlan: [3549:I:HIF] Initializing Runtime PM wakelock &vdev->vdev_set_key_runtime_wakelock
01-01 23:43:37.243 0 0 I [wifi@1][0x33074634][03:51:11.753607] wlan: [881:I:DP] dp_vdev_attach_wifi3: wlan_cfg_ap_bridge_enabled 0
01-01 23:43:37.254 0 0 E [wifi@1][0x330a71f2][03:51:11.764430] wlan: [3576:E:wifipos] wifi_pos_process_app_reg_req: 608: Received App Req Req pid(1291846513), len(16)
01-01 23:43:37.268 0 0 I [wifi@1][0x330eaf4a][03:51:11.778901] wlan: [3576:I:wifipos] wifi_pos_get_ch_info: 461: num channels: 26
01-01 23:43:37.268 0 0 I [wifi@1][0x330ec0c2][03:51:11.779134] wlan: [3576:I:wifipos] wifi_pos_get_ch_info: 461: num channels: 26
01-01 23:43:37.312 0 0 I IRQ 5 : no longer affine to CPU7
01-01 23:43:37.326 0 0 I binder : 3673:3673 ioctl 40046210 7fdb4c8cd4 returned -22
01-01 23:43:37.420 0 0 I binder : 3691:3691 ioctl 40046210 7fdb4c8cd4 returned -22
01-01 23:43:37.471 0 0 I [schedu][0x334a1846][03:51:11.981688] wlan: [3549:I:OSIF] scan start scan id 40961
01-01 23:43:37.537 0 0 I binder : 3713:3713 ioctl 40046210 7fdb4c8cd4 returned -22
01-01 23:43:37.640 0 0 I binder : 3736:3736 ioctl 40046210 7fdb4c8cd4 returned -22
01-01 23:43:37.712 0 0 I IRQ 5 : no longer affine to CPU7
01-01 23:43:37.778 0 0 I binder : 3753:3753 ioctl 40046210 7fdb4c8cd4 returned -22 --------- beginning of system
03-14 03:51:12.292 797 2434 D CompatibilityChangeReporter: Compat change id reported: 168419799; UID 10020; state: DISABLED
03-14 03:51:12.365 797 2434 D CompatibilityChangeReporter: Compat change id reported: 143231523; UID 10020; state: DISABLED
03-14 03:51:12.368 797 2434 D CompatibilityChangeReporter: Compat change id reported: 171306433; UID 10020; state: ENABLED
03-14 03:51:12.427 797 2434 I ActivityManager: com.android.shell is exempt from freezer
03-14 03:51:12.427 797 2434 D CompatibilityChangeReporter: Compat change id reported: 135634846; UID 2000; state: DISABLED
03-14 03:51:12.427 797 2434 D CompatibilityChangeReporter: Compat change id reported: 177438394; UID 2000; state: DISABLED
03-14 03:51:12.428 797 2434 D CompatibilityChangeReporter: Compat change id reported: 135772972; UID 2000; state: DISABLED
03-14 03:51:12.428 797 2434 D CompatibilityChangeReporter: Compat change id reported: 135754954; UID 2000; state: ENABLED
03-14 03:51:12.438 797 831 I ActivityManager: Start proc 3776:com.android.shell/2000 for broadcast {com.android.shell/com.android.shell.HeapDumpReceiver}
01-01 23:43:37.947 0 0 I binder : 3776:3776 ioctl 40046210 7fdb4c8cd4 returned -22
03-14 03:51:12.466 797 2434 D CompatibilityChangeReporter: Compat change id reported: 168419799; UID 2000; state: DISABLED
03-14 03:51:12.509 797 2434 W BroadcastQueue: Permission Denial: receiving Intent { act=android.intent.action.BOOT_COMPLETED flg=0x89000010 (has extras) } to com.baidu.input/.directboot.DirectBootReceiver requires android.permission.RECEIVE_BOOT_COMPLETED due to sender null (uid 1000)
03-14 03:51:12.510 797 830 W BroadcastQueue: Permission Denial: receiving Intent { act=android.intent.action.BOOT_COMPLETED flg=0x89000010 (has extras) } to com.baidu.input/.switchguide.InputMethodChangedReceiver requires android.permission.RECEIVE_BOOT_COMPLETED due to sender null (uid 1000)
03-14 03:51:12.512 797 830 D CompatibilityChangeReporter: Compat change id reported: 168419799; UID 10082; state: DISABLED
03-14 03:51:12.528 2923 2923 W ContextImpl: Calling a method in the system process without a qualified user: android.app.ContextImpl.startService:1816 android.content.ContextWrapper.startService:774 com.hryt.hiphishowfsecontrol.mce_app.broadcasts.FseReceiver.onReceive:49 android.app.ActivityThread.handleReceiver:4309 android.app.ActivityThread.access$1600:248
03-14 03:51:12.535 797 2330 D CompatibilityChangeReporter: Compat change id reported: 149924527; UID 10082; state: ENABLED
03-14 03:51:12.535 797 2330 D CompatibilityChangeReporter: Compat change id reported: 132649864; UID 10082; state: DISABLED
03-14 03:51:12.538 797 2324 D CompatibilityChangeReporter: Compat change id reported: 135634846; UID 10075; state: DISABLED
03-14 03:51:12.538 797 2324 D CompatibilityChangeReporter: Compat change id reported: 177438394; UID 10075; state: DISABLED
03-14 03:51:12.538 797 2324 D CompatibilityChangeReporter: Compat change id reported: 135772972; UID 10075; state: DISABLED
03-14 03:51:12.538 797 2324 D CompatibilityChangeReporter: Compat change id reported: 135754954; UID 10075; state: ENABLED
03-14 03:51:12.539 797 831 D CompatibilityChangeReporter: Compat change id reported: 143937733; UID 10075; state: ENABLED
03-14 03:51:12.546 797 831 I ActivityManager: Start proc 3794:com.qti.ltebc/u0a75 for broadcast {com.qti.ltebc/com.qualcomm.ltebc.LTEBroadcastBootReceiver}
01-01 23:43:38.051 0 0 I binder : 3794:3794 ioctl 40046210 7fdb4c8cd4 returned -22
03-14 03:51:12.571 797 2324 D CompatibilityChangeReporter: Compat change id reported: 168419799; UID 10075; state: DISABLED
03-14 03:51:12.743 2869 3818 E ActivityThread: Failed to find provider info for com.tcl.xian.StartandroidService.MyContentProvider
01-01 23:43:38.279 0 0 I logd : start watching /data/system/packages.list ...
01-01 23:43:38.280 0 0 I logd : ReadPackageList, total packages: 106
01-01 23:43:38.405 0 0 I init : Sending signal 9 to service 'idmap2d' (pid 1278) process group...
03-14 03:51:12.919 797 2324 W OverlayManager: service 'idmap' died
01-01 23:43:38.410 0 0 I libprocessgroup: Successfully killed process cgroup uid 1000 pid 1278 in 5ms
01-01 23:43:38.411 0 0 I init : Control message: Processed ctl.stop for 'idmap2d' from pid: 797 (system_server)
01-01 23:43:38.412 0 0 I init : Service 'idmap2d' (pid 1278) received signal 9
03-14 03:51:12.941 797 2434 D CompatibilityChangeReporter: Compat change id reported: 171306433; UID 10075; state: ENABLED
03-14 03:51:12.942 797 2324 D CompatibilityChangeReporter: Compat change id reported: 168419799; UID 10054; state: DISABLED
03-14 03:51:12.949 797 2324 D CompatibilityChangeReporter: Compat change id reported: 168419799; UID 10070; state: DISABLED
03-14 03:51:12.953 797 2324 D CompatibilityChangeReporter: Compat change id reported: 168419799; UID 10071; state: DISABLED
03-14 03:51:12.956 797 2324 D CompatibilityChangeReporter: Compat change id reported: 168419799; UID 10081; state: DISABLED
03-14 03:51:12.959 797 2434 D CompatibilityChangeReporter: Compat change id reported: 168419799; UID 10083; state: DISABLED
03-14 03:51:12.963 797 2434 D CompatibilityChangeReporter: Compat change id reported: 135634846; UID 10058; state: DISABLED
03-14 03:51:12.963 797 831 D CompatibilityChangeReporter: Compat change id reported: 143937733; UID 10058; state: DISABLED
03-14 03:51:12.965 797 2434 I ActivityManager: Process com.qti.ltebc (pid 3794) has died: cch+5 CEM
03-14 03:51:12.969 797 831 I ActivityManager: Start proc 3843:com.qualcomm.qti.qms.service.connectionsecurity/u0a58 for broadcast {com.qualcomm.qti.qms.service.connectionsecurity/com.qualcomm.qti.qms.service.connectionsecurity.ConnSecBroadcastReceiver}
01-01 23:43:38.466 0 0 I binder : 3843:3843 ioctl 40046210 ff813ff8 returned -22
03-14 03:51:12.980 797 2330 D CompatibilityChangeReporter: Compat change id reported: 168419799; UID 10058; state: DISABLED
03-14 03:51:13.032 797 2330 D CompatibilityChangeReporter: Compat change id reported: 168419799; UID 10079; state: DISABLED
01-01 23:43:38.523 0 0 I binder : 3003:3003 ioctl 40046210 7fdb4c8384 returned -22
03-14 03:51:13.038 797 2330 D CompatibilityChangeReporter: Compat change id reported: 168419799; UID 10085; state: DISABLED
03-14 03:51:13.069 797 2434 I ActivityManager: Finished processing BOOT_COMPLETED for u0
03-14 03:51:13.070 797 2434 W BroadcastQueue: Background execution not allowed: receiving Intent { act=android.intent.action.INPUT_METHOD_CHANGED flg=0x20000010 (has extras) } to com.baidu.input/.switchguide.InputMethodChangedReceiver
03-14 03:51:13.071 797 830 D CompatibilityChangeReporter: Compat change id reported: 135634846; UID 10028; state: DISABLED
03-14 03:51:13.071 797 830 D CompatibilityChangeReporter: Compat change id reported: 177438394; UID 10028; state: DISABLED
03-14 03:51:13.071 797 830 D CompatibilityChangeReporter: Compat change id reported: 135772972; UID 10028; state: DISABLED
03-14 03:51:13.071 797 830 D CompatibilityChangeReporter: Compat change id reported: 135754954; UID 10028; state: ENABLED
03-14 03:51:13.071 797 831 D CompatibilityChangeReporter: Compat change id reported: 143937733; UID 10028; state: ENABLED
03-14 03:51:13.079 797 831 I ActivityManager: Start proc 3870:com.android.externalstorage/u0a28 for broadcast {com.android.externalstorage/com.android.externalstorage.MountReceiver}
03-14 03:51:13.083 2129 2129 W ContextImpl: Calling a method in the system process without a qualified user: android.app.ContextImpl.startService:1816 android.content.ContextWrapper.startService:774 com.thundercomm.gamemode.ingame.services.GameModeActionUtils.startGameModeService:118 com.thundercomm.gamemode.ingame.services.GameModeActionUtils.startGameModeEntry:29 com.thundercomm.gamemode.ingame.services.ActivityMonitoringService$1.onActivityLaunch:140
03-14 03:51:13.087 797 797 I GameModeConfig: Current uri is uri = content://com.thundercomm.gamemode.api/gamemode_settings/gamemode_isgaming
03-14 03:51:13.089 797 797 I GameModeConfig: isGameModeOn = false
03-14 03:51:13.090 797 797 I GameModeConfig: isGameModeOn = false
03-14 03:51:13.090 797 797 I GameModeConfig: isDisableVoice = true
03-14 03:51:13.090 797 1365 I GameModeConfig: isGameModeOn = false
03-14 03:51:13.090 797 1365 I GameModeConfig: isGameModeOn = false
01-01 23:43:38.578 0 0 I binder : 2129:2129 ioctl 40046210 7fdb4c7814 returned -22
03-14 03:51:13.091 797 1365 I GameModeConfig: isGameModeOn = false
03-14 03:51:13.091 797 1365 I GameModeConfig: isGameModeOn = false
01-01 23:43:38.593 0 0 I binder : 3870:3870 ioctl 40046210 7fdb4c8cd4 returned -22
03-14 03:51:13.111 797 2434 D CompatibilityChangeReporter: Compat change id reported: 168419799; UID 10028; state: DISABLED
03-14 03:51:13.168 797 2434 D CompatibilityChangeReporter: Compat change id reported: 135634846; UID 10075; state: DISABLED
03-14 03:51:13.168 797 2434 D CompatibilityChangeReporter: Compat change id reported: 177438394; UID 10075; state: DISABLED
03-14 03:51:13.168 797 2434 D CompatibilityChangeReporter: Compat change id reported: 135772972; UID 10075; state: DISABLED
03-14 03:51:13.168 797 2434 D CompatibilityChangeReporter: Compat change id reported: 135754954; UID 10075; state: ENABLED
03-14 03:51:13.168 797 831 D CompatibilityChangeReporter: Compat change id reported: 143937733; UID 10075; state: ENABLED
01-01 23:43:38.662 0 0 I [schedu][0x34a6f683][03:51:13.172491] wlan: [3549:I:OSIF] vdev 0, scan id 40961 type COMPLETED(1) reason COMPLETED(1) scan found 16 bss
03-14 03:51:13.177 797 831 I ActivityManager: Start proc 3890:com.qti.ltebc/u0a75 for broadcast {com.qti.ltebc/com.qualcomm.ltebc.LTEBroadcastReceiver}
01-01 23:43:38.684 0 0 I binder : 3890:3890 ioctl 40046210 7fdb4c8cd4 returned -22
03-14 03:51:13.200 797 2434 D CompatibilityChangeReporter: Compat change id reported: 168419799; UID 10075; state: DISABLED
03-14 03:51:13.440 797 797 I GameModeConfig: isGameModeOn = false
03-14 03:51:13.441 797 797 W NotificationHistory: Attempted to add notif for locked/gone/disabled user 0
03-14 03:51:13.514 797 812 I ActivityManager: Process com.qti.ltebc (pid 3890) has died: fg RCVR
01-01 23:43:39.281 0 0 I IRQ 5 : no longer affine to CPU6
03-14 03:51:14.418 797 812 W ActivityManager: Unable to start service Intent { act=android.intent.action.START_LEBO_SERVICE pkg=com.hpplay.happyplay.aw } U=0: not found
01-01 23:43:41.676 0 0 E DTC_ETH,link_delay_work_func: 3003, SQI=0, link=0
03-14 03:51:17.352 797 1365 I GameModeConfig: isGameModeOn = false
03-14 03:51:17.371 797 830 D CompatibilityChangeReporter: Compat change id reported: 168419799; UID 10020; state: DISABLED
03-14 03:51:17.944 797 830 D CompatibilityChangeReporter: Compat change id reported: 135634846; UID 10075; state: DISABLED
03-14 03:51:17.944 797 830 D CompatibilityChangeReporter: Compat change id reported: 177438394; UID 10075; state: DISABLED
03-14 03:51:17.944 797 830 D CompatibilityChangeReporter: Compat change id reported: 135772972; UID 10075; state: DISABLED
03-14 03:51:17.944 797 830 D CompatibilityChangeReporter: Compat change id reported: 135754954; UID 10075; state: ENABLED
03-14 03:51:17.945 797 831 D CompatibilityChangeReporter: Compat change id reported: 143937733; UID 10075; state: ENABLED
03-14 03:51:17.953 797 831 I ActivityManager: Start proc 3958:com.qti.ltebc/u0a75 for broadcast {com.qti.ltebc/com.qualcomm.ltebc.LTEBroadcastAlarmReceiver}
01-01 23:43:43.458 0 0 I binder : 3958:3958 ioctl 40046210 7fdb4c8cd4 returned -22
01-01 23:43:43.550 0 0 I binder : 2242:3975 ioctl 40046210 75e2214ef4 returned -22
01-01 23:43:43.601 0 0 W audit_log_lost: 1138 callbacks suppressed
01-01 23:43:43.601 0 0 W audit : audit_lost=1706 audit_rate_limit=5 audit_backlog_limit=64
01-01 23:43:43.601 0 0 E audit : rate limit exceeded
03-14 03:51:18.206 797 1365 I GameModeConfig: isGameModeOn = false
03-14 03:51:18.305 797 1150 D CompatibilityChangeReporter: Compat change id reported: 135634846; UID 10055; state: DISABLED
03-14 03:51:18.305 797 1150 D CompatibilityChangeReporter: Compat change id reported: 177438394; UID 10055; state: DISABLED
03-14 03:51:18.305 797 1150 D CompatibilityChangeReporter: Compat change id reported: 135772972; UID 10055; state: DISABLED
03-14 03:51:18.305 797 1150 D CompatibilityChangeReporter: Compat change id reported: 135754954; UID 10055; state: DISABLED
03-14 03:51:18.305 797 831 D CompatibilityChangeReporter: Compat change id reported: 143937733; UID 10055; state: DISABLED
01-01 23:43:43.805 0 0 I init : Untracked pid 3986 exited with status 0
03-14 03:51:18.319 797 831 I ActivityManager: Start proc 3993:com.qualcomm.qti.qms.service.trustzoneaccess/u0a55 for service {com.qualcomm.qti.qms.service.trustzoneaccess/com.qualcomm.qti.qms.service.trustzoneaccess.TZAccessService}
01-01 23:43:43.827 0 0 I binder : 3993:3993 ioctl 40046210 7fdb4c8cd4 returned -22
03-14 03:51:18.344 797 1150 D CompatibilityChangeReporter: Compat change id reported: 168419799; UID 10055; state: DISABLED
03-14 03:51:18.453 797 1150 I ActivityManager: Process com.qti.ltebc (pid 3958) has died: cch+5 CEM
03-14 03:51:18.521 797 1365 I GameModeConfig: isGameModeOn = false
03-14 03:51:18.522 797 1365 I GameModeConfig: isGameModeOn = false
03-14 03:51:18.629 797 1365 I GameModeConfig: isGameModeOn = false
03-14 03:51:18.630 797 1365 I GameModeConfig: isGameModeOn = false
03-14 03:51:18.647 797 1365 I GameModeConfig: isGameModeOn = false
03-14 03:51:18.647 797 1365 I GameModeConfig: isGameModeOn = false
03-14 03:51:18.829 797 1365 I GameModeConfig: isGameModeOn = false
03-14 03:51:18.829 797 1365 I GameModeConfig: isGameModeOn = false
03-14 03:51:18.830 797 1365 I GameModeConfig: isGameModeOn = false
03-14 03:51:18.830 797 1365 I GameModeConfig: isGameModeOn = false
03-14 03:51:18.842 797 1365 I GameModeConfig: isGameModeOn = false
03-14 03:51:18.843 797 1365 I GameModeConfig: isGameModeOn = false
01-01 23:43:44.748 0 0 E thermal cooling_device4: DTC_Fan: ERROR, avg(0) out of range(1680, 2800)
at stat(1)
01-01 23:43:46.796 0 0 E DTC_ETH,link_delay_work_func: 3003, SQI=0, link=0
03-14 03:51:21.575 797 1365 I GameModeConfig: isGameModeOn = false
03-14 03:51:21.576 797 1365 I GameModeConfig: isGameModeOn = false
03-14 03:51:22.036 797 1365 I GameModeConfig: isGameModeOn = false
03-14 03:51:22.036 797 1365 I GameModeConfig: isGameModeOn = false
03-14 03:51:23.094 797 1365 I GameModeConfig: isGameModeOn = false
03-14 03:51:23.095 797 1365 I GameModeConfig: isGameModeOn = false
03-14 03:51:23.963 797 830 I ActivityManager: Waited long enough for: ServiceRecord{bdaf7e9 u0 com.qti.diagservices/.QTIDiagServices}
01-01 23:43:51.916 0 0 E DTC_ETH,link_delay_work_func: 3003, SQI=0, link=0
01-01 23:43:57.036 0 0 E DTC_ETH,link_delay_work_func: 3003, SQI=0, link=0
01-01 23:44:02.156 0 0 E DTC_ETH,link_delay_work_func: 3003, SQI=0, link=0
01-01 23:44:03.009 0 0 I msm_vidc: high: 00000001: h264d: Closed video instance: 0000000000000000
01-01 23:44:03.051 0 0 I binder : undelivered transaction 105363, process died.
01-01 23:44:03.052 0 0 I init : Service 'bootanim' (pid 1151) exited with status 0 oneshot service took 35.727001 seconds in background
01-01 23:44:03.052 0 0 I init : Sending signal 9 to service 'bootanim' (pid 1151) process group...
01-01 23:44:03.052 0 0 I libprocessgroup: Successfully killed process cgroup uid 1003 pid 1151 in 0ms
01-01 23:44:04.526 0 0 I msm_vidc: err : ffffffff: .....: DBLP Set: status 0
01-01 23:44:07.276 0 0 E DTC_ETH,link_delay_work_func: 3003, SQI=0, link=0
01-01 23:44:12.396 0 0 E DTC_ETH,link_delay_work_func: 3003, SQI=0, link=0
01-01 23:44:12.586 0 0 I [schedu][0x5b79b0f5][03:51:47.096683] wlan: [3549:I:OSIF] scan start scan id 40962
03-14 03:51:47.253 1409 1409 I wificond: Regulatory domain changed to country: CN on wiphy_index: 0
03-14 03:51:47.259 1409 1409 I wificond: 2.4Ghz frequencies: 2412 2417 2422 2427 2432 2437 2442 2447 2452 2457 2462 2467 2472
03-14 03:51:47.259 1409 1409 I wificond: 5Ghz non-DFS frequencies: 5180 5200 5220 5240 5745 5765 5785 5805 5825
03-14 03:51:47.259 1409 1409 I wificond: 5Ghz DFS frequencies: 5260 5280 5300 5320
03-14 03:51:47.259 1409 1409 I wificond: 6Ghz frequencies:
03-14 03:51:47.259 1409 1409 I wificond: 60Ghz frequencies:
01-01 23:44:13.756 0 0 I [schedu][0x5cd06411][03:51:48.266432] wlan: [3549:I:OSIF] vdev 0, scan id 40962 type COMPLETED(1) reason COMPLETED(1) scan found 14 bss
03-14 03:51:48.334 797 797 D CompatibilityChangeReporter: Compat change id reported: 175319604; UID 10078; state: ENABLED
03-14 03:51:48.336 797 797 D CompatibilityChangeReporter: Compat change id reported: 175319604; UID 1000; state: ENABLED
03-14 03:51:48.337 797 797 D CompatibilityChangeReporter: Compat change id reported: 175319604; UID 1000; state: DISABLED
03-14 03:51:48.338 797 797 D CompatibilityChangeReporter: Compat change id reported: 175319604; UID 10092; state: DISABLED
03-14 03:51:49.455 4045 4045 D Build : ro.build.display.id=01.00.0082.X101
01-01 23:44:14.945 0 0 I binder : 4045:4045 ioctl 40046210 7ff36eaff4 returned -22
01-01 23:44:15.000 0 0 I binder : 4045:4065 ioctl 40046210 76aa951484 returned -22
01-01 23:44:15.012 0 0 I msm_vidc: high: 00000001: ....e: Opening video instance: 0000000000000000, 0
01-01 23:44:15.012 0 0 I msm_vidc: err : 00000001: ....e: Failed to create debugfs for msm_vidc
03-14 03:51:49.653 4059 4059 D Build : ro.build.display.id=01.00.0082.X101
01-01 23:44:15.143 0 0 I binder : 4059:4059 ioctl 40046210 7fdb66e8c4 returned -22
01-01 23:44:15.507 0 0 W audit : audit_lost=2332 audit_rate_limit=5 audit_backlog_limit=64
01-01 23:44:15.507 0 0 E audit : rate limit exceeded
01-01 23:44:16.500 0 0 I binder : 4093:4093 ioctl 40046210 7fc792d114 returned -22
01-01 23:44:17.516 0 0 E DTC_ETH,link_delay_work_func: 3003, SQI=0, link=0
01-01 23:44:17.646 0 0 I msm_vidc: err : ffffffff: .....: DBLP Set: status 0
03-14 03:51:55.035 797 797 I GameModeConfig: isGameModeOn = false
03-14 03:51:55.038 797 797 W NotificationHistory: Attempted to add notif for locked/gone/disabled user 0
01-01 23:44:22.636 0 0 E DTC_ETH,link_delay_work_func: 3003, SQI=0, link=0
01-01 23:44:23.374 0 0 I msm_vidc: err : ffffffff: .....: DBLP Set: status 0
01-01 23:44:27.756 0 0 E DTC_ETH,link_delay_work_func: 3003, SQI=0, link=0
01-01 23:44:28.110 0 0 I msm_vidc: err : ffffffff: .....: DBLP Set: status 0
03-14 03:52:05.047 797 1365 I GameModeConfig: isGameModeOn = false
03-14 03:52:06.463 797 814 D CompatibilityChangeReporter: Compat change id reported: 168419799; UID 10090; state: DISABLED
01-01 23:44:32.876 0 0 E DTC_ETH,link_delay_work_func: 3003, SQI=0, link=0
01-01 23:44:33.134 0 0 I msm_vidc: err : ffffffff: .....: DBLP Set: status 0
01-01 23:44:36.269 0 0 I : boot log copy done
01-01 23:44:37.996 0 0 E DTC_ETH,link_delay_work_func: 3003, SQI=0, link=0
01-01 23:44:43.116 0 0 E DTC_ETH,link_delay_work_func: 3003, SQI=0, link=0
01-01 23:44:48.236 0 0 E DTC_ETH,link_delay_work_func: 3003, SQI=0, link=0
01-01 23:44:53.356 0 0 E DTC_ETH,link_delay_work_func: 3003, SQI=0, link=0
01-01 23:44:58.476 0 0 E DTC_ETH,link_delay_work_func: 3003, SQI=0, link=0
01-01 23:45:03.596 0 0 E DTC_ETH,link_delay_work_func: 3003, SQI=0, link=0
01-01 23:45:08.716 0 0 E DTC_ETH,link_delay_work_func: 3003, SQI=0, link=0
03-14 03:52:47.702 797 853 V DisplayPowerController[0]: Brightness [0.05] reason changing to: 'manual [ dim ]', previous reason: 'manual'.
03-14 03:52:47.703 797 1949 E DisplayDeviceConfig: requesting nits when no mapping exists.
03-14 03:52:47.704 797 1949 E DisplayDeviceConfig: requesting nits when no mapping exists.
03-14 03:52:47.705 797 830 I DropBoxManagerService: add tag=system_server_wtf isTagEnabled=true flags=0x2
03-14 03:52:47.708 797 830 I DropBoxManagerService: add tag=system_server_wtf isTagEnabled=true flags=0x2
03-14 03:52:48.000 797 2724 W AdbDebuggingManager: Read failed with count -1
01-01 23:45:13.498 0 0 I init : Service 'adbd' (pid 2768) exited with status 1
01-01 23:45:13.498 0 0 I init : Sending signal 9 to service 'adbd' (pid 2768) process group...
01-01 23:45:13.505 0 0 I libprocessgroup: Successfully killed process cgroup uid 0 pid 2768 in 6ms
01-01 23:45:13.536 0 0 I init : Untracked pid 4043 received signal 9
01-01 23:45:13.537 0 0 I init : Untracked pid 4045 received signal 9
01-01 23:45:13.538 0 0 I init : Untracked pid 4059 received signal 9
01-01 23:45:13.539 0 0 I init : starting service 'adbd'...
01-01 23:45:13.540 0 0 I init : Created socket '/dev/socket/adbd', mode 660, user 1000, group 1000
01-01 23:45:13.563 0 0 W audit : audit_lost=2943 audit_rate_limit=5 audit_backlog_limit=64
01-01 23:45:13.563 0 0 E audit : rate limit exceeded
01-01 23:45:13.567 0 0 I : read descriptors
01-01 23:45:13.567 0 0 I : read strings
01-01 23:45:13.568 0 0 I init : processing action (sys.usb.config=adb && sys.usb.configfs=1 && sys.usb.ffs.ready=1) from (/system/etc/init/hw/init.usb.configfs.rc:20)
01-01 23:45:13.571 0 0 I init : Command 'symlink /config/usb_gadget/g1/functions/ffs.adb /config/usb_gadget/g1/configs/b.1/f1' action=sys.usb.config=adb && sys.usb.configfs=1 && sys.usb.ffs.ready=1 (/system/etc/init/hw/init.usb.configfs.rc:22) took 0ms and failed: symlink() failed: File exists
01-01 23:45:13.636 0 0 I android_work: sent uevent USB_STATE=DISCONNECTED
01-01 23:45:13.643 0 0 I init : Command 'write /config/usb_gadget/g1/UDC ${sys.usb.controller}' action=sys.usb.config=adb && sys.usb.configfs=1 && sys.usb.ffs.ready=1 (/system/etc/init/hw/init.usb.configfs.rc:23) took 72ms and succeeded
01-01 23:45:13.645 0 0 I msm_vidc: high: 00000001: h264e: Closed video instance: 0000000000000000
01-01 23:45:13.747 0 0 E msm-dwc3 a600000.ssusb: Could not get usb psy
01-01 23:45:13.836 0 0 E DTC_ETH,link_delay_work_func: 3003, SQI=0, link=0
01-01 23:45:13.842 0 0 E msm-dwc3 a600000.ssusb: Could not get usb psy
01-01 23:45:13.848 0 0 I android_work: did not send uevent (0 0 0000000000000000)
01-01 23:45:13.945 0 0 I android_work: sent uevent USB_STATE=CONNECTED
01-01 23:45:13.949 0 0 E msm-dwc3 a600000.ssusb: Could not get usb psy
01-01 23:45:13.956 0 0 I configfs-gadget gadget: high-speed config #1: b
01-01 23:45:13.956 0 0 E msm-dwc3 a600000.ssusb: Could not get usb psy
01-01 23:45:13.966 0 0 I android_work: sent uevent USB_STATE=CONFIGURED
01-01 23:45:15.150 0 0 I msm_vidc: err : ffffffff: .....: DBLP Set: status 0
01-01 23:45:18.956 0 0 E DTC_ETH,link_delay_work_func: 3003, SQI=0, link=0
03-14 03:52:54.665 797 853 I PowerManagerService: Napping display group (groupId=0, uid=1000)...
03-14 03:52:54.665 797 853 I PowerManagerService: Nap time (uid 1000)...
03-14 03:52:54.668 797 853 I DreamManagerService: Entering dreamland.
03-14 03:52:54.684 797 853 I PowerManagerService: Dreaming...
03-14 03:52:54.686 797 814 I DreamController: Starting dream: name=ComponentInfo{com.thundercomm.screensaver/com.thundercomm.screensaver.service.SystemDream}, isTest=false, canDoze=false, userId=0
03-14 03:52:54.691 797 814 D CompatibilityChangeReporter: Compat change id reported: 135634846; UID 10050; state: DISABLED
03-14 03:52:54.691 797 814 D CompatibilityChangeReporter: Compat change id reported: 177438394; UID 10050; state: DISABLED
03-14 03:52:54.691 797 814 D CompatibilityChangeReporter: Compat change id reported: 135772972; UID 10050; state: DISABLED
03-14 03:52:54.692 797 814 D CompatibilityChangeReporter: Compat change id reported: 135754954; UID 10050; state: ENABLED
03-14 03:52:54.692 797 814 D AutofillManagerService: Close system dialogs
03-14 03:52:54.692 797 831 D CompatibilityChangeReporter: Compat change id reported: 143937733; UID 10050; state: ENABLED
03-14 03:52:54.709 797 831 I ActivityManager: Start proc 4140:com.thundercomm.screensaver/u0a50 for service {com.thundercomm.screensaver/com.thundercomm.screensaver.service.SystemDream}
01-01 23:45:20.227 0 0 I binder : 4140:4140 ioctl 40046210 7fdb4c8cd4 returned -22
03-14 03:52:54.745 797 812 D CompatibilityChangeReporter: Compat change id reported: 168419799; UID 10050; state: DISABLED
03-14 03:52:54.909 4140 4140 D MicroServiceManager: add linkToDeath
03-14 03:52:54.909 4140 4140 D MicroServiceManager: bindMicroService: called already get service
03-14 03:52:54.911 4140 4140 I MicroServiceManager: addCommonCallbackListener add listener
03-14 03:52:54.911 4140 4140 I MicroServiceManager: addConnectChangedListener add listener
03-14 03:52:54.914 797 812 I ActivityTaskManager: START u0 {flg=0x10000000 pkg=com.thundercomm.screensaver cmp=com.thundercomm.screensaver/android.service.dreams.DreamActivity (has extras)} from uid 10050
03-14 03:52:54.918 797 812 D CompatibilityChangeReporter: Compat change id reported: 184838306; UID 10050; state: DISABLED
03-14 03:52:54.918 797 812 D CompatibilityChangeReporter: Compat change id reported: 185004937; UID 10050; state: DISABLED
03-14 03:52:54.919 797 812 D CompatibilityChangeReporter: Compat change id reported: 181136395; UID 10050; state: DISABLED
03-14 03:52:54.919 797 812 D CompatibilityChangeReporter: Compat change id reported: 174042936; UID 10050; state: DISABLED
03-14 03:52:54.919 797 812 D CompatibilityChangeReporter: Compat change id reported: 174042980; UID 10050; state: DISABLED
03-14 03:52:54.920 797 812 W ActivityTaskManager: Can't find TaskDisplayArea to determine support for multi window. Task id=14 attached=false
03-14 03:52:54.927 4140 4140 I MicroServiceManager: requestResult(requestOperationInfo) parameters isnull.
03-14 03:52:54.927 797 1150 I ActivityTaskManager: FOREGROUND_APPLICATION_CHANGED to android.service.dreams.DreamActivity
03-14 03:52:54.927 797 1150 I ActivityTaskManager: The Process com.thundercomm.screensaver Already Exists in BG. So sending its PID: 4140
03-14 03:52:54.940 797 1150 W WindowManager: Failed looking up window session=Session{e4ede2e 4140:u0a10050} callers=com.android.server.wm.WindowManagerService.windowForClientLocked:5628 com.android.server.wm.Session.insetsModified:629 android.view.IWindowSession$Stub.onTransact:1151
03-14 03:52:54.961 797 4173 I DropBoxManagerService: add tag=system_app_wtf isTagEnabled=true flags=0x2
01-01 23:45:20.461 0 0 I binder : 4140:4164 ioctl 40046210 75db6b71f4 returned -22
03-14 03:52:54.983 797 853 V DisplayPowerController[0]: Brightness [1.0] reason changing to: 'manual', previous reason: 'manual [ dim ]'.
03-14 03:52:54.992 797 1949 E DisplayDeviceConfig: requesting nits when no mapping exists.
03-14 03:52:54.993 797 1949 E DisplayDeviceConfig: requesting nits when no mapping exists.
03-14 03:52:54.993 797 830 I DropBoxManagerService: add tag=system_server_wtf isTagEnabled=true flags=0x2
03-14 03:52:54.993 797 830 I DropBoxManagerService: add tag=system_server_wtf isTagEnabled=true flags=0x2
03-14 03:52:55.009 797 1949 E DisplayDeviceConfig: requesting nits when no mapping exists.
03-14 03:52:55.009 797 1949 E DisplayDeviceConfig: requesting nits when no mapping exists.
03-14 03:52:55.025 797 1949 E DisplayDeviceConfig: requesting nits when no mapping exists.
03-14 03:52:55.025 797 1949 E DisplayDeviceConfig: requesting nits when no mapping exists.
03-14 03:52:55.030 797 812 W FreeFormWindowHelper: Current Display FreeFormTask is null
03-14 03:52:55.043 797 1949 E DisplayDeviceConfig: requesting nits when no mapping exists.
03-14 03:52:55.043 797 1949 E DisplayDeviceConfig: requesting nits when no mapping exists.
03-14 03:52:55.059 797 1949 E DisplayDeviceConfig: requesting nits when no mapping exists.
03-14 03:52:55.059 797 1949 E DisplayDeviceConfig: requesting nits when no mapping exists.
03-14 03:52:55.076 797 1949 E DisplayDeviceConfig: requesting nits when no mapping exists.
03-14 03:52:55.076 797 1949 E DisplayDeviceConfig: requesting nits when no mapping exists.
03-14 03:52:55.092 797 1949 E DisplayDeviceConfig: requesting nits when no mapping exists.
03-14 03:52:55.092 797 1949 E DisplayDeviceConfig: requesting nits when no mapping exists.
03-14 03:52:55.109 797 1949 E DisplayDeviceConfig: requesting nits when no mapping exists.
03-14 03:52:55.109 797 1949 E DisplayDeviceConfig: requesting nits when no mapping exists.
03-14 03:52:55.126 797 1949 E DisplayDeviceConfig: requesting nits when no mapping exists.
03-14 03:52:55.126 797 1949 E DisplayDeviceConfig: requesting nits when no mapping exists.
03-14 03:52:55.142 797 1949 E DisplayDeviceConfig: requesting nits when no mapping exists.
03-14 03:52:55.142 797 1949 E DisplayDeviceConfig: requesting nits when no mapping exists.
03-14 03:52:55.159 797 1949 E DisplayDeviceConfig: requesting nits when no mapping exists.
03-14 03:52:55.159 797 1949 E DisplayDeviceConfig: requesting nits when no mapping exists.
03-14 03:52:55.176 797 1949 E DisplayDeviceConfig: requesting nits when no mapping exists.
03-14 03:52:55.176 797 1949 E DisplayDeviceConfig: requesting nits when no mapping exists.
03-14 03:52:55.192 797 1949 E DisplayDeviceConfig: requesting nits when no mapping exists.
03-14 03:52:55.192 797 1949 E DisplayDeviceConfig: requesting nits when no mapping exists.
03-14 03:52:55.209 797 1949 E DisplayDeviceConfig: requesting nits when no mapping exists.
03-14 03:52:55.209 797 1949 E DisplayDeviceConfig: requesting nits when no mapping exists.
03-14 03:52:55.226 797 1949 E DisplayDeviceConfig: requesting nits when no mapping exists.
03-14 03:52:55.226 797 1949 E DisplayDeviceConfig: requesting nits when no mapping exists.
03-14 03:52:55.242 797 1949 E DisplayDeviceConfig: requesting nits when no mapping exists.
03-14 03:52:55.242 797 1949 E DisplayDeviceConfig: requesting nits when no mapping exists.
03-14 03:52:55.259 797 1949 E DisplayDeviceConfig: requesting nits when no mapping exists.
03-14 03:52:55.259 797 1949 E DisplayDeviceConfig: requesting nits when no mapping exists.
03-14 03:52:55.277 797 1949 E DisplayDeviceConfig: requesting nits when no mapping exists.
03-14 03:52:55.277 797 1949 E DisplayDeviceConfig: requesting nits when no mapping exists.
03-14 03:52:55.293 797 1949 E DisplayDeviceConfig: requesting nits when no mapping exists.
03-14 03:52:55.293 797 1949 E DisplayDeviceConfig: requesting nits when no mapping exists.
03-14 03:52:55.309 797 1949 E DisplayDeviceConfig: requesting nits when no mapping exists.
03-14 03:52:55.309 797 1949 E DisplayDeviceConfig: requesting nits when no mapping exists.
03-14 03:52:55.326 797 1949 E DisplayDeviceConfig: requesting nits when no mapping exists.
03-14 03:52:55.326 797 1949 E DisplayDeviceConfig: requesting nits when no mapping exists.
03-14 03:52:55.342 797 1949 E DisplayDeviceConfig: requesting nits when no mapping exists.
03-14 03:52:55.343 797 1949 E DisplayDeviceConfig: requesting nits when no mapping exists.
03-14 03:52:55.360 797 1949 E DisplayDeviceConfig: requesting nits when no mapping exists.
03-14 03:52:55.360 797 1949 E DisplayDeviceConfig: requesting nits when no mapping exists.
03-14 03:52:55.376 797 1949 E DisplayDeviceConfig: requesting nits when no mapping exists.
03-14 03:52:55.376 797 1949 E DisplayDeviceConfig: requesting nits when no mapping exists.
03-14 03:52:55.393 797 1949 E DisplayDeviceConfig: requesting nits when no mapping exists.
03-14 03:52:55.393 797 1949 E DisplayDeviceConfig: requesting nits when no mapping exists.
03-14 03:52:55.410 797 1949 E DisplayDeviceConfig: requesting nits when no mapping exists.
03-14 03:52:55.410 797 1949 E DisplayDeviceConfig: requesting nits when no mapping exists.
03-14 03:52:55.426 797 1949 E DisplayDeviceConfig: requesting nits when no mapping exists.
03-14 03:52:55.426 797 1949 E DisplayDeviceConfig: requesting nits when no mapping exists.
03-14 03:52:55.443 797 1949 E DisplayDeviceConfig: requesting nits when no mapping exists.
03-14 03:52:55.443 797 1949 E DisplayDeviceConfig: requesting nits when no mapping exists.
03-14 03:52:55.460 797 1949 E DisplayDeviceConfig: requesting nits when no mapping exists.
03-14 03:52:55.460 797 1949 E DisplayDeviceConfig: requesting nits when no mapping exists.
03-14 03:52:55.477 797 1949 E DisplayDeviceConfig: requesting nits when no mapping exists.
03-14 03:52:55.477 797 1949 E DisplayDeviceConfig: requesting nits when no mapping exists.
03-14 03:52:55.493 797 1949 E DisplayDeviceConfig: requesting nits when no mapping exists.
03-14 03:52:55.493 797 1949 E DisplayDeviceConfig: requesting nits when no mapping exists.
03-14 03:52:55.510 797 1949 E DisplayDeviceConfig: requesting nits when no mapping exists.
03-14 03:52:55.510 797 1949 E DisplayDeviceConfig: requesting nits when no mapping exists.
03-14 03:52:55.527 797 1949 E DisplayDeviceConfig: requesting nits when no mapping exists.
03-14 03:52:55.527 797 1949 E DisplayDeviceConfig: requesting nits when no mapping exists.
03-14 03:52:55.543 797 1949 E DisplayDeviceConfig: requesting nits when no mapping exists.
03-14 03:52:55.543 797 1949 E DisplayDeviceConfig: requesting nits when no mapping exists.
03-14 03:52:55.560 797 1949 E DisplayDeviceConfig: requesting nits when no mapping exists.
03-14 03:52:55.560 797 1949 E DisplayDeviceConfig: requesting nits when no mapping exists.
03-14 03:52:55.577 797 1949 E DisplayDeviceConfig: requesting nits when no mapping exists.
03-14 03:52:55.577 797 1949 E DisplayDeviceConfig: requesting nits when no mapping exists.
03-14 03:52:55.593 797 1949 E DisplayDeviceConfig: requesting nits when no mapping exists.
03-14 03:52:55.594 797 1949 E DisplayDeviceConfig: requesting nits when no mapping exists.
03-14 03:52:55.610 797 1949 E DisplayDeviceConfig: requesting nits when no mapping exists.
03-14 03:52:55.610 797 1949 E DisplayDeviceConfig: requesting nits when no mapping exists.
03-14 03:52:55.627 797 1949 E DisplayDeviceConfig: requesting nits when no mapping exists.
03-14 03:52:55.627 797 1949 E DisplayDeviceConfig: requesting nits when no mapping exists.
03-14 03:52:55.644 797 1949 E DisplayDeviceConfig: requesting nits when no mapping exists.
03-14 03:52:55.644 797 1949 E DisplayDeviceConfig: requesting nits when no mapping exists.
03-14 03:52:55.660 797 1949 E DisplayDeviceConfig: requesting nits when no mapping exists.
03-14 03:52:55.660 797 1949 E DisplayDeviceConfig: requesting nits when no mapping exists.
03-14 03:52:55.677 797 1949 E DisplayDeviceConfig: requesting nits when no mapping exists.
03-14 03:52:55.677 797 1949 E DisplayDeviceConfig: requesting nits when no mapping exists.
03-14 03:52:55.694 797 1949 E DisplayDeviceConfig: requesting nits when no mapping exists.
03-14 03:52:55.694 797 1949 E DisplayDeviceConfig: requesting nits when no mapping exists.
03-14 03:52:55.710 797 1949 E DisplayDeviceConfig: requesting nits when no mapping exists.
03-14 03:52:55.710 797 1949 E DisplayDeviceConfig: requesting nits when no mapping exists.
03-14 03:52:55.727 797 1949 E DisplayDeviceConfig: requesting nits when no mapping exists.
03-14 03:52:55.727 797 1949 E DisplayDeviceConfig: requesting nits when no mapping exists.
03-14 03:52:55.744 797 1949 E DisplayDeviceConfig: requesting nits when no mapping exists.
03-14 03:52:55.744 797 1949 E DisplayDeviceConfig: requesting nits when no mapping exists.
03-14 03:52:55.760 797 1949 E DisplayDeviceConfig: requesting nits when no mapping exists.
03-14 03:52:55.761 797 1949 E DisplayDeviceConfig: requesting nits when no mapping exists.
03-14 03:52:55.777 797 1949 E DisplayDeviceConfig: requesting nits when no mapping exists.
03-14 03:52:55.777 797 1949 E DisplayDeviceConfig: requesting nits when no mapping exists.
03-14 03:52:55.794 797 1949 E DisplayDeviceConfig: requesting nits when no mapping exists.
03-14 03:52:55.794 797 1949 E DisplayDeviceConfig: requesting nits when no mapping exists.
03-14 03:52:55.811 797 1949 E DisplayDeviceConfig: requesting nits when no mapping exists.
03-14 03:52:55.811 797 1949 E DisplayDeviceConfig: requesting nits when no mapping exists.
03-14 03:52:55.827 797 1949 E DisplayDeviceConfig: requesting nits when no mapping exists.
03-14 03:52:55.827 797 1949 E DisplayDeviceConfig: requesting nits when no mapping exists.
03-14 03:52:55.844 797 1949 E DisplayDeviceConfig: requesting nits when no mapping exists.
03-14 03:52:55.844 797 1949 E DisplayDeviceConfig: requesting nits when no mapping exists.
03-14 03:52:55.861 797 1949 E DisplayDeviceConfig: requesting nits when no mapping exists.
03-14 03:52:55.861 797 1949 E DisplayDeviceConfig: requesting nits when no mapping exists.
03-14 03:52:55.877 797 1949 E DisplayDeviceConfig: requesting nits when no mapping exists.
03-14 03:52:55.878 797 1949 E DisplayDeviceConfig: requesting nits when no mapping exists.
03-14 03:52:55.894 797 1949 E DisplayDeviceConfig: requesting nits when no mapping exists.
03-14 03:52:55.894 797 1949 E DisplayDeviceConfig: requesting nits when no mapping exists.
03-14 03:52:55.911 797 1949 E DisplayDeviceConfig: requesting nits when no mapping exists.
03-14 03:52:55.911 797 1949 E DisplayDeviceConfig: requesting nits when no mapping exists.
03-14 03:52:55.928 797 1949 E DisplayDeviceConfig: requesting nits when no mapping exists.
03-14 03:52:55.928 797 1949 E DisplayDeviceConfig: requesting nits when no mapping exists.
03-14 03:52:55.944 797 1949 E DisplayDeviceConfig: requesting nits when no mapping exists.
03-14 03:52:55.944 797 1949 E DisplayDeviceConfig: requesting nits when no mapping exists.
01-01 23:45:22.529 0 0 I IRQ 5 : no longer affine to CPU6
