03-16 10:55:59.891 797 1949 E DisplayDeviceConfig: requesting nits when no mapping exists.
03-16 10:55:59.892 797 830 I am_wtf : [0,797,system_server,-1,DisplayDeviceConfig,requesting nits when no mapping exists.]
03-16 10:55:59.907 797 1949 E DisplayDeviceConfig: requesting nits when no mapping exists.
03-16 10:55:59.908 797 830 I am_wtf : [0,797,system_server,-1,DisplayDeviceConfig,requesting nits when no mapping exists.]
03-16 10:55:59.908 797 1949 E DisplayDeviceConfig: requesting nits when no mapping exists.
03-16 10:55:59.908 797 830 I am_wtf : [0,797,system_server,-1,DisplayDeviceConfig,requesting nits when no mapping exists.]
03-16 10:55:59.924 797 1949 E DisplayDeviceConfig: requesting nits when no mapping exists.
03-16 10:55:59.925 797 830 I am_wtf : [0,797,system_server,-1,DisplayDeviceConfig,requesting nits when no mapping exists.]
03-16 10:55:59.925 797 1949 E DisplayDeviceConfig: requesting nits when no mapping exists.
03-16 10:55:59.926 797 830 I am_wtf : [0,797,system_server,-1,DisplayDeviceConfig,requesting nits when no mapping exists.]
03-16 10:55:59.941 797 1949 E DisplayDeviceConfig: requesting nits when no mapping exists.
03-16 10:55:59.941 797 1949 E DisplayDeviceConfig: requesting nits when no mapping exists.
03-16 10:55:59.941 797 830 I am_wtf : [0,797,system_server,-1,DisplayDeviceConfig,requesting nits when no mapping exists.]
03-16 10:55:59.942 797 830 I am_wtf : [0,797,system_server,-1,DisplayDeviceConfig,requesting nits when no mapping exists.]
01-02 00:14:16.850 0 0 I [schedu][0x86c4aaad1][10:56:00.454993] wlan: [3549:I:OSIF] vdev 0, scan id 40976 type COMPLETED(1) reason COMPLETED(1) scan found 9 bss
03-16 10:56:01.215 4129 4129 I auditd : type=1400 audit(0.0:4753): avc: denied { use } for comm="UsbFfs-worker" path="anon_inode:[eventfd]" dev="anon_inodefs" ino=11319 scontext=u:r:su:s0 tcontext=u:r:adbd:s0 tclass=fd permissive=1
03-16 10:56:02.175 797 2870 E TaskPersister: File error accessing recents directory (directory doesn't exist?).
01-02 00:14:19.756 0 0 E DTC_ETH,link_delay_work_func: 3003, SQI=0, link=0
01-02 00:14:20.046 0 0 I msm_vidc: err : ffffffff: .....: DBLP Set: status 0
03-16 10:56:05.123 4218 4218 I auditd : type=1400 audit(0.0:4754): avc: denied { call } for comm="MediaCodec_loop" scontext=u:r:su:s0 tcontext=u:r:mediaserver:s0 tclass=binder permissive=1
01-02 00:14:24.876 0 0 E DTC_ETH,link_delay_work_func: 3003, SQI=0, link=0
01-02 00:14:25.708 0 0 I [schedu][0x8766dd966][10:56:09.313214] wlan: [3549:I:OSIF] scan start scan id 40977
01-02 00:14:26.869 0 0 I [schedu][0x877c1ffd1][10:56:10.474260] wlan: [3549:I:OSIF] vdev 0, scan id 40977 type COMPLETED(1) reason COMPLETED(1) scan found 11 bss
01-02 00:14:29.996 0 0 E DTC_ETH,link_delay_work_func: 3003, SQI=0, link=0
03-16 10:56:13.744 797 1329 I input_interaction: Interaction with: c027675 com.android.settings/com.android.settings.Settings (server), edge-swipe (server), swipe-up (server), PointerEventDispatcher0 (server),
03-16 10:56:13.760 797 1514 W FreeFormWindowHelper: Current Display FreeFormTask is null
03-16 10:56:13.760 797 4443 I wm_task_moved: [1,0,0]
03-16 10:56:13.761 797 4443 I wm_task_moved: [1,0,13]
03-16 10:56:13.766 797 1514 W FreeFormWindowHelper: Current Display FreeFormTask is null
03-16 10:56:13.775 2471 2471 I view_enqueue_input_event: [Motion - Cancel,com.android.settings/com.android.settings.Settings]
03-16 10:56:13.780 2626 2626 I wm_on_restart_called: [28844568,com.android.launcher3.uioverrides.QuickstepLauncher,performRestartActivity]
03-16 10:56:13.781 797 1514 W FreeFormWindowHelper: Current Display FreeFormTask is null
03-16 10:56:13.781 797 4443 W FreeFormWindowHelper: Current Display FreeFormTask is null
03-16 10:56:13.781 797 818 I input_focus: [Focus request recents_animation_input_consumer,reason=UpdateInputWindows]
03-16 10:56:13.782 797 814 D AutofillManagerService: Close system dialogs
03-16 10:56:13.784 797 822 I am_pss : [2471,1000,com.android.settings,159307776,145063936,0,297308160,0,2,12]
03-16 10:56:13.784 797 1329 I input_interaction: Interaction with: edge-swipe (server), swipe-up (server), PointerEventDispatcher0 (server),
03-16 10:56:13.791 4218 4218 I auditd : type=1400 audit(0.0:4755): avc: denied { transfer } for comm="MediaCodec_loop" scontext=u:r:su:s0 tcontext=u:r:mediaserver:s0 tclass=binder permissive=1
03-16 10:56:13.808 2626 2626 I wm_on_start_called: [28844568,com.android.launcher3.uioverrides.QuickstepLauncher,handleStartActivity]
03-16 10:56:13.810 797 1329 I input_focus: [Focus leaving c027675 com.android.settings/com.android.settings.Settings (server),reason=NOT_FOCUSABLE]
03-16 10:56:13.810 797 1329 I input_focus: [Focus entering recents_animation_input_consumer (server),reason=setFocusedWindow]
03-16 10:56:13.813 797 6852 W FreeFormWindowHelper: Current Display FreeFormTask is null
03-16 10:56:13.813 797 6852 W FreeFormWindowHelper: Current Display FreeFormTask is null
03-16 10:56:13.814 797 6852 W FreeFormWindowHelper: Current Display FreeFormTask is null
03-16 10:56:13.814 797 6852 W FreeFormWindowHelper: Current Display FreeFormTask is null
03-16 10:56:13.830 797 2325 W FreeFormWindowHelper: Current Display FreeFormTask is null
03-16 10:56:13.830 797 2325 W FreeFormWindowHelper: Current Display FreeFormTask is null
03-16 10:56:13.832 2626 2626 I sysui_latency: [1,88]
03-16 10:56:13.842 797 1514 W FreeFormWindowHelper: Current Display FreeFormTask is null
03-16 10:56:13.842 797 1514 W FreeFormWindowHelper: Current Display FreeFormTask is null
03-16 10:56:13.852 797 814 I sysui_multi_action: [319,12,322,82,325,1895,757,761,758,9,759,5,806,com.android.launcher3,871,com.android.launcher3.uioverrides.QuickstepLauncher,905,0,1320,4,1321,1]
03-16 10:56:13.859 797 1514 W FreeFormWindowHelper: Current Display FreeFormTask is null
03-16 10:56:13.859 797 1514 W FreeFormWindowHelper: Current Display FreeFormTask is null
03-16 10:56:13.867 797 1514 W FreeFormWindowHelper: exitRecentTasks type=0
03-16 10:56:13.877 797 6852 W FreeFormWindowHelper: Current Display FreeFormTask is null
03-16 10:56:13.877 797 1514 W FreeFormWindowHelper: Current Display FreeFormTask is null
03-16 10:56:14.014 797 1297 I commit_sys_config_file: [settings-1-0,6]
03-16 10:56:14.145 797 822 I sysui_latency: [8,92]
03-16 10:56:14.528 797 1514 W FreeFormWindowHelper: Current Display FreeFormTask is null
03-16 10:56:14.528 797 1514 W FreeFormWindowHelper: Current Display FreeFormTask is null
03-16 10:56:14.533 797 1514 I wm_task_moved: [1,1,14]
03-16 10:56:14.534 797 1514 I wm_task_moved: [13,1,2147483647]
03-16 10:56:14.534 797 1514 I wm_task_to_front: [0,13]
03-16 10:56:14.534 797 1514 I wm_focused_root_task: [0,0,1,27,RecentsAnimation.onAnimationFinished()]
03-16 10:56:14.534 2471 2471 I wm_on_top_resumed_lost_called: [8399530,com.android.settings.Settings,topStateChangedWhenResumed]
03-16 10:56:14.534 797 1514 I wm_set_resumed_activity: [0,com.android.launcher3/.uioverrides.QuickstepLauncher,RecentsAnimation.onAnimationFinished()]
03-16 10:56:14.536 797 1514 I wm_pause_activity: [0,8399530,com.android.settings/.Settings,userLeaving=true,pauseBackTasks]
03-16 10:56:14.537 797 1514 I wm_add_to_stopping: [0,8399530,com.android.settings/.Settings,makeInvisible]
03-16 10:56:14.537 797 1514 I ActivityTaskManager: FOREGROUND_APPLICATION_CHANGED to com.android.launcher3.uioverrides.QuickstepLauncher
03-16 10:56:14.537 797 1514 I wm_set_resumed_activity: [0,com.android.launcher3/.uioverrides.QuickstepLauncher,resumeTopActivityInnerLocked]
03-16 10:56:14.541 797 1514 I wm_resume_activity: [0,28844568,13,com.android.launcher3/.uioverrides.QuickstepLauncher]
03-16 10:56:14.542 2626 2626 I wm_on_resume_called: [28844568,com.android.launcher3.uioverrides.QuickstepLauncher,RESUME_ACTIVITY]
03-16 10:56:14.545 797 818 I input_focus: [Focus request efa3eda com.android.launcher3/com.android.launcher3.uioverrides.QuickstepLauncher,reason=UpdateInputWindows]
03-16 10:56:14.546 2626 2626 I wm_on_top_resumed_gained_called: [28844568,com.android.launcher3.uioverrides.QuickstepLauncher,topStateChangedWhenResumed]
03-16 10:56:14.549 2471 2471 I sysui_multi_action: [757,35,758,2,1089,15354]
03-16 10:56:14.552 797 4443 I wm_stop_activity: [0,8399530,com.android.settings/.Settings]
03-16 10:56:14.553 2471 2471 I sysui_multi_action: [757,746,758,2,1089,15350]
03-16 10:56:14.559 797 817 I sysui_multi_action: [757,803,799,window_time_0,802,16]
03-16 10:56:14.560 2471 2471 I wm_on_paused_called: [8399530,com.android.settings.Settings,performPause]
03-16 10:56:14.564 797 1329 I input_focus: [Focus leaving recents_animation_input_consumer (server),reason=NOT_VISIBLE]
03-16 10:56:14.564 797 1329 I input_focus: [Focus entering efa3eda com.android.launcher3/com.android.launcher3.uioverrides.QuickstepLauncher (server),reason=setFocusedWindow]
03-16 10:56:14.565 797 817 I am_uid_running: 10022
03-16 10:56:14.565 797 817 D CompatibilityChangeReporter: Compat change id reported: 135634846; UID 10022; state: DISABLED
03-16 10:56:14.565 797 817 D CompatibilityChangeReporter: Compat change id reported: 177438394; UID 10022; state: DISABLED
03-16 10:56:14.565 797 817 D CompatibilityChangeReporter: Compat change id reported: 135772972; UID 10022; state: DISABLED
03-16 10:56:14.565 797 817 D CompatibilityChangeReporter: Compat change id reported: 135754954; UID 10022; state: ENABLED
03-16 10:56:14.565 797 831 D CompatibilityChangeReporter: Compat change id reported: 143937733; UID 10022; state: ENABLED
03-16 10:56:14.566 797 817 I am_uid_running: 10031
03-16 10:56:14.566 797 817 D CompatibilityChangeReporter: Compat change id reported: 135634846; UID 10031; state: DISABLED
03-16 10:56:14.566 797 817 D CompatibilityChangeReporter: Compat change id reported: 177438394; UID 10031; state: DISABLED
03-16 10:56:14.566 797 817 D CompatibilityChangeReporter: Compat change id reported: 135772972; UID 10031; state: DISABLED
03-16 10:56:14.566 797 817 D CompatibilityChangeReporter: Compat change id reported: 135754954; UID 10031; state: ENABLED
03-16 10:56:14.566 797 817 I am_uid_running: 10093
03-16 10:56:14.567 797 817 D CompatibilityChangeReporter: Compat change id reported: 135634846; UID 10093; state: DISABLED
03-16 10:56:14.567 797 817 D CompatibilityChangeReporter: Compat change id reported: 177438394; UID 10093; state: DISABLED
03-16 10:56:14.567 797 817 D CompatibilityChangeReporter: Compat change id reported: 135772972; UID 10093; state: DISABLED
03-16 10:56:14.567 797 817 D CompatibilityChangeReporter: Compat change id reported: 135754954; UID 10093; state: ENABLED
03-16 10:56:14.567 797 817 I am_uid_running: 10065
03-16 10:56:14.570 797 817 D CompatibilityChangeReporter: Compat change id reported: 135634846; UID 10065; state: DISABLED
03-16 10:56:14.570 797 817 D CompatibilityChangeReporter: Compat change id reported: 177438394; UID 10065; state: DISABLED
03-16 10:56:14.570 797 817 D CompatibilityChangeReporter: Compat change id reported: 135772972; UID 10065; state: DISABLED
03-16 10:56:14.570 797 817 D CompatibilityChangeReporter: Compat change id reported: 135754954; UID 10065; state: DISABLED
03-16 10:56:14.570 797 817 I sysui_multi_action: [757,803,799,window_time_0,802,0]
03-16 10:56:14.572 797 831 I am_proc_start: [0,7008,10022,com.android.documentsui,NULL,]
03-16 10:56:14.572 797 831 I ActivityManager: Start proc 7008:com.android.documentsui/u0a22 for null
03-16 10:56:14.573 797 831 D CompatibilityChangeReporter: Compat change id reported: 143937733; UID 10031; state: ENABLED
03-16 10:56:14.579 4218 4218 I auditd : type=1400 audit(0.0:4756): avc: denied { call } for comm="CodecLooper" scontext=u:r:su:s0 tcontext=u:r:mediacodec:s0 tclass=binder permissive=1
03-16 10:56:14.578 2471 2471 I wm_on_stop_called: [8399530,com.android.settings.Settings,STOP_ACTIVITY_ITEM]
03-16 10:56:14.579 797 831 I am_proc_start: [0,7010,10031,com.microsoft.emmx,NULL,]
03-16 10:56:14.579 797 831 I ActivityManager: Start proc 7010:com.microsoft.emmx/u0a31 for null
03-16 10:56:14.579 797 831 D CompatibilityChangeReporter: Compat change id reported: 143937733; UID 10093; state: ENABLED
03-16 10:56:14.587 797 831 I am_proc_start: [0,7016,10093,com.huawei.appmarket,NULL,]
03-16 10:56:14.587 797 831 I ActivityManager: Start proc 7016:com.huawei.appmarket/u0a93 for null
03-16 10:56:14.587 797 831 D CompatibilityChangeReporter: Compat change id reported: 143937733; UID 10065; state: DISABLED
03-16 10:56:14.583 4129 4129 I auditd : type=1400 audit(0.0:4757): avc: denied { use } for comm="UsbFfs-worker" path="anon_inode:[eventfd]" dev="anon_inodefs" ino=11319 scontext=u:r:su:s0 tcontext=u:r:adbd:s0 tclass=fd permissive=1
01-02 00:14:30.993 0 0 I binder : 7008:7008 ioctl 40046210 7fdb4c8cd4 returned -22
03-16 10:56:14.587 7008 7008 I auditd : type=1400 audit(0.0:4758): avc: denied { connectto } for comm=4144422D4A44575020436F6E6E6563 path=006A6477702D636F6E74726F6C scontext=u:r:platform_app:s0:c512,c768 tcontext=u:r:su:s0 tclass=unix_stream_socket permissive=1
03-16 10:56:14.594 797 831 I am_proc_start: [0,7027,10065,com.android.gallery3d,NULL,]
03-16 10:56:14.594 797 831 I ActivityManager: Start proc 7027:com.android.gallery3d/u0a65 for null
03-16 10:56:14.602 797 811 I am_proc_bound: [0,7016,com.huawei.appmarket]
03-16 10:56:14.605 797 811 I am_proc_bound: [0,7010,com.microsoft.emmx]
03-16 10:56:14.614 797 811 I am_proc_bound: [0,7008,com.android.documentsui]
01-02 00:14:30.995 0 0 I binder : 7016:7016 ioctl 40046210 7fdb4c8cd4 returned -22
01-02 00:14:30.997 0 0 I binder : 7010:7010 ioctl 40046210 7fdb4c8cd4 returned -22
01-02 00:14:31.003 0 0 W audit : audit_lost=5368 audit_rate_limit=5 audit_backlog_limit=64
01-02 00:14:31.003 0 0 E audit : rate limit exceeded
01-02 00:14:31.005 0 0 I binder : 7027:7027 ioctl 40046210 7fdb4c8cd4 returned -22
03-16 10:56:14.617 797 1514 I am_proc_bound: [0,7027,com.android.gallery3d]
03-16 10:56:14.591 1416 1416 I auditd : type=1400 audit(0.0:4759): avc: denied { call } for comm="OMXCallbackDisp" scontext=u:r:mediacodec:s0 tcontext=u:r:su:s0 tclass=binder permissive=1
03-16 10:56:14.595 4218 4218 I auditd : type=1400 audit(0.0:4760): avc: denied { call } for comm="CodecLooper" scontext=u:r:su:s0 tcontext=u:r:mediacodec:s0 tclass=binder permissive=1
03-16 10:56:14.595 4129 4129 I auditd : type=1400 audit(0.0:4761): avc: denied { use } for comm="UsbFfs-worker" path="anon_inode:[eventfd]" dev="anon_inodefs" ino=11319 scontext=u:r:su:s0 tcontext=u:r:adbd:s0 tclass=fd permissive=1
03-16 10:56:14.599 7016 7016 I auditd : type=1400 audit(0.0:4762): avc: denied { connectto } for comm=4144422D4A44575020436F6E6E6563 path=006A6477702D636F6E74726F6C scontext=u:r:untrusted_app:s0:c93,c256,c512,c768 tcontext=u:r:su:s0 tclass=unix_stream_socket permissive=1 app=com.huawei.appmarket
03-16 10:56:14.648 797 811 W FreeFormWindowHelper: Current Display FreeFormTask is null
03-16 10:56:14.871 797 1329 I input_interaction: Interaction with: efa3eda com.android.launcher3/com.android.launcher3.uioverrides.QuickstepLauncher (server), eb1e2e4 com.android.systemui.ImageWallpaper (server), edge-swipe (server), swipe-up (server), PointerEventDispatcher0 (server),
03-16 10:56:15.001 797 1514 I thunderperf: PlatormCompat.setOverrides: Uid1=10074 Pid1=2626 Uid2=10074 Pid2=2626
03-16 10:56:15.001 797 1514 I thunderperf: PlatormCompat.setOverrides: needCheck:false
03-16 10:56:15.001 797 1514 I thunderperf: CompatConfig.addOverrideUnsafe: bef-state=0
03-16 10:56:15.001 797 1514 I thunderperf: CompatConfig.addOverrideUnsafe: aft-state=0
03-16 10:56:15.003 797 1514 I thunderperf: CompatConfig.addOverrideUnsafe: bef-state=0
03-16 10:56:15.003 797 1514 I thunderperf: CompatConfig.addOverrideUnsafe: aft-state=0
03-16 10:56:15.003 797 1514 I thunderperf: CompatConfig.addOverrideUnsafe: bef-state=0
03-16 10:56:15.003 797 1514 I thunderperf: CompatConfig.addOverrideUnsafe: aft-state=0
03-16 10:56:15.004 797 1514 I thunderperf: CompatConfig.addOverrideUnsafe: bef-state=0
03-16 10:56:15.004 797 1514 I thunderperf: CompatConfig.addOverrideUnsafe: aft-state=0
03-16 10:56:15.004 797 1514 I thunderperf: CompatConfig.addOverrideUnsafe: bef-state=0
03-16 10:56:15.004 797 1514 I thunderperf: CompatConfig.addOverrideUnsafe: aft-state=0
03-16 10:56:15.004 797 1514 I thunderperf: CompatConfig.addOverrideUnsafe: bef-state=0
03-16 10:56:15.004 797 1514 I thunderperf: CompatConfig.addOverrideUnsafe: aft-state=0
03-16 10:56:15.004 797 1514 I thunderperf: CompatConfig.addOverrideUnsafe: bef-state=0
03-16 10:56:15.004 797 1514 I thunderperf: CompatConfig.addOverrideUnsafe: aft-state=0
03-16 10:56:15.005 797 1514 I thunderperf: CompatConfig.addOverrideUnsafe: bef-state=0
03-16 10:56:15.005 797 1514 I thunderperf: CompatConfig.addOverrideUnsafe: aft-state=0
03-16 10:56:15.005 797 1514 I thunderperf: CompatConfig.addOverrideUnsafe: bef-state=0
03-16 10:56:15.005 797 1514 I thunderperf: CompatConfig.addOverrideUnsafe: aft-state=0
03-16 10:56:15.006 797 1514 I thunderperf: CompatConfig.addOverrideUnsafe: bef-state=0
03-16 10:56:15.006 797 1514 I thunderperf: CompatConfig.addOverrideUnsafe: aft-state=0
03-16 10:56:15.006 797 1514 I thunderperf: CompatConfig.addOverrideUnsafe: bef-state=0
03-16 10:56:15.006 797 1514 I thunderperf: CompatConfig.addOverrideUnsafe: aft-state=0
03-16 10:56:15.006 797 1514 I thunderperf: CompatConfig.addOverrideUnsafe: bef-state=0
03-16 10:56:15.006 797 1514 I thunderperf: CompatConfig.addOverrideUnsafe: aft-state=0
03-16 10:56:15.007 797 1514 I thunderperf: CompatConfig.addOverrideUnsafe: bef-state=0
03-16 10:56:15.007 797 1514 I thunderperf: CompatConfig.addOverrideUnsafe: aft-state=0
03-16 10:56:15.007 797 1514 I thunderperf: CompatConfig.addOverrideUnsafe: bef-state=0
03-16 10:56:15.007 797 1514 I thunderperf: CompatConfig.addOverrideUnsafe: aft-state=0
03-16 10:56:15.011 797 1514 I ActivityTaskManager: START u0 {act=android.intent.action.MAIN cat=[android.intent.category.LAUNCHER] flg=0x10200000 cmp=com.android.settings/.Settings bnds=[2128,710][2314,910]} from uid 10074
03-16 10:56:15.012 797 1514 I wm_task_moved: [27,1,14]
03-16 10:56:15.012 797 1514 I wm_task_to_front: [0,27]
03-16 10:56:15.013 797 1514 I wm_focused_root_task: [0,0,27,1,bringingFoundTaskToFront]
03-16 10:56:15.013 797 1514 I wm_set_resumed_activity: [0,com.android.settings/.Settings,bringingFoundTaskToFront]
03-16 10:56:15.013 797 1514 I wm_new_intent: [0,8399530,27,com.android.settings/.Settings,android.intent.action.MAIN,NULL,NULL,270532608]
03-16 10:56:15.015 797 1514 I wm_pause_activity: [0,28844568,com.android.launcher3/.uioverrides.QuickstepLauncher,userLeaving=true,pauseBackTasks]
03-16 10:56:15.015 2011 2236 D PhoneStartingWindowTypeAlgorithm: preferredStartingWindowType newTask:false taskSwitch:true processRunning:true allowTaskSnapshot:true activityCreated:true useEmptySplashScreen:false legacySplashScreen:false topIsHome:false
03-16 10:56:15.016 2011 2236 D PhoneStartingWindowTypeAlgorithm: isSnapshotCompatible rotation 0 snapshot 0
03-16 10:56:15.020 797 6852 W FreeFormWindowHelper: Current Display FreeFormTask is null
03-16 10:56:15.023 2626 2626 I wm_on_top_resumed_lost_called: [28844568,com.android.launcher3.uioverrides.QuickstepLauncher,topStateChangedWhenResumed]
03-16 10:56:15.029 2626 2626 I wm_on_paused_called: [28844568,com.android.launcher3.uioverrides.QuickstepLauncher,performPause]
03-16 10:56:15.030 797 1514 I ActivityTaskManager: FOREGROUND_APPLICATION_CHANGED to com.android.settings.homepage.SettingsHomepageActivity
03-16 10:56:15.031 797 1514 I wm_set_resumed_activity: [0,com.android.settings/.Settings,resumeTopActivityInnerLocked]
03-16 10:56:15.032 797 1514 I wm_add_to_stopping: [0,28844568,com.android.launcher3/.uioverrides.QuickstepLauncher,makeInvisible]
03-16 10:56:15.034 797 1514 I wm_resume_activity: [0,8399530,27,com.android.settings/.Settings]
03-16 10:56:15.039 797 817 I sysui_multi_action: [757,803,799,window_time_0,802,0]
03-16 10:56:15.048 797 1329 I input_focus: [Focus leaving efa3eda com.android.launcher3/com.android.launcher3.uioverrides.QuickstepLauncher (server),reason=NO_WINDOW]
03-16 10:56:15.048 2471 2471 I wm_on_restart_called: [8399530,com.android.settings.Settings,performRestartActivity]
03-16 10:56:15.055 2471 2471 I wm_on_start_called: [8399530,com.android.settings.Settings,handleStartActivity]
03-16 10:56:15.055 2471 2471 I snet_event_log: [120484087,-1,]
03-16 10:56:15.056 2471 2471 I wm_on_resume_called: [8399530,com.android.settings.Settings,RESUME_ACTIVITY]
03-16 10:56:15.056 2471 2471 I sysui_multi_action: [757,35,758,1,833,0,1089,0]
03-16 10:56:15.062 2471 2471 I sysui_multi_action: [757,746,758,1,833,0,1089,0]
03-16 10:56:15.062 797 2330 D TelephonyRegistry: listen oscl: mHasNotifySubscriptionInfoChangedOccurred==false no callback
03-16 10:56:15.066 797 2330 D TelephonyRegistry: listen oscl: mHasNotifySubscriptionInfoChangedOccurred==false no callback
03-16 10:56:15.074 2471 2471 I wm_on_top_resumed_gained_called: [8399530,com.android.settings.Settings,topWhenResuming]
03-16 10:56:15.080 797 818 I input_focus: [Focus request c027675 com.android.settings/com.android.settings.Settings,reason=UpdateInputWindows]
03-16 10:56:15.089 2011 2236 D StartingSurfaceDrawer: Task start finish, remove starting surface for task 27
03-16 10:56:15.091 797 814 I sysui_multi_action: [319,30,321,28,322,76,325,1896,757,761,758,9,759,4,806,com.android.settings,871,com.android.settings.Settings,904,com.android.launcher3,905,0,1320,4,1321,1]
03-16 10:56:15.097 797 1329 I input_focus: [Focus entering c027675 com.android.settings/com.android.settings.Settings (server),reason=setFocusedWindow]
03-16 10:56:15.139 797 2330 W FreeFormWindowHelper: Current Display FreeFormTask is null
01-02 00:14:31.536 0 0 I [schedu][0x87d195a28][10:56:15.141491] wlan: [3549:I:OSIF] scan start scan id 40978
03-16 10:56:15.520 797 1329 I input_interaction: Interaction with: c027675 com.android.settings/com.android.settings.Settings (server), edge-swipe (server), swipe-up (server), PointerEventDispatcher0 (server),
03-16 10:56:15.534 797 1514 W FreeFormWindowHelper: Current Display FreeFormTask is null
03-16 10:56:15.534 797 2330 W FreeFormWindowHelper: Current Display FreeFormTask is null
03-16 10:56:15.535 797 4443 I wm_task_moved: [1,0,0]
03-16 10:56:15.536 797 4443 I wm_task_moved: [1,0,13]
03-16 10:56:15.536 797 2330 W FreeFormWindowHelper: Current Display FreeFormTask is null
03-16 10:56:15.538 797 2330 W FreeFormWindowHelper: Current Display FreeFormTask is null
03-16 10:56:15.547 2471 2471 I view_enqueue_input_event: [Motion - Cancel,com.android.settings/com.android.settings.Settings]
03-16 10:56:15.548 797 1514 W FreeFormWindowHelper: Current Display FreeFormTask is null
03-16 10:56:15.548 797 4443 W FreeFormWindowHelper: Current Display FreeFormTask is null
03-16 10:56:15.549 797 814 D AutofillManagerService: Close system dialogs
03-16 10:56:15.557 797 1329 I input_interaction: Interaction with: edge-swipe (server), swipe-up (server), PointerEventDispatcher0 (server),
03-16 10:56:15.572 2626 2626 I sysui_latency: [1,9]
03-16 10:56:15.573 797 1514 W FreeFormWindowHelper: Current Display FreeFormTask is null
03-16 10:56:15.573 797 1514 W FreeFormWindowHelper: Current Display FreeFormTask is null
03-16 10:56:15.574 797 1514 W FreeFormWindowHelper: Current Display FreeFormTask is null
03-16 10:56:15.575 797 1514 W FreeFormWindowHelper: Current Display FreeFormTask is null
03-16 10:56:15.577 797 818 I input_focus: [Focus request recents_animation_input_consumer,reason=UpdateInputWindows]
03-16 10:56:15.580 797 1514 W FreeFormWindowHelper: Current Display FreeFormTask is null
03-16 10:56:15.580 797 1514 W FreeFormWindowHelper: Current Display FreeFormTask is null
03-16 10:56:15.582 797 1329 I input_focus: [Focus leaving c027675 com.android.settings/com.android.settings.Settings (server),reason=NOT_FOCUSABLE]
03-16 10:56:15.582 797 1329 I input_focus: [Focus entering recents_animation_input_consumer (server),reason=setFocusedWindow]
03-16 10:56:15.597 797 1514 W FreeFormWindowHelper: Current Display FreeFormTask is null
03-16 10:56:15.597 797 2434 W FreeFormWindowHelper: Current Display FreeFormTask is null
03-16 10:56:15.614 797 1514 W FreeFormWindowHelper: Current Display FreeFormTask is null
03-16 10:56:15.614 797 4443 W FreeFormWindowHelper: Current Display FreeFormTask is null
03-16 10:56:15.630 797 6901 W FreeFormWindowHelper: Current Display FreeFormTask is null
03-16 10:56:15.630 797 6901 W FreeFormWindowHelper: Current Display FreeFormTask is null
03-16 10:56:15.647 797 6901 W FreeFormWindowHelper: Current Display FreeFormTask is null
03-16 10:56:15.647 797 2434 W FreeFormWindowHelper: Current Display FreeFormTask is null
03-16 10:56:15.657 797 2434 W FreeFormWindowHelper: exitRecentTasks type=0
03-16 10:56:15.664 797 2330 W FreeFormWindowHelper: Current Display FreeFormTask is null
03-16 10:56:15.664 797 6901 W FreeFormWindowHelper: Current Display FreeFormTask is null
03-16 10:56:15.681 797 2434 W FreeFormWindowHelper: Current Display FreeFormTask is null
03-16 10:56:15.681 797 2434 W FreeFormWindowHelper: Current Display FreeFormTask is null
03-16 10:56:15.775 797 1297 I commit_sys_config_file: [settings-1-0,4]
03-16 10:56:16.206 797 1329 I input_interaction: Interaction with: recents_animation_input_consumer (server), edge-swipe (server), swipe-up (server), PointerEventDispatcher0 (server),
03-16 10:56:16.221 797 6901 W FreeFormWindowHelper: Current Display FreeFormTask is null
03-16 10:56:16.221 797 811 W FreeFormWindowHelper: Current Display FreeFormTask is null
03-16 10:56:16.230 797 2434 I wm_task_moved: [1,1,14]
03-16 10:56:16.234 797 2434 I wm_task_moved: [13,1,2147483647]
03-16 10:56:16.234 797 2434 I wm_task_to_front: [0,13]
03-16 10:56:16.234 797 2434 I wm_focused_root_task: [0,0,1,27,RecentsAnimation.onAnimationFinished()]
03-16 10:56:16.234 2471 2471 I wm_on_top_resumed_lost_called: [8399530,com.android.settings.Settings,topStateChangedWhenResumed]
03-16 10:56:16.234 797 2434 I wm_set_resumed_activity: [0,com.android.launcher3/.uioverrides.QuickstepLauncher,RecentsAnimation.onAnimationFinished()]
03-16 10:56:16.235 797 2434 I wm_pause_activity: [0,8399530,com.android.settings/.Settings,userLeaving=true,pauseBackTasks]
03-16 10:56:16.236 797 2434 I wm_add_to_stopping: [0,8399530,com.android.settings/.Settings,makeInvisible]
03-16 10:56:16.237 797 2434 I ActivityTaskManager: FOREGROUND_APPLICATION_CHANGED to com.android.launcher3.uioverrides.QuickstepLauncher
03-16 10:56:16.237 797 2434 I wm_set_resumed_activity: [0,com.android.launcher3/.uioverrides.QuickstepLauncher,resumeTopActivityInnerLocked]
03-16 10:56:16.240 797 2434 I wm_resume_activity: [0,28844568,13,com.android.launcher3/.uioverrides.QuickstepLauncher]
03-16 10:56:16.241 2626 2626 I wm_on_resume_called: [28844568,com.android.launcher3.uioverrides.QuickstepLauncher,RESUME_ACTIVITY]
03-16 10:56:16.248 797 818 I input_focus: [Focus request efa3eda com.android.launcher3/com.android.launcher3.uioverrides.QuickstepLauncher,reason=UpdateInputWindows]
03-16 10:56:16.250 797 1329 I input_focus: [Focus leaving recents_animation_input_consumer (server),reason=NOT_VISIBLE]
03-16 10:56:16.251 2471 2471 I sysui_multi_action: [757,35,758,2,1089,1195]
03-16 10:56:16.252 2626 2626 I wm_on_top_resumed_gained_called: [28844568,com.android.launcher3.uioverrides.QuickstepLauncher,topStateChangedWhenResumed]
03-16 10:56:16.254 797 811 I wm_stop_activity: [0,8399530,com.android.settings/.Settings]
03-16 10:56:16.255 2471 2471 I sysui_multi_action: [757,746,758,2,1089,1192]
03-16 10:56:16.263 797 817 I sysui_multi_action: [757,803,799,window_time_0,802,1]
03-16 10:56:16.267 797 1329 I input_focus: [Focus entering efa3eda com.android.launcher3/com.android.launcher3.uioverrides.QuickstepLauncher (server),reason=setFocusedWindow]
03-16 10:56:16.276 797 817 I sysui_multi_action: [757,803,799,window_time_0,802,0]
03-16 10:56:16.278 2471 2471 I wm_on_paused_called: [8399530,com.android.settings.Settings,performPause]
03-16 10:56:16.292 2471 2471 I wm_on_stop_called: [8399530,com.android.settings.Settings,STOP_ACTIVITY_ITEM]
01-02 00:14:32.697 0 0 I [schedu][0x87e6d5299][10:56:16.301924] wlan: [3549:I:OSIF] vdev 0, scan id 40978 type COMPLETED(1) reason COMPLETED(1) scan found 16 bss
03-16 10:56:16.346 797 811 I thunderperf: PlatormCompat.setOverrides: Uid1=10074 Pid1=2626 Uid2=10074 Pid2=2626
03-16 10:56:16.346 797 811 I thunderperf: PlatormCompat.setOverrides: needCheck:false
03-16 10:56:16.346 797 811 I thunderperf: CompatConfig.addOverrideUnsafe: bef-state=0
03-16 10:56:16.346 797 811 I thunderperf: CompatConfig.addOverrideUnsafe: aft-state=0
03-16 10:56:16.347 797 811 I thunderperf: CompatConfig.addOverrideUnsafe: bef-state=0
03-16 10:56:16.347 797 811 I thunderperf: CompatConfig.addOverrideUnsafe: aft-state=0
03-16 10:56:16.347 797 811 I thunderperf: CompatConfig.addOverrideUnsafe: bef-state=0
03-16 10:56:16.347 797 811 I thunderperf: CompatConfig.addOverrideUnsafe: aft-state=0
03-16 10:56:16.348 797 811 I thunderperf: CompatConfig.addOverrideUnsafe: bef-state=0
03-16 10:56:16.348 797 811 I thunderperf: CompatConfig.addOverrideUnsafe: aft-state=0
03-16 10:56:16.349 797 811 I thunderperf: CompatConfig.addOverrideUnsafe: bef-state=0
03-16 10:56:16.349 797 811 I thunderperf: CompatConfig.addOverrideUnsafe: aft-state=0
03-16 10:56:16.349 797 811 I thunderperf: CompatConfig.addOverrideUnsafe: bef-state=0
03-16 10:56:16.349 797 811 I thunderperf: CompatConfig.addOverrideUnsafe: aft-state=0
03-16 10:56:16.350 797 811 I thunderperf: CompatConfig.addOverrideUnsafe: bef-state=0
03-16 10:56:16.350 797 811 I thunderperf: CompatConfig.addOverrideUnsafe: aft-state=0
03-16 10:56:16.350 797 811 I thunderperf: CompatConfig.addOverrideUnsafe: bef-state=0
03-16 10:56:16.350 797 811 I thunderperf: CompatConfig.addOverrideUnsafe: aft-state=0
03-16 10:56:16.350 797 811 I thunderperf: CompatConfig.addOverrideUnsafe: bef-state=0
03-16 10:56:16.350 797 811 I thunderperf: CompatConfig.addOverrideUnsafe: aft-state=0
03-16 10:56:16.351 797 811 I thunderperf: CompatConfig.addOverrideUnsafe: bef-state=0
03-16 10:56:16.351 797 811 I thunderperf: CompatConfig.addOverrideUnsafe: aft-state=0
03-16 10:56:16.355 797 811 I thunderperf: CompatConfig.addOverrideUnsafe: bef-state=0
03-16 10:56:16.355 797 811 I thunderperf: CompatConfig.addOverrideUnsafe: aft-state=0
03-16 10:56:16.355 797 811 I thunderperf: CompatConfig.addOverrideUnsafe: bef-state=0
03-16 10:56:16.355 797 811 I thunderperf: CompatConfig.addOverrideUnsafe: aft-state=0
03-16 10:56:16.358 797 811 I thunderperf: CompatConfig.addOverrideUnsafe: bef-state=0
03-16 10:56:16.358 797 811 I thunderperf: CompatConfig.addOverrideUnsafe: aft-state=0
03-16 10:56:16.358 797 811 I thunderperf: CompatConfig.addOverrideUnsafe: bef-state=0
03-16 10:56:16.358 797 811 I thunderperf: CompatConfig.addOverrideUnsafe: aft-state=0
03-16 10:56:16.364 797 811 I ActivityTaskManager: START u0 {act=android.intent.action.MAIN cat=[android.intent.category.LAUNCHER] flg=0x10200000 cmp=com.android.documentsui/.LauncherActivity bnds=[112,632][388,906]} from uid 10074
03-16 10:56:16.370 797 811 I wm_task_created: [50,-1]
03-16 10:56:16.370 797 811 W ActivityTaskManager: Can't find TaskDisplayArea to determine support for multi window. Task id=50 attached=false
03-16 10:56:16.372 797 811 D CompatibilityChangeReporter: Compat change id reported: 174042980; UID 10022; state: DISABLED
03-16 10:56:16.372 797 811 D CompatibilityChangeReporter: Compat change id reported: 184838306; UID 10022; state: DISABLED
03-16 10:56:16.372 797 811 D CompatibilityChangeReporter: Compat change id reported: 185004937; UID 10022; state: DISABLED
03-16 10:56:16.372 797 811 D CompatibilityChangeReporter: Compat change id reported: 181136395; UID 10022; state: DISABLED
03-16 10:56:16.372 797 811 D CompatibilityChangeReporter: Compat change id reported: 174042936; UID 10022; state: DISABLED
03-16 10:56:16.373 797 811 I wm_task_moved: [50,1,15]
03-16 10:56:16.373 797 811 I wm_task_to_front: [0,50]
03-16 10:56:16.373 797 811 I wm_create_task: [0,50]
03-16 10:56:16.373 797 811 I wm_create_activity: [0,194641961,50,com.android.documentsui/.LauncherActivity,android.intent.action.MAIN,NULL,NULL,270532608]
03-16 10:56:16.373 797 811 I wm_task_moved: [50,1,15]
03-16 10:56:16.373 797 811 D CompatibilityChangeReporter: Compat change id reported: 168419799; UID 10022; state: DISABLED
03-16 10:56:16.373 797 811 V SplashScreenExceptionList: SplashScreen checking exception for package com.android.documentsui (target sdk:30) -> false
03-16 10:56:16.373 797 811 I wm_pause_activity: [0,28844568,com.android.launcher3/.uioverrides.QuickstepLauncher,userLeaving=true,pauseBackTasks]
03-16 10:56:16.375 797 811 W FreeFormWindowHelper: Current Display FreeFormTask is null
03-16 10:56:16.376 797 811 W FreeFormWindowHelper: Current Display FreeFormTask is null
03-16 10:56:16.376 2626 2626 I wm_on_top_resumed_lost_called: [28844568,com.android.launcher3.uioverrides.QuickstepLauncher,topStateChangedWhenResumed]
03-16 10:56:16.376 2626 2626 I wm_on_paused_called: [28844568,com.android.launcher3.uioverrides.QuickstepLauncher,performPause]
03-16 10:56:16.377 797 811 I ActivityTaskManager: FOREGROUND_APPLICATION_CHANGED to com.android.documentsui.files.LauncherActivity
03-16 10:56:16.377 797 811 I ActivityTaskManager: The Process com.android.documentsui Already Exists in BG. So sending its PID: 7008
03-16 10:56:16.378 797 811 I wm_restart_activity: [0,194641961,50,com.android.documentsui/.LauncherActivity]
03-16 10:56:16.378 797 811 I wm_set_resumed_activity: [0,com.android.documentsui/.LauncherActivity,minimalResumeActivityLocked]
03-16 10:56:16.380 797 817 I am_uid_active: 10022
03-16 10:56:16.382 797 817 I sysui_multi_action: [757,803,799,window_time_0,802,0]
03-16 10:56:16.387 797 4443 I thunderperf: PlatormCompat.setOverrides: Uid1=10022 Pid1=7008 Uid2=10022 Pid2=7008
03-16 10:56:16.387 797 4443 I thunderperf: PlatormCompat.setOverrides: needCheck:false
03-16 10:56:16.387 797 4443 I thunderperf: CompatConfig.addOverrideUnsafe: bef-state=0
03-16 10:56:16.387 797 4443 I thunderperf: CompatConfig.addOverrideUnsafe: aft-state=0
03-16 10:56:16.387 797 4443 I thunderperf: CompatConfig.addOverrideUnsafe: bef-state=0
03-16 10:56:16.387 797 4443 I thunderperf: CompatConfig.addOverrideUnsafe: aft-state=0
03-16 10:56:16.387 797 4443 I thunderperf: CompatConfig.addOverrideUnsafe: bef-state=0
03-16 10:56:16.387 797 4443 I thunderperf: CompatConfig.addOverrideUnsafe: aft-state=0
03-16 10:56:16.387 797 4443 I thunderperf: CompatConfig.addOverrideUnsafe: bef-state=0
03-16 10:56:16.387 797 4443 I thunderperf: CompatConfig.addOverrideUnsafe: aft-state=0
03-16 10:56:16.388 797 4443 I thunderperf: CompatConfig.addOverrideUnsafe: bef-state=0
03-16 10:56:16.388 797 4443 I thunderperf: CompatConfig.addOverrideUnsafe: aft-state=0
03-16 10:56:16.388 797 4443 I thunderperf: CompatConfig.addOverrideUnsafe: bef-state=0
03-16 10:56:16.388 797 4443 I thunderperf: CompatConfig.addOverrideUnsafe: aft-state=0
03-16 10:56:16.388 797 4443 I thunderperf: CompatConfig.addOverrideUnsafe: bef-state=0
03-16 10:56:16.388 797 4443 I thunderperf: CompatConfig.addOverrideUnsafe: aft-state=0
03-16 10:56:16.388 797 4443 I thunderperf: CompatConfig.addOverrideUnsafe: bef-state=0
03-16 10:56:16.388 797 4443 I thunderperf: CompatConfig.addOverrideUnsafe: aft-state=0
03-16 10:56:16.388 797 4443 I thunderperf: CompatConfig.addOverrideUnsafe: bef-state=0
03-16 10:56:16.388 797 4443 I thunderperf: CompatConfig.addOverrideUnsafe: aft-state=0
03-16 10:56:16.389 797 4443 I thunderperf: CompatConfig.addOverrideUnsafe: bef-state=0
03-16 10:56:16.389 797 4443 I thunderperf: CompatConfig.addOverrideUnsafe: aft-state=0
03-16 10:56:16.389 797 4443 I thunderperf: CompatConfig.addOverrideUnsafe: bef-state=0
03-16 10:56:16.389 797 4443 I thunderperf: CompatConfig.addOverrideUnsafe: aft-state=0
03-16 10:56:16.389 797 4443 I thunderperf: CompatConfig.addOverrideUnsafe: bef-state=0
03-16 10:56:16.389 797 4443 I thunderperf: CompatConfig.addOverrideUnsafe: aft-state=0
03-16 10:56:16.389 797 4443 I thunderperf: CompatConfig.addOverrideUnsafe: bef-state=0
03-16 10:56:16.389 797 4443 I thunderperf: CompatConfig.addOverrideUnsafe: aft-state=0
03-16 10:56:16.389 797 4443 I thunderperf: CompatConfig.addOverrideUnsafe: bef-state=0
03-16 10:56:16.389 797 4443 I thunderperf: CompatConfig.addOverrideUnsafe: aft-state=0
03-16 10:56:16.391 797 4443 I ActivityTaskManager: START u0 {dat=//com.android.documentsui.launchControl flg=0x10280000 cmp=com.android.documentsui/.files.FilesActivity (has extras)} from uid 10022
03-16 10:56:16.393 797 4443 I wm_task_moved: [21,1,15]
03-16 10:56:16.393 797 4443 I wm_task_to_front: [0,21]
03-16 10:56:16.393 797 4443 I wm_focused_root_task: [0,0,21,50,bringingFoundTaskToFront]
03-16 10:56:16.393 797 4443 I wm_set_resumed_activity: [0,com.android.documentsui/.files.FilesActivity,bringingFoundTaskToFront]
03-16 10:56:16.393 797 4443 I wm_new_intent: [0,35513617,21,com.android.documentsui/.files.FilesActivity,NULL,NULL,//com.android.documentsui.launchControl,271056896]
03-16 10:56:16.393 797 4443 V SplashScreenExceptionList: SplashScreen checking exception for package com.android.documentsui (target sdk:30) -> false
03-16 10:56:16.394 2011 2236 D PhoneStartingWindowTypeAlgorithm: preferredStartingWindowType newTask:true taskSwitch:true processRunning:true allowTaskSnapshot:false activityCreated:false useEmptySplashScreen:false legacySplashScreen:false topIsHome:false
03-16 10:56:16.394 2011 2236 D StartingSurfaceDrawer: addSplashScreen com.android.documentsui theme=7f110102 task=21 suggestType=1
03-16 10:56:16.394 797 4443 I wm_pause_activity: [0,194641961,com.android.documentsui/.LauncherActivity,userLeaving=true,pauseBackTasks]
03-16 10:56:16.396 2011 2251 D StartingSurfaceDrawer: window attributes color: 0 icon null duration 0 brandImage null
03-16 10:56:16.396 2011 2251 D StartingSurfaceDrawer: FgMainColor=ff151515 BgMainColor=0 IsBgComplex=false FromCache=true ThemeColor=ffffffff
03-16 10:56:16.396 2011 2251 D StartingSurfaceDrawer: isRgbSimilarInHsv a: ffffffff b 0 contrast ratio: 20.999998
03-16 10:56:16.396 2011 2251 D StartingSurfaceDrawer: hsvDiff 0 ah 0.0 bh 0.0 as 0.0 bs 0.0 av 1.0 bv 0.0 sqH 0.0 sqS 0.0 sqV 1.0 root 0.5773502691896257
03-16 10:56:16.396 2011 2251 D StartingSurfaceDrawer: isRgbSimilarInHsv a: ffffffff b ff151515 contrast ratio: 18.261175
03-16 10:56:16.396 2011 2251 D StartingSurfaceDrawer: hsvDiff 0 ah 0.0 bh 0.0 as 0.0 bs 0.0 av 1.0 bv 0.08235294 sqH 0.0 sqS 0.0 sqV 0.8420761335762315 root 0.5298037792668249
03-16 10:56:16.396 2011 2251 D StartingSurfaceDrawer: makeSplashScreenContentView: choose fg icon
03-16 10:56:16.397 2011 2251 D StartingSurfaceDrawer: fillViewWithIcon surfaceWindowView android.window.SplashScreenView{32d62d4 V.E...... ......ID 0,0-0,0}
03-16 10:56:16.398 797 4443 I wm_finish_activity: [0,194641961,50,com.android.documentsui/.LauncherActivity,app-request]
03-16 10:56:16.398 7008 7008 I wm_on_create_called: [194641961,com.android.documentsui.LauncherActivity,performCreate]
03-16 10:56:16.401 797 2434 I wm_add_to_stopping: [0,194641961,com.android.documentsui/.LauncherActivity,completeFinishing]
03-16 10:56:16.401 797 2434 I ActivityTaskManager: FOREGROUND_APPLICATION_CHANGED to com.android.documentsui.files.FilesActivity
03-16 10:56:16.402 797 2434 I ActivityTaskManager: The Process com.android.documentsui Already Exists in BG. So sending its PID: 7008
03-16 10:56:16.402 797 2434 W ActivityTaskManager: Tried to set launchTime (494856) < mLastActivityLaunchTime (1897913)
03-16 10:56:16.402 797 2434 I wm_add_to_stopping: [0,28844568,com.android.launcher3/.uioverrides.QuickstepLauncher,makeInvisible]
03-16 10:56:16.403 797 2434 I service_manager_stats: [100,45,16891]
03-16 10:56:16.403 797 2434 I wm_restart_activity: [0,35513617,21,com.android.documentsui/.files.FilesActivity]
03-16 10:56:16.404 797 2434 I wm_set_resumed_activity: [0,com.android.documentsui/.files.FilesActivity,minimalResumeActivityLocked]
03-16 10:56:16.406 797 817 I wm_destroy_activity: [0,194641961,50,com.android.documentsui/.LauncherActivity,finish-imm:idle]
03-16 10:56:16.407 797 817 I sysui_multi_action: [757,803,799,window_time_0,802,0]
03-16 10:56:16.433 797 1329 I input_focus: [Focus leaving efa3eda com.android.launcher3/com.android.launcher3.uioverrides.QuickstepLauncher (server),reason=NO_WINDOW]
03-16 10:56:16.450 7008 7008 I wm_on_create_called: [35513617,com.android.documentsui.files.FilesActivity,performCreate]
03-16 10:56:16.460 7008 7008 I wm_on_start_called: [35513617,com.android.documentsui.files.FilesActivity,handleStartActivity]
03-16 10:56:16.460 797 2434 I am_uid_running: 10017
03-16 10:56:16.461 797 2434 D CompatibilityChangeReporter: Compat change id reported: 135634846; UID 10017; state: DISABLED
03-16 10:56:16.461 797 2434 D CompatibilityChangeReporter: Compat change id reported: 177438394; UID 10017; state: DISABLED
03-16 10:56:16.461 797 2434 D CompatibilityChangeReporter: Compat change id reported: 135772972; UID 10017; state: DISABLED
03-16 10:56:16.461 797 2434 D CompatibilityChangeReporter: Compat change id reported: 135754954; UID 10017; state: ENABLED
03-16 10:56:16.461 797 831 D CompatibilityChangeReporter: Compat change id reported: 143937733; UID 10017; state: ENABLED
03-16 10:56:16.461 7008 7008 I wm_on_resume_called: [35513617,com.android.documentsui.files.FilesActivity,RESUME_ACTIVITY]
03-16 10:56:16.466 797 831 I am_proc_start: [0,7197,10017,android.process.media,content provider,{com.android.providers.downloads/com.android.providers.downloads.DownloadStorageProvider}]
03-16 10:56:16.466 797 831 I ActivityManager: Start proc 7197:android.process.media/u0a17 for content provider {com.android.providers.downloads/com.android.providers.downloads.DownloadStorageProvider}
03-16 10:56:16.467 797 811 I am_uid_running: 10028
03-16 10:56:16.468 797 811 D CompatibilityChangeReporter: Compat change id reported: 135634846; UID 10028; state: DISABLED
03-16 10:56:16.468 797 811 D CompatibilityChangeReporter: Compat change id reported: 177438394; UID 10028; state: DISABLED
03-16 10:56:16.468 797 811 D CompatibilityChangeReporter: Compat change id reported: 135772972; UID 10028; state: DISABLED
03-16 10:56:16.468 797 811 D CompatibilityChangeReporter: Compat change id reported: 135754954; UID 10028; state: ENABLED
03-16 10:56:16.468 797 831 D CompatibilityChangeReporter: Compat change id reported: 143937733; UID 10028; state: ENABLED
03-16 10:56:16.468 7008 7008 I wm_on_top_resumed_gained_called: [35513617,com.android.documentsui.files.FilesActivity,topStateChangedWhenResumed]
03-16 10:56:16.469 7008 7008 I wm_on_destroy_called: [194641961,com.android.documentsui.LauncherActivity,performDestroy]
03-16 10:56:16.469 797 4443 I wm_task_removed: [50,removeChild:removeChild last r=ActivityRecord{b9a0029 u0 com.android.documentsui/.LauncherActivity t-1 f}} in t=Task{dcf9b47 #50 type=standard A=10022:com.android.documentsui U=0 visible=false mode=fullscreen translucent=true sz=0}]
03-16 10:56:16.469 797 4443 I wm_task_removed: [50,removeChild]
03-16 10:56:16.473 797 831 I am_proc_start: [0,7200,10028,com.android.externalstorage,content provider,{com.android.externalstorage/com.android.externalstorage.ExternalStorageProvider}]
03-16 10:56:16.473 797 831 I ActivityManager: Start proc 7200:com.android.externalstorage/u0a28 for content provider {com.android.externalstorage/com.android.externalstorage.ExternalStorageProvider}
03-16 10:56:16.475 7197 7197 I auditd : type=1400 audit(0.0:4769): avc: denied { connectto } for comm=4144422D4A44575020436F6E6E6563 path=006A6477702D636F6E74726F6C scontext=u:r:mediaprovider:s0:c512,c768 tcontext=u:r:su:s0 tclass=unix_stream_socket permissive=1
03-16 10:56:16.475 4129 4129 I auditd : type=1400 audit(0.0:4770): avc: denied { use } for comm=6A64777020636F6E74726F6C path="anon_inode:[eventfd]" dev="anon_inodefs" ino=11319 scontext=u:r:su:s0 tcontext=u:r:adbd:s0 tclass=fd permissive=1
01-02 00:14:32.873 0 0 I binder : 7197:7197 ioctl 40046210 7fdb4c8cd4 returned -22
03-16 10:56:16.480 797 811 I am_proc_bound: [0,7197,android.process.media]
03-16 10:56:16.475 1416 1416 I auditd : type=1400 audit(0.0:4771): avc: denied { call } for comm="OMXCallbackDisp" scontext=u:r:mediacodec:s0 tcontext=u:r:su:s0 tclass=binder permissive=1
03-16 10:56:16.479 4218 4218 I auditd : type=1400 audit(0.0:4772): avc: denied { call } for comm="CodecLooper" scontext=u:r:su:s0 tcontext=u:r:mediacodec:s0 tclass=binder permissive=1
03-16 10:56:16.482 797 811 I am_uid_active: 10017
01-02 00:14:32.884 0 0 I binder : 7200:7200 ioctl 40046210 7fdb4c8cd4 returned -22
03-16 10:56:16.487 7200 7200 I auditd : type=1400 audit(0.0:4773): avc: denied { connectto } for comm=4144422D4A44575020436F6E6E6563 path=006A6477702D636F6E74726F6C scontext=u:r:platform_app:s0:c512,c768 tcontext=u:r:su:s0 tclass=unix_stream_socket permissive=1 app=com.android.externalstorage
03-16 10:56:16.491 797 4443 I am_proc_bound: [0,7200,com.android.externalstorage]
03-16 10:56:16.492 797 4443 D CompatibilityChangeReporter: Compat change id reported: 168419799; UID 10028; state: DISABLED
03-16 10:56:16.494 797 818 I input_focus: [Focus request c73e6c2 com.android.documentsui/com.android.documentsui.files.FilesActivity,reason=UpdateInputWindows]
03-16 10:56:16.495 797 4443 I am_uid_active: 10028
03-16 10:56:16.506 797 1365 I GameModeConfig: isGameModeOn = false
03-16 10:56:16.506 797 1365 I GameModeConfig: isGameModeOn = false
03-16 10:56:16.506 797 1365 I GameModeConfig: isGameModeOn = false
03-16 10:56:16.506 797 1365 I GameModeConfig: isGameModeOn = false
03-16 10:56:16.506 797 1365 I GameModeConfig: isGameModeOn = false
03-16 10:56:16.506 797 1365 I GameModeConfig: isGameModeOn = false
03-16 10:56:16.507 797 4443 W FreeFormWindowHelper: Current Display FreeFormTask is null
01-02 00:14:32.904 0 0 W audit : audit_lost=5374 audit_rate_limit=5 audit_backlog_limit=64
01-02 00:14:32.904 0 0 E audit : rate limit exceeded
01-02 00:14:32.913 0 0 I binder : 7008:7169 ioctl 40046210 75754831f4 returned -22
03-16 10:56:16.522 797 4443 D CompatibilityChangeReporter: Compat change id reported: 149924527; UID 10017; state: ENABLED
03-16 10:56:16.522 797 4443 D CompatibilityChangeReporter: Compat change id reported: 132649864; UID 10017; state: DISABLED
03-16 10:56:16.523 797 4443 D CompatibilityChangeReporter: Compat change id reported: 182734110; UID 10017; state: ENABLED
03-16 10:56:16.535 2011 2236 D StartingSurfaceDrawer: Task start finish, remove starting surface for task 21
03-16 10:56:16.535 2011 2236 V StartingSurfaceDrawer: Removing splash screen window for task: 21
03-16 10:56:16.536 797 814 I sysui_multi_action: [319,73,321,72,322,169,325,1897,757,761,758,8,759,1,806,com.android.documentsui,871,com.android.documentsui.files.FilesActivity,904,com.android.documentsui,905,0,1320,4,1321,1]
03-16 10:56:16.536 797 814 I wm_activity_launch_time: [0,35513617,com.android.documentsui/.files.FilesActivity,169]
03-16 10:56:16.550 797 1329 I input_focus: [Focus entering c73e6c2 com.android.documentsui/com.android.documentsui.files.FilesActivity (server),reason=Window became focusable. Previous reason: NOT_VISIBLE]
03-16 10:56:16.945 797 1329 I input_interaction: Interaction with: c73e6c2 com.android.documentsui/com.android.documentsui.files.FilesActivity (server), edge-swipe (server), swipe-up (server), PointerEventDispatcher0 (server),
03-16 10:56:16.948 797 811 I wm_task_moved: [1,0,0]
03-16 10:56:16.948 797 811 I wm_task_moved: [1,0,13]
03-16 10:56:16.950 797 1514 W FreeFormWindowHelper: Current Display FreeFormTask is null
03-16 10:56:16.950 797 1514 W FreeFormWindowHelper: Current Display FreeFormTask is null
03-16 10:56:16.950 797 1514 W FreeFormWindowHelper: Current Display FreeFormTask is null
03-16 10:56:16.952 797 811 W FreeFormWindowHelper: Current Display FreeFormTask is null
03-16 10:56:16.967 797 811 W FreeFormWindowHelper: Current Display FreeFormTask is null
03-16 10:56:16.967 797 1514 W FreeFormWindowHelper: Current Display FreeFormTask is null
03-16 10:56:17.012 7008 7008 I view_enqueue_input_event: [Motion - Cancel,com.android.documentsui/com.android.documentsui.files.FilesActivity]
03-16 10:56:17.012 797 2330 W FreeFormWindowHelper: Current Display FreeFormTask is null
03-16 10:56:17.012 797 2330 W FreeFormWindowHelper: Current Display FreeFormTask is null
03-16 10:56:17.013 797 814 D AutofillManagerService: Close system dialogs
03-16 10:56:17.025 797 1329 I input_interaction: Interaction with: edge-swipe (server), swipe-up (server), PointerEventDispatcher0 (server),
03-16 10:56:17.033 2626 2626 I sysui_latency: [1,1]
03-16 10:56:17.033 797 818 I input_focus: [Focus request recents_animation_input_consumer,reason=UpdateInputWindows]
03-16 10:56:17.037 797 811 W FreeFormWindowHelper: Current Display FreeFormTask is null
03-16 10:56:17.037 797 4443 W FreeFormWindowHelper: Current Display FreeFormTask is null
03-16 10:56:17.038 797 811 W FreeFormWindowHelper: Current Display FreeFormTask is null
03-16 10:56:17.038 797 811 W FreeFormWindowHelper: Current Display FreeFormTask is null
03-16 10:56:17.051 797 4443 W FreeFormWindowHelper: Current Display FreeFormTask is null
03-16 10:56:17.051 797 4443 W FreeFormWindowHelper: Current Display FreeFormTask is null
03-16 10:56:17.051 797 1329 I input_focus: [Focus leaving c73e6c2 com.android.documentsui/com.android.documentsui.files.FilesActivity (server),reason=NOT_FOCUSABLE]
03-16 10:56:17.052 797 1329 I input_focus: [Focus entering recents_animation_input_consumer (server),reason=setFocusedWindow]
03-16 10:56:17.071 797 4443 W FreeFormWindowHelper: Current Display FreeFormTask is null
03-16 10:56:17.071 797 1514 W FreeFormWindowHelper: Current Display FreeFormTask is null
03-16 10:56:17.084 797 4443 W FreeFormWindowHelper: Current Display FreeFormTask is null
03-16 10:56:17.084 797 4443 W FreeFormWindowHelper: Current Display FreeFormTask is null
