03-16 10:41:23.610 797 818 I input_focus: [Focus request 3e9cbf0 com.sohu.sohuvideo/com.sohu.sohuvideo.ui.homepage.MainActivity,reason=UpdateInputWindows]
03-16 10:41:23.613 797 818 W WindowManager: updateScale : 0.79357797
03-16 10:41:23.613 797 818 W WindowManager: updateScale : 0.79357797
03-16 10:41:23.615 797 818 W WindowManager: updateScale : 0.79357797
03-16 10:41:23.615 797 818 W WindowManager: updateScale : 0.79357797
03-16 10:41:23.618 2011 2236 D StartingSurfaceDrawer: Task start finish, remove starting surface for task 40
03-16 10:41:23.621 797 1329 I input_focus: [Focus entering 3e9cbf0 com.sohu.sohuvideo/com.sohu.sohuvideo.ui.homepage.MainActivity (server),reason=setFocusedWindow]
03-16 10:41:23.628 797 814 I sysui_multi_action: [319,58,321,54,322,95,325,1005,757,761,758,9,759,4,806,com.sohu.sohuvideo,871,com.sohu.sohuvideo.ui.homepage.MainActivity,904,com.android.launcher3,905,0,1320,4,1321,4]
03-16 10:41:23.655 797 811 W FreeFormWindowHelper: Current Display FreeFormTask is Task{c2c5a74 #46 type=standard A=10031:com.microsoft.emmx U=0 visible=false mode=freeform translucent=true sz=1}
03-16 10:41:23.721 797 2324 W WindowManager: updateScale : 0.79357797
03-16 10:41:23.721 797 2324 W WindowManager: updateScale : 0.79357797
01-01 23:59:40.199 0 0 I binder : 797:1298 ioctl 400c620e 75394015d8 returned -22
03-16 10:41:23.804 797 1298 D ActivityManager: freezing 3056 com.android.keychain
03-16 10:41:23.804 797 1298 E ActivityManager: Unable to freeze binder for 3056 com.android.keychain
03-16 10:41:23.805 797 1298 D ActivityManager: froze 3056 com.android.keychain
03-16 10:41:23.805 797 1298 I am_freeze: [3056,com.android.keychain]
03-16 10:41:23.805 797 1298 E ActivityManager: Unable to freeze binder for 3056 com.android.keychain
01-01 23:59:40.201 0 0 I binder : 797:1298 ioctl c00c620f 75394015b8 returned -22
03-16 10:41:23.806 797 1298 I ActivityManager: Killing 3056:com.android.keychain/1000 (adj 975): Unable to freeze binder interface
03-16 10:41:23.807 797 1298 I am_kill : [0,3056,com.android.keychain,975,Unable to freeze binder interface]
03-16 10:41:23.842 797 2324 I am_proc_died: [0,3056,com.android.keychain,975,19]
03-16 10:41:23.851 797 822 I am_pss : [6298,10067,com.android.inputmethod.latin,8998912,7266304,0,95760384,0,19,6]
03-16 10:41:23.858 797 822 I am_pss : [5960,10066,com.android.webview:webview_service,11845632,3866624,0,85815296,0,19,6]
03-16 10:41:23.887 797 818 W WindowManager: updateScale : 0.79357797
03-16 10:41:23.887 797 818 W WindowManager: updateScale : 0.79357797
03-16 10:41:23.904 797 818 W WindowManager: updateScale : 0.79357797
03-16 10:41:23.904 797 818 W WindowManager: updateScale : 0.79357797
03-16 10:41:24.068 797 1329 I input_interaction: Interaction with: Letterbox_right_ActivityRecord{f4c66e u0 com.sohu.sohuvideo/.ui.homepage.MainActivity t40} (server), edge-swipe (server), swipe-up (server), PointerEventDispatcher0 (server),
03-16 10:41:24.107 797 1329 I input_interaction: Interaction with: Letterbox_right_ActivityRecord{f4c66e u0 com.sohu.sohuvideo/.ui.homepage.MainActivity t40} (server), 3e9cbf0 com.sohu.sohuvideo/com.sohu.sohuvideo.ui.homepage.MainActivity (server), edge-swipe (server), swipe-up (server), PointerEventDispatcher0 (server),
03-16 10:41:24.113 797 817 I wm_stop_activity: [0,28844568,com.android.launcher3/.uioverrides.QuickstepLauncher]
03-16 10:41:24.116 797 818 W WindowManager: updateScale : 0.79357797
03-16 10:41:24.116 797 818 W WindowManager: updateScale : 0.79357797
03-16 10:41:24.135 797 1329 I input_interaction: Interaction with: Letterbox_right_ActivityRecord{f4c66e u0 com.sohu.sohuvideo/.ui.homepage.MainActivity t40} (server), 3e9cbf0 com.sohu.sohuvideo/com.sohu.sohuvideo.ui.homepage.MainActivity (server), Letterbox_left_ActivityRecord{f4c66e u0 com.sohu.sohuvideo/.ui.homepage.MainActivity t40} (server), edge-swipe (server), swipe-up (server), PointerEventDispatcher0 (server),
03-16 10:41:24.141 797 2012 W WindowManager: updateScale : 0.79357797
03-16 10:41:24.141 797 2012 W WindowManager: updateScale : 0.79357797
03-16 10:41:24.149 797 2012 I wm_task_moved: [1,0,0]
03-16 10:41:24.150 797 2012 I wm_task_moved: [1,0,16]
03-16 10:41:24.150 2626 2626 I wm_on_stop_called: [28844568,com.android.launcher3.uioverrides.QuickstepLauncher,STOP_ACTIVITY_ITEM]
03-16 10:41:24.151 797 2324 W FreeFormWindowHelper: Current Display FreeFormTask is Task{c2c5a74 #46 type=standard A=10031:com.microsoft.emmx U=0 visible=false mode=freeform translucent=true sz=1}
03-16 10:41:24.153 797 2324 W FreeFormWindowHelper: Current Display FreeFormTask is Task{c2c5a74 #46 type=standard A=10031:com.microsoft.emmx U=0 visible=false mode=freeform translucent=true sz=1}
03-16 10:41:24.153 797 2012 W WindowManager: updateScale : 0.79357797
03-16 10:41:24.153 797 2012 W WindowManager: updateScale : 0.79357797
03-16 10:41:24.157 797 2324 I ActivityTaskManager: Activity reported stop, but no longer stopping: ActivityRecord{1b82218 u0 com.android.launcher3/.uioverrides.QuickstepLauncher t13} STARTED
03-16 10:41:24.158 797 4608 W WindowManager: updateScale : 0.79357797
03-16 10:41:24.158 797 4608 W WindowManager: updateScale : 0.79357797
03-16 10:41:24.164 2626 2626 I wm_on_restart_called: [28844568,com.android.launcher3.uioverrides.QuickstepLauncher,performRestartActivity]
03-16 10:41:24.164 2626 2626 I wm_on_start_called: [28844568,com.android.launcher3.uioverrides.QuickstepLauncher,handleStartActivity]
03-16 10:41:24.171 797 2324 W WindowManager: updateScale : 0.79357797
03-16 10:41:24.171 797 2324 W WindowManager: updateScale : 0.79357797
03-16 10:41:24.172 797 2324 D WindowManager: relayoutVisibleWindow: Window{efa3eda u0 com.android.launcher3/com.android.launcher3.uioverrides.QuickstepLauncher EXITING} mAnimatingExit=true, mRemoveOnExit=false, mDestroying=true
03-16 10:41:24.174 797 2324 W FreeFormWindowHelper: Current Display FreeFormTask is Task{c2c5a74 #46 type=standard A=10031:com.microsoft.emmx U=0 visible=false mode=freeform translucent=true sz=1}
03-16 10:41:24.175 797 2324 W FreeFormWindowHelper: Current Display FreeFormTask is Task{c2c5a74 #46 type=standard A=10031:com.microsoft.emmx U=0 visible=false mode=freeform translucent=true sz=1}
03-16 10:41:24.182 5886 5886 I view_enqueue_input_event: [Motion - Cancel,com.sohu.sohuvideo/com.sohu.sohuvideo.ui.homepage.MainActivity]
03-16 10:41:24.182 797 4608 W FreeFormWindowHelper: Current Display FreeFormTask is Task{c2c5a74 #46 type=standard A=10031:com.microsoft.emmx U=0 visible=false mode=freeform translucent=true sz=1}
03-16 10:41:24.183 797 814 D AutofillManagerService: Close system dialogs
03-16 10:41:24.183 797 4608 W FreeFormWindowHelper: Current Display FreeFormTask is Task{c2c5a74 #46 type=standard A=10031:com.microsoft.emmx U=0 visible=false mode=freeform translucent=true sz=1}
03-16 10:41:24.189 797 1329 I input_interaction: Interaction with: edge-swipe (server), swipe-up (server), PointerEventDispatcher0 (server),
03-16 10:41:24.211 2626 2626 I sysui_latency: [1,12]
03-16 10:41:24.212 797 818 I input_focus: [Focus request recents_animation_input_consumer,reason=UpdateInputWindows]
03-16 10:41:24.213 797 818 W WindowManager: updateScale : 0.79357797
03-16 10:41:24.213 797 818 W WindowManager: updateScale : 0.79357797
03-16 10:41:24.213 797 818 W WindowManager: updateScale : 0.79357797
03-16 10:41:24.213 797 818 W WindowManager: updateScale : 0.79357797
03-16 10:41:24.214 797 818 W WindowManager: updateScale : 0.79357797
03-16 10:41:24.214 797 818 W WindowManager: updateScale : 0.79357797
03-16 10:41:24.215 797 818 W WindowManager: updateScale : 0.79357797
03-16 10:41:24.215 797 818 W WindowManager: updateScale : 0.79357797
03-16 10:41:24.216 797 814 I sysui_multi_action: [319,6,322,64,325,1005,757,761,758,9,759,5,806,com.android.launcher3,871,com.android.launcher3.uioverrides.QuickstepLauncher,905,0,1320,4,1321,1]
03-16 10:41:24.217 797 4608 W WindowManager: updateScale : 0.79357797
03-16 10:41:24.217 797 4608 W WindowManager: updateScale : 0.79357797
03-16 10:41:24.217 797 4608 W WindowManager: updateScale : 0.79357797
03-16 10:41:24.217 797 4608 W WindowManager: updateScale : 0.79357797
03-16 10:41:24.221 797 4608 W FreeFormWindowHelper: Current Display FreeFormTask is Task{c2c5a74 #46 type=standard A=10031:com.microsoft.emmx U=0 visible=false mode=freeform translucent=true sz=1}
03-16 10:41:24.221 797 2324 W FreeFormWindowHelper: Current Display FreeFormTask is Task{c2c5a74 #46 type=standard A=10031:com.microsoft.emmx U=0 visible=false mode=freeform translucent=true sz=1}
03-16 10:41:24.222 797 818 W WindowManager: updateScale : 0.79357797
03-16 10:41:24.222 797 818 W WindowManager: updateScale : 0.79357797
03-16 10:41:24.223 797 1329 I input_focus: [Focus leaving 3e9cbf0 com.sohu.sohuvideo/com.sohu.sohuvideo.ui.homepage.MainActivity (server),reason=NOT_FOCUSABLE]
03-16 10:41:24.223 797 1329 I input_focus: [Focus entering recents_animation_input_consumer (server),reason=setFocusedWindow]
03-16 10:41:24.224 797 2324 W FreeFormWindowHelper: Current Display FreeFormTask is Task{c2c5a74 #46 type=standard A=10031:com.microsoft.emmx U=0 visible=false mode=freeform translucent=true sz=1}
03-16 10:41:24.225 797 2921 W FreeFormWindowHelper: Current Display FreeFormTask is Task{c2c5a74 #46 type=standard A=10031:com.microsoft.emmx U=0 visible=false mode=freeform translucent=true sz=1}
03-16 10:41:24.228 797 2921 W WindowManager: updateScale : 0.79357797
03-16 10:41:24.228 797 2921 W WindowManager: updateScale : 0.79357797
03-16 10:41:24.231 797 2921 W FreeFormWindowHelper: Current Display FreeFormTask is Task{c2c5a74 #46 type=standard A=10031:com.microsoft.emmx U=0 visible=false mode=freeform translucent=true sz=1}
03-16 10:41:24.231 797 2921 W FreeFormWindowHelper: Current Display FreeFormTask is Task{c2c5a74 #46 type=standard A=10031:com.microsoft.emmx U=0 visible=false mode=freeform translucent=true sz=1}
03-16 10:41:24.238 797 2921 W WindowManager: updateScale : 0.79357797
03-16 10:41:24.238 797 2921 W WindowManager: updateScale : 0.79357797
03-16 10:41:24.241 797 2921 W FreeFormWindowHelper: Current Display FreeFormTask is Task{c2c5a74 #46 type=standard A=10031:com.microsoft.emmx U=0 visible=false mode=freeform translucent=true sz=1}
03-16 10:41:24.241 797 2921 W FreeFormWindowHelper: Current Display FreeFormTask is Task{c2c5a74 #46 type=standard A=10031:com.microsoft.emmx U=0 visible=false mode=freeform translucent=true sz=1}
03-16 10:41:24.255 797 818 W WindowManager: updateScale : 0.79357797
03-16 10:41:24.255 797 818 W WindowManager: updateScale : 0.79357797
03-16 10:41:24.256 797 2921 W WindowManager: updateScale : 0.79357797
03-16 10:41:24.256 797 2921 W WindowManager: updateScale : 0.79357797
03-16 10:41:24.256 797 2921 W WindowManager: updateScale : 0.79357797
03-16 10:41:24.256 797 2921 W WindowManager: updateScale : 0.79357797
03-16 10:41:24.413 797 1297 I commit_sys_config_file: [settings-1-0,3]
03-16 10:41:24.516 797 822 I sysui_latency: [8,69]
03-16 10:41:24.706 797 818 W WindowManager: updateScale : 0.79357797
03-16 10:41:24.706 797 818 W WindowManager: updateScale : 0.79357797
03-16 10:41:24.733 797 2324 W WindowManager: updateScale : 0.79357797
03-16 10:41:24.733 797 2324 W WindowManager: updateScale : 0.79357797
03-16 10:41:24.851 797 2324 I wm_task_moved: [1,0,16]
03-16 10:41:24.852 797 2324 I wm_add_to_stopping: [0,28844568,com.android.launcher3/.uioverrides.QuickstepLauncher,makeInvisible]
03-16 10:41:24.854 797 2324 W WindowManager: updateScale : 0.79357797
03-16 10:41:24.854 797 2324 W WindowManager: updateScale : 0.79357797
03-16 10:41:24.857 797 2324 W WindowManager: updateScale : 0.79357797
03-16 10:41:24.858 797 2324 W WindowManager: updateScale : 0.79357797
03-16 10:41:24.860 797 818 I input_focus: [Focus request 3e9cbf0 com.sohu.sohuvideo/com.sohu.sohuvideo.ui.homepage.MainActivity,reason=UpdateInputWindows]
03-16 10:41:24.862 797 2324 W FreeFormWindowHelper: Current Display FreeFormTask is Task{c2c5a74 #46 type=standard A=10031:com.microsoft.emmx U=0 visible=false mode=freeform translucent=true sz=1}
03-16 10:41:24.863 797 4608 W FreeFormWindowHelper: Current Display FreeFormTask is Task{c2c5a74 #46 type=standard A=10031:com.microsoft.emmx U=0 visible=false mode=freeform translucent=true sz=1}
03-16 10:41:24.865 797 817 I wm_stop_activity: [0,28844568,com.android.launcher3/.uioverrides.QuickstepLauncher]
03-16 10:41:24.877 797 1329 I input_focus: [Focus leaving recents_animation_input_consumer (server),reason=NOT_VISIBLE]
03-16 10:41:24.877 797 1329 I input_focus: [Focus entering 3e9cbf0 com.sohu.sohuvideo/com.sohu.sohuvideo.ui.homepage.MainActivity (server),reason=setFocusedWindow]
03-16 10:41:24.882 797 2324 W FreeFormWindowHelper: Current Display FreeFormTask is Task{c2c5a74 #46 type=standard A=10031:com.microsoft.emmx U=0 visible=false mode=freeform translucent=true sz=1}
03-16 10:41:24.886 797 2921 W FreeFormWindowHelper: Current Display FreeFormTask is Task{c2c5a74 #46 type=standard A=10031:com.microsoft.emmx U=0 visible=false mode=freeform translucent=true sz=1}
03-16 10:41:24.902 797 2324 W FreeFormWindowHelper: exitRecentTasks type=0
03-16 10:41:24.905 2626 2626 I wm_on_stop_called: [28844568,com.android.launcher3.uioverrides.QuickstepLauncher,STOP_ACTIVITY_ITEM]
03-16 10:41:24.907 797 830 I am_uid_idle: 10097
03-16 10:41:24.910 797 2324 W WindowManager: updateScale : 0.79357797
03-16 10:41:24.910 797 2324 W WindowManager: updateScale : 0.79357797
03-16 10:41:24.926 797 818 W WindowManager: updateScale : 0.79357797
03-16 10:41:24.926 797 818 W WindowManager: updateScale : 0.79357797
03-16 10:41:25.016 797 1329 I input_interaction: Interaction with: Letterbox_right_ActivityRecord{f4c66e u0 com.sohu.sohuvideo/.ui.homepage.MainActivity t40} (server), edge-swipe (server), swipe-up (server), PointerEventDispatcher0 (server),
03-16 10:41:25.108 797 1297 I commit_sys_config_file: [settings-1-0,3]
03-16 10:41:25.110 797 1329 I input_interaction: Interaction with: Letterbox_right_ActivityRecord{f4c66e u0 com.sohu.sohuvideo/.ui.homepage.MainActivity t40} (server), Letterbox_left_ActivityRecord{f4c66e u0 com.sohu.sohuvideo/.ui.homepage.MainActivity t40} (server), edge-swipe (server), swipe-up (server), PointerEventDispatcher0 (server),
03-16 10:41:25.124 797 1329 I input_interaction: Interaction with: Letterbox_right_ActivityRecord{f4c66e u0 com.sohu.sohuvideo/.ui.homepage.MainActivity t40} (server), Letterbox_left_ActivityRecord{f4c66e u0 com.sohu.sohuvideo/.ui.homepage.MainActivity t40} (server), 3e9cbf0 com.sohu.sohuvideo/com.sohu.sohuvideo.ui.homepage.MainActivity (server), edge-swipe (server), swipe-up (server), PointerEventDispatcher0 (server),
03-16 10:41:25.130 797 2324 W FreeFormWindowHelper: Current Display FreeFormTask is Task{c2c5a74 #46 type=standard A=10031:com.microsoft.emmx U=0 visible=false mode=freeform translucent=true sz=1}
03-16 10:41:25.131 797 2921 I wm_task_moved: [1,0,0]
03-16 10:41:25.131 797 2921 I wm_task_moved: [1,0,16]
03-16 10:41:25.131 797 2324 W FreeFormWindowHelper: Current Display FreeFormTask is Task{c2c5a74 #46 type=standard A=10031:com.microsoft.emmx U=0 visible=false mode=freeform translucent=true sz=1}
03-16 10:41:25.132 797 2324 W FreeFormWindowHelper: Current Display FreeFormTask is Task{c2c5a74 #46 type=standard A=10031:com.microsoft.emmx U=0 visible=false mode=freeform translucent=true sz=1}
03-16 10:41:25.134 797 2921 W WindowManager: updateScale : 0.79357797
03-16 10:41:25.134 797 2921 W WindowManager: updateScale : 0.79357797
03-16 10:41:25.139 2626 2626 I wm_on_restart_called: [28844568,com.android.launcher3.uioverrides.QuickstepLauncher,performRestartActivity]
03-16 10:41:25.141 797 2921 W FreeFormWindowHelper: Current Display FreeFormTask is Task{c2c5a74 #46 type=standard A=10031:com.microsoft.emmx U=0 visible=false mode=freeform translucent=true sz=1}
03-16 10:41:25.142 797 2921 W FreeFormWindowHelper: Current Display FreeFormTask is Task{c2c5a74 #46 type=standard A=10031:com.microsoft.emmx U=0 visible=false mode=freeform translucent=true sz=1}
03-16 10:41:25.155 797 2921 W FreeFormWindowHelper: Current Display FreeFormTask is Task{c2c5a74 #46 type=standard A=10031:com.microsoft.emmx U=0 visible=false mode=freeform translucent=true sz=1}
03-16 10:41:25.158 2626 2626 I wm_on_start_called: [28844568,com.android.launcher3.uioverrides.QuickstepLauncher,handleStartActivity]
03-16 10:41:25.162 797 2324 W WindowManager: updateScale : 0.79357797
03-16 10:41:25.162 797 2324 W WindowManager: updateScale : 0.79357797
03-16 10:41:25.165 797 2324 W FreeFormWindowHelper: Current Display FreeFormTask is Task{c2c5a74 #46 type=standard A=10031:com.microsoft.emmx U=0 visible=false mode=freeform translucent=true sz=1}
03-16 10:41:25.166 797 2324 W FreeFormWindowHelper: Current Display FreeFormTask is Task{c2c5a74 #46 type=standard A=10031:com.microsoft.emmx U=0 visible=false mode=freeform translucent=true sz=1}
03-16 10:41:25.172 797 814 D AutofillManagerService: Close system dialogs
03-16 10:41:25.172 2626 2626 I sysui_latency: [1,44]
03-16 10:41:25.173 797 818 I input_focus: [Focus request recents_animation_input_consumer,reason=UpdateInputWindows]
03-16 10:41:25.175 5886 5886 I view_enqueue_input_event: [Motion - Cancel,com.sohu.sohuvideo/com.sohu.sohuvideo.ui.homepage.MainActivity]
03-16 10:41:25.175 797 2324 W FreeFormWindowHelper: Current Display FreeFormTask is Task{c2c5a74 #46 type=standard A=10031:com.microsoft.emmx U=0 visible=false mode=freeform translucent=true sz=1}
03-16 10:41:25.176 797 818 W WindowManager: updateScale : 0.79357797
03-16 10:41:25.176 797 818 W WindowManager: updateScale : 0.79357797
03-16 10:41:25.177 797 811 W FreeFormWindowHelper: Current Display FreeFormTask is Task{c2c5a74 #46 type=standard A=10031:com.microsoft.emmx U=0 visible=false mode=freeform translucent=true sz=1}
03-16 10:41:25.178 797 818 W WindowManager: updateScale : 0.79357797
03-16 10:41:25.178 797 818 W WindowManager: updateScale : 0.79357797
03-16 10:41:25.182 797 1329 I input_interaction: Interaction with: edge-swipe (server), swipe-up (server), PointerEventDispatcher0 (server),
03-16 10:41:25.183 797 818 W WindowManager: updateScale : 0.79357797
03-16 10:41:25.183 797 818 W WindowManager: updateScale : 0.79357797
03-16 10:41:25.186 797 2324 W WindowManager: updateScale : 0.79357797
03-16 10:41:25.186 797 2324 W WindowManager: updateScale : 0.79357797
03-16 10:41:25.186 797 814 I sysui_multi_action: [319,6,322,48,325,1006,757,761,758,9,759,5,806,com.android.launcher3,871,com.android.launcher3.uioverrides.QuickstepLauncher,905,0,1320,4,1321,1]
03-16 10:41:25.188 797 2324 W FreeFormWindowHelper: Current Display FreeFormTask is Task{c2c5a74 #46 type=standard A=10031:com.microsoft.emmx U=0 visible=false mode=freeform translucent=true sz=1}
03-16 10:41:25.189 797 2324 W FreeFormWindowHelper: Current Display FreeFormTask is Task{c2c5a74 #46 type=standard A=10031:com.microsoft.emmx U=0 visible=false mode=freeform translucent=true sz=1}
03-16 10:41:25.191 797 1329 I input_focus: [Focus leaving 3e9cbf0 com.sohu.sohuvideo/com.sohu.sohuvideo.ui.homepage.MainActivity (server),reason=NOT_FOCUSABLE]
03-16 10:41:25.192 797 1329 I input_focus: [Focus entering recents_animation_input_consumer (server),reason=setFocusedWindow]
03-16 10:41:25.195 797 811 W FreeFormWindowHelper: Current Display FreeFormTask is Task{c2c5a74 #46 type=standard A=10031:com.microsoft.emmx U=0 visible=false mode=freeform translucent=true sz=1}
03-16 10:41:25.196 797 811 W FreeFormWindowHelper: Current Display FreeFormTask is Task{c2c5a74 #46 type=standard A=10031:com.microsoft.emmx U=0 visible=false mode=freeform translucent=true sz=1}
03-16 10:41:25.241 797 818 W WindowManager: updateScale : 0.79357797
03-16 10:41:25.241 797 818 W WindowManager: updateScale : 0.79357797
03-16 10:41:25.243 797 811 W WindowManager: updateScale : 0.79357797
03-16 10:41:25.243 797 811 W WindowManager: updateScale : 0.79357797
03-16 10:41:25.243 797 811 W WindowManager: updateScale : 0.79357797
03-16 10:41:25.243 797 811 W WindowManager: updateScale : 0.79357797
03-16 10:41:25.360 797 1297 I commit_sys_config_file: [settings-1-0,5]
03-16 10:41:25.481 797 822 I sysui_latency: [8,52]
03-16 10:41:25.598 797 4608 W FreeFormWindowHelper: exitRecentTasks type=0
03-16 10:41:25.608 797 811 W FreeFormWindowHelper: Current Display FreeFormTask is Task{c2c5a74 #46 type=standard A=10031:com.microsoft.emmx U=0 visible=false mode=freeform translucent=true sz=1}
03-16 10:41:25.609 797 4608 W FreeFormWindowHelper: Current Display FreeFormTask is Task{c2c5a74 #46 type=standard A=10031:com.microsoft.emmx U=0 visible=false mode=freeform translucent=true sz=1}
03-16 10:41:25.806 797 1297 I commit_sys_config_file: [settings-1-0,4]
03-16 10:41:26.213 797 2324 W FreeFormWindowHelper: Current Display FreeFormTask is Task{c2c5a74 #46 type=standard A=10031:com.microsoft.emmx U=0 visible=false mode=freeform translucent=true sz=1}
03-16 10:41:26.214 797 811 W FreeFormWindowHelper: Current Display FreeFormTask is Task{c2c5a74 #46 type=standard A=10031:com.microsoft.emmx U=0 visible=false mode=freeform translucent=true sz=1}
03-16 10:41:26.224 797 2324 I wm_task_moved: [1,1,17]
03-16 10:41:26.227 5886 5886 I wm_on_top_resumed_lost_called: [16041582,com.sohu.sohuvideo.ui.homepage.MainActivity,topStateChangedWhenResumed]
03-16 10:41:26.228 797 2324 I wm_task_moved: [13,1,2147483647]
03-16 10:41:26.228 797 2324 I wm_task_to_front: [0,13]
03-16 10:41:26.228 797 2324 I wm_focused_root_task: [0,0,1,40,RecentsAnimation.onAnimationFinished()]
03-16 10:41:26.229 797 2324 I wm_set_resumed_activity: [0,com.android.launcher3/.uioverrides.QuickstepLauncher,RecentsAnimation.onAnimationFinished()]
03-16 10:41:26.230 797 2324 I wm_pause_activity: [0,16041582,com.sohu.sohuvideo/.ui.homepage.MainActivity,userLeaving=true,pauseBackTasks]
03-16 10:41:26.231 797 2324 I wm_add_to_stopping: [0,16041582,com.sohu.sohuvideo/.ui.homepage.MainActivity,makeInvisible]
03-16 10:41:26.232 797 2324 I ActivityTaskManager: FOREGROUND_APPLICATION_CHANGED to com.android.launcher3.uioverrides.QuickstepLauncher
03-16 10:41:26.233 797 2324 I wm_set_resumed_activity: [0,com.android.launcher3/.uioverrides.QuickstepLauncher,resumeTopActivityInnerLocked]
03-16 10:41:26.238 797 2324 I wm_resume_activity: [0,28844568,13,com.android.launcher3/.uioverrides.QuickstepLauncher]
03-16 10:41:26.239 2626 2626 I wm_on_resume_called: [28844568,com.android.launcher3.uioverrides.QuickstepLauncher,RESUME_ACTIVITY]
03-16 10:41:26.242 797 2324 W WindowManager: updateScale : 0.79357797
03-16 10:41:26.242 797 2324 W WindowManager: updateScale : 0.79357797
03-16 10:41:26.248 797 2324 W WindowManager: updateScale : 0.79357797
03-16 10:41:26.248 797 2324 W WindowManager: updateScale : 0.79357797
03-16 10:41:26.257 797 818 I input_focus: [Focus request efa3eda com.android.launcher3/com.android.launcher3.uioverrides.QuickstepLauncher,reason=UpdateInputWindows]
03-16 10:41:26.258 2626 2626 I wm_on_top_resumed_gained_called: [28844568,com.android.launcher3.uioverrides.QuickstepLauncher,topStateChangedWhenResumed]
03-16 10:41:26.261 797 1329 I input_focus: [Focus leaving recents_animation_input_consumer (server),reason=NOT_VISIBLE]
03-16 10:41:26.262 5886 5886 I wm_on_paused_called: [16041582,com.sohu.sohuvideo.ui.homepage.MainActivity,performPause]
03-16 10:41:26.264 797 817 I wm_stop_activity: [0,16041582,com.sohu.sohuvideo/.ui.homepage.MainActivity]
03-16 10:41:26.265 797 817 I sysui_multi_action: [757,803,799,window_time_0,802,2]
03-16 10:41:26.275 797 817 I sysui_multi_action: [757,803,799,window_time_0,802,0]
03-16 10:41:26.276 797 817 I ActivityManager: PendingStartActivityUids startActivity to updateOomAdj delay:1143ms, uid:10074
03-16 10:41:26.282 797 2012 W WindowManager: updateScale : 0.79357797
03-16 10:41:26.282 797 2012 W WindowManager: updateScale : 0.79357797
03-16 10:41:26.283 797 1329 I input_focus: [Focus entering efa3eda com.android.launcher3/com.android.launcher3.uioverrides.QuickstepLauncher (server),reason=setFocusedWindow]
03-16 10:41:26.305 5886 5886 I wm_on_stop_called: [16041582,com.sohu.sohuvideo.ui.homepage.MainActivity,STOP_ACTIVITY_ITEM]
03-16 10:41:26.307 797 822 I am_pss : [4536,10031,com.microsoft.emmx,85730304,61927424,0,246091776,0,2,8]
03-16 10:41:26.363 797 2324 W FreeFormWindowHelper: Current Display FreeFormTask is Task{c2c5a74 #46 type=standard A=10031:com.microsoft.emmx U=0 visible=false mode=freeform translucent=true sz=1}
03-16 10:41:26.528 797 1329 I input_interaction: Interaction with: efa3eda com.android.launcher3/com.android.launcher3.uioverrides.QuickstepLauncher (server), eb1e2e4 com.android.systemui.ImageWallpaper (server), edge-swipe (server), swipe-up (server), PointerEventDispatcher0 (server),
03-16 10:41:26.552 797 2870 E TaskPersister: File error accessing recents directory (directory doesn't exist?).
03-16 10:41:26.634 797 4608 I thunderperf: PlatormCompat.setOverrides: Uid1=10074 Pid1=2626 Uid2=10074 Pid2=2626
03-16 10:41:26.634 797 4608 I thunderperf: PlatormCompat.setOverrides: needCheck:false
03-16 10:41:26.634 797 4608 I thunderperf: CompatConfig.addOverrideUnsafe: bef-state=0
03-16 10:41:26.634 797 4608 I thunderperf: CompatConfig.addOverrideUnsafe: aft-state=0
03-16 10:41:26.635 797 4608 I thunderperf: CompatConfig.addOverrideUnsafe: bef-state=0
03-16 10:41:26.635 797 4608 I thunderperf: CompatConfig.addOverrideUnsafe: aft-state=0
03-16 10:41:26.635 797 4608 I thunderperf: CompatConfig.addOverrideUnsafe: bef-state=0
03-16 10:41:26.635 797 4608 I thunderperf: CompatConfig.addOverrideUnsafe: aft-state=0
03-16 10:41:26.636 797 4608 I thunderperf: CompatConfig.addOverrideUnsafe: bef-state=0
03-16 10:41:26.636 797 4608 I thunderperf: CompatConfig.addOverrideUnsafe: aft-state=0
03-16 10:41:26.636 797 4608 I thunderperf: CompatConfig.addOverrideUnsafe: bef-state=0
03-16 10:41:26.636 797 4608 I thunderperf: CompatConfig.addOverrideUnsafe: aft-state=0
03-16 10:41:26.637 797 4608 I thunderperf: CompatConfig.addOverrideUnsafe: bef-state=0
03-16 10:41:26.637 797 4608 I thunderperf: CompatConfig.addOverrideUnsafe: aft-state=0
03-16 10:41:26.637 797 4608 I thunderperf: CompatConfig.addOverrideUnsafe: bef-state=0
03-16 10:41:26.637 797 4608 I thunderperf: CompatConfig.addOverrideUnsafe: aft-state=0
03-16 10:41:26.638 797 4608 I thunderperf: CompatConfig.addOverrideUnsafe: bef-state=0
03-16 10:41:26.638 797 4608 I thunderperf: CompatConfig.addOverrideUnsafe: aft-state=0
03-16 10:41:26.638 797 4608 I thunderperf: CompatConfig.addOverrideUnsafe: bef-state=0
03-16 10:41:26.638 797 4608 I thunderperf: CompatConfig.addOverrideUnsafe: aft-state=0
03-16 10:41:26.639 797 4608 I thunderperf: CompatConfig.addOverrideUnsafe: bef-state=0
03-16 10:41:26.639 797 4608 I thunderperf: CompatConfig.addOverrideUnsafe: aft-state=0
03-16 10:41:26.639 797 4608 I thunderperf: CompatConfig.addOverrideUnsafe: bef-state=0
03-16 10:41:26.639 797 4608 I thunderperf: CompatConfig.addOverrideUnsafe: aft-state=0
03-16 10:41:26.640 797 4608 I thunderperf: CompatConfig.addOverrideUnsafe: bef-state=0
03-16 10:41:26.640 797 4608 I thunderperf: CompatConfig.addOverrideUnsafe: aft-state=0
03-16 10:41:26.640 797 4608 I thunderperf: CompatConfig.addOverrideUnsafe: bef-state=0
03-16 10:41:26.640 797 4608 I thunderperf: CompatConfig.addOverrideUnsafe: aft-state=0
03-16 10:41:26.641 797 4608 I thunderperf: CompatConfig.addOverrideUnsafe: bef-state=0
03-16 10:41:26.641 797 4608 I thunderperf: CompatConfig.addOverrideUnsafe: aft-state=0
03-16 10:41:26.648 797 4608 I ActivityTaskManager: START u0 {act=android.intent.action.MAIN cat=[android.intent.category.LAUNCHER] flg=0x10200000 cmp=com.huawei.appmarket/.MainActivity bnds=[940,84][1216,358]} from uid 10074
03-16 10:41:26.650 797 4608 I wm_task_moved: [38,1,17]
03-16 10:41:26.650 797 4608 I wm_task_to_front: [0,38]
03-16 10:41:26.651 797 4608 I wm_focused_root_task: [0,0,38,1,bringingFoundTaskToFront]
03-16 10:41:26.651 797 4608 I wm_set_resumed_activity: [0,com.huawei.appmarket/.MainActivity,bringingFoundTaskToFront]
03-16 10:41:26.652 797 4608 I wm_new_intent: [0,236784880,38,com.huawei.appmarket/.MainActivity,android.intent.action.MAIN,NULL,NULL,270532608]
03-16 10:41:26.654 797 4608 I wm_pause_activity: [0,28844568,com.android.launcher3/.uioverrides.QuickstepLauncher,userLeaving=true,pauseBackTasks]
03-16 10:41:26.655 797 4608 W WindowManager: updateScale : 0.79357797
03-16 10:41:26.655 797 4608 W WindowManager: updateScale : 0.79357797
03-16 10:41:26.657 2011 2236 D PhoneStartingWindowTypeAlgorithm: preferredStartingWindowType newTask:false taskSwitch:true processRunning:true allowTaskSnapshot:true activityCreated:true useEmptySplashScreen:false legacySplashScreen:false topIsHome:false
03-16 10:41:26.657 2011 2236 D PhoneStartingWindowTypeAlgorithm: isSnapshotCompatible rotation 0 snapshot 0
03-16 10:41:26.660 797 4608 W FreeFormWindowHelper: Current Display FreeFormTask is Task{c2c5a74 #46 type=standard A=10031:com.microsoft.emmx U=0 visible=false mode=freeform translucent=true sz=1}
03-16 10:41:26.661 2626 2626 I wm_on_top_resumed_lost_called: [28844568,com.android.launcher3.uioverrides.QuickstepLauncher,topStateChangedWhenResumed]
03-16 10:41:26.662 2626 2626 I wm_on_paused_called: [28844568,com.android.launcher3.uioverrides.QuickstepLauncher,performPause]
03-16 10:41:26.667 797 2921 W WindowManager: updateScale : 0.79357797
03-16 10:41:26.667 797 2921 W WindowManager: updateScale : 0.79357797
03-16 10:41:26.670 797 2012 I ActivityTaskManager: FOREGROUND_APPLICATION_CHANGED to com.huawei.appmarket.MainActivity
03-16 10:41:26.672 797 2012 I wm_set_resumed_activity: [0,com.huawei.appmarket/.MainActivity,resumeTopActivityInnerLocked]
03-16 10:41:26.672 797 2012 I wm_add_to_stopping: [0,28844568,com.android.launcher3/.uioverrides.QuickstepLauncher,makeInvisible]
03-16 10:41:26.674 797 2012 I service_manager_stats: [100,44,13116]
03-16 10:41:26.676 797 2012 I wm_resume_activity: [0,236784880,38,com.huawei.appmarket/.MainActivity]
03-16 10:41:26.679 1416 1416 I auditd : type=1400 audit(0.0:4066): avc: denied { call } for comm="OMXCallbackDisp" scontext=u:r:mediacodec:s0 tcontext=u:r:su:s0 tclass=binder permissive=1
03-16 10:41:26.683 797 817 I sysui_multi_action: [757,803,799,window_time_0,802,1]
03-16 10:41:26.683 797 4608 W WindowManager: updateScale : 0.79357797
03-16 10:41:26.683 797 4608 W WindowManager: updateScale : 0.79357797
03-16 10:41:26.689 797 4608 W WindowManager: updateScale : 0.79357797
03-16 10:41:26.689 797 4608 W WindowManager: updateScale : 0.79357797
03-16 10:41:26.691 797 4608 W WindowManager: updateScale : 0.79357797
03-16 10:41:26.691 797 4608 W WindowManager: updateScale : 0.79357797
03-16 10:41:26.695 5644 5644 I wm_on_restart_called: [236784880,com.huawei.appmarket.MainActivity,performRestartActivity]
03-16 10:41:26.695 5644 5644 I wm_on_start_called: [236784880,com.huawei.appmarket.MainActivity,handleStartActivity]
03-16 10:41:26.699 797 1329 I input_focus: [Focus leaving efa3eda com.android.launcher3/com.android.launcher3.uioverrides.QuickstepLauncher (server),reason=NO_WINDOW]
03-16 10:41:26.701 5644 5644 I wm_on_resume_called: [236784880,com.huawei.appmarket.MainActivity,RESUME_ACTIVITY]
03-16 10:41:26.701 5644 5644 I wm_on_top_resumed_gained_called: [236784880,com.huawei.appmarket.MainActivity,topWhenResuming]
03-16 10:41:26.711 797 4608 W WindowManager: updateScale : 0.79357797
03-16 10:41:26.711 797 4608 W WindowManager: updateScale : 0.79357797
03-16 10:41:26.715 797 818 I input_focus: [Focus request 2909ed1 com.huawei.appmarket/com.huawei.appmarket.MainActivity,reason=UpdateInputWindows]
03-16 10:41:26.719 797 818 W WindowManager: updateScale : 0.79357797
03-16 10:41:26.720 797 818 W WindowManager: updateScale : 0.79357797
03-16 10:41:26.721 797 818 W WindowManager: updateScale : 0.79357797
03-16 10:41:26.721 797 818 W WindowManager: updateScale : 0.79357797
03-16 10:41:26.722 2011 2236 D StartingSurfaceDrawer: Task start finish, remove starting surface for task 38
03-16 10:41:26.729 797 1329 I input_focus: [Focus entering 2909ed1 com.huawei.appmarket/com.huawei.appmarket.MainActivity (server),reason=setFocusedWindow]
03-16 10:41:26.731 797 814 I sysui_multi_action: [319,40,321,35,322,73,325,1008,757,761,758,9,759,4,806,com.huawei.appmarket,871,com.huawei.appmarket.MainActivity,904,com.android.launcher3,905,0,1320,4,1321,4]
03-16 10:41:26.735 4129 4129 I auditd : type=1400 audit(0.0:4067): avc: denied { use } for comm="UsbFfs-worker" path="anon_inode:[eventfd]" dev="anon_inodefs" ino=11319 scontext=u:r:su:s0 tcontext=u:r:adbd:s0 tclass=fd permissive=1
03-16 10:41:26.779 797 811 W FreeFormWindowHelper: Current Display FreeFormTask is Task{c2c5a74 #46 type=standard A=10031:com.microsoft.emmx U=0 visible=false mode=freeform translucent=true sz=1}
03-16 10:41:26.825 797 4443 W WindowManager: updateScale : 0.79357797
03-16 10:41:26.825 797 4443 W WindowManager: updateScale : 0.79357797
03-16 10:41:26.940 797 1329 I input_interaction: Interaction with: 2909ed1 com.huawei.appmarket/com.huawei.appmarket.MainActivity (server), edge-swipe (server), swipe-up (server), PointerEventDispatcher0 (server),
03-16 10:41:26.978 797 818 W WindowManager: updateScale : 0.79357797
03-16 10:41:26.978 797 818 W WindowManager: updateScale : 0.79357797
03-16 10:41:26.994 797 818 W WindowManager: updateScale : 0.79357797
03-16 10:41:26.994 797 818 W WindowManager: updateScale : 0.79357797
03-16 10:41:27.085 797 2324 W FreeFormWindowHelper: Current Display FreeFormTask is Task{c2c5a74 #46 type=standard A=10031:com.microsoft.emmx U=0 visible=false mode=freeform translucent=true sz=1}
03-16 10:41:27.085 797 2324 W FreeFormWindowHelper: Current Display FreeFormTask is Task{c2c5a74 #46 type=standard A=10031:com.microsoft.emmx U=0 visible=false mode=freeform translucent=true sz=1}
03-16 10:41:27.087 797 4608 I wm_task_moved: [1,0,0]
03-16 10:41:27.087 797 4443 W FreeFormWindowHelper: Current Display FreeFormTask is Task{c2c5a74 #46 type=standard A=10031:com.microsoft.emmx U=0 visible=false mode=freeform translucent=true sz=1}
03-16 10:41:27.087 797 4608 I wm_task_moved: [1,0,16]
03-16 10:41:27.088 797 4443 W FreeFormWindowHelper: Current Display FreeFormTask is Task{c2c5a74 #46 type=standard A=10031:com.microsoft.emmx U=0 visible=false mode=freeform translucent=true sz=1}
03-16 10:41:27.089 797 4608 W WindowManager: updateScale : 0.79357797
03-16 10:41:27.089 797 4608 W WindowManager: updateScale : 0.79357797
03-16 10:41:27.092 797 4608 W WindowManager: updateScale : 0.79357797
03-16 10:41:27.092 797 4608 W WindowManager: updateScale : 0.79357797
03-16 10:41:27.095 797 4608 W FreeFormWindowHelper: Current Display FreeFormTask is Task{c2c5a74 #46 type=standard A=10031:com.microsoft.emmx U=0 visible=false mode=freeform translucent=true sz=1}
03-16 10:41:27.095 797 4443 W FreeFormWindowHelper: Current Display FreeFormTask is Task{c2c5a74 #46 type=standard A=10031:com.microsoft.emmx U=0 visible=false mode=freeform translucent=true sz=1}
03-16 10:41:27.174 5644 5644 I view_enqueue_input_event: [Motion - Cancel,com.huawei.appmarket/com.huawei.appmarket.MainActivity]
03-16 10:41:27.175 797 4608 W FreeFormWindowHelper: Current Display FreeFormTask is Task{c2c5a74 #46 type=standard A=10031:com.microsoft.emmx U=0 visible=false mode=freeform translucent=true sz=1}
03-16 10:41:27.176 797 2324 W FreeFormWindowHelper: Current Display FreeFormTask is Task{c2c5a74 #46 type=standard A=10031:com.microsoft.emmx U=0 visible=false mode=freeform translucent=true sz=1}
03-16 10:41:27.176 797 814 D AutofillManagerService: Close system dialogs
03-16 10:41:27.192 797 1329 I input_interaction: Interaction with: edge-swipe (server), swipe-up (server), PointerEventDispatcher0 (server),
03-16 10:41:27.199 2626 2626 I sysui_latency: [1,7]
03-16 10:41:27.200 797 818 I input_focus: [Focus request recents_animation_input_consumer,reason=UpdateInputWindows]
03-16 10:41:27.201 797 818 W WindowManager: updateScale : 0.79357797
03-16 10:41:27.201 797 818 W WindowManager: updateScale : 0.79357797
03-16 10:41:27.202 797 2324 W WindowManager: updateScale : 0.79357797
03-16 10:41:27.202 797 2324 W WindowManager: updateScale : 0.79357797
03-16 10:41:27.202 797 2324 W WindowManager: updateScale : 0.79357797
03-16 10:41:27.202 797 2324 W WindowManager: updateScale : 0.79357797
03-16 10:41:27.205 797 4443 W FreeFormWindowHelper: Current Display FreeFormTask is Task{c2c5a74 #46 type=standard A=10031:com.microsoft.emmx U=0 visible=false mode=freeform translucent=true sz=1}
03-16 10:41:27.205 797 2324 W FreeFormWindowHelper: Current Display FreeFormTask is Task{c2c5a74 #46 type=standard A=10031:com.microsoft.emmx U=0 visible=false mode=freeform translucent=true sz=1}
03-16 10:41:27.206 797 818 W WindowManager: updateScale : 0.79357797
03-16 10:41:27.206 797 818 W WindowManager: updateScale : 0.79357797
03-16 10:41:27.207 797 4443 W FreeFormWindowHelper: Current Display FreeFormTask is Task{c2c5a74 #46 type=standard A=10031:com.microsoft.emmx U=0 visible=false mode=freeform translucent=true sz=1}
03-16 10:41:27.208 797 2324 W FreeFormWindowHelper: Current Display FreeFormTask is Task{c2c5a74 #46 type=standard A=10031:com.microsoft.emmx U=0 visible=false mode=freeform translucent=true sz=1}
03-16 10:41:27.213 797 1329 I input_focus: [Focus leaving 2909ed1 com.huawei.appmarket/com.huawei.appmarket.MainActivity (server),reason=NOT_FOCUSABLE]
03-16 10:41:27.214 797 1329 I input_focus: [Focus entering recents_animation_input_consumer (server),reason=setFocusedWindow]
03-16 10:41:27.214 797 2324 W WindowManager: updateScale : 0.79357797
03-16 10:41:27.214 797 2324 W WindowManager: updateScale : 0.79357797
03-16 10:41:27.216 797 2324 W FreeFormWindowHelper: Current Display FreeFormTask is Task{c2c5a74 #46 type=standard A=10031:com.microsoft.emmx U=0 visible=false mode=freeform translucent=true sz=1}
03-16 10:41:27.217 797 2324 W FreeFormWindowHelper: Current Display FreeFormTask is Task{c2c5a74 #46 type=standard A=10031:com.microsoft.emmx U=0 visible=false mode=freeform translucent=true sz=1}
03-16 10:41:27.229 797 4443 W FreeFormWindowHelper: Current Display FreeFormTask is Task{c2c5a74 #46 type=standard A=10031:com.microsoft.emmx U=0 visible=false mode=freeform translucent=true sz=1}
03-16 10:41:27.229 797 4443 W FreeFormWindowHelper: Current Display FreeFormTask is Task{c2c5a74 #46 type=standard A=10031:com.microsoft.emmx U=0 visible=false mode=freeform translucent=true sz=1}
03-16 10:41:27.315 797 4608 W WindowManager: updateScale : 0.79357797
03-16 10:41:27.315 797 4608 W WindowManager: updateScale : 0.79357797
03-16 10:41:27.315 797 4608 W WindowManager: updateScale : 0.79357797
03-16 10:41:27.315 797 4608 W WindowManager: updateScale : 0.79357797
03-16 10:41:27.404 797 1297 I commit_sys_config_file: [settings-1-0,7]
03-16 10:41:27.690 797 2324 W FreeFormWindowHelper: exitRecentTasks type=0
03-16 10:41:27.697 797 2324 W FreeFormWindowHelper: Current Display FreeFormTask is Task{c2c5a74 #46 type=standard A=10031:com.microsoft.emmx U=0 visible=false mode=freeform translucent=true sz=1}
03-16 10:41:27.698 797 4608 W FreeFormWindowHelper: Current Display FreeFormTask is Task{c2c5a74 #46 type=standard A=10031:com.microsoft.emmx U=0 visible=false mode=freeform translucent=true sz=1}
01-01 23:59:44.240 0 0 E DTC_ETH,link_delay_work_func: 3003, SQI=0, link=0
03-16 10:41:27.899 797 1297 I commit_sys_config_file: [settings-1-0,6]
03-16 10:41:28.246 797 2324 W FreeFormWindowHelper: Current Display FreeFormTask is Task{c2c5a74 #46 type=standard A=10031:com.microsoft.emmx U=0 visible=false mode=freeform translucent=true sz=1}
03-16 10:41:28.246 797 2324 W FreeFormWindowHelper: Current Display FreeFormTask is Task{c2c5a74 #46 type=standard A=10031:com.microsoft.emmx U=0 visible=false mode=freeform translucent=true sz=1}
03-16 10:41:28.263 797 2324 I wm_task_moved: [1,1,17]
03-16 10:41:28.265 797 2324 I wm_task_moved: [13,1,2147483647]
03-16 10:41:28.265 797 2324 I wm_task_to_front: [0,13]
03-16 10:41:28.265 797 2324 I wm_focused_root_task: [0,0,1,38,RecentsAnimation.onAnimationFinished()]
03-16 10:41:28.266 797 2324 I wm_set_resumed_activity: [0,com.android.launcher3/.uioverrides.QuickstepLauncher,RecentsAnimation.onAnimationFinished()]
03-16 10:41:28.267 797 2324 I wm_pause_activity: [0,236784880,com.huawei.appmarket/.MainActivity,userLeaving=true,pauseBackTasks]
03-16 10:41:28.269 797 2324 I wm_add_to_stopping: [0,236784880,com.huawei.appmarket/.MainActivity,makeInvisible]
03-16 10:41:28.269 797 2324 I ActivityTaskManager: FOREGROUND_APPLICATION_CHANGED to com.android.launcher3.uioverrides.QuickstepLauncher
03-16 10:41:28.270 797 2324 I wm_set_resumed_activity: [0,com.android.launcher3/.uioverrides.QuickstepLauncher,resumeTopActivityInnerLocked]
03-16 10:41:28.276 797 2324 I wm_resume_activity: [0,28844568,13,com.android.launcher3/.uioverrides.QuickstepLauncher]
03-16 10:41:28.279 797 2324 W WindowManager: updateScale : 0.79357797
03-16 10:41:28.279 797 2324 W WindowManager: updateScale : 0.79357797
03-16 10:41:28.279 2626 2626 I wm_on_resume_called: [28844568,com.android.launcher3.uioverrides.QuickstepLauncher,RESUME_ACTIVITY]
03-16 10:41:28.285 797 2324 W WindowManager: updateScale : 0.79357797
03-16 10:41:28.285 797 2324 W WindowManager: updateScale : 0.79357797
03-16 10:41:28.288 797 818 I input_focus: [Focus request efa3eda com.android.launcher3/com.android.launcher3.uioverrides.QuickstepLauncher,reason=UpdateInputWindows]
03-16 10:41:28.294 797 817 I wm_stop_activity: [0,236784880,com.huawei.appmarket/.MainActivity]
03-16 10:41:28.295 797 817 I sysui_multi_action: [757,803,799,window_time_0,802,1]
03-16 10:41:28.295 797 817 I sysui_multi_action: [757,803,799,window_time_0,802,0]
03-16 10:41:28.297 5644 5644 I wm_on_top_resumed_lost_called: [236784880,com.huawei.appmarket.MainActivity,topStateChangedWhenResumed]
03-16 10:41:28.298 2626 2626 I wm_on_top_resumed_gained_called: [28844568,com.android.launcher3.uioverrides.QuickstepLauncher,topStateChangedWhenResumed]
03-16 10:41:28.299 5644 5644 I wm_on_paused_called: [236784880,com.huawei.appmarket.MainActivity,performPause]
03-16 10:41:28.300 797 1329 I input_focus: [Focus leaving recents_animation_input_consumer (server),reason=NOT_VISIBLE]
03-16 10:41:28.300 797 1329 I input_focus: [Focus entering efa3eda com.android.launcher3/com.android.launcher3.uioverrides.QuickstepLauncher (server),reason=setFocusedWindow]
03-16 10:41:28.340 5644 5644 I wm_on_stop_called: [236784880,com.huawei.appmarket.MainActivity,STOP_ACTIVITY_ITEM]
03-16 10:41:28.343 797 2324 W WindowManager: updateScale : 0.79357797
03-16 10:41:28.343 797 2324 W WindowManager: updateScale : 0.79357797
03-16 10:41:28.389 797 2324 W FreeFormWindowHelper: Current Display FreeFormTask is Task{c2c5a74 #46 type=standard A=10031:com.microsoft.emmx U=0 visible=false mode=freeform translucent=true sz=1}
03-16 10:41:28.583 797 1329 I input_interaction: Interaction with: efa3eda com.android.launcher3/com.android.launcher3.uioverrides.QuickstepLauncher (server), eb1e2e4 com.android.systemui.ImageWallpaper (server), edge-swipe (server), swipe-up (server), PointerEventDispatcher0 (server),
03-16 10:41:28.707 797 4443 I thunderperf: PlatormCompat.setOverrides: Uid1=10074 Pid1=2626 Uid2=10074 Pid2=2626
03-16 10:41:28.707 797 4443 I thunderperf: PlatormCompat.setOverrides: needCheck:false
03-16 10:41:28.707 797 4443 I thunderperf: CompatConfig.addOverrideUnsafe: bef-state=0
03-16 10:41:28.708 797 4443 I thunderperf: CompatConfig.addOverrideUnsafe: aft-state=0
03-16 10:41:28.708 797 4443 I thunderperf: CompatConfig.addOverrideUnsafe: bef-state=0
03-16 10:41:28.709 797 4443 I thunderperf: CompatConfig.addOverrideUnsafe: aft-state=0
03-16 10:41:28.710 797 4443 I thunderperf: CompatConfig.addOverrideUnsafe: bef-state=0
03-16 10:41:28.710 797 4443 I thunderperf: CompatConfig.addOverrideUnsafe: aft-state=0
03-16 10:41:28.710 797 4443 I thunderperf: CompatConfig.addOverrideUnsafe: bef-state=0
03-16 10:41:28.710 797 4443 I thunderperf: CompatConfig.addOverrideUnsafe: aft-state=0
03-16 10:41:28.711 797 4443 I thunderperf: CompatConfig.addOverrideUnsafe: bef-state=0
03-16 10:41:28.711 797 4443 I thunderperf: CompatConfig.addOverrideUnsafe: aft-state=0
03-16 10:41:28.712 797 4443 I thunderperf: CompatConfig.addOverrideUnsafe: bef-state=0
03-16 10:41:28.712 797 4443 I thunderperf: CompatConfig.addOverrideUnsafe: aft-state=0
03-16 10:41:28.712 797 4443 I thunderperf: CompatConfig.addOverrideUnsafe: bef-state=0
03-16 10:41:28.712 797 4443 I thunderperf: CompatConfig.addOverrideUnsafe: aft-state=0
03-16 10:41:28.713 797 4443 I thunderperf: CompatConfig.addOverrideUnsafe: bef-state=0
03-16 10:41:28.713 797 4443 I thunderperf: CompatConfig.addOverrideUnsafe: aft-state=0
03-16 10:41:28.714 797 4443 I thunderperf: CompatConfig.addOverrideUnsafe: bef-state=0
03-16 10:41:28.714 797 4443 I thunderperf: CompatConfig.addOverrideUnsafe: aft-state=0
03-16 10:41:28.714 797 4443 I thunderperf: CompatConfig.addOverrideUnsafe: bef-state=0
03-16 10:41:28.714 797 4443 I thunderperf: CompatConfig.addOverrideUnsafe: aft-state=0
03-16 10:41:28.715 797 4443 I thunderperf: CompatConfig.addOverrideUnsafe: bef-state=0
03-16 10:41:28.715 797 4443 I thunderperf: CompatConfig.addOverrideUnsafe: aft-state=0
03-16 10:41:28.716 797 4443 I thunderperf: CompatConfig.addOverrideUnsafe: bef-state=0
03-16 10:41:28.716 797 4443 I thunderperf: CompatConfig.addOverrideUnsafe: aft-state=0
03-16 10:41:28.716 797 4443 I thunderperf: CompatConfig.addOverrideUnsafe: bef-state=0
03-16 10:41:28.716 797 4443 I thunderperf: CompatConfig.addOverrideUnsafe: aft-state=0
03-16 10:41:28.717 797 4443 I thunderperf: CompatConfig.addOverrideUnsafe: bef-state=0
03-16 10:41:28.717 797 4443 I thunderperf: CompatConfig.addOverrideUnsafe: aft-state=0
03-16 10:41:28.728 797 4443 I ActivityTaskManager: START u0 {act=android.intent.action.MAIN cat=[android.intent.category.LAUNCHER] flg=0x10200000 cmp=com.sohu.inputmethod.sogou.car/.settingsui.SogouSettingsActivity bnds=[664,84][940,358]} from uid 10074
03-16 10:41:28.729 797 4443 I wm_task_moved: [47,1,17]
03-16 10:41:28.729 797 4443 I wm_task_to_front: [0,47]
03-16 10:41:28.731 797 4443 I wm_focused_root_task: [0,0,47,1,bringingFoundTaskToFront]
03-16 10:41:28.731 797 4443 I wm_set_resumed_activity: [0,com.sohu.inputmethod.sogou.car/.settingsui.SogouSettingsActivity,bringingFoundTaskToFront]
03-16 10:41:28.734 797 4443 I wm_pause_activity: [0,28844568,com.android.launcher3/.uioverrides.QuickstepLauncher,userLeaving=true,pauseBackTasks]
03-16 10:41:28.734 2011 2236 D PhoneStartingWindowTypeAlgorithm: preferredStartingWindowType newTask:false taskSwitch:true processRunning:true allowTaskSnapshot:true activityCreated:true useEmptySplashScreen:false legacySplashScreen:false topIsHome:false
03-16 10:41:28.735 2011 2236 D PhoneStartingWindowTypeAlgorithm: isSnapshotCompatible rotation 0 snapshot 0
03-16 10:41:28.736 797 4443 W WindowManager: updateScale : 0.79357797
03-16 10:41:28.736 797 4443 W WindowManager: updateScale : 0.79357797
03-16 10:41:28.739 797 4443 W FreeFormWindowHelper: Current Display FreeFormTask is Task{c2c5a74 #46 type=standard A=10031:com.microsoft.emmx U=0 visible=false mode=freeform translucent=true sz=1}
03-16 10:41:28.741 2626 2626 I wm_on_top_resumed_lost_called: [28844568,com.android.launcher3.uioverrides.QuickstepLauncher,topStateChangedWhenResumed]
03-16 10:41:28.742 2626 2626 I wm_on_paused_called: [28844568,com.android.launcher3.uioverrides.QuickstepLauncher,performPause]
03-16 10:41:28.743 797 4608 W WindowManager: updateScale : 0.79357797
03-16 10:41:28.743 797 4608 W WindowManager: updateScale : 0.79357797
03-16 10:41:28.750 797 4443 I ActivityTaskManager: FOREGROUND_APPLICATION_CHANGED to com.sohu.inputmethod.sogou.car.settingsui.SogouSettingsActivity
03-16 10:41:28.751 797 4443 I wm_set_resumed_activity: [0,com.sohu.inputmethod.sogou.car/.settingsui.SogouSettingsActivity,resumeTopActivityInnerLocked]
03-16 10:41:28.752 797 4443 I wm_add_to_stopping: [0,28844568,com.android.launcher3/.uioverrides.QuickstepLauncher,makeInvisible]
03-16 10:41:28.755 797 4443 I wm_resume_activity: [0,216744215,47,com.sohu.inputmethod.sogou.car/.settingsui.SogouSettingsActivity]
03-16 10:41:28.765 797 818 W WindowManager: updateScale : 0.79357797
03-16 10:41:28.765 797 818 W WindowManager: updateScale : 0.79357797
03-16 10:41:28.767 797 818 W WindowManager: updateScale : 0.79357797
03-16 10:41:28.767 797 818 W WindowManager: updateScale : 0.79357797
03-16 10:41:28.768 797 818 W WindowManager: updateScale : 0.79357797
03-16 10:41:28.768 797 818 W WindowManager: updateScale : 0.79357797
03-16 10:41:28.773 797 4608 W WindowManager: updateScale : 0.79357797
03-16 10:41:28.773 797 4608 W WindowManager: updateScale : 0.79357797
03-16 10:41:28.775 5583 5583 I wm_on_restart_called: [216744215,com.sohu.inputmethod.sogou.car.settingsui.SogouSettingsActivity,performRestartActivity]
03-16 10:41:28.775 5583 5583 I wm_on_start_called: [216744215,com.sohu.inputmethod.sogou.car.settingsui.SogouSettingsActivity,handleStartActivity]
03-16 10:41:28.775 5583 5583 I wm_on_resume_called: [216744215,com.sohu.inputmethod.sogou.car.settingsui.SogouSettingsActivity,RESUME_ACTIVITY]
03-16 10:41:28.775 5583 5583 I wm_on_top_resumed_gained_called: [216744215,com.sohu.inputmethod.sogou.car.settingsui.SogouSettingsActivity,topWhenResuming]
03-16 10:41:28.777 797 817 I sysui_multi_action: [757,803,799,window_time_0,802,1]
03-16 10:41:28.783 797 4608 W WindowManager: updateScale : 0.79357797
03-16 10:41:28.783 797 4608 W WindowManager: updateScale : 0.79357797
03-16 10:41:28.784 797 1329 I input_focus: [Focus leaving efa3eda com.android.launcher3/com.android.launcher3.uioverrides.QuickstepLauncher (server),reason=NO_WINDOW]
03-16 10:41:28.787 797 818 I input_focus: [Focus request c231d6e com.sohu.inputmethod.sogou.car/com.sohu.inputmethod.sogou.car.settingsui.SogouSettingsActivity,reason=UpdateInputWindows]
03-16 10:41:28.791 797 818 W WindowManager: updateScale : 0.79357797
