03-16 10:40:55.342 797 818 I input_focus: [Focus request 73f65af com.qiyi.video/com.qiyi.video.WelcomeActivity,reason=UpdateInputWindows]
03-16 10:40:55.345 797 817 I wm_stop_activity: [0,28844568,com.android.launcher3/.uioverrides.QuickstepLauncher]
03-16 10:40:55.346 797 2921 W FreeFormWindowHelper: Current Display FreeFormTask is null
03-16 10:40:55.346 797 2921 W FreeFormWindowHelper: Current Display FreeFormTask is null
03-16 10:40:55.352 797 5728 W FreeFormWindowHelper: Current Display FreeFormTask is null
03-16 10:40:55.353 797 5728 W FreeFormWindowHelper: Current Display FreeFormTask is null
03-16 10:40:55.366 797 822 I am_pss : [6080,10095,com.qiyi.video,141042688,99479552,0,279199744,0,2,12]
03-16 10:40:55.368 797 1514 W FreeFormWindowHelper: Current Display FreeFormTask is null
03-16 10:40:55.368 797 1514 W FreeFormWindowHelper: Current Display FreeFormTask is null
03-16 10:40:55.371 797 1329 I input_focus: [Focus leaving recents_animation_input_consumer (server),reason=NOT_VISIBLE]
03-16 10:40:55.371 797 1514 W FreeFormWindowHelper: exitRecentTasks type=0
03-16 10:40:55.371 797 1329 I input_focus: [Focus entering 73f65af com.qiyi.video/com.qiyi.video.WelcomeActivity (server),reason=setFocusedWindow]
03-16 10:40:55.373 2626 2626 I wm_on_stop_called: [28844568,com.android.launcher3.uioverrides.QuickstepLauncher,STOP_ACTIVITY_ITEM]
03-16 10:40:55.377 797 822 W UsageStatsService: Unexpected activity event reported! (com.android.launcher3/com.android.launcher3.uioverrides.QuickstepLauncher event : 23 instanceId : 55927770)
03-16 10:40:55.578 797 1297 I commit_sys_config_file: [settings-1-0,5]
03-16 10:40:56.150 797 1329 I input_interaction: Interaction with: Letterbox_right_ActivityRecord{930000f u0 com.qiyi.video/.WelcomeActivity t41} (server), edge-swipe (server), swipe-up (server), PointerEventDispatcher0 (server),
03-16 10:40:56.191 797 1329 I input_interaction: Interaction with: Letterbox_right_ActivityRecord{930000f u0 com.qiyi.video/.WelcomeActivity t41} (server), Letterbox_left_ActivityRecord{930000f u0 com.qiyi.video/.WelcomeActivity t41} (server), edge-swipe (server), swipe-up (server), PointerEventDispatcher0 (server),
03-16 10:40:56.219 797 1329 I input_interaction: Interaction with: Letterbox_right_ActivityRecord{930000f u0 com.qiyi.video/.WelcomeActivity t41} (server), Letterbox_left_ActivityRecord{930000f u0 com.qiyi.video/.WelcomeActivity t41} (server), 73f65af com.qiyi.video/com.qiyi.video.WelcomeActivity (server), edge-swipe (server), swipe-up (server), PointerEventDispatcher0 (server),
03-16 10:40:56.231 797 1514 W FreeFormWindowHelper: Current Display FreeFormTask is null
03-16 10:40:56.231 797 2921 I wm_task_moved: [1,0,0]
03-16 10:40:56.232 797 2921 I wm_task_moved: [1,0,14]
03-16 10:40:56.234 797 1514 W FreeFormWindowHelper: Current Display FreeFormTask is null
03-16 10:40:56.236 2626 2626 I wm_on_restart_called: [28844568,com.android.launcher3.uioverrides.QuickstepLauncher,performRestartActivity]
03-16 10:40:56.237 797 4608 W FreeFormWindowHelper: Current Display FreeFormTask is null
03-16 10:40:56.238 797 4608 W FreeFormWindowHelper: Current Display FreeFormTask is null
03-16 10:40:56.253 2626 2626 I wm_on_start_called: [28844568,com.android.launcher3.uioverrides.QuickstepLauncher,handleStartActivity]
03-16 10:40:56.263 797 4608 W FreeFormWindowHelper: Current Display FreeFormTask is null
03-16 10:40:56.263 797 4608 W FreeFormWindowHelper: Current Display FreeFormTask is null
03-16 10:40:56.271 797 4608 W FreeFormWindowHelper: Current Display FreeFormTask is null
03-16 10:40:56.271 797 4608 W FreeFormWindowHelper: Current Display FreeFormTask is null
03-16 10:40:56.277 797 814 I sysui_multi_action: [319,10,322,38,325,977,757,761,758,9,759,5,806,com.android.launcher3,871,com.android.launcher3.uioverrides.QuickstepLauncher,905,0,1320,4,1321,1]
03-16 10:40:56.315 6080 6080 I view_enqueue_input_event: [Motion - Cancel,com.qiyi.video/com.qiyi.video.WelcomeActivity]
03-16 10:40:56.316 2626 2626 I sysui_latency: [1,46]
03-16 10:40:56.317 797 1514 W FreeFormWindowHelper: Current Display FreeFormTask is null
03-16 10:40:56.317 797 814 D AutofillManagerService: Close system dialogs
03-16 10:40:56.317 797 818 I input_focus: [Focus request recents_animation_input_consumer,reason=UpdateInputWindows]
03-16 10:40:56.319 797 5728 W FreeFormWindowHelper: Current Display FreeFormTask is null
03-16 10:40:56.324 797 5728 W FreeFormWindowHelper: Current Display FreeFormTask is null
03-16 10:40:56.325 797 5728 W FreeFormWindowHelper: Current Display FreeFormTask is null
03-16 10:40:56.329 797 1329 I input_interaction: Interaction with: edge-swipe (server), swipe-up (server), PointerEventDispatcher0 (server),
03-16 10:40:56.338 797 5728 W FreeFormWindowHelper: Current Display FreeFormTask is null
03-16 10:40:56.338 797 5728 W FreeFormWindowHelper: Current Display FreeFormTask is null
03-16 10:40:56.338 797 1329 I input_focus: [Focus leaving 73f65af com.qiyi.video/com.qiyi.video.WelcomeActivity (server),reason=NOT_FOCUSABLE]
03-16 10:40:56.339 797 1329 I input_focus: [Focus entering recents_animation_input_consumer (server),reason=setFocusedWindow]
03-16 10:40:56.463 797 1297 I commit_sys_config_file: [settings-1-0,12]
03-16 10:40:56.523 797 5728 I wm_task_moved: [1,0,14]
03-16 10:40:56.524 797 5728 I wm_add_to_stopping: [0,28844568,com.android.launcher3/.uioverrides.QuickstepLauncher,makeInvisible]
03-16 10:40:56.534 797 818 I input_focus: [Focus request 73f65af com.qiyi.video/com.qiyi.video.WelcomeActivity,reason=UpdateInputWindows]
03-16 10:40:56.535 797 817 I wm_stop_activity: [0,28844568,com.android.launcher3/.uioverrides.QuickstepLauncher]
03-16 10:40:56.540 797 4608 W FreeFormWindowHelper: Current Display FreeFormTask is null
03-16 10:40:56.540 797 4608 W FreeFormWindowHelper: Current Display FreeFormTask is null
03-16 10:40:56.546 797 1329 I input_focus: [Focus leaving recents_animation_input_consumer (server),reason=NOT_VISIBLE]
03-16 10:40:56.546 797 1329 I input_focus: [Focus entering 73f65af com.qiyi.video/com.qiyi.video.WelcomeActivity (server),reason=setFocusedWindow]
03-16 10:40:56.549 797 4608 W FreeFormWindowHelper: Current Display FreeFormTask is null
03-16 10:40:56.549 797 4608 W FreeFormWindowHelper: Current Display FreeFormTask is null
03-16 10:40:56.562 797 4608 W FreeFormWindowHelper: exitRecentTasks type=0
03-16 10:40:56.563 2626 2626 I wm_on_stop_called: [28844568,com.android.launcher3.uioverrides.QuickstepLauncher,STOP_ACTIVITY_ITEM]
03-16 10:40:56.568 797 822 W UsageStatsService: Unexpected activity event reported! (com.android.launcher3/com.android.launcher3.uioverrides.QuickstepLauncher event : 23 instanceId : 55927770)
03-16 10:40:56.767 797 1297 I commit_sys_config_file: [settings-1-0,4]
01-01 23:59:13.516 0 0 E DTC_ETH,link_delay_work_func: 3003, SQI=0, link=0
03-16 10:40:57.388 797 1329 I input_interaction: Interaction with: 73f65af com.qiyi.video/com.qiyi.video.WelcomeActivity (server), edge-swipe (server), swipe-up (server), PointerEventDispatcher0 (server),
03-16 10:40:57.389 797 1329 I input_interaction: Interaction with: 73f65af com.qiyi.video/com.qiyi.video.WelcomeActivity (server), Letterbox_left_ActivityRecord{930000f u0 com.qiyi.video/.WelcomeActivity t41} (server), edge-swipe (server), swipe-up (server), PointerEventDispatcher0 (server),
03-16 10:40:57.401 797 1329 I input_interaction: Interaction with: 73f65af com.qiyi.video/com.qiyi.video.WelcomeActivity (server), Letterbox_left_ActivityRecord{930000f u0 com.qiyi.video/.WelcomeActivity t41} (server), Letterbox_right_ActivityRecord{930000f u0 com.qiyi.video/.WelcomeActivity t41} (server), edge-swipe (server), swipe-up (server), PointerEventDispatcher0 (server),
03-16 10:40:57.414 797 4608 W FreeFormWindowHelper: Current Display FreeFormTask is null
03-16 10:40:57.414 797 2921 I wm_task_moved: [1,0,0]
03-16 10:40:57.415 797 2921 I wm_task_moved: [1,0,14]
03-16 10:40:57.416 797 4608 W FreeFormWindowHelper: Current Display FreeFormTask is null
03-16 10:40:57.443 2626 2626 I wm_on_restart_called: [28844568,com.android.launcher3.uioverrides.QuickstepLauncher,performRestartActivity]
03-16 10:40:57.444 797 1514 W FreeFormWindowHelper: Current Display FreeFormTask is null
03-16 10:40:57.445 797 4608 W FreeFormWindowHelper: Current Display FreeFormTask is null
03-16 10:40:57.462 2626 2626 I wm_on_start_called: [28844568,com.android.launcher3.uioverrides.QuickstepLauncher,handleStartActivity]
03-16 10:40:57.471 797 1514 W FreeFormWindowHelper: Current Display FreeFormTask is null
03-16 10:40:57.471 797 1514 W FreeFormWindowHelper: Current Display FreeFormTask is null
03-16 10:40:57.481 797 814 I sysui_multi_action: [319,13,322,64,325,978,757,761,758,9,759,5,806,com.android.launcher3,871,com.android.launcher3.uioverrides.QuickstepLauncher,905,0,1320,4,1321,1]
03-16 10:40:57.482 797 2921 W FreeFormWindowHelper: Current Display FreeFormTask is null
03-16 10:40:57.482 797 2921 W FreeFormWindowHelper: Current Display FreeFormTask is null
03-16 10:40:57.485 6080 6080 I view_enqueue_input_event: [Motion - Cancel,com.qiyi.video/com.qiyi.video.WelcomeActivity]
03-16 10:40:57.486 797 814 D AutofillManagerService: Close system dialogs
03-16 10:40:57.486 2626 2626 I sysui_latency: [1,71]
03-16 10:40:57.487 797 2921 W FreeFormWindowHelper: Current Display FreeFormTask is null
03-16 10:40:57.487 797 818 I input_focus: [Focus request recents_animation_input_consumer,reason=UpdateInputWindows]
03-16 10:40:57.487 797 2921 W FreeFormWindowHelper: Current Display FreeFormTask is null
03-16 10:40:57.494 797 2330 W FreeFormWindowHelper: Current Display FreeFormTask is null
03-16 10:40:57.494 797 2330 W FreeFormWindowHelper: Current Display FreeFormTask is null
03-16 10:40:57.497 797 1329 I input_interaction: Interaction with: edge-swipe (server), swipe-up (server), PointerEventDispatcher0 (server),
03-16 10:40:57.507 797 2330 W FreeFormWindowHelper: Current Display FreeFormTask is null
03-16 10:40:57.507 797 2330 W FreeFormWindowHelper: Current Display FreeFormTask is null
03-16 10:40:57.508 797 1329 I input_focus: [Focus leaving 73f65af com.qiyi.video/com.qiyi.video.WelcomeActivity (server),reason=NOT_FOCUSABLE]
03-16 10:40:57.508 797 1329 I input_focus: [Focus entering recents_animation_input_consumer (server),reason=setFocusedWindow]
03-16 10:40:57.663 797 1297 I commit_sys_config_file: [settings-1-0,5]
03-16 10:40:57.781 797 822 I sysui_latency: [8,74]
03-16 10:40:59.239 797 1514 W FreeFormWindowHelper: exitRecentTasks type=0
03-16 10:40:59.245 797 2330 W FreeFormWindowHelper: Current Display FreeFormTask is null
03-16 10:40:59.245 797 2330 W FreeFormWindowHelper: Current Display FreeFormTask is null
03-16 10:40:59.448 797 1297 I commit_sys_config_file: [settings-1-0,7]
03-16 10:40:59.862 797 2330 W FreeFormWindowHelper: Current Display FreeFormTask is null
03-16 10:40:59.863 797 5728 W FreeFormWindowHelper: Current Display FreeFormTask is null
03-16 10:40:59.870 797 1514 I wm_task_moved: [1,1,15]
03-16 10:40:59.870 797 1514 I wm_task_moved: [13,1,2147483647]
03-16 10:40:59.870 797 1514 I wm_task_to_front: [0,13]
03-16 10:40:59.870 797 1514 I wm_focused_root_task: [0,0,1,41,RecentsAnimation.onAnimationFinished()]
03-16 10:40:59.871 797 1514 I wm_set_resumed_activity: [0,com.android.launcher3/.uioverrides.QuickstepLauncher,RecentsAnimation.onAnimationFinished()]
03-16 10:40:59.872 797 1514 I wm_pause_activity: [0,154140687,com.qiyi.video/.WelcomeActivity,userLeaving=true,pauseBackTasks]
03-16 10:40:59.872 6080 6080 I wm_on_top_resumed_lost_called: [154140687,com.qiyi.video.WelcomeActivity,topStateChangedWhenResumed]
03-16 10:40:59.874 797 1514 I wm_add_to_stopping: [0,154140687,com.qiyi.video/.WelcomeActivity,makeInvisible]
03-16 10:40:59.874 797 1514 I ActivityTaskManager: FOREGROUND_APPLICATION_CHANGED to com.android.launcher3.uioverrides.QuickstepLauncher
03-16 10:40:59.874 797 1514 I wm_set_resumed_activity: [0,com.android.launcher3/.uioverrides.QuickstepLauncher,resumeTopActivityInnerLocked]
03-16 10:40:59.878 797 1514 I wm_resume_activity: [0,28844568,13,com.android.launcher3/.uioverrides.QuickstepLauncher]
03-16 10:40:59.882 2626 2626 I wm_on_resume_called: [28844568,com.android.launcher3.uioverrides.QuickstepLauncher,RESUME_ACTIVITY]
03-16 10:40:59.890 797 818 I input_focus: [Focus request efa3eda com.android.launcher3/com.android.launcher3.uioverrides.QuickstepLauncher,reason=UpdateInputWindows]
03-16 10:40:59.893 797 817 I wm_stop_activity: [0,154140687,com.qiyi.video/.WelcomeActivity]
03-16 10:40:59.893 797 817 I sysui_multi_action: [757,803,799,window_time_0,802,15]
03-16 10:40:59.895 797 817 I sysui_multi_action: [757,803,799,window_time_0,802,0]
03-16 10:40:59.895 2626 2626 I wm_on_top_resumed_gained_called: [28844568,com.android.launcher3.uioverrides.QuickstepLauncher,topStateChangedWhenResumed]
03-16 10:40:59.897 6080 6080 I wm_on_paused_called: [154140687,com.qiyi.video.WelcomeActivity,performPause]
03-16 10:40:59.898 797 1329 I input_focus: [Focus leaving recents_animation_input_consumer (server),reason=NOT_VISIBLE]
03-16 10:40:59.898 797 1329 I input_focus: [Focus entering efa3eda com.android.launcher3/com.android.launcher3.uioverrides.QuickstepLauncher (server),reason=setFocusedWindow]
03-16 10:40:59.907 6080 6080 I wm_on_stop_called: [154140687,com.qiyi.video.WelcomeActivity,STOP_ACTIVITY_ITEM]
03-16 10:40:59.991 797 1514 W FreeFormWindowHelper: Current Display FreeFormTask is null
01-01 23:59:18.636 0 0 E DTC_ETH,link_delay_work_func: 3003, SQI=0, link=0
03-16 10:41:02.342 797 1329 I input_interaction: Interaction with: efa3eda com.android.launcher3/com.android.launcher3.uioverrides.QuickstepLauncher (server), eb1e2e4 com.android.systemui.ImageWallpaper (server), edge-swipe (server), swipe-up (server), PointerEventDispatcher0 (server),
03-16 10:41:02.448 797 797 I service_manager_stats: [100,68,16237]
03-16 10:41:03.693 797 2315 I thunderperf: PlatormCompat.setOverrides: Uid1=10074 Pid1=2626 Uid2=10074 Pid2=2626
03-16 10:41:03.693 797 2315 I thunderperf: PlatormCompat.setOverrides: needCheck:false
03-16 10:41:03.693 797 2315 I thunderperf: CompatConfig.addOverrideUnsafe: bef-state=0
03-16 10:41:03.693 797 2315 I thunderperf: CompatConfig.addOverrideUnsafe: aft-state=0
03-16 10:41:03.694 797 2315 I thunderperf: CompatConfig.addOverrideUnsafe: bef-state=0
03-16 10:41:03.694 797 2315 I thunderperf: CompatConfig.addOverrideUnsafe: aft-state=0
03-16 10:41:03.695 797 2315 I thunderperf: CompatConfig.addOverrideUnsafe: bef-state=0
03-16 10:41:03.695 797 2315 I thunderperf: CompatConfig.addOverrideUnsafe: aft-state=0
03-16 10:41:03.695 797 2315 I thunderperf: CompatConfig.addOverrideUnsafe: bef-state=0
03-16 10:41:03.695 797 2315 I thunderperf: CompatConfig.addOverrideUnsafe: aft-state=0
03-16 10:41:03.696 797 2315 I thunderperf: CompatConfig.addOverrideUnsafe: bef-state=0
03-16 10:41:03.696 797 2315 I thunderperf: CompatConfig.addOverrideUnsafe: aft-state=0
03-16 10:41:03.696 797 2315 I thunderperf: CompatConfig.addOverrideUnsafe: bef-state=0
03-16 10:41:03.696 797 2315 I thunderperf: CompatConfig.addOverrideUnsafe: aft-state=0
03-16 10:41:03.697 797 2315 I thunderperf: CompatConfig.addOverrideUnsafe: bef-state=0
03-16 10:41:03.697 797 2315 I thunderperf: CompatConfig.addOverrideUnsafe: aft-state=0
03-16 10:41:03.697 797 2315 I thunderperf: CompatConfig.addOverrideUnsafe: bef-state=0
03-16 10:41:03.697 797 2315 I thunderperf: CompatConfig.addOverrideUnsafe: aft-state=0
03-16 10:41:03.698 797 2315 I thunderperf: CompatConfig.addOverrideUnsafe: bef-state=0
03-16 10:41:03.698 797 2315 I thunderperf: CompatConfig.addOverrideUnsafe: aft-state=0
03-16 10:41:03.698 797 2315 I thunderperf: CompatConfig.addOverrideUnsafe: bef-state=0
03-16 10:41:03.698 797 2315 I thunderperf: CompatConfig.addOverrideUnsafe: aft-state=0
03-16 10:41:03.698 797 2315 I thunderperf: CompatConfig.addOverrideUnsafe: bef-state=0
03-16 10:41:03.698 797 2315 I thunderperf: CompatConfig.addOverrideUnsafe: aft-state=0
03-16 10:41:03.699 797 2315 I thunderperf: CompatConfig.addOverrideUnsafe: bef-state=0
03-16 10:41:03.699 797 2315 I thunderperf: CompatConfig.addOverrideUnsafe: aft-state=0
03-16 10:41:03.699 797 2315 I thunderperf: CompatConfig.addOverrideUnsafe: bef-state=0
03-16 10:41:03.699 797 2315 I thunderperf: CompatConfig.addOverrideUnsafe: aft-state=0
03-16 10:41:03.700 797 2315 I thunderperf: CompatConfig.addOverrideUnsafe: bef-state=0
03-16 10:41:03.700 797 2315 I thunderperf: CompatConfig.addOverrideUnsafe: aft-state=0
03-16 10:41:03.706 797 2315 I ActivityTaskManager: START u0 {act=android.intent.action.MAIN cat=[android.intent.category.LAUNCHER] flg=0x10200000 cmp=com.microsoft.emmx/com.microsoft.ruby.Main} from uid 10074
03-16 10:41:03.715 797 2315 I wm_task_created: [42,-1]
03-16 10:41:03.715 797 2315 W ActivityTaskManager: Can't find TaskDisplayArea to determine support for multi window. Task id=42 attached=false
03-16 10:41:03.716 797 2315 D FreeFormWindowHelper: Add freeform task=Task{5cda10c #42 type=standard ?? U=0 visible=false mode=freeform translucent=true sz=0}
03-16 10:41:03.718 797 2315 I wm_task_moved: [42,1,16]
03-16 10:41:03.718 797 2315 I wm_task_to_front: [0,42]
03-16 10:41:03.718 797 2315 I wm_create_task: [0,42]
03-16 10:41:03.718 797 2315 I wm_create_activity: [0,182938197,42,com.microsoft.emmx/com.microsoft.ruby.Main,android.intent.action.MAIN,NULL,NULL,270532608]
03-16 10:41:03.718 797 2315 I wm_task_moved: [42,1,16]
03-16 10:41:03.719 797 2315 I ActivityTaskManager: FOREGROUND_APPLICATION_CHANGED to org.chromium.chrome.browser.ChromeTabbedActivity
03-16 10:41:03.719 797 2315 I ActivityTaskManager: The Process com.microsoft.emmx Already Exists in BG. So sending its PID: 4536
03-16 10:41:03.719 797 2315 W ActivityTaskManager: Tried to set launchTime (0) < mLastActivityLaunchTime (799874)
03-16 10:41:03.719 797 2315 I wm_restart_activity: [0,182938197,42,com.microsoft.emmx/com.microsoft.ruby.Main]
03-16 10:41:03.720 797 2315 I wm_set_resumed_activity: [0,com.microsoft.emmx/com.microsoft.ruby.Main,minimalResumeActivityLocked]
03-16 10:41:03.722 797 817 I am_uid_active: 10031
03-16 10:41:03.723 2626 2626 I wm_on_top_resumed_lost_called: [28844568,com.android.launcher3.uioverrides.QuickstepLauncher,topStateChangedWhenResumed]
03-16 10:41:03.723 797 817 I am_uid_active: 90000
03-16 10:41:03.731 797 4608 I thunderperf: PlatormCompat.setOverrides: Uid1=10031 Pid1=4536 Uid2=10031 Pid2=4536
03-16 10:41:03.731 797 4608 I thunderperf: PlatormCompat.setOverrides: needCheck:false
03-16 10:41:03.731 797 4608 I thunderperf: CompatConfig.addOverrideUnsafe: bef-state=0
03-16 10:41:03.731 797 4608 I thunderperf: CompatConfig.addOverrideUnsafe: aft-state=0
03-16 10:41:03.731 797 4608 W PackageManager: MATCH_ANY_USER flag requires INTERACT_ACROSS_USERS permission: UID 10031 requires android.permission.INTERACT_ACROSS_USERS_FULL or android.permission.INTERACT_ACROSS_USERS to access user 0.
03-16 10:41:03.731 797 4608 I ActivityTaskManager: START u0 {cmp=com.microsoft.emmx/com.microsoft.edge.fre.MicrosoftFirstRunActivity (has extras)} from uid 10031
03-16 10:41:03.732 797 4608 I wm_task_created: [43,-1]
03-16 10:41:03.732 797 4608 W ActivityTaskManager: Can't find TaskDisplayArea to determine support for multi window. Task id=43 attached=false
03-16 10:41:03.732 797 4608 D FreeFormWindowHelper: finish old freeform task = ActivityRecord{ae76a55 u0 com.microsoft.emmx/com.microsoft.ruby.Main t42}
03-16 10:41:03.733 797 4608 I wm_finish_activity: [0,182938197,42,com.microsoft.emmx/com.microsoft.ruby.Main,app-request]
03-16 10:41:03.733 797 4608 I wm_task_moved: [1,1,17]
03-16 10:41:03.733 797 4608 I wm_set_resumed_activity: [0,com.android.launcher3/.uioverrides.QuickstepLauncher,positionChildAt]
03-16 10:41:03.733 797 4608 I wm_task_moved: [13,1,2147483647]
03-16 10:41:03.733 797 4608 I wm_task_to_front: [0,13]
03-16 10:41:03.733 797 4608 I wm_focused_root_task: [0,0,1,-1,finish-top adjustFocusToNextFocusableTask]
03-16 10:41:03.733 797 4608 I wm_set_resumed_activity: [0,com.android.launcher3/.uioverrides.QuickstepLauncher,finish-top]
03-16 10:41:03.733 797 4608 I wm_pause_activity: [0,182938197,com.microsoft.emmx/com.microsoft.ruby.Main,userLeaving=false,finish]
03-16 10:41:03.733 797 4608 D FreeFormWindowHelper: Add freeform task=Task{a39c1f8 #43 type=standard ?? U=0 visible=false mode=freeform translucent=true sz=0}
03-16 10:41:03.734 797 4608 I wm_task_moved: [43,1,17]
03-16 10:41:03.734 797 4608 I wm_task_to_front: [0,43]
03-16 10:41:03.735 797 4608 I wm_focused_root_task: [0,0,43,1,reuseOrNewTask]
03-16 10:41:03.735 797 4608 I wm_create_task: [0,43]
03-16 10:41:03.735 797 4608 I wm_create_activity: [0,25253585,43,com.microsoft.emmx/com.microsoft.edge.fre.MicrosoftFirstRunActivity,NULL,NULL,NULL,276824064]
03-16 10:41:03.735 797 4608 I wm_task_moved: [43,1,17]
03-16 10:41:03.735 797 4608 I ActivityTaskManager: Add Task{5cda10c #42 type=standard A=10031:com.microsoft.emmx U=0 visible=false mode=freeform translucent=true sz=1} to hidden list because adding Task{a39c1f8 #43 type=standard A=10031:com.microsoft.emmx U=0 visible=true mode=freeform translucent=true sz=1}
03-16 10:41:03.742 797 818 I input_focus: [Focus request efa3eda com.android.launcher3/com.android.launcher3.uioverrides.QuickstepLauncher,reason=UpdateInputWindows]
03-16 10:41:03.746 797 2315 W ActivityTaskManager: Finishing task with all activities already finished
03-16 10:41:03.746 797 2315 W ActivityTaskManager: Duplicate finish request for r=ActivityRecord{ae76a55 u0 com.microsoft.emmx/com.microsoft.ruby.Main t42 f}}
03-16 10:41:03.747 4536 4536 I wm_on_create_called: [182938197,com.microsoft.ruby.Main,performCreate]
03-16 10:41:03.747 797 2012 I wm_add_to_stopping: [0,182938197,com.microsoft.emmx/com.microsoft.ruby.Main,completeFinishing]
03-16 10:41:03.748 797 2012 I ActivityTaskManager: FOREGROUND_APPLICATION_CHANGED to com.microsoft.edge.fre.MicrosoftFirstRunActivity
03-16 10:41:03.748 797 2012 I ActivityTaskManager: The Process com.microsoft.emmx Already Exists in BG. So sending its PID: 4536
03-16 10:41:03.748 797 2012 W ActivityTaskManager: Tried to set launchTime (0) < mLastActivityLaunchTime (985254)
03-16 10:41:03.749 797 2012 I wm_restart_activity: [0,25253585,43,com.microsoft.emmx/com.microsoft.edge.fre.MicrosoftFirstRunActivity]
03-16 10:41:03.749 797 2012 I wm_set_resumed_activity: [0,com.microsoft.emmx/com.microsoft.edge.fre.MicrosoftFirstRunActivity,minimalResumeActivityLocked]
03-16 10:41:03.751 797 817 I wm_destroy_activity: [0,182938197,42,com.microsoft.emmx/com.microsoft.ruby.Main,finish-imm:idle]
03-16 10:41:03.752 797 817 I sysui_multi_action: [757,803,799,window_time_0,802,4]
03-16 10:41:03.760 4536 4536 I wm_on_create_called: [25253585,com.microsoft.edge.fre.MicrosoftFirstRunActivity,performCreate]
03-16 10:41:03.761 4536 4536 I wm_on_start_called: [25253585,com.microsoft.edge.fre.MicrosoftFirstRunActivity,handleStartActivity]
03-16 10:41:03.762 4536 4536 I wm_on_resume_called: [25253585,com.microsoft.edge.fre.MicrosoftFirstRunActivity,RESUME_ACTIVITY]
03-16 10:41:03.764 4536 4536 I wm_on_top_resumed_gained_called: [25253585,com.microsoft.edge.fre.MicrosoftFirstRunActivity,topStateChangedWhenResumed]
03-16 10:41:03.766 797 822 I am_pss : [5886,10094,com.sohu.sohuvideo,125981696,106328064,0,243040256,0,16,10]
03-16 10:41:03.772 797 822 I am_pss : [6298,10067,com.android.inputmethod.latin,8937472,7266304,0,95760384,0,19,5]
03-16 10:41:03.778 797 822 I am_pss : [5960,10066,com.android.webview:webview_service,11899904,3940352,0,85889024,0,19,6]
03-16 10:41:03.787 4536 4536 I wm_on_destroy_called: [182938197,com.microsoft.ruby.Main,performDestroy]
03-16 10:41:03.787 797 4608 I wm_task_removed: [42,removeChild:removeChild last r=ActivityRecord{ae76a55 u0 com.microsoft.emmx/com.microsoft.ruby.Main t-1 f}} in t=Task{5cda10c #42 type=standard A=10031:com.microsoft.emmx U=0 visible=false mode=freeform translucent=true sz=0}]
03-16 10:41:03.787 797 4608 I wm_task_removed: [42,removeChild]
03-16 10:41:03.796 797 4608 W WindowManager: updateScale : 0.79357797
03-16 10:41:03.796 797 4608 W WindowManager: updateScale : 0.79357797
03-16 10:41:03.803 797 4608 W WindowManager: updateScale : 0.79357797
03-16 10:41:03.803 797 4608 W WindowManager: updateScale : 0.79357797
03-16 10:41:03.804 797 818 I input_focus: [Focus request 781653c com.microsoft.emmx/com.microsoft.edge.fre.MicrosoftFirstRunActivity,reason=UpdateInputWindows]
03-16 10:41:03.808 797 818 W WindowManager: updateScale : 0.79357797
03-16 10:41:03.808 797 818 W WindowManager: updateScale : 0.79357797
03-16 10:41:03.809 797 818 W WindowManager: updateScale : 0.79357797
03-16 10:41:03.809 797 818 W WindowManager: updateScale : 0.79357797
03-16 10:41:03.811 797 818 W WindowManager: updateScale : 0.79357797
03-16 10:41:03.811 797 818 W WindowManager: updateScale : 0.79357797
03-16 10:41:03.813 797 814 I sysui_multi_action: [319,105,322,104,325,985,757,761,758,8,759,2,806,com.microsoft.emmx,871,com.microsoft.edge.fre.MicrosoftFirstRunActivity,904,com.microsoft.emmx,905,0,1320,4,1321,2]
03-16 10:41:03.813 797 818 W WindowManager: updateScale : 0.79357797
03-16 10:41:03.813 797 818 W WindowManager: updateScale : 0.79357797
03-16 10:41:03.813 797 814 I wm_activity_launch_time: [0,25253585,com.microsoft.emmx/com.microsoft.edge.fre.MicrosoftFirstRunActivity,104]
03-16 10:41:03.824 797 1329 I input_focus: [Focus leaving efa3eda com.android.launcher3/com.android.launcher3.uioverrides.QuickstepLauncher (server),reason=setFocusedWindow]
03-16 10:41:03.824 797 1329 I input_focus: [Focus entering 781653c com.microsoft.emmx/com.microsoft.edge.fre.MicrosoftFirstRunActivity (server),reason=setFocusedWindow]
03-16 10:41:03.852 797 4608 W FreeFormWindowHelper: Current Display FreeFormTask is Task{a39c1f8 #43 type=standard A=10031:com.microsoft.emmx U=0 visible=true mode=freeform translucent=false sz=1}
03-16 10:41:03.852 797 4608 W FreeFormWindowHelper: Current Display FreeFormTask is Task{a39c1f8 #43 type=standard A=10031:com.microsoft.emmx U=0 visible=true mode=freeform translucent=false sz=1}
03-16 10:41:04.067 797 1298 D ActivityManager: freezing 3753 com.android.providers.calendar
03-16 10:41:04.067 797 1298 E ActivityManager: Unable to freeze binder for 3753 com.android.providers.calendar
03-16 10:41:04.068 797 1298 D ActivityManager: froze 3753 com.android.providers.calendar
03-16 10:41:04.068 797 1298 I am_freeze: [3753,com.android.providers.calendar]
03-16 10:41:04.068 797 1298 E ActivityManager: Unable to freeze binder for 3753 com.android.providers.calendar
01-01 23:59:20.463 0 0 I binder : 797:1298 ioctl 400c620e 75394015d8 returned -22
01-01 23:59:20.463 0 0 I binder : 797:1298 ioctl c00c620f 75394015b8 returned -22
03-16 10:41:04.069 797 1298 I ActivityManager: Killing 3753:com.android.providers.calendar/u0a20 (adj 945): Unable to freeze binder interface
03-16 10:41:04.069 797 1298 I am_kill : [0,3753,com.android.providers.calendar,945,Unable to freeze binder interface]
03-16 10:41:04.087 797 4608 I am_proc_died: [0,3753,com.android.providers.calendar,945,19]
03-16 10:41:04.087 797 4608 I am_uid_stopped: 10020
03-16 10:41:04.090 797 818 W WindowManager: updateScale : 0.79357797
03-16 10:41:04.090 797 818 W WindowManager: updateScale : 0.79357797
03-16 10:41:04.092 797 822 I am_pss : [5978,99000,com.android.webview:sandboxed_process0:org.chromium.content.app.SandboxedProcessService0:0,10814464,3035136,0,78544896,0,17,3]
03-16 10:41:05.378 797 4608 I thunderperf: PlatormCompat.setOverrides: Uid1=10074 Pid1=2626 Uid2=10074 Pid2=2626
03-16 10:41:05.378 797 4608 I thunderperf: PlatormCompat.setOverrides: needCheck:false
03-16 10:41:05.378 797 4608 I thunderperf: CompatConfig.addOverrideUnsafe: bef-state=0
03-16 10:41:05.378 797 4608 I thunderperf: CompatConfig.addOverrideUnsafe: aft-state=0
03-16 10:41:05.378 797 4608 I thunderperf: CompatConfig.addOverrideUnsafe: bef-state=0
03-16 10:41:05.378 797 4608 I thunderperf: CompatConfig.addOverrideUnsafe: aft-state=0
03-16 10:41:05.378 797 4608 I thunderperf: CompatConfig.addOverrideUnsafe: bef-state=0
03-16 10:41:05.378 797 4608 I thunderperf: CompatConfig.addOverrideUnsafe: aft-state=0
03-16 10:41:05.378 797 4608 I thunderperf: CompatConfig.addOverrideUnsafe: bef-state=0
03-16 10:41:05.378 797 4608 I thunderperf: CompatConfig.addOverrideUnsafe: aft-state=0
03-16 10:41:05.379 797 4608 I thunderperf: CompatConfig.addOverrideUnsafe: bef-state=0
03-16 10:41:05.379 797 4608 I thunderperf: CompatConfig.addOverrideUnsafe: aft-state=0
03-16 10:41:05.379 797 4608 I thunderperf: CompatConfig.addOverrideUnsafe: bef-state=0
03-16 10:41:05.379 797 4608 I thunderperf: CompatConfig.addOverrideUnsafe: aft-state=0
03-16 10:41:05.379 797 4608 I thunderperf: CompatConfig.addOverrideUnsafe: bef-state=0
03-16 10:41:05.379 797 4608 I thunderperf: CompatConfig.addOverrideUnsafe: aft-state=0
03-16 10:41:05.379 797 4608 I thunderperf: CompatConfig.addOverrideUnsafe: bef-state=0
03-16 10:41:05.379 797 4608 I thunderperf: CompatConfig.addOverrideUnsafe: aft-state=0
03-16 10:41:05.379 797 4608 I thunderperf: CompatConfig.addOverrideUnsafe: bef-state=0
03-16 10:41:05.379 797 4608 I thunderperf: CompatConfig.addOverrideUnsafe: aft-state=0
03-16 10:41:05.379 797 4608 I thunderperf: CompatConfig.addOverrideUnsafe: bef-state=0
03-16 10:41:05.379 797 4608 I thunderperf: CompatConfig.addOverrideUnsafe: aft-state=0
03-16 10:41:05.379 797 4608 I thunderperf: CompatConfig.addOverrideUnsafe: bef-state=0
03-16 10:41:05.379 797 4608 I thunderperf: CompatConfig.addOverrideUnsafe: aft-state=0
03-16 10:41:05.380 797 4608 I thunderperf: CompatConfig.addOverrideUnsafe: bef-state=0
03-16 10:41:05.380 797 4608 I thunderperf: CompatConfig.addOverrideUnsafe: aft-state=0
03-16 10:41:05.380 797 4608 I thunderperf: CompatConfig.addOverrideUnsafe: bef-state=0
03-16 10:41:05.380 797 4608 I thunderperf: CompatConfig.addOverrideUnsafe: aft-state=0
03-16 10:41:05.380 797 4608 I thunderperf: CompatConfig.addOverrideUnsafe: bef-state=0
03-16 10:41:05.380 797 4608 I thunderperf: CompatConfig.addOverrideUnsafe: aft-state=0
03-16 10:41:05.382 797 4608 I ActivityTaskManager: START u0 {act=android.intent.action.MAIN cat=[android.intent.category.LAUNCHER] flg=0x10200000 cmp=com.huawei.appmarket/.MainActivity bnds=[940,84][1216,358]} from uid 10074
03-16 10:41:05.382 797 4608 I wm_task_moved: [38,1,16]
03-16 10:41:05.382 797 4608 I wm_task_to_front: [0,38]
03-16 10:41:05.383 797 4608 I wm_focused_root_task: [0,0,38,43,bringingFoundTaskToFront]
03-16 10:41:05.383 4536 4536 I wm_on_top_resumed_lost_called: [25253585,com.microsoft.edge.fre.MicrosoftFirstRunActivity,topStateChangedWhenResumed]
03-16 10:41:05.383 797 4608 I wm_set_resumed_activity: [0,com.huawei.appmarket/.MainActivity,bringingFoundTaskToFront]
03-16 10:41:05.383 797 4608 I wm_new_intent: [0,236784880,38,com.huawei.appmarket/.MainActivity,android.intent.action.MAIN,NULL,NULL,270532608]
03-16 10:41:05.384 797 4608 I wm_pause_activity: [0,28844568,com.android.launcher3/.uioverrides.QuickstepLauncher,userLeaving=true,pauseBackTasks]
03-16 10:41:05.384 2011 2236 D PhoneStartingWindowTypeAlgorithm: preferredStartingWindowType newTask:false taskSwitch:true processRunning:true allowTaskSnapshot:true activityCreated:true useEmptySplashScreen:false legacySplashScreen:false topIsHome:false
03-16 10:41:05.384 2011 2236 D PhoneStartingWindowTypeAlgorithm: isSnapshotCompatible rotation 0 snapshot 0
03-16 10:41:05.385 797 4608 W WindowManager: updateScale : 0.79357797
03-16 10:41:05.385 797 4608 W WindowManager: updateScale : 0.79357797
03-16 10:41:05.386 797 1672 W FreeFormWindowHelper: Current Display FreeFormTask is Task{a39c1f8 #43 type=standard A=10031:com.microsoft.emmx U=0 visible=true mode=freeform translucent=false sz=1}
03-16 10:41:05.387 2626 2626 I wm_on_paused_called: [28844568,com.android.launcher3.uioverrides.QuickstepLauncher,performPause]
03-16 10:41:05.388 797 2012 I ActivityTaskManager: FOREGROUND_APPLICATION_CHANGED to com.huawei.appmarket.MainActivity
03-16 10:41:05.388 797 2012 I wm_set_resumed_activity: [0,com.huawei.appmarket/.MainActivity,resumeTopActivityInnerLocked]
03-16 10:41:05.389 797 2012 I wm_add_to_stopping: [0,28844568,com.android.launcher3/.uioverrides.QuickstepLauncher,makeInvisible]
03-16 10:41:05.390 797 2012 I wm_resume_activity: [0,236784880,38,com.huawei.appmarket/.MainActivity]
03-16 10:41:05.393 797 4608 W WindowManager: updateScale : 0.79357797
03-16 10:41:05.393 797 4608 W WindowManager: updateScale : 0.79357797
03-16 10:41:05.395 5644 5644 I wm_on_restart_called: [236784880,com.huawei.appmarket.MainActivity,performRestartActivity]
03-16 10:41:05.395 5644 5644 I wm_on_start_called: [236784880,com.huawei.appmarket.MainActivity,handleStartActivity]
03-16 10:41:05.396 797 1672 W WindowManager: updateScale : 0.79357797
03-16 10:41:05.396 797 1672 W WindowManager: updateScale : 0.79357797
03-16 10:41:05.397 797 817 I sysui_multi_action: [757,803,799,window_time_2,802,1]
03-16 10:41:05.398 5644 5644 I wm_on_resume_called: [236784880,com.huawei.appmarket.MainActivity,RESUME_ACTIVITY]
03-16 10:41:05.399 5644 5644 I wm_on_top_resumed_gained_called: [236784880,com.huawei.appmarket.MainActivity,topWhenResuming]
03-16 10:41:05.395 4129 4129 I auditd : type=1400 audit(0.0:4064): avc: denied { use } for comm="UsbFfs-worker" path="anon_inode:[eventfd]" dev="anon_inodefs" ino=11319 scontext=u:r:su:s0 tcontext=u:r:adbd:s0 tclass=fd permissive=1
03-16 10:41:05.399 797 818 W WindowManager: updateScale : 0.79357797
03-16 10:41:05.399 797 818 W WindowManager: updateScale : 0.79357797
03-16 10:41:05.401 797 818 W WindowManager: updateScale : 0.79357797
03-16 10:41:05.401 797 818 W WindowManager: updateScale : 0.79357797
03-16 10:41:05.402 797 818 W WindowManager: updateScale : 0.79357797
03-16 10:41:05.402 797 818 W WindowManager: updateScale : 0.79357797
03-16 10:41:05.409 797 2012 W WindowManager: updateScale : 0.79357797
03-16 10:41:05.409 797 2012 W WindowManager: updateScale : 0.79357797
03-16 10:41:05.411 797 818 I input_focus: [Focus request 2909ed1 com.huawei.appmarket/com.huawei.appmarket.MainActivity,reason=UpdateInputWindows]
03-16 10:41:05.415 797 818 W WindowManager: updateScale : 0.79357797
03-16 10:41:05.416 797 818 W WindowManager: updateScale : 0.79357797
03-16 10:41:05.417 797 818 W WindowManager: updateScale : 0.79357797
03-16 10:41:05.417 797 818 W WindowManager: updateScale : 0.79357797
03-16 10:41:05.417 2011 2236 D StartingSurfaceDrawer: Task start finish, remove starting surface for task 38
03-16 10:41:05.419 797 814 I sysui_multi_action: [319,19,321,18,322,35,325,986,757,761,758,9,759,4,806,com.huawei.appmarket,871,com.huawei.appmarket.MainActivity,904,com.android.launcher3,905,0,1320,4,1321,4]
03-16 10:41:05.427 797 1329 I input_focus: [Focus leaving 781653c com.microsoft.emmx/com.microsoft.edge.fre.MicrosoftFirstRunActivity (server),reason=setFocusedWindow]
03-16 10:41:05.428 797 1329 I input_focus: [Focus entering 2909ed1 com.huawei.appmarket/com.huawei.appmarket.MainActivity (server),reason=setFocusedWindow]
03-16 10:41:05.491 797 2324 W FreeFormWindowHelper: Current Display FreeFormTask is Task{a39c1f8 #43 type=standard A=10031:com.microsoft.emmx U=0 visible=false mode=freeform translucent=true sz=1}
03-16 10:41:05.518 797 2012 W WindowManager: updateScale : 0.79357797
03-16 10:41:05.518 797 2012 W WindowManager: updateScale : 0.79357797
03-16 10:41:05.676 797 818 W WindowManager: updateScale : 0.79357797
03-16 10:41:05.676 797 818 W WindowManager: updateScale : 0.79357797
03-16 10:41:05.693 797 818 W WindowManager: updateScale : 0.79357797
03-16 10:41:05.693 797 818 W WindowManager: updateScale : 0.79357797
03-16 10:41:05.931 797 817 I wm_stop_activity: [0,28844568,com.android.launcher3/.uioverrides.QuickstepLauncher]
03-16 10:41:05.934 797 818 W WindowManager: updateScale : 0.79357797
03-16 10:41:05.934 797 818 W WindowManager: updateScale : 0.79357797
03-16 10:41:05.961 2626 2626 I wm_on_stop_called: [28844568,com.android.launcher3.uioverrides.QuickstepLauncher,STOP_ACTIVITY_ITEM]
03-16 10:41:05.966 797 4443 W WindowManager: updateScale : 0.79357797
03-16 10:41:05.966 797 4443 W WindowManager: updateScale : 0.79357797
03-16 10:41:05.978 797 818 W WindowManager: updateScale : 0.79357797
03-16 10:41:05.978 797 818 W WindowManager: updateScale : 0.79357797
03-16 10:41:06.011 797 1329 I input_interaction: Interaction with: 2909ed1 com.huawei.appmarket/com.huawei.appmarket.MainActivity (server), edge-swipe (server), swipe-up (server), PointerEventDispatcher0 (server),
03-16 10:41:06.080 797 4443 W FreeFormWindowHelper: Current Display FreeFormTask is Task{a39c1f8 #43 type=standard A=10031:com.microsoft.emmx U=0 visible=false mode=freeform translucent=true sz=1}
03-16 10:41:06.080 797 2012 I wm_task_moved: [1,0,0]
03-16 10:41:06.081 797 2012 I wm_task_moved: [1,0,15]
03-16 10:41:06.087 797 4443 W FreeFormWindowHelper: Current Display FreeFormTask is Task{a39c1f8 #43 type=standard A=10031:com.microsoft.emmx U=0 visible=false mode=freeform translucent=true sz=1}
03-16 10:41:06.089 797 2012 W WindowManager: updateScale : 0.79357797
03-16 10:41:06.089 797 2012 W WindowManager: updateScale : 0.79357797
03-16 10:41:06.096 797 4443 W WindowManager: updateScale : 0.79357797
03-16 10:41:06.096 797 4443 W WindowManager: updateScale : 0.79357797
03-16 10:41:06.099 2626 2626 I wm_on_restart_called: [28844568,com.android.launcher3.uioverrides.QuickstepLauncher,performRestartActivity]
03-16 10:41:06.100 797 2324 W FreeFormWindowHelper: Current Display FreeFormTask is Task{a39c1f8 #43 type=standard A=10031:com.microsoft.emmx U=0 visible=false mode=freeform translucent=true sz=1}
03-16 10:41:06.102 797 2324 W FreeFormWindowHelper: Current Display FreeFormTask is Task{a39c1f8 #43 type=standard A=10031:com.microsoft.emmx U=0 visible=false mode=freeform translucent=true sz=1}
03-16 10:41:06.133 2626 2626 I wm_on_start_called: [28844568,com.android.launcher3.uioverrides.QuickstepLauncher,handleStartActivity]
03-16 10:41:06.135 797 2324 W WindowManager: updateScale : 0.79357797
03-16 10:41:06.135 797 2324 W WindowManager: updateScale : 0.79357797
03-16 10:41:06.138 797 4443 W FreeFormWindowHelper: Current Display FreeFormTask is Task{a39c1f8 #43 type=standard A=10031:com.microsoft.emmx U=0 visible=false mode=freeform translucent=true sz=1}
03-16 10:41:06.138 797 4443 W FreeFormWindowHelper: Current Display FreeFormTask is Task{a39c1f8 #43 type=standard A=10031:com.microsoft.emmx U=0 visible=false mode=freeform translucent=true sz=1}
03-16 10:41:06.147 2626 2626 I sysui_latency: [1,74]
03-16 10:41:06.149 797 814 D AutofillManagerService: Close system dialogs
03-16 10:41:06.150 797 2012 W FreeFormWindowHelper: Current Display FreeFormTask is Task{a39c1f8 #43 type=standard A=10031:com.microsoft.emmx U=0 visible=false mode=freeform translucent=true sz=1}
03-16 10:41:06.151 797 2012 W FreeFormWindowHelper: Current Display FreeFormTask is Task{a39c1f8 #43 type=standard A=10031:com.microsoft.emmx U=0 visible=false mode=freeform translucent=true sz=1}
03-16 10:41:06.151 797 1329 I input_interaction: Interaction with: edge-swipe (server), swipe-up (server), PointerEventDispatcher0 (server),
03-16 10:41:06.151 797 818 W WindowManager: updateScale : 0.79357797
03-16 10:41:06.151 797 818 W WindowManager: updateScale : 0.79357797
03-16 10:41:06.152 797 1672 W FreeFormWindowHelper: Current Display FreeFormTask is Task{a39c1f8 #43 type=standard A=10031:com.microsoft.emmx U=0 visible=false mode=freeform translucent=true sz=1}
03-16 10:41:06.153 797 2324 W FreeFormWindowHelper: Current Display FreeFormTask is Task{a39c1f8 #43 type=standard A=10031:com.microsoft.emmx U=0 visible=false mode=freeform translucent=true sz=1}
03-16 10:41:06.153 797 818 W WindowManager: updateScale : 0.79357797
03-16 10:41:06.153 797 818 W WindowManager: updateScale : 0.79357797
03-16 10:41:06.154 797 818 W WindowManager: updateScale : 0.79357797
03-16 10:41:06.155 797 818 W WindowManager: updateScale : 0.79357797
03-16 10:41:06.155 797 818 I input_focus: [Focus request recents_animation_input_consumer,reason=UpdateInputWindows]
03-16 10:41:06.162 5644 5644 I view_enqueue_input_event: [Motion - Cancel,com.huawei.appmarket/com.huawei.appmarket.MainActivity]
03-16 10:41:06.163 797 1672 W WindowManager: updateScale : 0.79357797
03-16 10:41:06.163 797 1672 W WindowManager: updateScale : 0.79357797
03-16 10:41:06.164 797 814 I sysui_multi_action: [319,14,322,73,325,987,757,761,758,9,759,5,806,com.android.launcher3,871,com.android.launcher3.uioverrides.QuickstepLauncher,905,0,1320,4,1321,1]
03-16 10:41:06.166 797 2324 W FreeFormWindowHelper: Current Display FreeFormTask is Task{a39c1f8 #43 type=standard A=10031:com.microsoft.emmx U=0 visible=false mode=freeform translucent=true sz=1}
03-16 10:41:06.166 797 2324 W FreeFormWindowHelper: Current Display FreeFormTask is Task{a39c1f8 #43 type=standard A=10031:com.microsoft.emmx U=0 visible=false mode=freeform translucent=true sz=1}
03-16 10:41:06.178 797 4608 W FreeFormWindowHelper: Current Display FreeFormTask is Task{a39c1f8 #43 type=standard A=10031:com.microsoft.emmx U=0 visible=false mode=freeform translucent=true sz=1}
03-16 10:41:06.178 797 4608 W FreeFormWindowHelper: Current Display FreeFormTask is Task{a39c1f8 #43 type=standard A=10031:com.microsoft.emmx U=0 visible=false mode=freeform translucent=true sz=1}
03-16 10:41:06.181 797 1329 I input_focus: [Focus leaving 2909ed1 com.huawei.appmarket/com.huawei.appmarket.MainActivity (server),reason=NOT_FOCUSABLE]
03-16 10:41:06.181 797 1329 I input_focus: [Focus entering recents_animation_input_consumer (server),reason=setFocusedWindow]
03-16 10:41:06.230 797 2324 W WindowManager: updateScale : 0.79357797
03-16 10:41:06.230 797 2324 W WindowManager: updateScale : 0.79357797
03-16 10:41:06.230 797 2324 W WindowManager: updateScale : 0.79357797
03-16 10:41:06.230 797 2324 W WindowManager: updateScale : 0.79357797
03-16 10:41:06.340 797 1297 I commit_sys_config_file: [settings-1-0,8]
03-16 10:41:06.456 797 822 I sysui_latency: [8,85]
03-16 10:41:06.638 797 2324 W FreeFormWindowHelper: exitRecentTasks type=0
03-16 10:41:06.646 797 2324 W FreeFormWindowHelper: Current Display FreeFormTask is Task{a39c1f8 #43 type=standard A=10031:com.microsoft.emmx U=0 visible=false mode=freeform translucent=true sz=1}
03-16 10:41:06.646 797 2324 W FreeFormWindowHelper: Current Display FreeFormTask is Task{a39c1f8 #43 type=standard A=10031:com.microsoft.emmx U=0 visible=false mode=freeform translucent=true sz=1}
03-16 10:41:06.847 797 1297 I commit_sys_config_file: [settings-1-0,4]
03-16 10:41:07.229 797 1514 W FreeFormWindowHelper: Current Display FreeFormTask is Task{a39c1f8 #43 type=standard A=10031:com.microsoft.emmx U=0 visible=false mode=freeform translucent=true sz=1}
03-16 10:41:07.230 797 1514 W FreeFormWindowHelper: Current Display FreeFormTask is Task{a39c1f8 #43 type=standard A=10031:com.microsoft.emmx U=0 visible=false mode=freeform translucent=true sz=1}
03-16 10:41:07.240 797 1514 I wm_task_moved: [1,1,16]
03-16 10:41:07.241 797 1514 I wm_task_moved: [13,1,2147483647]
03-16 10:41:07.241 797 1514 I wm_task_to_front: [0,13]
03-16 10:41:07.242 797 1514 I wm_focused_root_task: [0,0,1,38,RecentsAnimation.onAnimationFinished()]
03-16 10:41:07.242 797 1514 I wm_set_resumed_activity: [0,com.android.launcher3/.uioverrides.QuickstepLauncher,RecentsAnimation.onAnimationFinished()]
03-16 10:41:07.243 797 1514 I wm_pause_activity: [0,236784880,com.huawei.appmarket/.MainActivity,userLeaving=true,pauseBackTasks]
03-16 10:41:07.246 797 1514 I wm_add_to_stopping: [0,236784880,com.huawei.appmarket/.MainActivity,makeInvisible]
03-16 10:41:07.246 797 1514 I ActivityTaskManager: FOREGROUND_APPLICATION_CHANGED to com.android.launcher3.uioverrides.QuickstepLauncher
03-16 10:41:07.247 797 1514 I wm_set_resumed_activity: [0,com.android.launcher3/.uioverrides.QuickstepLauncher,resumeTopActivityInnerLocked]
03-16 10:41:07.249 797 1514 I wm_resume_activity: [0,28844568,13,com.android.launcher3/.uioverrides.QuickstepLauncher]
03-16 10:41:07.250 2626 2626 I wm_on_resume_called: [28844568,com.android.launcher3.uioverrides.QuickstepLauncher,RESUME_ACTIVITY]
03-16 10:41:07.251 797 1514 W WindowManager: updateScale : 0.79357797
03-16 10:41:07.251 797 1514 W WindowManager: updateScale : 0.79357797
03-16 10:41:07.250 5644 5644 I wm_on_top_resumed_lost_called: [236784880,com.huawei.appmarket.MainActivity,topStateChangedWhenResumed]
03-16 10:41:07.255 797 1514 W WindowManager: updateScale : 0.79357797
03-16 10:41:07.255 797 1514 W WindowManager: updateScale : 0.79357797
03-16 10:41:07.258 797 818 I input_focus: [Focus request efa3eda com.android.launcher3/com.android.launcher3.uioverrides.QuickstepLauncher,reason=UpdateInputWindows]
03-16 10:41:07.260 797 817 I wm_stop_activity: [0,236784880,com.huawei.appmarket/.MainActivity]
03-16 10:41:07.263 797 817 I sysui_multi_action: [757,803,799,window_time_0,802,2]
03-16 10:41:07.263 5644 5644 I wm_on_paused_called: [236784880,com.huawei.appmarket.MainActivity,performPause]
03-16 10:41:07.264 797 817 I sysui_multi_action: [757,803,799,window_time_0,802,0]
03-16 10:41:07.265 2626 2626 I wm_on_top_resumed_gained_called: [28844568,com.android.launcher3.uioverrides.QuickstepLauncher,topStateChangedWhenResumed]
03-16 10:41:07.265 797 817 I ActivityManager: PendingStartActivityUids startActivity to updateOomAdj delay:1180ms, uid:10074
03-16 10:41:07.265 797 1329 I input_focus: [Focus leaving recents_animation_input_consumer (server),reason=NOT_VISIBLE]
03-16 10:41:07.266 797 1329 I input_focus: [Focus entering efa3eda com.android.launcher3/com.android.launcher3.uioverrides.QuickstepLauncher (server),reason=setFocusedWindow]
03-16 10:41:07.303 5644 5644 I wm_on_stop_called: [236784880,com.huawei.appmarket.MainActivity,STOP_ACTIVITY_ITEM]
03-16 10:41:07.306 797 1514 W WindowManager: updateScale : 0.79357797
03-16 10:41:07.306 797 1514 W WindowManager: updateScale : 0.79357797
03-16 10:41:07.360 797 2324 W FreeFormWindowHelper: Current Display FreeFormTask is Task{a39c1f8 #43 type=standard A=10031:com.microsoft.emmx U=0 visible=false mode=freeform translucent=true sz=1}
01-01 23:59:23.757 0 0 E DTC_ETH,link_delay_work_func: 3003, SQI=0, link=0
03-16 10:41:07.734 797 2870 E TaskPersister: File error accessing recents directory (directory doesn't exist?).
03-16 10:41:07.964 797 1329 I input_interaction: Interaction with: efa3eda com.android.launcher3/com.android.launcher3.uioverrides.QuickstepLauncher (server), eb1e2e4 com.android.systemui.ImageWallpaper (server), edge-swipe (server), swipe-up (server), PointerEventDispatcher0 (server),
03-16 10:41:08.081 797 2315 I thunderperf: PlatormCompat.setOverrides: Uid1=10074 Pid1=2626 Uid2=10074 Pid2=2626
03-16 10:41:08.081 797 2315 I thunderperf: PlatormCompat.setOverrides: needCheck:false
03-16 10:41:08.081 797 2315 I thunderperf: CompatConfig.addOverrideUnsafe: bef-state=0
03-16 10:41:08.081 797 2315 I thunderperf: CompatConfig.addOverrideUnsafe: aft-state=0
03-16 10:41:08.082 797 2315 I thunderperf: CompatConfig.addOverrideUnsafe: bef-state=0
03-16 10:41:08.082 797 2315 I thunderperf: CompatConfig.addOverrideUnsafe: aft-state=0
03-16 10:41:08.082 797 2315 I thunderperf: CompatConfig.addOverrideUnsafe: bef-state=0
03-16 10:41:08.082 797 2315 I thunderperf: CompatConfig.addOverrideUnsafe: aft-state=0
03-16 10:41:08.083 797 2315 I thunderperf: CompatConfig.addOverrideUnsafe: bef-state=0
03-16 10:41:08.083 797 2315 I thunderperf: CompatConfig.addOverrideUnsafe: aft-state=0
03-16 10:41:08.083 797 2315 I thunderperf: CompatConfig.addOverrideUnsafe: bef-state=0
03-16 10:41:08.084 797 2315 I thunderperf: CompatConfig.addOverrideUnsafe: aft-state=0
03-16 10:41:08.084 797 2315 I thunderperf: CompatConfig.addOverrideUnsafe: bef-state=0
03-16 10:41:08.084 797 2315 I thunderperf: CompatConfig.addOverrideUnsafe: aft-state=0
03-16 10:41:08.085 797 2315 I thunderperf: CompatConfig.addOverrideUnsafe: bef-state=0
03-16 10:41:08.085 797 2315 I thunderperf: CompatConfig.addOverrideUnsafe: aft-state=0
03-16 10:41:08.085 797 2315 I thunderperf: CompatConfig.addOverrideUnsafe: bef-state=0
03-16 10:41:08.085 797 2315 I thunderperf: CompatConfig.addOverrideUnsafe: aft-state=0
03-16 10:41:08.086 797 2315 I thunderperf: CompatConfig.addOverrideUnsafe: bef-state=0
03-16 10:41:08.086 797 2315 I thunderperf: CompatConfig.addOverrideUnsafe: aft-state=0
03-16 10:41:08.087 797 2315 I thunderperf: CompatConfig.addOverrideUnsafe: bef-state=0
03-16 10:41:08.087 797 2315 I thunderperf: CompatConfig.addOverrideUnsafe: aft-state=0
03-16 10:41:08.088 797 2315 I thunderperf: CompatConfig.addOverrideUnsafe: bef-state=0
03-16 10:41:08.088 797 2315 I thunderperf: CompatConfig.addOverrideUnsafe: aft-state=0
03-16 10:41:08.088 797 2315 I thunderperf: CompatConfig.addOverrideUnsafe: bef-state=0
03-16 10:41:08.088 797 2315 I thunderperf: CompatConfig.addOverrideUnsafe: aft-state=0
03-16 10:41:08.089 797 2315 I thunderperf: CompatConfig.addOverrideUnsafe: bef-state=0
03-16 10:41:08.089 797 2315 I thunderperf: CompatConfig.addOverrideUnsafe: aft-state=0
03-16 10:41:08.089 797 2315 I thunderperf: CompatConfig.addOverrideUnsafe: bef-state=0
03-16 10:41:08.089 797 2315 I thunderperf: CompatConfig.addOverrideUnsafe: aft-state=0
03-16 10:41:08.099 797 2315 I ActivityTaskManager: START u0 {act=android.intent.action.MAIN cat=[android.intent.category.LAUNCHER] flg=0x10200000 cmp=com.huawei.appmarket/.MainActivity bnds=[940,84][1216,358]} from uid 10074
03-16 10:41:08.101 797 2315 I wm_task_moved: [38,1,16]
03-16 10:41:08.101 797 2315 I wm_task_to_front: [0,38]
03-16 10:41:08.102 797 2315 I wm_focused_root_task: [0,0,38,1,bringingFoundTaskToFront]
03-16 10:41:08.103 797 2315 I wm_set_resumed_activity: [0,com.huawei.appmarket/.MainActivity,bringingFoundTaskToFront]
03-16 10:41:08.103 797 2315 I wm_new_intent: [0,236784880,38,com.huawei.appmarket/.MainActivity,android.intent.action.MAIN,NULL,NULL,270532608]
