03-16 10:41:28.791 797 818 W WindowManager: updateScale : 0.79357797
03-16 10:41:28.793 797 818 W WindowManager: updateScale : 0.79357797
03-16 10:41:28.793 797 818 W WindowManager: updateScale : 0.79357797
03-16 10:41:28.794 2011 2236 D StartingSurfaceDrawer: Task start finish, remove starting surface for task 47
03-16 10:41:28.797 797 814 I sysui_multi_action: [319,40,321,38,322,65,325,1010,757,761,758,9,759,4,806,com.sohu.inputmethod.sogou.car,871,com.sohu.inputmethod.sogou.car.settingsui.SogouSettingsActivity,904,com.android.launcher3,905,0,1320,4,1321,2]
03-16 10:41:28.801 797 1329 I input_focus: [Focus entering c231d6e com.sohu.inputmethod.sogou.car/com.sohu.inputmethod.sogou.car.settingsui.SogouSettingsActivity (server),reason=setFocusedWindow]
03-16 10:41:28.857 797 4608 W FreeFormWindowHelper: Current Display FreeFormTask is Task{c2c5a74 #46 type=standard A=10031:com.microsoft.emmx U=0 visible=false mode=freeform translucent=true sz=1}
03-16 10:41:28.898 797 2324 W WindowManager: updateScale : 0.79357797
03-16 10:41:28.898 797 2324 W WindowManager: updateScale : 0.79357797
03-16 10:41:29.050 797 818 W WindowManager: updateScale : 0.79357797
03-16 10:41:29.051 797 818 W WindowManager: updateScale : 0.79357797
03-16 10:41:29.068 797 818 W WindowManager: updateScale : 0.79357797
03-16 10:41:29.068 797 818 W WindowManager: updateScale : 0.79357797
03-16 10:41:29.188 797 1329 I input_interaction: Interaction with: c231d6e com.sohu.inputmethod.sogou.car/com.sohu.inputmethod.sogou.car.settingsui.SogouSettingsActivity (server), edge-swipe (server), swipe-up (server), PointerEventDispatcher0 (server),
03-16 10:41:29.218 797 830 I am_uid_idle: 10028
03-16 10:41:29.218 797 830 I am_uid_idle: 10022
03-16 10:41:29.218 797 830 I am_uid_idle: 10017
03-16 10:41:29.263 797 4443 W FreeFormWindowHelper: Current Display FreeFormTask is Task{c2c5a74 #46 type=standard A=10031:com.microsoft.emmx U=0 visible=false mode=freeform translucent=true sz=1}
03-16 10:41:29.263 797 4443 W FreeFormWindowHelper: Current Display FreeFormTask is Task{c2c5a74 #46 type=standard A=10031:com.microsoft.emmx U=0 visible=false mode=freeform translucent=true sz=1}
03-16 10:41:29.267 797 2324 W FreeFormWindowHelper: Current Display FreeFormTask is Task{c2c5a74 #46 type=standard A=10031:com.microsoft.emmx U=0 visible=false mode=freeform translucent=true sz=1}
03-16 10:41:29.267 797 4443 I wm_task_moved: [1,0,0]
03-16 10:41:29.268 797 2324 W FreeFormWindowHelper: Current Display FreeFormTask is Task{c2c5a74 #46 type=standard A=10031:com.microsoft.emmx U=0 visible=false mode=freeform translucent=true sz=1}
03-16 10:41:29.268 797 4443 I wm_task_moved: [1,0,16]
03-16 10:41:29.271 797 2324 W FreeFormWindowHelper: Current Display FreeFormTask is Task{c2c5a74 #46 type=standard A=10031:com.microsoft.emmx U=0 visible=false mode=freeform translucent=true sz=1}
03-16 10:41:29.273 797 2324 W FreeFormWindowHelper: Current Display FreeFormTask is Task{c2c5a74 #46 type=standard A=10031:com.microsoft.emmx U=0 visible=false mode=freeform translucent=true sz=1}
03-16 10:41:29.273 797 4443 W WindowManager: updateScale : 0.79357797
03-16 10:41:29.273 797 4443 W WindowManager: updateScale : 0.79357797
03-16 10:41:29.277 797 4443 W WindowManager: updateScale : 0.79357797
03-16 10:41:29.277 797 4443 W WindowManager: updateScale : 0.79357797
03-16 10:41:29.283 797 4443 W FreeFormWindowHelper: Current Display FreeFormTask is Task{c2c5a74 #46 type=standard A=10031:com.microsoft.emmx U=0 visible=false mode=freeform translucent=true sz=1}
03-16 10:41:29.284 797 4443 W FreeFormWindowHelper: Current Display FreeFormTask is Task{c2c5a74 #46 type=standard A=10031:com.microsoft.emmx U=0 visible=false mode=freeform translucent=true sz=1}
03-16 10:41:29.340 5583 5583 I view_enqueue_input_event: [Motion - Cancel,com.sohu.inputmethod.sogou.car/com.sohu.inputmethod.sogou.car.settingsui.SogouSettingsActivity]
03-16 10:41:29.340 797 1329 I input_interaction: Interaction with: edge-swipe (server), swipe-up (server), PointerEventDispatcher0 (server),
03-16 10:41:29.341 797 811 W FreeFormWindowHelper: Current Display FreeFormTask is Task{c2c5a74 #46 type=standard A=10031:com.microsoft.emmx U=0 visible=false mode=freeform translucent=true sz=1}
03-16 10:41:29.342 797 811 W FreeFormWindowHelper: Current Display FreeFormTask is Task{c2c5a74 #46 type=standard A=10031:com.microsoft.emmx U=0 visible=false mode=freeform translucent=true sz=1}
03-16 10:41:29.342 797 814 D AutofillManagerService: Close system dialogs
03-16 10:41:29.381 2626 2626 I sysui_latency: [1,5]
03-16 10:41:29.381 797 818 I input_focus: [Focus request recents_animation_input_consumer,reason=UpdateInputWindows]
03-16 10:41:29.382 797 4443 W FreeFormWindowHelper: Current Display FreeFormTask is Task{c2c5a74 #46 type=standard A=10031:com.microsoft.emmx U=0 visible=false mode=freeform translucent=true sz=1}
03-16 10:41:29.383 797 4443 W FreeFormWindowHelper: Current Display FreeFormTask is Task{c2c5a74 #46 type=standard A=10031:com.microsoft.emmx U=0 visible=false mode=freeform translucent=true sz=1}
03-16 10:41:29.384 797 4443 W FreeFormWindowHelper: Current Display FreeFormTask is Task{c2c5a74 #46 type=standard A=10031:com.microsoft.emmx U=0 visible=false mode=freeform translucent=true sz=1}
03-16 10:41:29.385 797 2324 W FreeFormWindowHelper: Current Display FreeFormTask is Task{c2c5a74 #46 type=standard A=10031:com.microsoft.emmx U=0 visible=false mode=freeform translucent=true sz=1}
03-16 10:41:29.386 797 2324 W FreeFormWindowHelper: Current Display FreeFormTask is Task{c2c5a74 #46 type=standard A=10031:com.microsoft.emmx U=0 visible=false mode=freeform translucent=true sz=1}
03-16 10:41:29.386 797 2324 W FreeFormWindowHelper: Current Display FreeFormTask is Task{c2c5a74 #46 type=standard A=10031:com.microsoft.emmx U=0 visible=false mode=freeform translucent=true sz=1}
03-16 10:41:29.400 797 2324 W FreeFormWindowHelper: Current Display FreeFormTask is Task{c2c5a74 #46 type=standard A=10031:com.microsoft.emmx U=0 visible=false mode=freeform translucent=true sz=1}
03-16 10:41:29.401 797 2324 W FreeFormWindowHelper: Current Display FreeFormTask is Task{c2c5a74 #46 type=standard A=10031:com.microsoft.emmx U=0 visible=false mode=freeform translucent=true sz=1}
03-16 10:41:29.402 797 1329 I input_focus: [Focus leaving c231d6e com.sohu.inputmethod.sogou.car/com.sohu.inputmethod.sogou.car.settingsui.SogouSettingsActivity (server),reason=NOT_FOCUSABLE]
03-16 10:41:29.402 797 1329 I input_focus: [Focus entering recents_animation_input_consumer (server),reason=setFocusedWindow]
03-16 10:41:29.417 797 4443 W FreeFormWindowHelper: Current Display FreeFormTask is Task{c2c5a74 #46 type=standard A=10031:com.microsoft.emmx U=0 visible=false mode=freeform translucent=true sz=1}
03-16 10:41:29.417 797 4443 W FreeFormWindowHelper: Current Display FreeFormTask is Task{c2c5a74 #46 type=standard A=10031:com.microsoft.emmx U=0 visible=false mode=freeform translucent=true sz=1}
03-16 10:41:29.452 797 818 W WindowManager: updateScale : 0.79357797
03-16 10:41:29.452 797 818 W WindowManager: updateScale : 0.79357797
03-16 10:41:29.582 797 1297 I commit_sys_config_file: [settings-1-0,4]
03-16 10:41:29.677 797 2870 E TaskPersister: File error accessing recents directory (directory doesn't exist?).
03-16 10:41:30.037 797 818 W WindowManager: updateScale : 0.79357797
03-16 10:41:30.037 797 818 W WindowManager: updateScale : 0.79357797
03-16 10:41:30.196 797 4608 I wm_task_moved: [1,0,16]
03-16 10:41:30.197 797 4608 I wm_add_to_stopping: [0,28844568,com.android.launcher3/.uioverrides.QuickstepLauncher,makeInvisible]
03-16 10:41:30.198 797 4608 W WindowManager: updateScale : 0.79357797
03-16 10:41:30.198 797 4608 W WindowManager: updateScale : 0.79357797
03-16 10:41:30.202 797 4608 W WindowManager: updateScale : 0.79357797
03-16 10:41:30.202 797 4608 W WindowManager: updateScale : 0.79357797
03-16 10:41:30.202 797 4443 W FreeFormWindowHelper: Current Display FreeFormTask is Task{c2c5a74 #46 type=standard A=10031:com.microsoft.emmx U=0 visible=false mode=freeform translucent=true sz=1}
03-16 10:41:30.203 797 4443 W FreeFormWindowHelper: Current Display FreeFormTask is Task{c2c5a74 #46 type=standard A=10031:com.microsoft.emmx U=0 visible=false mode=freeform translucent=true sz=1}
03-16 10:41:30.204 797 818 I input_focus: [Focus request c231d6e com.sohu.inputmethod.sogou.car/com.sohu.inputmethod.sogou.car.settingsui.SogouSettingsActivity,reason=UpdateInputWindows]
03-16 10:41:30.208 797 817 I wm_stop_activity: [0,28844568,com.android.launcher3/.uioverrides.QuickstepLauncher]
03-16 10:41:30.220 797 1329 I input_focus: [Focus leaving recents_animation_input_consumer (server),reason=NOT_VISIBLE]
03-16 10:41:30.221 797 1329 I input_focus: [Focus entering c231d6e com.sohu.inputmethod.sogou.car/com.sohu.inputmethod.sogou.car.settingsui.SogouSettingsActivity (server),reason=setFocusedWindow]
03-16 10:41:30.225 797 4443 W FreeFormWindowHelper: Current Display FreeFormTask is Task{c2c5a74 #46 type=standard A=10031:com.microsoft.emmx U=0 visible=false mode=freeform translucent=true sz=1}
03-16 10:41:30.226 797 2324 W FreeFormWindowHelper: Current Display FreeFormTask is Task{c2c5a74 #46 type=standard A=10031:com.microsoft.emmx U=0 visible=false mode=freeform translucent=true sz=1}
03-16 10:41:30.242 797 2921 W WindowManager: updateScale : 0.79357797
03-16 10:41:30.242 797 2921 W WindowManager: updateScale : 0.79357797
03-16 10:41:30.247 797 2921 W FreeFormWindowHelper: Current Display FreeFormTask is Task{c2c5a74 #46 type=standard A=10031:com.microsoft.emmx U=0 visible=false mode=freeform translucent=true sz=1}
03-16 10:41:30.247 797 2921 W FreeFormWindowHelper: Current Display FreeFormTask is Task{c2c5a74 #46 type=standard A=10031:com.microsoft.emmx U=0 visible=false mode=freeform translucent=true sz=1}
03-16 10:41:30.249 797 2921 W FreeFormWindowHelper: exitRecentTasks type=0
03-16 10:41:30.252 2626 2626 I wm_on_stop_called: [28844568,com.android.launcher3.uioverrides.QuickstepLauncher,STOP_ACTIVITY_ITEM]
03-16 10:41:30.457 797 1297 I commit_sys_config_file: [settings-1-0,6]
03-16 10:41:30.537 797 1329 I input_interaction: Interaction with: c231d6e com.sohu.inputmethod.sogou.car/com.sohu.inputmethod.sogou.car.settingsui.SogouSettingsActivity (server), edge-swipe (server), swipe-up (server), PointerEventDispatcher0 (server),
03-16 10:41:30.615 797 2921 W FreeFormWindowHelper: Current Display FreeFormTask is Task{c2c5a74 #46 type=standard A=10031:com.microsoft.emmx U=0 visible=false mode=freeform translucent=true sz=1}
03-16 10:41:30.616 797 2921 I wm_task_moved: [1,0,0]
03-16 10:41:30.616 797 2921 I wm_task_moved: [1,0,16]
03-16 10:41:30.617 797 4443 W FreeFormWindowHelper: Current Display FreeFormTask is Task{c2c5a74 #46 type=standard A=10031:com.microsoft.emmx U=0 visible=false mode=freeform translucent=true sz=1}
03-16 10:41:30.618 797 4443 W FreeFormWindowHelper: Current Display FreeFormTask is Task{c2c5a74 #46 type=standard A=10031:com.microsoft.emmx U=0 visible=false mode=freeform translucent=true sz=1}
03-16 10:41:30.620 797 2921 W WindowManager: updateScale : 0.79357797
03-16 10:41:30.620 797 2921 W WindowManager: updateScale : 0.79357797
03-16 10:41:30.624 2626 2626 I wm_on_restart_called: [28844568,com.android.launcher3.uioverrides.QuickstepLauncher,performRestartActivity]
03-16 10:41:30.626 797 4443 W FreeFormWindowHelper: Current Display FreeFormTask is Task{c2c5a74 #46 type=standard A=10031:com.microsoft.emmx U=0 visible=false mode=freeform translucent=true sz=1}
03-16 10:41:30.627 797 4443 W FreeFormWindowHelper: Current Display FreeFormTask is Task{c2c5a74 #46 type=standard A=10031:com.microsoft.emmx U=0 visible=false mode=freeform translucent=true sz=1}
03-16 10:41:30.639 797 4443 W FreeFormWindowHelper: Current Display FreeFormTask is Task{c2c5a74 #46 type=standard A=10031:com.microsoft.emmx U=0 visible=false mode=freeform translucent=true sz=1}
03-16 10:41:30.642 2626 2626 I wm_on_start_called: [28844568,com.android.launcher3.uioverrides.QuickstepLauncher,handleStartActivity]
03-16 10:41:30.646 797 2921 W WindowManager: updateScale : 0.79357797
03-16 10:41:30.646 797 2921 W WindowManager: updateScale : 0.79357797
03-16 10:41:30.651 797 2921 W FreeFormWindowHelper: Current Display FreeFormTask is Task{c2c5a74 #46 type=standard A=10031:com.microsoft.emmx U=0 visible=false mode=freeform translucent=true sz=1}
03-16 10:41:30.651 797 2921 W FreeFormWindowHelper: Current Display FreeFormTask is Task{c2c5a74 #46 type=standard A=10031:com.microsoft.emmx U=0 visible=false mode=freeform translucent=true sz=1}
03-16 10:41:30.656 797 818 W WindowManager: updateScale : 0.79357797
03-16 10:41:30.657 797 818 W WindowManager: updateScale : 0.79357797
03-16 10:41:30.658 797 818 W WindowManager: updateScale : 0.79357797
03-16 10:41:30.658 797 818 W WindowManager: updateScale : 0.79357797
03-16 10:41:30.659 797 2324 W FreeFormWindowHelper: Current Display FreeFormTask is Task{c2c5a74 #46 type=standard A=10031:com.microsoft.emmx U=0 visible=false mode=freeform translucent=true sz=1}
03-16 10:41:30.659 797 4443 W FreeFormWindowHelper: Current Display FreeFormTask is Task{c2c5a74 #46 type=standard A=10031:com.microsoft.emmx U=0 visible=false mode=freeform translucent=true sz=1}
03-16 10:41:30.660 797 818 W WindowManager: updateScale : 0.79357797
03-16 10:41:30.660 797 818 W WindowManager: updateScale : 0.79357797
03-16 10:41:30.664 797 814 I sysui_multi_action: [319,9,322,43,325,1012,757,761,758,9,759,5,806,com.android.launcher3,871,com.android.launcher3.uioverrides.QuickstepLauncher,905,0,1320,4,1321,1]
03-16 10:41:30.673 5583 5583 I view_enqueue_input_event: [Motion - Cancel,com.sohu.inputmethod.sogou.car/com.sohu.inputmethod.sogou.car.settingsui.SogouSettingsActivity]
03-16 10:41:30.674 2626 2626 I sysui_latency: [1,49]
03-16 10:41:30.675 797 818 I input_focus: [Focus request recents_animation_input_consumer,reason=UpdateInputWindows]
03-16 10:41:30.675 797 4443 W FreeFormWindowHelper: Current Display FreeFormTask is Task{c2c5a74 #46 type=standard A=10031:com.microsoft.emmx U=0 visible=false mode=freeform translucent=true sz=1}
03-16 10:41:30.675 797 814 D AutofillManagerService: Close system dialogs
03-16 10:41:30.676 797 4443 W FreeFormWindowHelper: Current Display FreeFormTask is Task{c2c5a74 #46 type=standard A=10031:com.microsoft.emmx U=0 visible=false mode=freeform translucent=true sz=1}
03-16 10:41:30.685 797 1329 I input_interaction: Interaction with: edge-swipe (server), swipe-up (server), PointerEventDispatcher0 (server),
03-16 10:41:30.686 797 4443 W FreeFormWindowHelper: Current Display FreeFormTask is Task{c2c5a74 #46 type=standard A=10031:com.microsoft.emmx U=0 visible=false mode=freeform translucent=true sz=1}
03-16 10:41:30.687 797 4443 W FreeFormWindowHelper: Current Display FreeFormTask is Task{c2c5a74 #46 type=standard A=10031:com.microsoft.emmx U=0 visible=false mode=freeform translucent=true sz=1}
03-16 10:41:30.703 797 4443 W FreeFormWindowHelper: Current Display FreeFormTask is Task{c2c5a74 #46 type=standard A=10031:com.microsoft.emmx U=0 visible=false mode=freeform translucent=true sz=1}
03-16 10:41:30.704 797 4443 W FreeFormWindowHelper: Current Display FreeFormTask is Task{c2c5a74 #46 type=standard A=10031:com.microsoft.emmx U=0 visible=false mode=freeform translucent=true sz=1}
03-16 10:41:30.704 797 1329 I input_focus: [Focus leaving c231d6e com.sohu.inputmethod.sogou.car/com.sohu.inputmethod.sogou.car.settingsui.SogouSettingsActivity (server),reason=NOT_FOCUSABLE]
03-16 10:41:30.705 797 1329 I input_focus: [Focus entering recents_animation_input_consumer (server),reason=setFocusedWindow]
03-16 10:41:30.754 797 818 W WindowManager: updateScale : 0.79357797
03-16 10:41:30.754 797 818 W WindowManager: updateScale : 0.79357797
03-16 10:41:30.843 797 1297 I commit_sys_config_file: [settings-1-0,5]
03-16 10:41:30.959 797 822 I sysui_latency: [8,53]
03-16 10:41:31.037 797 4443 W FreeFormWindowHelper: exitRecentTasks type=0
03-16 10:41:31.050 797 2921 W FreeFormWindowHelper: Current Display FreeFormTask is Task{c2c5a74 #46 type=standard A=10031:com.microsoft.emmx U=0 visible=false mode=freeform translucent=true sz=1}
03-16 10:41:31.051 797 2921 W FreeFormWindowHelper: Current Display FreeFormTask is Task{c2c5a74 #46 type=standard A=10031:com.microsoft.emmx U=0 visible=false mode=freeform translucent=true sz=1}
03-16 10:41:31.249 797 1297 I commit_sys_config_file: [settings-1-0,4]
03-16 10:41:31.664 797 1329 I input_interaction: Interaction with: 43bd4f8 com.microsoft.emmx/com.microsoft.edge.fre.MicrosoftFirstRunActivity (server), edge-swipe (server), swipe-up (server), PointerEventDispatcher0 (server),
03-16 10:41:31.667 797 817 I wm_task_moved: [46,1,17]
03-16 10:41:31.667 797 817 I wm_task_to_front: [0,46]
03-16 10:41:31.669 797 817 W WindowManager: updateScale : 0.79357797
03-16 10:41:31.669 797 817 W WindowManager: updateScale : 0.79357797
03-16 10:41:31.674 797 2921 W FreeFormWindowHelper: Current Display FreeFormTask is Task{c2c5a74 #46 type=standard A=10031:com.microsoft.emmx U=0 visible=true mode=freeform translucent=true sz=1}
03-16 10:41:31.675 797 817 I wm_set_resumed_activity: [0,com.microsoft.emmx/com.microsoft.edge.fre.MicrosoftFirstRunActivity,positionChildAt]
03-16 10:41:31.675 797 4608 W FreeFormWindowHelper: Current Display FreeFormTask is Task{c2c5a74 #46 type=standard A=10031:com.microsoft.emmx U=0 visible=true mode=freeform translucent=true sz=1}
03-16 10:41:31.675 5583 5583 I wm_on_top_resumed_lost_called: [216744215,com.sohu.inputmethod.sogou.car.settingsui.SogouSettingsActivity,topStateChangedWhenResumed]
03-16 10:41:31.677 797 817 I wm_focused_root_task: [0,0,46,47,setFocusedTask]
03-16 10:41:31.677 797 817 I wm_set_resumed_activity: [0,com.microsoft.emmx/com.microsoft.edge.fre.MicrosoftFirstRunActivity,setFocusedTask]
03-16 10:41:31.678 797 817 I ActivityTaskManager: FOREGROUND_APPLICATION_CHANGED to com.microsoft.edge.fre.MicrosoftFirstRunActivity
03-16 10:41:31.680 797 818 I input_focus: [Focus request 43bd4f8 com.microsoft.emmx/com.microsoft.edge.fre.MicrosoftFirstRunActivity,reason=UpdateInputWindows]
03-16 10:41:31.680 4536 4536 I wm_on_top_resumed_gained_called: [204082077,com.microsoft.edge.fre.MicrosoftFirstRunActivity,topStateChangedWhenResumed]
03-16 10:41:31.692 797 2921 I wm_task_moved: [1,1,17]
03-16 10:41:31.694 797 2921 I wm_task_moved: [13,1,2147483647]
03-16 10:41:31.694 797 2921 I wm_task_to_front: [0,13]
03-16 10:41:31.694 797 2921 I wm_focused_root_task: [0,0,1,46,RecentsAnimation.onAnimationFinished()]
03-16 10:41:31.695 4536 4536 I wm_on_top_resumed_lost_called: [204082077,com.microsoft.edge.fre.MicrosoftFirstRunActivity,topStateChangedWhenResumed]
03-16 10:41:31.695 797 2921 I wm_set_resumed_activity: [0,com.android.launcher3/.uioverrides.QuickstepLauncher,RecentsAnimation.onAnimationFinished()]
03-16 10:41:31.696 797 2921 I wm_pause_activity: [0,216744215,com.sohu.inputmethod.sogou.car/.settingsui.SogouSettingsActivity,userLeaving=true,pauseBackTasks]
03-16 10:41:31.697 797 2921 I wm_add_to_stopping: [0,216744215,com.sohu.inputmethod.sogou.car/.settingsui.SogouSettingsActivity,makeInvisible]
03-16 10:41:31.698 5583 5583 I wm_on_paused_called: [216744215,com.sohu.inputmethod.sogou.car.settingsui.SogouSettingsActivity,performPause]
03-16 10:41:31.698 797 2921 I ActivityTaskManager: FOREGROUND_APPLICATION_CHANGED to com.android.launcher3.uioverrides.QuickstepLauncher
03-16 10:41:31.698 797 2921 I wm_set_resumed_activity: [0,com.android.launcher3/.uioverrides.QuickstepLauncher,resumeTopActivityInnerLocked]
03-16 10:41:31.702 797 2921 I wm_resume_activity: [0,28844568,13,com.android.launcher3/.uioverrides.QuickstepLauncher]
03-16 10:41:31.704 797 2921 W WindowManager: updateScale : 0.79357797
03-16 10:41:31.704 797 2921 W WindowManager: updateScale : 0.79357797
03-16 10:41:31.707 797 1329 I input_focus: [Focus leaving recents_animation_input_consumer (server),reason=setFocusedWindow]
03-16 10:41:31.707 797 1329 I input_focus: [Focus entering 43bd4f8 com.microsoft.emmx/com.microsoft.edge.fre.MicrosoftFirstRunActivity (server),reason=setFocusedWindow]
03-16 10:41:31.709 797 2921 W WindowManager: updateScale : 0.79357797
03-16 10:41:31.709 797 2921 W WindowManager: updateScale : 0.79357797
03-16 10:41:31.711 2626 2626 I wm_on_resume_called: [28844568,com.android.launcher3.uioverrides.QuickstepLauncher,RESUME_ACTIVITY]
03-16 10:41:31.711 797 818 I input_focus: [Focus request efa3eda com.android.launcher3/com.android.launcher3.uioverrides.QuickstepLauncher,reason=UpdateInputWindows]
03-16 10:41:31.720 797 817 I wm_stop_activity: [0,216744215,com.sohu.inputmethod.sogou.car/.settingsui.SogouSettingsActivity]
03-16 10:41:31.729 797 817 I sysui_multi_action: [757,803,799,window_time_0,802,3]
03-16 10:41:31.730 2626 2626 I wm_on_top_resumed_gained_called: [28844568,com.android.launcher3.uioverrides.QuickstepLauncher,topStateChangedWhenResumed]
03-16 10:41:31.730 797 4443 W WindowManager: updateScale : 0.79357797
03-16 10:41:31.730 797 4443 W WindowManager: updateScale : 0.79357797
03-16 10:41:31.734 797 817 I sysui_multi_action: [757,803,799,window_time_0,802,0]
03-16 10:41:31.737 5583 5583 I wm_on_stop_called: [216744215,com.sohu.inputmethod.sogou.car.settingsui.SogouSettingsActivity,STOP_ACTIVITY_ITEM]
03-16 10:41:31.740 797 4608 W WindowManager: updateScale : 0.79357797
03-16 10:41:31.740 797 4608 W WindowManager: updateScale : 0.79357797
03-16 10:41:31.741 797 1329 I input_focus: [Focus leaving 43bd4f8 com.microsoft.emmx/com.microsoft.edge.fre.MicrosoftFirstRunActivity (server),reason=setFocusedWindow]
03-16 10:41:31.741 797 1329 I input_focus: [Focus entering efa3eda com.android.launcher3/com.android.launcher3.uioverrides.QuickstepLauncher (server),reason=setFocusedWindow]
03-16 10:41:31.813 797 811 W FreeFormWindowHelper: Current Display FreeFormTask is Task{c2c5a74 #46 type=standard A=10031:com.microsoft.emmx U=0 visible=false mode=freeform translucent=true sz=1}
01-01 23:59:49.356 0 0 E DTC_ETH,link_delay_work_func: 3003, SQI=0, link=0
03-16 10:41:32.988 797 1329 I input_interaction: Interaction with: efa3eda com.android.launcher3/com.android.launcher3.uioverrides.QuickstepLauncher (server), eb1e2e4 com.android.systemui.ImageWallpaper (server), edge-swipe (server), swipe-up (server), PointerEventDispatcher0 (server),
03-16 10:41:33.075 797 2921 I thunderperf: PlatormCompat.setOverrides: Uid1=10074 Pid1=2626 Uid2=10074 Pid2=2626
03-16 10:41:33.075 797 2921 I thunderperf: PlatormCompat.setOverrides: needCheck:false
03-16 10:41:33.075 797 2921 I thunderperf: CompatConfig.addOverrideUnsafe: bef-state=0
03-16 10:41:33.075 797 2921 I thunderperf: CompatConfig.addOverrideUnsafe: aft-state=0
03-16 10:41:33.076 797 2921 I thunderperf: CompatConfig.addOverrideUnsafe: bef-state=0
03-16 10:41:33.076 797 2921 I thunderperf: CompatConfig.addOverrideUnsafe: aft-state=0
03-16 10:41:33.077 797 2921 I thunderperf: CompatConfig.addOverrideUnsafe: bef-state=0
03-16 10:41:33.077 797 2921 I thunderperf: CompatConfig.addOverrideUnsafe: aft-state=0
03-16 10:41:33.077 797 2921 I thunderperf: CompatConfig.addOverrideUnsafe: bef-state=0
03-16 10:41:33.077 797 2921 I thunderperf: CompatConfig.addOverrideUnsafe: aft-state=0
03-16 10:41:33.077 797 2921 I thunderperf: CompatConfig.addOverrideUnsafe: bef-state=0
03-16 10:41:33.078 797 2921 I thunderperf: CompatConfig.addOverrideUnsafe: aft-state=0
03-16 10:41:33.078 797 2921 I thunderperf: CompatConfig.addOverrideUnsafe: bef-state=0
03-16 10:41:33.078 797 2921 I thunderperf: CompatConfig.addOverrideUnsafe: aft-state=0
03-16 10:41:33.078 797 2921 I thunderperf: CompatConfig.addOverrideUnsafe: bef-state=0
03-16 10:41:33.078 797 2921 I thunderperf: CompatConfig.addOverrideUnsafe: aft-state=0
03-16 10:41:33.079 797 2921 I thunderperf: CompatConfig.addOverrideUnsafe: bef-state=0
03-16 10:41:33.079 797 2921 I thunderperf: CompatConfig.addOverrideUnsafe: aft-state=0
03-16 10:41:33.079 797 2921 I thunderperf: CompatConfig.addOverrideUnsafe: bef-state=0
03-16 10:41:33.079 797 2921 I thunderperf: CompatConfig.addOverrideUnsafe: aft-state=0
03-16 10:41:33.080 797 2921 I thunderperf: CompatConfig.addOverrideUnsafe: bef-state=0
03-16 10:41:33.080 797 2921 I thunderperf: CompatConfig.addOverrideUnsafe: aft-state=0
03-16 10:41:33.080 797 2921 I thunderperf: CompatConfig.addOverrideUnsafe: bef-state=0
03-16 10:41:33.080 797 2921 I thunderperf: CompatConfig.addOverrideUnsafe: aft-state=0
03-16 10:41:33.081 797 2921 I thunderperf: CompatConfig.addOverrideUnsafe: bef-state=0
03-16 10:41:33.081 797 2921 I thunderperf: CompatConfig.addOverrideUnsafe: aft-state=0
03-16 10:41:33.081 797 2921 I thunderperf: CompatConfig.addOverrideUnsafe: bef-state=0
03-16 10:41:33.081 797 2921 I thunderperf: CompatConfig.addOverrideUnsafe: aft-state=0
03-16 10:41:33.081 797 2921 I thunderperf: CompatConfig.addOverrideUnsafe: bef-state=0
03-16 10:41:33.081 797 2921 I thunderperf: CompatConfig.addOverrideUnsafe: aft-state=0
03-16 10:41:33.089 797 2921 I ActivityTaskManager: START u0 {act=android.intent.action.MAIN cat=[android.intent.category.LAUNCHER] flg=0x10200000 cmp=com.android.settings/.Settings bnds=[2128,710][2314,910]} from uid 10074
03-16 10:41:33.097 797 2921 I wm_task_moved: [27,1,17]
03-16 10:41:33.097 797 2921 I wm_task_to_front: [0,27]
03-16 10:41:33.098 797 2921 I wm_focused_root_task: [0,0,27,1,bringingFoundTaskToFront]
03-16 10:41:33.098 797 2921 I wm_set_resumed_activity: [0,com.android.settings/.Settings,bringingFoundTaskToFront]
03-16 10:41:33.099 797 2921 I wm_new_intent: [0,8399530,27,com.android.settings/.Settings,android.intent.action.MAIN,NULL,NULL,270532608]
03-16 10:41:33.100 797 2921 I wm_pause_activity: [0,28844568,com.android.launcher3/.uioverrides.QuickstepLauncher,userLeaving=true,pauseBackTasks]
03-16 10:41:33.101 2011 2236 D PhoneStartingWindowTypeAlgorithm: preferredStartingWindowType newTask:false taskSwitch:true processRunning:true allowTaskSnapshot:true activityCreated:true useEmptySplashScreen:false legacySplashScreen:false topIsHome:false
03-16 10:41:33.101 2011 2236 D PhoneStartingWindowTypeAlgorithm: isSnapshotCompatible rotation 0 snapshot 0
03-16 10:41:33.101 797 2921 W WindowManager: updateScale : 0.79357797
03-16 10:41:33.102 797 2921 W WindowManager: updateScale : 0.79357797
03-16 10:41:33.106 797 2921 W FreeFormWindowHelper: Current Display FreeFormTask is Task{c2c5a74 #46 type=standard A=10031:com.microsoft.emmx U=0 visible=false mode=freeform translucent=true sz=1}
03-16 10:41:33.108 2626 2626 I wm_on_top_resumed_lost_called: [28844568,com.android.launcher3.uioverrides.QuickstepLauncher,topStateChangedWhenResumed]
03-16 10:41:33.110 797 2324 W WindowManager: updateScale : 0.79357797
03-16 10:41:33.110 797 2324 W WindowManager: updateScale : 0.79357797
03-16 10:41:33.113 2626 2626 I wm_on_paused_called: [28844568,com.android.launcher3.uioverrides.QuickstepLauncher,performPause]
03-16 10:41:33.114 797 811 I ActivityTaskManager: FOREGROUND_APPLICATION_CHANGED to com.android.settings.homepage.SettingsHomepageActivity
03-16 10:41:33.116 797 811 I wm_set_resumed_activity: [0,com.android.settings/.Settings,resumeTopActivityInnerLocked]
03-16 10:41:33.116 797 811 I wm_add_to_stopping: [0,28844568,com.android.launcher3/.uioverrides.QuickstepLauncher,makeInvisible]
03-16 10:41:33.122 797 811 I wm_resume_activity: [0,8399530,27,com.android.settings/.Settings]
03-16 10:41:33.130 797 2324 W WindowManager: updateScale : 0.79357797
03-16 10:41:33.130 797 2324 W WindowManager: updateScale : 0.79357797
03-16 10:41:33.134 797 2324 W WindowManager: updateScale : 0.79357797
03-16 10:41:33.134 797 2324 W WindowManager: updateScale : 0.79357797
03-16 10:41:33.135 797 2324 W WindowManager: updateScale : 0.79357797
03-16 10:41:33.135 797 2324 W WindowManager: updateScale : 0.79357797
03-16 10:41:33.139 2471 2471 I wm_on_restart_called: [8399530,com.android.settings.Settings,performRestartActivity]
03-16 10:41:33.140 797 817 I sysui_multi_action: [757,803,799,window_time_0,802,1]
03-16 10:41:33.146 797 1329 I input_focus: [Focus leaving efa3eda com.android.launcher3/com.android.launcher3.uioverrides.QuickstepLauncher (server),reason=NO_WINDOW]
03-16 10:41:33.148 2471 2471 I wm_on_start_called: [8399530,com.android.settings.Settings,handleStartActivity]
03-16 10:41:33.148 2471 2471 I snet_event_log: [120484087,-1,]
03-16 10:41:33.149 2471 2471 I wm_on_resume_called: [8399530,com.android.settings.Settings,RESUME_ACTIVITY]
03-16 10:41:33.149 2471 2471 I sysui_multi_action: [757,35,758,1,833,0,1089,0]
03-16 10:41:33.159 2471 2471 I sysui_multi_action: [757,746,758,1,833,0,1089,0]
03-16 10:41:33.159 797 4443 D TelephonyRegistry: listen oscl: mHasNotifySubscriptionInfoChangedOccurred==false no callback
03-16 10:41:33.161 797 2434 D TelephonyRegistry: listen oscl: mHasNotifySubscriptionInfoChangedOccurred==false no callback
03-16 10:41:33.167 2471 2471 I wm_on_top_resumed_gained_called: [8399530,com.android.settings.Settings,topWhenResuming]
03-16 10:41:33.169 797 4608 W WindowManager: updateScale : 0.79357797
03-16 10:41:33.169 797 4608 W WindowManager: updateScale : 0.79357797
03-16 10:41:33.172 797 818 I input_focus: [Focus request c027675 com.android.settings/com.android.settings.Settings,reason=UpdateInputWindows]
03-16 10:41:33.186 797 818 W WindowManager: updateScale : 0.79357797
03-16 10:41:33.186 797 818 W WindowManager: updateScale : 0.79357797
03-16 10:41:33.187 797 818 W WindowManager: updateScale : 0.79357797
03-16 10:41:33.187 797 818 W WindowManager: updateScale : 0.79357797
03-16 10:41:33.187 2011 2236 D StartingSurfaceDrawer: Task start finish, remove starting surface for task 27
03-16 10:41:33.194 797 814 I sysui_multi_action: [319,45,321,41,322,98,325,1014,757,761,758,9,759,4,806,com.android.settings,871,com.android.settings.Settings,904,com.android.launcher3,905,0,1320,4,1321,1]
03-16 10:41:33.194 797 1329 I input_focus: [Focus entering c027675 com.android.settings/com.android.settings.Settings (server),reason=setFocusedWindow]
03-16 10:41:33.223 797 4443 W FreeFormWindowHelper: Current Display FreeFormTask is Task{c2c5a74 #46 type=standard A=10031:com.microsoft.emmx U=0 visible=false mode=freeform translucent=true sz=1}
03-16 10:41:33.227 4218 4218 I auditd : type=1400 audit(0.0:4068): avc: denied { call } for comm="CodecLooper" scontext=u:r:su:s0 tcontext=u:r:mediacodec:s0 tclass=binder permissive=1
01-01 23:59:49.631 0 0 I [schedu][0x48bd6bf5e][10:41:33.236494] wlan: [3549:I:OSIF] scan start scan id 40971
03-16 10:41:33.292 797 2921 W WindowManager: updateScale : 0.79357797
03-16 10:41:33.292 797 2921 W WindowManager: updateScale : 0.79357797
03-16 10:41:33.443 797 818 W WindowManager: updateScale : 0.79357797
03-16 10:41:33.444 797 818 W WindowManager: updateScale : 0.79357797
03-16 10:41:33.460 797 818 W WindowManager: updateScale : 0.79357797
03-16 10:41:33.460 797 818 W WindowManager: updateScale : 0.79357797
03-16 10:41:33.469 797 1329 I input_interaction: Interaction with: c027675 com.android.settings/com.android.settings.Settings (server), edge-swipe (server), swipe-up (server), PointerEventDispatcher0 (server),
03-16 10:41:33.669 797 818 W WindowManager: updateScale : 0.79357797
03-16 10:41:33.669 797 818 W WindowManager: updateScale : 0.79357797
03-16 10:41:33.672 797 817 I wm_stop_activity: [0,28844568,com.android.launcher3/.uioverrides.QuickstepLauncher]
03-16 10:41:33.672 797 2012 W WindowManager: updateScale : 0.79357797
03-16 10:41:33.673 797 2012 W WindowManager: updateScale : 0.79357797
03-16 10:41:33.708 2626 2626 I wm_on_stop_called: [28844568,com.android.launcher3.uioverrides.QuickstepLauncher,STOP_ACTIVITY_ITEM]
03-16 10:41:33.714 797 4443 W WindowManager: updateScale : 0.79357797
03-16 10:41:33.714 797 4443 W WindowManager: updateScale : 0.79357797
03-16 10:41:33.732 797 818 W WindowManager: updateScale : 0.79357797
03-16 10:41:33.732 797 818 W WindowManager: updateScale : 0.79357797
03-16 10:41:34.086 797 4443 W FreeFormWindowHelper: Current Display FreeFormTask is Task{c2c5a74 #46 type=standard A=10031:com.microsoft.emmx U=0 visible=false mode=freeform translucent=true sz=1}
03-16 10:41:34.086 797 2012 I wm_task_moved: [1,0,0]
03-16 10:41:34.087 797 4443 W FreeFormWindowHelper: Current Display FreeFormTask is Task{c2c5a74 #46 type=standard A=10031:com.microsoft.emmx U=0 visible=false mode=freeform translucent=true sz=1}
03-16 10:41:34.087 797 2012 I wm_task_moved: [1,0,16]
03-16 10:41:34.088 2471 2471 I view_enqueue_input_event: [Motion - Cancel,com.android.settings/com.android.settings.Settings]
03-16 10:41:34.092 797 2012 W WindowManager: updateScale : 0.79357797
03-16 10:41:34.092 797 4443 W FreeFormWindowHelper: Current Display FreeFormTask is Task{c2c5a74 #46 type=standard A=10031:com.microsoft.emmx U=0 visible=false mode=freeform translucent=true sz=1}
03-16 10:41:34.092 797 2012 W WindowManager: updateScale : 0.79357797
03-16 10:41:34.093 797 4443 W FreeFormWindowHelper: Current Display FreeFormTask is Task{c2c5a74 #46 type=standard A=10031:com.microsoft.emmx U=0 visible=false mode=freeform translucent=true sz=1}
03-16 10:41:34.094 2626 2626 I wm_on_restart_called: [28844568,com.android.launcher3.uioverrides.QuickstepLauncher,performRestartActivity]
03-16 10:41:34.094 797 4443 W FreeFormWindowHelper: Current Display FreeFormTask is Task{c2c5a74 #46 type=standard A=10031:com.microsoft.emmx U=0 visible=false mode=freeform translucent=true sz=1}
03-16 10:41:34.095 797 4443 W FreeFormWindowHelper: Current Display FreeFormTask is Task{c2c5a74 #46 type=standard A=10031:com.microsoft.emmx U=0 visible=false mode=freeform translucent=true sz=1}
03-16 10:41:34.102 797 1329 I input_interaction: Interaction with: edge-swipe (server), swipe-up (server), PointerEventDispatcher0 (server),
03-16 10:41:34.103 797 814 D AutofillManagerService: Close system dialogs
03-16 10:41:34.122 2626 2626 I wm_on_start_called: [28844568,com.android.launcher3.uioverrides.QuickstepLauncher,handleStartActivity]
03-16 10:41:34.124 797 818 I input_focus: [Focus request recents_animation_input_consumer,reason=UpdateInputWindows]
03-16 10:41:34.125 797 2434 W WindowManager: updateScale : 0.79357797
03-16 10:41:34.125 797 2434 W WindowManager: updateScale : 0.79357797
03-16 10:41:34.129 797 1329 I input_focus: [Focus leaving c027675 com.android.settings/com.android.settings.Settings (server),reason=NOT_FOCUSABLE]
03-16 10:41:34.129 797 1329 I input_focus: [Focus entering recents_animation_input_consumer (server),reason=setFocusedWindow]
03-16 10:41:34.129 797 2921 W FreeFormWindowHelper: Current Display FreeFormTask is Task{c2c5a74 #46 type=standard A=10031:com.microsoft.emmx U=0 visible=false mode=freeform translucent=true sz=1}
03-16 10:41:34.130 797 2921 W FreeFormWindowHelper: Current Display FreeFormTask is Task{c2c5a74 #46 type=standard A=10031:com.microsoft.emmx U=0 visible=false mode=freeform translucent=true sz=1}
03-16 10:41:34.133 2626 2626 I sysui_latency: [1,58]
03-16 10:41:34.139 797 818 W WindowManager: updateScale : 0.79357797
03-16 10:41:34.139 797 818 W WindowManager: updateScale : 0.79357797
03-16 10:41:34.140 797 818 W WindowManager: updateScale : 0.79357797
03-16 10:41:34.140 797 818 W WindowManager: updateScale : 0.79357797
03-16 10:41:34.142 797 818 W WindowManager: updateScale : 0.79357797
03-16 10:41:34.142 797 818 W WindowManager: updateScale : 0.79357797
03-16 10:41:34.143 797 2921 W WindowManager: updateScale : 0.79357797
03-16 10:41:34.144 797 2921 W WindowManager: updateScale : 0.79357797
03-16 10:41:34.147 797 2921 W FreeFormWindowHelper: Current Display FreeFormTask is Task{c2c5a74 #46 type=standard A=10031:com.microsoft.emmx U=0 visible=false mode=freeform translucent=true sz=1}
03-16 10:41:34.147 797 2921 W FreeFormWindowHelper: Current Display FreeFormTask is Task{c2c5a74 #46 type=standard A=10031:com.microsoft.emmx U=0 visible=false mode=freeform translucent=true sz=1}
03-16 10:41:34.153 797 2434 W FreeFormWindowHelper: Current Display FreeFormTask is Task{c2c5a74 #46 type=standard A=10031:com.microsoft.emmx U=0 visible=false mode=freeform translucent=true sz=1}
03-16 10:41:34.153 797 814 I sysui_multi_action: [319,9,322,54,325,1015,757,761,758,9,759,5,806,com.android.launcher3,871,com.android.launcher3.uioverrides.QuickstepLauncher,905,0,1320,4,1321,1]
03-16 10:41:34.153 797 2434 W FreeFormWindowHelper: Current Display FreeFormTask is Task{c2c5a74 #46 type=standard A=10031:com.microsoft.emmx U=0 visible=false mode=freeform translucent=true sz=1}
03-16 10:41:34.164 797 2921 W WindowManager: updateScale : 0.79357797
03-16 10:41:34.164 797 2921 W WindowManager: updateScale : 0.79357797
03-16 10:41:34.164 797 2921 W WindowManager: updateScale : 0.79357797
03-16 10:41:34.164 797 2921 W WindowManager: updateScale : 0.79357797
03-16 10:41:34.324 797 1297 I commit_sys_config_file: [settings-1-0,3]
01-01 23:59:50.798 0 0 I [schedu][0x48d2ca311][10:41:34.403477] wlan: [3549:I:OSIF] vdev 0, scan id 40971 type COMPLETED(1) reason COMPLETED(1) scan found 19 bss
03-16 10:41:34.443 797 822 I sysui_latency: [8,65]
03-16 10:41:34.832 797 818 W WindowManager: updateScale : 0.79357797
03-16 10:41:34.832 797 818 W WindowManager: updateScale : 0.79357797
03-16 10:41:34.837 797 2434 W WindowManager: updateScale : 0.79357797
03-16 10:41:34.837 797 2434 W WindowManager: updateScale : 0.79357797
03-16 10:41:34.975 797 2434 I wm_task_moved: [1,0,16]
03-16 10:41:34.976 797 2434 I wm_add_to_stopping: [0,28844568,com.android.launcher3/.uioverrides.QuickstepLauncher,makeInvisible]
03-16 10:41:34.977 797 2434 W WindowManager: updateScale : 0.79357797
03-16 10:41:34.977 797 2434 W WindowManager: updateScale : 0.79357797
03-16 10:41:34.981 797 2434 W WindowManager: updateScale : 0.79357797
03-16 10:41:34.981 797 2434 W WindowManager: updateScale : 0.79357797
03-16 10:41:34.983 797 818 I input_focus: [Focus request c027675 com.android.settings/com.android.settings.Settings,reason=UpdateInputWindows]
03-16 10:41:34.984 797 2921 W FreeFormWindowHelper: Current Display FreeFormTask is Task{c2c5a74 #46 type=standard A=10031:com.microsoft.emmx U=0 visible=false mode=freeform translucent=true sz=1}
03-16 10:41:34.984 797 817 I wm_stop_activity: [0,28844568,com.android.launcher3/.uioverrides.QuickstepLauncher]
03-16 10:41:34.984 797 2921 W FreeFormWindowHelper: Current Display FreeFormTask is Task{c2c5a74 #46 type=standard A=10031:com.microsoft.emmx U=0 visible=false mode=freeform translucent=true sz=1}
03-16 10:41:34.991 797 1329 I input_focus: [Focus leaving recents_animation_input_consumer (server),reason=NOT_VISIBLE]
03-16 10:41:34.997 797 1329 I input_focus: [Focus entering c027675 com.android.settings/com.android.settings.Settings (server),reason=setFocusedWindow]
03-16 10:41:35.004 797 2434 W FreeFormWindowHelper: Current Display FreeFormTask is Task{c2c5a74 #46 type=standard A=10031:com.microsoft.emmx U=0 visible=false mode=freeform translucent=true sz=1}
03-16 10:41:35.005 797 2921 W FreeFormWindowHelper: Current Display FreeFormTask is Task{c2c5a74 #46 type=standard A=10031:com.microsoft.emmx U=0 visible=false mode=freeform translucent=true sz=1}
03-16 10:41:35.015 797 2434 W FreeFormWindowHelper: exitRecentTasks type=0
03-16 10:41:35.017 2626 2626 I wm_on_stop_called: [28844568,com.android.launcher3.uioverrides.QuickstepLauncher,STOP_ACTIVITY_ITEM]
03-16 10:41:35.018 797 2434 W WindowManager: updateScale : 0.79357797
03-16 10:41:35.019 797 2434 W WindowManager: updateScale : 0.79357797
03-16 10:41:35.024 797 822 W UsageStatsService: Unexpected activity event reported! (com.android.launcher3/com.android.launcher3.uioverrides.QuickstepLauncher event : 23 instanceId : 55927770)
03-16 10:41:35.032 797 818 W WindowManager: updateScale : 0.79357797
03-16 10:41:35.032 797 818 W WindowManager: updateScale : 0.79357797
03-16 10:41:35.188 797 1329 I input_interaction: Interaction with: c027675 com.android.settings/com.android.settings.Settings (server), edge-swipe (server), swipe-up (server), PointerEventDispatcher0 (server),
03-16 10:41:35.220 797 1297 I commit_sys_config_file: [settings-1-0,4]
03-16 10:41:35.289 797 2434 W FreeFormWindowHelper: Current Display FreeFormTask is Task{c2c5a74 #46 type=standard A=10031:com.microsoft.emmx U=0 visible=false mode=freeform translucent=true sz=1}
03-16 10:41:35.289 797 2921 I wm_task_moved: [1,0,0]
03-16 10:41:35.290 797 2434 W FreeFormWindowHelper: Current Display FreeFormTask is Task{c2c5a74 #46 type=standard A=10031:com.microsoft.emmx U=0 visible=false mode=freeform translucent=true sz=1}
03-16 10:41:35.290 797 2921 I wm_task_moved: [1,0,16]
03-16 10:41:35.290 797 2434 W FreeFormWindowHelper: Current Display FreeFormTask is Task{c2c5a74 #46 type=standard A=10031:com.microsoft.emmx U=0 visible=false mode=freeform translucent=true sz=1}
03-16 10:41:35.295 797 2921 W WindowManager: updateScale : 0.79357797
03-16 10:41:35.295 797 2921 W WindowManager: updateScale : 0.79357797
03-16 10:41:35.296 2626 2626 I wm_on_restart_called: [28844568,com.android.launcher3.uioverrides.QuickstepLauncher,performRestartActivity]
03-16 10:41:35.297 797 2434 W FreeFormWindowHelper: Current Display FreeFormTask is Task{c2c5a74 #46 type=standard A=10031:com.microsoft.emmx U=0 visible=false mode=freeform translucent=true sz=1}
03-16 10:41:35.298 797 2434 W FreeFormWindowHelper: Current Display FreeFormTask is Task{c2c5a74 #46 type=standard A=10031:com.microsoft.emmx U=0 visible=false mode=freeform translucent=true sz=1}
03-16 10:41:35.310 797 2324 W FreeFormWindowHelper: Current Display FreeFormTask is Task{c2c5a74 #46 type=standard A=10031:com.microsoft.emmx U=0 visible=false mode=freeform translucent=true sz=1}
03-16 10:41:35.312 2626 2626 I wm_on_start_called: [28844568,com.android.launcher3.uioverrides.QuickstepLauncher,handleStartActivity]
03-16 10:41:35.317 797 2324 W WindowManager: updateScale : 0.79357797
03-16 10:41:35.317 797 2324 W WindowManager: updateScale : 0.79357797
03-16 10:41:35.320 797 2324 W FreeFormWindowHelper: Current Display FreeFormTask is Task{c2c5a74 #46 type=standard A=10031:com.microsoft.emmx U=0 visible=false mode=freeform translucent=true sz=1}
03-16 10:41:35.320 797 2324 W FreeFormWindowHelper: Current Display FreeFormTask is Task{c2c5a74 #46 type=standard A=10031:com.microsoft.emmx U=0 visible=false mode=freeform translucent=true sz=1}
03-16 10:41:35.325 797 818 W WindowManager: updateScale : 0.79357797
03-16 10:41:35.325 797 818 W WindowManager: updateScale : 0.79357797
03-16 10:41:35.326 797 818 W WindowManager: updateScale : 0.79357797
03-16 10:41:35.326 797 818 W WindowManager: updateScale : 0.79357797
03-16 10:41:35.329 797 818 W WindowManager: updateScale : 0.79357797
03-16 10:41:35.329 797 818 W WindowManager: updateScale : 0.79357797
03-16 10:41:35.330 797 814 I sysui_multi_action: [319,11,322,37,325,1016,757,761,758,9,759,5,806,com.android.launcher3,871,com.android.launcher3.uioverrides.QuickstepLauncher,905,0,1320,4,1321,1]
03-16 10:41:35.331 797 2921 W FreeFormWindowHelper: Current Display FreeFormTask is Task{c2c5a74 #46 type=standard A=10031:com.microsoft.emmx U=0 visible=false mode=freeform translucent=true sz=1}
03-16 10:41:35.332 797 2921 W FreeFormWindowHelper: Current Display FreeFormTask is Task{c2c5a74 #46 type=standard A=10031:com.microsoft.emmx U=0 visible=false mode=freeform translucent=true sz=1}
03-16 10:41:35.344 2471 2471 I view_enqueue_input_event: [Motion - Cancel,com.android.settings/com.android.settings.Settings]
03-16 10:41:35.344 797 814 D AutofillManagerService: Close system dialogs
03-16 10:41:35.344 2626 2626 I sysui_latency: [1,38]
03-16 10:41:35.345 797 2921 W FreeFormWindowHelper: Current Display FreeFormTask is Task{c2c5a74 #46 type=standard A=10031:com.microsoft.emmx U=0 visible=false mode=freeform translucent=true sz=1}
03-16 10:41:35.345 797 818 I input_focus: [Focus request recents_animation_input_consumer,reason=UpdateInputWindows]
03-16 10:41:35.346 797 2921 W FreeFormWindowHelper: Current Display FreeFormTask is Task{c2c5a74 #46 type=standard A=10031:com.microsoft.emmx U=0 visible=false mode=freeform translucent=true sz=1}
03-16 10:41:35.348 797 2324 W WindowManager: updateScale : 0.79357797
03-16 10:41:35.348 797 2324 W WindowManager: updateScale : 0.79357797
03-16 10:41:35.350 797 1329 I input_focus: [Focus leaving c027675 com.android.settings/com.android.settings.Settings (server),reason=NOT_FOCUSABLE]
03-16 10:41:35.350 797 1329 I input_focus: [Focus entering recents_animation_input_consumer (server),reason=setFocusedWindow]
03-16 10:41:35.351 797 2921 W FreeFormWindowHelper: Current Display FreeFormTask is Task{c2c5a74 #46 type=standard A=10031:com.microsoft.emmx U=0 visible=false mode=freeform translucent=true sz=1}
03-16 10:41:35.352 797 2921 W FreeFormWindowHelper: Current Display FreeFormTask is Task{c2c5a74 #46 type=standard A=10031:com.microsoft.emmx U=0 visible=false mode=freeform translucent=true sz=1}
03-16 10:41:35.353 797 1329 I input_interaction: Interaction with: edge-swipe (server), swipe-up (server), PointerEventDispatcher0 (server),
03-16 10:41:35.366 797 2324 W FreeFormWindowHelper: Current Display FreeFormTask is Task{c2c5a74 #46 type=standard A=10031:com.microsoft.emmx U=0 visible=false mode=freeform translucent=true sz=1}
03-16 10:41:35.366 797 2324 W FreeFormWindowHelper: Current Display FreeFormTask is Task{c2c5a74 #46 type=standard A=10031:com.microsoft.emmx U=0 visible=false mode=freeform translucent=true sz=1}
03-16 10:41:35.417 797 4443 W WindowManager: updateScale : 0.79357797
03-16 10:41:35.417 797 4443 W WindowManager: updateScale : 0.79357797
03-16 10:41:35.418 797 4443 W WindowManager: updateScale : 0.79357797
03-16 10:41:35.418 797 4443 W WindowManager: updateScale : 0.79357797
03-16 10:41:35.517 797 1297 I commit_sys_config_file: [settings-1-0,6]
03-16 10:41:35.629 797 822 I sysui_latency: [8,41]
03-16 10:41:35.702 797 4443 W FreeFormWindowHelper: exitRecentTasks type=0
03-16 10:41:35.706 797 2324 W FreeFormWindowHelper: Current Display FreeFormTask is Task{c2c5a74 #46 type=standard A=10031:com.microsoft.emmx U=0 visible=false mode=freeform translucent=true sz=1}
03-16 10:41:35.706 797 4443 W FreeFormWindowHelper: Current Display FreeFormTask is Task{c2c5a74 #46 type=standard A=10031:com.microsoft.emmx U=0 visible=false mode=freeform translucent=true sz=1}
03-16 10:41:35.908 797 1297 I commit_sys_config_file: [settings-1-0,4]
03-16 10:41:36.125 797 2870 E TaskPersister: File error accessing recents directory (directory doesn't exist?).
03-16 10:41:36.363 797 2324 W FreeFormWindowHelper: Current Display FreeFormTask is Task{c2c5a74 #46 type=standard A=10031:com.microsoft.emmx U=0 visible=false mode=freeform translucent=true sz=1}
03-16 10:41:36.364 797 2921 W FreeFormWindowHelper: Current Display FreeFormTask is Task{c2c5a74 #46 type=standard A=10031:com.microsoft.emmx U=0 visible=false mode=freeform translucent=true sz=1}
03-16 10:41:36.385 797 2324 I wm_task_moved: [1,1,17]
03-16 10:41:36.389 797 2324 I wm_task_moved: [13,1,2147483647]
03-16 10:41:36.389 797 2324 I wm_task_to_front: [0,13]
03-16 10:41:36.389 797 2324 I wm_focused_root_task: [0,0,1,27,RecentsAnimation.onAnimationFinished()]
03-16 10:41:36.390 2471 2471 I wm_on_top_resumed_lost_called: [8399530,com.android.settings.Settings,topStateChangedWhenResumed]
03-16 10:41:36.390 797 2324 I wm_set_resumed_activity: [0,com.android.launcher3/.uioverrides.QuickstepLauncher,RecentsAnimation.onAnimationFinished()]
03-16 10:41:36.392 797 2324 I wm_pause_activity: [0,8399530,com.android.settings/.Settings,userLeaving=true,pauseBackTasks]
03-16 10:41:36.394 797 2324 I wm_add_to_stopping: [0,8399530,com.android.settings/.Settings,makeInvisible]
03-16 10:41:36.394 797 2324 I ActivityTaskManager: FOREGROUND_APPLICATION_CHANGED to com.android.launcher3.uioverrides.QuickstepLauncher
03-16 10:41:36.395 797 2324 I wm_set_resumed_activity: [0,com.android.launcher3/.uioverrides.QuickstepLauncher,resumeTopActivityInnerLocked]
03-16 10:41:36.399 797 2324 I wm_resume_activity: [0,28844568,13,com.android.launcher3/.uioverrides.QuickstepLauncher]
03-16 10:41:36.400 2626 2626 I wm_on_resume_called: [28844568,com.android.launcher3.uioverrides.QuickstepLauncher,RESUME_ACTIVITY]
03-16 10:41:36.401 797 2324 W WindowManager: updateScale : 0.79357797
03-16 10:41:36.402 797 2324 W WindowManager: updateScale : 0.79357797
03-16 10:41:36.408 797 2324 W WindowManager: updateScale : 0.79357797
03-16 10:41:36.408 797 2324 W WindowManager: updateScale : 0.79357797
03-16 10:41:36.412 797 818 I input_focus: [Focus request efa3eda com.android.launcher3/com.android.launcher3.uioverrides.QuickstepLauncher,reason=UpdateInputWindows]
03-16 10:41:36.412 2626 2626 I wm_on_top_resumed_gained_called: [28844568,com.android.launcher3.uioverrides.QuickstepLauncher,topStateChangedWhenResumed]
03-16 10:41:36.416 2471 2471 I sysui_multi_action: [757,35,758,2,1089,3267]
03-16 10:41:36.417 797 4443 I wm_stop_activity: [0,8399530,com.android.settings/.Settings]
03-16 10:41:36.420 797 1329 I input_focus: [Focus leaving recents_animation_input_consumer (server),reason=NOT_VISIBLE]
03-16 10:41:36.421 797 1329 I input_focus: [Focus entering efa3eda com.android.launcher3/com.android.launcher3.uioverrides.QuickstepLauncher (server),reason=setFocusedWindow]
03-16 10:41:36.422 2471 2471 I sysui_multi_action: [757,746,758,2,1089,3263]
03-16 10:41:36.423 797 817 I sysui_multi_action: [757,803,799,window_time_0,802,3]
03-16 10:41:36.428 797 5728 I ActivityManager: PendingStartActivityUids startActivity to updateOomAdj delay:1134ms, uid:10074
03-16 10:41:36.429 797 817 I sysui_multi_action: [757,803,799,window_time_0,802,0]
03-16 10:41:36.431 2471 2471 I wm_on_paused_called: [8399530,com.android.settings.Settings,performPause]
03-16 10:41:36.445 797 822 I am_pss : [4536,10031,com.microsoft.emmx,85925888,61931520,0,245977088,0,2,9]
03-16 10:41:36.450 2471 2471 I wm_on_stop_called: [8399530,com.android.settings.Settings,STOP_ACTIVITY_ITEM]
