01-02 00:10:29.356 0 0 E DTC_ETH,link_delay_work_func: 3003, SQI=0, link=0
01-02 00:10:34.476 0 0 E DTC_ETH,link_delay_work_func: 3003, SQI=0, link=0
01-02 00:10:39.596 0 0 E DTC_ETH,link_delay_work_func: 3003, SQI=0, link=0
01-02 00:10:44.716 0 0 E DTC_ETH,link_delay_work_func: 3003, SQI=0, link=0
01-02 00:10:49.836 0 0 E DTC_ETH,link_delay_work_func: 3003, SQI=0, link=0
01-02 00:10:54.956 0 0 E DTC_ETH,link_delay_work_func: 3003, SQI=0, link=0
01-02 00:11:00.076 0 0 E DTC_ETH,link_delay_work_func: 3003, SQI=0, link=0
01-02 00:11:02.607 0 0 I [schedu][0x78dff71c9][10:52:46.211673] wlan: [3549:I:OSIF] scan start scan id 40975
01-02 00:11:03.773 0 0 I [schedu][0x78f5552aa][10:52:47.378618] wlan: [3549:I:OSIF] vdev 0, scan id 40975 type COMPLETED(1) reason COMPLETED(1) scan found 23 bss
03-16 10:52:47.442 797 797 I notification_enqueue: [1000,797,android,17303299,com.android.wifi,0,Notification(channel=NETWORK_AVAILABLE shortcut=null contentView=null vibrate=null sound=null tick defaults=0x0 flags=0x100 color=0x00000000 actions=2 vis=PRIVATE),0]
03-16 10:52:47.644 797 797 I sysui_multi_action: [757,1501,758,1,793,203,794,0,795,203,796,17303299,797,com.android.wifi,806,android,857,NETWORK_AVAILABLE,858,2,947,0,1500,0,1688,1]
03-16 10:52:47.644 797 797 I sysui_multi_action: [757,804,799,note_interruptive,801,0,802,1]
03-16 10:52:47.645 797 797 I GameModeConfig: isGameModeOn = false
03-16 10:52:47.647 797 797 W NotificationHistory: Attempted to add notif for locked/gone/disabled user 0
03-16 10:52:48.282 797 1298 D ActivityManager: freezing 2527 com.thundercomm.gamemode.provider
03-16 10:52:48.283 797 1298 E ActivityManager: Unable to freeze binder for 2527 com.thundercomm.gamemode.provider
03-16 10:52:48.284 797 1298 D ActivityManager: froze 2527 com.thundercomm.gamemode.provider
03-16 10:52:48.284 797 1298 I am_freeze: [2527,com.thundercomm.gamemode.provider]
03-16 10:52:48.284 797 1298 E ActivityManager: Unable to freeze binder for 2527 com.thundercomm.gamemode.provider
01-02 00:11:04.678 0 0 I binder : 797:1298 ioctl 400c620e 75394015d8 returned -22
01-02 00:11:04.680 0 0 I binder : 797:1298 ioctl c00c620f 75394015b8 returned -22
01-02 00:11:04.684 0 0 I binder : 797:1298 ioctl 400c620e 75394015d8 returned -22
03-16 10:52:48.288 797 1298 D ActivityManager: freezing 5978 com.android.webview:sandboxed_process0:org.chromium.content.app.SandboxedProcessService0:0
03-16 10:52:48.288 797 1298 E ActivityManager: Unable to freeze binder for 5978 com.android.webview:sandboxed_process0:org.chromium.content.app.SandboxedProcessService0:0
03-16 10:52:48.290 797 1298 D ActivityManager: froze 5978 com.android.webview:sandboxed_process0:org.chromium.content.app.SandboxedProcessService0:0
03-16 10:52:48.290 797 1298 I am_freeze: [5978,com.android.webview:sandboxed_process0:org.chromium.content.app.SandboxedProcessService0:0]
03-16 10:52:48.290 797 1298 E ActivityManager: Unable to freeze binder for 5978 com.android.webview:sandboxed_process0:org.chromium.content.app.SandboxedProcessService0:0
03-16 10:52:48.292 797 1298 I ActivityManager: Killing 2527:com.thundercomm.gamemode.provider/u0a63 (adj 915): Unable to freeze binder interface
03-16 10:52:48.292 797 1298 I am_kill : [0,2527,com.thundercomm.gamemode.provider,915,Unable to freeze binder interface]
01-02 00:11:04.685 0 0 I binder : 797:1298 ioctl c00c620f 75394015b8 returned -22
03-16 10:52:48.293 797 1298 I ActivityManager: Killing 5978:com.android.webview:sandboxed_process0:org.chromium.content.app.SandboxedProcessService0:0/u0a94i0 (adj 910): Unable to freeze binder interface
03-16 10:52:48.294 797 1298 I am_kill : [0,5978,com.android.webview:sandboxed_process0:org.chromium.content.app.SandboxedProcessService0:0,910,Unable to freeze binder interface]
03-16 10:52:48.317 797 1514 I am_proc_died: [0,5978,com.android.webview:sandboxed_process0:org.chromium.content.app.SandboxedProcessService0:0,910,17]
03-16 10:52:48.318 797 1514 W ActivityManager: Scheduling restart of crashed service com.sohu.sohuvideo/org.chromium.content.app.SandboxedProcessService0:0 in 1000ms for connection
03-16 10:52:48.318 797 1514 I am_schedule_service_restart: [0,com.sohu.sohuvideo/org.chromium.content.app.SandboxedProcessService0:0,1000]
03-16 10:52:48.318 797 1514 I am_uid_stopped: 99000
03-16 10:52:48.326 797 6909 I am_proc_died: [0,2527,com.thundercomm.gamemode.provider,915,19]
03-16 10:52:48.326 797 6909 I am_uid_stopped: 10063
03-16 10:52:48.329 797 845 E KernelCpuSpeedReader: Failed to read cpu-freq: /sys/devices/system/cpu/cpu4/cpufreq/stats/time_in_state: open failed: ENOENT (No such file or directory)
03-16 10:52:48.329 797 845 E KernelCpuSpeedReader: Failed to read cpu-freq: /sys/devices/system/cpu/cpu0/cpufreq/stats/time_in_state: open failed: ENOENT (No such file or directory)
03-16 10:52:48.375 1416 1416 I auditd : type=1400 audit(0.0:4090): avc: denied { call } for comm="OMXCallbackDisp" scontext=u:r:mediacodec:s0 tcontext=u:r:su:s0 tclass=binder permissive=1
01-02 00:11:05.196 0 0 E DTC_ETH,link_delay_work_func: 3003, SQI=0, link=0
01-02 00:11:06.990 0 0 I msm_vidc: err : ffffffff: .....: DBLP Set: status 0
01-02 00:11:10.316 0 0 E DTC_ETH,link_delay_work_func: 3003, SQI=0, link=0
01-02 00:11:15.436 0 0 E DTC_ETH,link_delay_work_func: 3003, SQI=0, link=0
01-02 00:11:18.990 0 0 I msm_vidc: err : ffffffff: .....: DBLP Set: status 0
01-02 00:11:20.556 0 0 E DTC_ETH,link_delay_work_func: 3003, SQI=0, link=0
01-02 00:11:25.676 0 0 E DTC_ETH,link_delay_work_func: 3003, SQI=0, link=0
01-02 00:11:30.796 0 0 E DTC_ETH,link_delay_work_func: 3003, SQI=0, link=0
01-02 00:11:35.916 0 0 E DTC_ETH,link_delay_work_func: 3003, SQI=0, link=0
01-02 00:11:41.036 0 0 E DTC_ETH,link_delay_work_func: 3003, SQI=0, link=0
01-02 00:11:46.156 0 0 E DTC_ETH,link_delay_work_func: 3003, SQI=0, link=0
01-02 00:11:51.276 0 0 E DTC_ETH,link_delay_work_func: 3003, SQI=0, link=0
01-02 00:11:56.396 0 0 E DTC_ETH,link_delay_work_func: 3003, SQI=0, link=0
01-02 00:12:01.516 0 0 E DTC_ETH,link_delay_work_func: 3003, SQI=0, link=0
01-02 00:12:06.636 0 0 E DTC_ETH,link_delay_work_func: 3003, SQI=0, link=0
01-02 00:12:11.756 0 0 E DTC_ETH,link_delay_work_func: 3003, SQI=0, link=0
03-16 10:54:00.087 4129 4129 I auditd : type=1400 audit(0.0:4091): avc: denied { use } for comm="UsbFfs-worker" path="anon_inode:[eventfd]" dev="anon_inodefs" ino=11319 scontext=u:r:su:s0 tcontext=u:r:adbd:s0 tclass=fd permissive=1
01-02 00:12:16.876 0 0 E DTC_ETH,link_delay_work_func: 3003, SQI=0, link=0
01-02 00:12:18.990 0 0 I msm_vidc: err : ffffffff: .....: DBLP Set: status 0
01-02 00:12:21.996 0 0 E DTC_ETH,link_delay_work_func: 3003, SQI=0, link=0
01-02 00:12:27.117 0 0 E DTC_ETH,link_delay_work_func: 3003, SQI=0, link=0
01-02 00:12:32.236 0 0 E DTC_ETH,link_delay_work_func: 3003, SQI=0, link=0
01-02 00:12:37.356 0 0 E DTC_ETH,link_delay_work_func: 3003, SQI=0, link=0
01-02 00:12:42.476 0 0 E DTC_ETH,link_delay_work_func: 3003, SQI=0, link=0
01-02 00:12:47.596 0 0 E DTC_ETH,link_delay_work_func: 3003, SQI=0, link=0
01-02 00:12:52.716 0 0 E DTC_ETH,link_delay_work_func: 3003, SQI=0, link=0
03-16 10:54:38.517 797 845 W BatteryExternalStatsWorker: error reading modem stats:ERROR_PHONE_NOT_AVAILABLE
03-16 10:54:38.544 797 845 E KernelCpuSpeedReader: Failed to read cpu-freq: /sys/devices/system/cpu/cpu4/cpufreq/stats/time_in_state: open failed: ENOENT (No such file or directory)
03-16 10:54:38.544 797 845 E KernelCpuSpeedReader: Failed to read cpu-freq: /sys/devices/system/cpu/cpu0/cpufreq/stats/time_in_state: open failed: ENOENT (No such file or directory)
03-16 10:54:38.543 592 592 I auditd : type=1400 audit(0.0:4092): avc: denied { read } for comm="Binder:592_2" name="wakeup58" dev="sysfs" ino=71257 scontext=u:r:system_suspend:s0 tcontext=u:object_r:sysfs:s0 tclass=dir permissive=1
03-16 10:54:38.543 592 592 I auditd : type=1400 audit(0.0:4093): avc: denied { open } for comm="Binder:592_2" path="/sys/devices/virtual/misc/msm_g711alaw/wakeup58" dev="sysfs" ino=71257 scontext=u:r:system_suspend:s0 tcontext=u:object_r:sysfs:s0 tclass=dir permissive=1
03-16 10:54:38.543 592 592 I auditd : type=1400 audit(0.0:4094): avc: denied { read } for comm="Binder:592_2" name="event_count" dev="sysfs" ino=71264 scontext=u:r:system_suspend:s0 tcontext=u:object_r:sysfs:s0 tclass=file permissive=1
03-16 10:54:38.543 592 592 I auditd : type=1400 audit(0.0:4095): avc: denied { open } for comm="Binder:592_2" path="/sys/devices/virtual/misc/msm_g711alaw/wakeup58/event_count" dev="sysfs" ino=71264 scontext=u:r:system_suspend:s0 tcontext=u:object_r:sysfs:s0 tclass=file permissive=1
03-16 10:54:38.543 592 592 I auditd : type=1400 audit(0.0:4096): avc: denied { getattr } for comm="Binder:592_2" path="/sys/devices/virtual/misc/msm_g711alaw/wakeup58/event_count" dev="sysfs" ino=71264 scontext=u:r:system_suspend:s0 tcontext=u:object_r:sysfs:s0 tclass=file permissive=1
03-16 10:54:38.594 797 822 I commit_sys_config_file: [batterystats,5]
03-16 10:54:38.595 797 822 I commit_sys_config_file: [batterystats,1]
01-02 00:12:57.836 0 0 E DTC_ETH,link_delay_work_func: 3003, SQI=0, link=0
01-02 00:13:02.956 0 0 E DTC_ETH,link_delay_work_func: 3003, SQI=0, link=0
01-02 00:13:08.076 0 0 E DTC_ETH,link_delay_work_func: 3003, SQI=0, link=0
01-02 00:13:13.196 0 0 E DTC_ETH,link_delay_work_func: 3003, SQI=0, link=0
03-16 10:55:00.079 4218 4218 I auditd : type=1400 audit(0.0:4097): avc: denied { call } for comm="MediaCodec_loop" scontext=u:r:su:s0 tcontext=u:r:mediaserver:s0 tclass=binder permissive=1
03-16 10:55:00.079 4218 4218 I auditd : type=1400 audit(0.0:4098): avc: denied { transfer } for comm="MediaCodec_loop" scontext=u:r:su:s0 tcontext=u:r:mediaserver:s0 tclass=binder permissive=1
03-16 10:55:00.083 4218 4218 I auditd : type=1400 audit(0.0:4099): avc: denied { call } for comm="CodecLooper" scontext=u:r:su:s0 tcontext=u:r:mediacodec:s0 tclass=binder permissive=1
01-02 00:13:18.316 0 0 E DTC_ETH,link_delay_work_func: 3003, SQI=0, link=0
01-02 00:13:18.990 0 0 I msm_vidc: err : ffffffff: .....: DBLP Set: status 0
01-02 00:13:23.436 0 0 E DTC_ETH,link_delay_work_func: 3003, SQI=0, link=0
01-02 00:13:28.556 0 0 E DTC_ETH,link_delay_work_func: 3003, SQI=0, link=0
01-02 00:13:33.676 0 0 E DTC_ETH,link_delay_work_func: 3003, SQI=0, link=0
01-02 00:13:38.796 0 0 E DTC_ETH,link_delay_work_func: 3003, SQI=0, link=0
01-02 00:13:43.608 0 0 W audit : audit_lost=4733 audit_rate_limit=5 audit_backlog_limit=64
03-16 10:55:27.211 6942 6942 I auditd : type=1400 audit(0.0:4100): avc: denied { map } for comm="getprop" path="/dev/__properties__/u:object_r:adbd_prop:s0" dev="tmpfs" ino=2247 scontext=u:r:system_app:s0 tcontext=u:object_r:adbd_prop:s0 tclass=file permissive=1
01-02 00:13:43.608 0 0 E audit : rate limit exceeded
03-16 10:55:27.211 6942 6942 I auditd : type=1400 audit(0.0:4101): avc: denied { open } for comm="getprop" path="/dev/__properties__/u:object_r:apexd_config_prop:s0" dev="tmpfs" ino=2248 scontext=u:r:system_app:s0 tcontext=u:object_r:apexd_config_prop:s0 tclass=file permissive=1
03-16 10:55:27.211 6942 6942 I auditd : type=1400 audit(0.0:4102): avc: denied { getattr } for comm="getprop" path="/dev/__properties__/u:object_r:apexd_config_prop:s0" dev="tmpfs" ino=2248 scontext=u:r:system_app:s0 tcontext=u:object_r:apexd_config_prop:s0 tclass=file permissive=1
03-16 10:55:27.211 6942 6942 I auditd : type=1400 audit(0.0:4103): avc: denied { map } for comm="getprop" path="/dev/__properties__/u:object_r:apexd_config_prop:s0" dev="tmpfs" ino=2248 scontext=u:r:system_app:s0 tcontext=u:object_r:apexd_config_prop:s0 tclass=file permissive=1
03-16 10:55:27.211 6942 6942 I auditd : type=1400 audit(0.0:4104): avc: denied { open } for comm="getprop" path="/dev/__properties__/u:object_r:apexd_prop:s0" dev="tmpfs" ino=2249 scontext=u:r:system_app:s0 tcontext=u:object_r:apexd_prop:s0 tclass=file permissive=1
03-16 10:55:27.211 6942 6942 I auditd : type=1400 audit(0.0:4105): avc: denied { getattr } for comm="getprop" path="/dev/__properties__/u:object_r:apexd_prop:s0" dev="tmpfs" ino=2249 scontext=u:r:system_app:s0 tcontext=u:object_r:apexd_prop:s0 tclass=file permissive=1
03-16 10:55:27.211 6942 6942 I auditd : type=1400 audit(0.0:4106): avc: denied { map } for comm="getprop" path="/dev/__properties__/u:object_r:apexd_prop:s0" dev="tmpfs" ino=2249 scontext=u:r:system_app:s0 tcontext=u:object_r:apexd_prop:s0 tclass=file permissive=1
03-16 10:55:27.211 6942 6942 I auditd : type=1400 audit(0.0:4107): avc: denied { open } for comm="getprop" path="/dev/__properties__/u:object_r:apk_verity_prop:s0" dev="tmpfs" ino=2250 scontext=u:r:system_app:s0 tcontext=u:object_r:apk_verity_prop:s0 tclass=file permissive=1
01-02 00:13:43.775 0 0 I init : Untracked pid 6946 exited with status 0
01-02 00:13:43.916 0 0 E DTC_ETH,link_delay_work_func: 3003, SQI=0, link=0
03-16 10:55:28.555 6956 6956 I auditd : type=1400 audit(0.0:4731): avc: denied { read } for comm="ls" name="/" dev="dm-5" ino=2 scontext=u:r:system_app:s0 tcontext=u:object_r:rootfs:s0 tclass=dir permissive=1
03-16 10:55:28.555 6956 6956 I auditd : type=1400 audit(0.0:4732): avc: denied { open } for comm="ls" path="/" dev="dm-5" ino=2 scontext=u:r:system_app:s0 tcontext=u:object_r:rootfs:s0 tclass=dir permissive=1
01-02 00:13:44.956 0 0 W audit : audit_lost=5356 audit_rate_limit=5 audit_backlog_limit=64
01-02 00:13:44.956 0 0 E audit : rate limit exceeded
03-16 10:55:28.555 6956 6956 I auditd : type=1400 audit(0.0:4733): avc: denied { getattr } for comm="ls" path="/init" dev="dm-5" ino=24 scontext=u:r:system_app:s0 tcontext=u:object_r:init_exec:s0 tclass=lnk_file permissive=1
03-16 10:55:28.555 6956 6956 I auditd : type=1400 audit(0.0:4734): avc: denied { read } for comm="ls" name="init" dev="dm-5" ino=24 scontext=u:r:system_app:s0 tcontext=u:object_r:init_exec:s0 tclass=lnk_file permissive=1
03-16 10:55:28.555 6956 6956 I auditd : type=1400 audit(0.0:4735): avc: denied { getattr } for comm="ls" path="/metadata" dev="sda11" ino=2 scontext=u:r:system_app:s0 tcontext=u:object_r:metadata_file:s0 tclass=dir permissive=1
01-02 00:13:49.036 0 0 E DTC_ETH,link_delay_work_func: 3003, SQI=0, link=0
01-02 00:13:51.346 0 0 D cnss : Host time = 1858692910 us, device time = 1816067810 us, offset = 42625100 us
01-02 00:13:51.346 0 0 D cnss : Updated time sync regs [0x984] = 0x28a684c, [0x988] = 0x0
01-02 00:13:54.156 0 0 E DTC_ETH,link_delay_work_func: 3003, SQI=0, link=0
01-02 00:13:59.276 0 0 E DTC_ETH,link_delay_work_func: 3003, SQI=0, link=0
01-02 00:14:04.396 0 0 E DTC_ETH,link_delay_work_func: 3003, SQI=0, link=0
01-02 00:14:09.516 0 0 E DTC_ETH,link_delay_work_func: 3003, SQI=0, link=0
01-02 00:14:14.636 0 0 E DTC_ETH,link_delay_work_func: 3003, SQI=0, link=0
03-16 10:55:58.985 797 1329 I input_interaction: Interaction with: efa3eda com.android.launcher3/com.android.launcher3.uioverrides.QuickstepLauncher (server), eb1e2e4 com.android.systemui.ImageWallpaper (server), edge-swipe (server), swipe-up (server), PointerEventDispatcher0 (server),
03-16 10:55:58.993 797 853 V DisplayPowerController[0]: Brightness [1.0] reason changing to: 'manual', previous reason: 'manual [ dim ]'.
03-16 10:55:58.993 797 853 I sysui_multi_action: [757,1696,758,6,759,3]
03-16 10:55:58.999 797 1949 E DisplayDeviceConfig: requesting nits when no mapping exists.
03-16 10:55:59.000 797 1949 E DisplayDeviceConfig: requesting nits when no mapping exists.
03-16 10:55:59.000 797 830 I am_wtf : [0,797,system_server,-1,DisplayDeviceConfig,requesting nits when no mapping exists.]
03-16 10:55:59.003 797 830 I DropBoxManagerService: add tag=system_server_wtf isTagEnabled=true flags=0x2
03-16 10:55:59.004 797 830 I am_wtf : [0,797,system_server,-1,DisplayDeviceConfig,requesting nits when no mapping exists.]
03-16 10:55:59.005 797 830 I DropBoxManagerService: add tag=system_server_wtf isTagEnabled=true flags=0x2
03-16 10:55:59.013 797 1949 E DisplayDeviceConfig: requesting nits when no mapping exists.
03-16 10:55:59.013 797 830 I am_wtf : [0,797,system_server,-1,DisplayDeviceConfig,requesting nits when no mapping exists.]
03-16 10:55:59.013 797 1949 E DisplayDeviceConfig: requesting nits when no mapping exists.
03-16 10:55:59.014 797 830 I DropBoxManagerService: add tag=system_server_wtf isTagEnabled=true flags=0x2
03-16 10:55:59.014 797 830 I am_wtf : [0,797,system_server,-1,DisplayDeviceConfig,requesting nits when no mapping exists.]
03-16 10:55:59.015 797 830 I DropBoxManagerService: add tag=system_server_wtf isTagEnabled=true flags=0x2
03-16 10:55:59.019 1416 1416 I auditd : type=1400 audit(0.0:4743): avc: denied { call } for comm="OMXCallbackDisp" scontext=u:r:mediacodec:s0 tcontext=u:r:su:s0 tclass=binder permissive=1
03-16 10:55:59.019 4218 4218 I auditd : type=1400 audit(0.0:4744): avc: denied { call } for comm="MediaCodec_loop" scontext=u:r:su:s0 tcontext=u:r:mediaserver:s0 tclass=binder permissive=1
03-16 10:55:59.021 797 1949 E DisplayDeviceConfig: requesting nits when no mapping exists.
03-16 10:55:59.019 4218 4218 I auditd : type=1400 audit(0.0:4745): avc: denied { transfer } for comm="MediaCodec_loop" scontext=u:r:su:s0 tcontext=u:r:mediaserver:s0 tclass=binder permissive=1
03-16 10:55:59.022 797 830 I am_wtf : [0,797,system_server,-1,DisplayDeviceConfig,requesting nits when no mapping exists.]
03-16 10:55:59.022 797 1949 E DisplayDeviceConfig: requesting nits when no mapping exists.
03-16 10:55:59.022 797 830 I DropBoxManagerService: add tag=system_server_wtf isTagEnabled=true flags=0x2
03-16 10:55:59.023 797 830 I am_wtf : [0,797,system_server,-1,DisplayDeviceConfig,requesting nits when no mapping exists.]
03-16 10:55:59.023 4218 4218 I auditd : type=1400 audit(0.0:4746): avc: denied { call } for comm="CodecLooper" scontext=u:r:su:s0 tcontext=u:r:mediacodec:s0 tclass=binder permissive=1
03-16 10:55:59.023 4129 4129 I auditd : type=1400 audit(0.0:4747): avc: denied { use } for comm="UsbFfs-worker" path="anon_inode:[eventfd]" dev="anon_inodefs" ino=11319 scontext=u:r:su:s0 tcontext=u:r:adbd:s0 tclass=fd permissive=1
03-16 10:55:59.038 797 1949 E DisplayDeviceConfig: requesting nits when no mapping exists.
03-16 10:55:59.038 797 1949 E DisplayDeviceConfig: requesting nits when no mapping exists.
03-16 10:55:59.038 797 830 I am_wtf : [0,797,system_server,-1,DisplayDeviceConfig,requesting nits when no mapping exists.]
03-16 10:55:59.039 797 830 I am_wtf : [0,797,system_server,-1,DisplayDeviceConfig,requesting nits when no mapping exists.]
03-16 10:55:59.054 797 1949 E DisplayDeviceConfig: requesting nits when no mapping exists.
03-16 10:55:59.055 797 1949 E DisplayDeviceConfig: requesting nits when no mapping exists.
03-16 10:55:59.055 797 830 I am_wtf : [0,797,system_server,-1,DisplayDeviceConfig,requesting nits when no mapping exists.]
03-16 10:55:59.056 797 830 I am_wtf : [0,797,system_server,-1,DisplayDeviceConfig,requesting nits when no mapping exists.]
03-16 10:55:59.071 797 1949 E DisplayDeviceConfig: requesting nits when no mapping exists.
03-16 10:55:59.072 797 1949 E DisplayDeviceConfig: requesting nits when no mapping exists.
03-16 10:55:59.072 797 830 I am_wtf : [0,797,system_server,-1,DisplayDeviceConfig,requesting nits when no mapping exists.]
03-16 10:55:59.073 797 830 I am_wtf : [0,797,system_server,-1,DisplayDeviceConfig,requesting nits when no mapping exists.]
03-16 10:55:59.089 797 1949 E DisplayDeviceConfig: requesting nits when no mapping exists.
03-16 10:55:59.089 797 830 I am_wtf : [0,797,system_server,-1,DisplayDeviceConfig,requesting nits when no mapping exists.]
03-16 10:55:59.089 797 1949 E DisplayDeviceConfig: requesting nits when no mapping exists.
03-16 10:55:59.090 797 830 I am_wtf : [0,797,system_server,-1,DisplayDeviceConfig,requesting nits when no mapping exists.]
03-16 10:55:59.105 797 1949 E DisplayDeviceConfig: requesting nits when no mapping exists.
03-16 10:55:59.105 797 830 I am_wtf : [0,797,system_server,-1,DisplayDeviceConfig,requesting nits when no mapping exists.]
03-16 10:55:59.105 797 1949 E DisplayDeviceConfig: requesting nits when no mapping exists.
03-16 10:55:59.106 797 830 I am_wtf : [0,797,system_server,-1,DisplayDeviceConfig,requesting nits when no mapping exists.]
03-16 10:55:59.122 797 1949 E DisplayDeviceConfig: requesting nits when no mapping exists.
03-16 10:55:59.123 797 1949 E DisplayDeviceConfig: requesting nits when no mapping exists.
03-16 10:55:59.123 797 830 I am_wtf : [0,797,system_server,-1,DisplayDeviceConfig,requesting nits when no mapping exists.]
03-16 10:55:59.124 797 830 I am_wtf : [0,797,system_server,-1,DisplayDeviceConfig,requesting nits when no mapping exists.]
03-16 10:55:59.130 797 6909 I thunderperf: PlatormCompat.setOverrides: Uid1=10074 Pid1=2626 Uid2=10074 Pid2=2626
03-16 10:55:59.130 797 6909 I thunderperf: PlatormCompat.setOverrides: needCheck:false
03-16 10:55:59.131 797 6909 I thunderperf: CompatConfig.addOverrideUnsafe: bef-state=0
03-16 10:55:59.131 797 6909 I thunderperf: CompatConfig.addOverrideUnsafe: aft-state=0
03-16 10:55:59.132 797 6909 I thunderperf: CompatConfig.addOverrideUnsafe: bef-state=0
03-16 10:55:59.132 797 6909 I thunderperf: CompatConfig.addOverrideUnsafe: aft-state=0
03-16 10:55:59.132 797 6909 I thunderperf: CompatConfig.addOverrideUnsafe: bef-state=0
03-16 10:55:59.132 797 6909 I thunderperf: CompatConfig.addOverrideUnsafe: aft-state=0
03-16 10:55:59.132 797 6909 I thunderperf: CompatConfig.addOverrideUnsafe: bef-state=0
03-16 10:55:59.132 797 6909 I thunderperf: CompatConfig.addOverrideUnsafe: aft-state=0
03-16 10:55:59.133 797 6909 I thunderperf: CompatConfig.addOverrideUnsafe: bef-state=0
03-16 10:55:59.133 797 6909 I thunderperf: CompatConfig.addOverrideUnsafe: aft-state=0
03-16 10:55:59.134 797 6909 I thunderperf: CompatConfig.addOverrideUnsafe: bef-state=0
03-16 10:55:59.134 797 6909 I thunderperf: CompatConfig.addOverrideUnsafe: aft-state=0
03-16 10:55:59.134 797 6909 I thunderperf: CompatConfig.addOverrideUnsafe: bef-state=0
03-16 10:55:59.134 797 6909 I thunderperf: CompatConfig.addOverrideUnsafe: aft-state=0
03-16 10:55:59.134 797 6909 I thunderperf: CompatConfig.addOverrideUnsafe: bef-state=0
03-16 10:55:59.134 797 6909 I thunderperf: CompatConfig.addOverrideUnsafe: aft-state=0
03-16 10:55:59.135 797 6909 I thunderperf: CompatConfig.addOverrideUnsafe: bef-state=0
03-16 10:55:59.135 797 6909 I thunderperf: CompatConfig.addOverrideUnsafe: aft-state=0
03-16 10:55:59.135 797 6909 I thunderperf: CompatConfig.addOverrideUnsafe: bef-state=0
03-16 10:55:59.135 797 6909 I thunderperf: CompatConfig.addOverrideUnsafe: aft-state=0
03-16 10:55:59.135 797 6909 I thunderperf: CompatConfig.addOverrideUnsafe: bef-state=0
03-16 10:55:59.135 797 6909 I thunderperf: CompatConfig.addOverrideUnsafe: aft-state=0
03-16 10:55:59.136 797 6909 I thunderperf: CompatConfig.addOverrideUnsafe: bef-state=0
03-16 10:55:59.136 797 6909 I thunderperf: CompatConfig.addOverrideUnsafe: aft-state=0
03-16 10:55:59.136 797 6909 I thunderperf: CompatConfig.addOverrideUnsafe: bef-state=0
03-16 10:55:59.136 797 6909 I thunderperf: CompatConfig.addOverrideUnsafe: aft-state=0
03-16 10:55:59.136 797 6909 I thunderperf: CompatConfig.addOverrideUnsafe: bef-state=0
03-16 10:55:59.136 797 6909 I thunderperf: CompatConfig.addOverrideUnsafe: aft-state=0
03-16 10:55:59.141 797 1949 E DisplayDeviceConfig: requesting nits when no mapping exists.
03-16 10:55:59.142 797 1949 E DisplayDeviceConfig: requesting nits when no mapping exists.
03-16 10:55:59.142 797 830 I am_wtf : [0,797,system_server,-1,DisplayDeviceConfig,requesting nits when no mapping exists.]
03-16 10:55:59.142 797 830 I am_wtf : [0,797,system_server,-1,DisplayDeviceConfig,requesting nits when no mapping exists.]
03-16 10:55:59.143 797 6909 I ActivityTaskManager: START u0 {act=android.intent.action.MAIN cat=[android.intent.category.LAUNCHER] flg=0x10200000 cmp=com.android.settings/.Settings bnds=[2128,710][2314,910]} from uid 10074
03-16 10:55:59.146 797 6909 I wm_task_moved: [27,1,14]
03-16 10:55:59.146 797 6909 I wm_task_to_front: [0,27]
03-16 10:55:59.147 797 6909 I wm_focused_root_task: [0,0,27,1,bringingFoundTaskToFront]
03-16 10:55:59.147 797 6909 I wm_set_resumed_activity: [0,com.android.settings/.Settings,bringingFoundTaskToFront]
03-16 10:55:59.147 797 6909 I wm_new_intent: [0,8399530,27,com.android.settings/.Settings,android.intent.action.MAIN,NULL,NULL,270532608]
03-16 10:55:59.153 797 6909 I wm_pause_activity: [0,28844568,com.android.launcher3/.uioverrides.QuickstepLauncher,userLeaving=true,pauseBackTasks]
03-16 10:55:59.154 2011 2236 D PhoneStartingWindowTypeAlgorithm: preferredStartingWindowType newTask:false taskSwitch:true processRunning:true allowTaskSnapshot:true activityCreated:true useEmptySplashScreen:false legacySplashScreen:false topIsHome:false
03-16 10:55:59.154 2011 2236 D PhoneStartingWindowTypeAlgorithm: isSnapshotCompatible rotation 0 snapshot 0
03-16 10:55:59.155 797 1949 E DisplayDeviceConfig: requesting nits when no mapping exists.
03-16 10:55:59.156 797 1949 E DisplayDeviceConfig: requesting nits when no mapping exists.
03-16 10:55:59.156 797 830 I am_wtf : [0,797,system_server,-1,DisplayDeviceConfig,requesting nits when no mapping exists.]
03-16 10:55:59.158 797 830 I am_wtf : [0,797,system_server,-1,DisplayDeviceConfig,requesting nits when no mapping exists.]
03-16 10:55:59.159 797 1514 W FreeFormWindowHelper: Current Display FreeFormTask is null
03-16 10:55:59.161 2626 2626 I wm_on_top_resumed_lost_called: [28844568,com.android.launcher3.uioverrides.QuickstepLauncher,topStateChangedWhenResumed]
03-16 10:55:59.166 2626 2626 I wm_on_paused_called: [28844568,com.android.launcher3.uioverrides.QuickstepLauncher,performPause]
03-16 10:55:59.167 797 1514 I ActivityTaskManager: FOREGROUND_APPLICATION_CHANGED to com.android.settings.homepage.SettingsHomepageActivity
03-16 10:55:59.168 797 1514 I wm_set_resumed_activity: [0,com.android.settings/.Settings,resumeTopActivityInnerLocked]
03-16 10:55:59.168 797 1514 I wm_add_to_stopping: [0,28844568,com.android.launcher3/.uioverrides.QuickstepLauncher,makeInvisible]
03-16 10:55:59.171 797 1514 I wm_resume_activity: [0,8399530,27,com.android.settings/.Settings]
03-16 10:55:59.172 797 1949 E DisplayDeviceConfig: requesting nits when no mapping exists.
03-16 10:55:59.172 797 1949 E DisplayDeviceConfig: requesting nits when no mapping exists.
03-16 10:55:59.175 797 830 I am_wtf : [0,797,system_server,-1,DisplayDeviceConfig,requesting nits when no mapping exists.]
03-16 10:55:59.176 797 830 I am_wtf : [0,797,system_server,-1,DisplayDeviceConfig,requesting nits when no mapping exists.]
03-16 10:55:59.187 2471 2471 I wm_on_restart_called: [8399530,com.android.settings.Settings,performRestartActivity]
03-16 10:55:59.188 797 817 I sysui_multi_action: [757,803,799,window_time_0,802,831]
03-16 10:55:59.189 797 1949 E DisplayDeviceConfig: requesting nits when no mapping exists.
03-16 10:55:59.189 797 830 I am_wtf : [0,797,system_server,-1,DisplayDeviceConfig,requesting nits when no mapping exists.]
03-16 10:55:59.189 797 1949 E DisplayDeviceConfig: requesting nits when no mapping exists.
03-16 10:55:59.190 797 830 I am_wtf : [0,797,system_server,-1,DisplayDeviceConfig,requesting nits when no mapping exists.]
03-16 10:55:59.193 797 1329 I input_focus: [Focus leaving efa3eda com.android.launcher3/com.android.launcher3.uioverrides.QuickstepLauncher (server),reason=NO_WINDOW]
03-16 10:55:59.194 2471 2471 I wm_on_start_called: [8399530,com.android.settings.Settings,handleStartActivity]
03-16 10:55:59.195 2471 2471 I snet_event_log: [120484087,-1,]
03-16 10:55:59.195 2471 2471 I wm_on_resume_called: [8399530,com.android.settings.Settings,RESUME_ACTIVITY]
03-16 10:55:59.196 2471 2471 I sysui_multi_action: [757,35,758,1,833,0,1089,0]
03-16 10:55:59.199 797 822 I am_pss : [2626,10074,com.android.launcher3,127047680,109453312,0,275582976,0,2,10]
03-16 10:55:59.203 2471 2471 I sysui_multi_action: [757,746,758,1,833,0,1089,0]
03-16 10:55:59.203 797 811 I am_uid_running: 10063
03-16 10:55:59.204 797 811 D CompatibilityChangeReporter: Compat change id reported: 135634846; UID 10063; state: DISABLED
03-16 10:55:59.204 797 2325 D TelephonyRegistry: listen oscl: mHasNotifySubscriptionInfoChangedOccurred==false no callback
03-16 10:55:59.204 797 811 D CompatibilityChangeReporter: Compat change id reported: 177438394; UID 10063; state: DISABLED
03-16 10:55:59.204 797 811 D CompatibilityChangeReporter: Compat change id reported: 135772972; UID 10063; state: DISABLED
03-16 10:55:59.204 797 811 D CompatibilityChangeReporter: Compat change id reported: 135754954; UID 10063; state: ENABLED
03-16 10:55:59.204 797 831 D CompatibilityChangeReporter: Compat change id reported: 143937733; UID 10063; state: ENABLED
03-16 10:55:59.207 797 822 I am_pss : [3673,10086,com.android.music,26903552,18669568,0,154157056,0,4,6]
03-16 10:55:59.207 797 1949 E DisplayDeviceConfig: requesting nits when no mapping exists.
03-16 10:55:59.208 797 1949 E DisplayDeviceConfig: requesting nits when no mapping exists.
03-16 10:55:59.208 797 4443 D TelephonyRegistry: listen oscl: mHasNotifySubscriptionInfoChangedOccurred==false no callback
03-16 10:55:59.209 797 830 I am_wtf : [0,797,system_server,-1,DisplayDeviceConfig,requesting nits when no mapping exists.]
03-16 10:55:59.211 797 831 I am_proc_start: [0,6974,10063,com.thundercomm.gamemode.provider,content provider,{com.thundercomm.gamemode.provider/com.thundercomm.gamemode.provider.SettingsProvider}]
03-16 10:55:59.211 797 831 I ActivityManager: Start proc 6974:com.thundercomm.gamemode.provider/u0a63 for content provider {com.thundercomm.gamemode.provider/com.thundercomm.gamemode.provider.SettingsProvider}
03-16 10:55:59.213 797 830 I am_wtf : [0,797,system_server,-1,DisplayDeviceConfig,requesting nits when no mapping exists.]
03-16 10:55:59.218 797 822 I am_pss : [6080,10095,com.qiyi.video,140467200,119537664,0,244215808,0,16,11]
03-16 10:55:59.219 2471 2471 I wm_on_top_resumed_gained_called: [8399530,com.android.settings.Settings,topWhenResuming]
01-02 00:14:15.614 0 0 W audit : audit_lost=5363 audit_rate_limit=5 audit_backlog_limit=64
01-02 00:14:15.614 0 0 E audit : rate limit exceeded
01-02 00:14:15.615 0 0 I binder : 6974:6974 ioctl 40046210 7fdb4c8cd4 returned -22
03-16 10:55:59.225 797 818 I input_focus: [Focus request c027675 com.android.settings/com.android.settings.Settings,reason=UpdateInputWindows]
03-16 10:55:59.225 797 822 I am_pss : [3003,10079,com.qualcomm.qti.workloadclassifier,10166272,7737344,0,99459072,0,0,5]
03-16 10:55:59.226 797 1514 I am_proc_bound: [0,6974,com.thundercomm.gamemode.provider]
03-16 10:55:59.227 797 1949 E DisplayDeviceConfig: requesting nits when no mapping exists.
03-16 10:55:59.227 797 830 I am_wtf : [0,797,system_server,-1,DisplayDeviceConfig,requesting nits when no mapping exists.]
03-16 10:55:59.227 797 1949 E DisplayDeviceConfig: requesting nits when no mapping exists.
03-16 10:55:59.233 797 1514 D CompatibilityChangeReporter: Compat change id reported: 168419799; UID 10063; state: DISABLED
03-16 10:55:59.233 797 822 I am_pss : [2960,10083,com.qualcomm.qti.qccnetstat,6577152,4349952,0,93380608,0,0,6]
03-16 10:55:59.236 797 1514 I am_uid_active: 10063
03-16 10:55:59.237 797 830 I service_manager_slow: [10,dropbox]
03-16 10:55:59.237 797 830 I am_wtf : [0,797,system_server,-1,DisplayDeviceConfig,requesting nits when no mapping exists.]
03-16 10:55:59.241 2011 2236 D StartingSurfaceDrawer: Task start finish, remove starting surface for task 27
03-16 10:55:59.244 797 1949 E DisplayDeviceConfig: requesting nits when no mapping exists.
03-16 10:55:59.244 797 1949 E DisplayDeviceConfig: requesting nits when no mapping exists.
03-16 10:55:59.244 797 830 I am_wtf : [0,797,system_server,-1,DisplayDeviceConfig,requesting nits when no mapping exists.]
03-16 10:55:59.244 797 830 I am_wtf : [0,797,system_server,-1,DisplayDeviceConfig,requesting nits when no mapping exists.]
03-16 10:55:59.245 797 822 I am_pss : [2928,10054,.pasr,5836800,3690496,0,91254784,0,0,6]
03-16 10:55:59.246 797 814 I sysui_multi_action: [319,35,321,33,322,98,325,1880,757,761,758,9,759,4,806,com.android.settings,871,com.android.settings.Settings,904,com.android.launcher3,905,0,1320,4,1321,1]
03-16 10:55:59.253 797 822 I am_pss : [2945,10069,com.qualcomm.qti.services.systemhelper:systemhelper_service,6817792,4534272,0,95485952,0,0,6]
03-16 10:55:59.258 797 822 I am_pss : [2923,1000,com.hryt.hiphishowfsecontrol,14786560,12222464,0,107470848,0,0,5]
03-16 10:55:59.259 797 1329 I input_focus: [Focus entering c027675 com.android.settings/com.android.settings.Settings (server),reason=Window became focusable. Previous reason: NOT_VISIBLE]
03-16 10:55:59.260 797 1949 E DisplayDeviceConfig: requesting nits when no mapping exists.
03-16 10:55:59.260 797 1949 E DisplayDeviceConfig: requesting nits when no mapping exists.
03-16 10:55:59.260 797 830 I am_wtf : [0,797,system_server,-1,DisplayDeviceConfig,requesting nits when no mapping exists.]
03-16 10:55:59.261 797 830 I am_wtf : [0,797,system_server,-1,DisplayDeviceConfig,requesting nits when no mapping exists.]
03-16 10:55:59.266 797 822 I am_pss : [2869,10082,com.hht.lebocast,83142656,66871296,0,176660480,0,0,6]
03-16 10:55:59.271 797 822 I am_pss : [2875,10056,ts.car.uart,6620160,4485120,0,92160000,0,0,4]
03-16 10:55:59.275 797 1514 W FreeFormWindowHelper: Current Display FreeFormTask is null
03-16 10:55:59.276 797 1949 E DisplayDeviceConfig: requesting nits when no mapping exists.
03-16 10:55:59.276 797 1949 E DisplayDeviceConfig: requesting nits when no mapping exists.
03-16 10:55:59.277 797 830 I am_wtf : [0,797,system_server,-1,DisplayDeviceConfig,requesting nits when no mapping exists.]
03-16 10:55:59.277 797 822 I am_pss : [3205,10061,com.qualcomm.qti.devicestatisticsservice,5786624,3649536,0,90963968,0,0,5]
03-16 10:55:59.278 797 830 I am_wtf : [0,797,system_server,-1,DisplayDeviceConfig,requesting nits when no mapping exists.]
03-16 10:55:59.282 797 822 I commit_sys_config_file: [procstats,4]
01-02 00:14:15.687 0 0 I [schedu][0x86af6068c][10:55:59.292270] wlan: [3549:I:OSIF] scan start scan id 40976
03-16 10:55:59.292 797 1949 E DisplayDeviceConfig: requesting nits when no mapping exists.
03-16 10:55:59.293 797 1949 E DisplayDeviceConfig: requesting nits when no mapping exists.
03-16 10:55:59.294 797 830 I am_wtf : [0,797,system_server,-1,DisplayDeviceConfig,requesting nits when no mapping exists.]
03-16 10:55:59.295 797 830 I am_wtf : [0,797,system_server,-1,DisplayDeviceConfig,requesting nits when no mapping exists.]
03-16 10:55:59.308 797 1949 E DisplayDeviceConfig: requesting nits when no mapping exists.
03-16 10:55:59.308 797 1949 E DisplayDeviceConfig: requesting nits when no mapping exists.
03-16 10:55:59.308 797 830 I am_wtf : [0,797,system_server,-1,DisplayDeviceConfig,requesting nits when no mapping exists.]
03-16 10:55:59.309 797 830 I am_wtf : [0,797,system_server,-1,DisplayDeviceConfig,requesting nits when no mapping exists.]
03-16 10:55:59.324 797 1949 E DisplayDeviceConfig: requesting nits when no mapping exists.
03-16 10:55:59.325 797 1949 E DisplayDeviceConfig: requesting nits when no mapping exists.
03-16 10:55:59.325 797 830 I am_wtf : [0,797,system_server,-1,DisplayDeviceConfig,requesting nits when no mapping exists.]
03-16 10:55:59.326 797 830 I am_wtf : [0,797,system_server,-1,DisplayDeviceConfig,requesting nits when no mapping exists.]
03-16 10:55:59.341 797 1949 E DisplayDeviceConfig: requesting nits when no mapping exists.
03-16 10:55:59.341 797 1949 E DisplayDeviceConfig: requesting nits when no mapping exists.
03-16 10:55:59.344 797 830 I am_wtf : [0,797,system_server,-1,DisplayDeviceConfig,requesting nits when no mapping exists.]
03-16 10:55:59.345 797 830 I am_wtf : [0,797,system_server,-1,DisplayDeviceConfig,requesting nits when no mapping exists.]
03-16 10:55:59.361 797 1949 E DisplayDeviceConfig: requesting nits when no mapping exists.
03-16 10:55:59.362 797 1949 E DisplayDeviceConfig: requesting nits when no mapping exists.
03-16 10:55:59.363 797 830 I am_wtf : [0,797,system_server,-1,DisplayDeviceConfig,requesting nits when no mapping exists.]
03-16 10:55:59.363 797 830 I am_wtf : [0,797,system_server,-1,DisplayDeviceConfig,requesting nits when no mapping exists.]
03-16 10:55:59.375 797 1949 E DisplayDeviceConfig: requesting nits when no mapping exists.
03-16 10:55:59.375 797 1949 E DisplayDeviceConfig: requesting nits when no mapping exists.
03-16 10:55:59.375 797 830 I am_wtf : [0,797,system_server,-1,DisplayDeviceConfig,requesting nits when no mapping exists.]
03-16 10:55:59.376 797 830 I am_wtf : [0,797,system_server,-1,DisplayDeviceConfig,requesting nits when no mapping exists.]
03-16 10:55:59.392 797 1949 E DisplayDeviceConfig: requesting nits when no mapping exists.
03-16 10:55:59.392 797 830 I am_wtf : [0,797,system_server,-1,DisplayDeviceConfig,requesting nits when no mapping exists.]
03-16 10:55:59.393 797 1949 E DisplayDeviceConfig: requesting nits when no mapping exists.
03-16 10:55:59.393 797 830 I am_wtf : [0,797,system_server,-1,DisplayDeviceConfig,requesting nits when no mapping exists.]
03-16 10:55:59.408 797 1949 E DisplayDeviceConfig: requesting nits when no mapping exists.
03-16 10:55:59.409 797 1949 E DisplayDeviceConfig: requesting nits when no mapping exists.
03-16 10:55:59.409 797 830 I am_wtf : [0,797,system_server,-1,DisplayDeviceConfig,requesting nits when no mapping exists.]
03-16 10:55:59.411 797 830 I am_wtf : [0,797,system_server,-1,DisplayDeviceConfig,requesting nits when no mapping exists.]
03-16 10:55:59.425 797 1949 E DisplayDeviceConfig: requesting nits when no mapping exists.
03-16 10:55:59.426 797 1949 E DisplayDeviceConfig: requesting nits when no mapping exists.
03-16 10:55:59.426 797 830 I am_wtf : [0,797,system_server,-1,DisplayDeviceConfig,requesting nits when no mapping exists.]
03-16 10:55:59.426 797 830 I am_wtf : [0,797,system_server,-1,DisplayDeviceConfig,requesting nits when no mapping exists.]
03-16 10:55:59.442 797 1949 E DisplayDeviceConfig: requesting nits when no mapping exists.
03-16 10:55:59.442 797 1949 E DisplayDeviceConfig: requesting nits when no mapping exists.
03-16 10:55:59.442 797 830 I am_wtf : [0,797,system_server,-1,DisplayDeviceConfig,requesting nits when no mapping exists.]
03-16 10:55:59.443 797 830 I am_wtf : [0,797,system_server,-1,DisplayDeviceConfig,requesting nits when no mapping exists.]
03-16 10:55:59.459 797 1949 E DisplayDeviceConfig: requesting nits when no mapping exists.
03-16 10:55:59.459 797 1949 E DisplayDeviceConfig: requesting nits when no mapping exists.
03-16 10:55:59.459 797 830 I am_wtf : [0,797,system_server,-1,DisplayDeviceConfig,requesting nits when no mapping exists.]
03-16 10:55:59.460 797 830 I am_wtf : [0,797,system_server,-1,DisplayDeviceConfig,requesting nits when no mapping exists.]
03-16 10:55:59.475 797 1949 E DisplayDeviceConfig: requesting nits when no mapping exists.
03-16 10:55:59.476 797 1949 E DisplayDeviceConfig: requesting nits when no mapping exists.
03-16 10:55:59.477 797 830 I am_wtf : [0,797,system_server,-1,DisplayDeviceConfig,requesting nits when no mapping exists.]
03-16 10:55:59.477 797 830 I am_wtf : [0,797,system_server,-1,DisplayDeviceConfig,requesting nits when no mapping exists.]
03-16 10:55:59.492 797 1949 E DisplayDeviceConfig: requesting nits when no mapping exists.
03-16 10:55:59.493 797 1949 E DisplayDeviceConfig: requesting nits when no mapping exists.
03-16 10:55:59.493 797 830 I am_wtf : [0,797,system_server,-1,DisplayDeviceConfig,requesting nits when no mapping exists.]
03-16 10:55:59.494 797 830 I am_wtf : [0,797,system_server,-1,DisplayDeviceConfig,requesting nits when no mapping exists.]
03-16 10:55:59.510 797 1949 E DisplayDeviceConfig: requesting nits when no mapping exists.
03-16 10:55:59.511 797 1949 E DisplayDeviceConfig: requesting nits when no mapping exists.
03-16 10:55:59.511 797 830 I am_wtf : [0,797,system_server,-1,DisplayDeviceConfig,requesting nits when no mapping exists.]
03-16 10:55:59.512 797 830 I service_manager_stats: [100,80,777706]
03-16 10:55:59.512 797 830 I am_wtf : [0,797,system_server,-1,DisplayDeviceConfig,requesting nits when no mapping exists.]
03-16 10:55:59.527 797 1949 E DisplayDeviceConfig: requesting nits when no mapping exists.
03-16 10:55:59.528 797 1949 E DisplayDeviceConfig: requesting nits when no mapping exists.
03-16 10:55:59.528 797 830 I am_wtf : [0,797,system_server,-1,DisplayDeviceConfig,requesting nits when no mapping exists.]
03-16 10:55:59.528 797 830 I am_wtf : [0,797,system_server,-1,DisplayDeviceConfig,requesting nits when no mapping exists.]
03-16 10:55:59.541 797 1949 E DisplayDeviceConfig: requesting nits when no mapping exists.
03-16 10:55:59.542 797 1949 E DisplayDeviceConfig: requesting nits when no mapping exists.
03-16 10:55:59.542 797 830 I am_wtf : [0,797,system_server,-1,DisplayDeviceConfig,requesting nits when no mapping exists.]
03-16 10:55:59.543 797 830 I am_wtf : [0,797,system_server,-1,DisplayDeviceConfig,requesting nits when no mapping exists.]
03-16 10:55:59.558 797 1949 E DisplayDeviceConfig: requesting nits when no mapping exists.
03-16 10:55:59.558 797 1949 E DisplayDeviceConfig: requesting nits when no mapping exists.
03-16 10:55:59.558 797 830 I am_wtf : [0,797,system_server,-1,DisplayDeviceConfig,requesting nits when no mapping exists.]
03-16 10:55:59.560 797 830 I am_wtf : [0,797,system_server,-1,DisplayDeviceConfig,requesting nits when no mapping exists.]
03-16 10:55:59.575 797 1949 E DisplayDeviceConfig: requesting nits when no mapping exists.
03-16 10:55:59.575 797 1949 E DisplayDeviceConfig: requesting nits when no mapping exists.
03-16 10:55:59.576 797 830 I am_wtf : [0,797,system_server,-1,DisplayDeviceConfig,requesting nits when no mapping exists.]
03-16 10:55:59.577 797 830 I am_wtf : [0,797,system_server,-1,DisplayDeviceConfig,requesting nits when no mapping exists.]
03-16 10:55:59.594 797 1949 E DisplayDeviceConfig: requesting nits when no mapping exists.
03-16 10:55:59.594 797 1949 E DisplayDeviceConfig: requesting nits when no mapping exists.
03-16 10:55:59.594 797 830 I am_wtf : [0,797,system_server,-1,DisplayDeviceConfig,requesting nits when no mapping exists.]
03-16 10:55:59.595 797 830 I am_wtf : [0,797,system_server,-1,DisplayDeviceConfig,requesting nits when no mapping exists.]
03-16 10:55:59.609 797 1949 E DisplayDeviceConfig: requesting nits when no mapping exists.
03-16 10:55:59.610 797 1949 E DisplayDeviceConfig: requesting nits when no mapping exists.
03-16 10:55:59.610 797 830 I am_wtf : [0,797,system_server,-1,DisplayDeviceConfig,requesting nits when no mapping exists.]
03-16 10:55:59.612 797 830 I am_wtf : [0,797,system_server,-1,DisplayDeviceConfig,requesting nits when no mapping exists.]
03-16 10:55:59.626 797 1949 E DisplayDeviceConfig: requesting nits when no mapping exists.
03-16 10:55:59.626 797 1949 E DisplayDeviceConfig: requesting nits when no mapping exists.
03-16 10:55:59.626 797 830 I am_wtf : [0,797,system_server,-1,DisplayDeviceConfig,requesting nits when no mapping exists.]
03-16 10:55:59.627 797 830 I am_wtf : [0,797,system_server,-1,DisplayDeviceConfig,requesting nits when no mapping exists.]
03-16 10:55:59.643 797 1949 E DisplayDeviceConfig: requesting nits when no mapping exists.
03-16 10:55:59.643 797 1949 E DisplayDeviceConfig: requesting nits when no mapping exists.
03-16 10:55:59.643 797 830 I am_wtf : [0,797,system_server,-1,DisplayDeviceConfig,requesting nits when no mapping exists.]
03-16 10:55:59.644 797 830 I am_wtf : [0,797,system_server,-1,DisplayDeviceConfig,requesting nits when no mapping exists.]
03-16 10:55:59.658 797 1949 E DisplayDeviceConfig: requesting nits when no mapping exists.
03-16 10:55:59.659 797 1949 E DisplayDeviceConfig: requesting nits when no mapping exists.
03-16 10:55:59.659 797 830 I am_wtf : [0,797,system_server,-1,DisplayDeviceConfig,requesting nits when no mapping exists.]
03-16 10:55:59.660 797 830 I am_wtf : [0,797,system_server,-1,DisplayDeviceConfig,requesting nits when no mapping exists.]
03-16 10:55:59.678 797 1949 E DisplayDeviceConfig: requesting nits when no mapping exists.
03-16 10:55:59.679 797 1949 E DisplayDeviceConfig: requesting nits when no mapping exists.
03-16 10:55:59.679 797 830 I am_wtf : [0,797,system_server,-1,DisplayDeviceConfig,requesting nits when no mapping exists.]
03-16 10:55:59.685 797 830 I am_wtf : [0,797,system_server,-1,DisplayDeviceConfig,requesting nits when no mapping exists.]
03-16 10:55:59.694 797 1949 E DisplayDeviceConfig: requesting nits when no mapping exists.
03-16 10:55:59.695 797 1949 E DisplayDeviceConfig: requesting nits when no mapping exists.
03-16 10:55:59.695 797 830 I am_wtf : [0,797,system_server,-1,DisplayDeviceConfig,requesting nits when no mapping exists.]
03-16 10:55:59.696 797 830 I am_wtf : [0,797,system_server,-1,DisplayDeviceConfig,requesting nits when no mapping exists.]
03-16 10:55:59.709 797 1949 E DisplayDeviceConfig: requesting nits when no mapping exists.
03-16 10:55:59.709 797 1949 E DisplayDeviceConfig: requesting nits when no mapping exists.
03-16 10:55:59.709 797 830 I am_wtf : [0,797,system_server,-1,DisplayDeviceConfig,requesting nits when no mapping exists.]
03-16 10:55:59.710 797 830 I am_wtf : [0,797,system_server,-1,DisplayDeviceConfig,requesting nits when no mapping exists.]
03-16 10:55:59.729 797 1949 E DisplayDeviceConfig: requesting nits when no mapping exists.
03-16 10:55:59.730 797 830 I am_wtf : [0,797,system_server,-1,DisplayDeviceConfig,requesting nits when no mapping exists.]
03-16 10:55:59.730 797 817 I wm_stop_activity: [0,28844568,com.android.launcher3/.uioverrides.QuickstepLauncher]
03-16 10:55:59.732 797 1949 E DisplayDeviceConfig: requesting nits when no mapping exists.
03-16 10:55:59.733 797 830 I am_wtf : [0,797,system_server,-1,DisplayDeviceConfig,requesting nits when no mapping exists.]
03-16 10:55:59.743 797 1949 E DisplayDeviceConfig: requesting nits when no mapping exists.
03-16 10:55:59.744 797 830 I am_wtf : [0,797,system_server,-1,DisplayDeviceConfig,requesting nits when no mapping exists.]
03-16 10:55:59.745 797 1949 E DisplayDeviceConfig: requesting nits when no mapping exists.
03-16 10:55:59.745 797 830 I am_wtf : [0,797,system_server,-1,DisplayDeviceConfig,requesting nits when no mapping exists.]
03-16 10:55:59.758 797 1949 E DisplayDeviceConfig: requesting nits when no mapping exists.
03-16 10:55:59.759 797 1949 E DisplayDeviceConfig: requesting nits when no mapping exists.
03-16 10:55:59.759 797 830 I am_wtf : [0,797,system_server,-1,DisplayDeviceConfig,requesting nits when no mapping exists.]
03-16 10:55:59.759 797 830 I am_wtf : [0,797,system_server,-1,DisplayDeviceConfig,requesting nits when no mapping exists.]
03-16 10:55:59.762 2626 2626 I wm_on_stop_called: [28844568,com.android.launcher3.uioverrides.QuickstepLauncher,STOP_ACTIVITY_ITEM]
03-16 10:55:59.775 797 1949 E DisplayDeviceConfig: requesting nits when no mapping exists.
03-16 10:55:59.776 797 1949 E DisplayDeviceConfig: requesting nits when no mapping exists.
03-16 10:55:59.776 797 830 I am_wtf : [0,797,system_server,-1,DisplayDeviceConfig,requesting nits when no mapping exists.]
03-16 10:55:59.776 797 830 I am_wtf : [0,797,system_server,-1,DisplayDeviceConfig,requesting nits when no mapping exists.]
03-16 10:55:59.790 797 1949 E DisplayDeviceConfig: requesting nits when no mapping exists.
03-16 10:55:59.790 797 830 I am_wtf : [0,797,system_server,-1,DisplayDeviceConfig,requesting nits when no mapping exists.]
03-16 10:55:59.790 797 1949 E DisplayDeviceConfig: requesting nits when no mapping exists.
03-16 10:55:59.791 797 830 I am_wtf : [0,797,system_server,-1,DisplayDeviceConfig,requesting nits when no mapping exists.]
03-16 10:55:59.807 797 1949 E DisplayDeviceConfig: requesting nits when no mapping exists.
03-16 10:55:59.807 797 830 I am_wtf : [0,797,system_server,-1,DisplayDeviceConfig,requesting nits when no mapping exists.]
03-16 10:55:59.807 797 1949 E DisplayDeviceConfig: requesting nits when no mapping exists.
03-16 10:55:59.808 797 830 I am_wtf : [0,797,system_server,-1,DisplayDeviceConfig,requesting nits when no mapping exists.]
03-16 10:55:59.823 797 1949 E DisplayDeviceConfig: requesting nits when no mapping exists.
03-16 10:55:59.823 797 830 I am_wtf : [0,797,system_server,-1,DisplayDeviceConfig,requesting nits when no mapping exists.]
03-16 10:55:59.823 797 1949 E DisplayDeviceConfig: requesting nits when no mapping exists.
03-16 10:55:59.824 797 830 I am_wtf : [0,797,system_server,-1,DisplayDeviceConfig,requesting nits when no mapping exists.]
03-16 10:55:59.840 797 1949 E DisplayDeviceConfig: requesting nits when no mapping exists.
03-16 10:55:59.840 797 830 I am_wtf : [0,797,system_server,-1,DisplayDeviceConfig,requesting nits when no mapping exists.]
03-16 10:55:59.840 797 1949 E DisplayDeviceConfig: requesting nits when no mapping exists.
03-16 10:55:59.841 797 830 I am_wtf : [0,797,system_server,-1,DisplayDeviceConfig,requesting nits when no mapping exists.]
03-16 10:55:59.857 797 1949 E DisplayDeviceConfig: requesting nits when no mapping exists.
03-16 10:55:59.857 797 1949 E DisplayDeviceConfig: requesting nits when no mapping exists.
03-16 10:55:59.857 797 830 I am_wtf : [0,797,system_server,-1,DisplayDeviceConfig,requesting nits when no mapping exists.]
03-16 10:55:59.858 797 830 I am_wtf : [0,797,system_server,-1,DisplayDeviceConfig,requesting nits when no mapping exists.]
03-16 10:55:59.874 797 1949 E DisplayDeviceConfig: requesting nits when no mapping exists.
03-16 10:55:59.874 797 830 I am_wtf : [0,797,system_server,-1,DisplayDeviceConfig,requesting nits when no mapping exists.]
03-16 10:55:59.874 797 1949 E DisplayDeviceConfig: requesting nits when no mapping exists.
03-16 10:55:59.875 797 830 I am_wtf : [0,797,system_server,-1,DisplayDeviceConfig,requesting nits when no mapping exists.]
03-16 10:55:59.891 797 1949 E DisplayDeviceConfig: requesting nits when no mapping exists.
03-16 10:55:59.891 797 830 I am_wtf : [0,797,system_server,-1,DisplayDeviceConfig,requesting nits when no mapping exists.]
