01-01 23:45:22.593 0 0 I [schedu][0xab97a701][03:52:57.104017] wlan: [3549:I:OSIF] scan start scan id 40963
01-01 23:45:23.767 0 0 I [schedu][0xacef7ff1][03:52:58.277683] wlan: [3549:I:OSIF] vdev 0, scan id 40963 type COMPLETED(1) reason COMPLETED(1) scan found 16 bss
01-01 23:45:24.076 0 0 E DTC_ETH,link_delay_work_func: 3003, SQI=0, link=0
01-01 23:45:29.196 0 0 E DTC_ETH,link_delay_work_func: 3003, SQI=0, link=0
01-01 23:45:34.316 0 0 E DTC_ETH,link_delay_work_func: 3003, SQI=0, link=0
01-01 23:45:37.197 0 0 W audit : audit_lost=3020 audit_rate_limit=5 audit_backlog_limit=64
01-01 23:45:37.197 0 0 E audit : rate limit exceeded
01-01 23:45:39.436 0 0 E DTC_ETH,link_delay_work_func: 3003, SQI=0, link=0
01-01 23:45:44.556 0 0 E DTC_ETH,link_delay_work_func: 3003, SQI=0, link=0
01-01 23:45:49.676 0 0 E DTC_ETH,link_delay_work_func: 3003, SQI=0, link=0
01-01 23:45:54.796 0 0 E DTC_ETH,link_delay_work_func: 3003, SQI=0, link=0
01-01 23:45:59.916 0 0 E DTC_ETH,link_delay_work_func: 3003, SQI=0, link=0
01-01 23:46:05.036 0 0 E DTC_ETH,link_delay_work_func: 3003, SQI=0, link=0
01-01 23:46:06.391 0 0 W audit : audit_lost=3035 audit_rate_limit=5 audit_backlog_limit=64
01-01 23:46:06.391 0 0 E audit : rate limit exceeded
03-16 10:27:50.001 797 1300 E LazyAlarmStore: Removed TIME_TICK alarm
03-16 10:27:50.002 797 830 I DropBoxManagerService: add tag=system_server_wtf isTagEnabled=true flags=0x2
03-16 10:27:50.005 797 1884 D CompatibilityChangeReporter: Compat change id reported: 171306433; UID 1000; state: ENABLED
03-16 10:27:50.012 797 830 D CompatibilityChangeReporter: Compat change id reported: 135634846; UID 10053; state: DISABLED
03-16 10:27:50.012 797 830 D CompatibilityChangeReporter: Compat change id reported: 177438394; UID 10053; state: DISABLED
03-16 10:27:50.012 797 830 D CompatibilityChangeReporter: Compat change id reported: 135772972; UID 10053; state: DISABLED
03-16 10:27:50.012 797 830 D CompatibilityChangeReporter: Compat change id reported: 135754954; UID 10053; state: ENABLED
03-16 10:27:50.012 797 831 D CompatibilityChangeReporter: Compat change id reported: 143937733; UID 10053; state: ENABLED
03-16 10:27:50.012 797 797 D DevicePolicyManager: updateSystemUpdateFreezePeriodsRecord
03-16 10:27:50.012 797 797 I JobScheduler: RTC now valid; recalculating persisted job windows
03-16 10:27:50.013 797 797 W SyncManager: Clock is valid now.
03-16 10:27:50.013 797 797 D ConditionProviders.SCP: onReceive android.intent.action.TIME_SET
03-16 10:27:50.017 797 797 D ConditionProviders.SCP: evaluateSubscriptionLocked cal=ScheduleCalendar[mDays={1, 2, 3, 4, 5, 6, 7}, mSchedule=ScheduleInfo{days=[1, 2, 3, 4, 5, 6, 7], startHour=22, startMinute=0, endHour=7, endMinute=0, exitAtAlarm=true, nextAlarm=Thu Jan 01 08:00:00 GMT+08:00 1970 (0)}], now=Thu Mar 16 10:27:50 GMT+08:00 2023 (1678933670013), nextUserAlarmTime=Thu Jan 01 08:00:00 GMT+08:00 1970 (0)
03-16 10:27:50.018 797 797 D ConditionProviders.SCP: notifyCondition condition://android/schedule?days=1.2.3.4.5.6.7&start=22.0&end=7.0&exitAtAlarm=true STATE_FALSE reason=!meetsSchedule
03-16 10:27:50.018 797 797 D ConditionProviders.SCP: Scheduling evaluate for Thu Mar 16 22:00:00 GMT+08:00 2023 (1678975200000), in +11h32m9s987ms, now=Thu Mar 16 10:27:50 GMT+08:00 2023 (1678933670013)
03-16 10:27:50.022 797 797 I GameModeConfig: isGameModeOn = false
03-16 10:27:50.031 797 1366 D CompatibilityChangeReporter: Compat change id reported: 143231523; UID 1000; state: DISABLED
03-16 10:27:50.034 797 831 I ActivityManager: Start proc 4195:com.qualcomm.timeservice/u0a53 for broadcast {com.qualcomm.timeservice/com.qualcomm.timeservice.TimeServiceBroadcastReceiver}
01-01 23:46:06.449 0 0 I binder : 4195:4195 ioctl 40046210 7fdb4c8cd4 returned -22
03-16 10:27:50.061 797 1150 D CompatibilityChangeReporter: Compat change id reported: 168419799; UID 10053; state: DISABLED
03-16 10:27:50.109 797 822 I UsageStatsService: User[0] Time changed in by 196449 seconds
03-16 10:27:50.109 797 822 I UsageStatsService: User[0] Flushing usage stats to disk
03-16 10:27:50.122 797 822 I UsageStatsDatabase: Time changed by +2d6h34m9s94ms. files deleted: 0 files moved: 4
03-16 10:27:50.127 797 822 I UsageStatsService: User[0] Rollover scheduled @ 2023-03-17 10:25:17(1679019917297)
01-01 23:46:10.156 0 0 E DTC_ETH,link_delay_work_func: 3003, SQI=0, link=0
01-01 23:46:15.276 0 0 E DTC_ETH,link_delay_work_func: 3003, SQI=0, link=0
01-01 23:46:20.396 0 0 E DTC_ETH,link_delay_work_func: 3003, SQI=0, link=0
01-01 23:46:24.771 0 0 W audit : audit_lost=3038 audit_rate_limit=5 audit_backlog_limit=64
01-01 23:46:24.771 0 0 E audit : rate limit exceeded
03-16 10:28:08.965 4218 4218 D Build : ro.build.display.id=01.00.0082.X101
01-01 23:46:25.361 0 0 I binder : 4218:4218 ioctl 40046210 7fc4a1f794 returned -22
01-01 23:46:25.400 0 0 I binder : 4218:4239 ioctl 40046210 7bd1503484 returned -22
01-01 23:46:25.412 0 0 I msm_vidc: high: 00000001: ....e: Opening video instance: 0000000000000000, 0
01-01 23:46:25.412 0 0 I msm_vidc: err : 00000001: ....e: Failed to create debugfs for msm_vidc
01-01 23:46:25.516 0 0 E DTC_ETH,link_delay_work_func: 3003, SQI=0, link=0
03-16 10:28:09.130 4232 4232 D Build : ro.build.display.id=01.00.0082.X101
01-01 23:46:25.526 0 0 I binder : 4232:4232 ioctl 40046210 7fe6ec1ce4 returned -22
01-01 23:46:25.773 0 0 W audit : audit_lost=3145 audit_rate_limit=5 audit_backlog_limit=64
01-01 23:46:25.773 0 0 E audit : rate limit exceeded
03-16 10:28:10.271 797 1150 I DreamManagerService: Gently waking up from dream.
03-16 10:28:10.272 797 814 I DreamManagerService: Performing gentle wake from dream.
03-16 10:28:10.278 797 811 I ActivityTaskManager: FOREGROUND_APPLICATION_CHANGED to com.android.launcher3.uioverrides.QuickstepLauncher
03-16 10:28:10.293 797 822 I UsageStatsService: Time changed in by 196449 seconds
03-16 10:28:10.319 797 853 I PowerManagerService: Powering on display group fromDreaming (groupId=0, uid=1000, reason=WAKE_REASON_UNKNOWN, details=android.server.power:DREAM_FINISHED)...
03-16 10:28:10.319 797 853 I PowerManagerService: Waking up from Dreaming (uid=1000, reason=WAKE_REASON_UNKNOWN, details=android.server.power:DREAM_FINISHED)...
03-16 10:28:10.384 797 1150 W FreeFormWindowHelper: Current Display FreeFormTask is null
03-16 10:28:10.593 797 1150 I DreamManagerService: Leaving dreamland.
03-16 10:28:10.593 797 814 I DreamManagerService: Performing gentle wake from dream.
03-16 10:28:10.594 797 814 I DreamController: Stopping dream: name=ComponentInfo{com.thundercomm.screensaver/com.thundercomm.screensaver.service.SystemDream}, isTest=false, canDoze=false, userId=0, reason='finished self'(from 'finished self')
03-16 10:28:10.612 797 818 W ActivityTaskManager: Can't find TaskDisplayArea to determine support for multi window. Task id=14 attached=false
01-01 23:46:27.029 0 0 W audit : audit_lost=4034 audit_rate_limit=5 audit_backlog_limit=64
01-01 23:46:27.029 0 0 E audit : rate limit exceeded
01-01 23:46:27.055 0 0 I binder : 4274:4274 ioctl 40046210 7fe9f95a94 returned -22
01-01 23:46:30.636 0 0 E DTC_ETH,link_delay_work_func: 3003, SQI=0, link=0
01-01 23:46:35.756 0 0 E DTC_ETH,link_delay_work_func: 3003, SQI=0, link=0
01-01 23:46:40.876 0 0 E DTC_ETH,link_delay_work_func: 3003, SQI=0, link=0
01-01 23:46:42.734 0 0 I msm_vidc: err : ffffffff: .....: DBLP Set: status 0
01-01 23:46:45.996 0 0 E DTC_ETH,link_delay_work_func: 3003, SQI=0, link=0
01-01 23:46:51.116 0 0 E DTC_ETH,link_delay_work_func: 3003, SQI=0, link=0
01-01 23:46:56.236 0 0 E DTC_ETH,link_delay_work_func: 3003, SQI=0, link=0
01-01 23:47:01.356 0 0 E DTC_ETH,link_delay_work_func: 3003, SQI=0, link=0
01-01 23:47:06.476 0 0 E DTC_ETH,link_delay_work_func: 3003, SQI=0, link=0
01-01 23:47:11.596 0 0 E DTC_ETH,link_delay_work_func: 3003, SQI=0, link=0
01-01 23:47:16.716 0 0 E DTC_ETH,link_delay_work_func: 3003, SQI=0, link=0
01-01 23:47:18.990 0 0 I msm_vidc: err : ffffffff: .....: DBLP Set: status 0
03-16 10:29:03.325 797 853 V DisplayPowerController[0]: Brightness [0.05] reason changing to: 'manual [ dim ]', previous reason: 'manual'.
03-16 10:29:03.326 797 853 W PowerManagerService: Screen on took 53007 ms
03-16 10:29:03.330 797 1949 E DisplayDeviceConfig: requesting nits when no mapping exists.
03-16 10:29:03.331 797 1949 E DisplayDeviceConfig: requesting nits when no mapping exists.
03-16 10:29:03.333 797 830 I DropBoxManagerService: add tag=system_server_wtf isTagEnabled=true flags=0x2
03-16 10:29:03.337 797 830 I DropBoxManagerService: add tag=system_server_wtf isTagEnabled=true flags=0x2
03-16 10:29:03.346 797 1949 E DisplayDeviceConfig: requesting nits when no mapping exists.
03-16 10:29:03.347 797 1949 E DisplayDeviceConfig: requesting nits when no mapping exists.
03-16 10:29:03.348 797 830 I DropBoxManagerService: add tag=system_server_wtf isTagEnabled=true flags=0x2
03-16 10:29:03.350 797 830 I DropBoxManagerService: add tag=system_server_wtf isTagEnabled=true flags=0x2
03-16 10:29:03.363 797 1949 E DisplayDeviceConfig: requesting nits when no mapping exists.
03-16 10:29:03.364 797 1949 E DisplayDeviceConfig: requesting nits when no mapping exists.
03-16 10:29:03.365 797 830 I DropBoxManagerService: add tag=system_server_wtf isTagEnabled=true flags=0x2
03-16 10:29:03.371 797 1949 E DisplayDeviceConfig: requesting nits when no mapping exists.
03-16 10:29:03.371 797 1949 E DisplayDeviceConfig: requesting nits when no mapping exists.
03-16 10:29:03.387 797 1949 E DisplayDeviceConfig: requesting nits when no mapping exists.
03-16 10:29:03.388 797 1949 E DisplayDeviceConfig: requesting nits when no mapping exists.
03-16 10:29:03.405 797 1949 E DisplayDeviceConfig: requesting nits when no mapping exists.
03-16 10:29:03.406 797 1949 E DisplayDeviceConfig: requesting nits when no mapping exists.
03-16 10:29:03.421 797 1949 E DisplayDeviceConfig: requesting nits when no mapping exists.
03-16 10:29:03.422 797 1949 E DisplayDeviceConfig: requesting nits when no mapping exists.
03-16 10:29:03.438 797 1949 E DisplayDeviceConfig: requesting nits when no mapping exists.
03-16 10:29:03.439 797 1949 E DisplayDeviceConfig: requesting nits when no mapping exists.
03-16 10:29:03.455 797 1949 E DisplayDeviceConfig: requesting nits when no mapping exists.
03-16 10:29:03.455 797 1949 E DisplayDeviceConfig: requesting nits when no mapping exists.
03-16 10:29:03.471 797 1949 E DisplayDeviceConfig: requesting nits when no mapping exists.
03-16 10:29:03.472 797 1949 E DisplayDeviceConfig: requesting nits when no mapping exists.
03-16 10:29:03.488 797 1949 E DisplayDeviceConfig: requesting nits when no mapping exists.
03-16 10:29:03.489 797 1949 E DisplayDeviceConfig: requesting nits when no mapping exists.
03-16 10:29:03.505 797 1949 E DisplayDeviceConfig: requesting nits when no mapping exists.
03-16 10:29:03.505 797 1949 E DisplayDeviceConfig: requesting nits when no mapping exists.
03-16 10:29:03.522 797 1949 E DisplayDeviceConfig: requesting nits when no mapping exists.
03-16 10:29:03.523 797 1949 E DisplayDeviceConfig: requesting nits when no mapping exists.
03-16 10:29:03.538 797 1949 E DisplayDeviceConfig: requesting nits when no mapping exists.
03-16 10:29:03.539 797 1949 E DisplayDeviceConfig: requesting nits when no mapping exists.
03-16 10:29:03.555 797 1949 E DisplayDeviceConfig: requesting nits when no mapping exists.
03-16 10:29:03.556 797 1949 E DisplayDeviceConfig: requesting nits when no mapping exists.
03-16 10:29:03.572 797 1949 E DisplayDeviceConfig: requesting nits when no mapping exists.
03-16 10:29:03.572 797 1949 E DisplayDeviceConfig: requesting nits when no mapping exists.
03-16 10:29:03.589 797 1949 E DisplayDeviceConfig: requesting nits when no mapping exists.
03-16 10:29:03.589 797 1949 E DisplayDeviceConfig: requesting nits when no mapping exists.
03-16 10:29:03.605 797 1949 E DisplayDeviceConfig: requesting nits when no mapping exists.
03-16 10:29:03.606 797 1949 E DisplayDeviceConfig: requesting nits when no mapping exists.
03-16 10:29:03.622 797 1949 E DisplayDeviceConfig: requesting nits when no mapping exists.
03-16 10:29:03.622 797 1949 E DisplayDeviceConfig: requesting nits when no mapping exists.
03-16 10:29:03.638 797 1949 E DisplayDeviceConfig: requesting nits when no mapping exists.
03-16 10:29:03.639 797 1949 E DisplayDeviceConfig: requesting nits when no mapping exists.
03-16 10:29:03.655 797 1949 E DisplayDeviceConfig: requesting nits when no mapping exists.
03-16 10:29:03.656 797 1949 E DisplayDeviceConfig: requesting nits when no mapping exists.
03-16 10:29:03.672 797 1949 E DisplayDeviceConfig: requesting nits when no mapping exists.
03-16 10:29:03.672 797 1949 E DisplayDeviceConfig: requesting nits when no mapping exists.
03-16 10:29:03.689 797 1949 E DisplayDeviceConfig: requesting nits when no mapping exists.
03-16 10:29:03.689 797 1949 E DisplayDeviceConfig: requesting nits when no mapping exists.
03-16 10:29:03.705 797 1949 E DisplayDeviceConfig: requesting nits when no mapping exists.
03-16 10:29:03.706 797 1949 E DisplayDeviceConfig: requesting nits when no mapping exists.
03-16 10:29:03.722 797 1949 E DisplayDeviceConfig: requesting nits when no mapping exists.
03-16 10:29:03.723 797 1949 E DisplayDeviceConfig: requesting nits when no mapping exists.
03-16 10:29:03.739 797 1949 E DisplayDeviceConfig: requesting nits when no mapping exists.
03-16 10:29:03.739 797 1949 E DisplayDeviceConfig: requesting nits when no mapping exists.
03-16 10:29:03.755 797 1949 E DisplayDeviceConfig: requesting nits when no mapping exists.
03-16 10:29:03.756 797 1949 E DisplayDeviceConfig: requesting nits when no mapping exists.
03-16 10:29:03.772 797 1949 E DisplayDeviceConfig: requesting nits when no mapping exists.
03-16 10:29:03.773 797 1949 E DisplayDeviceConfig: requesting nits when no mapping exists.
03-16 10:29:03.789 797 1949 E DisplayDeviceConfig: requesting nits when no mapping exists.
03-16 10:29:03.789 797 1949 E DisplayDeviceConfig: requesting nits when no mapping exists.
03-16 10:29:03.805 797 1949 E DisplayDeviceConfig: requesting nits when no mapping exists.
03-16 10:29:03.806 797 1949 E DisplayDeviceConfig: requesting nits when no mapping exists.
03-16 10:29:03.822 797 1949 E DisplayDeviceConfig: requesting nits when no mapping exists.
03-16 10:29:03.823 797 1949 E DisplayDeviceConfig: requesting nits when no mapping exists.
03-16 10:29:03.839 797 1949 E DisplayDeviceConfig: requesting nits when no mapping exists.
03-16 10:29:03.839 797 1949 E DisplayDeviceConfig: requesting nits when no mapping exists.
03-16 10:29:03.856 797 1949 E DisplayDeviceConfig: requesting nits when no mapping exists.
03-16 10:29:03.856 797 1949 E DisplayDeviceConfig: requesting nits when no mapping exists.
03-16 10:29:03.872 797 1949 E DisplayDeviceConfig: requesting nits when no mapping exists.
03-16 10:29:03.873 797 1949 E DisplayDeviceConfig: requesting nits when no mapping exists.
03-16 10:29:03.889 797 1949 E DisplayDeviceConfig: requesting nits when no mapping exists.
03-16 10:29:03.890 797 1949 E DisplayDeviceConfig: requesting nits when no mapping exists.
03-16 10:29:03.906 797 1949 E DisplayDeviceConfig: requesting nits when no mapping exists.
03-16 10:29:03.906 797 1949 E DisplayDeviceConfig: requesting nits when no mapping exists.
03-16 10:29:03.922 797 1949 E DisplayDeviceConfig: requesting nits when no mapping exists.
03-16 10:29:03.923 797 1949 E DisplayDeviceConfig: requesting nits when no mapping exists.
03-16 10:29:03.939 797 1949 E DisplayDeviceConfig: requesting nits when no mapping exists.
03-16 10:29:03.940 797 1949 E DisplayDeviceConfig: requesting nits when no mapping exists.
03-16 10:29:03.956 797 1949 E DisplayDeviceConfig: requesting nits when no mapping exists.
03-16 10:29:03.956 797 1949 E DisplayDeviceConfig: requesting nits when no mapping exists.
03-16 10:29:03.973 797 1949 E DisplayDeviceConfig: requesting nits when no mapping exists.
03-16 10:29:03.973 797 1949 E DisplayDeviceConfig: requesting nits when no mapping exists.
03-16 10:29:03.989 797 1949 E DisplayDeviceConfig: requesting nits when no mapping exists.
03-16 10:29:03.990 797 1949 E DisplayDeviceConfig: requesting nits when no mapping exists.
03-16 10:29:04.006 797 1949 E DisplayDeviceConfig: requesting nits when no mapping exists.
03-16 10:29:04.006 797 1949 E DisplayDeviceConfig: requesting nits when no mapping exists.
03-16 10:29:04.023 797 1949 E DisplayDeviceConfig: requesting nits when no mapping exists.
03-16 10:29:04.023 797 1949 E DisplayDeviceConfig: requesting nits when no mapping exists.
03-16 10:29:04.039 797 1949 E DisplayDeviceConfig: requesting nits when no mapping exists.
03-16 10:29:04.040 797 1949 E DisplayDeviceConfig: requesting nits when no mapping exists.
03-16 10:29:04.056 797 1949 E DisplayDeviceConfig: requesting nits when no mapping exists.
03-16 10:29:04.056 797 1949 E DisplayDeviceConfig: requesting nits when no mapping exists.
03-16 10:29:04.073 797 1949 E DisplayDeviceConfig: requesting nits when no mapping exists.
03-16 10:29:04.073 797 1949 E DisplayDeviceConfig: requesting nits when no mapping exists.
03-16 10:29:04.089 797 1949 E DisplayDeviceConfig: requesting nits when no mapping exists.
03-16 10:29:04.090 797 1949 E DisplayDeviceConfig: requesting nits when no mapping exists.
03-16 10:29:04.106 797 1949 E DisplayDeviceConfig: requesting nits when no mapping exists.
03-16 10:29:04.107 797 1949 E DisplayDeviceConfig: requesting nits when no mapping exists.
03-16 10:29:04.123 797 1949 E DisplayDeviceConfig: requesting nits when no mapping exists.
03-16 10:29:04.124 797 1949 E DisplayDeviceConfig: requesting nits when no mapping exists.
03-16 10:29:04.140 797 1949 E DisplayDeviceConfig: requesting nits when no mapping exists.
03-16 10:29:04.140 797 1949 E DisplayDeviceConfig: requesting nits when no mapping exists.
03-16 10:29:04.156 797 1949 E DisplayDeviceConfig: requesting nits when no mapping exists.
03-16 10:29:04.157 797 1949 E DisplayDeviceConfig: requesting nits when no mapping exists.
03-16 10:29:04.173 797 1949 E DisplayDeviceConfig: requesting nits when no mapping exists.
03-16 10:29:04.173 797 1949 E DisplayDeviceConfig: requesting nits when no mapping exists.
03-16 10:29:04.190 797 1949 E DisplayDeviceConfig: requesting nits when no mapping exists.
03-16 10:29:04.190 797 1949 E DisplayDeviceConfig: requesting nits when no mapping exists.
03-16 10:29:04.206 797 1949 E DisplayDeviceConfig: requesting nits when no mapping exists.
03-16 10:29:04.207 797 1949 E DisplayDeviceConfig: requesting nits when no mapping exists.
03-16 10:29:04.223 797 1949 E DisplayDeviceConfig: requesting nits when no mapping exists.
03-16 10:29:04.224 797 1949 E DisplayDeviceConfig: requesting nits when no mapping exists.
03-16 10:29:04.240 797 1949 E DisplayDeviceConfig: requesting nits when no mapping exists.
03-16 10:29:04.240 797 1949 E DisplayDeviceConfig: requesting nits when no mapping exists.
03-16 10:29:04.256 797 1949 E DisplayDeviceConfig: requesting nits when no mapping exists.
03-16 10:29:04.257 797 1949 E DisplayDeviceConfig: requesting nits when no mapping exists.
03-16 10:29:04.273 797 1949 E DisplayDeviceConfig: requesting nits when no mapping exists.
03-16 10:29:04.274 797 1949 E DisplayDeviceConfig: requesting nits when no mapping exists.
03-16 10:29:04.290 797 1949 E DisplayDeviceConfig: requesting nits when no mapping exists.
03-16 10:29:04.290 797 1949 E DisplayDeviceConfig: requesting nits when no mapping exists.
01-01 23:47:21.836 0 0 E DTC_ETH,link_delay_work_func: 3003, SQI=0, link=0
01-01 23:47:26.956 0 0 E DTC_ETH,link_delay_work_func: 3003, SQI=0, link=0
01-01 23:47:32.076 0 0 E DTC_ETH,link_delay_work_func: 3003, SQI=0, link=0
01-01 23:47:37.196 0 0 E DTC_ETH,link_delay_work_func: 3003, SQI=0, link=0
01-01 23:47:42.316 0 0 E DTC_ETH,link_delay_work_func: 3003, SQI=0, link=0
03-16 10:29:26.144 797 1300 D CompatibilityChangeReporter: Compat change id reported: 168419799; UID 10024; state: DISABLED
01-01 23:47:42.590 0 0 I [schedu][0x14bce5ccc][10:29:26.195180] wlan: [3549:I:OSIF] scan start scan id 40964
01-01 23:47:43.753 0 0 I [schedu][0x14d2312d2][10:29:27.358141] wlan: [3549:I:OSIF] vdev 0, scan id 40964 type COMPLETED(1) reason COMPLETED(1) scan found 17 bss
03-16 10:29:27.627 797 797 I GameModeConfig: isGameModeOn = false
03-16 10:29:27.630 797 797 W NotificationHistory: Attempted to add notif for locked/gone/disabled user 0
01-01 23:47:46.990 0 0 I msm_vidc: err : ffffffff: .....: DBLP Set: status 0
01-01 23:47:47.436 0 0 E DTC_ETH,link_delay_work_func: 3003, SQI=0, link=0
01-01 23:47:52.556 0 0 E DTC_ETH,link_delay_work_func: 3003, SQI=0, link=0
01-01 23:47:57.676 0 0 E DTC_ETH,link_delay_work_func: 3003, SQI=0, link=0
01-01 23:48:02.796 0 0 E DTC_ETH,link_delay_work_func: 3003, SQI=0, link=0
01-01 23:48:07.916 0 0 E DTC_ETH,link_delay_work_func: 3003, SQI=0, link=0
01-01 23:48:13.036 0 0 E DTC_ETH,link_delay_work_func: 3003, SQI=0, link=0
01-01 23:48:18.156 0 0 E DTC_ETH,link_delay_work_func: 3003, SQI=0, link=0
01-01 23:48:18.958 0 0 I msm_vidc: err : ffffffff: .....: DBLP Set: status 0
01-01 23:48:23.276 0 0 E DTC_ETH,link_delay_work_func: 3003, SQI=0, link=0
03-16 10:30:11.242 590 590 E spcomlib: [spcom_wait_for_event] event [1] [nvm_ready] EVENT_STATUS_TIMEOUT
03-16 10:30:11.242 590 590 E spdaemon: spcom_wait_for_nvm_ready() failed. ret [-110] [Connection timed out].
03-16 10:30:11.242 590 590 E spdaemon: Initial SP initialization failed. ret [-110].
03-16 10:30:11.242 590 590 D spdaemon: going to sleep for a day.
01-01 23:48:27.629 0 0 E spss_utils [spss_wait_for_event]: wait for event [1] timeout [300] sec expired
01-01 23:48:28.396 0 0 E DTC_ETH,link_delay_work_func: 3003, SQI=0, link=0
01-01 23:48:33.516 0 0 E DTC_ETH,link_delay_work_func: 3003, SQI=0, link=0
01-01 23:48:38.636 0 0 E DTC_ETH,link_delay_work_func: 3003, SQI=0, link=0
01-01 23:48:43.756 0 0 E DTC_ETH,link_delay_work_func: 3003, SQI=0, link=0
01-01 23:48:48.876 0 0 E DTC_ETH,link_delay_work_func: 3003, SQI=0, link=0
01-01 23:48:53.996 0 0 E DTC_ETH,link_delay_work_func: 3003, SQI=0, link=0
01-01 23:48:59.116 0 0 E DTC_ETH,link_delay_work_func: 3003, SQI=0, link=0
01-01 23:49:04.236 0 0 E DTC_ETH,link_delay_work_func: 3003, SQI=0, link=0
01-01 23:49:09.356 0 0 E DTC_ETH,link_delay_work_func: 3003, SQI=0, link=0
01-01 23:49:14.476 0 0 E DTC_ETH,link_delay_work_func: 3003, SQI=0, link=0
03-16 10:30:59.266 797 853 V DisplayPowerController[0]: Brightness [1.0] reason changing to: 'manual', previous reason: 'manual [ dim ]'.
03-16 10:30:59.274 797 1949 E DisplayDeviceConfig: requesting nits when no mapping exists.
03-16 10:30:59.275 797 1949 E DisplayDeviceConfig: requesting nits when no mapping exists.
03-16 10:30:59.275 797 830 I DropBoxManagerService: add tag=system_server_wtf isTagEnabled=true flags=0x2
03-16 10:30:59.277 797 830 I DropBoxManagerService: add tag=system_server_wtf isTagEnabled=true flags=0x2
03-16 10:30:59.290 797 1949 E DisplayDeviceConfig: requesting nits when no mapping exists.
03-16 10:30:59.291 797 1949 E DisplayDeviceConfig: requesting nits when no mapping exists.
03-16 10:30:59.292 797 830 I DropBoxManagerService: add tag=system_server_wtf isTagEnabled=true flags=0x2
03-16 10:30:59.293 797 830 I DropBoxManagerService: add tag=system_server_wtf isTagEnabled=true flags=0x2
03-16 10:30:59.300 797 1949 E DisplayDeviceConfig: requesting nits when no mapping exists.
03-16 10:30:59.300 797 1949 E DisplayDeviceConfig: requesting nits when no mapping exists.
03-16 10:30:59.302 797 830 I DropBoxManagerService: add tag=system_server_wtf isTagEnabled=true flags=0x2
03-16 10:30:59.316 797 1949 E DisplayDeviceConfig: requesting nits when no mapping exists.
03-16 10:30:59.316 797 1949 E DisplayDeviceConfig: requesting nits when no mapping exists.
03-16 10:30:59.324 797 811 W FreeFormWindowHelper: Current Display FreeFormTask is null
03-16 10:30:59.333 797 1949 E DisplayDeviceConfig: requesting nits when no mapping exists.
03-16 10:30:59.333 797 1949 E DisplayDeviceConfig: requesting nits when no mapping exists.
03-16 10:30:59.350 797 1949 E DisplayDeviceConfig: requesting nits when no mapping exists.
03-16 10:30:59.351 797 1949 E DisplayDeviceConfig: requesting nits when no mapping exists.
03-16 10:30:59.366 797 1949 E DisplayDeviceConfig: requesting nits when no mapping exists.
03-16 10:30:59.367 797 1949 E DisplayDeviceConfig: requesting nits when no mapping exists.
03-16 10:30:59.383 797 2324 W FreeFormWindowHelper: Current Display FreeFormTask is null
03-16 10:30:59.384 797 1949 E DisplayDeviceConfig: requesting nits when no mapping exists.
03-16 10:30:59.385 797 1949 E DisplayDeviceConfig: requesting nits when no mapping exists.
03-16 10:30:59.385 797 2434 W FreeFormWindowHelper: Current Display FreeFormTask is null
03-16 10:30:59.386 797 2324 W FreeFormWindowHelper: Current Display FreeFormTask is null
03-16 10:30:59.388 797 2324 W FreeFormWindowHelper: Current Display FreeFormTask is null
03-16 10:30:59.389 797 814 D AutofillManagerService: Close system dialogs
03-16 10:30:59.392 797 811 W FreeFormWindowHelper: Current Display FreeFormTask is null
03-16 10:30:59.392 797 811 W FreeFormWindowHelper: Current Display FreeFormTask is null
03-16 10:30:59.400 797 1949 E DisplayDeviceConfig: requesting nits when no mapping exists.
03-16 10:30:59.400 797 1949 E DisplayDeviceConfig: requesting nits when no mapping exists.
03-16 10:30:59.418 797 1949 E DisplayDeviceConfig: requesting nits when no mapping exists.
03-16 10:30:59.418 797 1949 E DisplayDeviceConfig: requesting nits when no mapping exists.
03-16 10:30:59.434 797 1949 E DisplayDeviceConfig: requesting nits when no mapping exists.
03-16 10:30:59.434 797 1949 E DisplayDeviceConfig: requesting nits when no mapping exists.
03-16 10:30:59.450 797 1949 E DisplayDeviceConfig: requesting nits when no mapping exists.
03-16 10:30:59.451 797 1949 E DisplayDeviceConfig: requesting nits when no mapping exists.
03-16 10:30:59.455 797 2324 W ActivityTaskManager: getTaskSnapshot: taskId=-348 not found
03-16 10:30:59.456 797 1150 W ActivityTaskManager: getTaskSnapshot: taskId=-347 not found
03-16 10:30:59.457 797 1150 W ActivityTaskManager: getTaskSnapshot: taskId=-347 not found
03-16 10:30:59.457 797 1150 W ActivityTaskManager: getTaskSnapshot: taskId=-347 not found
03-16 10:30:59.458 797 1150 W ActivityTaskManager: getTaskSnapshot: taskId=-347 not found
03-16 10:30:59.467 797 1949 E DisplayDeviceConfig: requesting nits when no mapping exists.
03-16 10:30:59.467 797 1949 E DisplayDeviceConfig: requesting nits when no mapping exists.
03-16 10:30:59.468 797 1150 W FreeFormWindowHelper: Current Display FreeFormTask is null
03-16 10:30:59.468 797 1150 W FreeFormWindowHelper: Current Display FreeFormTask is null
03-16 10:30:59.484 797 1949 E DisplayDeviceConfig: requesting nits when no mapping exists.
03-16 10:30:59.484 797 1949 E DisplayDeviceConfig: requesting nits when no mapping exists.
03-16 10:30:59.500 797 1949 E DisplayDeviceConfig: requesting nits when no mapping exists.
03-16 10:30:59.501 797 1949 E DisplayDeviceConfig: requesting nits when no mapping exists.
03-16 10:30:59.517 797 1949 E DisplayDeviceConfig: requesting nits when no mapping exists.
03-16 10:30:59.518 797 1949 E DisplayDeviceConfig: requesting nits when no mapping exists.
03-16 10:30:59.534 797 1949 E DisplayDeviceConfig: requesting nits when no mapping exists.
03-16 10:30:59.534 797 1949 E DisplayDeviceConfig: requesting nits when no mapping exists.
03-16 10:30:59.551 797 1949 E DisplayDeviceConfig: requesting nits when no mapping exists.
03-16 10:30:59.551 797 1949 E DisplayDeviceConfig: requesting nits when no mapping exists.
03-16 10:30:59.567 797 1949 E DisplayDeviceConfig: requesting nits when no mapping exists.
03-16 10:30:59.568 797 1949 E DisplayDeviceConfig: requesting nits when no mapping exists.
03-16 10:30:59.584 797 1949 E DisplayDeviceConfig: requesting nits when no mapping exists.
03-16 10:30:59.584 797 1949 E DisplayDeviceConfig: requesting nits when no mapping exists.
03-16 10:30:59.601 797 1949 E DisplayDeviceConfig: requesting nits when no mapping exists.
03-16 10:30:59.601 797 1949 E DisplayDeviceConfig: requesting nits when no mapping exists.
03-16 10:30:59.617 797 1949 E DisplayDeviceConfig: requesting nits when no mapping exists.
03-16 10:30:59.618 797 1949 E DisplayDeviceConfig: requesting nits when no mapping exists.
03-16 10:30:59.634 797 1949 E DisplayDeviceConfig: requesting nits when no mapping exists.
03-16 10:30:59.634 797 1949 E DisplayDeviceConfig: requesting nits when no mapping exists.
03-16 10:30:59.651 797 1949 E DisplayDeviceConfig: requesting nits when no mapping exists.
03-16 10:30:59.651 797 1949 E DisplayDeviceConfig: requesting nits when no mapping exists.
03-16 10:30:59.653 797 1150 W FreeFormWindowHelper: Current Display FreeFormTask is null
03-16 10:30:59.653 797 1150 W FreeFormWindowHelper: Current Display FreeFormTask is null
03-16 10:30:59.667 797 1949 E DisplayDeviceConfig: requesting nits when no mapping exists.
03-16 10:30:59.668 797 1949 E DisplayDeviceConfig: requesting nits when no mapping exists.
03-16 10:30:59.670 797 2434 W FreeFormWindowHelper: Current Display FreeFormTask is null
03-16 10:30:59.670 797 2434 W FreeFormWindowHelper: Current Display FreeFormTask is null
03-16 10:30:59.684 797 1949 E DisplayDeviceConfig: requesting nits when no mapping exists.
03-16 10:30:59.685 797 1949 E DisplayDeviceConfig: requesting nits when no mapping exists.
03-16 10:30:59.686 797 1150 W FreeFormWindowHelper: Current Display FreeFormTask is null
03-16 10:30:59.686 797 1150 W FreeFormWindowHelper: Current Display FreeFormTask is null
03-16 10:30:59.701 797 1949 E DisplayDeviceConfig: requesting nits when no mapping exists.
03-16 10:30:59.702 797 1949 E DisplayDeviceConfig: requesting nits when no mapping exists.
03-16 10:30:59.710 797 2324 W FreeFormWindowHelper: Current Display FreeFormTask is null
03-16 10:30:59.710 797 1150 W FreeFormWindowHelper: Current Display FreeFormTask is null
03-16 10:30:59.718 797 1949 E DisplayDeviceConfig: requesting nits when no mapping exists.
03-16 10:30:59.719 797 2434 W FreeFormWindowHelper: Current Display FreeFormTask is null
03-16 10:30:59.719 797 1949 E DisplayDeviceConfig: requesting nits when no mapping exists.
03-16 10:30:59.719 797 811 W FreeFormWindowHelper: Current Display FreeFormTask is null
03-16 10:30:59.734 797 1949 E DisplayDeviceConfig: requesting nits when no mapping exists.
03-16 10:30:59.735 797 1949 E DisplayDeviceConfig: requesting nits when no mapping exists.
03-16 10:30:59.750 797 811 W FreeFormWindowHelper: Current Display FreeFormTask is null
03-16 10:30:59.750 797 811 W FreeFormWindowHelper: Current Display FreeFormTask is null
03-16 10:30:59.751 797 1949 E DisplayDeviceConfig: requesting nits when no mapping exists.
03-16 10:30:59.752 797 1949 E DisplayDeviceConfig: requesting nits when no mapping exists.
03-16 10:30:59.757 797 2434 W FreeFormWindowHelper: Current Display FreeFormTask is null
03-16 10:30:59.757 797 811 W FreeFormWindowHelper: Current Display FreeFormTask is null
03-16 10:30:59.768 797 1949 E DisplayDeviceConfig: requesting nits when no mapping exists.
03-16 10:30:59.768 797 1949 E DisplayDeviceConfig: requesting nits when no mapping exists.
03-16 10:30:59.770 797 2324 W FreeFormWindowHelper: Current Display FreeFormTask is null
03-16 10:30:59.770 797 2324 W FreeFormWindowHelper: Current Display FreeFormTask is null
03-16 10:30:59.784 797 1949 E DisplayDeviceConfig: requesting nits when no mapping exists.
03-16 10:30:59.785 797 1949 E DisplayDeviceConfig: requesting nits when no mapping exists.
03-16 10:30:59.786 797 2324 W FreeFormWindowHelper: Current Display FreeFormTask is null
03-16 10:30:59.787 797 2324 W FreeFormWindowHelper: Current Display FreeFormTask is null
03-16 10:30:59.801 797 1949 E DisplayDeviceConfig: requesting nits when no mapping exists.
03-16 10:30:59.802 797 1949 E DisplayDeviceConfig: requesting nits when no mapping exists.
03-16 10:30:59.804 797 2324 W FreeFormWindowHelper: Current Display FreeFormTask is null
03-16 10:30:59.804 797 2324 W FreeFormWindowHelper: Current Display FreeFormTask is null
03-16 10:30:59.818 797 1949 E DisplayDeviceConfig: requesting nits when no mapping exists.
03-16 10:30:59.819 797 1949 E DisplayDeviceConfig: requesting nits when no mapping exists.
03-16 10:30:59.821 797 1150 W FreeFormWindowHelper: Current Display FreeFormTask is null
03-16 10:30:59.821 797 1150 W FreeFormWindowHelper: Current Display FreeFormTask is null
03-16 10:30:59.834 797 1949 E DisplayDeviceConfig: requesting nits when no mapping exists.
03-16 10:30:59.835 797 1949 E DisplayDeviceConfig: requesting nits when no mapping exists.
03-16 10:30:59.840 797 812 W FreeFormWindowHelper: Current Display FreeFormTask is null
03-16 10:30:59.840 797 812 W FreeFormWindowHelper: Current Display FreeFormTask is null
03-16 10:30:59.851 797 1949 E DisplayDeviceConfig: requesting nits when no mapping exists.
03-16 10:30:59.852 797 1949 E DisplayDeviceConfig: requesting nits when no mapping exists.
03-16 10:30:59.854 797 812 W FreeFormWindowHelper: Current Display FreeFormTask is null
03-16 10:30:59.854 797 812 W FreeFormWindowHelper: Current Display FreeFormTask is null
03-16 10:30:59.868 797 1949 E DisplayDeviceConfig: requesting nits when no mapping exists.
03-16 10:30:59.868 797 1949 E DisplayDeviceConfig: requesting nits when no mapping exists.
03-16 10:30:59.870 797 2434 W FreeFormWindowHelper: Current Display FreeFormTask is null
03-16 10:30:59.870 797 2434 W FreeFormWindowHelper: Current Display FreeFormTask is null
03-16 10:30:59.885 797 1949 E DisplayDeviceConfig: requesting nits when no mapping exists.
03-16 10:30:59.885 797 1949 E DisplayDeviceConfig: requesting nits when no mapping exists.
03-16 10:30:59.887 797 1150 W FreeFormWindowHelper: Current Display FreeFormTask is null
03-16 10:30:59.887 797 1150 W FreeFormWindowHelper: Current Display FreeFormTask is null
03-16 10:30:59.901 797 1949 E DisplayDeviceConfig: requesting nits when no mapping exists.
03-16 10:30:59.902 797 1949 E DisplayDeviceConfig: requesting nits when no mapping exists.
03-16 10:30:59.904 797 811 W FreeFormWindowHelper: Current Display FreeFormTask is null
03-16 10:30:59.904 797 811 W FreeFormWindowHelper: Current Display FreeFormTask is null
03-16 10:30:59.918 797 1949 E DisplayDeviceConfig: requesting nits when no mapping exists.
03-16 10:30:59.919 797 1949 E DisplayDeviceConfig: requesting nits when no mapping exists.
03-16 10:30:59.920 797 2330 W FreeFormWindowHelper: Current Display FreeFormTask is null
03-16 10:30:59.920 797 2434 W FreeFormWindowHelper: Current Display FreeFormTask is null
03-16 10:30:59.935 797 1949 E DisplayDeviceConfig: requesting nits when no mapping exists.
03-16 10:30:59.935 797 1949 E DisplayDeviceConfig: requesting nits when no mapping exists.
03-16 10:30:59.940 797 812 W FreeFormWindowHelper: Current Display FreeFormTask is null
03-16 10:30:59.940 797 812 W FreeFormWindowHelper: Current Display FreeFormTask is null
03-16 10:30:59.951 797 1949 E DisplayDeviceConfig: requesting nits when no mapping exists.
03-16 10:30:59.952 797 1949 E DisplayDeviceConfig: requesting nits when no mapping exists.
03-16 10:30:59.956 797 1150 W FreeFormWindowHelper: Current Display FreeFormTask is null
03-16 10:30:59.956 797 1150 W FreeFormWindowHelper: Current Display FreeFormTask is null
03-16 10:30:59.957 797 812 W FreeFormWindowHelper: Current Display FreeFormTask is null
03-16 10:30:59.968 797 1949 E DisplayDeviceConfig: requesting nits when no mapping exists.
03-16 10:30:59.969 797 1949 E DisplayDeviceConfig: requesting nits when no mapping exists.
03-16 10:30:59.970 797 812 W FreeFormWindowHelper: Current Display FreeFormTask is null
03-16 10:30:59.970 797 812 W FreeFormWindowHelper: Current Display FreeFormTask is null
03-16 10:30:59.985 797 1949 E DisplayDeviceConfig: requesting nits when no mapping exists.
03-16 10:30:59.986 797 1949 E DisplayDeviceConfig: requesting nits when no mapping exists.
03-16 10:31:00.003 797 1949 E DisplayDeviceConfig: requesting nits when no mapping exists.
03-16 10:31:00.003 797 1949 E DisplayDeviceConfig: requesting nits when no mapping exists.
03-16 10:31:00.018 797 1949 E DisplayDeviceConfig: requesting nits when no mapping exists.
03-16 10:31:00.019 797 1949 E DisplayDeviceConfig: requesting nits when no mapping exists.
03-16 10:31:00.035 797 1949 E DisplayDeviceConfig: requesting nits when no mapping exists.
03-16 10:31:00.035 797 1949 E DisplayDeviceConfig: requesting nits when no mapping exists.
03-16 10:31:00.051 797 1949 E DisplayDeviceConfig: requesting nits when no mapping exists.
03-16 10:31:00.052 797 1949 E DisplayDeviceConfig: requesting nits when no mapping exists.
03-16 10:31:00.068 797 1949 E DisplayDeviceConfig: requesting nits when no mapping exists.
03-16 10:31:00.069 797 1949 E DisplayDeviceConfig: requesting nits when no mapping exists.
03-16 10:31:00.085 797 1949 E DisplayDeviceConfig: requesting nits when no mapping exists.
03-16 10:31:00.085 797 1949 E DisplayDeviceConfig: requesting nits when no mapping exists.
03-16 10:31:00.102 797 1949 E DisplayDeviceConfig: requesting nits when no mapping exists.
03-16 10:31:00.102 797 1949 E DisplayDeviceConfig: requesting nits when no mapping exists.
03-16 10:31:00.118 797 1949 E DisplayDeviceConfig: requesting nits when no mapping exists.
03-16 10:31:00.119 797 1949 E DisplayDeviceConfig: requesting nits when no mapping exists.
03-16 10:31:00.135 797 1949 E DisplayDeviceConfig: requesting nits when no mapping exists.
03-16 10:31:00.135 797 1949 E DisplayDeviceConfig: requesting nits when no mapping exists.
03-16 10:31:00.152 797 1949 E DisplayDeviceConfig: requesting nits when no mapping exists.
03-16 10:31:00.152 797 1949 E DisplayDeviceConfig: requesting nits when no mapping exists.
03-16 10:31:00.168 797 1949 E DisplayDeviceConfig: requesting nits when no mapping exists.
03-16 10:31:00.169 797 1949 E DisplayDeviceConfig: requesting nits when no mapping exists.
03-16 10:31:00.185 797 1949 E DisplayDeviceConfig: requesting nits when no mapping exists.
03-16 10:31:00.186 797 1949 E DisplayDeviceConfig: requesting nits when no mapping exists.
03-16 10:31:00.202 797 1949 E DisplayDeviceConfig: requesting nits when no mapping exists.
03-16 10:31:00.202 797 1949 E DisplayDeviceConfig: requesting nits when no mapping exists.
03-16 10:31:00.218 797 1949 E DisplayDeviceConfig: requesting nits when no mapping exists.
03-16 10:31:00.219 797 1949 E DisplayDeviceConfig: requesting nits when no mapping exists.
03-16 10:31:00.507 797 814 D AutofillManagerService: Close system dialogs
03-16 10:31:00.905 797 2324 W FreeFormWindowHelper: exitRecentTasks type=0
03-16 10:31:00.907 797 814 D AutofillManagerService: Close system dialogs
03-16 10:31:01.459 797 812 W FreeFormWindowHelper: Current Display FreeFormTask is null
03-16 10:31:01.459 797 812 W FreeFormWindowHelper: Current Display FreeFormTask is null
03-16 10:31:01.460 797 2324 W FreeFormWindowHelper: Current Display FreeFormTask is null
03-16 10:31:01.473 797 812 W FreeFormWindowHelper: Current Display FreeFormTask is null
03-16 10:31:01.473 797 812 W FreeFormWindowHelper: Current Display FreeFormTask is null
03-16 10:31:01.473 797 814 D AutofillManagerService: Close system dialogs
03-16 10:31:01.474 797 2324 W FreeFormWindowHelper: Current Display FreeFormTask is null
03-16 10:31:01.477 797 2324 W FreeFormWindowHelper: Current Display FreeFormTask is null
03-16 10:31:01.478 797 2324 W ActivityTaskManager: getTaskSnapshot: taskId=-259 not found
03-16 10:31:01.479 797 2324 W FreeFormWindowHelper: Current Display FreeFormTask is null
03-16 10:31:01.479 797 2324 W FreeFormWindowHelper: Current Display FreeFormTask is null
03-16 10:31:01.480 797 2324 W ActivityTaskManager: getTaskSnapshot: taskId=-259 not found
03-16 10:31:01.480 797 2324 W ActivityTaskManager: getTaskSnapshot: taskId=-259 not found
03-16 10:31:01.480 797 2324 W ActivityTaskManager: getTaskSnapshot: taskId=-259 not found
03-16 10:31:01.480 797 2324 W ActivityTaskManager: getTaskSnapshot: taskId=-259 not found
03-16 10:31:01.489 797 811 W FreeFormWindowHelper: Current Display FreeFormTask is null
03-16 10:31:01.489 797 811 W FreeFormWindowHelper: Current Display FreeFormTask is null
03-16 10:31:01.904 797 2324 W FreeFormWindowHelper: Current Display FreeFormTask is null
03-16 10:31:01.906 797 1150 W FreeFormWindowHelper: Current Display FreeFormTask is null
03-16 10:31:01.921 797 1150 W FreeFormWindowHelper: exitRecentTasks type=0
03-16 10:31:01.925 797 1150 W FreeFormWindowHelper: Current Display FreeFormTask is null
03-16 10:31:01.925 797 1150 W FreeFormWindowHelper: Current Display FreeFormTask is null
01-01 23:49:19.596 0 0 E DTC_ETH,link_delay_work_func: 3003, SQI=0, link=0
03-16 10:31:04.028 797 2324 I thunderperf: PlatormCompat.setOverrides: Uid1=10074 Pid1=2626 Uid2=10074 Pid2=2626
03-16 10:31:04.028 797 2324 I thunderperf: PlatormCompat.setOverrides: needCheck:false
03-16 10:31:04.029 797 2324 I thunderperf: CompatConfig.addOverrideUnsafe: bef-state=0
03-16 10:31:04.029 797 2324 I thunderperf: CompatConfig.addOverrideUnsafe: aft-state=0
03-16 10:31:04.030 797 2324 I thunderperf: CompatConfig.addOverrideUnsafe: bef-state=0
03-16 10:31:04.030 797 2324 I thunderperf: CompatConfig.addOverrideUnsafe: aft-state=0
03-16 10:31:04.031 797 2324 I thunderperf: CompatConfig.addOverrideUnsafe: bef-state=0
03-16 10:31:04.031 797 2324 I thunderperf: CompatConfig.addOverrideUnsafe: aft-state=0
03-16 10:31:04.031 797 2324 I thunderperf: CompatConfig.addOverrideUnsafe: bef-state=0
03-16 10:31:04.031 797 2324 I thunderperf: CompatConfig.addOverrideUnsafe: aft-state=0
03-16 10:31:04.032 797 2324 I thunderperf: CompatConfig.addOverrideUnsafe: bef-state=0
03-16 10:31:04.032 797 2324 I thunderperf: CompatConfig.addOverrideUnsafe: aft-state=0
03-16 10:31:04.032 797 2324 I thunderperf: CompatConfig.addOverrideUnsafe: bef-state=0
03-16 10:31:04.032 797 2324 I thunderperf: CompatConfig.addOverrideUnsafe: aft-state=0
03-16 10:31:04.033 797 2324 I thunderperf: CompatConfig.addOverrideUnsafe: bef-state=0
03-16 10:31:04.033 797 2324 I thunderperf: CompatConfig.addOverrideUnsafe: aft-state=0
03-16 10:31:04.033 797 2324 I thunderperf: CompatConfig.addOverrideUnsafe: bef-state=0
03-16 10:31:04.033 797 2324 I thunderperf: CompatConfig.addOverrideUnsafe: aft-state=0
03-16 10:31:04.034 797 2324 I thunderperf: CompatConfig.addOverrideUnsafe: bef-state=0
03-16 10:31:04.034 797 2324 I thunderperf: CompatConfig.addOverrideUnsafe: aft-state=0
03-16 10:31:04.034 797 2324 I thunderperf: CompatConfig.addOverrideUnsafe: bef-state=0
03-16 10:31:04.034 797 2324 I thunderperf: CompatConfig.addOverrideUnsafe: aft-state=0
03-16 10:31:04.035 797 2324 I thunderperf: CompatConfig.addOverrideUnsafe: bef-state=0
03-16 10:31:04.035 797 2324 I thunderperf: CompatConfig.addOverrideUnsafe: aft-state=0
03-16 10:31:04.035 797 2324 I thunderperf: CompatConfig.addOverrideUnsafe: bef-state=0
03-16 10:31:04.035 797 2324 I thunderperf: CompatConfig.addOverrideUnsafe: aft-state=0
03-16 10:31:04.035 797 2324 I thunderperf: CompatConfig.addOverrideUnsafe: bef-state=0
03-16 10:31:04.036 797 2324 I thunderperf: CompatConfig.addOverrideUnsafe: aft-state=0
03-16 10:31:04.036 797 2324 I thunderperf: CompatConfig.addOverrideUnsafe: bef-state=0
03-16 10:31:04.036 797 2324 I thunderperf: CompatConfig.addOverrideUnsafe: aft-state=0
03-16 10:31:04.041 797 2324 I ActivityTaskManager: START u0 {act=android.intent.action.MAIN cat=[android.intent.category.LAUNCHER] flg=0x10200000 cmp=cn.kuwo.player/.activities.EntryActivity bnds=[112,358][388,632]} from uid 10074
03-16 10:31:04.053 797 2324 W ActivityTaskManager: Can't find TaskDisplayArea to determine support for multi window. Task id=15 attached=false
03-16 10:31:04.054 797 2324 D CompatibilityChangeReporter: Compat change id reported: 174042980; UID 10097; state: DISABLED
03-16 10:31:04.055 797 2324 D CompatibilityChangeReporter: Compat change id reported: 184838306; UID 10097; state: DISABLED
03-16 10:31:04.055 797 2324 D CompatibilityChangeReporter: Compat change id reported: 185004937; UID 10097; state: DISABLED
03-16 10:31:04.055 797 2324 D CompatibilityChangeReporter: Compat change id reported: 181136395; UID 10097; state: DISABLED
03-16 10:31:04.055 797 2324 D CompatibilityChangeReporter: Compat change id reported: 174042936; UID 10097; state: DISABLED
03-16 10:31:04.056 797 2324 D CompatibilityChangeReporter: Compat change id reported: 168419799; UID 10097; state: DISABLED
03-16 10:31:04.056 797 2324 V SplashScreenExceptionList: SplashScreen checking exception for package cn.kuwo.player (target sdk:28) -> false
03-16 10:31:04.057 2011 2236 D PhoneStartingWindowTypeAlgorithm: preferredStartingWindowType newTask:true taskSwitch:true processRunning:false allowTaskSnapshot:true activityCreated:false useEmptySplashScreen:false legacySplashScreen:false topIsHome:false
03-16 10:31:04.058 2011 2236 D StartingSurfaceDrawer: addSplashScreen cn.kuwo.player theme=7f10000f task=15 suggestType=1
03-16 10:31:04.059 797 1150 W FreeFormWindowHelper: Current Display FreeFormTask is null
03-16 10:31:04.059 797 817 D CompatibilityChangeReporter: Compat change id reported: 135634846; UID 10097; state: DISABLED
03-16 10:31:04.060 797 831 D CompatibilityChangeReporter: Compat change id reported: 143937733; UID 10097; state: DISABLED
03-16 10:31:04.060 2011 2236 D StartingSurfaceDrawer: addSplashScreen: creating context based on task Configuration {1.0 ?mcc?mnc [zh_CN] ldltr sw680dp w272dp h612dp 240dpi nrml long hdr port finger -keyb/v/h -nav/h winConfig={ mBounds=Rect(986, 0 - 1395, 1020) mAppBounds=Rect(986, 0 - 1395, 954) mMaxBounds=Rect(0, 0 - 2380, 1020) mWindowingMode=fullscreen mDisplayWindowingMode=fullscreen mActivityType=standard mAlwaysOnTop=undefined mRotation=ROTATION_0} s.1 fontWeightAdjustment=0} for splash screen
03-16 10:31:04.062 797 1150 I ActivityTaskManager: FOREGROUND_APPLICATION_CHANGED to cn.kuwo.player.activities.EntryActivity
03-16 10:31:04.064 797 831 I ActivityManager: Start proc 4336:cn.kuwo.player/u0a97 for pre-top-activity {cn.kuwo.player/cn.kuwo.player.activities.EntryActivity}
03-16 10:31:04.064 797 4337 W ContextImpl: Calling a method in the system process without a qualified user: android.app.ContextImpl.sendBroadcast:1173 com.qualcomm.qti.Performance$SendGameLaunchBroadcast.run:217 java.lang.Thread.run:920
03-16 10:31:04.067 2011 2236 D StartingSurfaceDrawer: addSplashScreen: apply overrideConfig{1.0 ?mcc?mnc [zh_CN] ldltr sw680dp w272dp h612dp 240dpi nrml long hdr port finger -keyb/v/h -nav/h winConfig={ mBounds=Rect(986, 0 - 1395, 1020) mAppBounds=Rect(986, 0 - 1395, 954) mMaxBounds=Rect(0, 0 - 2380, 1020) mWindowingMode=fullscreen mDisplayWindowingMode=fullscreen mActivityType=standard mAlwaysOnTop=undefined mRotation=ROTATION_0} s.1 fontWeightAdjustment=0} to starting window resId=2131231934
03-16 10:31:04.068 2011 2251 D StartingSurfaceDrawer: window attributes color: 0 icon null duration 0 brandImage null
03-16 10:31:04.068 2011 2251 D StartingSurfaceDrawer: replace drawable with bottom layer drawable
03-16 10:31:04.072 2011 2251 D StartingSurfaceDrawer: The icon is not an AdaptiveIconDrawable
01-01 23:49:20.464 0 0 W perfetto: enabled ftrace
01-01 23:49:20.472 0 0 I binder : 4336:4336 ioctl 40046210 ff813ff8 returned -22
03-16 10:31:04.086 2011 2251 D StartingSurfaceDrawer: fillViewWithIcon surfaceWindowView android.window.SplashScreenView{330e90e V.E...... ......ID 0,0-0,0}
03-16 10:31:04.108 4336 4336 E LoadedApk: Unable to instantiate appComponentFactory
03-16 10:31:04.108 4336 4336 E LoadedApk: java.lang.ClassNotFoundException: Didn't find class "androidx.core.app.CoreComponentFactory" on path: DexPathList[[zip file "/data/app/~~2SC0ei_Oxg3y5pbNcWZLgA==/cn.kuwo.player-2mfkoGX4Bh-vDHDspUySNQ==/base.apk"],nativeLibraryDirectories=[/data/app/~~2SC0ei_Oxg3y5pbNcWZLgA==/cn.kuwo.player-2mfkoGX4Bh-vDHDspUySNQ==/lib/arm, /data/app/~~2SC0ei_Oxg3y5pbNcWZLgA==/cn.kuwo.player-2mfkoGX4Bh-vDHDspUySNQ==/base.apk!/lib/armeabi, /system/lib, /system_ext/lib]]
03-16 10:31:04.108 4336 4336 E LoadedApk: at dalvik.system.BaseDexClassLoader.findClass(BaseDexClassLoader.java:218)
03-16 10:31:04.108 4336 4336 E LoadedApk: at java.lang.ClassLoader.loadClass(ClassLoader.java:379)
03-16 10:31:04.108 4336 4336 E LoadedApk: at java.lang.ClassLoader.loadClass(ClassLoader.java:312)
03-16 10:31:04.108 4336 4336 E LoadedApk: at android.app.LoadedApk.createAppFactory(LoadedApk.java:262)
03-16 10:31:04.108 4336 4336 E LoadedApk: at android.app.LoadedApk.createOrUpdateClassLoaderLocked(LoadedApk.java:975)
03-16 10:31:04.108 4336 4336 E LoadedApk: at android.app.LoadedApk.getClassLoader(LoadedApk.java:1062)
03-16 10:31:04.108 4336 4336 E LoadedApk: at android.app.LoadedApk.getResources(LoadedApk.java:1310)
03-16 10:31:04.108 4336 4336 E LoadedApk: at android.app.ContextImpl.createAppContext(ContextImpl.java:3014)
03-16 10:31:04.108 4336 4336 E LoadedApk: at android.app.ContextImpl.createAppContext(ContextImpl.java:3006)
03-16 10:31:04.108 4336 4336 E LoadedApk: at android.app.ActivityThread.handleBindApplication(ActivityThread.java:6633)
03-16 10:31:04.108 4336 4336 E LoadedApk: at android.app.ActivityThread.access$1500(ActivityThread.java:248)
03-16 10:31:04.108 4336 4336 E LoadedApk: at android.app.ActivityThread$H.handleMessage(ActivityThread.java:2054)
03-16 10:31:04.108 4336 4336 E LoadedApk: at android.os.Handler.dispatchMessage(Handler.java:106)
03-16 10:31:04.108 4336 4336 E LoadedApk: at android.os.Looper.loopOnce(Looper.java:201)
03-16 10:31:04.108 4336 4336 E LoadedApk: at android.os.Looper.loop(Looper.java:288)
03-16 10:31:04.108 4336 4336 E LoadedApk: at android.app.ActivityThread.main(ActivityThread.java:7880)
03-16 10:31:04.108 4336 4336 E LoadedApk: at java.lang.reflect.Method.invoke(Native Method)
03-16 10:31:04.108 4336 4336 E LoadedApk: at com.android.internal.os.RuntimeInit$MethodAndArgsCaller.run(RuntimeInit.java:548)
