03-16 10:40:37.332 5644 5644 I wm_on_restart_called: [236784880,com.huawei.appmarket.MainActivity,performRestartActivity]
03-16 10:40:37.334 5644 5644 I wm_on_start_called: [236784880,com.huawei.appmarket.MainActivity,handleStartActivity]
03-16 10:40:37.341 5644 5644 I wm_on_resume_called: [236784880,com.huawei.appmarket.MainActivity,RESUME_ACTIVITY]
03-16 10:40:37.341 5644 5644 I wm_on_top_resumed_gained_called: [236784880,com.huawei.appmarket.MainActivity,topWhenResuming]
03-16 10:40:37.350 797 818 I input_focus: [Focus request 2909ed1 com.huawei.appmarket/com.huawei.appmarket.MainActivity,reason=UpdateInputWindows]
03-16 10:40:37.356 2011 2236 D StartingSurfaceDrawer: Task start finish, remove starting surface for task 38
03-16 10:40:37.361 797 1329 I input_focus: [Focus entering 2909ed1 com.huawei.appmarket/com.huawei.appmarket.MainActivity (server),reason=setFocusedWindow]
03-16 10:40:37.364 797 814 I sysui_multi_action: [319,45,321,43,322,63,325,958,757,761,758,9,759,4,806,com.huawei.appmarket,871,com.huawei.appmarket.MainActivity,904,com.android.launcher3,905,0,1320,4,1321,4]
03-16 10:40:37.420 797 2012 W FreeFormWindowHelper: Current Display FreeFormTask is null
03-16 10:40:37.713 797 1329 I input_interaction: Interaction with: 2909ed1 com.huawei.appmarket/com.huawei.appmarket.MainActivity (server), edge-swipe (server), swipe-up (server), PointerEventDispatcher0 (server),
03-16 10:40:37.804 797 2315 I wm_task_moved: [1,0,0]
03-16 10:40:37.804 797 2315 I wm_task_moved: [1,0,12]
03-16 10:40:37.810 797 2324 W FreeFormWindowHelper: Current Display FreeFormTask is null
03-16 10:40:37.810 797 2324 W FreeFormWindowHelper: Current Display FreeFormTask is null
03-16 10:40:37.813 797 2324 W FreeFormWindowHelper: Current Display FreeFormTask is null
03-16 10:40:37.816 797 2315 W FreeFormWindowHelper: Current Display FreeFormTask is null
03-16 10:40:37.826 797 2315 W FreeFormWindowHelper: Current Display FreeFormTask is null
03-16 10:40:37.826 797 2315 W FreeFormWindowHelper: Current Display FreeFormTask is null
03-16 10:40:37.863 4218 4218 I auditd : type=1400 audit(0.0:3355): avc: denied { call } for comm="CodecLooper" scontext=u:r:su:s0 tcontext=u:r:mediacodec:s0 tclass=binder permissive=1
03-16 10:40:37.892 5644 5644 I view_enqueue_input_event: [Motion - Cancel,com.huawei.appmarket/com.huawei.appmarket.MainActivity]
03-16 10:40:37.892 797 1672 W FreeFormWindowHelper: Current Display FreeFormTask is null
03-16 10:40:37.893 797 1672 W FreeFormWindowHelper: Current Display FreeFormTask is null
03-16 10:40:37.894 797 814 D AutofillManagerService: Close system dialogs
03-16 10:40:37.904 797 1329 I input_interaction: Interaction with: edge-swipe (server), swipe-up (server), PointerEventDispatcher0 (server),
03-16 10:40:37.920 2626 2626 I sysui_latency: [1,5]
03-16 10:40:37.921 797 818 I input_focus: [Focus request recents_animation_input_consumer,reason=UpdateInputWindows]
03-16 10:40:37.922 797 2324 W FreeFormWindowHelper: Current Display FreeFormTask is null
03-16 10:40:37.922 797 1672 W FreeFormWindowHelper: Current Display FreeFormTask is null
03-16 10:40:37.923 797 1672 W FreeFormWindowHelper: Current Display FreeFormTask is null
03-16 10:40:37.924 797 1672 W FreeFormWindowHelper: Current Display FreeFormTask is null
03-16 10:40:37.927 797 1329 I input_focus: [Focus leaving 2909ed1 com.huawei.appmarket/com.huawei.appmarket.MainActivity (server),reason=NOT_FOCUSABLE]
03-16 10:40:37.928 797 1329 I input_focus: [Focus entering recents_animation_input_consumer (server),reason=setFocusedWindow]
03-16 10:40:37.929 797 2315 W FreeFormWindowHelper: Current Display FreeFormTask is null
03-16 10:40:37.929 797 2315 W FreeFormWindowHelper: Current Display FreeFormTask is null
03-16 10:40:37.947 797 2315 W FreeFormWindowHelper: Current Display FreeFormTask is null
03-16 10:40:37.947 797 2315 W FreeFormWindowHelper: Current Display FreeFormTask is null
03-16 10:40:38.123 797 1297 I commit_sys_config_file: [settings-1-0,4]
03-16 10:40:38.248 797 2315 I wm_task_moved: [1,0,12]
03-16 10:40:38.248 797 2315 I wm_add_to_stopping: [0,28844568,com.android.launcher3/.uioverrides.QuickstepLauncher,makeInvisible]
03-16 10:40:38.253 797 2324 W FreeFormWindowHelper: Current Display FreeFormTask is null
03-16 10:40:38.253 797 2324 W FreeFormWindowHelper: Current Display FreeFormTask is null
03-16 10:40:38.254 797 818 I input_focus: [Focus request 2909ed1 com.huawei.appmarket/com.huawei.appmarket.MainActivity,reason=UpdateInputWindows]
03-16 10:40:38.255 797 817 I wm_stop_activity: [0,28844568,com.android.launcher3/.uioverrides.QuickstepLauncher]
03-16 10:40:38.261 797 2324 W FreeFormWindowHelper: Current Display FreeFormTask is null
03-16 10:40:38.262 797 2315 W FreeFormWindowHelper: Current Display FreeFormTask is null
03-16 10:40:38.276 797 1672 W FreeFormWindowHelper: Current Display FreeFormTask is null
03-16 10:40:38.276 797 1672 W FreeFormWindowHelper: Current Display FreeFormTask is null
03-16 10:40:38.277 797 1672 W FreeFormWindowHelper: exitRecentTasks type=0
03-16 10:40:38.278 797 1329 I input_focus: [Focus leaving recents_animation_input_consumer (server),reason=NOT_VISIBLE]
03-16 10:40:38.278 797 1329 I input_focus: [Focus entering 2909ed1 com.huawei.appmarket/com.huawei.appmarket.MainActivity (server),reason=setFocusedWindow]
03-16 10:40:38.280 2626 2626 I wm_on_stop_called: [28844568,com.android.launcher3.uioverrides.QuickstepLauncher,STOP_ACTIVITY_ITEM]
03-16 10:40:38.483 797 1297 I commit_sys_config_file: [settings-1-0,4]
03-16 10:40:38.676 797 1329 I input_interaction: Interaction with: 2909ed1 com.huawei.appmarket/com.huawei.appmarket.MainActivity (server), edge-swipe (server), swipe-up (server), PointerEventDispatcher0 (server),
03-16 10:40:38.740 797 2870 E TaskPersister: File error accessing recents directory (directory doesn't exist?).
03-16 10:40:38.743 797 1672 W FreeFormWindowHelper: Current Display FreeFormTask is null
03-16 10:40:38.745 797 1672 I wm_task_moved: [1,0,0]
03-16 10:40:38.745 797 2324 W FreeFormWindowHelper: Current Display FreeFormTask is null
03-16 10:40:38.746 797 1672 I wm_task_moved: [1,0,12]
03-16 10:40:38.763 2626 2626 I wm_on_restart_called: [28844568,com.android.launcher3.uioverrides.QuickstepLauncher,performRestartActivity]
03-16 10:40:38.765 797 2324 W FreeFormWindowHelper: Current Display FreeFormTask is null
03-16 10:40:38.765 797 2012 W FreeFormWindowHelper: Current Display FreeFormTask is null
03-16 10:40:38.779 2626 2626 I wm_on_start_called: [28844568,com.android.launcher3.uioverrides.QuickstepLauncher,handleStartActivity]
03-16 10:40:38.786 797 2012 W FreeFormWindowHelper: Current Display FreeFormTask is null
03-16 10:40:38.786 797 2012 W FreeFormWindowHelper: Current Display FreeFormTask is null
03-16 10:40:38.795 797 2012 W FreeFormWindowHelper: Current Display FreeFormTask is null
03-16 10:40:38.795 797 2012 W FreeFormWindowHelper: Current Display FreeFormTask is null
03-16 10:40:38.801 5644 5644 I view_enqueue_input_event: [Motion - Cancel,com.huawei.appmarket/com.huawei.appmarket.MainActivity]
03-16 10:40:38.801 797 814 I sysui_multi_action: [319,13,322,49,325,960,757,761,758,9,759,5,806,com.android.launcher3,871,com.android.launcher3.uioverrides.QuickstepLauncher,905,0,1320,4,1321,1]
03-16 10:40:38.802 2626 2626 I sysui_latency: [1,58]
03-16 10:40:38.803 797 2324 W FreeFormWindowHelper: Current Display FreeFormTask is null
03-16 10:40:38.804 797 2324 W FreeFormWindowHelper: Current Display FreeFormTask is null
03-16 10:40:38.807 797 818 I input_focus: [Focus request recents_animation_input_consumer,reason=UpdateInputWindows]
03-16 10:40:38.810 797 814 D AutofillManagerService: Close system dialogs
03-16 10:40:38.814 797 1329 I input_interaction: Interaction with: edge-swipe (server), swipe-up (server), PointerEventDispatcher0 (server),
03-16 10:40:38.815 797 2324 W FreeFormWindowHelper: Current Display FreeFormTask is null
03-16 10:40:38.815 797 2324 W FreeFormWindowHelper: Current Display FreeFormTask is null
03-16 10:40:38.829 797 2012 W FreeFormWindowHelper: Current Display FreeFormTask is null
03-16 10:40:38.829 797 2012 W FreeFormWindowHelper: Current Display FreeFormTask is null
03-16 10:40:38.830 797 1329 I input_focus: [Focus leaving 2909ed1 com.huawei.appmarket/com.huawei.appmarket.MainActivity (server),reason=NOT_FOCUSABLE]
03-16 10:40:38.830 797 1329 I input_focus: [Focus entering recents_animation_input_consumer (server),reason=setFocusedWindow]
03-16 10:40:38.985 797 1297 I commit_sys_config_file: [settings-1-0,8]
03-16 10:40:39.097 797 822 I sysui_latency: [8,61]
03-16 10:40:39.148 797 2324 W FreeFormWindowHelper: exitRecentTasks type=0
03-16 10:40:39.157 797 2330 W FreeFormWindowHelper: Current Display FreeFormTask is null
03-16 10:40:39.157 797 2330 W FreeFormWindowHelper: Current Display FreeFormTask is null
03-16 10:40:39.357 797 1297 I commit_sys_config_file: [settings-1-0,5]
03-16 10:40:39.722 797 1329 I input_interaction: Interaction with: recents_animation_input_consumer (server), edge-swipe (server), swipe-up (server), PointerEventDispatcher0 (server),
03-16 10:40:39.731 797 2330 W FreeFormWindowHelper: Current Display FreeFormTask is null
03-16 10:40:39.731 797 2330 W FreeFormWindowHelper: Current Display FreeFormTask is null
03-16 10:40:39.737 797 2330 I wm_task_moved: [1,1,13]
03-16 10:40:39.739 797 2330 I wm_task_moved: [13,1,2147483647]
03-16 10:40:39.739 797 2330 I wm_task_to_front: [0,13]
03-16 10:40:39.739 5644 5644 I wm_on_top_resumed_lost_called: [236784880,com.huawei.appmarket.MainActivity,topStateChangedWhenResumed]
03-16 10:40:39.739 797 2330 I wm_focused_root_task: [0,0,1,38,RecentsAnimation.onAnimationFinished()]
03-16 10:40:39.739 797 2330 I wm_set_resumed_activity: [0,com.android.launcher3/.uioverrides.QuickstepLauncher,RecentsAnimation.onAnimationFinished()]
03-16 10:40:39.742 797 2330 I wm_pause_activity: [0,236784880,com.huawei.appmarket/.MainActivity,userLeaving=true,pauseBackTasks]
03-16 10:40:39.743 797 2330 I wm_add_to_stopping: [0,236784880,com.huawei.appmarket/.MainActivity,makeInvisible]
03-16 10:40:39.744 797 2330 I ActivityTaskManager: FOREGROUND_APPLICATION_CHANGED to com.android.launcher3.uioverrides.QuickstepLauncher
03-16 10:40:39.744 797 2330 I wm_set_resumed_activity: [0,com.android.launcher3/.uioverrides.QuickstepLauncher,resumeTopActivityInnerLocked]
03-16 10:40:39.747 797 2330 I wm_resume_activity: [0,28844568,13,com.android.launcher3/.uioverrides.QuickstepLauncher]
03-16 10:40:39.749 2626 2626 I wm_on_resume_called: [28844568,com.android.launcher3.uioverrides.QuickstepLauncher,RESUME_ACTIVITY]
03-16 10:40:39.755 797 818 I input_focus: [Focus request efa3eda com.android.launcher3/com.android.launcher3.uioverrides.QuickstepLauncher,reason=UpdateInputWindows]
03-16 10:40:39.760 5644 5644 I wm_on_paused_called: [236784880,com.huawei.appmarket.MainActivity,performPause]
03-16 10:40:39.761 797 817 I wm_stop_activity: [0,236784880,com.huawei.appmarket/.MainActivity]
03-16 10:40:39.762 797 817 I sysui_multi_action: [757,803,799,window_time_0,802,3]
03-16 10:40:39.763 797 817 I sysui_multi_action: [757,803,799,window_time_0,802,0]
03-16 10:40:39.764 2626 2626 I wm_on_top_resumed_gained_called: [28844568,com.android.launcher3.uioverrides.QuickstepLauncher,topStateChangedWhenResumed]
03-16 10:40:39.764 797 817 I ActivityManager: PendingStartActivityUids startActivity to updateOomAdj delay:1009ms, uid:10074
03-16 10:40:39.766 797 1329 I input_focus: [Focus leaving recents_animation_input_consumer (server),reason=NOT_VISIBLE]
03-16 10:40:39.766 797 1329 I input_focus: [Focus entering efa3eda com.android.launcher3/com.android.launcher3.uioverrides.QuickstepLauncher (server),reason=setFocusedWindow]
03-16 10:40:39.795 5644 5644 I wm_on_stop_called: [236784880,com.huawei.appmarket.MainActivity,STOP_ACTIVITY_ITEM]
03-16 10:40:39.831 797 2324 I thunderperf: PlatormCompat.setOverrides: Uid1=10074 Pid1=2626 Uid2=10074 Pid2=2626
03-16 10:40:39.831 797 2324 I thunderperf: PlatormCompat.setOverrides: needCheck:false
03-16 10:40:39.831 797 2324 I thunderperf: CompatConfig.addOverrideUnsafe: bef-state=0
03-16 10:40:39.831 797 2324 I thunderperf: CompatConfig.addOverrideUnsafe: aft-state=0
03-16 10:40:39.832 797 2324 I thunderperf: CompatConfig.addOverrideUnsafe: bef-state=0
03-16 10:40:39.833 797 2324 I thunderperf: CompatConfig.addOverrideUnsafe: aft-state=0
03-16 10:40:39.833 797 2324 I thunderperf: CompatConfig.addOverrideUnsafe: bef-state=0
03-16 10:40:39.833 797 2324 I thunderperf: CompatConfig.addOverrideUnsafe: aft-state=0
03-16 10:40:39.833 797 2324 I thunderperf: CompatConfig.addOverrideUnsafe: bef-state=0
03-16 10:40:39.833 797 2324 I thunderperf: CompatConfig.addOverrideUnsafe: aft-state=0
03-16 10:40:39.834 797 2324 I thunderperf: CompatConfig.addOverrideUnsafe: bef-state=0
03-16 10:40:39.834 797 2324 I thunderperf: CompatConfig.addOverrideUnsafe: aft-state=0
03-16 10:40:39.834 797 2324 I thunderperf: CompatConfig.addOverrideUnsafe: bef-state=0
03-16 10:40:39.834 797 2324 I thunderperf: CompatConfig.addOverrideUnsafe: aft-state=0
03-16 10:40:39.835 797 2324 I thunderperf: CompatConfig.addOverrideUnsafe: bef-state=0
03-16 10:40:39.835 797 2324 I thunderperf: CompatConfig.addOverrideUnsafe: aft-state=0
03-16 10:40:39.835 797 2324 I thunderperf: CompatConfig.addOverrideUnsafe: bef-state=0
03-16 10:40:39.835 797 2324 I thunderperf: CompatConfig.addOverrideUnsafe: aft-state=0
03-16 10:40:39.836 797 2324 I thunderperf: CompatConfig.addOverrideUnsafe: bef-state=0
03-16 10:40:39.836 797 2324 I thunderperf: CompatConfig.addOverrideUnsafe: aft-state=0
03-16 10:40:39.836 797 2324 I thunderperf: CompatConfig.addOverrideUnsafe: bef-state=0
03-16 10:40:39.836 797 2324 I thunderperf: CompatConfig.addOverrideUnsafe: aft-state=0
03-16 10:40:39.837 797 2324 I thunderperf: CompatConfig.addOverrideUnsafe: bef-state=0
03-16 10:40:39.837 797 2324 I thunderperf: CompatConfig.addOverrideUnsafe: aft-state=0
03-16 10:40:39.837 797 2324 I thunderperf: CompatConfig.addOverrideUnsafe: bef-state=0
03-16 10:40:39.837 797 2324 I thunderperf: CompatConfig.addOverrideUnsafe: aft-state=0
03-16 10:40:39.838 797 2324 I thunderperf: CompatConfig.addOverrideUnsafe: bef-state=0
03-16 10:40:39.838 797 2324 I thunderperf: CompatConfig.addOverrideUnsafe: aft-state=0
03-16 10:40:39.838 797 2324 I thunderperf: CompatConfig.addOverrideUnsafe: bef-state=0
03-16 10:40:39.838 797 2324 I thunderperf: CompatConfig.addOverrideUnsafe: aft-state=0
03-16 10:40:39.846 797 2324 I ActivityTaskManager: START u0 {act=android.intent.action.MAIN cat=[android.intent.category.LAUNCHER] flg=0x10200000 cmp=com.sohu.sohuvideo/.ui.homepage.MainActivity bnds=[1216,84][1492,358]} from uid 10074
03-16 10:40:39.853 797 2324 I wm_task_created: [40,-1]
03-16 10:40:39.853 797 2324 W ActivityTaskManager: Can't find TaskDisplayArea to determine support for multi window. Task id=40 attached=false
03-16 10:40:39.855 797 2324 D CompatibilityChangeReporter: Compat change id reported: 174042980; UID 10094; state: DISABLED
03-16 10:40:39.855 797 2324 D CompatibilityChangeReporter: Compat change id reported: 184838306; UID 10094; state: DISABLED
03-16 10:40:39.855 797 2324 D CompatibilityChangeReporter: Compat change id reported: 185004937; UID 10094; state: DISABLED
03-16 10:40:39.856 797 2324 D CompatibilityChangeReporter: Compat change id reported: 181136395; UID 10094; state: DISABLED
03-16 10:40:39.856 797 2324 D CompatibilityChangeReporter: Compat change id reported: 174042936; UID 10094; state: DISABLED
03-16 10:40:39.856 797 2324 I wm_task_moved: [40,1,14]
03-16 10:40:39.856 797 2324 I wm_task_to_front: [0,40]
03-16 10:40:39.857 797 2324 I wm_create_task: [0,40]
03-16 10:40:39.857 797 2324 I wm_create_activity: [0,16041582,40,com.sohu.sohuvideo/.ui.homepage.MainActivity,android.intent.action.MAIN,NULL,NULL,270532608]
03-16 10:40:39.857 797 2324 I wm_task_moved: [40,1,14]
03-16 10:40:39.857 797 2324 D CompatibilityChangeReporter: Compat change id reported: 168419799; UID 10094; state: DISABLED
03-16 10:40:39.857 797 2324 V SplashScreenExceptionList: SplashScreen checking exception for package com.sohu.sohuvideo (target sdk:30) -> false
03-16 10:40:39.858 797 2324 I wm_pause_activity: [0,28844568,com.android.launcher3/.uioverrides.QuickstepLauncher,userLeaving=true,pauseBackTasks]
03-16 10:40:39.859 2011 2236 D PhoneStartingWindowTypeAlgorithm: preferredStartingWindowType newTask:true taskSwitch:true processRunning:false allowTaskSnapshot:true activityCreated:false useEmptySplashScreen:false legacySplashScreen:false topIsHome:false
03-16 10:40:39.859 2011 2236 D StartingSurfaceDrawer: addSplashScreen com.sohu.sohuvideo theme=7f1301ed task=40 suggestType=1
03-16 10:40:39.860 797 2330 W FreeFormWindowHelper: Current Display FreeFormTask is null
03-16 10:40:39.860 2626 2626 I wm_on_top_resumed_lost_called: [28844568,com.android.launcher3.uioverrides.QuickstepLauncher,topStateChangedWhenResumed]
03-16 10:40:39.861 2011 2236 D StartingSurfaceDrawer: addSplashScreen: creating context based on task Configuration {1.0 ?mcc?mnc [zh_CN] ldltr sw680dp w272dp h612dp 240dpi nrml long hdr port finger -keyb/v/h -nav/h winConfig={ mBounds=Rect(986, 0 - 1395, 1020) mAppBounds=Rect(986, 0 - 1395, 954) mMaxBounds=Rect(0, 0 - 2380, 1020) mWindowingMode=fullscreen mDisplayWindowingMode=fullscreen mActivityType=standard mAlwaysOnTop=undefined mRotation=ROTATION_0} s.1 fontWeightAdjustment=0} for splash screen
03-16 10:40:39.861 797 817 I am_uid_running: 10094
03-16 10:40:39.861 797 817 D CompatibilityChangeReporter: Compat change id reported: 135634846; UID 10094; state: DISABLED
03-16 10:40:39.861 797 831 D CompatibilityChangeReporter: Compat change id reported: 143937733; UID 10094; state: ENABLED
03-16 10:40:39.863 2626 2626 I wm_on_paused_called: [28844568,com.android.launcher3.uioverrides.QuickstepLauncher,performPause]
03-16 10:40:39.863 797 2330 I ActivityTaskManager: FOREGROUND_APPLICATION_CHANGED to com.sohu.sohuvideo.ui.homepage.MainActivity
03-16 10:40:39.864 797 2330 I wm_add_to_stopping: [0,28844568,com.android.launcher3/.uioverrides.QuickstepLauncher,makeInvisible]
03-16 10:40:39.866 797 831 I am_proc_start: [0,5886,10094,com.sohu.sohuvideo,pre-top-activity,{com.sohu.sohuvideo/com.sohu.sohuvideo.ui.homepage.MainActivity}]
03-16 10:40:39.866 797 831 I ActivityManager: Start proc 5886:com.sohu.sohuvideo/u0a94 for pre-top-activity {com.sohu.sohuvideo/com.sohu.sohuvideo.ui.homepage.MainActivity}
03-16 10:40:39.867 797 2330 W FreeFormWindowHelper: Current Display FreeFormTask is null
03-16 10:40:39.867 797 5887 W ContextImpl: Calling a method in the system process without a qualified user: android.app.ContextImpl.sendBroadcast:1173 com.qualcomm.qti.Performance$SendGameLaunchBroadcast.run:217 java.lang.Thread.run:920
03-16 10:40:39.868 2011 2236 D StartingSurfaceDrawer: addSplashScreen: apply overrideConfig{1.0 ?mcc?mnc [zh_CN] ldltr sw680dp w272dp h612dp 240dpi nrml long hdr port finger -keyb/v/h -nav/h winConfig={ mBounds=Rect(986, 0 - 1395, 1020) mAppBounds=Rect(986, 0 - 1395, 954) mMaxBounds=Rect(0, 0 - 2380, 1020) mWindowingMode=fullscreen mDisplayWindowingMode=fullscreen mActivityType=standard mAlwaysOnTop=undefined mRotation=ROTATION_0} s.1 fontWeightAdjustment=0} to starting window resId=2131230875
03-16 10:40:39.869 797 817 I sysui_multi_action: [757,803,799,window_time_0,802,0]
03-16 10:40:39.869 2011 2251 D StartingSurfaceDrawer: window attributes color: 0 icon null duration 0 brandImage null
03-16 10:40:39.869 2011 2251 D StartingSurfaceDrawer: replace drawable with bottom layer drawable
01-01 23:58:56.265 0 0 W perfetto: enabled ftrace
03-16 10:40:39.872 2011 2251 D StartingSurfaceDrawer: The icon is not an AdaptiveIconDrawable
03-16 10:40:39.873 2011 2251 D StartingSurfaceDrawer: fillViewWithIcon surfaceWindowView android.window.SplashScreenView{d84a11d V.E...... ......ID 0,0-0,0}
03-16 10:40:39.875 5886 5886 I auditd : type=1400 audit(0.0:3356): avc: denied { connectto } for comm=4144422D4A44575020436F6E6E6563 path=006A6477702D636F6E74726F6C scontext=u:r:untrusted_app:s0:c94,c256,c512,c768 tcontext=u:r:su:s0 tclass=unix_stream_socket permissive=1 app=com.sohu.sohuvideo
03-16 10:40:39.875 4129 4129 I auditd : type=1400 audit(0.0:3357): avc: denied { use } for comm=6A64777020636F6E74726F6C path="anon_inode:[eventfd]" dev="anon_inodefs" ino=11319 scontext=u:r:su:s0 tcontext=u:r:adbd:s0 tclass=fd permissive=1
01-01 23:58:56.275 0 0 I binder : 5886:5886 ioctl 40046210 ff813ff8 returned -22
03-16 10:40:39.882 797 1329 I input_focus: [Focus leaving efa3eda com.android.launcher3/com.android.launcher3.uioverrides.QuickstepLauncher (server),reason=NO_WINDOW]
03-16 10:40:39.879 1416 1416 I auditd : type=1400 audit(0.0:3358): avc: denied { call } for comm="OMXCallbackDisp" scontext=u:r:mediacodec:s0 tcontext=u:r:su:s0 tclass=binder permissive=1
03-16 10:40:39.883 797 2324 I am_proc_bound: [0,5886,com.sohu.sohuvideo]
03-16 10:40:39.886 797 2324 I wm_restart_activity: [0,16041582,40,com.sohu.sohuvideo/.ui.homepage.MainActivity]
03-16 10:40:39.886 797 2324 I wm_set_resumed_activity: [0,com.sohu.sohuvideo/.ui.homepage.MainActivity,minimalResumeActivityLocked]
03-16 10:40:39.887 797 817 I am_uid_active: 10094
03-16 10:40:39.891 4218 4218 I auditd : type=1400 audit(0.0:3359): avc: denied { call } for comm="CodecLooper" scontext=u:r:su:s0 tcontext=u:r:mediacodec:s0 tclass=binder permissive=1
03-16 10:40:39.929 797 2324 D PackageManager: Instant App installer not found with android.intent.action.INSTALL_INSTANT_APP_PACKAGE
03-16 10:40:39.929 797 2324 D PackageManager: Clear ephemeral installer activity
03-16 10:40:39.946 797 2324 D CompatibilityChangeReporter: Compat change id reported: 171306433; UID 10094; state: DISABLED
03-16 10:40:39.968 797 2324 W FreeFormWindowHelper: Current Display FreeFormTask is null
03-16 10:40:39.979 5886 5886 I auditd : type=1400 audit(0.0:3360): avc: denied { bind } for comm="DnsConfigServic" scontext=u:r:untrusted_app:s0:c94,c256,c512,c768 tcontext=u:r:untrusted_app:s0:c94,c256,c512,c768 tclass=netlink_route_socket permissive=1 bug=b/155595000 app=com.sohu.sohuvideo
03-16 10:40:39.979 5886 5886 I auditd : type=1400 audit(0.0:3361): avc: denied { nlmsg_readpriv } for comm="DnsConfigServic" scontext=u:r:untrusted_app:s0:c94,c256,c512,c768 tcontext=u:r:untrusted_app:s0:c94,c256,c512,c768 tclass=netlink_route_socket permissive=1 bug=b/155595000 app=com.sohu.sohuvideo
03-16 10:40:40.047 797 2330 I am_uid_running: 10066
03-16 10:40:40.049 797 2330 D CompatibilityChangeReporter: Compat change id reported: 135634846; UID 10066; state: DISABLED
03-16 10:40:40.049 797 831 D CompatibilityChangeReporter: Compat change id reported: 143937733; UID 10066; state: ENABLED
03-16 10:40:40.053 797 831 I am_proc_start: [0,5960,10066,com.android.webview:webview_service,service,{com.android.webview/org.chromium.android_webview.services.VariationsSeedServer}]
03-16 10:40:40.053 797 831 I ActivityManager: Start proc 5960:com.android.webview:webview_service/u0a66 for service {com.android.webview/org.chromium.android_webview.services.VariationsSeedServer}
03-16 10:40:40.059 5960 5960 I auditd : type=1400 audit(0.0:3362): avc: denied { connectto } for comm=4144422D4A44575020436F6E6E6563 path=006A6477702D636F6E74726F6C scontext=u:r:untrusted_app:s0:c66,c256,c512,c768 tcontext=u:r:su:s0 tclass=unix_stream_socket permissive=1 app=com.android.webview
03-16 10:40:40.066 797 2324 W ActivityManager: Unable to start service Intent { act=com.bun.msa.action.start.service cmp=com.mdid.msa/.service.MsaKlService (has extras) } U=0: not found
03-16 10:40:40.063 1416 1416 I auditd : type=1400 audit(0.0:3363): avc: denied { call } for comm="OMXCallbackDisp" scontext=u:r:mediacodec:s0 tcontext=u:r:su:s0 tclass=binder permissive=1
03-16 10:40:40.069 797 4443 W ActivityManager: Unable to start service Intent { act=com.bun.msa.action.bindto.service cmp=com.mdid.msa/.service.MsaIdService (has extras) } U=0: not found
01-01 23:58:56.465 0 0 I binder : 5960:5960 ioctl 40046210 ff813ff8 returned -22
03-16 10:40:40.072 797 2330 I am_proc_bound: [0,5960,com.android.webview:webview_service]
03-16 10:40:40.073 797 2330 D CompatibilityChangeReporter: Compat change id reported: 168419799; UID 10066; state: DISABLED
03-16 10:40:40.074 797 2330 I am_uid_active: 10066
03-16 10:40:40.076 797 4443 I am_uid_running: 99000
03-16 10:40:40.077 797 4443 D CompatibilityChangeReporter: Compat change id reported: 135634846; UID 10094; state: DISABLED
03-16 10:40:40.077 797 831 D CompatibilityChangeReporter: Compat change id reported: 143937733; UID 10094; state: ENABLED
03-16 10:40:40.085 797 831 I am_proc_start: [0,5978,99000,com.android.webview:sandboxed_process0:org.chromium.content.app.SandboxedProcessService0:0,,{com.sohu.sohuvideo/org.chromium.content.app.SandboxedProcessService0:0}]
03-16 10:40:40.085 797 831 I ActivityManager: Start proc 5978:com.android.webview:sandboxed_process0:org.chromium.content.app.SandboxedProcessService0:0/u0ai9000 for {com.sohu.sohuvideo/org.chromium.content.app.SandboxedProcessService0:0}
03-16 10:40:40.091 5978 5978 I auditd : type=1400 audit(0.0:3364): avc: denied { connectto } for comm=4144422D4A44575020436F6E6E6563 path=006A6477702D636F6E74726F6C scontext=u:r:isolated_app:s0:c512,c768 tcontext=u:r:su:s0 tclass=unix_stream_socket permissive=1
01-01 23:58:56.489 0 0 I binder : 5978:5978 ioctl 40046210 ff813748 returned -22
03-16 10:40:40.097 797 1672 I am_proc_bound: [0,5978,com.android.webview:sandboxed_process0:org.chromium.content.app.SandboxedProcessService0:0]
03-16 10:40:40.101 797 1672 I am_uid_active: 99000
01-01 23:58:56.500 0 0 W audit : audit_lost=4050 audit_rate_limit=5 audit_backlog_limit=64
01-01 23:58:56.500 0 0 E audit : rate limit exceeded
03-16 10:40:40.170 797 1297 I commit_sys_config_file: [settings-3-0,3]
03-16 10:40:40.239 5886 5886 I wm_on_create_called: [16041582,com.sohu.sohuvideo.ui.homepage.MainActivity,performCreate]
03-16 10:40:40.244 797 2434 E ClipboardService: Denying clipboard access to com.sohu.sohuvideo, application is not in focus nor is it a system service for user 0
03-16 10:40:40.262 5886 5886 I wm_on_start_called: [16041582,com.sohu.sohuvideo.ui.homepage.MainActivity,handleStartActivity]
03-16 10:40:40.263 5886 5886 I wm_on_resume_called: [16041582,com.sohu.sohuvideo.ui.homepage.MainActivity,RESUME_ACTIVITY]
03-16 10:40:40.268 797 1672 W WindowManager: Failed looking up window session=Session{954ff6d 5886:u0a10094} callers=com.android.server.wm.WindowManagerService.windowForClientLocked:5628 com.android.server.wm.Session.insetsModified:629 android.view.IWindowSession$Stub.onTransact:1151
03-16 10:40:40.269 5886 5886 I wm_on_top_resumed_gained_called: [16041582,com.sohu.sohuvideo.ui.homepage.MainActivity,topStateChangedWhenResumed]
03-16 10:40:40.269 797 1329 I input_interaction: Interaction with: Letterbox_right_ActivityRecord{f4c66e u0 com.sohu.sohuvideo/.ui.homepage.MainActivity t40} (server), edge-swipe (server), swipe-up (server), PointerEventDispatcher0 (server),
03-16 10:40:40.303 797 818 I input_focus: [Focus request 3e9cbf0 com.sohu.sohuvideo/com.sohu.sohuvideo.ui.homepage.MainActivity,reason=UpdateInputWindows]
03-16 10:40:40.309 797 1329 I input_interaction: Interaction with: Letterbox_right_ActivityRecord{f4c66e u0 com.sohu.sohuvideo/.ui.homepage.MainActivity t40} (server), Letterbox_left_ActivityRecord{f4c66e u0 com.sohu.sohuvideo/.ui.homepage.MainActivity t40} (server), edge-swipe (server), swipe-up (server), PointerEventDispatcher0 (server),
01-01 23:58:56.705 0 0 I binder : 5886:6029 ioctl 40046210 afbf3d38 returned -22
03-16 10:40:40.340 797 2434 W FreeFormWindowHelper: Current Display FreeFormTask is null
03-16 10:40:40.340 797 1672 W FreeFormWindowHelper: Current Display FreeFormTask is null
03-16 10:40:40.341 797 2434 I wm_task_moved: [1,0,0]
03-16 10:40:40.342 797 2434 I wm_task_moved: [1,0,13]
03-16 10:40:40.349 797 1672 W FreeFormWindowHelper: Current Display FreeFormTask is null
03-16 10:40:40.349 797 1672 W FreeFormWindowHelper: Current Display FreeFormTask is null
03-16 10:40:40.349 797 1672 W FreeFormWindowHelper: Current Display FreeFormTask is null
03-16 10:40:40.350 797 1672 W FreeFormWindowHelper: Current Display FreeFormTask is null
03-16 10:40:40.362 797 814 I sysui_multi_action: [319,45,321,42,322,514,325,961,757,761,758,7,759,1,806,com.sohu.sohuvideo,871,com.sohu.sohuvideo.ui.homepage.MainActivity,904,com.android.launcher3,905,0,945,38,1320,4,1321,4]
03-16 10:40:40.363 797 814 I wm_activity_launch_time: [0,16041582,com.sohu.sohuvideo/.ui.homepage.MainActivity,514]
03-16 10:40:40.364 2011 2236 D StartingSurfaceDrawer: Task start finish, remove starting surface for task 40
03-16 10:40:40.364 2011 2236 V StartingSurfaceDrawer: Removing splash screen window for task: 40
03-16 10:40:40.366 797 2434 W FreeFormWindowHelper: Current Display FreeFormTask is null
03-16 10:40:40.366 797 5728 W FreeFormWindowHelper: Current Display FreeFormTask is null
03-16 10:40:40.367 797 1329 I input_focus: [Focus entering 3e9cbf0 com.sohu.sohuvideo/com.sohu.sohuvideo.ui.homepage.MainActivity (server),reason=Window became focusable. Previous reason: NOT_VISIBLE]
03-16 10:40:40.369 797 822 I am_pss : [5583,10023,com.sohu.inputmethod.sogou.car,25052160,10780672,0,121659392,0,19,6]
03-16 10:40:40.393 797 814 D AutofillManagerService: Close system dialogs
03-16 10:40:40.394 797 2434 W FreeFormWindowHelper: Current Display FreeFormTask is null
03-16 10:40:40.394 797 5728 W FreeFormWindowHelper: Current Display FreeFormTask is null
03-16 10:40:40.406 797 1329 I input_interaction: Interaction with: edge-swipe (server), swipe-up (server), PointerEventDispatcher0 (server),
03-16 10:40:40.413 2626 2626 I sysui_latency: [1,2]
03-16 10:40:40.413 797 818 I input_focus: [Focus request recents_animation_input_consumer,reason=UpdateInputWindows]
03-16 10:40:40.414 797 2434 W FreeFormWindowHelper: Current Display FreeFormTask is null
03-16 10:40:40.414 797 2434 W FreeFormWindowHelper: Current Display FreeFormTask is null
03-16 10:40:40.416 797 2434 W FreeFormWindowHelper: Current Display FreeFormTask is null
03-16 10:40:40.417 797 2434 W FreeFormWindowHelper: Current Display FreeFormTask is null
03-16 10:40:40.418 797 5728 W FreeFormWindowHelper: Current Display FreeFormTask is null
03-16 10:40:40.418 797 5728 W FreeFormWindowHelper: Current Display FreeFormTask is null
03-16 10:40:40.433 797 5728 W FreeFormWindowHelper: Current Display FreeFormTask is null
03-16 10:40:40.433 797 5728 W FreeFormWindowHelper: Current Display FreeFormTask is null
03-16 10:40:40.434 797 1329 I input_focus: [Focus leaving 3e9cbf0 com.sohu.sohuvideo/com.sohu.sohuvideo.ui.homepage.MainActivity (server),reason=NOT_FOCUSABLE]
03-16 10:40:40.434 797 1329 I input_focus: [Focus entering recents_animation_input_consumer (server),reason=setFocusedWindow]
03-16 10:40:40.449 797 2330 W FreeFormWindowHelper: Current Display FreeFormTask is null
03-16 10:40:40.449 797 2330 W FreeFormWindowHelper: Current Display FreeFormTask is null
03-16 10:40:40.613 797 1297 I commit_sys_config_file: [settings-1-0,2]
03-16 10:40:40.832 797 5728 W FreeFormWindowHelper: exitRecentTasks type=0
03-16 10:40:40.835 797 5728 W FreeFormWindowHelper: Current Display FreeFormTask is null
03-16 10:40:40.835 797 5728 W FreeFormWindowHelper: Current Display FreeFormTask is null
03-16 10:40:40.934 797 814 D CompanionDeviceManagerService: onPackageModified(packageName = com.sohu.sohuvideo)
03-16 10:40:40.934 797 797 I Telecom : DefaultDialerCache: Refreshing default dialer for user 0: now null: DDC.oR@AB4
03-16 10:40:40.936 797 814 I am_uid_active: 10090
03-16 10:40:40.958 797 822 W VoiceInteractionManager: no available voice recognition services found for user 0
03-16 10:40:41.036 797 1297 I commit_sys_config_file: [settings-1-0,2]
03-16 10:40:41.418 797 2921 W FreeFormWindowHelper: Current Display FreeFormTask is null
03-16 10:40:41.418 797 2921 W FreeFormWindowHelper: Current Display FreeFormTask is null
03-16 10:40:41.420 797 5728 I wm_task_moved: [1,1,14]
03-16 10:40:41.421 797 5728 I wm_task_moved: [13,1,2147483647]
03-16 10:40:41.421 797 5728 I wm_task_to_front: [0,13]
03-16 10:40:41.421 5886 5886 I wm_on_top_resumed_lost_called: [16041582,com.sohu.sohuvideo.ui.homepage.MainActivity,topStateChangedWhenResumed]
03-16 10:40:41.421 797 5728 I wm_focused_root_task: [0,0,1,40,RecentsAnimation.onAnimationFinished()]
03-16 10:40:41.421 797 5728 I wm_set_resumed_activity: [0,com.android.launcher3/.uioverrides.QuickstepLauncher,RecentsAnimation.onAnimationFinished()]
03-16 10:40:41.422 797 5728 I wm_pause_activity: [0,16041582,com.sohu.sohuvideo/.ui.homepage.MainActivity,userLeaving=true,pauseBackTasks]
03-16 10:40:41.422 797 5728 I wm_add_to_stopping: [0,16041582,com.sohu.sohuvideo/.ui.homepage.MainActivity,makeInvisible]
03-16 10:40:41.422 797 5728 I ActivityTaskManager: FOREGROUND_APPLICATION_CHANGED to com.android.launcher3.uioverrides.QuickstepLauncher
03-16 10:40:41.423 797 5728 I wm_set_resumed_activity: [0,com.android.launcher3/.uioverrides.QuickstepLauncher,resumeTopActivityInnerLocked]
03-16 10:40:41.424 797 5728 I wm_resume_activity: [0,28844568,13,com.android.launcher3/.uioverrides.QuickstepLauncher]
03-16 10:40:41.424 2626 2626 I wm_on_resume_called: [28844568,com.android.launcher3.uioverrides.QuickstepLauncher,RESUME_ACTIVITY]
03-16 10:40:41.428 797 818 I input_focus: [Focus request efa3eda com.android.launcher3/com.android.launcher3.uioverrides.QuickstepLauncher,reason=UpdateInputWindows]
03-16 10:40:41.430 797 2330 I wm_stop_activity: [0,16041582,com.sohu.sohuvideo/.ui.homepage.MainActivity]
03-16 10:40:41.431 797 817 I sysui_multi_action: [757,803,799,window_time_0,802,1]
03-16 10:40:41.431 797 817 I sysui_multi_action: [757,803,799,window_time_0,802,0]
03-16 10:40:41.432 2626 2626 I wm_on_top_resumed_gained_called: [28844568,com.android.launcher3.uioverrides.QuickstepLauncher,topStateChangedWhenResumed]
03-16 10:40:41.433 5886 5886 I wm_on_paused_called: [16041582,com.sohu.sohuvideo.ui.homepage.MainActivity,performPause]
03-16 10:40:41.436 797 1329 I input_focus: [Focus leaving recents_animation_input_consumer (server),reason=NOT_VISIBLE]
03-16 10:40:41.448 5886 5886 I wm_on_stop_called: [16041582,com.sohu.sohuvideo.ui.homepage.MainActivity,STOP_ACTIVITY_ITEM]
03-16 10:40:41.452 797 1329 I input_focus: [Focus entering efa3eda com.android.launcher3/com.android.launcher3.uioverrides.QuickstepLauncher (server),reason=setFocusedWindow]
03-16 10:40:41.529 797 2921 W FreeFormWindowHelper: Current Display FreeFormTask is null
03-16 10:40:41.575 797 1329 I input_interaction: Interaction with: efa3eda com.android.launcher3/com.android.launcher3.uioverrides.QuickstepLauncher (server), eb1e2e4 com.android.systemui.ImageWallpaper (server), edge-swipe (server), swipe-up (server), PointerEventDispatcher0 (server),
03-16 10:40:41.699 797 2330 I thunderperf: PlatormCompat.setOverrides: Uid1=10074 Pid1=2626 Uid2=10074 Pid2=2626
03-16 10:40:41.699 797 2330 I thunderperf: PlatormCompat.setOverrides: needCheck:false
03-16 10:40:41.699 797 2330 I thunderperf: CompatConfig.addOverrideUnsafe: bef-state=0
03-16 10:40:41.699 797 2330 I thunderperf: CompatConfig.addOverrideUnsafe: aft-state=0
03-16 10:40:41.699 797 2330 I thunderperf: CompatConfig.addOverrideUnsafe: bef-state=0
03-16 10:40:41.699 797 2330 I thunderperf: CompatConfig.addOverrideUnsafe: aft-state=0
03-16 10:40:41.699 797 2330 I thunderperf: CompatConfig.addOverrideUnsafe: bef-state=0
03-16 10:40:41.699 797 2330 I thunderperf: CompatConfig.addOverrideUnsafe: aft-state=0
03-16 10:40:41.700 797 2330 I thunderperf: CompatConfig.addOverrideUnsafe: bef-state=0
03-16 10:40:41.700 797 2330 I thunderperf: CompatConfig.addOverrideUnsafe: aft-state=0
03-16 10:40:41.700 797 2330 I thunderperf: CompatConfig.addOverrideUnsafe: bef-state=0
03-16 10:40:41.700 797 2330 I thunderperf: CompatConfig.addOverrideUnsafe: aft-state=0
03-16 10:40:41.700 797 2330 I thunderperf: CompatConfig.addOverrideUnsafe: bef-state=0
03-16 10:40:41.700 797 2330 I thunderperf: CompatConfig.addOverrideUnsafe: aft-state=0
03-16 10:40:41.700 797 2330 I thunderperf: CompatConfig.addOverrideUnsafe: bef-state=0
03-16 10:40:41.700 797 2330 I thunderperf: CompatConfig.addOverrideUnsafe: aft-state=0
03-16 10:40:41.700 797 2330 I thunderperf: CompatConfig.addOverrideUnsafe: bef-state=0
03-16 10:40:41.700 797 2330 I thunderperf: CompatConfig.addOverrideUnsafe: aft-state=0
03-16 10:40:41.700 797 2330 I thunderperf: CompatConfig.addOverrideUnsafe: bef-state=0
03-16 10:40:41.700 797 2330 I thunderperf: CompatConfig.addOverrideUnsafe: aft-state=0
03-16 10:40:41.700 797 2330 I thunderperf: CompatConfig.addOverrideUnsafe: bef-state=0
03-16 10:40:41.701 797 2330 I thunderperf: CompatConfig.addOverrideUnsafe: aft-state=0
03-16 10:40:41.701 797 2330 I thunderperf: CompatConfig.addOverrideUnsafe: bef-state=0
03-16 10:40:41.701 797 2330 I thunderperf: CompatConfig.addOverrideUnsafe: aft-state=0
03-16 10:40:41.701 797 2330 I thunderperf: CompatConfig.addOverrideUnsafe: bef-state=0
03-16 10:40:41.701 797 2330 I thunderperf: CompatConfig.addOverrideUnsafe: aft-state=0
03-16 10:40:41.701 797 2330 I thunderperf: CompatConfig.addOverrideUnsafe: bef-state=0
03-16 10:40:41.701 797 2330 I thunderperf: CompatConfig.addOverrideUnsafe: aft-state=0
03-16 10:40:41.701 797 2330 I thunderperf: CompatConfig.addOverrideUnsafe: bef-state=0
03-16 10:40:41.701 797 2330 I thunderperf: CompatConfig.addOverrideUnsafe: aft-state=0
03-16 10:40:41.703 797 2330 I ActivityTaskManager: START u0 {act=android.intent.action.MAIN cat=[android.intent.category.LAUNCHER] flg=0x10200000 cmp=com.qiyi.video/.WelcomeActivity bnds=[1492,84][1768,358]} from uid 10074
03-16 10:40:41.705 797 2330 I wm_task_created: [41,-1]
03-16 10:40:41.705 797 2330 W ActivityTaskManager: Can't find TaskDisplayArea to determine support for multi window. Task id=41 attached=false
03-16 10:40:41.707 797 2330 D CompatibilityChangeReporter: Compat change id reported: 174042980; UID 10095; state: DISABLED
03-16 10:40:41.707 797 2330 D CompatibilityChangeReporter: Compat change id reported: 184838306; UID 10095; state: DISABLED
03-16 10:40:41.707 797 2330 D CompatibilityChangeReporter: Compat change id reported: 185004937; UID 10095; state: DISABLED
03-16 10:40:41.707 797 2330 D CompatibilityChangeReporter: Compat change id reported: 181136395; UID 10095; state: DISABLED
03-16 10:40:41.707 797 2330 D CompatibilityChangeReporter: Compat change id reported: 174042936; UID 10095; state: DISABLED
03-16 10:40:41.708 797 2330 I wm_task_moved: [41,1,15]
03-16 10:40:41.708 797 2330 I wm_task_to_front: [0,41]
03-16 10:40:41.708 797 2330 I wm_create_task: [0,41]
03-16 10:40:41.708 797 2330 I wm_create_activity: [0,154140687,41,com.qiyi.video/.WelcomeActivity,android.intent.action.MAIN,NULL,NULL,270532608]
03-16 10:40:41.708 797 2330 I wm_task_moved: [41,1,15]
03-16 10:40:41.708 797 2330 D CompatibilityChangeReporter: Compat change id reported: 168419799; UID 10095; state: DISABLED
03-16 10:40:41.708 797 2330 V SplashScreenExceptionList: SplashScreen checking exception for package com.qiyi.video (target sdk:30) -> false
03-16 10:40:41.709 2011 2236 D PhoneStartingWindowTypeAlgorithm: preferredStartingWindowType newTask:true taskSwitch:true processRunning:false allowTaskSnapshot:true activityCreated:false useEmptySplashScreen:false legacySplashScreen:false topIsHome:false
03-16 10:40:41.709 2011 2236 D StartingSurfaceDrawer: addSplashScreen com.qiyi.video theme=7f0703da task=41 suggestType=1
03-16 10:40:41.709 797 2330 I wm_pause_activity: [0,28844568,com.android.launcher3/.uioverrides.QuickstepLauncher,userLeaving=true,pauseBackTasks]
03-16 10:40:41.711 797 2012 W FreeFormWindowHelper: Current Display FreeFormTask is null
03-16 10:40:41.712 797 817 I am_uid_running: 10095
03-16 10:40:41.712 797 817 D CompatibilityChangeReporter: Compat change id reported: 135634846; UID 10095; state: DISABLED
03-16 10:40:41.712 797 831 D CompatibilityChangeReporter: Compat change id reported: 143937733; UID 10095; state: ENABLED
03-16 10:40:41.713 2011 2251 D StartingSurfaceDrawer: window attributes color: ff191c21 icon android.graphics.drawable.BitmapDrawable@f73d389 duration 1000 brandImage android.graphics.drawable.BitmapDrawable@3baff8e
03-16 10:40:41.713 2626 2626 I wm_on_top_resumed_lost_called: [28844568,com.android.launcher3.uioverrides.QuickstepLauncher,topStateChangedWhenResumed]
03-16 10:40:41.713 2626 2626 I wm_on_paused_called: [28844568,com.android.launcher3.uioverrides.QuickstepLauncher,performPause]
03-16 10:40:41.714 2011 2251 D StartingSurfaceDrawer: fillViewWithIcon surfaceWindowView android.window.SplashScreenView{d2653bc V.E...... ......ID 0,0-0,0}
03-16 10:40:41.714 797 2012 I ActivityTaskManager: FOREGROUND_APPLICATION_CHANGED to org.qiyi.android.video.MainActivity
03-16 10:40:41.715 797 2012 I wm_add_to_stopping: [0,28844568,com.android.launcher3/.uioverrides.QuickstepLauncher,makeInvisible]
03-16 10:40:41.717 797 831 I am_proc_start: [0,6080,10095,com.qiyi.video,pre-top-activity,{com.qiyi.video/com.qiyi.video.WelcomeActivity}]
03-16 10:40:41.717 797 831 I ActivityManager: Start proc 6080:com.qiyi.video/u0a95 for pre-top-activity {com.qiyi.video/com.qiyi.video.WelcomeActivity}
03-16 10:40:41.717 797 817 I sysui_multi_action: [757,803,799,window_time_0,802,1]
03-16 10:40:41.718 797 6081 W ContextImpl: Calling a method in the system process without a qualified user: android.app.ContextImpl.sendBroadcast:1173 com.qualcomm.qti.Performance$SendGameLaunchBroadcast.run:217 java.lang.Thread.run:920
03-16 10:40:41.719 4129 4129 I auditd : type=1400 audit(0.0:3376): avc: denied { use } for comm="UsbFfs-worker" path="anon_inode:[eventfd]" dev="anon_inodefs" ino=11319 scontext=u:r:su:s0 tcontext=u:r:adbd:s0 tclass=fd permissive=1
03-16 10:40:41.723 6080 6080 I auditd : type=1400 audit(0.0:3377): avc: denied { connectto } for comm=4144422D4A44575020436F6E6E6563 path=006A6477702D636F6E74726F6C scontext=u:r:untrusted_app:s0:c95,c256,c512,c768 tcontext=u:r:su:s0 tclass=unix_stream_socket permissive=1 app=com.qiyi.video
01-01 23:58:58.121 0 0 I binder : 6080:6080 ioctl 40046210 ff813ff8 returned -22
03-16 10:40:41.728 797 2012 I am_proc_bound: [0,6080,com.qiyi.video]
03-16 10:40:41.731 797 2012 I wm_restart_activity: [0,154140687,41,com.qiyi.video/.WelcomeActivity]
03-16 10:40:41.731 797 2012 I wm_set_resumed_activity: [0,com.qiyi.video/.WelcomeActivity,minimalResumeActivityLocked]
03-16 10:40:41.732 797 817 I am_uid_active: 10095
03-16 10:40:41.731 1416 1416 I auditd : type=1400 audit(0.0:3378): avc: denied { call } for comm="OMXCallbackDisp" scontext=u:r:mediacodec:s0 tcontext=u:r:su:s0 tclass=binder permissive=1
03-16 10:40:41.737 797 1329 I input_focus: [Focus leaving efa3eda com.android.launcher3/com.android.launcher3.uioverrides.QuickstepLauncher (server),reason=NO_WINDOW]
01-01 23:58:58.156 0 0 E DTC_ETH,link_delay_work_func: 3003, SQI=0, link=0
03-16 10:40:41.811 6080 6129 E ActivityThread: Failed to find provider info for com.oplus.cardservice.repository.provider.CardServiceServerProvider
03-16 10:40:41.817 797 5728 W FreeFormWindowHelper: Current Display FreeFormTask is null
03-16 10:40:41.826 797 1514 I sysui_multi_action: [757,856,758,1,806,com.qiyi.video,857,Heytap PUSH,858,3]
03-16 10:40:41.829 797 1514 D PackageManager: Instant App installer not found with android.intent.action.INSTALL_INSTANT_APP_PACKAGE
03-16 10:40:41.829 797 1514 D PackageManager: Clear ephemeral installer activity
03-16 10:40:41.848 797 1514 D CompatibilityChangeReporter: Compat change id reported: 171306433; UID 10095; state: DISABLED
03-16 10:40:41.944 797 1514 D PackageManager: Instant App installer not found with android.intent.action.INSTALL_INSTANT_APP_PACKAGE
03-16 10:40:41.944 797 1514 D PackageManager: Clear ephemeral installer activity
03-16 10:40:42.078 797 816 I commit_sys_config_file: [notification-policy,928866]
03-16 10:40:42.090 6080 6080 W Looper : Loop again would have the queued messages be executed before this one completed.
03-16 10:40:42.113 6080 6080 I wm_on_create_called: [154140687,com.qiyi.video.WelcomeActivity,performCreate]
03-16 10:40:42.158 6080 6080 I wm_on_start_called: [154140687,com.qiyi.video.WelcomeActivity,handleStartActivity]
03-16 10:40:42.161 6080 6080 I wm_on_resume_called: [154140687,com.qiyi.video.WelcomeActivity,RESUME_ACTIVITY]
03-16 10:40:42.173 797 2330 W WindowManager: Failed looking up window session=Session{cc3b890 6080:u0a10095} callers=com.android.server.wm.WindowManagerService.windowForClientLocked:5628 com.android.server.wm.Session.insetsModified:629 android.view.IWindowSession$Stub.onTransact:1151
03-16 10:40:42.175 6080 6080 I wm_on_top_resumed_gained_called: [154140687,com.qiyi.video.WelcomeActivity,topStateChangedWhenResumed]
03-16 10:40:42.181 797 1329 I input_interaction: Interaction with: edge-swipe (server), swipe-up (server), PointerEventDispatcher0 (server),
03-16 10:40:42.199 797 818 I input_focus: [Focus request 73f65af com.qiyi.video/com.qiyi.video.WelcomeActivity,reason=UpdateInputWindows]
01-01 23:58:58.609 0 0 I binder : 6080:6206 ioctl 40046210 b1ebed38 returned -22
03-16 10:40:42.219 1416 1416 I auditd : type=1400 audit(0.0:3379): avc: denied { call } for comm="OMXCallbackDisp" scontext=u:r:mediacodec:s0 tcontext=u:r:su:s0 tclass=binder permissive=1
03-16 10:40:42.235 4129 4129 I auditd : type=1400 audit(0.0:3380): avc: denied { use } for comm="UsbFfs-worker" path="anon_inode:[eventfd]" dev="anon_inodefs" ino=11319 scontext=u:r:su:s0 tcontext=u:r:adbd:s0 tclass=fd permissive=1
03-16 10:40:42.252 797 1514 W FreeFormWindowHelper: Current Display FreeFormTask is null
03-16 10:40:42.252 797 2330 W FreeFormWindowHelper: Current Display FreeFormTask is null
03-16 10:40:42.254 797 1672 W FreeFormWindowHelper: Current Display FreeFormTask is null
03-16 10:40:42.254 797 2012 W FreeFormWindowHelper: Current Display FreeFormTask is null
03-16 10:40:42.256 797 1514 I wm_task_moved: [1,0,0]
03-16 10:40:42.256 797 1514 I wm_task_moved: [1,0,14]
03-16 10:40:42.256 797 2330 W FreeFormWindowHelper: Current Display FreeFormTask is null
03-16 10:40:42.257 797 2330 W FreeFormWindowHelper: Current Display FreeFormTask is null
03-16 10:40:42.271 797 1672 W FreeFormWindowHelper: Current Display FreeFormTask is null
03-16 10:40:42.271 797 2012 W FreeFormWindowHelper: Current Display FreeFormTask is null
03-16 10:40:42.291 797 2012 W FreeFormWindowHelper: Current Display FreeFormTask is null
03-16 10:40:42.292 797 2012 W FreeFormWindowHelper: Current Display FreeFormTask is null
03-16 10:40:42.292 797 814 D AutofillManagerService: Close system dialogs
03-16 10:40:42.317 797 814 I sysui_multi_action: [319,40,321,38,322,603,325,963,757,761,758,7,759,1,806,com.qiyi.video,871,com.qiyi.video.WelcomeActivity,904,com.android.launcher3,905,0,945,27,1320,4,1321,4]
03-16 10:40:42.318 797 814 I wm_activity_launch_time: [0,154140687,com.qiyi.video/.WelcomeActivity,603]
03-16 10:40:42.322 797 1329 I input_focus: [Focus entering 73f65af com.qiyi.video/com.qiyi.video.WelcomeActivity (server),reason=Window became focusable. Previous reason: NOT_VISIBLE]
03-16 10:40:42.323 2011 2236 D StartingSurfaceDrawer: Task start finish, remove starting surface for task 41
03-16 10:40:42.323 2011 2236 V StartingSurfaceDrawer: Removing splash screen window for task: 41
03-16 10:40:42.326 2626 2626 I sysui_latency: [1,2]
03-16 10:40:42.327 797 818 I input_focus: [Focus request recents_animation_input_consumer,reason=UpdateInputWindows]
03-16 10:40:42.331 797 2012 W FreeFormWindowHelper: Current Display FreeFormTask is null
03-16 10:40:42.332 797 2012 W FreeFormWindowHelper: Current Display FreeFormTask is null
03-16 10:40:42.333 797 2012 W FreeFormWindowHelper: Current Display FreeFormTask is null
03-16 10:40:42.334 797 2012 W FreeFormWindowHelper: Current Display FreeFormTask is null
03-16 10:40:42.340 797 1514 W FreeFormWindowHelper: Current Display FreeFormTask is null
03-16 10:40:42.341 797 2330 W FreeFormWindowHelper: Current Display FreeFormTask is null
03-16 10:40:42.355 797 2330 W FreeFormWindowHelper: Current Display FreeFormTask is null
03-16 10:40:42.355 797 1672 W FreeFormWindowHelper: Current Display FreeFormTask is null
03-16 10:40:42.355 797 1329 I input_focus: [Focus leaving 73f65af com.qiyi.video/com.qiyi.video.WelcomeActivity (server),reason=NOT_FOCUSABLE]
03-16 10:40:42.355 797 1329 I input_focus: [Focus entering recents_animation_input_consumer (server),reason=setFocusedWindow]
03-16 10:40:42.370 797 1672 W FreeFormWindowHelper: Current Display FreeFormTask is null
03-16 10:40:42.371 797 2012 W FreeFormWindowHelper: Current Display FreeFormTask is null
03-16 10:40:42.527 797 1297 I commit_sys_config_file: [settings-1-0,4]
03-16 10:40:42.830 797 814 D CompanionDeviceManagerService: onPackageModified(packageName = com.qiyi.video)
03-16 10:40:42.832 797 797 I Telecom : DefaultDialerCache: Refreshing default dialer for user 0: now null: DDC.oR@AB8
03-16 10:40:42.849 797 822 W VoiceInteractionManager: no available voice recognition services found for user 0
03-16 10:40:42.890 797 5728 I wm_task_moved: [1,0,14]
03-16 10:40:42.893 797 5728 I wm_add_to_stopping: [0,28844568,com.android.launcher3/.uioverrides.QuickstepLauncher,makeInvisible]
03-16 10:40:42.899 797 1672 W FreeFormWindowHelper: Current Display FreeFormTask is null
03-16 10:40:42.900 797 1672 W FreeFormWindowHelper: Current Display FreeFormTask is null
03-16 10:40:42.902 797 818 I input_focus: [Focus request 73f65af com.qiyi.video/com.qiyi.video.WelcomeActivity,reason=UpdateInputWindows]
03-16 10:40:42.903 797 817 I wm_stop_activity: [0,28844568,com.android.launcher3/.uioverrides.QuickstepLauncher]
03-16 10:40:42.907 797 1329 I input_focus: [Focus leaving recents_animation_input_consumer (server),reason=NOT_VISIBLE]
03-16 10:40:42.907 797 1329 I input_focus: [Focus entering 73f65af com.qiyi.video/com.qiyi.video.WelcomeActivity (server),reason=setFocusedWindow]
