03-16 10:40:20.766 797 1949 E DisplayDeviceConfig: requesting nits when no mapping exists.
03-16 10:40:20.766 797 830 I am_wtf : [0,797,system_server,-1,DisplayDeviceConfig,requesting nits when no mapping exists.]
03-16 10:40:20.767 797 830 I am_wtf : [0,797,system_server,-1,DisplayDeviceConfig,requesting nits when no mapping exists.]
03-16 10:40:20.783 797 1949 E DisplayDeviceConfig: requesting nits when no mapping exists.
03-16 10:40:20.783 797 830 I am_wtf : [0,797,system_server,-1,DisplayDeviceConfig,requesting nits when no mapping exists.]
03-16 10:40:20.783 797 1949 E DisplayDeviceConfig: requesting nits when no mapping exists.
03-16 10:40:20.783 797 830 I am_wtf : [0,797,system_server,-1,DisplayDeviceConfig,requesting nits when no mapping exists.]
03-16 10:40:20.799 797 1949 E DisplayDeviceConfig: requesting nits when no mapping exists.
03-16 10:40:20.800 797 830 I am_wtf : [0,797,system_server,-1,DisplayDeviceConfig,requesting nits when no mapping exists.]
03-16 10:40:20.800 797 1949 E DisplayDeviceConfig: requesting nits when no mapping exists.
03-16 10:40:20.800 797 830 I am_wtf : [0,797,system_server,-1,DisplayDeviceConfig,requesting nits when no mapping exists.]
03-16 10:40:20.816 797 1949 E DisplayDeviceConfig: requesting nits when no mapping exists.
03-16 10:40:20.816 797 1949 E DisplayDeviceConfig: requesting nits when no mapping exists.
03-16 10:40:20.816 797 830 I am_wtf : [0,797,system_server,-1,DisplayDeviceConfig,requesting nits when no mapping exists.]
03-16 10:40:20.817 797 830 I am_wtf : [0,797,system_server,-1,DisplayDeviceConfig,requesting nits when no mapping exists.]
03-16 10:40:20.833 797 1949 E DisplayDeviceConfig: requesting nits when no mapping exists.
03-16 10:40:20.834 797 1949 E DisplayDeviceConfig: requesting nits when no mapping exists.
03-16 10:40:20.834 797 830 I am_wtf : [0,797,system_server,-1,DisplayDeviceConfig,requesting nits when no mapping exists.]
03-16 10:40:20.834 797 830 I am_wtf : [0,797,system_server,-1,DisplayDeviceConfig,requesting nits when no mapping exists.]
03-16 10:40:20.850 797 1949 E DisplayDeviceConfig: requesting nits when no mapping exists.
03-16 10:40:20.850 797 830 I am_wtf : [0,797,system_server,-1,DisplayDeviceConfig,requesting nits when no mapping exists.]
03-16 10:40:20.850 797 1949 E DisplayDeviceConfig: requesting nits when no mapping exists.
03-16 10:40:20.851 797 830 I am_wtf : [0,797,system_server,-1,DisplayDeviceConfig,requesting nits when no mapping exists.]
03-16 10:40:20.866 797 1949 E DisplayDeviceConfig: requesting nits when no mapping exists.
03-16 10:40:20.867 797 830 I am_wtf : [0,797,system_server,-1,DisplayDeviceConfig,requesting nits when no mapping exists.]
03-16 10:40:20.867 797 1949 E DisplayDeviceConfig: requesting nits when no mapping exists.
03-16 10:40:20.867 797 830 I am_wtf : [0,797,system_server,-1,DisplayDeviceConfig,requesting nits when no mapping exists.]
03-16 10:40:20.883 797 1949 E DisplayDeviceConfig: requesting nits when no mapping exists.
03-16 10:40:20.884 797 830 I am_wtf : [0,797,system_server,-1,DisplayDeviceConfig,requesting nits when no mapping exists.]
03-16 10:40:20.884 797 1949 E DisplayDeviceConfig: requesting nits when no mapping exists.
03-16 10:40:20.885 797 830 I am_wtf : [0,797,system_server,-1,DisplayDeviceConfig,requesting nits when no mapping exists.]
03-16 10:40:20.885 797 1329 I input_interaction: Interaction with: 61b273b com.hht.lebocast/com.hht.lebocast.GuidanceActivity (server), edge-swipe (server), swipe-up (server), PointerEventDispatcher0 (server),
03-16 10:40:20.900 797 1949 E DisplayDeviceConfig: requesting nits when no mapping exists.
03-16 10:40:20.900 797 1949 E DisplayDeviceConfig: requesting nits when no mapping exists.
03-16 10:40:20.900 797 830 I am_wtf : [0,797,system_server,-1,DisplayDeviceConfig,requesting nits when no mapping exists.]
03-16 10:40:20.901 797 830 I am_wtf : [0,797,system_server,-1,DisplayDeviceConfig,requesting nits when no mapping exists.]
03-16 10:40:20.968 797 2330 I wm_task_moved: [1,0,0]
03-16 10:40:20.968 797 2921 W FreeFormWindowHelper: Current Display FreeFormTask is null
03-16 10:40:20.968 797 2330 I wm_task_moved: [1,0,12]
03-16 10:40:20.970 797 2921 W FreeFormWindowHelper: Current Display FreeFormTask is null
03-16 10:40:20.983 2626 2626 I wm_on_restart_called: [28844568,com.android.launcher3.uioverrides.QuickstepLauncher,performRestartActivity]
03-16 10:40:20.985 797 2330 W FreeFormWindowHelper: Current Display FreeFormTask is null
03-16 10:40:20.986 797 2330 W FreeFormWindowHelper: Current Display FreeFormTask is null
03-16 10:40:21.015 2626 2626 I wm_on_start_called: [28844568,com.android.launcher3.uioverrides.QuickstepLauncher,handleStartActivity]
03-16 10:40:21.022 797 2921 W FreeFormWindowHelper: Current Display FreeFormTask is null
03-16 10:40:21.023 797 2315 W FreeFormWindowHelper: Current Display FreeFormTask is null
03-16 10:40:21.036 797 2330 W FreeFormWindowHelper: Current Display FreeFormTask is null
03-16 10:40:21.036 797 2330 W FreeFormWindowHelper: Current Display FreeFormTask is null
03-16 10:40:21.039 797 814 I sysui_multi_action: [319,10,322,63,325,942,757,761,758,9,759,5,806,com.android.launcher3,871,com.android.launcher3.uioverrides.QuickstepLauncher,905,0,1320,4,1321,1]
03-16 10:40:21.053 797 2330 W FreeFormWindowHelper: Current Display FreeFormTask is null
03-16 10:40:21.053 797 2330 W FreeFormWindowHelper: Current Display FreeFormTask is null
03-16 10:40:21.064 2869 2869 I view_enqueue_input_event: [Motion - Cancel,com.hht.lebocast/com.hht.lebocast.GuidanceActivity]
03-16 10:40:21.065 797 814 D AutofillManagerService: Close system dialogs
03-16 10:40:21.065 2626 2626 I sysui_latency: [1,71]
03-16 10:40:21.066 797 818 I input_focus: [Focus request recents_animation_input_consumer,reason=UpdateInputWindows]
03-16 10:40:21.066 797 2330 W FreeFormWindowHelper: Current Display FreeFormTask is null
03-16 10:40:21.067 797 2434 W FreeFormWindowHelper: Current Display FreeFormTask is null
03-16 10:40:21.070 797 1329 I input_focus: [Focus leaving 61b273b com.hht.lebocast/com.hht.lebocast.GuidanceActivity (server),reason=NOT_FOCUSABLE]
03-16 10:40:21.070 797 1329 I input_focus: [Focus entering recents_animation_input_consumer (server),reason=setFocusedWindow]
03-16 10:40:21.073 797 2330 W FreeFormWindowHelper: Current Display FreeFormTask is null
03-16 10:40:21.073 797 2921 W FreeFormWindowHelper: Current Display FreeFormTask is null
03-16 10:40:21.077 797 1329 I input_interaction: Interaction with: edge-swipe (server), swipe-up (server), PointerEventDispatcher0 (server),
03-16 10:40:21.089 797 2330 W FreeFormWindowHelper: Current Display FreeFormTask is null
03-16 10:40:21.090 797 2330 W FreeFormWindowHelper: Current Display FreeFormTask is null
03-16 10:40:21.219 797 1297 I commit_sys_config_file: [settings-1-0,6]
01-01 23:58:37.676 0 0 E DTC_ETH,link_delay_work_func: 3003, SQI=0, link=0
03-16 10:40:21.332 797 822 I sysui_latency: [8,75]
03-16 10:40:21.414 797 2330 W FreeFormWindowHelper: exitRecentTasks type=0
03-16 10:40:21.421 797 2434 W FreeFormWindowHelper: Current Display FreeFormTask is null
03-16 10:40:21.421 797 2434 W FreeFormWindowHelper: Current Display FreeFormTask is null
03-16 10:40:21.620 797 1297 I commit_sys_config_file: [settings-1-0,4]
03-16 10:40:22.057 797 2330 W FreeFormWindowHelper: Current Display FreeFormTask is null
03-16 10:40:22.058 797 1672 W FreeFormWindowHelper: Current Display FreeFormTask is null
03-16 10:40:22.062 797 2330 I wm_task_moved: [1,1,13]
03-16 10:40:22.064 797 2330 I wm_task_moved: [13,1,2147483647]
03-16 10:40:22.064 797 2330 I wm_task_to_front: [0,13]
03-16 10:40:22.064 797 2330 I wm_focused_root_task: [0,0,1,36,RecentsAnimation.onAnimationFinished()]
03-16 10:40:22.064 2869 2869 I wm_on_top_resumed_lost_called: [137775373,com.hht.lebocast.GuidanceActivity,topStateChangedWhenResumed]
03-16 10:40:22.064 797 2330 I wm_set_resumed_activity: [0,com.android.launcher3/.uioverrides.QuickstepLauncher,RecentsAnimation.onAnimationFinished()]
03-16 10:40:22.066 797 2330 I wm_pause_activity: [0,137775373,com.hht.lebocast/.GuidanceActivity,userLeaving=true,pauseBackTasks]
03-16 10:40:22.067 797 2330 I wm_add_to_stopping: [0,137775373,com.hht.lebocast/.GuidanceActivity,makeInvisible]
03-16 10:40:22.068 797 2330 I ActivityTaskManager: FOREGROUND_APPLICATION_CHANGED to com.android.launcher3.uioverrides.QuickstepLauncher
03-16 10:40:22.068 797 2330 I wm_set_resumed_activity: [0,com.android.launcher3/.uioverrides.QuickstepLauncher,resumeTopActivityInnerLocked]
03-16 10:40:22.071 797 2330 I wm_resume_activity: [0,28844568,13,com.android.launcher3/.uioverrides.QuickstepLauncher]
03-16 10:40:22.072 2626 2626 I wm_on_resume_called: [28844568,com.android.launcher3.uioverrides.QuickstepLauncher,RESUME_ACTIVITY]
03-16 10:40:22.079 797 818 I input_focus: [Focus request efa3eda com.android.launcher3/com.android.launcher3.uioverrides.QuickstepLauncher,reason=UpdateInputWindows]
03-16 10:40:22.083 2869 2869 I wm_on_paused_called: [137775373,com.hht.lebocast.GuidanceActivity,performPause]
03-16 10:40:22.083 797 1672 I wm_stop_activity: [0,137775373,com.hht.lebocast/.GuidanceActivity]
03-16 10:40:22.086 797 817 I sysui_multi_action: [757,803,799,window_time_0,802,2]
03-16 10:40:22.086 2626 2626 I wm_on_top_resumed_gained_called: [28844568,com.android.launcher3.uioverrides.QuickstepLauncher,topStateChangedWhenResumed]
03-16 10:40:22.086 797 817 I sysui_multi_action: [757,803,799,window_time_0,802,0]
03-16 10:40:22.088 797 817 I ActivityManager: PendingStartActivityUids startActivity to updateOomAdj delay:1115ms, uid:10074
03-16 10:40:22.091 797 1329 I input_focus: [Focus leaving recents_animation_input_consumer (server),reason=NOT_VISIBLE]
03-16 10:40:22.091 797 1329 I input_focus: [Focus entering efa3eda com.android.launcher3/com.android.launcher3.uioverrides.QuickstepLauncher (server),reason=setFocusedWindow]
03-16 10:40:22.094 2869 2869 I wm_on_stop_called: [137775373,com.hht.lebocast.GuidanceActivity,STOP_ACTIVITY_ITEM]
03-16 10:40:22.182 797 2330 W FreeFormWindowHelper: Current Display FreeFormTask is null
03-16 10:40:22.191 797 1329 I input_interaction: Interaction with: efa3eda com.android.launcher3/com.android.launcher3.uioverrides.QuickstepLauncher (server), eb1e2e4 com.android.systemui.ImageWallpaper (server), edge-swipe (server), swipe-up (server), PointerEventDispatcher0 (server),
03-16 10:40:22.305 797 2434 I thunderperf: PlatormCompat.setOverrides: Uid1=10074 Pid1=2626 Uid2=10074 Pid2=2626
03-16 10:40:22.305 797 2434 I thunderperf: PlatormCompat.setOverrides: needCheck:false
03-16 10:40:22.305 797 2434 I thunderperf: CompatConfig.addOverrideUnsafe: bef-state=0
03-16 10:40:22.305 797 2434 I thunderperf: CompatConfig.addOverrideUnsafe: aft-state=0
03-16 10:40:22.306 797 2434 I thunderperf: CompatConfig.addOverrideUnsafe: bef-state=0
03-16 10:40:22.306 797 2434 I thunderperf: CompatConfig.addOverrideUnsafe: aft-state=0
03-16 10:40:22.307 797 2434 I thunderperf: CompatConfig.addOverrideUnsafe: bef-state=0
03-16 10:40:22.307 797 2434 I thunderperf: CompatConfig.addOverrideUnsafe: aft-state=0
03-16 10:40:22.307 797 2434 I thunderperf: CompatConfig.addOverrideUnsafe: bef-state=0
03-16 10:40:22.307 797 2434 I thunderperf: CompatConfig.addOverrideUnsafe: aft-state=0
03-16 10:40:22.308 797 2434 I thunderperf: CompatConfig.addOverrideUnsafe: bef-state=0
03-16 10:40:22.308 797 2434 I thunderperf: CompatConfig.addOverrideUnsafe: aft-state=0
03-16 10:40:22.308 797 2434 I thunderperf: CompatConfig.addOverrideUnsafe: bef-state=0
03-16 10:40:22.309 797 2434 I thunderperf: CompatConfig.addOverrideUnsafe: aft-state=0
03-16 10:40:22.309 797 2434 I thunderperf: CompatConfig.addOverrideUnsafe: bef-state=0
03-16 10:40:22.309 797 2434 I thunderperf: CompatConfig.addOverrideUnsafe: aft-state=0
03-16 10:40:22.310 797 2434 I thunderperf: CompatConfig.addOverrideUnsafe: bef-state=0
03-16 10:40:22.310 797 2434 I thunderperf: CompatConfig.addOverrideUnsafe: aft-state=0
03-16 10:40:22.310 797 2434 I thunderperf: CompatConfig.addOverrideUnsafe: bef-state=0
03-16 10:40:22.310 797 2434 I thunderperf: CompatConfig.addOverrideUnsafe: aft-state=0
03-16 10:40:22.311 797 2434 I thunderperf: CompatConfig.addOverrideUnsafe: bef-state=0
03-16 10:40:22.311 797 2434 I thunderperf: CompatConfig.addOverrideUnsafe: aft-state=0
03-16 10:40:22.311 797 2434 I thunderperf: CompatConfig.addOverrideUnsafe: bef-state=0
03-16 10:40:22.311 797 2434 I thunderperf: CompatConfig.addOverrideUnsafe: aft-state=0
03-16 10:40:22.312 797 2434 I thunderperf: CompatConfig.addOverrideUnsafe: bef-state=0
03-16 10:40:22.312 797 2434 I thunderperf: CompatConfig.addOverrideUnsafe: aft-state=0
03-16 10:40:22.312 797 2434 I thunderperf: CompatConfig.addOverrideUnsafe: bef-state=0
03-16 10:40:22.312 797 2434 I thunderperf: CompatConfig.addOverrideUnsafe: aft-state=0
03-16 10:40:22.313 797 2434 I thunderperf: CompatConfig.addOverrideUnsafe: bef-state=0
03-16 10:40:22.313 797 2434 I thunderperf: CompatConfig.addOverrideUnsafe: aft-state=0
03-16 10:40:22.320 797 2434 I ActivityTaskManager: START u0 {act=android.intent.action.MAIN cat=[android.intent.category.LAUNCHER] flg=0x10200000 cmp=cn.kuwo.player/.activities.EntryActivity bnds=[112,358][388,632]} from uid 10074
03-16 10:40:22.330 797 2434 I wm_task_moved: [19,1,13]
03-16 10:40:22.331 797 2434 I wm_task_to_front: [0,19]
03-16 10:40:22.331 797 2434 I wm_focused_root_task: [0,0,19,1,bringingFoundTaskToFront]
03-16 10:40:22.332 797 2434 I wm_set_resumed_activity: [0,cn.kuwo.player/.activities.EntryActivity,bringingFoundTaskToFront]
03-16 10:40:22.332 797 2434 I wm_new_intent: [0,259866028,19,cn.kuwo.player/.activities.EntryActivity,android.intent.action.MAIN,NULL,NULL,270532608]
03-16 10:40:22.335 797 2434 I wm_pause_activity: [0,28844568,com.android.launcher3/.uioverrides.QuickstepLauncher,userLeaving=true,pauseBackTasks]
03-16 10:40:22.335 2011 2236 D PhoneStartingWindowTypeAlgorithm: preferredStartingWindowType newTask:false taskSwitch:true processRunning:true allowTaskSnapshot:true activityCreated:true useEmptySplashScreen:false legacySplashScreen:false topIsHome:false
03-16 10:40:22.335 2011 2236 D PhoneStartingWindowTypeAlgorithm: isSnapshotCompatible rotation 0 snapshot 0
03-16 10:40:22.339 797 2434 W FreeFormWindowHelper: Current Display FreeFormTask is null
03-16 10:40:22.340 2626 2626 I wm_on_top_resumed_lost_called: [28844568,com.android.launcher3.uioverrides.QuickstepLauncher,topStateChangedWhenResumed]
03-16 10:40:22.340 2626 2626 I wm_on_paused_called: [28844568,com.android.launcher3.uioverrides.QuickstepLauncher,performPause]
03-16 10:40:22.340 797 2434 I ActivityTaskManager: FOREGROUND_APPLICATION_CHANGED to cn.kuwo.player.activities.EntryActivity
03-16 10:40:22.342 797 2434 I wm_set_resumed_activity: [0,cn.kuwo.player/.activities.EntryActivity,resumeTopActivityInnerLocked]
03-16 10:40:22.342 797 2434 I wm_add_to_stopping: [0,28844568,com.android.launcher3/.uioverrides.QuickstepLauncher,makeInvisible]
03-16 10:40:22.344 797 2434 I wm_resume_activity: [0,259866028,19,cn.kuwo.player/.activities.EntryActivity]
03-16 10:40:22.351 797 817 I am_uid_active: 10097
03-16 10:40:22.353 797 817 I sysui_multi_action: [757,803,799,window_time_0,802,0]
03-16 10:40:22.358 797 1329 I input_focus: [Focus leaving efa3eda com.android.launcher3/com.android.launcher3.uioverrides.QuickstepLauncher (server),reason=NO_WINDOW]
03-16 10:40:22.361 797 818 I input_focus: [Focus request b76d9ba cn.kuwo.player/cn.kuwo.player.activities.EntryActivity,reason=UpdateInputWindows]
03-16 10:40:22.364 4446 4446 I wm_on_restart_called: [259866028,cn.kuwo.player.activities.EntryActivity,performRestartActivity]
03-16 10:40:22.364 4446 4446 I wm_on_start_called: [259866028,cn.kuwo.player.activities.EntryActivity,handleStartActivity]
03-16 10:40:22.365 4446 4446 I wm_on_resume_called: [259866028,cn.kuwo.player.activities.EntryActivity,RESUME_ACTIVITY]
03-16 10:40:22.365 4446 4446 I wm_on_top_resumed_gained_called: [259866028,cn.kuwo.player.activities.EntryActivity,topWhenResuming]
03-16 10:40:22.392 797 1329 I input_focus: [Focus entering b76d9ba cn.kuwo.player/cn.kuwo.player.activities.EntryActivity (server),reason=Window became focusable. Previous reason: NOT_VISIBLE]
03-16 10:40:22.397 2011 2236 D StartingSurfaceDrawer: Task start finish, remove starting surface for task 19
03-16 10:40:22.402 797 814 I sysui_multi_action: [319,43,321,41,322,64,325,943,757,761,758,9,759,4,806,cn.kuwo.player,871,cn.kuwo.player.activities.EntryActivity,904,com.android.launcher3,905,0,1320,4,1321,4]
03-16 10:40:22.446 797 2434 W FreeFormWindowHelper: Current Display FreeFormTask is null
03-16 10:40:22.853 797 1329 I input_interaction: Interaction with: b76d9ba cn.kuwo.player/cn.kuwo.player.activities.EntryActivity (server), edge-swipe (server), swipe-up (server), PointerEventDispatcher0 (server),
03-16 10:40:22.864 797 1329 I input_interaction: Interaction with: b76d9ba cn.kuwo.player/cn.kuwo.player.activities.EntryActivity (server), Letterbox_left_ActivityRecord{f7d3dac u0 cn.kuwo.player/.activities.EntryActivity t19} (server), edge-swipe (server), swipe-up (server), PointerEventDispatcher0 (server),
03-16 10:40:22.886 797 2434 W FreeFormWindowHelper: Current Display FreeFormTask is null
03-16 10:40:22.886 797 1672 I wm_task_moved: [1,0,0]
03-16 10:40:22.887 797 2012 W FreeFormWindowHelper: Current Display FreeFormTask is null
03-16 10:40:22.887 797 1672 I wm_task_moved: [1,0,12]
03-16 10:40:22.896 797 2330 W FreeFormWindowHelper: Current Display FreeFormTask is null
03-16 10:40:22.898 797 2330 W FreeFormWindowHelper: Current Display FreeFormTask is null
03-16 10:40:22.900 797 2330 W FreeFormWindowHelper: Current Display FreeFormTask is null
03-16 10:40:22.901 797 1672 W FreeFormWindowHelper: Current Display FreeFormTask is null
03-16 10:40:22.954 4446 4446 I view_enqueue_input_event: [Motion - Cancel,cn.kuwo.player/cn.kuwo.player.activities.EntryActivity]
03-16 10:40:22.954 797 1672 W FreeFormWindowHelper: Current Display FreeFormTask is null
03-16 10:40:22.955 797 1672 W FreeFormWindowHelper: Current Display FreeFormTask is null
03-16 10:40:22.956 797 814 D AutofillManagerService: Close system dialogs
03-16 10:40:22.960 797 1329 I input_interaction: Interaction with: edge-swipe (server), swipe-up (server), PointerEventDispatcher0 (server),
03-16 10:40:22.984 2626 2626 I sysui_latency: [1,18]
03-16 10:40:22.985 797 818 I input_focus: [Focus request recents_animation_input_consumer,reason=UpdateInputWindows]
03-16 10:40:22.986 797 1672 W FreeFormWindowHelper: Current Display FreeFormTask is null
03-16 10:40:22.986 797 2330 W FreeFormWindowHelper: Current Display FreeFormTask is null
03-16 10:40:22.987 797 2434 W FreeFormWindowHelper: Current Display FreeFormTask is null
03-16 10:40:22.988 797 2434 W FreeFormWindowHelper: Current Display FreeFormTask is null
03-16 10:40:22.990 797 2434 W FreeFormWindowHelper: Current Display FreeFormTask is null
03-16 10:40:22.990 797 2434 W FreeFormWindowHelper: Current Display FreeFormTask is null
03-16 10:40:23.011 797 1329 I input_focus: [Focus leaving b76d9ba cn.kuwo.player/cn.kuwo.player.activities.EntryActivity (server),reason=NOT_FOCUSABLE]
03-16 10:40:23.011 797 1329 I input_focus: [Focus entering recents_animation_input_consumer (server),reason=setFocusedWindow]
03-16 10:40:23.026 797 2012 W FreeFormWindowHelper: Current Display FreeFormTask is null
03-16 10:40:23.026 797 2012 W FreeFormWindowHelper: Current Display FreeFormTask is null
03-16 10:40:23.041 797 2434 W FreeFormWindowHelper: Current Display FreeFormTask is null
03-16 10:40:23.041 797 2434 W FreeFormWindowHelper: Current Display FreeFormTask is null
03-16 10:40:23.190 797 1297 I commit_sys_config_file: [settings-1-0,8]
03-16 10:40:23.588 797 2870 E TaskPersister: File error accessing recents directory (directory doesn't exist?).
03-16 10:40:23.637 797 2012 I wm_task_moved: [1,0,12]
03-16 10:40:23.640 797 2012 I wm_add_to_stopping: [0,28844568,com.android.launcher3/.uioverrides.QuickstepLauncher,makeInvisible]
03-16 10:40:23.649 797 2434 W FreeFormWindowHelper: Current Display FreeFormTask is null
03-16 10:40:23.649 797 2434 W FreeFormWindowHelper: Current Display FreeFormTask is null
03-16 10:40:23.653 797 818 I input_focus: [Focus request b76d9ba cn.kuwo.player/cn.kuwo.player.activities.EntryActivity,reason=UpdateInputWindows]
03-16 10:40:23.653 797 817 I wm_stop_activity: [0,28844568,com.android.launcher3/.uioverrides.QuickstepLauncher]
03-16 10:40:23.666 797 1329 I input_focus: [Focus leaving recents_animation_input_consumer (server),reason=NOT_VISIBLE]
03-16 10:40:23.666 797 1329 I input_focus: [Focus entering b76d9ba cn.kuwo.player/cn.kuwo.player.activities.EntryActivity (server),reason=setFocusedWindow]
03-16 10:40:23.687 797 2434 W FreeFormWindowHelper: Current Display FreeFormTask is null
03-16 10:40:23.688 797 2330 W FreeFormWindowHelper: Current Display FreeFormTask is null
03-16 10:40:23.706 797 2330 W FreeFormWindowHelper: exitRecentTasks type=0
03-16 10:40:23.712 2626 2626 I wm_on_stop_called: [28844568,com.android.launcher3.uioverrides.QuickstepLauncher,STOP_ACTIVITY_ITEM]
03-16 10:40:23.786 797 1329 I input_interaction: Interaction with: Letterbox_left_ActivityRecord{f7d3dac u0 cn.kuwo.player/.activities.EntryActivity t19} (server), edge-swipe (server), swipe-up (server), PointerEventDispatcher0 (server),
03-16 10:40:23.840 797 1329 I input_interaction: Interaction with: Letterbox_left_ActivityRecord{f7d3dac u0 cn.kuwo.player/.activities.EntryActivity t19} (server), b76d9ba cn.kuwo.player/cn.kuwo.player.activities.EntryActivity (server), edge-swipe (server), swipe-up (server), PointerEventDispatcher0 (server),
03-16 10:40:23.863 797 2330 W FreeFormWindowHelper: Current Display FreeFormTask is null
03-16 10:40:23.864 797 2330 I wm_task_moved: [1,0,0]
03-16 10:40:23.864 797 2434 W FreeFormWindowHelper: Current Display FreeFormTask is null
03-16 10:40:23.864 797 2330 I wm_task_moved: [1,0,12]
03-16 10:40:23.882 2626 2626 I wm_on_restart_called: [28844568,com.android.launcher3.uioverrides.QuickstepLauncher,performRestartActivity]
03-16 10:40:23.883 797 2012 W FreeFormWindowHelper: Current Display FreeFormTask is null
03-16 10:40:23.884 797 2330 W FreeFormWindowHelper: Current Display FreeFormTask is null
03-16 10:40:23.897 2626 2626 I wm_on_start_called: [28844568,com.android.launcher3.uioverrides.QuickstepLauncher,handleStartActivity]
03-16 10:40:23.906 797 2012 W FreeFormWindowHelper: Current Display FreeFormTask is null
03-16 10:40:23.906 797 2012 W FreeFormWindowHelper: Current Display FreeFormTask is null
03-16 10:40:23.915 4446 4446 I view_enqueue_input_event: [Motion - Cancel,cn.kuwo.player/cn.kuwo.player.activities.EntryActivity]
03-16 10:40:23.915 2626 2626 I sysui_latency: [1,54]
03-16 10:40:23.916 797 814 D AutofillManagerService: Close system dialogs
03-16 10:40:23.919 797 1672 W FreeFormWindowHelper: Current Display FreeFormTask is null
03-16 10:40:23.919 797 1672 W FreeFormWindowHelper: Current Display FreeFormTask is null
03-16 10:40:23.920 797 2012 W FreeFormWindowHelper: Current Display FreeFormTask is null
03-16 10:40:23.920 797 1297 I commit_sys_config_file: [settings-1-0,8]
03-16 10:40:23.922 797 2012 W FreeFormWindowHelper: Current Display FreeFormTask is null
03-16 10:40:23.923 797 1329 I input_interaction: Interaction with: edge-swipe (server), swipe-up (server), PointerEventDispatcher0 (server),
03-16 10:40:23.923 797 814 I sysui_multi_action: [319,12,322,57,325,945,757,761,758,9,759,5,806,com.android.launcher3,871,com.android.launcher3.uioverrides.QuickstepLauncher,905,0,1320,4,1321,1]
03-16 10:40:23.926 797 1672 W FreeFormWindowHelper: Current Display FreeFormTask is null
03-16 10:40:23.926 797 1672 W FreeFormWindowHelper: Current Display FreeFormTask is null
03-16 10:40:23.926 797 818 I input_focus: [Focus request recents_animation_input_consumer,reason=UpdateInputWindows]
03-16 10:40:23.944 797 2330 W FreeFormWindowHelper: Current Display FreeFormTask is null
03-16 10:40:23.944 797 1329 I input_focus: [Focus leaving b76d9ba cn.kuwo.player/cn.kuwo.player.activities.EntryActivity (server),reason=NOT_FOCUSABLE]
03-16 10:40:23.944 797 1672 W FreeFormWindowHelper: Current Display FreeFormTask is null
03-16 10:40:23.944 797 1329 I input_focus: [Focus entering recents_animation_input_consumer (server),reason=setFocusedWindow]
03-16 10:40:23.960 797 1672 W FreeFormWindowHelper: Current Display FreeFormTask is null
03-16 10:40:23.960 797 2330 W FreeFormWindowHelper: Current Display FreeFormTask is null
03-16 10:40:24.209 797 1672 W FreeFormWindowHelper: exitRecentTasks type=0
03-16 10:40:24.215 797 1672 W FreeFormWindowHelper: Current Display FreeFormTask is null
03-16 10:40:24.215 797 1672 W FreeFormWindowHelper: Current Display FreeFormTask is null
03-16 10:40:24.221 797 822 I sysui_latency: [8,64]
03-16 10:40:24.418 797 1297 I commit_sys_config_file: [settings-1-0,5]
03-16 10:40:24.868 797 2330 W FreeFormWindowHelper: Current Display FreeFormTask is null
03-16 10:40:24.869 797 2012 W FreeFormWindowHelper: Current Display FreeFormTask is null
03-16 10:40:24.874 797 1672 I wm_task_moved: [1,1,13]
03-16 10:40:24.875 797 1672 I wm_task_moved: [13,1,2147483647]
03-16 10:40:24.875 797 1672 I wm_task_to_front: [0,13]
03-16 10:40:24.875 797 1672 I wm_focused_root_task: [0,0,1,19,RecentsAnimation.onAnimationFinished()]
03-16 10:40:24.875 4446 4446 I wm_on_top_resumed_lost_called: [259866028,cn.kuwo.player.activities.EntryActivity,topStateChangedWhenResumed]
03-16 10:40:24.877 797 1672 I wm_set_resumed_activity: [0,com.android.launcher3/.uioverrides.QuickstepLauncher,RecentsAnimation.onAnimationFinished()]
03-16 10:40:24.878 797 1672 I wm_pause_activity: [0,259866028,cn.kuwo.player/.activities.EntryActivity,userLeaving=true,pauseBackTasks]
03-16 10:40:24.880 797 1672 I wm_add_to_stopping: [0,259866028,cn.kuwo.player/.activities.EntryActivity,makeInvisible]
03-16 10:40:24.880 797 1672 I ActivityTaskManager: FOREGROUND_APPLICATION_CHANGED to com.android.launcher3.uioverrides.QuickstepLauncher
03-16 10:40:24.881 797 1672 I wm_set_resumed_activity: [0,com.android.launcher3/.uioverrides.QuickstepLauncher,resumeTopActivityInnerLocked]
03-16 10:40:24.889 797 1672 I wm_resume_activity: [0,28844568,13,com.android.launcher3/.uioverrides.QuickstepLauncher]
03-16 10:40:24.893 2626 2626 I wm_on_resume_called: [28844568,com.android.launcher3.uioverrides.QuickstepLauncher,RESUME_ACTIVITY]
03-16 10:40:24.900 797 818 I input_focus: [Focus request efa3eda com.android.launcher3/com.android.launcher3.uioverrides.QuickstepLauncher,reason=UpdateInputWindows]
03-16 10:40:24.900 4446 4446 I wm_on_paused_called: [259866028,cn.kuwo.player.activities.EntryActivity,performPause]
03-16 10:40:24.902 2626 2626 I wm_on_top_resumed_gained_called: [28844568,com.android.launcher3.uioverrides.QuickstepLauncher,topStateChangedWhenResumed]
03-16 10:40:24.905 797 817 I wm_stop_activity: [0,259866028,cn.kuwo.player/.activities.EntryActivity]
03-16 10:40:24.905 797 817 I sysui_multi_action: [757,803,799,window_time_0,802,3]
03-16 10:40:24.906 797 817 I sysui_multi_action: [757,803,799,window_time_0,802,0]
03-16 10:40:24.907 797 817 I ActivityManager: PendingStartActivityUids startActivity to updateOomAdj delay:1038ms, uid:10074
03-16 10:40:24.914 797 1329 I input_focus: [Focus leaving recents_animation_input_consumer (server),reason=NOT_VISIBLE]
03-16 10:40:24.914 797 1329 I input_focus: [Focus entering efa3eda com.android.launcher3/com.android.launcher3.uioverrides.QuickstepLauncher (server),reason=setFocusedWindow]
03-16 10:40:24.919 4218 4218 I auditd : type=1400 audit(0.0:3347): avc: denied { call } for comm="CodecLooper" scontext=u:r:su:s0 tcontext=u:r:mediacodec:s0 tclass=binder permissive=1
03-16 10:40:24.934 4446 4446 I wm_on_stop_called: [259866028,cn.kuwo.player.activities.EntryActivity,STOP_ACTIVITY_ITEM]
03-16 10:40:25.003 797 1672 W FreeFormWindowHelper: Current Display FreeFormTask is null
01-01 23:58:42.796 0 0 E DTC_ETH,link_delay_work_func: 3003, SQI=0, link=0
03-16 10:40:27.257 797 1329 I input_interaction: Interaction with: efa3eda com.android.launcher3/com.android.launcher3.uioverrides.QuickstepLauncher (server), eb1e2e4 com.android.systemui.ImageWallpaper (server), edge-swipe (server), swipe-up (server), PointerEventDispatcher0 (server),
03-16 10:40:27.259 797 797 I service_manager_stats: [125,53,7091]
03-16 10:40:27.374 797 2330 I thunderperf: PlatormCompat.setOverrides: Uid1=10074 Pid1=2626 Uid2=10074 Pid2=2626
03-16 10:40:27.374 797 2330 I thunderperf: PlatormCompat.setOverrides: needCheck:false
03-16 10:40:27.374 797 2330 I thunderperf: CompatConfig.addOverrideUnsafe: bef-state=0
03-16 10:40:27.374 797 2330 I thunderperf: CompatConfig.addOverrideUnsafe: aft-state=0
03-16 10:40:27.375 797 2330 I thunderperf: CompatConfig.addOverrideUnsafe: bef-state=0
03-16 10:40:27.375 797 2330 I thunderperf: CompatConfig.addOverrideUnsafe: aft-state=0
03-16 10:40:27.376 797 2330 I thunderperf: CompatConfig.addOverrideUnsafe: bef-state=0
03-16 10:40:27.376 797 2330 I thunderperf: CompatConfig.addOverrideUnsafe: aft-state=0
03-16 10:40:27.376 797 2330 I thunderperf: CompatConfig.addOverrideUnsafe: bef-state=0
03-16 10:40:27.376 797 2330 I thunderperf: CompatConfig.addOverrideUnsafe: aft-state=0
03-16 10:40:27.377 797 2330 I thunderperf: CompatConfig.addOverrideUnsafe: bef-state=0
03-16 10:40:27.377 797 2330 I thunderperf: CompatConfig.addOverrideUnsafe: aft-state=0
03-16 10:40:27.377 797 2330 I thunderperf: CompatConfig.addOverrideUnsafe: bef-state=0
03-16 10:40:27.377 797 2330 I thunderperf: CompatConfig.addOverrideUnsafe: aft-state=0
03-16 10:40:27.378 797 2330 I thunderperf: CompatConfig.addOverrideUnsafe: bef-state=0
03-16 10:40:27.378 797 2330 I thunderperf: CompatConfig.addOverrideUnsafe: aft-state=0
03-16 10:40:27.378 797 2330 I thunderperf: CompatConfig.addOverrideUnsafe: bef-state=0
03-16 10:40:27.378 797 2330 I thunderperf: CompatConfig.addOverrideUnsafe: aft-state=0
03-16 10:40:27.378 797 2330 I thunderperf: CompatConfig.addOverrideUnsafe: bef-state=0
03-16 10:40:27.378 797 2330 I thunderperf: CompatConfig.addOverrideUnsafe: aft-state=0
03-16 10:40:27.379 797 2330 I thunderperf: CompatConfig.addOverrideUnsafe: bef-state=0
03-16 10:40:27.379 797 2330 I thunderperf: CompatConfig.addOverrideUnsafe: aft-state=0
03-16 10:40:27.379 797 2330 I thunderperf: CompatConfig.addOverrideUnsafe: bef-state=0
03-16 10:40:27.379 797 2330 I thunderperf: CompatConfig.addOverrideUnsafe: aft-state=0
03-16 10:40:27.380 797 2330 I thunderperf: CompatConfig.addOverrideUnsafe: bef-state=0
03-16 10:40:27.380 797 2330 I thunderperf: CompatConfig.addOverrideUnsafe: aft-state=0
03-16 10:40:27.380 797 2330 I thunderperf: CompatConfig.addOverrideUnsafe: bef-state=0
03-16 10:40:27.380 797 2330 I thunderperf: CompatConfig.addOverrideUnsafe: aft-state=0
03-16 10:40:27.381 797 2330 I thunderperf: CompatConfig.addOverrideUnsafe: bef-state=0
03-16 10:40:27.381 797 2330 I thunderperf: CompatConfig.addOverrideUnsafe: aft-state=0
03-16 10:40:27.387 797 2330 I ActivityTaskManager: START u0 {act=android.intent.action.MAIN cat=[android.intent.category.LAUNCHER] flg=0x10200000 cmp=com.android.documentsui/.LauncherActivity bnds=[112,632][388,906]} from uid 10074
03-16 10:40:27.393 797 2330 I wm_task_created: [39,-1]
03-16 10:40:27.393 797 2330 W ActivityTaskManager: Can't find TaskDisplayArea to determine support for multi window. Task id=39 attached=false
03-16 10:40:27.396 797 2330 I wm_task_moved: [39,1,14]
03-16 10:40:27.396 797 2330 I wm_task_to_front: [0,39]
03-16 10:40:27.396 797 2330 I wm_create_task: [0,39]
03-16 10:40:27.396 797 2330 I wm_create_activity: [0,121726671,39,com.android.documentsui/.LauncherActivity,android.intent.action.MAIN,NULL,NULL,270532608]
03-16 10:40:27.396 797 2330 I wm_task_moved: [39,1,14]
03-16 10:40:27.396 797 2330 V SplashScreenExceptionList: SplashScreen checking exception for package com.android.documentsui (target sdk:30) -> false
03-16 10:40:27.397 797 2330 I wm_pause_activity: [0,28844568,com.android.launcher3/.uioverrides.QuickstepLauncher,userLeaving=true,pauseBackTasks]
03-16 10:40:27.399 797 2012 W FreeFormWindowHelper: Current Display FreeFormTask is null
03-16 10:40:27.399 2626 2626 I wm_on_top_resumed_lost_called: [28844568,com.android.launcher3.uioverrides.QuickstepLauncher,topStateChangedWhenResumed]
03-16 10:40:27.399 2626 2626 I wm_on_paused_called: [28844568,com.android.launcher3.uioverrides.QuickstepLauncher,performPause]
03-16 10:40:27.400 797 2012 I ActivityTaskManager: FOREGROUND_APPLICATION_CHANGED to com.android.documentsui.files.LauncherActivity
03-16 10:40:27.400 797 2012 I ActivityTaskManager: The Process com.android.documentsui Already Exists in BG. So sending its PID: 4508
03-16 10:40:27.400 797 2012 W ActivityTaskManager: Tried to set launchTime (0) < mLastActivityLaunchTime (795007)
03-16 10:40:27.401 797 2012 I wm_restart_activity: [0,121726671,39,com.android.documentsui/.LauncherActivity]
03-16 10:40:27.401 797 2012 I wm_set_resumed_activity: [0,com.android.documentsui/.LauncherActivity,minimalResumeActivityLocked]
03-16 10:40:27.404 797 817 I am_uid_active: 10022
03-16 10:40:27.405 797 817 I sysui_multi_action: [757,803,799,window_time_0,802,2]
03-16 10:40:27.408 797 1672 I thunderperf: PlatormCompat.setOverrides: Uid1=10022 Pid1=4508 Uid2=10022 Pid2=4508
03-16 10:40:27.408 797 1672 I thunderperf: PlatormCompat.setOverrides: needCheck:false
03-16 10:40:27.408 797 1672 I thunderperf: CompatConfig.addOverrideUnsafe: bef-state=0
03-16 10:40:27.408 797 1672 I thunderperf: CompatConfig.addOverrideUnsafe: aft-state=0
03-16 10:40:27.408 797 1672 I thunderperf: CompatConfig.addOverrideUnsafe: bef-state=0
03-16 10:40:27.408 797 1672 I thunderperf: CompatConfig.addOverrideUnsafe: aft-state=0
03-16 10:40:27.408 797 1672 I thunderperf: CompatConfig.addOverrideUnsafe: bef-state=0
03-16 10:40:27.408 797 1672 I thunderperf: CompatConfig.addOverrideUnsafe: aft-state=0
03-16 10:40:27.409 797 1672 I thunderperf: CompatConfig.addOverrideUnsafe: bef-state=0
03-16 10:40:27.409 797 1672 I thunderperf: CompatConfig.addOverrideUnsafe: aft-state=0
03-16 10:40:27.409 797 1672 I thunderperf: CompatConfig.addOverrideUnsafe: bef-state=0
03-16 10:40:27.409 797 1672 I thunderperf: CompatConfig.addOverrideUnsafe: aft-state=0
03-16 10:40:27.409 797 1672 I thunderperf: CompatConfig.addOverrideUnsafe: bef-state=0
03-16 10:40:27.409 797 1672 I thunderperf: CompatConfig.addOverrideUnsafe: aft-state=0
03-16 10:40:27.409 797 1672 I thunderperf: CompatConfig.addOverrideUnsafe: bef-state=0
03-16 10:40:27.409 797 1672 I thunderperf: CompatConfig.addOverrideUnsafe: aft-state=0
03-16 10:40:27.409 797 1672 I thunderperf: CompatConfig.addOverrideUnsafe: bef-state=0
03-16 10:40:27.409 797 1672 I thunderperf: CompatConfig.addOverrideUnsafe: aft-state=0
03-16 10:40:27.409 797 1672 I thunderperf: CompatConfig.addOverrideUnsafe: bef-state=0
03-16 10:40:27.410 797 1672 I thunderperf: CompatConfig.addOverrideUnsafe: aft-state=0
03-16 10:40:27.410 797 1672 I thunderperf: CompatConfig.addOverrideUnsafe: bef-state=0
03-16 10:40:27.410 797 1672 I thunderperf: CompatConfig.addOverrideUnsafe: aft-state=0
03-16 10:40:27.410 797 1672 I thunderperf: CompatConfig.addOverrideUnsafe: bef-state=0
03-16 10:40:27.410 797 1672 I thunderperf: CompatConfig.addOverrideUnsafe: aft-state=0
03-16 10:40:27.411 797 1672 I thunderperf: CompatConfig.addOverrideUnsafe: bef-state=0
03-16 10:40:27.411 797 1672 I thunderperf: CompatConfig.addOverrideUnsafe: aft-state=0
03-16 10:40:27.411 797 1672 I thunderperf: CompatConfig.addOverrideUnsafe: bef-state=0
03-16 10:40:27.411 797 1672 I thunderperf: CompatConfig.addOverrideUnsafe: aft-state=0
03-16 10:40:27.411 797 1672 I thunderperf: CompatConfig.addOverrideUnsafe: bef-state=0
03-16 10:40:27.411 797 1672 I thunderperf: CompatConfig.addOverrideUnsafe: aft-state=0
03-16 10:40:27.413 797 1672 I ActivityTaskManager: START u0 {dat=//com.android.documentsui.launchControl flg=0x10280000 cmp=com.android.documentsui/.files.FilesActivity (has extras)} from uid 10022
03-16 10:40:27.413 797 1672 I wm_task_moved: [21,1,14]
03-16 10:40:27.413 797 1672 I wm_task_to_front: [0,21]
03-16 10:40:27.413 797 1672 I wm_focused_root_task: [0,0,21,39,bringingFoundTaskToFront]
03-16 10:40:27.413 797 1672 I wm_set_resumed_activity: [0,com.android.documentsui/.files.FilesActivity,bringingFoundTaskToFront]
03-16 10:40:27.414 797 1672 I wm_new_intent: [0,35513617,21,com.android.documentsui/.files.FilesActivity,NULL,NULL,//com.android.documentsui.launchControl,271056896]
03-16 10:40:27.414 797 1672 I wm_pause_activity: [0,121726671,com.android.documentsui/.LauncherActivity,userLeaving=true,pauseBackTasks]
03-16 10:40:27.416 797 1672 I wm_finish_activity: [0,121726671,39,com.android.documentsui/.LauncherActivity,app-request]
03-16 10:40:27.416 4508 4508 I wm_on_create_called: [121726671,com.android.documentsui.LauncherActivity,performCreate]
03-16 10:40:27.417 797 2921 I wm_add_to_stopping: [0,121726671,com.android.documentsui/.LauncherActivity,completeFinishing]
03-16 10:40:27.418 797 2921 I ActivityTaskManager: FOREGROUND_APPLICATION_CHANGED to com.android.documentsui.files.FilesActivity
03-16 10:40:27.418 797 2921 I wm_set_resumed_activity: [0,com.android.documentsui/.files.FilesActivity,resumeTopActivityInnerLocked]
03-16 10:40:27.419 797 2921 I wm_add_to_stopping: [0,28844568,com.android.launcher3/.uioverrides.QuickstepLauncher,makeInvisible]
03-16 10:40:27.420 797 2921 I wm_resume_activity: [0,35513617,21,com.android.documentsui/.files.FilesActivity]
03-16 10:40:27.421 4508 4508 I wm_on_restart_called: [35513617,com.android.documentsui.files.FilesActivity,performRestartActivity]
03-16 10:40:27.423 797 817 I wm_destroy_activity: [0,121726671,39,com.android.documentsui/.LauncherActivity,finish-imm:idle]
03-16 10:40:27.424 4508 4508 I wm_on_start_called: [35513617,com.android.documentsui.files.FilesActivity,handleStartActivity]
03-16 10:40:27.424 797 1672 I am_uid_active: 10017
03-16 10:40:27.425 797 817 I sysui_multi_action: [757,803,799,window_time_0,802,0]
03-16 10:40:27.426 4508 4508 I wm_on_resume_called: [35513617,com.android.documentsui.files.FilesActivity,RESUME_ACTIVITY]
03-16 10:40:27.427 4508 4508 I wm_on_top_resumed_gained_called: [35513617,com.android.documentsui.files.FilesActivity,topWhenResuming]
03-16 10:40:27.429 797 2012 I am_uid_active: 10028
03-16 10:40:27.438 797 818 I input_focus: [Focus request 7b13481 com.android.documentsui/com.android.documentsui.files.FilesActivity,reason=UpdateInputWindows]
03-16 10:40:27.453 797 1329 I input_focus: [Focus leaving efa3eda com.android.launcher3/com.android.launcher3.uioverrides.QuickstepLauncher (server),reason=NO_WINDOW]
03-16 10:40:27.454 4508 4508 I wm_on_destroy_called: [121726671,com.android.documentsui.LauncherActivity,performDestroy]
03-16 10:40:27.458 797 814 I sysui_multi_action: [319,69,322,68,325,948,757,761,758,8,759,2,806,com.android.documentsui,871,com.android.documentsui.files.FilesActivity,904,com.android.documentsui,905,0,1320,4,1321,1]
03-16 10:40:27.458 797 814 I wm_activity_launch_time: [0,35513617,com.android.documentsui/.files.FilesActivity,68]
03-16 10:40:27.461 797 1672 I wm_task_removed: [39,removeChild:removeChild last r=ActivityRecord{74166cf u0 com.android.documentsui/.LauncherActivity t-1 f}} in t=Task{a594e48 #39 type=standard A=10022:com.android.documentsui U=0 visible=false mode=fullscreen translucent=true sz=0}]
03-16 10:40:27.461 797 1672 I wm_task_removed: [39,removeChild]
03-16 10:40:27.470 797 1329 I input_focus: [Focus entering 7b13481 com.android.documentsui/com.android.documentsui.files.FilesActivity (server),reason=setFocusedWindow]
03-16 10:40:27.521 797 1672 W FreeFormWindowHelper: Current Display FreeFormTask is null
03-16 10:40:27.987 797 817 I wm_stop_activity: [0,28844568,com.android.launcher3/.uioverrides.QuickstepLauncher]
03-16 10:40:28.005 2626 2626 I wm_on_stop_called: [28844568,com.android.launcher3.uioverrides.QuickstepLauncher,STOP_ACTIVITY_ITEM]
03-16 10:40:28.054 797 1329 I input_interaction: Interaction with: 7b13481 com.android.documentsui/com.android.documentsui.files.FilesActivity (server), edge-swipe (server), swipe-up (server), PointerEventDispatcher0 (server),
03-16 10:40:28.097 797 2434 I wm_task_moved: [1,0,0]
03-16 10:40:28.097 797 2434 I wm_task_moved: [1,0,12]
03-16 10:40:28.100 797 1672 W FreeFormWindowHelper: Current Display FreeFormTask is null
03-16 10:40:28.101 797 1672 W FreeFormWindowHelper: Current Display FreeFormTask is null
03-16 10:40:28.101 2626 2626 I wm_on_restart_called: [28844568,com.android.launcher3.uioverrides.QuickstepLauncher,performRestartActivity]
03-16 10:40:28.102 797 1672 W FreeFormWindowHelper: Current Display FreeFormTask is null
03-16 10:40:28.102 797 1672 W FreeFormWindowHelper: Current Display FreeFormTask is null
03-16 10:40:28.119 2626 2626 I wm_on_start_called: [28844568,com.android.launcher3.uioverrides.QuickstepLauncher,handleStartActivity]
03-16 10:40:28.123 797 2330 W FreeFormWindowHelper: Current Display FreeFormTask is null
03-16 10:40:28.123 797 2434 W FreeFormWindowHelper: Current Display FreeFormTask is null
03-16 10:40:28.128 797 814 I sysui_multi_action: [319,3,322,29,325,949,757,761,758,9,759,5,806,com.android.launcher3,871,com.android.launcher3.uioverrides.QuickstepLauncher,905,0,1320,4,1321,1]
03-16 10:40:28.136 797 2434 W FreeFormWindowHelper: Current Display FreeFormTask is null
03-16 10:40:28.136 797 2434 W FreeFormWindowHelper: Current Display FreeFormTask is null
03-16 10:40:28.149 4508 4508 I view_enqueue_input_event: [Motion - Cancel,com.android.documentsui/com.android.documentsui.files.FilesActivity]
03-16 10:40:28.150 797 814 D AutofillManagerService: Close system dialogs
03-16 10:40:28.150 2626 2626 I sysui_latency: [1,30]
03-16 10:40:28.150 797 1672 W FreeFormWindowHelper: Current Display FreeFormTask is null
03-16 10:40:28.150 797 818 I input_focus: [Focus request recents_animation_input_consumer,reason=UpdateInputWindows]
03-16 10:40:28.151 797 1672 W FreeFormWindowHelper: Current Display FreeFormTask is null
03-16 10:40:28.153 797 1329 I input_focus: [Focus leaving 7b13481 com.android.documentsui/com.android.documentsui.files.FilesActivity (server),reason=NOT_FOCUSABLE]
03-16 10:40:28.154 797 1329 I input_focus: [Focus entering recents_animation_input_consumer (server),reason=setFocusedWindow]
03-16 10:40:28.156 797 2921 W FreeFormWindowHelper: Current Display FreeFormTask is null
03-16 10:40:28.157 797 2434 W FreeFormWindowHelper: Current Display FreeFormTask is null
03-16 10:40:28.162 797 1329 I input_interaction: Interaction with: edge-swipe (server), swipe-up (server), PointerEventDispatcher0 (server),
03-16 10:40:28.172 797 1672 W FreeFormWindowHelper: Current Display FreeFormTask is null
03-16 10:40:28.172 797 1672 W FreeFormWindowHelper: Current Display FreeFormTask is null
03-16 10:40:28.320 797 1297 I commit_sys_config_file: [settings-1-0,2]
03-16 10:40:28.428 797 822 I sysui_latency: [8,32]
03-16 10:40:28.548 797 2921 W FreeFormWindowHelper: exitRecentTasks type=0
03-16 10:40:28.554 797 2921 W FreeFormWindowHelper: Current Display FreeFormTask is null
03-16 10:40:28.554 797 2921 W FreeFormWindowHelper: Current Display FreeFormTask is null
03-16 10:40:28.751 797 1297 I commit_sys_config_file: [settings-1-0,1]
03-16 10:40:29.205 797 2434 W FreeFormWindowHelper: Current Display FreeFormTask is null
03-16 10:40:29.205 797 2434 W FreeFormWindowHelper: Current Display FreeFormTask is null
03-16 10:40:29.207 797 2921 I wm_task_moved: [1,1,13]
03-16 10:40:29.207 797 2921 I wm_task_moved: [13,1,2147483647]
03-16 10:40:29.208 797 2921 I wm_task_to_front: [0,13]
03-16 10:40:29.208 797 2921 I wm_focused_root_task: [0,0,1,21,RecentsAnimation.onAnimationFinished()]
03-16 10:40:29.208 4508 4508 I wm_on_top_resumed_lost_called: [35513617,com.android.documentsui.files.FilesActivity,topStateChangedWhenResumed]
03-16 10:40:29.208 797 2921 I wm_set_resumed_activity: [0,com.android.launcher3/.uioverrides.QuickstepLauncher,RecentsAnimation.onAnimationFinished()]
03-16 10:40:29.208 797 2921 I wm_pause_activity: [0,35513617,com.android.documentsui/.files.FilesActivity,userLeaving=true,pauseBackTasks]
03-16 10:40:29.209 797 2921 I wm_add_to_stopping: [0,35513617,com.android.documentsui/.files.FilesActivity,makeInvisible]
03-16 10:40:29.209 797 2921 I ActivityTaskManager: FOREGROUND_APPLICATION_CHANGED to com.android.launcher3.uioverrides.QuickstepLauncher
03-16 10:40:29.209 797 2921 I wm_set_resumed_activity: [0,com.android.launcher3/.uioverrides.QuickstepLauncher,resumeTopActivityInnerLocked]
03-16 10:40:29.210 797 2921 I wm_resume_activity: [0,28844568,13,com.android.launcher3/.uioverrides.QuickstepLauncher]
03-16 10:40:29.211 2626 2626 I wm_on_resume_called: [28844568,com.android.launcher3.uioverrides.QuickstepLauncher,RESUME_ACTIVITY]
03-16 10:40:29.214 797 818 I input_focus: [Focus request efa3eda com.android.launcher3/com.android.launcher3.uioverrides.QuickstepLauncher,reason=UpdateInputWindows]
03-16 10:40:29.214 2626 2626 I wm_on_top_resumed_gained_called: [28844568,com.android.launcher3.uioverrides.QuickstepLauncher,topStateChangedWhenResumed]
03-16 10:40:29.214 4508 4508 I wm_on_paused_called: [35513617,com.android.documentsui.files.FilesActivity,performPause]
03-16 10:40:29.215 797 1672 I wm_stop_activity: [0,35513617,com.android.documentsui/.files.FilesActivity]
03-16 10:40:29.216 797 817 I sysui_multi_action: [757,803,799,window_time_0,802,2]
03-16 10:40:29.217 797 817 I ActivityManager: PendingStartActivityUids startActivity to updateOomAdj delay:1118ms, uid:10074
03-16 10:40:29.218 797 817 I sysui_multi_action: [757,803,799,window_time_0,802,0]
03-16 10:40:29.223 797 1329 I input_focus: [Focus leaving recents_animation_input_consumer (server),reason=NOT_VISIBLE]
03-16 10:40:29.228 4508 4508 I wm_on_stop_called: [35513617,com.android.documentsui.files.FilesActivity,STOP_ACTIVITY_ITEM]
03-16 10:40:29.239 797 1329 I input_focus: [Focus entering efa3eda com.android.launcher3/com.android.launcher3.uioverrides.QuickstepLauncher (server),reason=setFocusedWindow]
03-16 10:40:29.315 797 2330 W FreeFormWindowHelper: Current Display FreeFormTask is null
03-16 10:40:29.931 797 1329 I input_interaction: Interaction with: efa3eda com.android.launcher3/com.android.launcher3.uioverrides.QuickstepLauncher (server), eb1e2e4 com.android.systemui.ImageWallpaper (server), edge-swipe (server), swipe-up (server), PointerEventDispatcher0 (server),
03-16 10:40:30.103 797 2330 I thunderperf: PlatormCompat.setOverrides: Uid1=10074 Pid1=2626 Uid2=10074 Pid2=2626
03-16 10:40:30.103 797 2330 I thunderperf: PlatormCompat.setOverrides: needCheck:false
03-16 10:40:30.103 797 2330 I thunderperf: CompatConfig.addOverrideUnsafe: bef-state=0
03-16 10:40:30.103 797 2330 I thunderperf: CompatConfig.addOverrideUnsafe: aft-state=0
03-16 10:40:30.103 797 2330 I thunderperf: CompatConfig.addOverrideUnsafe: bef-state=0
03-16 10:40:30.103 797 2330 I thunderperf: CompatConfig.addOverrideUnsafe: aft-state=0
03-16 10:40:30.104 797 2330 I thunderperf: CompatConfig.addOverrideUnsafe: bef-state=0
03-16 10:40:30.104 797 2330 I thunderperf: CompatConfig.addOverrideUnsafe: aft-state=0
03-16 10:40:30.105 797 2330 I thunderperf: CompatConfig.addOverrideUnsafe: bef-state=0
03-16 10:40:30.105 797 2330 I thunderperf: CompatConfig.addOverrideUnsafe: aft-state=0
03-16 10:40:30.105 797 2330 I thunderperf: CompatConfig.addOverrideUnsafe: bef-state=0
03-16 10:40:30.105 797 2330 I thunderperf: CompatConfig.addOverrideUnsafe: aft-state=0
03-16 10:40:30.106 797 2330 I thunderperf: CompatConfig.addOverrideUnsafe: bef-state=0
03-16 10:40:30.106 797 2330 I thunderperf: CompatConfig.addOverrideUnsafe: aft-state=0
03-16 10:40:30.106 797 2330 I thunderperf: CompatConfig.addOverrideUnsafe: bef-state=0
03-16 10:40:30.106 797 2330 I thunderperf: CompatConfig.addOverrideUnsafe: aft-state=0
03-16 10:40:30.106 797 2330 I thunderperf: CompatConfig.addOverrideUnsafe: bef-state=0
03-16 10:40:30.106 797 2330 I thunderperf: CompatConfig.addOverrideUnsafe: aft-state=0
03-16 10:40:30.107 797 2330 I thunderperf: CompatConfig.addOverrideUnsafe: bef-state=0
03-16 10:40:30.107 797 2330 I thunderperf: CompatConfig.addOverrideUnsafe: aft-state=0
03-16 10:40:30.107 797 2330 I thunderperf: CompatConfig.addOverrideUnsafe: bef-state=0
03-16 10:40:30.107 797 2330 I thunderperf: CompatConfig.addOverrideUnsafe: aft-state=0
03-16 10:40:30.108 797 2330 I thunderperf: CompatConfig.addOverrideUnsafe: bef-state=0
03-16 10:40:30.108 797 2330 I thunderperf: CompatConfig.addOverrideUnsafe: aft-state=0
03-16 10:40:30.108 797 2330 I thunderperf: CompatConfig.addOverrideUnsafe: bef-state=0
03-16 10:40:30.108 797 2330 I thunderperf: CompatConfig.addOverrideUnsafe: aft-state=0
03-16 10:40:30.109 797 2330 I thunderperf: CompatConfig.addOverrideUnsafe: bef-state=0
03-16 10:40:30.109 797 2330 I thunderperf: CompatConfig.addOverrideUnsafe: aft-state=0
03-16 10:40:30.109 797 2330 I thunderperf: CompatConfig.addOverrideUnsafe: bef-state=0
03-16 10:40:30.109 797 2330 I thunderperf: CompatConfig.addOverrideUnsafe: aft-state=0
03-16 10:40:30.116 797 2330 I ActivityTaskManager: START u0 {act=android.intent.action.MAIN cat=[android.intent.category.LAUNCHER] flg=0x10200000 cmp=com.android.music/.VideoBrowserActivity bnds=[2128,510][2314,710]} from uid 10074
03-16 10:40:30.121 797 2330 I wm_task_moved: [26,1,13]
03-16 10:40:30.121 797 2330 I wm_task_to_front: [0,26]
03-16 10:40:30.122 797 2330 I wm_focused_root_task: [0,0,26,1,bringingFoundTaskToFront]
03-16 10:40:30.122 797 2330 I wm_set_resumed_activity: [0,com.android.music/.VideoBrowserActivity,bringingFoundTaskToFront]
03-16 10:40:30.125 797 2330 I wm_pause_activity: [0,28844568,com.android.launcher3/.uioverrides.QuickstepLauncher,userLeaving=true,pauseBackTasks]
