03-16 10:56:23.770 2626 2626 I wm_on_top_resumed_gained_called: [28844568,com.android.launcher3.uioverrides.QuickstepLauncher,topStateChangedWhenResumed]
03-16 10:56:23.770 3673 3673 I wm_on_paused_called: [35236351,com.android.music.VideoBrowserActivity,performPause]
03-16 10:56:23.779 797 811 I wm_stop_activity: [0,35236351,com.android.music/.VideoBrowserActivity]
03-16 10:56:23.784 797 817 I sysui_multi_action: [757,803,799,window_time_0,802,2]
03-16 10:56:23.785 797 817 I sysui_multi_action: [757,803,799,window_time_0,802,0]
03-16 10:56:23.785 797 1329 I input_focus: [Focus leaving recents_animation_input_consumer (server),reason=NOT_VISIBLE]
03-16 10:56:23.785 797 1329 I input_focus: [Focus entering efa3eda com.android.launcher3/com.android.launcher3.uioverrides.QuickstepLauncher (server),reason=setFocusedWindow]
03-16 10:56:23.790 3673 3673 I wm_on_stop_called: [35236351,com.android.music.VideoBrowserActivity,STOP_ACTIVITY_ITEM]
03-16 10:56:23.811 797 1329 I input_interaction: Interaction with: efa3eda com.android.launcher3/com.android.launcher3.uioverrides.QuickstepLauncher (server), eb1e2e4 com.android.systemui.ImageWallpaper (server), edge-swipe (server), swipe-up (server), PointerEventDispatcher0 (server),
01-02 00:14:40.236 0 0 E DTC_ETH,link_delay_work_func: 3003, SQI=0, link=0
03-16 10:56:23.871 797 1514 W FreeFormWindowHelper: Current Display FreeFormTask is null
03-16 10:56:23.939 797 811 I thunderperf: PlatormCompat.setOverrides: Uid1=10074 Pid1=2626 Uid2=10074 Pid2=2626
03-16 10:56:23.939 797 811 I thunderperf: PlatormCompat.setOverrides: needCheck:false
03-16 10:56:23.939 797 811 I thunderperf: CompatConfig.addOverrideUnsafe: bef-state=0
03-16 10:56:23.939 797 811 I thunderperf: CompatConfig.addOverrideUnsafe: aft-state=0
03-16 10:56:23.939 797 811 I thunderperf: CompatConfig.addOverrideUnsafe: bef-state=0
03-16 10:56:23.940 797 811 I thunderperf: CompatConfig.addOverrideUnsafe: aft-state=0
03-16 10:56:23.940 797 811 I thunderperf: CompatConfig.addOverrideUnsafe: bef-state=0
03-16 10:56:23.940 797 811 I thunderperf: CompatConfig.addOverrideUnsafe: aft-state=0
03-16 10:56:23.940 797 811 I thunderperf: CompatConfig.addOverrideUnsafe: bef-state=0
03-16 10:56:23.941 797 811 I thunderperf: CompatConfig.addOverrideUnsafe: aft-state=0
03-16 10:56:23.941 797 811 I thunderperf: CompatConfig.addOverrideUnsafe: bef-state=0
03-16 10:56:23.941 797 811 I thunderperf: CompatConfig.addOverrideUnsafe: aft-state=0
03-16 10:56:23.941 797 811 I thunderperf: CompatConfig.addOverrideUnsafe: bef-state=0
03-16 10:56:23.941 797 811 I thunderperf: CompatConfig.addOverrideUnsafe: aft-state=0
03-16 10:56:23.942 797 811 I thunderperf: CompatConfig.addOverrideUnsafe: bef-state=0
03-16 10:56:23.942 797 811 I thunderperf: CompatConfig.addOverrideUnsafe: aft-state=0
03-16 10:56:23.942 797 811 I thunderperf: CompatConfig.addOverrideUnsafe: bef-state=0
03-16 10:56:23.942 797 811 I thunderperf: CompatConfig.addOverrideUnsafe: aft-state=0
03-16 10:56:23.943 797 811 I thunderperf: CompatConfig.addOverrideUnsafe: bef-state=0
03-16 10:56:23.943 797 811 I thunderperf: CompatConfig.addOverrideUnsafe: aft-state=0
03-16 10:56:23.944 797 811 I thunderperf: CompatConfig.addOverrideUnsafe: bef-state=0
03-16 10:56:23.944 797 811 I thunderperf: CompatConfig.addOverrideUnsafe: aft-state=0
03-16 10:56:23.944 797 811 I thunderperf: CompatConfig.addOverrideUnsafe: bef-state=0
03-16 10:56:23.944 797 811 I thunderperf: CompatConfig.addOverrideUnsafe: aft-state=0
03-16 10:56:23.945 797 811 I thunderperf: CompatConfig.addOverrideUnsafe: bef-state=0
03-16 10:56:23.945 797 811 I thunderperf: CompatConfig.addOverrideUnsafe: aft-state=0
03-16 10:56:23.945 797 811 I thunderperf: CompatConfig.addOverrideUnsafe: bef-state=0
03-16 10:56:23.945 797 811 I thunderperf: CompatConfig.addOverrideUnsafe: aft-state=0
03-16 10:56:23.946 797 811 I thunderperf: CompatConfig.addOverrideUnsafe: bef-state=0
03-16 10:56:23.946 797 811 I thunderperf: CompatConfig.addOverrideUnsafe: aft-state=0
03-16 10:56:23.955 797 811 I ActivityTaskManager: START u0 {act=android.intent.action.MAIN cat=[android.intent.category.LAUNCHER] flg=0x10200000 cmp=com.android.music/.MusicBrowserActivity bnds=[2128,310][2314,510]} from uid 10074
03-16 10:56:23.956 797 811 I wm_task_moved: [25,1,14]
03-16 10:56:23.956 797 811 I wm_task_to_front: [0,25]
03-16 10:56:23.957 797 811 I wm_focused_root_task: [0,0,25,1,bringingFoundTaskToFront]
03-16 10:56:23.958 797 811 I wm_set_resumed_activity: [0,com.android.music/.MusicBrowserActivity,bringingFoundTaskToFront]
03-16 10:56:23.958 797 811 I wm_new_intent: [0,142145281,25,com.android.music/.MusicBrowserActivity,android.intent.action.MAIN,NULL,NULL,270532608]
03-16 10:56:23.962 797 811 I wm_pause_activity: [0,28844568,com.android.launcher3/.uioverrides.QuickstepLauncher,userLeaving=true,pauseBackTasks]
03-16 10:56:23.963 2011 2236 D PhoneStartingWindowTypeAlgorithm: preferredStartingWindowType newTask:false taskSwitch:true processRunning:true allowTaskSnapshot:true activityCreated:true useEmptySplashScreen:false legacySplashScreen:false topIsHome:false
03-16 10:56:23.963 2011 2236 D PhoneStartingWindowTypeAlgorithm: isSnapshotCompatible rotation 0 snapshot 0
03-16 10:56:23.967 797 811 W FreeFormWindowHelper: Current Display FreeFormTask is null
03-16 10:56:23.967 2626 2626 I wm_on_top_resumed_lost_called: [28844568,com.android.launcher3.uioverrides.QuickstepLauncher,topStateChangedWhenResumed]
03-16 10:56:23.969 2626 2626 I wm_on_paused_called: [28844568,com.android.launcher3.uioverrides.QuickstepLauncher,performPause]
03-16 10:56:23.974 797 811 I ActivityTaskManager: FOREGROUND_APPLICATION_CHANGED to com.android.music.MusicBrowserActivity
03-16 10:56:23.976 797 811 I wm_set_resumed_activity: [0,com.android.music/.MusicBrowserActivity,resumeTopActivityInnerLocked]
03-16 10:56:23.976 797 811 I wm_add_to_stopping: [0,28844568,com.android.launcher3/.uioverrides.QuickstepLauncher,makeInvisible]
03-16 10:56:23.985 797 811 I wm_resume_activity: [0,142145281,25,com.android.music/.MusicBrowserActivity]
03-16 10:56:23.995 3673 3673 I wm_on_restart_called: [142145281,com.android.music.MusicBrowserActivity,performRestartActivity]
03-16 10:56:23.997 797 817 I sysui_multi_action: [757,803,799,window_time_0,802,0]
03-16 10:56:23.999 3673 3673 I wm_on_start_called: [142145281,com.android.music.MusicBrowserActivity,handleStartActivity]
03-16 10:56:24.001 3673 3673 I wm_on_resume_called: [142145281,com.android.music.MusicBrowserActivity,RESUME_ACTIVITY]
03-16 10:56:24.001 3673 3673 I wm_on_top_resumed_gained_called: [142145281,com.android.music.MusicBrowserActivity,topWhenResuming]
03-16 10:56:24.002 797 1329 I input_focus: [Focus leaving efa3eda com.android.launcher3/com.android.launcher3.uioverrides.QuickstepLauncher (server),reason=NO_WINDOW]
03-16 10:56:24.006 797 818 I input_focus: [Focus request 9ed2b42 com.android.music/com.android.music.MusicBrowserActivity,reason=UpdateInputWindows]
03-16 10:56:24.014 797 1365 I GameModeConfig: isGameModeOn = false
03-16 10:56:24.014 797 1365 I GameModeConfig: isGameModeOn = false
03-16 10:56:24.014 797 1365 I GameModeConfig: isGameModeOn = false
03-16 10:56:24.015 797 1365 I GameModeConfig: isGameModeOn = false
03-16 10:56:24.015 797 1365 I GameModeConfig: isGameModeOn = false
03-16 10:56:24.015 797 1365 I GameModeConfig: isGameModeOn = false
03-16 10:56:24.016 797 797 I notification_enqueue: [10086,3673,com.android.music,1,NULL,0,Notification(channel=Channel-music shortcut=null contentView=null vibrate=null sound=null defaults=0x0 flags=0x40 color=0x00000000 category=transport actions=4 vis=PRIVATE),1]
03-16 10:56:24.017 2011 2236 D StartingSurfaceDrawer: Task start finish, remove starting surface for task 25
03-16 10:56:24.020 797 814 I sysui_multi_action: [319,36,321,34,322,61,325,1905,757,761,758,9,759,4,806,com.android.music,871,com.android.music.MusicBrowserActivity,904,com.android.launcher3,905,0,1320,4,1321,1]
03-16 10:56:24.021 797 797 I notification_enqueue: [10086,3673,com.android.music,1,NULL,0,Notification(channel=Channel-music shortcut=null contentView=null vibrate=null sound=null defaults=0x0 flags=0x40 color=0x00000000 category=transport actions=4 vis=PRIVATE),1]
03-16 10:56:24.035 797 1329 I input_focus: [Focus entering 9ed2b42 com.android.music/com.android.music.MusicBrowserActivity (server),reason=Window became focusable. Previous reason: NOT_VISIBLE]
03-16 10:56:24.087 797 1514 W FreeFormWindowHelper: Current Display FreeFormTask is null
03-16 10:56:24.220 797 797 I GameModeConfig: isGameModeOn = false
03-16 10:56:24.222 797 797 I GameModeConfig: isGameModeOn = false
03-16 10:56:24.459 797 1329 I input_interaction: Interaction with: 9ed2b42 com.android.music/com.android.music.MusicBrowserActivity (server), edge-swipe (server), swipe-up (server), PointerEventDispatcher0 (server),
03-16 10:56:24.467 797 811 I wm_task_moved: [1,0,0]
03-16 10:56:24.468 797 811 I wm_task_moved: [1,0,13]
03-16 10:56:24.469 797 1514 W FreeFormWindowHelper: Current Display FreeFormTask is null
03-16 10:56:24.469 797 1514 W FreeFormWindowHelper: Current Display FreeFormTask is null
03-16 10:56:24.471 797 1514 W FreeFormWindowHelper: Current Display FreeFormTask is null
03-16 10:56:24.472 797 6901 W FreeFormWindowHelper: Current Display FreeFormTask is null
03-16 10:56:24.485 797 811 W FreeFormWindowHelper: Current Display FreeFormTask is null
03-16 10:56:24.485 797 811 W FreeFormWindowHelper: Current Display FreeFormTask is null
03-16 10:56:24.537 3673 3673 I view_enqueue_input_event: [Motion - Cancel,com.android.music/com.android.music.MusicBrowserActivity]
03-16 10:56:24.538 797 2330 W FreeFormWindowHelper: Current Display FreeFormTask is null
03-16 10:56:24.538 797 2330 W FreeFormWindowHelper: Current Display FreeFormTask is null
03-16 10:56:24.541 797 814 D AutofillManagerService: Close system dialogs
03-16 10:56:24.550 797 1329 I input_interaction: Interaction with: edge-swipe (server), swipe-up (server), PointerEventDispatcher0 (server),
03-16 10:56:24.566 2626 2626 I sysui_latency: [1,5]
03-16 10:56:24.567 797 818 I input_focus: [Focus request recents_animation_input_consumer,reason=UpdateInputWindows]
03-16 10:56:24.574 797 2434 W FreeFormWindowHelper: Current Display FreeFormTask is null
03-16 10:56:24.574 797 2330 W FreeFormWindowHelper: Current Display FreeFormTask is null
03-16 10:56:24.575 797 2330 W FreeFormWindowHelper: Current Display FreeFormTask is null
03-16 10:56:24.576 797 2330 W FreeFormWindowHelper: Current Display FreeFormTask is null
03-16 10:56:24.580 797 2330 W FreeFormWindowHelper: Current Display FreeFormTask is null
03-16 10:56:24.580 797 2330 W FreeFormWindowHelper: Current Display FreeFormTask is null
03-16 10:56:24.587 797 1329 I input_focus: [Focus leaving 9ed2b42 com.android.music/com.android.music.MusicBrowserActivity (server),reason=NOT_FOCUSABLE]
03-16 10:56:24.587 797 1329 I input_focus: [Focus entering recents_animation_input_consumer (server),reason=setFocusedWindow]
03-16 10:56:24.602 797 6901 W FreeFormWindowHelper: Current Display FreeFormTask is null
03-16 10:56:24.602 797 6901 W FreeFormWindowHelper: Current Display FreeFormTask is null
03-16 10:56:24.619 797 6901 W FreeFormWindowHelper: Current Display FreeFormTask is null
03-16 10:56:24.619 797 6901 W FreeFormWindowHelper: Current Display FreeFormTask is null
03-16 10:56:24.635 797 811 W FreeFormWindowHelper: Current Display FreeFormTask is null
03-16 10:56:24.635 797 6901 W FreeFormWindowHelper: Current Display FreeFormTask is null
03-16 10:56:24.643 797 2330 W FreeFormWindowHelper: exitRecentTasks type=0
03-16 10:56:24.652 797 2330 W FreeFormWindowHelper: Current Display FreeFormTask is null
03-16 10:56:24.652 797 2330 W FreeFormWindowHelper: Current Display FreeFormTask is null
03-16 10:56:24.669 797 2434 W FreeFormWindowHelper: Current Display FreeFormTask is null
03-16 10:56:24.669 797 811 W FreeFormWindowHelper: Current Display FreeFormTask is null
03-16 10:56:24.772 797 1297 I commit_sys_config_file: [settings-1-0,8]
03-16 10:56:25.303 797 2330 W FreeFormWindowHelper: Current Display FreeFormTask is null
03-16 10:56:25.304 797 1514 W FreeFormWindowHelper: Current Display FreeFormTask is null
03-16 10:56:25.310 797 2434 I wm_task_moved: [1,1,14]
03-16 10:56:25.313 797 2434 I wm_task_moved: [13,1,2147483647]
03-16 10:56:25.313 797 2434 I wm_task_to_front: [0,13]
03-16 10:56:25.313 797 2434 I wm_focused_root_task: [0,0,1,25,RecentsAnimation.onAnimationFinished()]
03-16 10:56:25.313 797 2434 I wm_set_resumed_activity: [0,com.android.launcher3/.uioverrides.QuickstepLauncher,RecentsAnimation.onAnimationFinished()]
03-16 10:56:25.314 797 2434 I wm_pause_activity: [0,142145281,com.android.music/.MusicBrowserActivity,userLeaving=true,pauseBackTasks]
03-16 10:56:25.315 797 2434 I wm_add_to_stopping: [0,142145281,com.android.music/.MusicBrowserActivity,makeInvisible]
03-16 10:56:25.316 797 2434 I ActivityTaskManager: FOREGROUND_APPLICATION_CHANGED to com.android.launcher3.uioverrides.QuickstepLauncher
03-16 10:56:25.316 797 2434 I wm_set_resumed_activity: [0,com.android.launcher3/.uioverrides.QuickstepLauncher,resumeTopActivityInnerLocked]
03-16 10:56:25.319 797 2434 I wm_resume_activity: [0,28844568,13,com.android.launcher3/.uioverrides.QuickstepLauncher]
03-16 10:56:25.320 2626 2626 I wm_on_resume_called: [28844568,com.android.launcher3.uioverrides.QuickstepLauncher,RESUME_ACTIVITY]
03-16 10:56:25.321 3673 3673 I wm_on_top_resumed_lost_called: [142145281,com.android.music.MusicBrowserActivity,topStateChangedWhenResumed]
03-16 10:56:25.325 797 818 I input_focus: [Focus request efa3eda com.android.launcher3/com.android.launcher3.uioverrides.QuickstepLauncher,reason=UpdateInputWindows]
03-16 10:56:25.326 2626 2626 I wm_on_top_resumed_gained_called: [28844568,com.android.launcher3.uioverrides.QuickstepLauncher,topStateChangedWhenResumed]
03-16 10:56:25.327 3673 3673 I wm_on_paused_called: [142145281,com.android.music.MusicBrowserActivity,performPause]
03-16 10:56:25.327 797 811 I wm_stop_activity: [0,142145281,com.android.music/.MusicBrowserActivity]
03-16 10:56:25.338 797 817 I sysui_multi_action: [757,803,799,window_time_0,802,1]
03-16 10:56:25.339 797 817 I sysui_multi_action: [757,803,799,window_time_0,802,0]
03-16 10:56:25.340 797 1329 I input_focus: [Focus leaving recents_animation_input_consumer (server),reason=NOT_VISIBLE]
03-16 10:56:25.340 797 1329 I input_focus: [Focus entering efa3eda com.android.launcher3/com.android.launcher3.uioverrides.QuickstepLauncher (server),reason=setFocusedWindow]
03-16 10:56:25.348 3673 3673 I wm_on_stop_called: [142145281,com.android.music.MusicBrowserActivity,STOP_ACTIVITY_ITEM]
03-16 10:56:25.429 797 2330 W FreeFormWindowHelper: Current Display FreeFormTask is null
03-16 10:56:25.543 797 1329 I input_interaction: Interaction with: efa3eda com.android.launcher3/com.android.launcher3.uioverrides.QuickstepLauncher (server), eb1e2e4 com.android.systemui.ImageWallpaper (server), edge-swipe (server), swipe-up (server), PointerEventDispatcher0 (server),
03-16 10:56:25.680 797 797 I service_manager_stats: [100,39,9277]
03-16 10:56:26.981 797 2870 E TaskPersister: File error accessing recents directory (directory doesn't exist?).
03-16 10:56:27.087 797 6901 I thunderperf: PlatormCompat.setOverrides: Uid1=10074 Pid1=2626 Uid2=10074 Pid2=2626
03-16 10:56:27.087 797 6901 I thunderperf: PlatormCompat.setOverrides: needCheck:false
03-16 10:56:27.087 797 6901 I thunderperf: CompatConfig.addOverrideUnsafe: bef-state=0
03-16 10:56:27.087 797 6901 I thunderperf: CompatConfig.addOverrideUnsafe: aft-state=0
03-16 10:56:27.088 797 6901 I thunderperf: CompatConfig.addOverrideUnsafe: bef-state=0
03-16 10:56:27.088 797 6901 I thunderperf: CompatConfig.addOverrideUnsafe: aft-state=0
03-16 10:56:27.089 797 6901 I thunderperf: CompatConfig.addOverrideUnsafe: bef-state=0
03-16 10:56:27.089 797 6901 I thunderperf: CompatConfig.addOverrideUnsafe: aft-state=0
03-16 10:56:27.089 797 6901 I thunderperf: CompatConfig.addOverrideUnsafe: bef-state=0
03-16 10:56:27.089 797 6901 I thunderperf: CompatConfig.addOverrideUnsafe: aft-state=0
03-16 10:56:27.090 797 6901 I thunderperf: CompatConfig.addOverrideUnsafe: bef-state=0
03-16 10:56:27.090 797 6901 I thunderperf: CompatConfig.addOverrideUnsafe: aft-state=0
03-16 10:56:27.090 797 6901 I thunderperf: CompatConfig.addOverrideUnsafe: bef-state=0
03-16 10:56:27.090 797 6901 I thunderperf: CompatConfig.addOverrideUnsafe: aft-state=0
03-16 10:56:27.090 797 6901 I thunderperf: CompatConfig.addOverrideUnsafe: bef-state=0
03-16 10:56:27.091 797 6901 I thunderperf: CompatConfig.addOverrideUnsafe: aft-state=0
03-16 10:56:27.091 797 6901 I thunderperf: CompatConfig.addOverrideUnsafe: bef-state=0
03-16 10:56:27.091 797 6901 I thunderperf: CompatConfig.addOverrideUnsafe: aft-state=0
03-16 10:56:27.091 797 6901 I thunderperf: CompatConfig.addOverrideUnsafe: bef-state=0
03-16 10:56:27.091 797 6901 I thunderperf: CompatConfig.addOverrideUnsafe: aft-state=0
03-16 10:56:27.092 797 6901 I thunderperf: CompatConfig.addOverrideUnsafe: bef-state=0
03-16 10:56:27.092 797 6901 I thunderperf: CompatConfig.addOverrideUnsafe: aft-state=0
03-16 10:56:27.092 797 6901 I thunderperf: CompatConfig.addOverrideUnsafe: bef-state=0
03-16 10:56:27.092 797 6901 I thunderperf: CompatConfig.addOverrideUnsafe: aft-state=0
03-16 10:56:27.093 797 6901 I thunderperf: CompatConfig.addOverrideUnsafe: bef-state=0
03-16 10:56:27.093 797 6901 I thunderperf: CompatConfig.addOverrideUnsafe: aft-state=0
03-16 10:56:27.093 797 6901 I thunderperf: CompatConfig.addOverrideUnsafe: bef-state=0
03-16 10:56:27.093 797 6901 I thunderperf: CompatConfig.addOverrideUnsafe: aft-state=0
03-16 10:56:27.093 797 6901 I thunderperf: CompatConfig.addOverrideUnsafe: bef-state=0
03-16 10:56:27.093 797 6901 I thunderperf: CompatConfig.addOverrideUnsafe: aft-state=0
03-16 10:56:27.099 797 6901 I ActivityTaskManager: START u0 {act=android.intent.action.MAIN cat=[android.intent.category.LAUNCHER] flg=0x10200000 cmp=com.android.music/.MusicBrowserActivity bnds=[2128,310][2314,510]} from uid 10074
03-16 10:56:27.101 797 6901 I wm_task_moved: [25,1,14]
03-16 10:56:27.101 797 6901 I wm_task_to_front: [0,25]
03-16 10:56:27.102 797 6901 I wm_focused_root_task: [0,0,25,1,bringingFoundTaskToFront]
03-16 10:56:27.103 797 6901 I wm_set_resumed_activity: [0,com.android.music/.MusicBrowserActivity,bringingFoundTaskToFront]
03-16 10:56:27.103 797 6901 I wm_new_intent: [0,142145281,25,com.android.music/.MusicBrowserActivity,android.intent.action.MAIN,NULL,NULL,270532608]
03-16 10:56:27.105 797 6901 I wm_pause_activity: [0,28844568,com.android.launcher3/.uioverrides.QuickstepLauncher,userLeaving=true,pauseBackTasks]
03-16 10:56:27.107 2011 2236 D PhoneStartingWindowTypeAlgorithm: preferredStartingWindowType newTask:false taskSwitch:true processRunning:true allowTaskSnapshot:true activityCreated:true useEmptySplashScreen:false legacySplashScreen:false topIsHome:false
03-16 10:56:27.107 2011 2236 D PhoneStartingWindowTypeAlgorithm: isSnapshotCompatible rotation 0 snapshot 0
03-16 10:56:27.111 797 2434 W FreeFormWindowHelper: Current Display FreeFormTask is null
03-16 10:56:27.112 2626 2626 I wm_on_top_resumed_lost_called: [28844568,com.android.launcher3.uioverrides.QuickstepLauncher,topStateChangedWhenResumed]
03-16 10:56:27.116 2626 2626 I wm_on_paused_called: [28844568,com.android.launcher3.uioverrides.QuickstepLauncher,performPause]
03-16 10:56:27.117 797 2330 I ActivityTaskManager: FOREGROUND_APPLICATION_CHANGED to com.android.music.MusicBrowserActivity
03-16 10:56:27.119 797 2330 I wm_set_resumed_activity: [0,com.android.music/.MusicBrowserActivity,resumeTopActivityInnerLocked]
03-16 10:56:27.119 797 2330 I wm_add_to_stopping: [0,28844568,com.android.launcher3/.uioverrides.QuickstepLauncher,makeInvisible]
03-16 10:56:27.122 797 2330 I wm_resume_activity: [0,142145281,25,com.android.music/.MusicBrowserActivity]
03-16 10:56:27.135 3673 3673 I wm_on_restart_called: [142145281,com.android.music.MusicBrowserActivity,performRestartActivity]
03-16 10:56:27.135 797 817 I sysui_multi_action: [757,803,799,window_time_0,802,2]
03-16 10:56:27.138 3673 3673 I wm_on_start_called: [142145281,com.android.music.MusicBrowserActivity,handleStartActivity]
03-16 10:56:27.139 3673 3673 I wm_on_resume_called: [142145281,com.android.music.MusicBrowserActivity,RESUME_ACTIVITY]
03-16 10:56:27.139 3673 3673 I wm_on_top_resumed_gained_called: [142145281,com.android.music.MusicBrowserActivity,topWhenResuming]
03-16 10:56:27.144 797 1329 I input_focus: [Focus leaving efa3eda com.android.launcher3/com.android.launcher3.uioverrides.QuickstepLauncher (server),reason=NO_WINDOW]
03-16 10:56:27.145 797 818 I input_focus: [Focus request 9ed2b42 com.android.music/com.android.music.MusicBrowserActivity,reason=UpdateInputWindows]
03-16 10:56:27.149 797 1365 I GameModeConfig: isGameModeOn = false
03-16 10:56:27.149 797 1365 I GameModeConfig: isGameModeOn = false
03-16 10:56:27.149 797 1365 I GameModeConfig: isGameModeOn = false
03-16 10:56:27.149 797 1365 I GameModeConfig: isGameModeOn = false
03-16 10:56:27.149 797 1365 I GameModeConfig: isGameModeOn = false
03-16 10:56:27.149 797 1365 I GameModeConfig: isGameModeOn = false
03-16 10:56:27.151 797 797 I notification_enqueue: [10086,3673,com.android.music,1,NULL,0,Notification(channel=Channel-music shortcut=null contentView=null vibrate=null sound=null defaults=0x0 flags=0x40 color=0x00000000 category=transport actions=4 vis=PRIVATE),1]
03-16 10:56:27.153 2011 2236 D StartingSurfaceDrawer: Task start finish, remove starting surface for task 25
03-16 10:56:27.156 797 814 I sysui_multi_action: [319,31,321,27,322,53,325,1908,757,761,758,9,759,4,806,com.android.music,871,com.android.music.MusicBrowserActivity,904,com.android.launcher3,905,0,1320,4,1321,1]
03-16 10:56:27.159 797 797 I notification_enqueue: [10086,3673,com.android.music,1,NULL,0,Notification(channel=Channel-music shortcut=null contentView=null vibrate=null sound=null defaults=0x0 flags=0x40 color=0x00000000 category=transport actions=4 vis=PRIVATE),1]
03-16 10:56:27.160 797 1329 I input_focus: [Focus entering 9ed2b42 com.android.music/com.android.music.MusicBrowserActivity (server),reason=setFocusedWindow]
03-16 10:56:27.224 797 2330 W FreeFormWindowHelper: Current Display FreeFormTask is null
03-16 10:56:27.352 797 797 I GameModeConfig: isGameModeOn = false
03-16 10:56:27.359 797 797 I GameModeConfig: isGameModeOn = false
03-16 10:56:27.575 797 1329 I input_interaction: Interaction with: 9ed2b42 com.android.music/com.android.music.MusicBrowserActivity (server), edge-swipe (server), swipe-up (server), PointerEventDispatcher0 (server),
03-16 10:56:27.584 797 2434 I wm_task_moved: [1,0,0]
03-16 10:56:27.585 797 2434 I wm_task_moved: [1,0,13]
03-16 10:56:27.593 797 811 W FreeFormWindowHelper: Current Display FreeFormTask is null
03-16 10:56:27.593 797 811 W FreeFormWindowHelper: Current Display FreeFormTask is null
03-16 10:56:27.594 797 6901 W FreeFormWindowHelper: Current Display FreeFormTask is null
03-16 10:56:27.595 797 2434 W FreeFormWindowHelper: Current Display FreeFormTask is null
03-16 10:56:27.609 797 1514 W FreeFormWindowHelper: Current Display FreeFormTask is null
03-16 10:56:27.610 797 1514 W FreeFormWindowHelper: Current Display FreeFormTask is null
03-16 10:56:27.645 3673 3673 I view_enqueue_input_event: [Motion - Cancel,com.android.music/com.android.music.MusicBrowserActivity]
03-16 10:56:27.646 797 814 D AutofillManagerService: Close system dialogs
03-16 10:56:27.646 797 2434 W FreeFormWindowHelper: Current Display FreeFormTask is null
03-16 10:56:27.647 797 2434 W FreeFormWindowHelper: Current Display FreeFormTask is null
03-16 10:56:27.656 797 1329 I input_interaction: Interaction with: edge-swipe (server), swipe-up (server), PointerEventDispatcher0 (server),
03-16 10:56:27.674 2626 2626 I sysui_latency: [1,5]
03-16 10:56:27.675 797 818 I input_focus: [Focus request recents_animation_input_consumer,reason=UpdateInputWindows]
03-16 10:56:27.675 797 1514 W FreeFormWindowHelper: Current Display FreeFormTask is null
03-16 10:56:27.676 797 1514 W FreeFormWindowHelper: Current Display FreeFormTask is null
03-16 10:56:27.677 797 1514 W FreeFormWindowHelper: Current Display FreeFormTask is null
03-16 10:56:27.677 797 2434 W FreeFormWindowHelper: Current Display FreeFormTask is null
03-16 10:56:27.678 797 1514 W FreeFormWindowHelper: Current Display FreeFormTask is null
03-16 10:56:27.678 797 1514 W FreeFormWindowHelper: Current Display FreeFormTask is null
03-16 10:56:27.693 797 6901 W FreeFormWindowHelper: Current Display FreeFormTask is null
03-16 10:56:27.693 797 6901 W FreeFormWindowHelper: Current Display FreeFormTask is null
03-16 10:56:27.694 797 1329 I input_focus: [Focus leaving 9ed2b42 com.android.music/com.android.music.MusicBrowserActivity (server),reason=NOT_FOCUSABLE]
03-16 10:56:27.695 797 1329 I input_focus: [Focus entering recents_animation_input_consumer (server),reason=setFocusedWindow]
03-16 10:56:27.711 797 2330 W FreeFormWindowHelper: Current Display FreeFormTask is null
03-16 10:56:27.711 797 1514 W FreeFormWindowHelper: Current Display FreeFormTask is null
03-16 10:56:27.727 797 1514 W FreeFormWindowHelper: Current Display FreeFormTask is null
03-16 10:56:27.727 797 1514 W FreeFormWindowHelper: Current Display FreeFormTask is null
03-16 10:56:27.743 797 2330 W FreeFormWindowHelper: Current Display FreeFormTask is null
03-16 10:56:27.743 797 1514 W FreeFormWindowHelper: Current Display FreeFormTask is null
03-16 10:56:27.760 797 2330 W FreeFormWindowHelper: Current Display FreeFormTask is null
03-16 10:56:27.760 797 1514 W FreeFormWindowHelper: Current Display FreeFormTask is null
03-16 10:56:27.845 797 2330 W FreeFormWindowHelper: exitRecentTasks type=0
03-16 10:56:27.850 797 2434 W FreeFormWindowHelper: Current Display FreeFormTask is null
03-16 10:56:27.850 797 2434 W FreeFormWindowHelper: Current Display FreeFormTask is null
03-16 10:56:27.877 797 1297 I commit_sys_config_file: [settings-1-0,3]
03-16 10:56:28.388 797 1329 I input_interaction: Interaction with: recents_animation_input_consumer (server), edge-swipe (server), swipe-up (server), PointerEventDispatcher0 (server),
03-16 10:56:28.412 797 2330 W FreeFormWindowHelper: Current Display FreeFormTask is null
03-16 10:56:28.412 797 2330 W FreeFormWindowHelper: Current Display FreeFormTask is null
03-16 10:56:28.420 797 1514 I wm_task_moved: [1,1,14]
03-16 10:56:28.422 797 1514 I wm_task_moved: [13,1,2147483647]
03-16 10:56:28.423 797 1514 I wm_task_to_front: [0,13]
03-16 10:56:28.423 797 1514 I wm_focused_root_task: [0,0,1,25,RecentsAnimation.onAnimationFinished()]
03-16 10:56:28.423 3673 3673 I wm_on_top_resumed_lost_called: [142145281,com.android.music.MusicBrowserActivity,topStateChangedWhenResumed]
03-16 10:56:28.423 797 1514 I wm_set_resumed_activity: [0,com.android.launcher3/.uioverrides.QuickstepLauncher,RecentsAnimation.onAnimationFinished()]
03-16 10:56:28.424 797 1514 I wm_pause_activity: [0,142145281,com.android.music/.MusicBrowserActivity,userLeaving=true,pauseBackTasks]
03-16 10:56:28.425 797 1514 I wm_add_to_stopping: [0,142145281,com.android.music/.MusicBrowserActivity,makeInvisible]
03-16 10:56:28.425 797 1514 I ActivityTaskManager: FOREGROUND_APPLICATION_CHANGED to com.android.launcher3.uioverrides.QuickstepLauncher
03-16 10:56:28.425 797 1514 I wm_set_resumed_activity: [0,com.android.launcher3/.uioverrides.QuickstepLauncher,resumeTopActivityInnerLocked]
03-16 10:56:28.428 797 1514 I wm_resume_activity: [0,28844568,13,com.android.launcher3/.uioverrides.QuickstepLauncher]
03-16 10:56:28.432 2626 2626 I wm_on_resume_called: [28844568,com.android.launcher3.uioverrides.QuickstepLauncher,RESUME_ACTIVITY]
03-16 10:56:28.438 797 818 I input_focus: [Focus request efa3eda com.android.launcher3/com.android.launcher3.uioverrides.QuickstepLauncher,reason=UpdateInputWindows]
03-16 10:56:28.442 797 817 I wm_stop_activity: [0,142145281,com.android.music/.MusicBrowserActivity]
03-16 10:56:28.442 797 817 I sysui_multi_action: [757,803,799,window_time_0,802,1]
03-16 10:56:28.442 3673 3673 I wm_on_paused_called: [142145281,com.android.music.MusicBrowserActivity,performPause]
03-16 10:56:28.442 2626 2626 I wm_on_top_resumed_gained_called: [28844568,com.android.launcher3.uioverrides.QuickstepLauncher,topStateChangedWhenResumed]
03-16 10:56:28.446 797 817 I sysui_multi_action: [757,803,799,window_time_0,802,0]
03-16 10:56:28.453 797 1329 I input_focus: [Focus leaving recents_animation_input_consumer (server),reason=NOT_VISIBLE]
03-16 10:56:28.453 797 1329 I input_focus: [Focus entering efa3eda com.android.launcher3/com.android.launcher3.uioverrides.QuickstepLauncher (server),reason=setFocusedWindow]
03-16 10:56:28.460 3673 3673 I wm_on_stop_called: [142145281,com.android.music.MusicBrowserActivity,STOP_ACTIVITY_ITEM]
03-16 10:56:28.543 797 1514 I thunderperf: PlatormCompat.setOverrides: Uid1=10074 Pid1=2626 Uid2=10074 Pid2=2626
03-16 10:56:28.543 797 1514 I thunderperf: PlatormCompat.setOverrides: needCheck:false
03-16 10:56:28.543 797 1514 I thunderperf: CompatConfig.addOverrideUnsafe: bef-state=0
03-16 10:56:28.543 797 1514 I thunderperf: CompatConfig.addOverrideUnsafe: aft-state=0
03-16 10:56:28.544 797 1514 I thunderperf: CompatConfig.addOverrideUnsafe: bef-state=0
03-16 10:56:28.544 797 1514 I thunderperf: CompatConfig.addOverrideUnsafe: aft-state=0
03-16 10:56:28.544 797 1514 I thunderperf: CompatConfig.addOverrideUnsafe: bef-state=0
03-16 10:56:28.544 797 1514 I thunderperf: CompatConfig.addOverrideUnsafe: aft-state=0
03-16 10:56:28.545 797 1514 I thunderperf: CompatConfig.addOverrideUnsafe: bef-state=0
03-16 10:56:28.545 797 1514 I thunderperf: CompatConfig.addOverrideUnsafe: aft-state=0
03-16 10:56:28.545 797 1514 I thunderperf: CompatConfig.addOverrideUnsafe: bef-state=0
03-16 10:56:28.545 797 1514 I thunderperf: CompatConfig.addOverrideUnsafe: aft-state=0
03-16 10:56:28.546 797 1514 I thunderperf: CompatConfig.addOverrideUnsafe: bef-state=0
03-16 10:56:28.546 797 1514 I thunderperf: CompatConfig.addOverrideUnsafe: aft-state=0
03-16 10:56:28.546 797 1514 I thunderperf: CompatConfig.addOverrideUnsafe: bef-state=0
03-16 10:56:28.546 797 1514 I thunderperf: CompatConfig.addOverrideUnsafe: aft-state=0
03-16 10:56:28.547 797 1514 I thunderperf: CompatConfig.addOverrideUnsafe: bef-state=0
03-16 10:56:28.547 797 1514 I thunderperf: CompatConfig.addOverrideUnsafe: aft-state=0
03-16 10:56:28.547 797 1514 I thunderperf: CompatConfig.addOverrideUnsafe: bef-state=0
03-16 10:56:28.547 797 1514 I thunderperf: CompatConfig.addOverrideUnsafe: aft-state=0
03-16 10:56:28.547 797 1514 I thunderperf: CompatConfig.addOverrideUnsafe: bef-state=0
03-16 10:56:28.548 797 1514 I thunderperf: CompatConfig.addOverrideUnsafe: aft-state=0
03-16 10:56:28.548 797 1514 I thunderperf: CompatConfig.addOverrideUnsafe: bef-state=0
03-16 10:56:28.548 797 1514 I thunderperf: CompatConfig.addOverrideUnsafe: aft-state=0
03-16 10:56:28.549 797 1514 I thunderperf: CompatConfig.addOverrideUnsafe: bef-state=0
03-16 10:56:28.549 797 1514 I thunderperf: CompatConfig.addOverrideUnsafe: aft-state=0
03-16 10:56:28.549 797 1514 I thunderperf: CompatConfig.addOverrideUnsafe: bef-state=0
03-16 10:56:28.549 797 1514 I thunderperf: CompatConfig.addOverrideUnsafe: aft-state=0
03-16 10:56:28.549 797 1514 I thunderperf: CompatConfig.addOverrideUnsafe: bef-state=0
03-16 10:56:28.549 797 1514 I thunderperf: CompatConfig.addOverrideUnsafe: aft-state=0
03-16 10:56:28.552 797 1514 I ActivityTaskManager: START u0 {act=android.intent.action.MAIN cat=[android.intent.category.LAUNCHER] flg=0x10200000 cmp=com.android.gallery3d/.app.GalleryActivity bnds=[2128,110][2314,310]} from uid 10074
03-16 10:56:28.555 797 1514 I wm_task_created: [52,-1]
03-16 10:56:28.555 797 1514 W ActivityTaskManager: Can't find TaskDisplayArea to determine support for multi window. Task id=52 attached=false
03-16 10:56:28.557 797 1514 D CompatibilityChangeReporter: Compat change id reported: 174042980; UID 10065; state: DISABLED
03-16 10:56:28.557 797 1514 D CompatibilityChangeReporter: Compat change id reported: 184838306; UID 10065; state: DISABLED
03-16 10:56:28.557 797 1514 D CompatibilityChangeReporter: Compat change id reported: 185004937; UID 10065; state: DISABLED
03-16 10:56:28.557 797 1514 D CompatibilityChangeReporter: Compat change id reported: 181136395; UID 10065; state: DISABLED
03-16 10:56:28.558 797 1514 D CompatibilityChangeReporter: Compat change id reported: 174042936; UID 10065; state: DISABLED
03-16 10:56:28.558 797 1514 I wm_task_moved: [52,1,15]
03-16 10:56:28.558 797 1514 I wm_task_to_front: [0,52]
03-16 10:56:28.558 797 1514 I wm_create_task: [0,52]
03-16 10:56:28.558 797 1514 I wm_create_activity: [0,239922567,52,com.android.gallery3d/.app.GalleryActivity,android.intent.action.MAIN,NULL,NULL,270532608]
03-16 10:56:28.558 797 1514 I wm_task_moved: [52,1,15]
03-16 10:56:28.559 797 1514 D CompatibilityChangeReporter: Compat change id reported: 168419799; UID 10065; state: DISABLED
03-16 10:56:28.559 797 1514 V SplashScreenExceptionList: SplashScreen checking exception for package com.android.gallery3d (target sdk:29) -> false
03-16 10:56:28.559 2011 2236 D PhoneStartingWindowTypeAlgorithm: preferredStartingWindowType newTask:true taskSwitch:true processRunning:true allowTaskSnapshot:true activityCreated:false useEmptySplashScreen:false legacySplashScreen:false topIsHome:false
03-16 10:56:28.559 2011 2236 D StartingSurfaceDrawer: addSplashScreen com.android.gallery3d theme=7f120034 task=52 suggestType=1
03-16 10:56:28.559 797 1514 I wm_pause_activity: [0,28844568,com.android.launcher3/.uioverrides.QuickstepLauncher,userLeaving=true,pauseBackTasks]
03-16 10:56:28.561 2011 2251 D StartingSurfaceDrawer: window attributes color: 0 icon null duration 0 brandImage null
03-16 10:56:28.561 2011 2251 D StartingSurfaceDrawer: FgMainColor=ff000000 BgMainColor=0 IsBgComplex=false FromCache=true ThemeColor=ff000000
03-16 10:56:28.562 2011 2251 D StartingSurfaceDrawer: isRgbSimilarInHsv a: ff000000 b 0 contrast ratio: 1.0
03-16 10:56:28.562 2011 2251 D StartingSurfaceDrawer: makeSplashScreenContentView: choose fg icon
03-16 10:56:28.562 797 2434 W FreeFormWindowHelper: Current Display FreeFormTask is null
03-16 10:56:28.562 797 2434 W FreeFormWindowHelper: Current Display FreeFormTask is null
03-16 10:56:28.562 2011 2251 D StartingSurfaceDrawer: fillViewWithIcon surfaceWindowView android.window.SplashScreenView{e48c4f2 V.E...... ......ID 0,0-0,0}
03-16 10:56:28.562 2626 2626 I wm_on_top_resumed_lost_called: [28844568,com.android.launcher3.uioverrides.QuickstepLauncher,topStateChangedWhenResumed]
03-16 10:56:28.564 2626 2626 I wm_on_paused_called: [28844568,com.android.launcher3.uioverrides.QuickstepLauncher,performPause]
03-16 10:56:28.565 797 2434 I ActivityTaskManager: FOREGROUND_APPLICATION_CHANGED to com.android.gallery3d.app.GalleryActivity
03-16 10:56:28.565 797 2434 I ActivityTaskManager: The Process com.android.gallery3d Already Exists in BG. So sending its PID: 7027
03-16 10:56:28.565 797 2434 I wm_add_to_stopping: [0,28844568,com.android.launcher3/.uioverrides.QuickstepLauncher,makeInvisible]
03-16 10:56:28.566 797 2434 I wm_restart_activity: [0,239922567,52,com.android.gallery3d/.app.GalleryActivity]
03-16 10:56:28.567 797 2434 I wm_set_resumed_activity: [0,com.android.gallery3d/.app.GalleryActivity,minimalResumeActivityLocked]
03-16 10:56:28.568 797 817 I am_uid_active: 10065
03-16 10:56:28.569 797 817 I sysui_multi_action: [757,803,799,window_time_0,802,1]
03-16 10:56:28.575 4218 4218 I auditd : type=1400 audit(0.0:4777): avc: denied { call } for comm="CodecLooper" scontext=u:r:su:s0 tcontext=u:r:mediacodec:s0 tclass=binder permissive=1
03-16 10:56:28.581 797 1329 I input_focus: [Focus leaving efa3eda com.android.launcher3/com.android.launcher3.uioverrides.QuickstepLauncher (server),reason=NO_WINDOW]
03-16 10:56:28.589 7027 7027 I wm_on_create_called: [239922567,com.android.gallery3d.app.GalleryActivity,performCreate]
03-16 10:56:28.590 7027 7027 I wm_on_start_called: [239922567,com.android.gallery3d.app.GalleryActivity,handleStartActivity]
03-16 10:56:28.593 7027 7027 I wm_on_resume_called: [239922567,com.android.gallery3d.app.GalleryActivity,RESUME_ACTIVITY]
03-16 10:56:28.594 797 6909 D CompatibilityChangeReporter: Compat change id reported: 149924527; UID 10065; state: ENABLED
03-16 10:56:28.595 797 6909 D CompatibilityChangeReporter: Compat change id reported: 132649864; UID 10065; state: DISABLED
03-16 10:56:28.595 797 6909 D CompatibilityChangeReporter: Compat change id reported: 182734110; UID 10065; state: DISABLED
03-16 10:56:28.597 7027 7027 I wm_on_top_resumed_gained_called: [239922567,com.android.gallery3d.app.GalleryActivity,topStateChangedWhenResumed]
03-16 10:56:28.614 797 818 I input_focus: [Focus request c79df05 com.android.gallery3d/com.android.gallery3d.app.GalleryActivity,reason=UpdateInputWindows]
01-02 00:14:45.018 0 0 I binder : 7027:7343 ioctl 40046210 75e2515c94 returned -22
03-16 10:56:28.646 797 814 I sysui_multi_action: [319,29,321,27,322,92,325,1910,757,761,758,8,759,1,806,com.android.gallery3d,871,com.android.gallery3d.app.GalleryActivity,904,com.android.launcher3,905,0,1320,4,1321,1]
03-16 10:56:28.646 797 814 I wm_activity_launch_time: [0,239922567,com.android.gallery3d/.app.GalleryActivity,92]
03-16 10:56:28.647 2011 2236 D StartingSurfaceDrawer: Task start finish, remove starting surface for task 52
03-16 10:56:28.647 2011 2236 V StartingSurfaceDrawer: Removing splash screen window for task: 52
03-16 10:56:28.663 797 1329 I input_focus: [Focus entering c79df05 com.android.gallery3d/com.android.gallery3d.app.GalleryActivity (server),reason=Window became focusable. Previous reason: NOT_VISIBLE]
03-16 10:56:28.668 797 6909 W FreeFormWindowHelper: Current Display FreeFormTask is null
01-02 00:14:45.356 0 0 E DTC_ETH,link_delay_work_func: 3003, SQI=0, link=0
03-16 10:56:29.114 797 817 I wm_stop_activity: [0,28844568,com.android.launcher3/.uioverrides.QuickstepLauncher]
03-16 10:56:29.117 2626 2626 I wm_on_stop_called: [28844568,com.android.launcher3.uioverrides.QuickstepLauncher,STOP_ACTIVITY_ITEM]
03-16 10:56:29.321 797 1329 I input_interaction: Interaction with: c79df05 com.android.gallery3d/com.android.gallery3d.app.GalleryActivity (server), edge-swipe (server), swipe-up (server), PointerEventDispatcher0 (server),
03-16 10:56:29.724 797 1514 W FreeFormWindowHelper: Current Display FreeFormTask is null
03-16 10:56:29.724 797 1514 W FreeFormWindowHelper: Current Display FreeFormTask is null
03-16 10:56:29.724 797 1514 W FreeFormWindowHelper: Current Display FreeFormTask is null
03-16 10:56:29.725 797 6909 I wm_task_moved: [1,0,0]
03-16 10:56:29.725 797 6909 I wm_task_moved: [1,0,14]
03-16 10:56:29.725 797 1514 W FreeFormWindowHelper: Current Display FreeFormTask is null
03-16 10:56:29.729 2626 2626 I wm_on_restart_called: [28844568,com.android.launcher3.uioverrides.QuickstepLauncher,performRestartActivity]
03-16 10:56:29.729 797 1514 W FreeFormWindowHelper: Current Display FreeFormTask is null
03-16 10:56:29.731 797 1514 W FreeFormWindowHelper: Current Display FreeFormTask is null
03-16 10:56:29.745 2626 2626 I wm_on_start_called: [28844568,com.android.launcher3.uioverrides.QuickstepLauncher,handleStartActivity]
03-16 10:56:29.757 797 6909 W FreeFormWindowHelper: Current Display FreeFormTask is null
03-16 10:56:29.757 797 6909 W FreeFormWindowHelper: Current Display FreeFormTask is null
03-16 10:56:29.759 7027 7027 I view_enqueue_input_event: [Motion - Cancel,com.android.gallery3d/com.android.gallery3d.app.GalleryActivity]
03-16 10:56:29.759 797 814 D AutofillManagerService: Close system dialogs
03-16 10:56:29.760 2626 2626 I sysui_latency: [1,37]
03-16 10:56:29.760 797 818 I input_focus: [Focus request recents_animation_input_consumer,reason=UpdateInputWindows]
03-16 10:56:29.763 797 814 I sysui_multi_action: [319,2,322,36,325,1911,757,761,758,9,759,5,806,com.android.launcher3,871,com.android.launcher3.uioverrides.QuickstepLauncher,905,0,1320,4,1321,1]
03-16 10:56:29.764 797 6909 W FreeFormWindowHelper: Current Display FreeFormTask is null
03-16 10:56:29.764 797 1514 W FreeFormWindowHelper: Current Display FreeFormTask is null
03-16 10:56:29.766 797 2330 W FreeFormWindowHelper: Current Display FreeFormTask is null
03-16 10:56:29.766 797 1329 I input_focus: [Focus leaving c79df05 com.android.gallery3d/com.android.gallery3d.app.GalleryActivity (server),reason=NOT_FOCUSABLE]
03-16 10:56:29.766 797 1329 I input_focus: [Focus entering recents_animation_input_consumer (server),reason=setFocusedWindow]
03-16 10:56:29.767 797 2330 W FreeFormWindowHelper: Current Display FreeFormTask is null
03-16 10:56:29.772 797 1329 I input_interaction: Interaction with: edge-swipe (server), swipe-up (server), PointerEventDispatcher0 (server),
03-16 10:56:29.781 797 1514 W FreeFormWindowHelper: Current Display FreeFormTask is null
03-16 10:56:29.782 797 6909 W FreeFormWindowHelper: Current Display FreeFormTask is null
03-16 10:56:29.798 797 6909 W FreeFormWindowHelper: Current Display FreeFormTask is null
03-16 10:56:29.798 797 811 W FreeFormWindowHelper: Current Display FreeFormTask is null
03-16 10:56:29.814 797 2330 W FreeFormWindowHelper: Current Display FreeFormTask is null
03-16 10:56:29.814 797 1514 W FreeFormWindowHelper: Current Display FreeFormTask is null
03-16 10:56:29.843 797 1514 W FreeFormWindowHelper: exitRecentTasks type=0
03-16 10:56:29.848 797 2330 W FreeFormWindowHelper: Current Display FreeFormTask is null
03-16 10:56:29.848 797 6909 W FreeFormWindowHelper: Current Display FreeFormTask is null
03-16 10:56:29.946 797 1297 I commit_sys_config_file: [settings-1-0,1]
03-16 10:56:30.063 797 822 I sysui_latency: [8,39]
03-16 10:56:30.499 797 2330 W FreeFormWindowHelper: Current Display FreeFormTask is null
03-16 10:56:30.499 797 2434 W FreeFormWindowHelper: Current Display FreeFormTask is null
03-16 10:56:30.501 797 2330 I wm_task_moved: [1,1,15]
03-16 10:56:30.502 797 2330 I wm_task_moved: [13,1,2147483647]
03-16 10:56:30.502 797 2330 I wm_task_to_front: [0,13]
03-16 10:56:30.502 7027 7027 I wm_on_top_resumed_lost_called: [239922567,com.android.gallery3d.app.GalleryActivity,topStateChangedWhenResumed]
03-16 10:56:30.502 797 2330 I wm_focused_root_task: [0,0,1,52,RecentsAnimation.onAnimationFinished()]
03-16 10:56:30.502 797 2330 I wm_set_resumed_activity: [0,com.android.launcher3/.uioverrides.QuickstepLauncher,RecentsAnimation.onAnimationFinished()]
03-16 10:56:30.503 797 2330 I wm_pause_activity: [0,239922567,com.android.gallery3d/.app.GalleryActivity,userLeaving=true,pauseBackTasks]
03-16 10:56:30.504 797 2330 I wm_add_to_stopping: [0,239922567,com.android.gallery3d/.app.GalleryActivity,makeInvisible]
03-16 10:56:30.504 797 2330 I ActivityTaskManager: FOREGROUND_APPLICATION_CHANGED to com.android.launcher3.uioverrides.QuickstepLauncher
03-16 10:56:30.504 797 2330 I wm_set_resumed_activity: [0,com.android.launcher3/.uioverrides.QuickstepLauncher,resumeTopActivityInnerLocked]
03-16 10:56:30.506 797 2330 I wm_resume_activity: [0,28844568,13,com.android.launcher3/.uioverrides.QuickstepLauncher]
03-16 10:56:30.506 2626 2626 I wm_on_resume_called: [28844568,com.android.launcher3.uioverrides.QuickstepLauncher,RESUME_ACTIVITY]
03-16 10:56:30.512 797 818 I input_focus: [Focus request efa3eda com.android.launcher3/com.android.launcher3.uioverrides.QuickstepLauncher,reason=UpdateInputWindows]
03-16 10:56:30.513 797 817 I wm_stop_activity: [0,239922567,com.android.gallery3d/.app.GalleryActivity]
03-16 10:56:30.514 7027 7027 I wm_on_paused_called: [239922567,com.android.gallery3d.app.GalleryActivity,performPause]
03-16 10:56:30.515 797 817 I sysui_multi_action: [757,803,799,window_time_0,802,2]
03-16 10:56:30.517 797 817 I sysui_multi_action: [757,803,799,window_time_0,802,0]
03-16 10:56:30.519 797 1329 I input_focus: [Focus leaving recents_animation_input_consumer (server),reason=NOT_VISIBLE]
03-16 10:56:30.520 2626 2626 I wm_on_top_resumed_gained_called: [28844568,com.android.launcher3.uioverrides.QuickstepLauncher,topStateChangedWhenResumed]
03-16 10:56:30.525 7027 7027 I wm_on_stop_called: [239922567,com.android.gallery3d.app.GalleryActivity,STOP_ACTIVITY_ITEM]
03-16 10:56:30.535 797 1329 I input_focus: [Focus entering efa3eda com.android.launcher3/com.android.launcher3.uioverrides.QuickstepLauncher (server),reason=setFocusedWindow]
03-16 10:56:30.615 797 2325 W FreeFormWindowHelper: Current Display FreeFormTask is null
03-16 10:56:30.837 797 1329 I input_interaction: Interaction with: efa3eda com.android.launcher3/com.android.launcher3.uioverrides.QuickstepLauncher (server), eb1e2e4 com.android.systemui.ImageWallpaper (server), edge-swipe (server), swipe-up (server), PointerEventDispatcher0 (server),
03-16 10:56:31.130 797 2870 E TaskPersister: File error accessing recents directory (directory doesn't exist?).
03-16 10:56:31.770 797 2325 I thunderperf: PlatormCompat.setOverrides: Uid1=10074 Pid1=2626 Uid2=10074 Pid2=2626
03-16 10:56:31.770 797 2325 I thunderperf: PlatormCompat.setOverrides: needCheck:false
03-16 10:56:31.771 797 2325 I thunderperf: CompatConfig.addOverrideUnsafe: bef-state=0
03-16 10:56:31.771 797 2325 I thunderperf: CompatConfig.addOverrideUnsafe: aft-state=0
03-16 10:56:31.773 797 2325 I thunderperf: CompatConfig.addOverrideUnsafe: bef-state=0
03-16 10:56:31.773 797 2325 I thunderperf: CompatConfig.addOverrideUnsafe: aft-state=0
03-16 10:56:31.774 797 2325 I thunderperf: CompatConfig.addOverrideUnsafe: bef-state=0
03-16 10:56:31.774 797 2325 I thunderperf: CompatConfig.addOverrideUnsafe: aft-state=0
03-16 10:56:31.774 797 2325 I thunderperf: CompatConfig.addOverrideUnsafe: bef-state=0
03-16 10:56:31.774 797 2325 I thunderperf: CompatConfig.addOverrideUnsafe: aft-state=0
03-16 10:56:31.775 797 2325 I thunderperf: CompatConfig.addOverrideUnsafe: bef-state=0
03-16 10:56:31.775 797 2325 I thunderperf: CompatConfig.addOverrideUnsafe: aft-state=0
03-16 10:56:31.775 797 2325 I thunderperf: CompatConfig.addOverrideUnsafe: bef-state=0
03-16 10:56:31.775 797 2325 I thunderperf: CompatConfig.addOverrideUnsafe: aft-state=0
03-16 10:56:31.775 797 2325 I thunderperf: CompatConfig.addOverrideUnsafe: bef-state=0
03-16 10:56:31.775 797 2325 I thunderperf: CompatConfig.addOverrideUnsafe: aft-state=0
03-16 10:56:31.776 797 2325 I thunderperf: CompatConfig.addOverrideUnsafe: bef-state=0
03-16 10:56:31.776 797 2325 I thunderperf: CompatConfig.addOverrideUnsafe: aft-state=0
03-16 10:56:31.776 797 2325 I thunderperf: CompatConfig.addOverrideUnsafe: bef-state=0
03-16 10:56:31.776 797 2325 I thunderperf: CompatConfig.addOverrideUnsafe: aft-state=0
03-16 10:56:31.776 797 2325 I thunderperf: CompatConfig.addOverrideUnsafe: bef-state=0
03-16 10:56:31.776 797 2325 I thunderperf: CompatConfig.addOverrideUnsafe: aft-state=0
03-16 10:56:31.779 797 2325 I thunderperf: CompatConfig.addOverrideUnsafe: bef-state=0
03-16 10:56:31.779 797 2325 I thunderperf: CompatConfig.addOverrideUnsafe: aft-state=0
03-16 10:56:31.779 797 2325 I thunderperf: CompatConfig.addOverrideUnsafe: bef-state=0
03-16 10:56:31.779 797 2325 I thunderperf: CompatConfig.addOverrideUnsafe: aft-state=0
03-16 10:56:31.780 797 2325 I thunderperf: CompatConfig.addOverrideUnsafe: bef-state=0
03-16 10:56:31.780 797 2325 I thunderperf: CompatConfig.addOverrideUnsafe: aft-state=0
03-16 10:56:31.780 797 2325 I thunderperf: CompatConfig.addOverrideUnsafe: bef-state=0
03-16 10:56:31.780 797 2325 I thunderperf: CompatConfig.addOverrideUnsafe: aft-state=0
03-16 10:56:31.787 797 2325 I ActivityTaskManager: START u0 {act=android.intent.action.MAIN cat=[android.intent.category.LAUNCHER] flg=0x10200000 cmp=com.android.gallery3d/.app.GalleryActivity bnds=[2128,110][2314,310]} from uid 10074
03-16 10:56:31.789 797 2325 I wm_task_moved: [52,1,15]
03-16 10:56:31.789 797 2325 I wm_task_to_front: [0,52]
03-16 10:56:31.790 797 2325 I wm_focused_root_task: [0,0,52,1,bringingFoundTaskToFront]
03-16 10:56:31.791 797 2325 I wm_set_resumed_activity: [0,com.android.gallery3d/.app.GalleryActivity,bringingFoundTaskToFront]
03-16 10:56:31.793 797 2325 I wm_pause_activity: [0,28844568,com.android.launcher3/.uioverrides.QuickstepLauncher,userLeaving=true,pauseBackTasks]
03-16 10:56:31.794 2011 2236 D PhoneStartingWindowTypeAlgorithm: preferredStartingWindowType newTask:false taskSwitch:true processRunning:true allowTaskSnapshot:true activityCreated:true useEmptySplashScreen:false legacySplashScreen:false topIsHome:false
03-16 10:56:31.794 2011 2236 D PhoneStartingWindowTypeAlgorithm: isSnapshotCompatible rotation 0 snapshot 0
03-16 10:56:31.798 797 2325 W FreeFormWindowHelper: Current Display FreeFormTask is null
03-16 10:56:31.800 2626 2626 I wm_on_top_resumed_lost_called: [28844568,com.android.launcher3.uioverrides.QuickstepLauncher,topStateChangedWhenResumed]
03-16 10:56:31.804 2626 2626 I wm_on_paused_called: [28844568,com.android.launcher3.uioverrides.QuickstepLauncher,performPause]
03-16 10:56:31.805 797 1514 I ActivityTaskManager: FOREGROUND_APPLICATION_CHANGED to com.android.gallery3d.app.GalleryActivity
03-16 10:56:31.807 797 1514 I wm_set_resumed_activity: [0,com.android.gallery3d/.app.GalleryActivity,resumeTopActivityInnerLocked]
03-16 10:56:31.807 797 1514 I wm_add_to_stopping: [0,28844568,com.android.launcher3/.uioverrides.QuickstepLauncher,makeInvisible]
03-16 10:56:31.812 797 1514 I wm_resume_activity: [0,239922567,52,com.android.gallery3d/.app.GalleryActivity]
03-16 10:56:31.829 7027 7027 I wm_on_restart_called: [239922567,com.android.gallery3d.app.GalleryActivity,performRestartActivity]
03-16 10:56:31.830 7027 7027 I wm_on_start_called: [239922567,com.android.gallery3d.app.GalleryActivity,handleStartActivity]
03-16 10:56:31.831 797 817 I sysui_multi_action: [757,803,799,window_time_0,802,1]
03-16 10:56:31.832 7027 7027 I wm_on_resume_called: [239922567,com.android.gallery3d.app.GalleryActivity,RESUME_ACTIVITY]
