03-19 14:41:40.789 1549 2174 I ActivityTaskManager: FOREGROUND_APPLICATION_CHANGED to com.android.launcher3.uioverrides.QuickstepLauncher
03-19 14:41:40.789 1549 2174 I wm_set_resumed_activity: [0,com.android.launcher3/.uioverrides.QuickstepLauncher,resumeTopActivityInnerLocked]
03-19 14:41:40.791 1549 2174 I wm_resume_activity: [0,249239324,37,com.android.launcher3/.uioverrides.QuickstepLauncher]
03-19 14:41:40.791 2634 2634 I wm_on_resume_called: [249239324,com.android.launcher3.uioverrides.QuickstepLauncher,RESUME_ACTIVITY]
03-19 14:41:40.797 1549 1657 I input_focus: [Focus request d92d39a com.android.launcher3/com.android.launcher3.uioverrides.QuickstepLauncher,reason=UpdateInputWindows]
03-19 14:41:40.798 1549 1656 I wm_stop_activity: [0,233959670,com.android.music/.VideoBrowserActivity]
03-19 14:41:40.798 21041 21041 I wm_on_paused_called: [233959670,com.android.music.VideoBrowserActivity,performPause]
03-19 14:41:40.798 1549 1656 I sysui_multi_action: [757,803,799,window_time_2,802,7]
03-19 14:41:40.804 2634 2634 I wm_on_top_resumed_gained_called: [249239324,com.android.launcher3.uioverrides.QuickstepLauncher,topStateChangedWhenResumed]
03-19 14:41:40.804 1549 1656 I sysui_multi_action: [757,803,799,window_time_0,802,0]
03-19 14:41:40.814 1549 1741 I input_focus: [Focus leaving recents_animation_input_consumer (server),reason=NOT_VISIBLE]
03-19 14:41:40.814 1549 1741 I input_focus: [Focus entering d92d39a com.android.launcher3/com.android.launcher3.uioverrides.QuickstepLauncher (server),reason=setFocusedWindow]
03-19 14:41:40.823 21041 21041 I wm_on_stop_called: [233959670,com.android.music.VideoBrowserActivity,STOP_ACTIVITY_ITEM]
03-19 14:41:40.900 1549 1582 W FreeFormWindowHelper: Current Display FreeFormTask is null
01-01 09:29:21.803 0 0 E DTC_Display: screen not ready
03-19 14:41:41.357 1549 1741 I input_interaction: Interaction with: d92d39a com.android.launcher3/com.android.launcher3.uioverrides.QuickstepLauncher (server), 274a106 com.android.systemui.ImageWallpaper (server), swipe-up (server), edge-swipe (server), PointerEventDispatcher0 (server),
03-19 14:41:41.908 1549 1549 I service_manager_stats: [100,64,308940]
03-19 14:41:42.888 1549 4916 I thunderperf: PlatormCompat.setOverrides: Uid1=10071 Pid1=2634 Uid2=10071 Pid2=2634
03-19 14:41:42.888 1549 4916 I thunderperf: PlatormCompat.setOverrides: needCheck:false
03-19 14:41:42.888 1549 4916 I thunderperf: CompatConfig.addOverrideUnsafe: bef-state=0
03-19 14:41:42.888 1549 4916 I thunderperf: CompatConfig.addOverrideUnsafe: aft-state=0
03-19 14:41:42.889 1549 4916 I thunderperf: CompatConfig.addOverrideUnsafe: bef-state=0
03-19 14:41:42.889 1549 4916 I thunderperf: CompatConfig.addOverrideUnsafe: aft-state=0
03-19 14:41:42.890 1549 4916 I thunderperf: CompatConfig.addOverrideUnsafe: bef-state=0
03-19 14:41:42.890 1549 4916 I thunderperf: CompatConfig.addOverrideUnsafe: aft-state=0
03-19 14:41:42.891 1549 4916 I thunderperf: CompatConfig.addOverrideUnsafe: bef-state=0
03-19 14:41:42.891 1549 4916 I thunderperf: CompatConfig.addOverrideUnsafe: aft-state=0
03-19 14:41:42.891 1549 4916 I thunderperf: CompatConfig.addOverrideUnsafe: bef-state=0
03-19 14:41:42.891 1549 4916 I thunderperf: CompatConfig.addOverrideUnsafe: aft-state=0
03-19 14:41:42.892 1549 4916 I thunderperf: CompatConfig.addOverrideUnsafe: bef-state=0
03-19 14:41:42.892 1549 4916 I thunderperf: CompatConfig.addOverrideUnsafe: aft-state=0
03-19 14:41:42.893 1549 4916 I thunderperf: CompatConfig.addOverrideUnsafe: bef-state=0
03-19 14:41:42.893 1549 4916 I thunderperf: CompatConfig.addOverrideUnsafe: aft-state=0
03-19 14:41:42.894 1549 4916 I thunderperf: CompatConfig.addOverrideUnsafe: bef-state=0
03-19 14:41:42.894 1549 4916 I thunderperf: CompatConfig.addOverrideUnsafe: aft-state=0
03-19 14:41:42.894 1549 4916 I thunderperf: CompatConfig.addOverrideUnsafe: bef-state=0
03-19 14:41:42.894 1549 4916 I thunderperf: CompatConfig.addOverrideUnsafe: aft-state=0
03-19 14:41:42.895 1549 4916 I thunderperf: CompatConfig.addOverrideUnsafe: bef-state=0
03-19 14:41:42.895 1549 4916 I thunderperf: CompatConfig.addOverrideUnsafe: aft-state=0
03-19 14:41:42.896 1549 4916 I thunderperf: CompatConfig.addOverrideUnsafe: bef-state=0
03-19 14:41:42.896 1549 4916 I thunderperf: CompatConfig.addOverrideUnsafe: aft-state=0
03-19 14:41:42.896 1549 4916 I thunderperf: CompatConfig.addOverrideUnsafe: bef-state=0
03-19 14:41:42.897 1549 4916 I thunderperf: CompatConfig.addOverrideUnsafe: aft-state=0
03-19 14:41:42.897 1549 4916 I thunderperf: CompatConfig.addOverrideUnsafe: bef-state=0
03-19 14:41:42.897 1549 4916 I thunderperf: CompatConfig.addOverrideUnsafe: aft-state=0
03-19 14:41:42.898 1549 4916 I thunderperf: CompatConfig.addOverrideUnsafe: bef-state=0
03-19 14:41:42.898 1549 4916 I thunderperf: CompatConfig.addOverrideUnsafe: aft-state=0
03-19 14:41:42.907 1549 4916 I ActivityTaskManager: START u0 {act=android.intent.action.MAIN cat=[android.intent.category.LAUNCHER] flg=0x10200000 cmp=com.yibasan.lizhifm/.activities.EntryToNavActivity} from uid 10071
03-19 14:41:42.913 1549 4916 I wm_task_created: [126,-1]
03-19 14:41:42.913 1549 4916 W ActivityTaskManager: Can't find TaskDisplayArea to determine support for multi window. Task id=126 attached=false
03-19 14:41:42.914 1549 4916 D FreeFormWindowHelper: Add freeform task=Task{506079e #126 type=standard ?? U=0 visible=false mode=freeform translucent=true sz=0}
03-19 14:41:42.915 1549 4916 D CompatibilityChangeReporter: Compat change id reported: 174042980; UID 10093; state: DISABLED
03-19 14:41:42.915 1549 4916 D CompatibilityChangeReporter: Compat change id reported: 184838306; UID 10093; state: DISABLED
03-19 14:41:42.916 1549 4916 D CompatibilityChangeReporter: Compat change id reported: 185004937; UID 10093; state: DISABLED
03-19 14:41:42.916 1549 4916 D CompatibilityChangeReporter: Compat change id reported: 181136395; UID 10093; state: DISABLED
03-19 14:41:42.916 1549 4916 D CompatibilityChangeReporter: Compat change id reported: 174042936; UID 10093; state: DISABLED
03-19 14:41:42.917 1549 4916 I wm_task_moved: [126,1,11]
03-19 14:41:42.917 1549 4916 I wm_task_to_front: [0,126]
03-19 14:41:42.917 1549 4916 I wm_create_task: [0,126]
03-19 14:41:42.917 1549 4916 I wm_create_activity: [0,202871423,126,com.yibasan.lizhifm/.activities.EntryToNavActivity,android.intent.action.MAIN,NULL,NULL,270532608]
03-19 14:41:42.917 1549 4916 I wm_task_moved: [126,1,11]
03-19 14:41:42.917 1549 4916 V SplashScreenExceptionList: SplashScreen checking exception for package com.yibasan.lizhifm (target sdk:28) -> false
03-19 14:41:42.918 1549 4916 I ActivityTaskManager: FOREGROUND_APPLICATION_CHANGED to com.yibasan.lizhifm.activities.EntryToNavActivity
03-19 14:41:42.918 1549 4916 I ActivityTaskManager: The Process com.yibasan.lizhifm Already Exists in BG. So sending its PID: 18102
03-19 14:41:42.918 1549 4916 I wm_restart_activity: [0,202871423,126,com.yibasan.lizhifm/.activities.EntryToNavActivity]
03-19 14:41:42.919 1549 4916 I wm_set_resumed_activity: [0,com.yibasan.lizhifm/.activities.EntryToNavActivity,minimalResumeActivityLocked]
03-19 14:41:42.921 1549 1656 I am_uid_active: 99007
03-19 14:41:42.924 2634 2634 I wm_on_top_resumed_lost_called: [249239324,com.android.launcher3.uioverrides.QuickstepLauncher,topStateChangedWhenResumed]
03-19 14:41:42.954 1549 2174 I thunderperf: PlatormCompat.setOverrides: Uid1=10093 Pid1=18102 Uid2=10093 Pid2=18102
03-19 14:41:42.954 1549 2174 I thunderperf: PlatormCompat.setOverrides: needCheck:false
03-19 14:41:42.954 1549 2174 I thunderperf: CompatConfig.addOverrideUnsafe: bef-state=0
03-19 14:41:42.954 1549 2174 I thunderperf: CompatConfig.addOverrideUnsafe: aft-state=0
03-19 14:41:42.954 1549 2174 W PackageManager: MATCH_ANY_USER flag requires INTERACT_ACROSS_USERS permission: UID 10093 requires android.permission.INTERACT_ACROSS_USERS_FULL or android.permission.INTERACT_ACROSS_USERS to access user 0.
03-19 14:41:42.955 1549 2174 I ActivityTaskManager: START u0 {cmp=com.yibasan.lizhifm/.activities.fm.LZNavBarActivity (has extras)} from uid 10093
03-19 14:41:42.957 1549 2174 I wm_task_moved: [126,1,11]
03-19 14:41:42.957 1549 2174 I wm_set_resumed_activity: [0,com.yibasan.lizhifm/.activities.EntryToNavActivity,positionChildAt]
03-19 14:41:42.957 1549 2174 I wm_create_activity: [0,123418424,126,com.yibasan.lizhifm/.activities.fm.LZNavBarActivity,NULL,NULL,NULL,268435456]
03-19 14:41:42.957 1549 2174 I wm_pause_activity: [0,202871423,com.yibasan.lizhifm/.activities.EntryToNavActivity,userLeaving=true,resumeTopActivityInnerLocked]
03-19 14:41:42.958 18102 18102 I wm_on_create_called: [202871423,com.yibasan.lizhifm.activities.EntryToNavActivity,performCreate]
03-19 14:41:42.975 18102 18102 I wm_on_start_called: [202871423,com.yibasan.lizhifm.activities.EntryToNavActivity,handleStartActivity]
03-19 14:41:42.984 1549 2174 D CompatibilityChangeReporter: Compat change id reported: 135634846; UID 10093; state: DISABLED
03-19 14:41:42.985 1549 1669 D CompatibilityChangeReporter: Compat change id reported: 143937733; UID 10093; state: DISABLED
03-19 14:41:42.985 18102 18102 I wm_on_resume_called: [202871423,com.yibasan.lizhifm.activities.EntryToNavActivity,RESUME_ACTIVITY]
03-19 14:41:42.989 1549 1669 I am_proc_start: [0,23426,10093,com.yibasan.lizhifm:QS,service,{com.yibasan.lizhifm/com.q.m.QS}]
03-19 14:41:42.989 1549 1669 I ActivityManager: Start proc 23426:com.yibasan.lizhifm:QS/u0a93 for service {com.yibasan.lizhifm/com.q.m.QS}
03-19 14:41:42.990 18102 18102 I wm_on_top_resumed_gained_called: [202871423,com.yibasan.lizhifm.activities.EntryToNavActivity,topStateChangedWhenResumed]
03-19 14:41:42.990 18102 18102 I wm_on_top_resumed_lost_called: [202871423,com.yibasan.lizhifm.activities.EntryToNavActivity,topStateChangedWhenResumed]
03-19 14:41:42.993 1549 2174 I wm_finish_activity: [0,202871423,126,com.yibasan.lizhifm/.activities.EntryToNavActivity,app-request]
03-19 14:41:42.994 18102 18102 I wm_on_paused_called: [202871423,com.yibasan.lizhifm.activities.EntryToNavActivity,performPause]
03-19 14:41:42.994 1549 4916 I wm_add_to_stopping: [0,202871423,com.yibasan.lizhifm/.activities.EntryToNavActivity,completeFinishing]
03-19 14:41:42.994 1549 4916 I ActivityTaskManager: FOREGROUND_APPLICATION_CHANGED to com.yibasan.lizhifm.activities.fm.LZNavBarActivity
03-19 14:41:42.994 1549 4916 I ActivityTaskManager: The Process com.yibasan.lizhifm Already Exists in BG. So sending its PID: 18102
03-19 14:41:42.995 1549 4916 W ActivityTaskManager: Tried to set launchTime (0) < mLastActivityLaunchTime (5361488)
03-19 14:41:42.995 1549 4916 I wm_restart_activity: [0,123418424,126,com.yibasan.lizhifm/.activities.fm.LZNavBarActivity]
03-19 14:41:42.996 1549 4916 I wm_set_resumed_activity: [0,com.yibasan.lizhifm/.activities.fm.LZNavBarActivity,minimalResumeActivityLocked]
01-01 09:29:23.835 0 0 I binder : 23426:23426 ioctl 40046210 ffaff598 returned -22
03-19 14:41:42.998 1549 1656 I sysui_multi_action: [757,803,799,window_time_0,802,2]
03-19 14:41:43.005 1549 4916 I am_proc_bound: [0,23426,com.yibasan.lizhifm:QS]
03-19 14:41:43.006 1549 2174 W WindowManager: updateScale : 0.8
01-01 09:29:23.864 0 0 I binder : 18102:23409 ioctl 40046210 b9abfd38 returned -22
03-19 14:41:43.046 18102 18102 I wm_on_create_called: [123418424,com.yibasan.lizhifm.activities.fm.LZNavBarActivity,performCreate]
03-19 14:41:43.053 18102 18102 I wm_on_start_called: [123418424,com.yibasan.lizhifm.activities.fm.LZNavBarActivity,handleStartActivity]
03-19 14:41:43.059 18102 18102 I wm_on_resume_called: [123418424,com.yibasan.lizhifm.activities.fm.LZNavBarActivity,RESUME_ACTIVITY]
03-19 14:41:43.062 18102 18102 I wm_on_top_resumed_gained_called: [123418424,com.yibasan.lizhifm.activities.fm.LZNavBarActivity,topStateChangedWhenResumed]
03-19 14:41:43.065 1549 2174 W WindowManager: updateScale : 0.8
03-19 14:41:43.070 1549 1657 I input_focus: [Focus request 23f7914 com.yibasan.lizhifm/com.yibasan.lizhifm.activities.fm.LZNavBarActivity,reason=UpdateInputWindows]
03-19 14:41:43.078 1549 1657 W WindowManager: updateScale : 0.8
03-19 14:41:43.084 1549 1657 W WindowManager: updateScale : 0.8
03-19 14:41:43.085 1549 1657 W WindowManager: updateScale : 0.8
03-19 14:41:43.087 1549 1741 I input_focus: [Focus leaving d92d39a com.android.launcher3/com.android.launcher3.uioverrides.QuickstepLauncher (server),reason=Waiting for window because NOT_VISIBLE]
03-19 14:41:43.091 1549 1653 I sysui_multi_action: [319,177,322,176,325,5361,757,761,758,8,759,2,806,com.yibasan.lizhifm,871,com.yibasan.lizhifm.activities.fm.LZNavBarActivity,904,com.yibasan.lizhifm,905,0,1320,4,1321,4]
03-19 14:41:43.091 1549 1653 I wm_activity_launch_time: [0,123418424,com.yibasan.lizhifm/.activities.fm.LZNavBarActivity,176]
03-19 14:41:43.098 1549 4217 W FreeFormWindowHelper: Current Display FreeFormTask is Task{506079e #126 type=standard A=10093:com.yibasan.lizhifm U=0 visible=true mode=freeform translucent=false sz=2}
03-19 14:41:43.098 1549 4217 W FreeFormWindowHelper: Current Display FreeFormTask is Task{506079e #126 type=standard A=10093:com.yibasan.lizhifm U=0 visible=true mode=freeform translucent=false sz=2}
03-19 14:41:43.101 1549 1741 I input_focus: [Focus entering 23f7914 com.yibasan.lizhifm/com.yibasan.lizhifm.activities.fm.LZNavBarActivity (server),reason=Window became focusable. Previous reason: NOT_VISIBLE]
03-19 14:41:43.175 1549 4217 W WindowManager: updateScale : 0.8
03-19 14:41:43.210 1549 1582 W WindowManager: updateScale : 0.8
03-19 14:41:43.210 1549 1582 W WindowManager: updateScale : 0.8
03-19 14:41:43.355 0 0 I auditd : type=1400 audit(0.0:12363): avc: denied { kill } for comm="swapper/2" capability=5 scontext=u:r:kernel:s0 tcontext=u:r:kernel:s0 tclass=capability permissive=1
03-19 14:41:43.368 1549 1657 W WindowManager: updateScale : 0.8
03-19 14:41:43.369 1549 1656 I wm_destroy_activity: [0,202871423,126,com.yibasan.lizhifm/.activities.EntryToNavActivity,finish-imm:idle]
03-19 14:41:43.379 18102 18102 I wm_on_stop_called: [202871423,com.yibasan.lizhifm.activities.EntryToNavActivity,LIFECYCLER_STOP_ACTIVITY]
03-19 14:41:43.380 18102 18102 I wm_on_destroy_called: [202871423,com.yibasan.lizhifm.activities.EntryToNavActivity,performDestroy]
03-19 14:41:43.381 1549 1582 W WindowManager: updateScale : 0.8
03-19 14:41:43.825 1549 2174 W WindowManager: updateScale : 0.8
03-19 14:41:43.829 1549 1657 W WindowManager: updateScale : 0.8
03-19 14:41:44.063 1549 1668 W BroadcastQueue: Background execution not allowed: receiving Intent { act=com.yibasan.lizhifm.rds.postarchived flg=0x10 } to com.yibasan.lizhifm/.boot.InterProcessReceiverMain
03-19 14:41:44.063 1549 1668 W BroadcastQueue: Background execution not allowed: receiving Intent { act=com.yibasan.lizhifm.rds.postarchived flg=0x10 } to com.yibasan.lizhifm/.boot.InterProcessReceiverPush
01-01 09:29:24.923 0 0 E DTC_ETH,link_delay_work_func: 3003, SQI=0, link=0
01-01 09:29:25.067 0 0 E DTC_Display: screen not ready
03-19 14:41:45.802 1549 1549 W WindowManager: updateScale : 0.8
03-19 14:41:45.816 1549 1582 W WindowManager: updateScale : 0.8
03-19 14:41:45.819 1549 1582 W NotificationService: Toast already killed. pkg=com.yibasan.lizhifm token=android.os.BinderProxy@31ab327
03-19 14:41:45.990 1549 1667 I sysui_multi_action: [757,1717,758,1,759,0]
03-19 14:41:45.990 1549 1667 I sysui_multi_action: [757,1717,758,2,759,0]
03-19 14:41:45.990 1549 1667 I sysui_multi_action: [757,1717,758,3,759,0]
03-19 14:41:46.334 1549 1657 W WindowManager: updateScale : 0.8
03-19 14:41:47.358 1549 1741 I input_interaction: Interaction with: 23f7914 com.yibasan.lizhifm/com.yibasan.lizhifm.activities.fm.LZNavBarActivity (server), swipe-up (server), edge-swipe (server), PointerEventDispatcher0 (server),
03-19 14:41:47.479 1549 1658 I ActivityTaskManager: clear resize flag in freeform mode
03-19 14:41:47.480 1549 1658 W WindowManager: updateScale : 0.73669064
03-19 14:41:47.497 1549 1658 I ActivityTaskManager: clear resize flag in freeform mode
03-19 14:41:47.497 1549 1658 W WindowManager: updateScale : 0.68489206
03-19 14:41:47.513 1549 1658 I ActivityTaskManager: clear resize flag in freeform mode
03-19 14:41:47.514 1549 1658 W WindowManager: updateScale : 0.64316547
03-19 14:41:47.530 1549 1582 W WindowManager: updateScale : 0.60719424
03-19 14:41:47.532 1549 1658 I ActivityTaskManager: clear resize flag in freeform mode
03-19 14:41:47.532 1549 1658 W WindowManager: updateScale : 0.60719424
03-19 14:41:47.546 1549 1658 I ActivityTaskManager: clear resize flag in freeform mode
03-19 14:41:47.547 1549 1658 W WindowManager: updateScale : 0.57697845
03-19 14:41:47.563 1549 1658 I ActivityTaskManager: clear resize flag in freeform mode
03-19 14:41:47.564 1549 1658 W WindowManager: updateScale : 0.552518
03-19 14:41:47.566 1549 2686 W WindowManager: updateScale : 0.552518
03-19 14:41:47.580 1549 1658 I ActivityTaskManager: clear resize flag in freeform mode
03-19 14:41:47.581 1549 1658 W WindowManager: updateScale : 0.5352518
03-19 14:41:47.597 1549 1658 I ActivityTaskManager: clear resize flag in freeform mode
03-19 14:41:47.597 1549 1658 W WindowManager: updateScale : 0.51942444
03-19 14:41:47.614 1549 1658 I ActivityTaskManager: clear resize flag in freeform mode
03-19 14:41:47.614 1549 1658 W WindowManager: updateScale : 0.50791365
03-19 14:41:47.630 1549 1658 I ActivityTaskManager: clear resize flag in freeform mode
03-19 14:41:47.631 1549 1658 W WindowManager: updateScale : 0.49928057
03-19 14:41:47.647 1549 1658 I ActivityTaskManager: clear resize flag in freeform mode
03-19 14:41:47.648 1549 1658 W WindowManager: updateScale : 0.49208632
03-19 14:41:47.664 1549 1658 I ActivityTaskManager: clear resize flag in freeform mode
03-19 14:41:47.665 1549 1658 W WindowManager: updateScale : 0.48776978
03-19 14:41:47.681 1549 1658 I ActivityTaskManager: clear resize flag in freeform mode
03-19 14:41:47.681 1549 1658 W WindowManager: updateScale : 0.48345324
03-19 14:41:47.685 1549 2686 W WindowManager: updateScale : 0.48345324
03-19 14:41:47.697 1549 1658 I ActivityTaskManager: clear resize flag in freeform mode
03-19 14:41:47.698 1549 1658 W WindowManager: updateScale : 0.4820144
01-01 09:29:28.543 0 0 E DTC_Display: screen not ready
03-19 14:41:47.714 1549 1658 I ActivityTaskManager: clear resize flag in freeform mode
03-19 14:41:47.715 1549 1658 W WindowManager: updateScale : 0.48057553
03-19 14:41:47.731 1549 1658 I ActivityTaskManager: clear resize flag in freeform mode
03-19 14:41:47.732 1549 1658 W WindowManager: updateScale : 0.4791367
03-19 14:41:47.748 1549 1658 I ActivityTaskManager: clear resize flag in freeform mode
03-19 14:41:47.748 1549 1658 W WindowManager: updateScale : 0.47769785
03-19 14:41:47.753 1549 2686 W WindowManager: updateScale : 0.47769785
03-19 14:41:47.764 1549 1658 I ActivityTaskManager: clear resize flag in freeform mode
03-19 14:41:47.765 1549 1658 W WindowManager: updateScale : 0.47769785
03-19 14:41:47.822 1549 1656 W WindowManager: Unable to start animation, surface is null or no children.
03-19 14:41:47.822 1549 1656 W WindowManager: updateScale : 0.47769785
03-19 14:41:47.825 1549 2686 W WindowManager: updateScale : 0.47769785
03-19 14:41:48.532 1549 1658 I ActivityTaskManager: clear resize flag in freeform mode
03-19 14:41:48.533 1549 1658 W WindowManager: updateScale : 0.5410072
03-19 14:41:48.549 1549 1658 I ActivityTaskManager: clear resize flag in freeform mode
03-19 14:41:48.550 1549 1658 W WindowManager: updateScale : 0.58992803
03-19 14:41:48.552 1549 2686 W WindowManager: updateScale : 0.58992803
03-19 14:41:48.566 1549 1658 I ActivityTaskManager: clear resize flag in freeform mode
03-19 14:41:48.567 1549 1658 W WindowManager: updateScale : 0.6345324
03-19 14:41:48.583 1549 1658 I ActivityTaskManager: clear resize flag in freeform mode
03-19 14:41:48.584 1549 1658 W WindowManager: updateScale : 0.6705036
03-19 14:41:48.600 1549 1658 I ActivityTaskManager: clear resize flag in freeform mode
03-19 14:41:48.600 1549 1658 W WindowManager: updateScale : 0.69928056
03-19 14:41:48.616 1549 1658 I ActivityTaskManager: clear resize flag in freeform mode
03-19 14:41:48.617 1549 1658 W WindowManager: updateScale : 0.723741
03-19 14:41:48.631 1549 2686 W WindowManager: updateScale : 0.723741
03-19 14:41:48.634 1549 1658 I ActivityTaskManager: clear resize flag in freeform mode
03-19 14:41:48.635 1549 1658 W WindowManager: updateScale : 0.74244606
03-19 14:41:48.649 1549 1658 I ActivityTaskManager: clear resize flag in freeform mode
03-19 14:41:48.650 1549 1658 W WindowManager: updateScale : 0.75827336
03-19 14:41:48.666 1549 1658 I ActivityTaskManager: clear resize flag in freeform mode
03-19 14:41:48.667 1549 1658 W WindowManager: updateScale : 0.76978415
03-19 14:41:48.683 1549 1658 I ActivityTaskManager: clear resize flag in freeform mode
03-19 14:41:48.684 1549 1658 W WindowManager: updateScale : 0.7784173
03-19 14:41:48.686 1549 2686 W WindowManager: updateScale : 0.7784173
03-19 14:41:48.700 1549 1658 I ActivityTaskManager: clear resize flag in freeform mode
03-19 14:41:48.701 1549 1658 W WindowManager: updateScale : 0.7856115
03-19 14:41:48.710 1549 2686 W WindowManager: updateScale : 0.7856115
03-19 14:41:48.717 1549 1658 I ActivityTaskManager: clear resize flag in freeform mode
03-19 14:41:48.717 1549 1658 W WindowManager: updateScale : 0.7899281
03-19 14:41:48.733 1549 1658 I ActivityTaskManager: clear resize flag in freeform mode
03-19 14:41:48.734 1549 1658 W WindowManager: updateScale : 0.7942446
03-19 14:41:48.737 1549 1582 W WindowManager: updateScale : 0.7942446
03-19 14:41:48.750 1549 1658 I ActivityTaskManager: clear resize flag in freeform mode
03-19 14:41:48.751 1549 1658 W WindowManager: updateScale : 0.79568344
03-19 14:41:48.767 1549 1658 I ActivityTaskManager: clear resize flag in freeform mode
03-19 14:41:48.767 1549 1658 W WindowManager: updateScale : 0.7971223
03-19 14:41:48.783 1549 1658 I ActivityTaskManager: clear resize flag in freeform mode
03-19 14:41:48.783 1549 1658 W WindowManager: updateScale : 0.79856116
03-19 14:41:48.800 1549 1658 I ActivityTaskManager: clear resize flag in freeform mode
03-19 14:41:48.801 1549 1658 W WindowManager: updateScale : 0.8
03-19 14:41:48.807 1549 2686 W WindowManager: updateScale : 0.8
03-19 14:41:48.817 1549 1658 I ActivityTaskManager: clear resize flag in freeform mode
03-19 14:41:48.818 1549 1658 W WindowManager: updateScale : 0.8
03-19 14:41:48.889 1549 2686 W WindowManager: updateScale : 0.8
01-01 09:29:30.043 0 0 E DTC_ETH,link_delay_work_func: 3003, SQI=0, link=0
03-19 14:41:49.559 1549 1582 D FreeFormWindowHelper: Remove freefrom task=Task{506079e #126 type=standard A=10093:com.yibasan.lizhifm U=0 visible=true mode=fullscreen translucent=false sz=1}
03-19 14:41:49.572 1549 1582 I wm_add_to_stopping: [0,249239324,com.android.launcher3/.uioverrides.QuickstepLauncher,makeInvisible]
03-19 14:41:49.921 1549 1656 I wm_stop_activity: [0,249239324,com.android.launcher3/.uioverrides.QuickstepLauncher]
03-19 14:41:49.945 2634 2634 I wm_on_paused_called: [249239324,com.android.launcher3.uioverrides.QuickstepLauncher,performPause]
03-19 14:41:49.949 2634 2634 I wm_on_stop_called: [249239324,com.android.launcher3.uioverrides.QuickstepLauncher,STOP_ACTIVITY_ITEM]
01-01 09:29:31.720 0 0 E DTC_Display: screen not ready
03-19 14:41:51.542 1549 2686 W FreeFormWindowHelper: Current Display FreeFormTask is null
03-19 14:41:51.543 1549 4217 W FreeFormWindowHelper: Current Display FreeFormTask is null
03-19 14:41:51.547 1549 4217 W FreeFormWindowHelper: Current Display FreeFormTask is null
03-19 14:41:51.547 1549 2686 I wm_task_moved: [1,0,0]
03-19 14:41:51.548 1549 2686 I wm_task_moved: [1,0,10]
03-19 14:41:51.551 1549 4217 W FreeFormWindowHelper: Current Display FreeFormTask is null
03-19 14:41:51.572 2634 2634 I wm_on_restart_called: [249239324,com.android.launcher3.uioverrides.QuickstepLauncher,performRestartActivity]
03-19 14:41:51.572 1549 2174 W FreeFormWindowHelper: Current Display FreeFormTask is null
03-19 14:41:51.573 1549 1582 W FreeFormWindowHelper: Current Display FreeFormTask is null
03-19 14:41:51.597 2634 2634 I wm_on_start_called: [249239324,com.android.launcher3.uioverrides.QuickstepLauncher,handleStartActivity]
03-19 14:41:51.602 1549 1582 W ActivityTaskManager: getTaskSnapshot: taskId=-185 not found
03-19 14:41:51.604 1549 2686 W FreeFormWindowHelper: Current Display FreeFormTask is null
03-19 14:41:51.605 1549 2686 W FreeFormWindowHelper: Current Display FreeFormTask is null
03-19 14:41:51.605 1549 2174 W ActivityTaskManager: getTaskSnapshot: taskId=-184 not found
03-19 14:41:51.607 1549 2174 W ActivityTaskManager: getTaskSnapshot: taskId=-184 not found
03-19 14:41:51.612 1549 4217 W FreeFormWindowHelper: Current Display FreeFormTask is null
03-19 14:41:51.612 1549 2174 W FreeFormWindowHelper: Current Display FreeFormTask is null
03-19 14:41:51.618 1549 1653 I sysui_multi_action: [319,10,322,64,325,5370,757,761,758,9,759,5,806,com.android.launcher3,871,com.android.launcher3.uioverrides.QuickstepLauncher,905,0,1320,4,1321,1]
03-19 14:41:51.620 1549 1582 W FreeFormWindowHelper: Current Display FreeFormTask is null
03-19 14:41:51.620 1549 1582 W FreeFormWindowHelper: Current Display FreeFormTask is null
03-19 14:41:51.643 18102 18102 I view_enqueue_input_event: [Motion - Cancel,com.yibasan.lizhifm/com.yibasan.lizhifm.activities.fm.LZNavBarActivity]
03-19 14:41:51.644 2634 2634 I sysui_latency: [1,76]
03-19 14:41:51.644 1549 1653 D AutofillManagerService: Close system dialogs
03-19 14:41:51.645 1549 4217 W FreeFormWindowHelper: Current Display FreeFormTask is null
03-19 14:41:51.645 1549 1657 I input_focus: [Focus request recents_animation_input_consumer,reason=UpdateInputWindows]
03-19 14:41:51.646 1549 4217 W FreeFormWindowHelper: Current Display FreeFormTask is null
03-19 14:41:51.648 1549 4217 W ActivityTaskManager: getTaskSnapshot: taskId=-90 not found
03-19 14:41:51.649 1549 4217 W ActivityTaskManager: getTaskSnapshot: taskId=-90 not found
03-19 14:41:51.650 1549 4217 W ActivityTaskManager: getTaskSnapshot: taskId=-89 not found
03-19 14:41:51.654 1549 4217 W FreeFormWindowHelper: Current Display FreeFormTask is null
03-19 14:41:51.654 1549 4217 W FreeFormWindowHelper: Current Display FreeFormTask is null
03-19 14:41:51.659 1549 1741 I input_interaction: Interaction with: swipe-up (server), edge-swipe (server), PointerEventDispatcher0 (server),
03-19 14:41:51.671 1549 1582 W FreeFormWindowHelper: Current Display FreeFormTask is null
03-19 14:41:51.672 1549 1582 W FreeFormWindowHelper: Current Display FreeFormTask is null
03-19 14:41:51.672 1549 1741 I input_focus: [Focus leaving 23f7914 com.yibasan.lizhifm/com.yibasan.lizhifm.activities.fm.LZNavBarActivity (server),reason=NOT_FOCUSABLE]
03-19 14:41:51.672 1549 1741 I input_focus: [Focus entering recents_animation_input_consumer (server),reason=setFocusedWindow]
03-19 14:41:51.800 1549 1725 I commit_sys_config_file: [settings-1-0,3]
03-19 14:41:51.915 1549 1667 I sysui_latency: [8,78]
03-19 14:41:51.935 1549 1582 W FreeFormWindowHelper: exitRecentTasks type=0
03-19 14:41:51.942 1549 1582 W FreeFormWindowHelper: Current Display FreeFormTask is null
03-19 14:41:51.942 1549 1582 W FreeFormWindowHelper: Current Display FreeFormTask is null
03-19 14:41:52.145 1549 1725 I commit_sys_config_file: [settings-1-0,5]
03-19 14:41:52.326 1549 2686 W FreeFormWindowHelper: Current Display FreeFormTask is null
03-19 14:41:52.326 1549 2686 W FreeFormWindowHelper: Current Display FreeFormTask is null
03-19 14:41:52.327 1549 2174 I wm_task_moved: [1,1,11]
03-19 14:41:52.330 1549 2174 I wm_task_moved: [37,1,2147483647]
03-19 14:41:52.331 1549 2174 I wm_task_to_front: [0,37]
03-19 14:41:52.331 1549 2174 I wm_focused_root_task: [0,0,1,126,RecentsAnimation.onAnimationFinished()]
03-19 14:41:52.331 1549 2174 I wm_set_resumed_activity: [0,com.android.launcher3/.uioverrides.QuickstepLauncher,RecentsAnimation.onAnimationFinished()]
03-19 14:41:52.332 1549 2174 I wm_pause_activity: [0,123418424,com.yibasan.lizhifm/.activities.fm.LZNavBarActivity,userLeaving=true,pauseBackTasks]
03-19 14:41:52.333 1549 2174 I wm_add_to_stopping: [0,123418424,com.yibasan.lizhifm/.activities.fm.LZNavBarActivity,makeInvisible]
03-19 14:41:52.333 1549 2174 I ActivityTaskManager: FOREGROUND_APPLICATION_CHANGED to com.android.launcher3.uioverrides.QuickstepLauncher
03-19 14:41:52.334 1549 2174 I wm_set_resumed_activity: [0,com.android.launcher3/.uioverrides.QuickstepLauncher,resumeTopActivityInnerLocked]
03-19 14:41:52.336 1549 2174 I wm_resume_activity: [0,249239324,37,com.android.launcher3/.uioverrides.QuickstepLauncher]
03-19 14:41:52.337 2634 2634 I wm_on_resume_called: [249239324,com.android.launcher3.uioverrides.QuickstepLauncher,RESUME_ACTIVITY]
03-19 14:41:52.340 18102 18102 I wm_on_top_resumed_lost_called: [123418424,com.yibasan.lizhifm.activities.fm.LZNavBarActivity,topStateChangedWhenResumed]
03-19 14:41:52.342 1549 1657 I input_focus: [Focus request d92d39a com.android.launcher3/com.android.launcher3.uioverrides.QuickstepLauncher,reason=UpdateInputWindows]
03-19 14:41:52.349 1549 4916 I wm_stop_activity: [0,123418424,com.yibasan.lizhifm/.activities.fm.LZNavBarActivity]
03-19 14:41:52.353 1549 1656 I sysui_multi_action: [757,803,799,window_time_2,802,9]
03-19 14:41:52.356 18102 18102 I wm_on_paused_called: [123418424,com.yibasan.lizhifm.activities.fm.LZNavBarActivity,performPause]
03-19 14:41:52.358 1549 1741 I input_focus: [Focus leaving recents_animation_input_consumer (server),reason=NOT_VISIBLE]
03-19 14:41:52.358 1549 1656 I sysui_multi_action: [757,803,799,window_time_0,802,0]
03-19 14:41:52.358 1549 1741 I input_focus: [Focus entering d92d39a com.android.launcher3/com.android.launcher3.uioverrides.QuickstepLauncher (server),reason=setFocusedWindow]
03-19 14:41:52.369 2634 2634 I wm_on_top_resumed_gained_called: [249239324,com.android.launcher3.uioverrides.QuickstepLauncher,topStateChangedWhenResumed]
03-19 14:41:52.382 1549 1667 I am_pss : [18921,10095,com.luna.music,85835776,52695040,0,234065920,0,4,13]
03-19 14:41:52.384 18102 18102 I wm_on_stop_called: [123418424,com.yibasan.lizhifm.activities.fm.LZNavBarActivity,STOP_ACTIVITY_ITEM]
03-19 14:41:52.443 1549 2686 W FreeFormWindowHelper: Current Display FreeFormTask is null
03-19 14:41:52.460 1549 2686 D CompatibilityChangeReporter: Compat change id reported: 157929241; UID 1000; state: LOGGED
03-19 14:41:52.499 871 871 I auditd : type=1400 audit(0.0:12364): avc: denied { add_name } for comm="perf@2.2-servic" name="min_cpus" scontext=u:r:vendor_hal_perf_default:s0 tcontext=u:object_r:sysfs_devices_system_cpu:s0 tclass=dir permissive=1
03-19 14:41:52.499 871 871 I auditd : type=1400 audit(0.0:12365): avc: denied { create } for comm="perf@2.2-servic" name="min_cpus" scontext=u:r:vendor_hal_perf_default:s0 tcontext=u:object_r:sysfs_devices_system_cpu:s0 tclass=file permissive=1
03-19 14:41:52.503 871 871 I auditd : type=1400 audit(0.0:12366): avc: denied { add_name } for comm="perf@2.2-servic" name="min_freq" scontext=u:r:vendor_hal_perf_default:s0 tcontext=u:object_r:vendor_sysfs_devfreq:s0 tclass=dir permissive=1
03-19 14:41:52.503 871 871 I auditd : type=1400 audit(0.0:12367): avc: denied { create } for comm="perf@2.2-servic" name="min_freq" scontext=u:r:vendor_hal_perf_default:s0 tcontext=u:object_r:vendor_sysfs_devfreq:s0 tclass=file permissive=1
03-19 14:41:52.503 871 871 I auditd : type=1400 audit(0.0:12368): avc: denied { add_name } for comm="perf@2.2-servic" name="cpu_min_freq" scontext=u:r:vendor_hal_perf_default:s0 tcontext=u:object_r:vendor_sysfs_msm_perf:s0 tclass=dir permissive=1
01-01 09:29:33.344 0 0 W audit : audit_lost=12035 audit_rate_limit=5 audit_backlog_limit=64
01-01 09:29:33.344 0 0 E audit : rate limit exceeded
03-19 14:41:52.796 1549 1741 I input_interaction: Interaction with: d92d39a com.android.launcher3/com.android.launcher3.uioverrides.QuickstepLauncher (server), 274a106 com.android.systemui.ImageWallpaper (server), swipe-up (server), edge-swipe (server), PointerEventDispatcher0 (server),
03-19 14:41:52.861 1549 4916 W FreeFormWindowHelper: Current Display FreeFormTask is null
03-19 14:41:52.862 1549 4916 W FreeFormWindowHelper: Current Display FreeFormTask is null
03-19 14:41:52.889 1549 1653 D AutofillManagerService: Close system dialogs
03-19 14:41:52.889 1549 4916 W FreeFormWindowHelper: Current Display FreeFormTask is null
03-19 14:41:52.889 1549 4916 W FreeFormWindowHelper: Current Display FreeFormTask is null
03-19 14:41:52.890 2634 2634 I view_enqueue_input_event: [Motion - Cancel,com.android.launcher3/com.android.launcher3.uioverrides.QuickstepLauncher]
03-19 14:41:52.890 1549 4916 W FreeFormWindowHelper: Current Display FreeFormTask is null
03-19 14:41:52.891 1549 4916 W FreeFormWindowHelper: Current Display FreeFormTask is null
03-19 14:41:52.893 1549 2686 W FreeFormWindowHelper: Current Display FreeFormTask is null
03-19 14:41:52.893 1549 2686 W FreeFormWindowHelper: Current Display FreeFormTask is null
03-19 14:41:52.893 1549 4217 W ActivityTaskManager: getTaskSnapshot: taskId=-845 not found
03-19 14:41:52.894 1549 4217 W ActivityTaskManager: getTaskSnapshot: taskId=-844 not found
03-19 14:41:52.894 1549 4217 W ActivityTaskManager: getTaskSnapshot: taskId=-844 not found
03-19 14:41:52.896 1549 1741 I input_interaction: Interaction with: swipe-up (server), edge-swipe (server), PointerEventDispatcher0 (server),
03-19 14:41:52.905 1549 4217 W FreeFormWindowHelper: Current Display FreeFormTask is null
03-19 14:41:52.905 1549 4217 W FreeFormWindowHelper: Current Display FreeFormTask is null
03-19 14:41:53.063 1549 1725 I commit_sys_config_file: [settings-1-0,4]
03-19 14:41:53.176 1549 4916 W FreeFormWindowHelper: Current Display FreeFormTask is null
03-19 14:41:53.176 1549 4916 W FreeFormWindowHelper: Current Display FreeFormTask is null
03-19 14:41:53.191 1549 2174 W FreeFormWindowHelper: Current Display FreeFormTask is null
03-19 14:41:53.191 1549 2174 W FreeFormWindowHelper: Current Display FreeFormTask is null
03-19 14:41:53.208 1549 2174 W FreeFormWindowHelper: Current Display FreeFormTask is null
03-19 14:41:53.208 1549 2174 W FreeFormWindowHelper: Current Display FreeFormTask is null
03-19 14:41:53.225 1549 2174 W FreeFormWindowHelper: Current Display FreeFormTask is null
03-19 14:41:53.225 1549 2174 W FreeFormWindowHelper: Current Display FreeFormTask is null
03-19 14:41:53.241 1549 2174 W FreeFormWindowHelper: Current Display FreeFormTask is null
03-19 14:41:53.241 1549 2174 W FreeFormWindowHelper: Current Display FreeFormTask is null
03-19 14:41:53.258 1549 2174 W FreeFormWindowHelper: Current Display FreeFormTask is null
03-19 14:41:53.258 1549 2174 W FreeFormWindowHelper: Current Display FreeFormTask is null
03-19 14:41:53.276 1549 2174 W FreeFormWindowHelper: Current Display FreeFormTask is null
03-19 14:41:53.276 1549 2174 W FreeFormWindowHelper: Current Display FreeFormTask is null
03-19 14:41:53.292 1549 4916 W FreeFormWindowHelper: Current Display FreeFormTask is null
03-19 14:41:53.292 1549 4916 W FreeFormWindowHelper: Current Display FreeFormTask is null
03-19 14:41:53.308 1549 4217 W FreeFormWindowHelper: Current Display FreeFormTask is null
03-19 14:41:53.309 1549 4217 W FreeFormWindowHelper: Current Display FreeFormTask is null
03-19 14:41:53.325 1549 2174 W FreeFormWindowHelper: Current Display FreeFormTask is null
03-19 14:41:53.325 1549 2174 W FreeFormWindowHelper: Current Display FreeFormTask is null
03-19 14:41:53.342 1549 4217 W FreeFormWindowHelper: Current Display FreeFormTask is null
03-19 14:41:53.342 1549 4217 W FreeFormWindowHelper: Current Display FreeFormTask is null
03-19 14:41:53.358 1549 4217 W FreeFormWindowHelper: Current Display FreeFormTask is null
03-19 14:41:53.359 1549 4217 W FreeFormWindowHelper: Current Display FreeFormTask is null
03-19 14:41:53.375 1549 2686 W FreeFormWindowHelper: Current Display FreeFormTask is null
03-19 14:41:53.375 1549 4916 W FreeFormWindowHelper: Current Display FreeFormTask is null
03-19 14:41:53.384 1549 1725 I commit_sys_config_file: [settings-1-0,18]
03-19 14:41:53.391 1549 2686 W FreeFormWindowHelper: Current Display FreeFormTask is null
03-19 14:41:53.391 1549 2686 W FreeFormWindowHelper: Current Display FreeFormTask is null
03-19 14:41:53.408 1549 2686 W FreeFormWindowHelper: Current Display FreeFormTask is null
03-19 14:41:53.409 1549 2686 W FreeFormWindowHelper: Current Display FreeFormTask is null
03-19 14:41:53.425 1549 2686 W FreeFormWindowHelper: Current Display FreeFormTask is null
03-19 14:41:53.425 1549 2686 W FreeFormWindowHelper: Current Display FreeFormTask is null
03-19 14:41:53.442 1549 2174 W FreeFormWindowHelper: Current Display FreeFormTask is null
03-19 14:41:53.442 1549 2174 W FreeFormWindowHelper: Current Display FreeFormTask is null
03-19 14:41:53.459 1549 4217 W FreeFormWindowHelper: Current Display FreeFormTask is null
03-19 14:41:53.459 1549 4217 W FreeFormWindowHelper: Current Display FreeFormTask is null
03-19 14:41:53.476 1549 4217 W FreeFormWindowHelper: Current Display FreeFormTask is null
03-19 14:41:53.476 1549 4217 W FreeFormWindowHelper: Current Display FreeFormTask is null
03-19 14:41:53.477 1549 4916 W FreeFormWindowHelper: Current Display FreeFormTask is null
03-19 14:41:53.496 1549 1582 W FreeFormWindowHelper: Current Display FreeFormTask is null
03-19 14:41:53.496 1549 1582 W FreeFormWindowHelper: Current Display FreeFormTask is null
03-19 14:41:54.115 1549 1582 W BroadcastQueue: Background execution not allowed: receiving Intent { act=com.tencent.assistant.st.report.PluginLogProcessorReceiver.TIME flg=0x14 (has extras) } to com.tencent.android.qqdownloader/com.tencent.assistant.st.report.PluginLogProcessorReceiver
01-01 09:29:35.163 0 0 E DTC_ETH,link_delay_work_func: 3003, SQI=0, link=0
03-19 14:41:54.347 1549 1741 I input_interaction: Interaction with: d92d39a com.android.launcher3/com.android.launcher3.uioverrides.QuickstepLauncher (server), 274a106 com.android.systemui.ImageWallpaper (server), swipe-up (server), edge-swipe (server), PointerEventDispatcher0 (server),
03-19 14:41:54.450 1549 1582 W FreeFormWindowHelper: Current Display FreeFormTask is null
01-01 09:29:35.311 0 0 E DTC_Display: screen not ready
03-19 14:41:54.764 1549 1582 W FreeFormWindowHelper: Current Display FreeFormTask is null
03-19 14:41:54.860 1549 1582 I wm_finish_activity: [0,17152677,118,com.android.settings/.Settings,recent-task-trimmed]
03-19 14:41:54.862 1549 1582 I wm_destroy_activity: [0,17152677,118,com.android.settings/.Settings,finish-imm:finishIfPossible]
03-19 14:41:54.864 1549 1582 I wm_finish_activity: [0,233959670,124,com.android.music/.VideoBrowserActivity,recent-task-trimmed]
03-19 14:41:54.865 1549 1656 I ActivityManager: Killing 21017:com.android.settings/1000 (adj 900): remove task
03-19 14:41:54.865 1549 1656 I am_kill : [0,21017,com.android.settings,900,remove task]
03-19 14:41:54.869 1549 1582 I wm_destroy_activity: [0,233959670,124,com.android.music/.VideoBrowserActivity,finish-imm:finishIfPossible]
03-19 14:41:54.870 1549 1582 I wm_finish_activity: [0,123418424,126,com.yibasan.lizhifm/.activities.fm.LZNavBarActivity,recent-task-trimmed]
03-19 14:41:54.871 1549 1582 I wm_destroy_activity: [0,123418424,126,com.yibasan.lizhifm/.activities.fm.LZNavBarActivity,finish-imm:finishIfPossible]
03-19 14:41:54.874 1549 1656 I sysui_multi_action: [757,803,799,window_time_0,802,3]
03-19 14:41:54.875 1549 1656 I ActivityManager: Killing 21041:com.android.music/u0a85 (adj 900): remove task
03-19 14:41:54.875 1549 1656 I am_kill : [0,21041,com.android.music,900,remove task]
03-19 14:41:54.877 1549 1656 I sysui_multi_action: [757,803,799,window_time_0,802,0]
03-19 14:41:54.880 1549 1656 I ActivityManager: Killing 18102:com.yibasan.lizhifm/u0a93 (adj 915): remove task
03-19 14:41:54.880 1549 1656 I am_kill : [0,18102,com.yibasan.lizhifm,915,remove task]
03-19 14:41:54.883 1549 1656 I ActivityManager: Killing 23426:com.yibasan.lizhifm:QS/u0a93 (adj 0): remove task
03-19 14:41:54.883 1549 1656 I am_kill : [0,23426,com.yibasan.lizhifm:QS,0,remove task]
03-19 14:41:54.884 1549 1656 I ActivityManager: Killing 18257:com.android.webview:sandboxed_process0:org.chromium.content.app.SandboxedProcessService0:0/u0a93i7 (adj 925): remove task
03-19 14:41:54.884 1549 1656 I am_kill : [0,18257,com.android.webview:sandboxed_process0:org.chromium.content.app.SandboxedProcessService0:0,925,remove task]
03-19 14:41:54.886 1549 1656 I ActivityManager: Killing 18204:com.yibasan.lizhifm:impush/u0a93 (adj 935): remove task
03-19 14:41:54.886 1549 1656 I am_kill : [0,18204,com.yibasan.lizhifm:impush,935,remove task]
03-19 14:41:54.887 1549 1656 I ActivityManager: Killing 18341:com.yibasan.lizhifm:player/u0a93 (adj 200): remove task
03-19 14:41:54.887 1549 1656 I am_kill : [0,18341,com.yibasan.lizhifm:player,200,remove task]
03-19 14:41:54.888 1549 1656 I ActivityManager: Killing 18320:com.yibasan.lizhifm:push/u0a93 (adj 905): remove task
03-19 14:41:54.888 1549 1656 I am_kill : [0,18320,com.yibasan.lizhifm:push,905,remove task]
03-19 14:41:54.891 1549 1656 I sysui_multi_action: [757,803,799,window_time_0,802,0]
01-01 09:29:35.758 0 0 I binder : undelivered TRANSACTION_COMPLETE
01-01 09:29:35.758 0 0 I binder : undelivered transaction 1850207, process died.
01-01 09:29:35.758 0 0 I binder : undelivered transaction 1850185, process died.
03-19 14:41:54.922 1549 4916 I WindowManager: WIN DEATH: Window{2b6befc u0 com.android.music/com.android.music.VideoBrowserActivity}
03-19 14:41:54.924 1549 1582 I am_proc_died: [0,21041,com.android.music,900,19]
03-19 14:41:54.933 1549 1582 I am_uid_stopped: 10085
03-19 14:41:54.934 1549 1582 I wm_task_removed: [124,removeChild:removeChild last r=ActivityRecord{df1f0f6 u0 com.android.music/.VideoBrowserActivity t-1 f}} in t=Task{ae38991 #124 type=standard A=10085:android.task.video U=0 visible=false mode=fullscreen translucent=true sz=0}]
03-19 14:41:54.934 1549 1582 I wm_task_removed: [124,removeChild]
03-19 14:41:54.938 1549 1657 W ActivityTaskManager: Can't find TaskDisplayArea to determine support for multi window. Task id=124 attached=false
03-19 14:41:54.938 1549 1656 W ActivityManager: setHasOverlayUi called on unknown pid: 21041
03-19 14:41:54.938 1549 1657 W ActivityTaskManager: Can't find TaskDisplayArea to determine support for multi window. Task id=124 attached=false
03-19 14:41:54.938 1549 2209 I am_proc_died: [0,18257,com.android.webview:sandboxed_process0:org.chromium.content.app.SandboxedProcessService0:0,925,19]
03-19 14:41:54.939 1549 2209 W ActivityManager: Scheduling restart of crashed service com.yibasan.lizhifm/org.chromium.content.app.SandboxedProcessService0:0 in 1000ms for connection
03-19 14:41:54.939 1549 2209 I am_schedule_service_restart: [0,com.yibasan.lizhifm/org.chromium.content.app.SandboxedProcessService0:0,1000]
03-19 14:41:54.939 1549 2209 I am_uid_stopped: 99007
03-19 14:41:54.948 1549 1676 E KernelCpuSpeedReader: Failed to read cpu-freq: /sys/devices/system/cpu/cpu4/cpufreq/stats/time_in_state: open failed: ENOENT (No such file or directory)
03-19 14:41:54.948 1549 1676 E KernelCpuSpeedReader: Failed to read cpu-freq: /sys/devices/system/cpu/cpu0/cpufreq/stats/time_in_state: open failed: ENOENT (No such file or directory)
03-19 14:41:54.948 1549 1656 W ActivityManager: ProcessRecord{23f566b 21017:com.android.settings/1000} is attached to a previous process
03-19 14:41:54.948 1549 1656 W ActivityManager: Existing proc ProcessRecord{23f566b 21017:com.android.settings/1000} was killed 81ms ago when adding ProcessRecord{d28e971 0:com.android.settings/1000}
03-19 14:41:54.949 1549 1656 D CompatibilityChangeReporter: Compat change id reported: 135634846; UID 1000; state: DISABLED
03-19 14:41:54.949 1549 1656 D CompatibilityChangeReporter: Compat change id reported: 177438394; UID 1000; state: DISABLED
03-19 14:41:54.949 1549 1656 D CompatibilityChangeReporter: Compat change id reported: 135772972; UID 1000; state: DISABLED
03-19 14:41:54.949 1549 1656 D CompatibilityChangeReporter: Compat change id reported: 135754954; UID 1000; state: ENABLED
03-19 14:41:54.949 1549 1656 I am_uid_running: 10085
03-19 14:41:54.949 1549 1656 D CompatibilityChangeReporter: Compat change id reported: 135634846; UID 10085; state: DISABLED
03-19 14:41:54.949 1549 1656 D CompatibilityChangeReporter: Compat change id reported: 177438394; UID 10085; state: DISABLED
03-19 14:41:54.949 1549 1656 D CompatibilityChangeReporter: Compat change id reported: 135772972; UID 10085; state: DISABLED
03-19 14:41:54.949 1549 1656 D CompatibilityChangeReporter: Compat change id reported: 135754954; UID 10085; state: ENABLED
03-19 14:41:54.950 1549 1656 W ActivityManager: ProcessRecord{2641531 18102:com.yibasan.lizhifm/u0a93} is attached to a previous process
03-19 14:41:54.950 1549 1656 W ActivityManager: Existing proc ProcessRecord{2641531 18102:com.yibasan.lizhifm/u0a93} was killed 67ms ago when adding ProcessRecord{193cfd7 0:com.yibasan.lizhifm/u0a93}
03-19 14:41:54.950 1549 1656 D CompatibilityChangeReporter: Compat change id reported: 135634846; UID 10093; state: DISABLED
03-19 14:41:54.958 1549 1582 I am_proc_died: [0,18341,com.yibasan.lizhifm:player,200,4]
03-19 14:41:54.959 1549 1582 W ActivityManager: Scheduling restart of crashed service com.yibasan.lizhifm/.voicebusiness.player.base.audioengine.service.PlayerProcessAIDLService in 10979ms for connection
03-19 14:41:54.959 1549 1582 I am_schedule_service_restart: [0,com.yibasan.lizhifm/.voicebusiness.player.base.audioengine.service.PlayerProcessAIDLService,10979]
03-19 14:41:54.959 1549 1582 W ActivityManager: Scheduling restart of crashed service com.yibasan.lizhifm/com.yibasan.audio.player.MediaPlayerService in 20979ms for connection
03-19 14:41:54.959 1549 1582 I am_schedule_service_restart: [0,com.yibasan.lizhifm/com.yibasan.audio.player.MediaPlayerService,20979]
03-19 14:41:54.961 1549 1549 I sysui_multi_action: [757,128,758,5,759,8,793,1455784,794,0,795,1455784,796,19081,806,com.yibasan.lizhifm,857,lz_channel_player,858,4,946,PlayerControllerBar,947,0,1500,1455582,1641,transport,1688,1,1745,1043716538]
03-19 14:41:54.961 1549 1549 I notification_canceled: [0|com.yibasan.lizhifm|19081|null|10093,8,1455784,1455784,0,-1,-1,NULL]
03-19 14:41:54.964 1549 1549 D CompatibilityChangeReporter: Compat change id reported: 175319604; UID 1000; state: ENABLED
03-19 14:41:54.965 1549 1549 D CompatibilityChangeReporter: Compat change id reported: 175319604; UID 1000; state: DISABLED
03-19 14:41:54.969 1549 1667 I am_pss : [23265,10063,com.android.gallery3d,22919168,17240064,397312,139005952,0,19,7]
03-19 14:41:54.974 1549 1582 W FreeFormWindowHelper: Current Display FreeFormTask is null
03-19 14:41:54.978 1549 1667 W UsageStatsService: Unexpected activity event reported! (com.android.music/com.android.music.VideoBrowserActivity event : 23 instanceId : 149418261)
03-19 14:41:54.980 1549 1582 I am_proc_died: [0,18204,com.yibasan.lizhifm:impush,935,19]
03-19 14:41:54.980 1549 1582 W ActivityManager: Scheduling restart of crashed service com.yibasan.lizhifm/com.lizhi.im5.netadapter.service.IM5ServiceNative in 30958ms for connection
03-19 14:41:54.980 1549 1582 I am_schedule_service_restart: [0,com.yibasan.lizhifm/com.lizhi.im5.netadapter.service.IM5ServiceNative,30958]
03-19 14:41:54.982 1549 4216 I am_proc_died: [0,23426,com.yibasan.lizhifm:QS,500,10]
03-19 14:41:54.982 1549 4216 W ActivityManager: Scheduling restart of crashed service com.yibasan.lizhifm/com.q.m.QS in 40956ms for start-requested
03-19 14:41:54.982 1549 4216 I am_schedule_service_restart: [0,com.yibasan.lizhifm/com.q.m.QS,40956]
03-19 14:41:54.983 1549 1793 I GameModeConfig: isGameModeOn = true
03-19 14:41:54.983 1549 1793 I GameModeConfig: isGaming = false
03-19 14:41:54.983 1549 1793 I GameModeConfig: isGameModeOn = true
03-19 14:41:54.983 1549 1793 I GameModeConfig: isGaming = false
03-19 14:41:54.983 1549 1793 I GameModeConfig: isGameModeOn = true
03-19 14:41:54.983 1549 1793 I GameModeConfig: isGaming = false
03-19 14:41:54.983 1549 1793 I GameModeConfig: isGameModeOn = true
03-19 14:41:54.983 1549 1793 I GameModeConfig: isGaming = false
03-19 14:41:54.983 1549 1793 I GameModeConfig: isGameModeOn = true
03-19 14:41:54.983 1549 1793 I GameModeConfig: isGaming = false
03-19 14:41:54.985 1549 1549 I notification_enqueue: [10078,2018,com.android.systemui,1,empty_media,0,Notification(channel=empty_media_style_id shortcut=null contentView=null vibrate=null sound=null defaults=0x0 flags=0x20 color=0x00000000 category=transport groupKey=empty_media actions=5 vis=PRIVATE),0]
03-19 14:41:55.057 1549 8362 I am_proc_died: [0,18320,com.yibasan.lizhifm:push,905,19]
03-19 14:41:55.058 1549 8362 W ActivityManager: Scheduling restart of crashed service com.yibasan.lizhifm/.itnet.service.ITNetSvcNative in 50881ms for connection
03-19 14:41:55.058 1549 8362 I am_schedule_service_restart: [0,com.yibasan.lizhifm/.itnet.service.ITNetSvcNative,50881]
03-19 14:41:55.058 1549 8362 W ActivityManager: Scheduling restart of crashed service com.yibasan.lizhifm/com.xiaomi.push.service.XMPushService in 60881ms for connection
03-19 14:41:55.058 1549 8362 I am_schedule_service_restart: [0,com.yibasan.lizhifm/com.xiaomi.push.service.XMPushService,60881]
01-01 09:29:35.912 0 0 I binder : undelivered TRANSACTION_COMPLETE
03-19 14:41:55.077 1549 10196 I WindowManager: WIN DEATH: Window{23f7914 u0 com.yibasan.lizhifm/com.yibasan.lizhifm.activities.fm.LZNavBarActivity}
03-19 14:41:55.078 1549 4916 I am_proc_died: [0,18102,com.yibasan.lizhifm,915,19]
01-01 09:29:35.912 0 0 I binder : undelivered transaction 1850229, process died.
03-19 14:41:55.084 1549 4916 I wm_task_removed: [126,removeChild:removeChild last r=ActivityRecord{75b3738 u0 com.yibasan.lizhifm/.activities.fm.LZNavBarActivity t-1 f}} in t=Task{506079e #126 type=standard A=10093:com.yibasan.lizhifm U=0 visible=false mode=fullscreen translucent=true sz=0}]
03-19 14:41:55.084 1549 4916 I wm_task_removed: [126,removeChild]
