03-19 14:24:32.970 1549 1582 I thunderperf: CompatConfig.addOverrideUnsafe: bef-state=0
03-19 14:24:32.970 1549 1582 I thunderperf: CompatConfig.addOverrideUnsafe: aft-state=0
03-19 14:24:32.970 1549 1582 I thunderperf: CompatConfig.addOverrideUnsafe: bef-state=0
03-19 14:24:32.970 1549 1582 I thunderperf: CompatConfig.addOverrideUnsafe: aft-state=0
03-19 14:24:32.970 1549 1582 I thunderperf: CompatConfig.addOverrideUnsafe: bef-state=0
03-19 14:24:32.970 1549 1582 I thunderperf: CompatConfig.addOverrideUnsafe: aft-state=0
03-19 14:24:32.971 1549 1582 I thunderperf: CompatConfig.addOverrideUnsafe: bef-state=0
03-19 14:24:32.971 1549 1582 I thunderperf: CompatConfig.addOverrideUnsafe: aft-state=0
03-19 14:24:32.977 1549 1582 I ActivityTaskManager: START u0 {flg=0x10000000 cmp=com.android.systemui/.screenrecord.ScreenRecordDialog} from uid 10078
03-19 14:24:32.981 1549 1582 W ActivityTaskManager: Can't find TaskDisplayArea to determine support for multi window. Task id=112 attached=false
03-19 14:24:32.987 1549 4829 I ActivityTaskManager: FOREGROUND_APPLICATION_CHANGED to com.android.systemui.screenrecord.ScreenRecordDialog
03-19 14:24:32.988 1549 4829 I ActivityTaskManager: The Process com.android.systemui Already Exists in BG. So sending its PID: 2018
03-19 14:24:32.988 1549 4829 W ActivityTaskManager: Tried to set launchTime (0) < mLastActivityLaunchTime (4278752)
03-19 14:24:33.092 1549 12818 W FreeFormWindowHelper: Current Display FreeFormTask is null
03-19 14:24:33.276 1549 1793 I GameModeConfig: isGameModeOn = false
03-19 14:24:33.276 1549 1793 I GameModeConfig: isGameModeOn = false
03-19 14:24:33.276 1549 1793 I GameModeConfig: isGameModeOn = false
03-19 14:24:33.276 1549 1793 I GameModeConfig: isGameModeOn = false
03-19 14:24:33.276 1549 1793 I GameModeConfig: isGameModeOn = false
03-19 14:24:33.276 1549 1793 I GameModeConfig: isGameModeOn = false
01-01 09:12:14.147 0 0 E DTC_Display: screen not ready
03-19 14:24:33.478 1549 1549 I GameModeConfig: isGameModeOn = false
03-19 14:24:34.508 1549 1668 I DropBoxManagerService: add tag=system_server_wtf isTagEnabled=true flags=0x2
03-19 14:24:34.509 1549 1668 I DropBoxManagerService: add tag=system_server_wtf isTagEnabled=true flags=0x2
03-19 14:24:34.518 1549 1582 I ActivityTaskManager: FOREGROUND_APPLICATION_CHANGED to com.android.launcher3.uioverrides.QuickstepLauncher
03-19 14:24:34.621 1549 4829 W FreeFormWindowHelper: Current Display FreeFormTask is null
03-19 14:24:34.797 1549 1657 W ActivityTaskManager: Can't find TaskDisplayArea to determine support for multi window. Task id=112 attached=false
03-19 14:24:34.797 1549 1657 W ActivityTaskManager: Can't find TaskDisplayArea to determine support for multi window. Task id=112 attached=false
01-01 09:12:15.803 0 0 E DTC_ETH,link_delay_work_func: 3003, SQI=0, link=0
01-01 09:12:17.731 0 0 E DTC_Display: screen not ready
01-01 09:12:18.307 0 0 E msm_pcm_playback_close: CMD_EOS failed, cmd_pending 0x8
01-01 09:12:18.386 0 0 I msm_vidc: high: 00000002: ....d: Opening video instance: 0000000000000000, 1
01-01 09:12:18.387 0 0 I msm_vidc: err : 00000002: ....d: Failed to create debugfs for msm_vidc
01-01 09:12:18.394 0 0 I msm_vidc: high: 00000002: h264d: Closed video instance: 0000000000000000
01-01 09:12:18.400 0 0 I msm_vidc: high: 00000002: ....e: Opening video instance: 0000000000000000, 0
01-01 09:12:18.400 0 0 I msm_vidc: err : 00000002: ....e: Failed to create debugfs for msm_vidc
03-19 14:24:37.596 1549 12818 I DisplayDeviceRepository: Display device added: DisplayDeviceInfo{"Recording Display": uniqueId="virtual:com.android.systemui,10078,Recording Display,0", 2560 x 1080, modeId 11, defaultModeId 11, supportedModes [{id=11, width=2560, height=1080, fps=60.0, alternativeRefreshRates=[]}], colorMode 0, supportedColorModes [0], hdrCapabilities null, allmSupported false, gameContentTypeSupported false, density 240, 240.0 x 240.0 dpi, appVsyncOff 0, presDeadline 16666666, touch NONE, rotation 0, type VIRTUAL, deviceProductInfo null, state ON, owner com.android.systemui (uid 10078), frameRateOverride , brightnessMinimum 0.0, brightnessMaximum 0.0, brightnessDefault 0.0, FLAG_PRIVATE, FLAG_PRESENTATION}
03-19 14:24:37.597 1549 12818 I LogicalDisplayMapper: Applying layout: [{addr: {port=129, model=0x40446d97fee5e6}, dispId: 0(ON)}], Previous layout: [{addr: {port=129, model=0x40446d97fee5e6}, dispId: 0(ON)}]
03-19 14:24:37.597 1549 12818 I LogicalDisplayMapper: Adding new display: 9: DisplayInfo{"Recording Display", displayId 9", displayGroupId -1, FLAG_PRIVATE, FLAG_PRESENTATION, real 2560 x 1080, largest app 2560 x 1080, smallest app 2560 x 1080, appVsyncOff 0, presDeadline 16666666, mode 11, defaultMode 11, modes [{id=11, width=2560, height=1080, fps=60.0, alternativeRefreshRates=[]}], hdrCapabilities null, userDisabledHdrTypes [], minimalPostProcessingSupported false, rotation 0, state ON, type VIRTUAL, uniqueId "virtual:com.android.systemui,10078,Recording Display,0", app 2560 x 1080, density 240 (240.0 x 240.0) dpi, layerStack 9, colorMode 0, supportedColorModes [0], deviceProductInfo null, owner com.android.systemui (uid 10078), removeMode 1, refreshRateOverride 0.0, brightnessMinimum 0.0, brightnessMaximum 0.0, brightnessDefault 0.0}
03-19 14:24:37.598 1549 12818 I LogicalDisplayMapper: Setting new display group 0 for display 9, from previous group: null
03-19 14:24:37.599 1549 12818 W DisplayPowerController[9]: Screen brightness nits configuration is unavailable; falling back
03-19 14:24:37.613 1549 1654 W DisplayManagerService: Display DisplayDeviceInfo{"Recording Display": uniqueId="virtual:com.android.systemui,10078,Recording Display,0", 2560 x 1080, modeId 11, defaultModeId 11, supportedModes [{id=11, width=2560, height=1080, fps=60.0, alternativeRefreshRates=[]}], colorMode 0, supportedColorModes [0], hdrCapabilities null, allmSupported false, gameContentTypeSupported false, density 240, 240.0 x 240.0 dpi, appVsyncOff 0, presDeadline 16666666, touch NONE, rotation 0, type VIRTUAL, deviceProductInfo null, state ON, owner com.android.systemui (uid 10078), frameRateOverride , brightnessMinimum 0.0, brightnessMaximum 0.0, brightnessDefault 0.0, FLAG_PRIVATE, FLAG_PRESENTATION} does not support input device matching.
03-19 14:24:37.613 1549 1668 I DropBoxManagerService: add tag=system_server_wtf isTagEnabled=true flags=0x2
03-19 14:24:37.613 1549 1654 W DisplayManagerService: Display DisplayDeviceInfo{"Recording Display": uniqueId="virtual:com.android.systemui,10078,Recording Display,0", 2560 x 1080, modeId 11, defaultModeId 11, supportedModes [{id=11, width=2560, height=1080, fps=60.0, alternativeRefreshRates=[]}], colorMode 0, supportedColorModes [0], hdrCapabilities null, allmSupported false, gameContentTypeSupported false, density 240, 240.0 x 240.0 dpi, appVsyncOff 0, presDeadline 16666666, touch NONE, rotation 0, type VIRTUAL, deviceProductInfo null, state ON, owner com.android.systemui (uid 10078), frameRateOverride , brightnessMinimum 0.0, brightnessMaximum 0.0, brightnessDefault 0.0, FLAG_PRIVATE, FLAG_PRESENTATION} does not support input device matching.
03-19 14:24:37.616 1549 1668 I DropBoxManagerService: add tag=system_server_wtf isTagEnabled=true flags=0x2
03-19 14:24:37.617 1549 1793 I GameModeConfig: isGameModeOn = false
03-19 14:24:37.617 1549 1793 I GameModeConfig: isGameModeOn = false
03-19 14:24:37.617 1549 1793 I GameModeConfig: isGameModeOn = false
03-19 14:24:37.617 1549 1793 I GameModeConfig: isGameModeOn = false
03-19 14:24:37.617 1549 1793 I GameModeConfig: isGameModeOn = false
03-19 14:24:37.617 1549 1793 I GameModeConfig: isGameModeOn = false
03-19 14:24:37.625 1549 1654 I WindowManager: Override config changes=20005df8 {0.0 ?mcc?mnc ?localeList ?layoutDir sw720dp w1706dp h720dp 240dpi xlrg long land ?uimode ?night -touch -keyb/v/h -nav/h winConfig={ mBounds=Rect(0, 0 - 2560, 1080) mAppBounds=Rect(0, 0 - 2560, 1080) mMaxBounds=Rect(0, 0 - 2560, 1080) mWindowingMode=fullscreen mDisplayWindowingMode=fullscreen mActivityType=undefined mAlwaysOnTop=undefined mRotation=ROTATION_0} ?fontWeightAdjustment} for displayId=9
03-19 14:24:37.626 1549 1654 W DisplayManagerService: Display DisplayDeviceInfo{"virtual_display_ls": uniqueId="virtual:com.tencent.android.qqdownloader,10094,virtual_display_ls,0", 5 x 5, modeId 8, defaultModeId 8, supportedModes [{id=8, width=5, height=5, fps=60.0, alternativeRefreshRates=[]}], colorMode 0, supportedColorModes [0], hdrCapabilities null, allmSupported false, gameContentTypeSupported false, density 240, 240.0 x 240.0 dpi, appVsyncOff 0, presDeadline 16666666, touch NONE, rotation 0, type VIRTUAL, deviceProductInfo null, state OFF, owner com.tencent.android.qqdownloader (uid 10094), frameRateOverride , brightnessMinimum 0.0, brightnessMaximum 0.0, brightnessDefault 0.0, FLAG_PRIVATE, FLAG_NEVER_BLANK, FLAG_OWN_CONTENT_ONLY} does not support input device matching.
03-19 14:24:37.626 1549 1654 W DisplayManagerService: Display DisplayDeviceInfo{"Recording Display": uniqueId="virtual:com.android.systemui,10078,Recording Display,0", 2560 x 1080, modeId 11, defaultModeId 11, supportedModes [{id=11, width=2560, height=1080, fps=60.0, alternativeRefreshRates=[]}], colorMode 0, supportedColorModes [0], hdrCapabilities null, allmSupported false, gameContentTypeSupported false, density 240, 240.0 x 240.0 dpi, appVsyncOff 0, presDeadline 16666666, touch NONE, rotation 0, type VIRTUAL, deviceProductInfo null, state ON, owner com.android.systemui (uid 10078), frameRateOverride , brightnessMinimum 0.0, brightnessMaximum 0.0, brightnessDefault 0.0, FLAG_PRIVATE, FLAG_PRESENTATION} does not support input device matching.
03-19 14:24:37.628 1549 1654 I WindowManager: Screen frozen for +14ms due to new-config
03-19 14:24:37.632 1549 1684 V DisplayPowerController[9]: Brightness [0.0] reason changing to: 'manual', previous reason: '0'.
03-19 14:24:37.638 1549 1657 W DisplayManagerService: Display DisplayDeviceInfo{"virtual_display_ls": uniqueId="virtual:com.tencent.android.qqdownloader,10094,virtual_display_ls,0", 5 x 5, modeId 8, defaultModeId 8, supportedModes [{id=8, width=5, height=5, fps=60.0, alternativeRefreshRates=[]}], colorMode 0, supportedColorModes [0], hdrCapabilities null, allmSupported false, gameContentTypeSupported false, density 240, 240.0 x 240.0 dpi, appVsyncOff 0, presDeadline 16666666, touch NONE, rotation 0, type VIRTUAL, deviceProductInfo null, state OFF, owner com.tencent.android.qqdownloader (uid 10094), frameRateOverride , brightnessMinimum 0.0, brightnessMaximum 0.0, brightnessDefault 0.0, FLAG_PRIVATE, FLAG_NEVER_BLANK, FLAG_OWN_CONTENT_ONLY} does not support input device matching.
03-19 14:24:37.638 1549 1657 W DisplayManagerService: Display DisplayDeviceInfo{"Recording Display": uniqueId="virtual:com.android.systemui,10078,Recording Display,0", 2560 x 1080, modeId 11, defaultModeId 11, supportedModes [{id=11, width=2560, height=1080, fps=60.0, alternativeRefreshRates=[]}], colorMode 0, supportedColorModes [0], hdrCapabilities null, allmSupported false, gameContentTypeSupported false, density 240, 240.0 x 240.0 dpi, appVsyncOff 0, presDeadline 16666666, touch NONE, rotation 0, type VIRTUAL, deviceProductInfo null, state ON, owner com.android.systemui (uid 10078), frameRateOverride , brightnessMinimum 0.0, brightnessMaximum 0.0, brightnessDefault 0.0, FLAG_PRIVATE, FLAG_PRESENTATION} does not support input device matching.
03-19 14:24:37.662 2018 2018 W DisplayController: Skipping Display Configuration change on non-added display.
03-19 14:24:37.671 1549 2112 W AppOps : Noting op not finished: uid 10078 pkg com.android.systemui code 24 startTime of in progress event=1679202751183
03-19 14:24:37.823 1549 1549 I GameModeConfig: isGameModeOn = false
01-01 09:12:20.899 0 0 E DTC_Display: screen not ready
01-01 09:12:20.923 0 0 E DTC_ETH,link_delay_work_func: 3003, SQI=0, link=0
01-01 09:12:23.609 0 0 I msm_vidc: high: 00000002: h264e: Closed video instance: 0000000000000000
03-19 14:24:42.792 1549 2112 I DisplayDeviceRepository: Display device removed: DisplayDeviceInfo{"Recording Display": uniqueId="virtual:com.android.systemui,10078,Recording Display,0", 2560 x 1080, modeId 11, defaultModeId 11, supportedModes [{id=11, width=2560, height=1080, fps=60.0, alternativeRefreshRates=[]}], colorMode 0, supportedColorModes [0], hdrCapabilities null, allmSupported false, gameContentTypeSupported false, density 240, 240.0 x 240.0 dpi, appVsyncOff 0, presDeadline 16666666, touch NONE, rotation 0, type VIRTUAL, deviceProductInfo null, state ON, owner com.android.systemui (uid 10078), frameRateOverride , brightnessMinimum 0.0, brightnessMaximum 0.0, brightnessDefault 0.0, FLAG_PRIVATE, FLAG_PRESENTATION}
03-19 14:24:42.794 1549 2112 I LogicalDisplayMapper: Removing display: 9
03-19 14:24:42.797 1549 1654 W DisplayManagerService: Display DisplayDeviceInfo{"virtual_display_ls": uniqueId="virtual:com.tencent.android.qqdownloader,10094,virtual_display_ls,0", 5 x 5, modeId 8, defaultModeId 8, supportedModes [{id=8, width=5, height=5, fps=60.0, alternativeRefreshRates=[]}], colorMode 0, supportedColorModes [0], hdrCapabilities null, allmSupported false, gameContentTypeSupported false, density 240, 240.0 x 240.0 dpi, appVsyncOff 0, presDeadline 16666666, touch NONE, rotation 0, type VIRTUAL, deviceProductInfo null, state OFF, owner com.tencent.android.qqdownloader (uid 10094), frameRateOverride , brightnessMinimum 0.0, brightnessMaximum 0.0, brightnessDefault 0.0, FLAG_PRIVATE, FLAG_NEVER_BLANK, FLAG_OWN_CONTENT_ONLY} does not support input device matching.
03-19 14:24:42.805 1549 1668 I DropBoxManagerService: add tag=system_server_wtf isTagEnabled=true flags=0x2
03-19 14:24:42.817 1549 4216 W WindowManager: Failed looking up window session=Session{15a0080 2018:u0a10078} callers=com.android.server.wm.WindowManagerService.windowForClientLocked:5628 com.android.server.wm.WindowManagerService.removeWindow:2033 com.android.server.wm.Session.remove:218
01-01 09:12:23.721 0 0 I msm_vidc: high: 00000002: ....d: Opening video instance: 0000000000000000, 1
01-01 09:12:23.721 0 0 I msm_vidc: err : 00000002: ....d: Failed to create debugfs for msm_vidc
01-01 09:12:23.814 0 0 I msm_vidc: high: 00000002: h264d: Closed video instance: 0000000000000000
03-19 14:24:43.001 1549 1549 I GameModeConfig: isGameModeOn = false
03-19 14:24:43.249 1549 1549 I GameModeConfig: isGameModeOn = false
01-01 09:12:24.179 0 0 E DTC_Display: screen not ready
03-19 14:24:43.508 1549 1793 I GameModeConfig: isGameModeOn = false
03-19 14:24:44.862 1549 2112 D CompatibilityChangeReporter: Compat change id reported: 149924527; UID 10063; state: ENABLED
03-19 14:24:44.863 1549 2112 D CompatibilityChangeReporter: Compat change id reported: 132649864; UID 10063; state: DISABLED
03-19 14:24:44.866 1549 2112 I ActivityTaskManager: START u0 {act=android.intent.action.VIEW dat=content://media/external_primary/video/media/385 typ=video/mp4 flg=0x10000001 cmp=com.android.gallery3d/.app.MovieActivity} from uid 10078
03-19 14:24:44.868 1549 2112 W ActivityTaskManager: Can't find TaskDisplayArea to determine support for multi window. Task id=113 attached=false
03-19 14:24:44.870 1549 2112 D CompatibilityChangeReporter: Compat change id reported: 174042980; UID 10063; state: DISABLED
03-19 14:24:44.870 1549 2112 D CompatibilityChangeReporter: Compat change id reported: 184838306; UID 10063; state: DISABLED
03-19 14:24:44.871 1549 2112 D CompatibilityChangeReporter: Compat change id reported: 185004937; UID 10063; state: DISABLED
03-19 14:24:44.871 1549 2112 D CompatibilityChangeReporter: Compat change id reported: 181136395; UID 10063; state: DISABLED
03-19 14:24:44.871 1549 2112 D CompatibilityChangeReporter: Compat change id reported: 174042936; UID 10063; state: DISABLED
03-19 14:24:44.872 1549 2112 D CompatibilityChangeReporter: Compat change id reported: 168419799; UID 10063; state: DISABLED
03-19 14:24:44.872 1549 2112 V SplashScreenExceptionList: SplashScreen checking exception for package com.android.gallery3d (target sdk:29) -> false
03-19 14:24:44.875 1549 12818 I ActivityTaskManager: FOREGROUND_APPLICATION_CHANGED to com.android.gallery3d.app.MovieActivity
03-19 14:24:44.875 1549 12818 I ActivityTaskManager: The Process com.android.gallery3d Already Exists in BG. So sending its PID: 20421
03-19 14:24:44.878 2018 2149 D PhoneStartingWindowTypeAlgorithm: preferredStartingWindowType newTask:true taskSwitch:true processRunning:true allowTaskSnapshot:true activityCreated:false useEmptySplashScreen:true legacySplashScreen:false topIsHome:false
03-19 14:24:44.878 2018 2149 D StartingSurfaceDrawer: addSplashScreen com.android.gallery3d theme=7f120034 task=113 suggestType=3
03-19 14:24:44.882 2018 2150 D StartingSurfaceDrawer: window attributes color: 0 icon null duration 0 brandImage null
03-19 14:24:44.883 2018 2150 D StartingSurfaceDrawer: fillViewWithIcon surfaceWindowView android.window.SplashScreenView{1da4ea8 V.E...... ......ID 0,0-0,0}
03-19 14:24:44.898 1549 12818 D CompatibilityChangeReporter: Compat change id reported: 182734110; UID 10063; state: DISABLED
03-19 14:24:44.915 1549 2112 W WindowManager: Failed looking up window session=Session{7e8bba7 20421:u0a10063} callers=com.android.server.wm.WindowManagerService.windowForClientLocked:5628 com.android.server.wm.Session.insetsModified:629 android.view.IWindowSession$Stub.onTransact:1151
01-01 09:12:25.775 0 0 I binder : 20421:20499 ioctl 40046210 71aacf51f4 returned -22
01-01 09:12:25.806 0 0 I msm_vidc: high: 00000002: ....d: Opening video instance: 0000000000000000, 1
01-01 09:12:25.806 0 0 I msm_vidc: err : 00000002: ....d: Failed to create debugfs for msm_vidc
03-19 14:24:44.973 1549 2112 W ActivityTaskManager: Request to remove task ignored for non-existent task 112
03-19 14:24:44.975 2018 2149 D StartingSurfaceDrawer: Task start finish, remove starting surface for task 113
03-19 14:24:44.975 2018 2149 V StartingSurfaceDrawer: Removing splash screen window for task: 113
03-19 14:24:44.980 1549 12818 W FreeFormWindowHelper: Current Display FreeFormTask is null
01-01 09:12:26.043 0 0 E DTC_ETH,link_delay_work_func: 3003, SQI=0, link=0
03-19 14:24:45.407 1549 2112 W NotificationService: Toast already killed. pkg=com.android.systemui token=android.os.BinderProxy@1abcfa1
03-19 14:24:45.443 1549 1793 I GameModeConfig: isGameModeOn = false
03-19 14:24:45.444 1549 1793 I GameModeConfig: isGameModeOn = false
03-19 14:24:45.444 1549 1793 I GameModeConfig: isGameModeOn = false
03-19 14:24:45.444 1549 1793 I GameModeConfig: isGameModeOn = false
03-19 14:24:45.444 1549 1793 I GameModeConfig: isGameModeOn = false
03-19 14:24:45.444 1549 1793 I GameModeConfig: isGameModeOn = false
03-19 14:24:45.645 1549 1549 I GameModeConfig: isGameModeOn = false
01-01 09:12:27.331 0 0 E DTC_Display: screen not ready
03-19 14:24:47.167 1549 4829 W FreeFormWindowHelper: Current Display FreeFormTask is null
03-19 14:24:47.168 1549 4829 W FreeFormWindowHelper: Current Display FreeFormTask is null
03-19 14:24:47.173 1549 4829 W FreeFormWindowHelper: Current Display FreeFormTask is null
03-19 14:24:47.177 1549 10380 W FreeFormWindowHelper: Current Display FreeFormTask is null
03-19 14:24:47.192 1549 1653 D AutofillManagerService: Close system dialogs
03-19 14:24:47.197 1549 4829 W FreeFormWindowHelper: Current Display FreeFormTask is null
03-19 14:24:47.197 1549 4829 W FreeFormWindowHelper: Current Display FreeFormTask is null
03-19 14:24:47.197 1549 2112 W FreeFormWindowHelper: Current Display FreeFormTask is null
03-19 14:24:47.215 1549 2112 W FreeFormWindowHelper: Current Display FreeFormTask is null
03-19 14:24:47.215 1549 2112 W ActivityTaskManager: getTaskSnapshot: taskId=-559 not found
03-19 14:24:47.215 1549 2112 W FreeFormWindowHelper: Current Display FreeFormTask is null
03-19 14:24:47.217 1549 12818 W ActivityTaskManager: getTaskSnapshot: taskId=-521 not found
03-19 14:24:47.219 1549 2112 W ActivityTaskManager: getTaskSnapshot: taskId=-520 not found
03-19 14:24:47.220 1549 12818 W ActivityTaskManager: getTaskSnapshot: taskId=-520 not found
03-19 14:24:47.221 1549 12818 W FreeFormWindowHelper: Current Display FreeFormTask is null
03-19 14:24:47.221 1549 12818 W FreeFormWindowHelper: Current Display FreeFormTask is null
03-19 14:24:47.229 1549 12818 W FreeFormWindowHelper: Current Display FreeFormTask is null
03-19 14:24:47.229 1549 12818 W FreeFormWindowHelper: Current Display FreeFormTask is null
03-19 14:24:47.629 1549 1793 I GameModeConfig: isGameModeOn = false
01-01 09:12:28.547 0 0 E msm_pcm_playback_close: CMD_EOS failed, cmd_pending 0x8
03-19 14:24:47.943 1549 12818 W FreeFormWindowHelper: Current Display FreeFormTask is null
03-19 14:24:47.944 1549 12818 W FreeFormWindowHelper: Current Display FreeFormTask is null
03-19 14:24:47.955 1549 4829 W FreeFormWindowHelper: Current Display FreeFormTask is null
03-19 14:24:47.955 1549 12818 W FreeFormWindowHelper: Current Display FreeFormTask is null
03-19 14:24:47.970 1549 10380 W FreeFormWindowHelper: Current Display FreeFormTask is null
03-19 14:24:47.970 1549 10380 W FreeFormWindowHelper: Current Display FreeFormTask is null
03-19 14:24:47.971 1549 10380 W FreeFormWindowHelper: exitRecentTasks type=0
03-19 14:24:47.979 1549 1667 W UsageStatsService: Unexpected activity event reported! (com.android.launcher3/com.android.launcher3.uioverrides.QuickstepLauncher event : 23 instanceId : 50430139)
03-19 14:24:48.467 1549 4829 W FreeFormWindowHelper: Current Display FreeFormTask is null
03-19 14:24:48.469 1549 2112 W FreeFormWindowHelper: Current Display FreeFormTask is null
03-19 14:24:48.487 1549 2112 W FreeFormWindowHelper: Current Display FreeFormTask is null
03-19 14:24:48.488 1549 2112 W FreeFormWindowHelper: Current Display FreeFormTask is null
03-19 14:24:48.498 1549 10380 W ActivityTaskManager: getTaskSnapshot: taskId=-267 not found
03-19 14:24:48.502 1549 10380 W ActivityTaskManager: getTaskSnapshot: taskId=-265 not found
03-19 14:24:48.504 1549 12818 W FreeFormWindowHelper: Current Display FreeFormTask is null
03-19 14:24:48.504 1549 12818 W FreeFormWindowHelper: Current Display FreeFormTask is null
03-19 14:24:48.505 1549 12818 W ActivityTaskManager: getTaskSnapshot: taskId=-265 not found
03-19 14:24:48.513 1549 12818 W FreeFormWindowHelper: Current Display FreeFormTask is null
03-19 14:24:48.513 1549 12818 W FreeFormWindowHelper: Current Display FreeFormTask is null
03-19 14:24:48.532 1549 12818 W FreeFormWindowHelper: Current Display FreeFormTask is null
03-19 14:24:48.533 1549 12818 W FreeFormWindowHelper: Current Display FreeFormTask is null
03-19 14:24:48.534 1549 1653 D AutofillManagerService: Close system dialogs
03-19 14:24:48.535 1549 12818 W ActivityTaskManager: getTaskSnapshot: taskId=-203 not found
03-19 14:24:48.538 1549 12818 W ActivityTaskManager: getTaskSnapshot: taskId=-202 not found
03-19 14:24:48.540 1549 12818 W ActivityTaskManager: getTaskSnapshot: taskId=-202 not found
03-19 14:24:48.547 1549 12818 W FreeFormWindowHelper: Current Display FreeFormTask is null
03-19 14:24:48.547 1549 12818 W FreeFormWindowHelper: Current Display FreeFormTask is null
03-19 14:24:48.563 1549 10380 W FreeFormWindowHelper: Current Display FreeFormTask is null
03-19 14:24:48.563 1549 10380 W FreeFormWindowHelper: Current Display FreeFormTask is null
03-19 14:24:49.269 1549 12818 W FreeFormWindowHelper: Current Display FreeFormTask is null
03-19 14:24:49.269 1549 12818 W FreeFormWindowHelper: Current Display FreeFormTask is null
03-19 14:24:49.275 1549 4829 W FreeFormWindowHelper: Current Display FreeFormTask is null
03-19 14:24:49.276 1549 12818 W FreeFormWindowHelper: Current Display FreeFormTask is null
03-19 14:24:49.291 1549 4829 W FreeFormWindowHelper: exitRecentTasks type=0
03-19 14:24:49.299 1549 1667 W UsageStatsService: Unexpected activity event reported! (com.android.launcher3/com.android.launcher3.uioverrides.QuickstepLauncher event : 23 instanceId : 50430139)
03-19 14:24:49.722 1549 4829 W FreeFormWindowHelper: Current Display FreeFormTask is null
03-19 14:24:49.724 1549 4829 W FreeFormWindowHelper: Current Display FreeFormTask is null
03-19 14:24:49.752 1549 12818 W FreeFormWindowHelper: Current Display FreeFormTask is null
03-19 14:24:49.752 1549 12818 W FreeFormWindowHelper: Current Display FreeFormTask is null
03-19 14:24:49.762 1549 12818 W ActivityTaskManager: getTaskSnapshot: taskId=-12 not found
03-19 14:24:49.764 1549 12818 W ActivityTaskManager: getTaskSnapshot: taskId=-11 not found
03-19 14:24:49.765 1549 12818 W ActivityTaskManager: getTaskSnapshot: taskId=-11 not found
03-19 14:24:49.772 1549 12818 W FreeFormWindowHelper: Current Display FreeFormTask is null
03-19 14:24:49.772 1549 12818 W FreeFormWindowHelper: Current Display FreeFormTask is null
03-19 14:24:49.783 1549 12818 W FreeFormWindowHelper: Current Display FreeFormTask is null
03-19 14:24:49.783 1549 12818 W FreeFormWindowHelper: Current Display FreeFormTask is null
03-19 14:24:49.794 1549 12818 W FreeFormWindowHelper: Current Display FreeFormTask is null
03-19 14:24:49.796 1549 2112 W FreeFormWindowHelper: Current Display FreeFormTask is null
03-19 14:24:49.798 1549 1653 D AutofillManagerService: Close system dialogs
03-19 14:24:49.799 1549 10380 W FreeFormWindowHelper: Current Display FreeFormTask is null
03-19 14:24:49.799 1549 10380 W FreeFormWindowHelper: Current Display FreeFormTask is null
03-19 14:24:49.800 1549 12818 W ActivityTaskManager: getTaskSnapshot: taskId=-940 not found
03-19 14:24:49.803 1549 12818 W ActivityTaskManager: getTaskSnapshot: taskId=-940 not found
03-19 14:24:49.804 1549 12818 W ActivityTaskManager: getTaskSnapshot: taskId=-940 not found
03-19 14:24:49.816 1549 12818 W FreeFormWindowHelper: Current Display FreeFormTask is null
03-19 14:24:49.816 1549 12818 W FreeFormWindowHelper: Current Display FreeFormTask is null
03-19 14:24:49.833 1549 12818 W FreeFormWindowHelper: Current Display FreeFormTask is null
03-19 14:24:49.833 1549 12818 W FreeFormWindowHelper: Current Display FreeFormTask is null
01-01 09:12:30.931 0 0 E DTC_Display: screen not ready
01-01 09:12:31.163 0 0 E DTC_ETH,link_delay_work_func: 3003, SQI=0, link=0
03-19 14:24:50.563 1549 2112 W FreeFormWindowHelper: Current Display FreeFormTask is null
03-19 14:24:50.563 1549 2112 W FreeFormWindowHelper: Current Display FreeFormTask is null
03-19 14:24:50.569 1549 4829 W FreeFormWindowHelper: Current Display FreeFormTask is null
03-19 14:24:50.569 1549 4829 W FreeFormWindowHelper: Current Display FreeFormTask is null
03-19 14:24:50.588 1549 4829 W FreeFormWindowHelper: Current Display FreeFormTask is null
03-19 14:24:50.588 1549 4829 W FreeFormWindowHelper: Current Display FreeFormTask is null
03-19 14:24:50.590 1549 4829 W FreeFormWindowHelper: exitRecentTasks type=0
03-19 14:24:50.606 1549 1667 W UsageStatsService: Unexpected activity event reported! (com.android.launcher3/com.android.launcher3.uioverrides.QuickstepLauncher event : 23 instanceId : 50430139)
03-19 14:24:50.984 1549 4829 W FreeFormWindowHelper: Current Display FreeFormTask is null
03-19 14:24:50.985 1549 2214 W FreeFormWindowHelper: Current Display FreeFormTask is null
03-19 14:24:50.996 1549 2112 W FreeFormWindowHelper: Current Display FreeFormTask is null
03-19 14:24:50.996 1549 10380 W FreeFormWindowHelper: Current Display FreeFormTask is null
03-19 14:24:51.010 1549 10380 W ActivityTaskManager: getTaskSnapshot: taskId=-751 not found
03-19 14:24:51.020 1549 2112 W ActivityTaskManager: getTaskSnapshot: taskId=-750 not found
03-19 14:24:51.022 1549 2112 W FreeFormWindowHelper: Current Display FreeFormTask is null
03-19 14:24:51.022 1549 2112 W FreeFormWindowHelper: Current Display FreeFormTask is null
03-19 14:24:51.027 1549 4829 W ActivityTaskManager: getTaskSnapshot: taskId=-750 not found
03-19 14:24:51.027 1549 10380 W FreeFormWindowHelper: Current Display FreeFormTask is null
03-19 14:24:51.027 1549 10380 W FreeFormWindowHelper: Current Display FreeFormTask is null
03-19 14:24:51.036 1549 2112 W FreeFormWindowHelper: Current Display FreeFormTask is null
03-19 14:24:51.036 1549 2112 W FreeFormWindowHelper: Current Display FreeFormTask is null
03-19 14:24:51.045 1549 1653 D AutofillManagerService: Close system dialogs
03-19 14:24:51.045 1549 10380 W FreeFormWindowHelper: Current Display FreeFormTask is null
03-19 14:24:51.046 1549 2214 W FreeFormWindowHelper: Current Display FreeFormTask is null
03-19 14:24:51.047 1549 12818 W ActivityTaskManager: getTaskSnapshot: taskId=-690 not found
03-19 14:24:51.048 1549 12818 W ActivityTaskManager: getTaskSnapshot: taskId=-690 not found
03-19 14:24:51.048 1549 12818 W ActivityTaskManager: getTaskSnapshot: taskId=-690 not found
03-19 14:24:51.052 1549 12818 W FreeFormWindowHelper: Current Display FreeFormTask is null
03-19 14:24:51.052 1549 12818 W FreeFormWindowHelper: Current Display FreeFormTask is null
03-19 14:24:51.070 1549 2214 W FreeFormWindowHelper: Current Display FreeFormTask is null
03-19 14:24:51.070 1549 2214 W FreeFormWindowHelper: Current Display FreeFormTask is null
01-01 09:12:32.454 0 0 I msm_vidc: high: 00000002: h264d: Closed video instance: 0000000000000000
03-19 14:24:51.636 1549 12818 I ActivityTaskManager: FOREGROUND_APPLICATION_CHANGED to com.android.launcher3.uioverrides.QuickstepLauncher
03-19 14:24:51.739 1549 2214 W FreeFormWindowHelper: Current Display FreeFormTask is null
03-19 14:24:51.757 1549 2112 W FreeFormWindowHelper: Current Display FreeFormTask is null
03-19 14:24:51.757 1549 4829 W FreeFormWindowHelper: Current Display FreeFormTask is null
03-19 14:24:51.760 1549 4216 W FreeFormWindowHelper: Current Display FreeFormTask is null
03-19 14:24:51.761 1549 4829 W FreeFormWindowHelper: Current Display FreeFormTask is null
03-19 14:24:51.772 1549 4216 W FreeFormWindowHelper: Current Display FreeFormTask is null
03-19 14:24:51.772 1549 4829 W FreeFormWindowHelper: Current Display FreeFormTask is null
03-19 14:24:51.786 1549 1657 W ActivityTaskManager: Can't find TaskDisplayArea to determine support for multi window. Task id=113 attached=false
03-19 14:24:51.786 1549 1657 W ActivityTaskManager: Can't find TaskDisplayArea to determine support for multi window. Task id=113 attached=false
03-19 14:24:51.788 1549 10380 W FreeFormWindowHelper: Current Display FreeFormTask is null
03-19 14:24:51.788 1549 10380 W FreeFormWindowHelper: Current Display FreeFormTask is null
03-19 14:24:51.805 1549 2214 W FreeFormWindowHelper: Current Display FreeFormTask is null
03-19 14:24:51.805 1549 2214 W FreeFormWindowHelper: Current Display FreeFormTask is null
03-19 14:24:51.820 1549 2214 W FreeFormWindowHelper: Current Display FreeFormTask is null
03-19 14:24:51.820 1549 2214 W FreeFormWindowHelper: Current Display FreeFormTask is null
03-19 14:24:51.836 1549 2214 W FreeFormWindowHelper: Current Display FreeFormTask is null
03-19 14:24:51.836 1549 2214 W FreeFormWindowHelper: Current Display FreeFormTask is null
03-19 14:24:51.853 1549 10380 W FreeFormWindowHelper: Current Display FreeFormTask is null
03-19 14:24:51.853 1549 10380 W FreeFormWindowHelper: Current Display FreeFormTask is null
03-19 14:24:51.870 1549 4216 W FreeFormWindowHelper: Current Display FreeFormTask is null
03-19 14:24:51.870 1549 4216 W FreeFormWindowHelper: Current Display FreeFormTask is null
03-19 14:24:51.886 1549 2214 W FreeFormWindowHelper: Current Display FreeFormTask is null
03-19 14:24:51.886 1549 2214 W FreeFormWindowHelper: Current Display FreeFormTask is null
03-19 14:24:51.903 1549 10380 W FreeFormWindowHelper: Current Display FreeFormTask is null
03-19 14:24:51.903 1549 10380 W FreeFormWindowHelper: Current Display FreeFormTask is null
03-19 14:24:51.920 1549 2214 W FreeFormWindowHelper: Current Display FreeFormTask is null
03-19 14:24:51.920 1549 2214 W FreeFormWindowHelper: Current Display FreeFormTask is null
03-19 14:24:51.937 1549 4216 W FreeFormWindowHelper: Current Display FreeFormTask is null
03-19 14:24:51.937 1549 2112 W FreeFormWindowHelper: Current Display FreeFormTask is null
03-19 14:24:51.953 1549 2214 W FreeFormWindowHelper: Current Display FreeFormTask is null
03-19 14:24:51.953 1549 2214 W FreeFormWindowHelper: Current Display FreeFormTask is null
03-19 14:24:51.970 1549 10380 W FreeFormWindowHelper: Current Display FreeFormTask is null
03-19 14:24:51.970 1549 10380 W FreeFormWindowHelper: Current Display FreeFormTask is null
03-19 14:24:51.987 1549 4216 W FreeFormWindowHelper: Current Display FreeFormTask is null
03-19 14:24:51.987 1549 4216 W FreeFormWindowHelper: Current Display FreeFormTask is null
03-19 14:24:52.003 1549 4216 W FreeFormWindowHelper: Current Display FreeFormTask is null
03-19 14:24:52.003 1549 4216 W FreeFormWindowHelper: Current Display FreeFormTask is null
03-19 14:24:52.020 1549 10380 W FreeFormWindowHelper: Current Display FreeFormTask is null
03-19 14:24:52.020 1549 10380 W FreeFormWindowHelper: Current Display FreeFormTask is null
03-19 14:24:52.037 1549 2112 W FreeFormWindowHelper: Current Display FreeFormTask is null
03-19 14:24:52.037 1549 2112 W FreeFormWindowHelper: Current Display FreeFormTask is null
03-19 14:24:52.054 1549 4216 W FreeFormWindowHelper: Current Display FreeFormTask is null
03-19 14:24:52.055 1549 4216 W FreeFormWindowHelper: Current Display FreeFormTask is null
03-19 14:24:52.071 1549 10380 W FreeFormWindowHelper: Current Display FreeFormTask is null
03-19 14:24:52.071 1549 2214 W FreeFormWindowHelper: Current Display FreeFormTask is null
03-19 14:24:52.088 1549 2103 W FreeFormWindowHelper: Current Display FreeFormTask is null
03-19 14:24:52.088 1549 2103 W FreeFormWindowHelper: Current Display FreeFormTask is null
03-19 14:24:52.105 1549 2112 W FreeFormWindowHelper: Current Display FreeFormTask is null
03-19 14:24:52.105 1549 2103 W FreeFormWindowHelper: Current Display FreeFormTask is null
03-19 14:24:52.121 1549 10380 W FreeFormWindowHelper: Current Display FreeFormTask is null
03-19 14:24:52.122 1549 10380 W FreeFormWindowHelper: Current Display FreeFormTask is null
03-19 14:24:52.138 1549 2214 W FreeFormWindowHelper: Current Display FreeFormTask is null
03-19 14:24:52.138 1549 2214 W FreeFormWindowHelper: Current Display FreeFormTask is null
03-19 14:24:52.156 1549 2214 W FreeFormWindowHelper: Current Display FreeFormTask is null
03-19 14:24:52.156 1549 2214 W FreeFormWindowHelper: Current Display FreeFormTask is null
03-19 14:24:52.161 1549 2103 E ContentProviderHelper: Unable to check Uri permission because caller is holding WM lock; assuming permission denied
03-19 14:24:52.161 1549 2103 E ContentProviderHelper: java.lang.IllegalStateException: Unable to check Uri permission because caller is holding WM lock; assuming permission denied
03-19 14:24:52.161 1549 2103 E ContentProviderHelper: at com.android.server.am.ContentProviderHelper.checkContentProviderUriPermission(ContentProviderHelper.java:1069)
03-19 14:24:52.161 1549 2103 E ContentProviderHelper: at com.android.server.am.ActivityManagerService$LocalService.checkContentProviderUriPermission(ActivityManagerService.java:15435)
03-19 14:24:52.161 1549 2103 E ContentProviderHelper: at com.android.server.uri.UriGrantsManagerService.checkHoldingPermissionsInternalUnlocked(UriGrantsManagerService.java:1005)
03-19 14:24:52.161 1549 2103 E ContentProviderHelper: at com.android.server.uri.UriGrantsManagerService.checkHoldingPermissionsUnlocked(UriGrantsManagerService.java:915)
03-19 14:24:52.161 1549 2103 E ContentProviderHelper: at com.android.server.uri.UriGrantsManagerService.checkGrantUriPermissionUnlocked(UriGrantsManagerService.java:1135)
03-19 14:24:52.161 1549 2103 E ContentProviderHelper: at com.android.server.uri.UriGrantsManagerService.checkGrantUriPermissionFromIntentUnlocked(UriGrantsManagerService.java:621)
03-19 14:24:52.161 1549 2103 E ContentProviderHelper: at com.android.server.uri.UriGrantsManagerService.access$1000(UriGrantsManagerService.java:107)
03-19 14:24:52.161 1549 2103 E ContentProviderHelper: at com.android.server.uri.UriGrantsManagerService$LocalService.checkGrantUriPermissionFromIntent(UriGrantsManagerService.java:1410)
03-19 14:24:52.161 1549 2103 E ContentProviderHelper: at com.android.server.wm.ActivityStarter$Request.resolveActivity(ActivityStarter.java:538)
03-19 14:24:52.161 1549 2103 E ContentProviderHelper: at com.android.server.wm.ActivityStarter.execute(ActivityStarter.java:637)
03-19 14:24:52.161 1549 2103 E ContentProviderHelper: at com.android.server.wm.ActivityStartController.startActivityInPackage(ActivityStartController.java:281)
03-19 14:24:52.161 1549 2103 E ContentProviderHelper: at com.android.server.wm.ActivityTaskSupervisor.startActivityFromRecents(ActivityTaskSupervisor.java:2770)
03-19 14:24:52.161 1549 2103 E ContentProviderHelper: at com.android.server.wm.ActivityTaskManagerService.startActivityFromRecents(ActivityTaskManagerService.java:1749)
03-19 14:24:52.161 1549 2103 E ContentProviderHelper: at android.app.IActivityTaskManager$Stub.onTransact(IActivityTaskManager.java:1291)
03-19 14:24:52.161 1549 2103 E ContentProviderHelper: at com.android.server.wm.ActivityTaskManagerService.onTransact(ActivityTaskManagerService.java:5072)
03-19 14:24:52.161 1549 2103 E ContentProviderHelper: at android.os.Binder.execTransactInternal(Binder.java:1179)
03-19 14:24:52.161 1549 2103 E ContentProviderHelper: at android.os.Binder.execTransact(Binder.java:1143)
03-19 14:24:52.162 1549 2103 E ContentProviderHelper: Unable to check Uri permission because caller is holding WM lock; assuming permission denied
03-19 14:24:52.162 1549 2103 E ContentProviderHelper: java.lang.IllegalStateException: Unable to check Uri permission because caller is holding WM lock; assuming permission denied
03-19 14:24:52.162 1549 2103 E ContentProviderHelper: at com.android.server.am.ContentProviderHelper.checkContentProviderUriPermission(ContentProviderHelper.java:1069)
03-19 14:24:52.162 1549 2103 E ContentProviderHelper: at com.android.server.am.ActivityManagerService$LocalService.checkContentProviderUriPermission(ActivityManagerService.java:15435)
03-19 14:24:52.162 1549 2103 E ContentProviderHelper: at com.android.server.uri.UriGrantsManagerService.checkHoldingPermissionsInternalUnlocked(UriGrantsManagerService.java:1005)
03-19 14:24:52.162 1549 2103 E ContentProviderHelper: at com.android.server.uri.UriGrantsManagerService.checkHoldingPermissionsUnlocked(UriGrantsManagerService.java:915)
03-19 14:24:52.162 1549 2103 E ContentProviderHelper: at com.android.server.uri.UriGrantsManagerService.checkGrantUriPermissionUnlocked(UriGrantsManagerService.java:1241)
03-19 14:24:52.162 1549 2103 E ContentProviderHelper: at com.android.server.uri.UriGrantsManagerService.checkGrantUriPermissionFromIntentUnlocked(UriGrantsManagerService.java:621)
03-19 14:24:52.162 1549 2103 E ContentProviderHelper: at com.android.server.uri.UriGrantsManagerService.access$1000(UriGrantsManagerService.java:107)
03-19 14:24:52.162 1549 2103 E ContentProviderHelper: at com.android.server.uri.UriGrantsManagerService$LocalService.checkGrantUriPermissionFromIntent(UriGrantsManagerService.java:1410)
03-19 14:24:52.162 1549 2103 E ContentProviderHelper: at com.android.server.wm.ActivityStarter$Request.resolveActivity(ActivityStarter.java:538)
03-19 14:24:52.162 1549 2103 E ContentProviderHelper: at com.android.server.wm.ActivityStarter.execute(ActivityStarter.java:637)
03-19 14:24:52.162 1549 2103 E ContentProviderHelper: at com.android.server.wm.ActivityStartController.startActivityInPackage(ActivityStartController.java:281)
03-19 14:24:52.162 1549 2103 E ContentProviderHelper: at com.android.server.wm.ActivityTaskSupervisor.startActivityFromRecents(ActivityTaskSupervisor.java:2770)
03-19 14:24:52.162 1549 2103 E ContentProviderHelper: at com.android.server.wm.ActivityTaskManagerService.startActivityFromRecents(ActivityTaskManagerService.java:1749)
03-19 14:24:52.162 1549 2103 E ContentProviderHelper: at android.app.IActivityTaskManager$Stub.onTransact(IActivityTaskManager.java:1291)
03-19 14:24:52.162 1549 2103 E ContentProviderHelper: at com.android.server.wm.ActivityTaskManagerService.onTransact(ActivityTaskManagerService.java:5072)
03-19 14:24:52.162 1549 2103 E ContentProviderHelper: at android.os.Binder.execTransactInternal(Binder.java:1179)
03-19 14:24:52.162 1549 2103 E ContentProviderHelper: at android.os.Binder.execTransact(Binder.java:1143)
03-19 14:24:52.163 1549 1668 I DropBoxManagerService: add tag=system_server_wtf isTagEnabled=true flags=0x2
03-19 14:24:52.165 1549 1668 I DropBoxManagerService: add tag=system_server_wtf isTagEnabled=true flags=0x2
03-19 14:24:52.173 1549 10380 W FreeFormWindowHelper: Current Display FreeFormTask is null
03-19 14:24:52.173 1549 10380 W FreeFormWindowHelper: Current Display FreeFormTask is null
03-19 14:24:52.179 1549 2103 W FreeFormWindowHelper: Current Display FreeFormTask is null
03-19 14:24:52.179 1549 4829 W FreeFormWindowHelper: Current Display FreeFormTask is null
03-19 14:24:52.179 1549 4829 W FreeFormWindowHelper: Current Display FreeFormTask is null
03-19 14:24:52.191 1549 2112 W FreeFormWindowHelper: Current Display FreeFormTask is null
03-19 14:24:52.192 1549 4216 W FreeFormWindowHelper: Current Display FreeFormTask is null
03-19 14:24:52.205 1549 4216 W FreeFormWindowHelper: Current Display FreeFormTask is null
03-19 14:24:52.205 1549 4216 W FreeFormWindowHelper: Current Display FreeFormTask is null
03-19 14:24:52.222 1549 10380 W FreeFormWindowHelper: Current Display FreeFormTask is null
03-19 14:24:52.222 1549 10380 W FreeFormWindowHelper: Current Display FreeFormTask is null
03-19 14:24:52.239 1549 2103 W FreeFormWindowHelper: Current Display FreeFormTask is null
03-19 14:24:52.239 1549 10380 W FreeFormWindowHelper: Current Display FreeFormTask is null
03-19 14:24:52.256 1549 2112 W FreeFormWindowHelper: Current Display FreeFormTask is null
03-19 14:24:52.256 1549 2112 W FreeFormWindowHelper: Current Display FreeFormTask is null
03-19 14:24:52.272 1549 2112 W FreeFormWindowHelper: Current Display FreeFormTask is null
03-19 14:24:52.272 1549 2112 W FreeFormWindowHelper: Current Display FreeFormTask is null
03-19 14:24:52.289 1549 4216 W FreeFormWindowHelper: Current Display FreeFormTask is null
03-19 14:24:52.289 1549 4216 W FreeFormWindowHelper: Current Display FreeFormTask is null
03-19 14:24:52.305 1549 2103 W FreeFormWindowHelper: Current Display FreeFormTask is null
03-19 14:24:52.305 1549 2103 W FreeFormWindowHelper: Current Display FreeFormTask is null
03-19 14:24:52.322 1549 10380 W FreeFormWindowHelper: Current Display FreeFormTask is null
03-19 14:24:52.322 1549 2112 W FreeFormWindowHelper: Current Display FreeFormTask is null
03-19 14:24:52.339 1549 4216 W FreeFormWindowHelper: Current Display FreeFormTask is null
03-19 14:24:52.339 1549 4216 W FreeFormWindowHelper: Current Display FreeFormTask is null
03-19 14:24:52.355 1549 10380 W FreeFormWindowHelper: Current Display FreeFormTask is null
03-19 14:24:52.356 1549 10380 W FreeFormWindowHelper: Current Display FreeFormTask is null
03-19 14:24:52.372 1549 4216 W FreeFormWindowHelper: Current Display FreeFormTask is null
03-19 14:24:52.372 1549 4216 W FreeFormWindowHelper: Current Display FreeFormTask is null
03-19 14:24:52.389 1549 10380 W FreeFormWindowHelper: Current Display FreeFormTask is null
03-19 14:24:52.389 1549 10380 W FreeFormWindowHelper: Current Display FreeFormTask is null
03-19 14:24:52.406 1549 4216 W FreeFormWindowHelper: Current Display FreeFormTask is null
03-19 14:24:52.406 1549 4216 W FreeFormWindowHelper: Current Display FreeFormTask is null
03-19 14:24:52.422 1549 10380 W FreeFormWindowHelper: Current Display FreeFormTask is null
03-19 14:24:52.422 1549 10380 W FreeFormWindowHelper: Current Display FreeFormTask is null
03-19 14:24:52.439 1549 4216 W FreeFormWindowHelper: Current Display FreeFormTask is null
03-19 14:24:52.439 1549 4216 W FreeFormWindowHelper: Current Display FreeFormTask is null
03-19 14:24:52.456 1549 10380 W FreeFormWindowHelper: Current Display FreeFormTask is null
03-19 14:24:52.456 1549 2103 W FreeFormWindowHelper: Current Display FreeFormTask is null
03-19 14:24:52.472 1549 4829 W FreeFormWindowHelper: Current Display FreeFormTask is null
03-19 14:24:52.473 1549 4829 W FreeFormWindowHelper: Current Display FreeFormTask is null
03-19 14:24:52.489 1549 4829 W FreeFormWindowHelper: Current Display FreeFormTask is null
03-19 14:24:52.489 1549 2103 W FreeFormWindowHelper: Current Display FreeFormTask is null
03-19 14:24:52.506 1549 2103 W FreeFormWindowHelper: Current Display FreeFormTask is null
03-19 14:24:52.506 1549 2103 W FreeFormWindowHelper: Current Display FreeFormTask is null
03-19 14:24:52.523 1549 4216 W FreeFormWindowHelper: Current Display FreeFormTask is null
03-19 14:24:52.523 1549 4216 W FreeFormWindowHelper: Current Display FreeFormTask is null
03-19 14:24:52.539 1549 2103 W FreeFormWindowHelper: Current Display FreeFormTask is null
03-19 14:24:52.539 1549 2103 W FreeFormWindowHelper: Current Display FreeFormTask is null
03-19 14:24:52.556 1549 4216 W FreeFormWindowHelper: Current Display FreeFormTask is null
03-19 14:24:52.556 1549 4216 W FreeFormWindowHelper: Current Display FreeFormTask is null
03-19 14:24:52.574 1549 2103 W FreeFormWindowHelper: Current Display FreeFormTask is null
03-19 14:24:52.574 1549 2103 W FreeFormWindowHelper: Current Display FreeFormTask is null
01-01 09:12:34.095 0 0 E DTC_Display: screen not ready
03-19 14:24:54.469 1549 2103 E ContentProviderHelper: Unable to check Uri permission because caller is holding WM lock; assuming permission denied
03-19 14:24:54.469 1549 2103 E ContentProviderHelper: java.lang.IllegalStateException: Unable to check Uri permission because caller is holding WM lock; assuming permission denied
03-19 14:24:54.469 1549 2103 E ContentProviderHelper: at com.android.server.am.ContentProviderHelper.checkContentProviderUriPermission(ContentProviderHelper.java:1069)
03-19 14:24:54.469 1549 2103 E ContentProviderHelper: at com.android.server.am.ActivityManagerService$LocalService.checkContentProviderUriPermission(ActivityManagerService.java:15435)
03-19 14:24:54.469 1549 2103 E ContentProviderHelper: at com.android.server.uri.UriGrantsManagerService.checkHoldingPermissionsInternalUnlocked(UriGrantsManagerService.java:1005)
03-19 14:24:54.469 1549 2103 E ContentProviderHelper: at com.android.server.uri.UriGrantsManagerService.checkHoldingPermissionsUnlocked(UriGrantsManagerService.java:915)
03-19 14:24:54.469 1549 2103 E ContentProviderHelper: at com.android.server.uri.UriGrantsManagerService.checkGrantUriPermissionUnlocked(UriGrantsManagerService.java:1135)
03-19 14:24:54.469 1549 2103 E ContentProviderHelper: at com.android.server.uri.UriGrantsManagerService.checkGrantUriPermissionFromIntentUnlocked(UriGrantsManagerService.java:621)
03-19 14:24:54.469 1549 2103 E ContentProviderHelper: at com.android.server.uri.UriGrantsManagerService.access$1000(UriGrantsManagerService.java:107)
03-19 14:24:54.469 1549 2103 E ContentProviderHelper: at com.android.server.uri.UriGrantsManagerService$LocalService.checkGrantUriPermissionFromIntent(UriGrantsManagerService.java:1410)
03-19 14:24:54.469 1549 2103 E ContentProviderHelper: at com.android.server.wm.ActivityStarter$Request.resolveActivity(ActivityStarter.java:538)
03-19 14:24:54.469 1549 2103 E ContentProviderHelper: at com.android.server.wm.ActivityStarter.execute(ActivityStarter.java:637)
03-19 14:24:54.469 1549 2103 E ContentProviderHelper: at com.android.server.wm.ActivityStartController.startActivityInPackage(ActivityStartController.java:281)
03-19 14:24:54.469 1549 2103 E ContentProviderHelper: at com.android.server.wm.ActivityTaskSupervisor.startActivityFromRecents(ActivityTaskSupervisor.java:2770)
03-19 14:24:54.469 1549 2103 E ContentProviderHelper: at com.android.server.wm.ActivityTaskManagerService.startActivityFromRecents(ActivityTaskManagerService.java:1749)
03-19 14:24:54.469 1549 2103 E ContentProviderHelper: at android.app.IActivityTaskManager$Stub.onTransact(IActivityTaskManager.java:1291)
03-19 14:24:54.469 1549 2103 E ContentProviderHelper: at com.android.server.wm.ActivityTaskManagerService.onTransact(ActivityTaskManagerService.java:5072)
03-19 14:24:54.469 1549 2103 E ContentProviderHelper: at android.os.Binder.execTransactInternal(Binder.java:1179)
03-19 14:24:54.469 1549 2103 E ContentProviderHelper: at android.os.Binder.execTransact(Binder.java:1143)
03-19 14:24:54.470 1549 2103 E ContentProviderHelper: Unable to check Uri permission because caller is holding WM lock; assuming permission denied
03-19 14:24:54.470 1549 2103 E ContentProviderHelper: java.lang.IllegalStateException: Unable to check Uri permission because caller is holding WM lock; assuming permission denied
03-19 14:24:54.470 1549 2103 E ContentProviderHelper: at com.android.server.am.ContentProviderHelper.checkContentProviderUriPermission(ContentProviderHelper.java:1069)
03-19 14:24:54.470 1549 2103 E ContentProviderHelper: at com.android.server.am.ActivityManagerService$LocalService.checkContentProviderUriPermission(ActivityManagerService.java:15435)
03-19 14:24:54.470 1549 2103 E ContentProviderHelper: at com.android.server.uri.UriGrantsManagerService.checkHoldingPermissionsInternalUnlocked(UriGrantsManagerService.java:1005)
03-19 14:24:54.470 1549 2103 E ContentProviderHelper: at com.android.server.uri.UriGrantsManagerService.checkHoldingPermissionsUnlocked(UriGrantsManagerService.java:915)
03-19 14:24:54.470 1549 2103 E ContentProviderHelper: at com.android.server.uri.UriGrantsManagerService.checkGrantUriPermissionUnlocked(UriGrantsManagerService.java:1241)
03-19 14:24:54.470 1549 2103 E ContentProviderHelper: at com.android.server.uri.UriGrantsManagerService.checkGrantUriPermissionFromIntentUnlocked(UriGrantsManagerService.java:621)
03-19 14:24:54.470 1549 2103 E ContentProviderHelper: at com.android.server.uri.UriGrantsManagerService.access$1000(UriGrantsManagerService.java:107)
