03-19 14:27:13.438 1549 1668 W BroadcastQueue: Background execution not allowed: receiving Intent { act=com.tencent.assistant.st.report.PluginLogProcessorReceiver.TIME flg=0x14 (has extras) } to com.tencent.android.qqdownloader/com.tencent.assistant.st.report.PluginLogProcessorReceiver
01-01 09:14:54.523 0 0 E DTC_ETH,link_delay_work_func: 3003, SQI=0, link=0
03-19 14:27:14.220 1549 8362 I thunderperf: PlatormCompat.setOverrides: Uid1=10078 Pid1=2018 Uid2=10078 Pid2=2018
03-19 14:27:14.220 1549 8362 I thunderperf: PlatormCompat.setOverrides: needCheck:false
03-19 14:27:14.220 1549 8362 I thunderperf: CompatConfig.addOverrideUnsafe: bef-state=0
03-19 14:27:14.220 1549 8362 I thunderperf: CompatConfig.addOverrideUnsafe: aft-state=0
03-19 14:27:14.223 1549 8362 I thunderperf: CompatConfig.addOverrideUnsafe: bef-state=0
03-19 14:27:14.223 1549 8362 I thunderperf: CompatConfig.addOverrideUnsafe: aft-state=0
03-19 14:27:14.224 1549 8362 I thunderperf: CompatConfig.addOverrideUnsafe: bef-state=0
03-19 14:27:14.224 1549 8362 I thunderperf: CompatConfig.addOverrideUnsafe: aft-state=0
03-19 14:27:14.224 1549 8362 I thunderperf: CompatConfig.addOverrideUnsafe: bef-state=0
03-19 14:27:14.224 1549 8362 I thunderperf: CompatConfig.addOverrideUnsafe: aft-state=0
03-19 14:27:14.225 1549 8362 I thunderperf: CompatConfig.addOverrideUnsafe: bef-state=0
03-19 14:27:14.225 1549 8362 I thunderperf: CompatConfig.addOverrideUnsafe: aft-state=0
03-19 14:27:14.225 1549 8362 I thunderperf: CompatConfig.addOverrideUnsafe: bef-state=0
03-19 14:27:14.225 1549 8362 I thunderperf: CompatConfig.addOverrideUnsafe: aft-state=0
03-19 14:27:14.225 1549 8362 I thunderperf: CompatConfig.addOverrideUnsafe: bef-state=0
03-19 14:27:14.225 1549 8362 I thunderperf: CompatConfig.addOverrideUnsafe: aft-state=0
03-19 14:27:14.226 1549 8362 I thunderperf: CompatConfig.addOverrideUnsafe: bef-state=0
03-19 14:27:14.226 1549 8362 I thunderperf: CompatConfig.addOverrideUnsafe: aft-state=0
03-19 14:27:14.226 1549 8362 I thunderperf: CompatConfig.addOverrideUnsafe: bef-state=0
03-19 14:27:14.226 1549 8362 I thunderperf: CompatConfig.addOverrideUnsafe: aft-state=0
03-19 14:27:14.227 1549 8362 I thunderperf: CompatConfig.addOverrideUnsafe: bef-state=0
03-19 14:27:14.227 1549 8362 I thunderperf: CompatConfig.addOverrideUnsafe: aft-state=0
03-19 14:27:14.228 1549 8362 I thunderperf: CompatConfig.addOverrideUnsafe: bef-state=0
03-19 14:27:14.228 1549 8362 I thunderperf: CompatConfig.addOverrideUnsafe: aft-state=0
03-19 14:27:14.228 1549 8362 I thunderperf: CompatConfig.addOverrideUnsafe: bef-state=0
03-19 14:27:14.228 1549 8362 I thunderperf: CompatConfig.addOverrideUnsafe: aft-state=0
03-19 14:27:14.229 1549 8362 I thunderperf: CompatConfig.addOverrideUnsafe: bef-state=0
03-19 14:27:14.229 1549 8362 I thunderperf: CompatConfig.addOverrideUnsafe: aft-state=0
03-19 14:27:14.229 1549 8362 I thunderperf: CompatConfig.addOverrideUnsafe: bef-state=0
03-19 14:27:14.229 1549 8362 I thunderperf: CompatConfig.addOverrideUnsafe: aft-state=0
03-19 14:27:14.236 1549 8362 I ActivityTaskManager: START u0 {flg=0x10000000 cmp=com.android.systemui/.screenrecord.ScreenRecordDialog} from uid 10078
03-19 14:27:14.240 1549 8362 W ActivityTaskManager: Can't find TaskDisplayArea to determine support for multi window. Task id=116 attached=false
03-19 14:27:14.247 1549 2821 I ActivityTaskManager: FOREGROUND_APPLICATION_CHANGED to com.android.systemui.screenrecord.ScreenRecordDialog
03-19 14:27:14.247 1549 2821 I ActivityTaskManager: The Process com.android.systemui Already Exists in BG. So sending its PID: 2018
03-19 14:27:14.247 1549 2821 W ActivityTaskManager: Tried to set launchTime (0) < mLastActivityLaunchTime (4331558)
03-19 14:27:14.350 1549 8362 W FreeFormWindowHelper: Current Display FreeFormTask is null
03-19 14:27:14.429 1549 1793 I GameModeConfig: isGameModeOn = false
03-19 14:27:14.547 1549 1793 I GameModeConfig: isGameModeOn = false
03-19 14:27:14.547 1549 1793 I GameModeConfig: isGameModeOn = false
03-19 14:27:14.547 1549 1793 I GameModeConfig: isGameModeOn = false
03-19 14:27:14.547 1549 1793 I GameModeConfig: isGameModeOn = false
03-19 14:27:14.547 1549 1793 I GameModeConfig: isGameModeOn = false
03-19 14:27:14.547 1549 1793 I GameModeConfig: isGameModeOn = false
03-19 14:27:14.749 1549 1549 I GameModeConfig: isGameModeOn = false
01-01 09:14:55.971 0 0 E DTC_Display: screen not ready
03-19 14:27:15.380 1549 1668 I DropBoxManagerService: add tag=system_server_wtf isTagEnabled=true flags=0x2
03-19 14:27:15.381 1549 1668 I DropBoxManagerService: add tag=system_server_wtf isTagEnabled=true flags=0x2
03-19 14:27:15.389 1549 2215 I ActivityTaskManager: FOREGROUND_APPLICATION_CHANGED to com.android.launcher3.uioverrides.QuickstepLauncher
03-19 14:27:15.492 1549 8362 W FreeFormWindowHelper: Current Display FreeFormTask is null
03-19 14:27:15.494 1549 1793 I GameModeConfig: isGameModeOn = false
03-19 14:27:15.667 1549 1657 W ActivityTaskManager: Can't find TaskDisplayArea to determine support for multi window. Task id=116 attached=false
03-19 14:27:15.667 1549 1657 W ActivityTaskManager: Can't find TaskDisplayArea to determine support for multi window. Task id=116 attached=false
03-19 14:27:15.697 1549 1793 I GameModeConfig: isGameModeOn = false
01-01 09:14:59.268 0 0 I msm_vidc: high: 00000002: ....d: Opening video instance: 0000000000000000, 1
01-01 09:14:59.268 0 0 I msm_vidc: err : 00000002: ....d: Failed to create debugfs for msm_vidc
01-01 09:14:59.275 0 0 I msm_vidc: high: 00000002: h264d: Closed video instance: 0000000000000000
01-01 09:14:59.282 0 0 I msm_vidc: high: 00000002: ....e: Opening video instance: 0000000000000000, 0
01-01 09:14:59.283 0 0 I msm_vidc: err : 00000002: ....e: Failed to create debugfs for msm_vidc
03-19 14:27:18.482 1549 2215 I DisplayDeviceRepository: Display device added: DisplayDeviceInfo{"Recording Display": uniqueId="virtual:com.android.systemui,10078,Recording Display,0", 2560 x 1080, modeId 12, defaultModeId 12, supportedModes [{id=12, width=2560, height=1080, fps=60.0, alternativeRefreshRates=[]}], colorMode 0, supportedColorModes [0], hdrCapabilities null, allmSupported false, gameContentTypeSupported false, density 240, 240.0 x 240.0 dpi, appVsyncOff 0, presDeadline 16666666, touch NONE, rotation 0, type VIRTUAL, deviceProductInfo null, state ON, owner com.android.systemui (uid 10078), frameRateOverride , brightnessMinimum 0.0, brightnessMaximum 0.0, brightnessDefault 0.0, FLAG_PRIVATE, FLAG_PRESENTATION}
03-19 14:27:18.483 1549 2215 I LogicalDisplayMapper: Applying layout: [{addr: {port=129, model=0x40446d97fee5e6}, dispId: 0(ON)}], Previous layout: [{addr: {port=129, model=0x40446d97fee5e6}, dispId: 0(ON)}]
03-19 14:27:18.484 1549 2215 I LogicalDisplayMapper: Adding new display: 10: DisplayInfo{"Recording Display", displayId 10", displayGroupId -1, FLAG_PRIVATE, FLAG_PRESENTATION, real 2560 x 1080, largest app 2560 x 1080, smallest app 2560 x 1080, appVsyncOff 0, presDeadline 16666666, mode 12, defaultMode 12, modes [{id=12, width=2560, height=1080, fps=60.0, alternativeRefreshRates=[]}], hdrCapabilities null, userDisabledHdrTypes [], minimalPostProcessingSupported false, rotation 0, state ON, type VIRTUAL, uniqueId "virtual:com.android.systemui,10078,Recording Display,0", app 2560 x 1080, density 240 (240.0 x 240.0) dpi, layerStack 10, colorMode 0, supportedColorModes [0], deviceProductInfo null, owner com.android.systemui (uid 10078), removeMode 1, refreshRateOverride 0.0, brightnessMinimum 0.0, brightnessMaximum 0.0, brightnessDefault 0.0}
03-19 14:27:18.484 1549 2215 I LogicalDisplayMapper: Setting new display group 0 for display 10, from previous group: null
03-19 14:27:18.485 1549 2215 W DisplayPowerController[10]: Screen brightness nits configuration is unavailable; falling back
03-19 14:27:18.493 1549 1668 I DropBoxManagerService: add tag=system_server_wtf isTagEnabled=true flags=0x2
03-19 14:27:18.496 1549 1668 I DropBoxManagerService: add tag=system_server_wtf isTagEnabled=true flags=0x2
03-19 14:27:18.497 1549 1793 I GameModeConfig: isGameModeOn = false
03-19 14:27:18.497 1549 1793 I GameModeConfig: isGameModeOn = false
03-19 14:27:18.497 1549 1793 I GameModeConfig: isGameModeOn = false
03-19 14:27:18.497 1549 1793 I GameModeConfig: isGameModeOn = false
03-19 14:27:18.497 1549 1793 I GameModeConfig: isGameModeOn = false
03-19 14:27:18.498 1549 1793 I GameModeConfig: isGameModeOn = false
03-19 14:27:18.498 1549 1654 W DisplayManagerService: Display DisplayDeviceInfo{"Recording Display": uniqueId="virtual:com.android.systemui,10078,Recording Display,0", 2560 x 1080, modeId 12, defaultModeId 12, supportedModes [{id=12, width=2560, height=1080, fps=60.0, alternativeRefreshRates=[]}], colorMode 0, supportedColorModes [0], hdrCapabilities null, allmSupported false, gameContentTypeSupported false, density 240, 240.0 x 240.0 dpi, appVsyncOff 0, presDeadline 16666666, touch NONE, rotation 0, type VIRTUAL, deviceProductInfo null, state ON, owner com.android.systemui (uid 10078), frameRateOverride , brightnessMinimum 0.0, brightnessMaximum 0.0, brightnessDefault 0.0, FLAG_PRIVATE, FLAG_PRESENTATION} does not support input device matching.
03-19 14:27:18.499 1549 1654 W DisplayManagerService: Display DisplayDeviceInfo{"Recording Display": uniqueId="virtual:com.android.systemui,10078,Recording Display,0", 2560 x 1080, modeId 12, defaultModeId 12, supportedModes [{id=12, width=2560, height=1080, fps=60.0, alternativeRefreshRates=[]}], colorMode 0, supportedColorModes [0], hdrCapabilities null, allmSupported false, gameContentTypeSupported false, density 240, 240.0 x 240.0 dpi, appVsyncOff 0, presDeadline 16666666, touch NONE, rotation 0, type VIRTUAL, deviceProductInfo null, state ON, owner com.android.systemui (uid 10078), frameRateOverride , brightnessMinimum 0.0, brightnessMaximum 0.0, brightnessDefault 0.0, FLAG_PRIVATE, FLAG_PRESENTATION} does not support input device matching.
03-19 14:27:18.510 1549 1654 I WindowManager: Override config changes=20005df8 {0.0 ?mcc?mnc ?localeList ?layoutDir sw720dp w1706dp h720dp 240dpi xlrg long land ?uimode ?night -touch -keyb/v/h -nav/h winConfig={ mBounds=Rect(0, 0 - 2560, 1080) mAppBounds=Rect(0, 0 - 2560, 1080) mMaxBounds=Rect(0, 0 - 2560, 1080) mWindowingMode=fullscreen mDisplayWindowingMode=fullscreen mActivityType=undefined mAlwaysOnTop=undefined mRotation=ROTATION_0} ?fontWeightAdjustment} for displayId=10
03-19 14:27:18.511 1549 1654 W DisplayManagerService: Display DisplayDeviceInfo{"virtual_display_ls": uniqueId="virtual:com.tencent.android.qqdownloader,10094,virtual_display_ls,0", 5 x 5, modeId 8, defaultModeId 8, supportedModes [{id=8, width=5, height=5, fps=60.0, alternativeRefreshRates=[]}], colorMode 0, supportedColorModes [0], hdrCapabilities null, allmSupported false, gameContentTypeSupported false, density 240, 240.0 x 240.0 dpi, appVsyncOff 0, presDeadline 16666666, touch NONE, rotation 0, type VIRTUAL, deviceProductInfo null, state OFF, owner com.tencent.android.qqdownloader (uid 10094), frameRateOverride , brightnessMinimum 0.0, brightnessMaximum 0.0, brightnessDefault 0.0, FLAG_PRIVATE, FLAG_NEVER_BLANK, FLAG_OWN_CONTENT_ONLY} does not support input device matching.
03-19 14:27:18.511 1549 1654 W DisplayManagerService: Display DisplayDeviceInfo{"Recording Display": uniqueId="virtual:com.android.systemui,10078,Recording Display,0", 2560 x 1080, modeId 12, defaultModeId 12, supportedModes [{id=12, width=2560, height=1080, fps=60.0, alternativeRefreshRates=[]}], colorMode 0, supportedColorModes [0], hdrCapabilities null, allmSupported false, gameContentTypeSupported false, density 240, 240.0 x 240.0 dpi, appVsyncOff 0, presDeadline 16666666, touch NONE, rotation 0, type VIRTUAL, deviceProductInfo null, state ON, owner com.android.systemui (uid 10078), frameRateOverride , brightnessMinimum 0.0, brightnessMaximum 0.0, brightnessDefault 0.0, FLAG_PRIVATE, FLAG_PRESENTATION} does not support input device matching.
03-19 14:27:18.513 1549 1654 I WindowManager: Screen frozen for +13ms due to new-config
03-19 14:27:18.517 1549 1684 V DisplayPowerController[10]: Brightness [0.0] reason changing to: 'manual', previous reason: '0'.
03-19 14:27:18.517 1549 1684 W PowerManagerService: Screen on took 16709 ms
03-19 14:27:18.522 1549 1657 W DisplayManagerService: Display DisplayDeviceInfo{"virtual_display_ls": uniqueId="virtual:com.tencent.android.qqdownloader,10094,virtual_display_ls,0", 5 x 5, modeId 8, defaultModeId 8, supportedModes [{id=8, width=5, height=5, fps=60.0, alternativeRefreshRates=[]}], colorMode 0, supportedColorModes [0], hdrCapabilities null, allmSupported false, gameContentTypeSupported false, density 240, 240.0 x 240.0 dpi, appVsyncOff 0, presDeadline 16666666, touch NONE, rotation 0, type VIRTUAL, deviceProductInfo null, state OFF, owner com.tencent.android.qqdownloader (uid 10094), frameRateOverride , brightnessMinimum 0.0, brightnessMaximum 0.0, brightnessDefault 0.0, FLAG_PRIVATE, FLAG_NEVER_BLANK, FLAG_OWN_CONTENT_ONLY} does not support input device matching.
03-19 14:27:18.522 1549 1657 W DisplayManagerService: Display DisplayDeviceInfo{"Recording Display": uniqueId="virtual:com.android.systemui,10078,Recording Display,0", 2560 x 1080, modeId 12, defaultModeId 12, supportedModes [{id=12, width=2560, height=1080, fps=60.0, alternativeRefreshRates=[]}], colorMode 0, supportedColorModes [0], hdrCapabilities null, allmSupported false, gameContentTypeSupported false, density 240, 240.0 x 240.0 dpi, appVsyncOff 0, presDeadline 16666666, touch NONE, rotation 0, type VIRTUAL, deviceProductInfo null, state ON, owner com.android.systemui (uid 10078), frameRateOverride , brightnessMinimum 0.0, brightnessMaximum 0.0, brightnessDefault 0.0, FLAG_PRIVATE, FLAG_PRESENTATION} does not support input device matching.
03-19 14:27:18.544 2018 2018 W DisplayController: Skipping Display Configuration change on non-added display.
03-19 14:27:18.552 1549 2112 W AppOps : Noting op not finished: uid 10078 pkg com.android.systemui code 24 startTime of in progress event=1679202751183
01-01 09:14:59.452 0 0 E DTC_Display: screen not ready
03-19 14:27:18.702 1549 1549 I GameModeConfig: isGameModeOn = false
01-01 09:14:59.643 0 0 E DTC_ETH,link_delay_work_func: 3003, SQI=0, link=0
01-01 09:15:02.732 0 0 E DTC_Display: screen not ready
03-19 14:27:21.961 1549 1549 I GameModeConfig: isGameModeOn = false
01-01 09:15:04.763 0 0 E DTC_ETH,link_delay_work_func: 3003, SQI=0, link=0
03-19 14:27:24.578 1549 1793 I GameModeConfig: isGameModeOn = false
03-19 14:27:24.750 1549 1793 I GameModeConfig: isGameModeOn = false
01-01 09:15:05.891 0 0 E DTC_Display: screen not ready
03-19 14:27:28.511 1549 1793 I GameModeConfig: isGameModeOn = false
01-01 09:15:09.476 0 0 E DTC_Display: screen not ready
01-01 09:15:09.647 0 0 I msm_vidc: high: 00000002: h264e: Closed video instance: 0000000000000000
03-19 14:27:28.832 1549 10380 I DisplayDeviceRepository: Display device removed: DisplayDeviceInfo{"Recording Display": uniqueId="virtual:com.android.systemui,10078,Recording Display,0", 2560 x 1080, modeId 12, defaultModeId 12, supportedModes [{id=12, width=2560, height=1080, fps=60.0, alternativeRefreshRates=[]}], colorMode 0, supportedColorModes [0], hdrCapabilities null, allmSupported false, gameContentTypeSupported false, density 240, 240.0 x 240.0 dpi, appVsyncOff 0, presDeadline 16666666, touch NONE, rotation 0, type VIRTUAL, deviceProductInfo null, state ON, owner com.android.systemui (uid 10078), frameRateOverride , brightnessMinimum 0.0, brightnessMaximum 0.0, brightnessDefault 0.0, FLAG_PRIVATE, FLAG_PRESENTATION}
03-19 14:27:28.835 1549 10380 I LogicalDisplayMapper: Removing display: 10
03-19 14:27:28.839 1549 1654 W DisplayManagerService: Display DisplayDeviceInfo{"virtual_display_ls": uniqueId="virtual:com.tencent.android.qqdownloader,10094,virtual_display_ls,0", 5 x 5, modeId 8, defaultModeId 8, supportedModes [{id=8, width=5, height=5, fps=60.0, alternativeRefreshRates=[]}], colorMode 0, supportedColorModes [0], hdrCapabilities null, allmSupported false, gameContentTypeSupported false, density 240, 240.0 x 240.0 dpi, appVsyncOff 0, presDeadline 16666666, touch NONE, rotation 0, type VIRTUAL, deviceProductInfo null, state OFF, owner com.tencent.android.qqdownloader (uid 10094), frameRateOverride , brightnessMinimum 0.0, brightnessMaximum 0.0, brightnessDefault 0.0, FLAG_PRIVATE, FLAG_NEVER_BLANK, FLAG_OWN_CONTENT_ONLY} does not support input device matching.
03-19 14:27:28.847 1549 1668 I DropBoxManagerService: add tag=system_server_wtf isTagEnabled=true flags=0x2
03-19 14:27:28.855 1549 1668 I DropBoxManagerService: add tag=system_server_wtf isTagEnabled=true flags=0x2
03-19 14:27:28.863 1549 10380 W WindowManager: Failed looking up window session=Session{15a0080 2018:u0a10078} callers=com.android.server.wm.WindowManagerService.windowForClientLocked:5628 com.android.server.wm.WindowManagerService.removeWindow:2033 com.android.server.wm.Session.remove:218
01-01 09:15:09.773 0 0 I msm_vidc: high: 00000002: ....d: Opening video instance: 0000000000000000, 1
01-01 09:15:09.773 0 0 I msm_vidc: err : 00000002: ....d: Failed to create debugfs for msm_vidc
01-01 09:15:09.855 0 0 I msm_vidc: high: 00000002: h264d: Closed video instance: 0000000000000000
03-19 14:27:29.045 1549 1549 I GameModeConfig: isGameModeOn = false
01-01 09:15:09.885 0 0 E DTC_ETH,link_delay_work_func: 3003, SQI=0, link=0
03-19 14:27:29.297 1549 1549 I GameModeConfig: isGameModeOn = false
03-19 14:27:31.467 1549 1583 W NotificationService: Toast already killed. pkg=com.android.systemui token=android.os.BinderProxy@f8ffccc
03-19 14:27:31.943 1549 1583 I ActivityTaskManager: START u0 {act=android.intent.action.VIEW dat=content://media/external_primary/video/media/386 typ=video/mp4 flg=0x10000001 cmp=com.android.gallery3d/.app.MovieActivity} from uid 10078
03-19 14:27:31.954 1549 10380 I ActivityTaskManager: FOREGROUND_APPLICATION_CHANGED to com.android.gallery3d.app.MovieActivity
03-19 14:27:31.954 1549 10380 I ActivityTaskManager: The Process com.android.gallery3d Already Exists in BG. So sending its PID: 20667
03-19 14:27:31.954 1549 10380 W ActivityTaskManager: Tried to set launchTime (0) < mLastActivityLaunchTime (4487207)
03-19 14:27:31.974 1549 10380 W WindowManager: Failed looking up window session=Session{60d5657 20667:u0a10063} callers=com.android.server.wm.WindowManagerService.windowForClientLocked:5628 com.android.server.wm.Session.insetsModified:629 android.view.IWindowSession$Stub.onTransact:1151
01-01 09:15:12.863 0 0 I msm_vidc: high: 00000002: ....d: Opening video instance: 0000000000000000, 1
01-01 09:15:12.863 0 0 I msm_vidc: err : 00000002: ....d: Failed to create debugfs for msm_vidc
03-19 14:27:32.028 2018 2018 D StartingSurfaceDrawer: window attributes color: 0 icon null duration 0 brandImage null
03-19 14:27:32.057 1549 1583 W FreeFormWindowHelper: Current Display FreeFormTask is null
01-01 09:15:12.959 0 0 E DTC_Display: screen not ready
03-19 14:27:32.544 1549 1793 I GameModeConfig: isGameModeOn = false
03-19 14:27:32.544 1549 1793 I GameModeConfig: isGameModeOn = false
03-19 14:27:32.544 1549 1793 I GameModeConfig: isGameModeOn = false
03-19 14:27:32.545 1549 1793 I GameModeConfig: isGameModeOn = false
03-19 14:27:32.545 1549 1793 I GameModeConfig: isGameModeOn = false
03-19 14:27:32.545 1549 1793 I GameModeConfig: isGameModeOn = false
03-19 14:27:32.746 1549 1549 I GameModeConfig: isGameModeOn = false
01-01 09:15:13.932 0 0 I : [MAX975X:max96755x_drm_notifier_callback] *INFO* receives EARLY_BLANK:UNBLANK
01-01 09:15:13.932 0 0 I atmel_mxt_ts 0-004a: FB event:2,blank:0
01-01 09:15:13.932 0 0 I atmel_mxt_ts 0-004a: suspend: event = 2, blank = 0, not care
01-01 09:15:13.932 0 0 I [drm:dsi_display_set_mode] [msm-dsi-info]: mdp_transfer_time_us=0 us
01-01 09:15:13.932 0 0 I [drm:dsi_display_set_mode] [msm-dsi-info]: hactive= 2560,vactive= 1080,fps=30
01-01 09:15:13.932 0 0 I : [MAX975X:max96755x_drm_notifier_callback] *INFO* receives BLANK:UNBLANK
01-01 09:15:13.933 0 0 I atmel_mxt_ts 0-004a: FB event:1,blank:0
01-01 09:15:13.933 0 0 I atmel_mxt_ts 0-004a: drm_notifier_callback: UNBLANK! Resume by drm notifier.
01-01 09:15:14.202 0 0 I : [MAX975X:max96755x_drm_notifier_callback] *INFO* receives EARLY_BLANK:UNBLANK
01-01 09:15:14.202 0 0 I atmel_mxt_ts 0-004a: FB event:2,blank:0
01-01 09:15:14.202 0 0 I atmel_mxt_ts 0-004a: suspend: event = 2, blank = 0, not care
01-01 09:15:14.202 0 0 I [drm:dsi_display_set_mode] [msm-dsi-info]: mdp_transfer_time_us=0 us
01-01 09:15:14.202 0 0 I [drm:dsi_display_set_mode] [msm-dsi-info]: hactive= 2560,vactive= 1080,fps=60
01-01 09:15:14.202 0 0 I : [MAX975X:max96755x_drm_notifier_callback] *INFO* receives BLANK:UNBLANK
01-01 09:15:15.003 0 0 E DTC_ETH,link_delay_work_func: 3003, SQI=0, link=0
01-01 09:15:15.388 0 0 E DTC_Display: screen not ready
01-01 09:15:15.388 0 0 I atmel_mxt_ts 0-004a: FB event:1,blank:0
01-01 09:15:15.388 0 0 I atmel_mxt_ts 0-004a: drm_notifier_callback: UNBLANK! Resume by drm notifier.
03-19 14:27:34.581 1549 1654 W Looper : Slow dispatch took 1206ms android.ui h=com.android.server.wm.ImmersiveModeConfirmation$H c=null m=2
03-19 14:27:34.588 1549 1654 W Looper : Slow delivery took 1216ms android.ui h=com.android.server.wm.DisplayPolicy$PolicyHandler c=com.android.server.wm.DisplayPolicy$$ExternalSyntheticLambda13@9692733 m=0
03-19 14:27:34.603 1549 1654 W Looper : Drained
03-19 14:27:34.620 1549 2112 W FreeFormWindowHelper: Current Display FreeFormTask is null
03-19 14:27:34.624 1549 10380 W FreeFormWindowHelper: Current Display FreeFormTask is null
03-19 14:27:34.626 1549 2112 W FreeFormWindowHelper: Current Display FreeFormTask is null
03-19 14:27:34.627 1549 2112 W FreeFormWindowHelper: Current Display FreeFormTask is null
03-19 14:27:34.647 1549 1653 D AutofillManagerService: Close system dialogs
03-19 14:27:34.649 1549 2821 W ActivityTaskManager: getTaskSnapshot: taskId=-112 not found
03-19 14:27:34.650 1549 10380 W ActivityTaskManager: getTaskSnapshot: taskId=-111 not found
03-19 14:27:34.651 1549 10380 W FreeFormWindowHelper: Current Display FreeFormTask is null
03-19 14:27:34.651 1549 10380 W FreeFormWindowHelper: Current Display FreeFormTask is null
03-19 14:27:34.651 1549 2821 W ActivityTaskManager: getTaskSnapshot: taskId=-111 not found
03-19 14:27:34.656 1549 2821 W FreeFormWindowHelper: Current Display FreeFormTask is null
03-19 14:27:34.656 1549 10380 W FreeFormWindowHelper: Current Display FreeFormTask is null
03-19 14:27:34.659 1549 2112 W ActivityTaskManager: getTaskSnapshot: taskId=-79 not found
03-19 14:27:34.660 1549 2112 W ActivityTaskManager: getTaskSnapshot: taskId=-79 not found
03-19 14:27:34.660 1549 2112 W ActivityTaskManager: getTaskSnapshot: taskId=-79 not found
03-19 14:27:34.662 1549 2112 W FreeFormWindowHelper: Current Display FreeFormTask is null
03-19 14:27:34.662 1549 2112 W FreeFormWindowHelper: Current Display FreeFormTask is null
03-19 14:27:34.679 1549 10380 W FreeFormWindowHelper: Current Display FreeFormTask is null
03-19 14:27:34.679 1549 10380 W FreeFormWindowHelper: Current Display FreeFormTask is null
03-19 14:27:35.255 1549 10380 W FreeFormWindowHelper: Current Display FreeFormTask is null
03-19 14:27:35.255 1549 10380 W FreeFormWindowHelper: Current Display FreeFormTask is null
03-19 14:27:35.260 1549 10380 W FreeFormWindowHelper: Current Display FreeFormTask is null
03-19 14:27:35.260 1549 2821 W FreeFormWindowHelper: Current Display FreeFormTask is null
03-19 14:27:35.269 1549 1583 W FreeFormWindowHelper: exitRecentTasks type=0
03-19 14:27:35.275 1549 1667 W UsageStatsService: Unexpected activity event reported! (com.android.launcher3/com.android.launcher3.uioverrides.QuickstepLauncher event : 23 instanceId : 50430139)
01-01 09:15:16.122 0 0 I : [MAX975X:max96755x_drm_notifier_callback] *INFO* receives EARLY_BLANK:UNBLANK
01-01 09:15:16.122 0 0 I atmel_mxt_ts 0-004a: FB event:2,blank:0
01-01 09:15:16.122 0 0 I atmel_mxt_ts 0-004a: suspend: event = 2, blank = 0, not care
01-01 09:15:16.122 0 0 I [drm:dsi_display_set_mode] [msm-dsi-info]: mdp_transfer_time_us=0 us
01-01 09:15:16.122 0 0 I [drm:dsi_display_set_mode] [msm-dsi-info]: hactive= 2560,vactive= 1080,fps=30
01-01 09:15:16.122 0 0 I : [MAX975X:max96755x_drm_notifier_callback] *INFO* receives BLANK:UNBLANK
03-19 14:27:35.681 1549 1583 W FreeFormWindowHelper: Current Display FreeFormTask is null
03-19 14:27:35.683 1549 2112 W FreeFormWindowHelper: Current Display FreeFormTask is null
03-19 14:27:35.707 1549 10380 W FreeFormWindowHelper: Current Display FreeFormTask is null
03-19 14:27:35.707 1549 10380 W FreeFormWindowHelper: Current Display FreeFormTask is null
03-19 14:27:35.708 1549 1653 D AutofillManagerService: Close system dialogs
03-19 14:27:35.720 1549 1583 W ActivityTaskManager: getTaskSnapshot: taskId=-53 not found
03-19 14:27:35.722 1549 1583 W ActivityTaskManager: getTaskSnapshot: taskId=-52 not found
03-19 14:27:35.725 1549 10380 W ActivityTaskManager: getTaskSnapshot: taskId=-52 not found
03-19 14:27:35.727 1549 1583 W FreeFormWindowHelper: Current Display FreeFormTask is null
03-19 14:27:35.728 1549 1583 W FreeFormWindowHelper: Current Display FreeFormTask is null
03-19 14:27:35.734 1549 1583 W FreeFormWindowHelper: Current Display FreeFormTask is null
03-19 14:27:35.736 1549 4916 W FreeFormWindowHelper: Current Display FreeFormTask is null
03-19 14:27:35.737 1549 4916 W FreeFormWindowHelper: Current Display FreeFormTask is null
03-19 14:27:35.737 1549 4916 W FreeFormWindowHelper: Current Display FreeFormTask is null
03-19 14:27:35.743 1549 10380 W ActivityTaskManager: getTaskSnapshot: taskId=0 not found
03-19 14:27:35.745 1549 10380 W ActivityTaskManager: getTaskSnapshot: taskId=0 not found
03-19 14:27:35.745 1549 10380 W ActivityTaskManager: getTaskSnapshot: taskId=0 not found
03-19 14:27:35.748 1549 4916 W FreeFormWindowHelper: Current Display FreeFormTask is null
03-19 14:27:35.748 1549 4916 W FreeFormWindowHelper: Current Display FreeFormTask is null
03-19 14:27:35.765 1549 10380 W FreeFormWindowHelper: Current Display FreeFormTask is null
03-19 14:27:35.765 1549 10380 W FreeFormWindowHelper: Current Display FreeFormTask is null
01-01 09:15:16.739 0 0 E DTC_Display: screen not ready
01-01 09:15:16.740 0 0 I atmel_mxt_ts 0-004a: FB event:1,blank:0
01-01 09:15:16.740 0 0 I atmel_mxt_ts 0-004a: drm_notifier_callback: UNBLANK! Resume by drm notifier.
01-01 09:15:16.765 0 0 I : [MAX975X:max96755x_drm_notifier_callback] *INFO* receives EARLY_BLANK:UNBLANK
01-01 09:15:16.765 0 0 I atmel_mxt_ts 0-004a: FB event:2,blank:0
01-01 09:15:16.765 0 0 I atmel_mxt_ts 0-004a: suspend: event = 2, blank = 0, not care
01-01 09:15:16.765 0 0 I [drm:dsi_display_set_mode] [msm-dsi-info]: mdp_transfer_time_us=0 us
01-01 09:15:16.765 0 0 I [drm:dsi_display_set_mode] [msm-dsi-info]: hactive= 2560,vactive= 1080,fps=60
01-01 09:15:16.765 0 0 I : [MAX975X:max96755x_drm_notifier_callback] *INFO* receives BLANK:UNBLANK
01-01 09:15:18.508 0 0 E DTC_Display: screen not ready
01-01 09:15:18.508 0 0 I atmel_mxt_ts 0-004a: FB event:1,blank:0
01-01 09:15:18.508 0 0 I atmel_mxt_ts 0-004a: drm_notifier_callback: UNBLANK! Resume by drm notifier.
03-19 14:27:37.735 1549 4916 W FreeFormWindowHelper: Current Display FreeFormTask is null
03-19 14:27:37.735 1549 4916 W FreeFormWindowHelper: Current Display FreeFormTask is null
03-19 14:27:37.736 1549 4916 W FreeFormWindowHelper: Current Display FreeFormTask is null
01-01 09:15:18.733 0 0 W audit : audit_lost=12013 audit_rate_limit=5 audit_backlog_limit=64
01-01 09:15:18.733 0 0 E audit : rate limit exceeded
03-19 14:27:37.980 1549 1667 I ActivityManager: PendingStartActivityUids startActivity to updateOomAdj delay:2286ms, uid:10071
03-19 14:27:38.147 1549 10380 I ActivityTaskManager: FOREGROUND_APPLICATION_CHANGED to com.android.launcher3.uioverrides.QuickstepLauncher
03-19 14:27:38.172 1549 2821 W FreeFormWindowHelper: Current Display FreeFormTask is null
03-19 14:27:38.172 1549 1583 W FreeFormWindowHelper: Current Display FreeFormTask is null
03-19 14:27:38.173 1549 1582 W FreeFormWindowHelper: Current Display FreeFormTask is null
01-01 09:15:19.033 0 0 I msm_vidc: high: 00000002: h264d: Closed video instance: 0000000000000000
03-19 14:27:38.209 1549 10380 W FreeFormWindowHelper: Current Display FreeFormTask is null
03-19 14:27:38.209 1549 10380 W FreeFormWindowHelper: Current Display FreeFormTask is null
03-19 14:27:38.262 1549 4216 W FreeFormWindowHelper: Current Display FreeFormTask is null
03-19 14:27:39.030 2018 2149 D PhoneStartingWindowTypeAlgorithm: preferredStartingWindowType newTask:false taskSwitch:true processRunning:true allowTaskSnapshot:true activityCreated:true useEmptySplashScreen:false legacySplashScreen:false topIsHome:false
03-19 14:27:39.030 2018 2149 D PhoneStartingWindowTypeAlgorithm: isSnapshotCompatible rotation 0 snapshot 0
03-19 14:27:39.040 1549 2215 I ActivityTaskManager: FOREGROUND_APPLICATION_CHANGED to com.android.gallery3d.app.MovieActivity
03-19 14:27:39.100 2018 2149 D StartingSurfaceDrawer: Task start finish, remove starting surface for task 115
03-19 14:27:39.146 1549 10380 W FreeFormWindowHelper: Current Display FreeFormTask is null
01-01 09:15:19.990 0 0 I msm_vidc: high: 00000002: ....d: Opening video instance: 0000000000000000, 1
01-01 09:15:19.990 0 0 I msm_vidc: err : 00000002: ....d: Failed to create debugfs for msm_vidc
01-01 09:15:20.127 0 0 E DTC_ETH,link_delay_work_func: 3003, SQI=0, link=0
01-01 09:15:20.179 0 0 E DTC_Display: screen not ready
03-19 14:27:39.442 1549 2215 W FreeFormWindowHelper: exitRecentTasks type=0
03-19 14:27:39.568 1549 8362 W FreeFormWindowHelper: Current Display FreeFormTask is null
03-19 14:27:39.570 1549 8362 W FreeFormWindowHelper: Current Display FreeFormTask is null
03-19 14:27:39.573 1549 2214 W FreeFormWindowHelper: Current Display FreeFormTask is null
03-19 14:27:39.573 1549 2214 W FreeFormWindowHelper: Current Display FreeFormTask is null
03-19 14:27:39.573 1549 2214 W FreeFormWindowHelper: Current Display FreeFormTask is null
03-19 14:27:39.590 1549 2215 W FreeFormWindowHelper: exitRecentTasks type=0
03-19 14:27:39.596 1549 2215 W ActivityTaskManager: getTaskSnapshot: taskId=-166 not found
03-19 14:27:39.598 1549 2215 W FreeFormWindowHelper: Current Display FreeFormTask is null
03-19 14:27:39.598 1549 2215 W FreeFormWindowHelper: Current Display FreeFormTask is null
03-19 14:27:39.606 1549 2215 W ActivityTaskManager: getTaskSnapshot: taskId=-165 not found
03-19 14:27:39.607 1549 4216 W FreeFormWindowHelper: Current Display FreeFormTask is null
03-19 14:27:39.607 1549 4216 W FreeFormWindowHelper: Current Display FreeFormTask is null
03-19 14:27:39.610 1549 2215 W ActivityTaskManager: getTaskSnapshot: taskId=-165 not found
01-01 09:15:20.449 0 0 I : [MAX975X:max96755x_drm_notifier_callback] *INFO* receives EARLY_BLANK:UNBLANK
01-01 09:15:20.449 0 0 I atmel_mxt_ts 0-004a: FB event:2,blank:0
01-01 09:15:20.449 0 0 I atmel_mxt_ts 0-004a: suspend: event = 2, blank = 0, not care
01-01 09:15:20.449 0 0 I [drm:dsi_display_set_mode] [msm-dsi-info]: mdp_transfer_time_us=0 us
01-01 09:15:20.449 0 0 I [drm:dsi_display_set_mode] [msm-dsi-info]: hactive= 2560,vactive= 1080,fps=30
01-01 09:15:20.449 0 0 I : [MAX975X:max96755x_drm_notifier_callback] *INFO* receives BLANK:UNBLANK
01-01 09:15:20.449 0 0 I atmel_mxt_ts 0-004a: FB event:1,blank:0
01-01 09:15:20.449 0 0 I atmel_mxt_ts 0-004a: drm_notifier_callback: UNBLANK! Resume by drm notifier.
03-19 14:27:39.624 1549 2215 W FreeFormWindowHelper: Current Display FreeFormTask is null
03-19 14:27:39.624 1549 2215 W FreeFormWindowHelper: Current Display FreeFormTask is null
03-19 14:27:39.640 1549 2215 W FreeFormWindowHelper: Current Display FreeFormTask is null
03-19 14:27:39.641 1549 2215 W FreeFormWindowHelper: Current Display FreeFormTask is null
01-01 09:15:20.550 0 0 I : [MAX975X:max96755x_drm_notifier_callback] *INFO* receives EARLY_BLANK:UNBLANK
01-01 09:15:20.550 0 0 I atmel_mxt_ts 0-004a: FB event:2,blank:0
01-01 09:15:20.550 0 0 I atmel_mxt_ts 0-004a: suspend: event = 2, blank = 0, not care
01-01 09:15:20.550 0 0 I [drm:dsi_display_set_mode] [msm-dsi-info]: mdp_transfer_time_us=0 us
01-01 09:15:20.550 0 0 I [drm:dsi_display_set_mode] [msm-dsi-info]: hactive= 2560,vactive= 1080,fps=60
01-01 09:15:20.550 0 0 I : [MAX975X:max96755x_drm_notifier_callback] *INFO* receives BLANK:UNBLANK
03-19 14:27:39.726 1549 1667 W UsageStatsService: Unexpected activity event reported! (com.android.launcher3/com.android.launcher3.uioverrides.QuickstepLauncher event : 23 instanceId : 50430139)
03-19 14:27:40.306 1549 4216 W FreeFormWindowHelper: Current Display FreeFormTask is null
03-19 14:27:40.307 1549 2215 W FreeFormWindowHelper: Current Display FreeFormTask is null
03-19 14:27:40.308 1549 2215 W FreeFormWindowHelper: Current Display FreeFormTask is null
03-19 14:27:40.309 1549 2215 W FreeFormWindowHelper: Current Display FreeFormTask is null
03-19 14:27:40.317 1549 1653 D AutofillManagerService: Close system dialogs
03-19 14:27:40.327 1549 2215 W FreeFormWindowHelper: Current Display FreeFormTask is null
03-19 14:27:40.327 1549 2215 W FreeFormWindowHelper: Current Display FreeFormTask is null
03-19 14:27:40.338 1549 2215 W ActivityTaskManager: getTaskSnapshot: taskId=-427 not found
03-19 14:27:40.340 1549 2215 W ActivityTaskManager: getTaskSnapshot: taskId=-427 not found
03-19 14:27:40.340 1549 2215 W ActivityTaskManager: getTaskSnapshot: taskId=-427 not found
03-19 14:27:40.348 1549 2215 W FreeFormWindowHelper: Current Display FreeFormTask is null
03-19 14:27:40.348 1549 2215 W FreeFormWindowHelper: Current Display FreeFormTask is null
03-19 14:27:40.363 1549 2215 W FreeFormWindowHelper: Current Display FreeFormTask is null
03-19 14:27:40.364 1549 2215 W FreeFormWindowHelper: Current Display FreeFormTask is null
01-01 09:15:21.903 0 0 E DTC_Display: screen not ready
01-01 09:15:21.904 0 0 I atmel_mxt_ts 0-004a: FB event:1,blank:0
01-01 09:15:21.904 0 0 I atmel_mxt_ts 0-004a: drm_notifier_callback: UNBLANK! Resume by drm notifier.
03-19 14:27:41.095 1549 2214 W FreeFormWindowHelper: Current Display FreeFormTask is null
03-19 14:27:41.095 1549 2214 W FreeFormWindowHelper: Current Display FreeFormTask is null
03-19 14:27:41.096 1549 1653 D AutofillManagerService: Close system dialogs
03-19 14:27:41.117 1549 2214 W FreeFormWindowHelper: Current Display FreeFormTask is null
03-19 14:27:41.117 1549 2214 W FreeFormWindowHelper: Current Display FreeFormTask is null
03-19 14:27:41.662 1549 2214 W FreeFormWindowHelper: Current Display FreeFormTask is null
03-19 14:27:41.662 1549 2214 W FreeFormWindowHelper: Current Display FreeFormTask is null
03-19 14:27:41.668 1549 1656 I ActivityManager: PendingStartActivityUids startActivity to updateOomAdj delay:1357ms, uid:10071
03-19 14:27:41.670 1549 2215 W FreeFormWindowHelper: Current Display FreeFormTask is null
03-19 14:27:41.671 1549 8362 W FreeFormWindowHelper: Current Display FreeFormTask is null
03-19 14:27:41.686 1549 8362 W FreeFormWindowHelper: Current Display FreeFormTask is null
03-19 14:27:41.686 1549 8362 W FreeFormWindowHelper: Current Display FreeFormTask is null
03-19 14:27:41.687 1549 8362 W FreeFormWindowHelper: exitRecentTasks type=0
03-19 14:27:41.696 1549 1667 W UsageStatsService: Unexpected activity event reported! (com.android.launcher3/com.android.launcher3.uioverrides.QuickstepLauncher event : 23 instanceId : 50430139)
03-19 14:27:42.100 1549 4216 W FreeFormWindowHelper: Current Display FreeFormTask is null
03-19 14:27:42.102 1549 4216 W FreeFormWindowHelper: Current Display FreeFormTask is null
03-19 14:27:42.108 1549 4216 W FreeFormWindowHelper: Current Display FreeFormTask is null
03-19 14:27:42.109 1549 4216 W FreeFormWindowHelper: Current Display FreeFormTask is null
03-19 14:27:42.124 1549 4216 W ActivityTaskManager: getTaskSnapshot: taskId=-634 not found
03-19 14:27:42.128 1549 2215 W ActivityTaskManager: getTaskSnapshot: taskId=-632 not found
03-19 14:27:42.129 1549 1653 D AutofillManagerService: Close system dialogs
03-19 14:27:42.132 1549 2215 W ActivityTaskManager: getTaskSnapshot: taskId=-632 not found
03-19 14:27:42.133 1549 4216 W FreeFormWindowHelper: Current Display FreeFormTask is null
03-19 14:27:42.133 1549 4216 W FreeFormWindowHelper: Current Display FreeFormTask is null
03-19 14:27:42.141 1549 8362 W FreeFormWindowHelper: Current Display FreeFormTask is null
03-19 14:27:42.141 1549 4216 W FreeFormWindowHelper: Current Display FreeFormTask is null
03-19 14:27:42.143 1549 4216 W FreeFormWindowHelper: Current Display FreeFormTask is null
03-19 14:27:42.143 1549 4216 W FreeFormWindowHelper: Current Display FreeFormTask is null
03-19 14:27:42.149 1549 4216 W ActivityTaskManager: getTaskSnapshot: taskId=-595 not found
03-19 14:27:42.151 1549 4216 W ActivityTaskManager: getTaskSnapshot: taskId=-594 not found
01-01 09:15:22.990 0 0 I : [MAX975X:max96755x_drm_notifier_callback] *INFO* receives EARLY_BLANK:UNBLANK
01-01 09:15:22.990 0 0 I atmel_mxt_ts 0-004a: FB event:2,blank:0
01-01 09:15:22.990 0 0 I atmel_mxt_ts 0-004a: suspend: event = 2, blank = 0, not care
01-01 09:15:22.990 0 0 I [drm:dsi_display_set_mode] [msm-dsi-info]: mdp_transfer_time_us=0 us
01-01 09:15:22.990 0 0 I [drm:dsi_display_set_mode] [msm-dsi-info]: hactive= 2560,vactive= 1080,fps=30
01-01 09:15:22.990 0 0 I : [MAX975X:max96755x_drm_notifier_callback] *INFO* receives BLANK:UNBLANK
03-19 14:27:42.154 1549 8362 W ActivityTaskManager: getTaskSnapshot: taskId=-594 not found
03-19 14:27:42.163 1549 8362 W FreeFormWindowHelper: Current Display FreeFormTask is null
03-19 14:27:42.164 1549 8362 W FreeFormWindowHelper: Current Display FreeFormTask is null
03-19 14:27:42.180 1549 8362 W FreeFormWindowHelper: Current Display FreeFormTask is null
03-19 14:27:42.181 1549 8362 W FreeFormWindowHelper: Current Display FreeFormTask is null
03-19 14:27:42.187 1549 1549 W WindowManager: removeWindowToken: Attempted to remove non-existing token: android.os.Binder@3fbe83c
01-01 09:15:23.259 0 0 E DTC_Display: screen not ready
01-01 09:15:23.260 0 0 I atmel_mxt_ts 0-004a: FB event:1,blank:0
01-01 09:15:23.260 0 0 I atmel_mxt_ts 0-004a: drm_notifier_callback: UNBLANK! Resume by drm notifier.
01-01 09:15:23.262 0 0 I : [MAX975X:max96755x_drm_notifier_callback] *INFO* receives EARLY_BLANK:UNBLANK
01-01 09:15:23.262 0 0 I atmel_mxt_ts 0-004a: FB event:2,blank:0
01-01 09:15:23.262 0 0 I atmel_mxt_ts 0-004a: suspend: event = 2, blank = 0, not care
01-01 09:15:23.262 0 0 I [drm:dsi_display_set_mode] [msm-dsi-info]: mdp_transfer_time_us=0 us
01-01 09:15:23.262 0 0 I [drm:dsi_display_set_mode] [msm-dsi-info]: hactive= 2560,vactive= 1080,fps=60
01-01 09:15:23.263 0 0 I : [MAX975X:max96755x_drm_notifier_callback] *INFO* receives BLANK:UNBLANK
03-19 14:27:42.797 1549 1793 I GameModeConfig: isGameModeOn = false
01-01 09:15:25.028 0 0 E DTC_Display: screen not ready
01-01 09:15:25.028 0 0 I atmel_mxt_ts 0-004a: FB event:1,blank:0
01-01 09:15:25.028 0 0 I atmel_mxt_ts 0-004a: drm_notifier_callback: UNBLANK! Resume by drm notifier.
03-19 14:27:44.237 1549 4216 W FreeFormWindowHelper: Current Display FreeFormTask is null
03-19 14:27:44.237 1549 8362 W FreeFormWindowHelper: Current Display FreeFormTask is null
03-19 14:27:44.239 1549 1653 D AutofillManagerService: Close system dialogs
03-19 14:27:44.271 1549 8362 W FreeFormWindowHelper: exitRecentTasks type=0
03-19 14:27:44.297 1549 2214 W FreeFormWindowHelper: Current Display FreeFormTask is null
03-19 14:27:44.297 1549 2214 W FreeFormWindowHelper: Current Display FreeFormTask is null
03-19 14:27:44.306 1549 8362 W FreeFormWindowHelper: Current Display FreeFormTask is null
03-19 14:27:44.306 1549 8362 W FreeFormWindowHelper: Current Display FreeFormTask is null
03-19 14:27:44.310 1549 2215 I ActivityTaskManager: FOREGROUND_APPLICATION_CHANGED to com.android.launcher3.uioverrides.QuickstepLauncher
01-01 09:15:25.186 0 0 I msm_vidc: high: 00000002: h264d: Closed video instance: 0000000000000000
01-01 09:15:25.243 0 0 E DTC_ETH,link_delay_work_func: 3003, SQI=0, link=0
03-19 14:27:44.422 1549 4216 W FreeFormWindowHelper: Current Display FreeFormTask is null
03-19 14:27:44.757 1549 4216 W FreeFormWindowHelper: Current Display FreeFormTask is null
03-19 14:27:44.757 1549 2214 W FreeFormWindowHelper: Current Display FreeFormTask is null
03-19 14:27:44.776 1549 4216 W FreeFormWindowHelper: Current Display FreeFormTask is null
03-19 14:27:44.776 1549 4216 W FreeFormWindowHelper: Current Display FreeFormTask is null
03-19 14:27:44.776 1549 1653 D AutofillManagerService: Close system dialogs
03-19 14:27:44.779 1549 4216 W FreeFormWindowHelper: Current Display FreeFormTask is null
03-19 14:27:44.780 1549 2214 W FreeFormWindowHelper: Current Display FreeFormTask is null
03-19 14:27:44.781 1549 2215 W FreeFormWindowHelper: Current Display FreeFormTask is null
03-19 14:27:44.781 1549 2215 W FreeFormWindowHelper: Current Display FreeFormTask is null
03-19 14:27:44.782 1549 2215 W ActivityTaskManager: getTaskSnapshot: taskId=-956 not found
03-19 14:27:44.783 1549 2215 W ActivityTaskManager: getTaskSnapshot: taskId=-956 not found
03-19 14:27:44.783 1549 2215 W ActivityTaskManager: getTaskSnapshot: taskId=-956 not found
03-19 14:27:44.788 1549 2214 W FreeFormWindowHelper: Current Display FreeFormTask is null
03-19 14:27:44.788 1549 2214 W FreeFormWindowHelper: Current Display FreeFormTask is null
03-19 14:27:45.137 1549 2215 W FreeFormWindowHelper: Current Display FreeFormTask is null
03-19 14:27:45.137 1549 4216 W FreeFormWindowHelper: Current Display FreeFormTask is null
03-19 14:27:45.154 1549 2214 W FreeFormWindowHelper: Current Display FreeFormTask is null
03-19 14:27:45.154 1549 2214 W FreeFormWindowHelper: Current Display FreeFormTask is null
03-19 14:27:45.172 1549 2214 W FreeFormWindowHelper: Current Display FreeFormTask is null
03-19 14:27:45.172 1549 2214 W FreeFormWindowHelper: Current Display FreeFormTask is null
03-19 14:27:45.188 1549 4216 W FreeFormWindowHelper: Current Display FreeFormTask is null
03-19 14:27:45.188 1549 8362 W FreeFormWindowHelper: Current Display FreeFormTask is null
03-19 14:27:45.208 1549 8362 W FreeFormWindowHelper: Current Display FreeFormTask is null
03-19 14:27:45.209 1549 8362 W FreeFormWindowHelper: Current Display FreeFormTask is null
03-19 14:27:45.224 1549 4216 W FreeFormWindowHelper: Current Display FreeFormTask is null
03-19 14:27:45.224 1549 2214 W FreeFormWindowHelper: Current Display FreeFormTask is null
03-19 14:27:45.240 1549 2214 W FreeFormWindowHelper: Current Display FreeFormTask is null
03-19 14:27:45.240 1549 2214 W FreeFormWindowHelper: Current Display FreeFormTask is null
03-19 14:27:45.256 1549 8362 W FreeFormWindowHelper: Current Display FreeFormTask is null
03-19 14:27:45.256 1549 8362 W FreeFormWindowHelper: Current Display FreeFormTask is null
03-19 14:27:45.273 1549 8362 W FreeFormWindowHelper: Current Display FreeFormTask is null
03-19 14:27:45.273 1549 8362 W FreeFormWindowHelper: Current Display FreeFormTask is null
03-19 14:27:45.290 1549 8362 W FreeFormWindowHelper: Current Display FreeFormTask is null
03-19 14:27:45.290 1549 8362 W FreeFormWindowHelper: Current Display FreeFormTask is null
03-19 14:27:45.306 1549 2214 W FreeFormWindowHelper: Current Display FreeFormTask is null
03-19 14:27:45.307 1549 2214 W FreeFormWindowHelper: Current Display FreeFormTask is null
03-19 14:27:45.323 1549 2214 W FreeFormWindowHelper: Current Display FreeFormTask is null
03-19 14:27:45.323 1549 2214 W FreeFormWindowHelper: Current Display FreeFormTask is null
03-19 14:27:45.339 1549 2214 W FreeFormWindowHelper: Current Display FreeFormTask is null
03-19 14:27:45.340 1549 2214 W FreeFormWindowHelper: Current Display FreeFormTask is null
03-19 14:27:45.357 1549 8362 W FreeFormWindowHelper: Current Display FreeFormTask is null
03-19 14:27:45.357 1549 8362 W FreeFormWindowHelper: Current Display FreeFormTask is null
03-19 14:27:45.373 1549 2214 W FreeFormWindowHelper: Current Display FreeFormTask is null
03-19 14:27:45.374 1549 8362 W FreeFormWindowHelper: Current Display FreeFormTask is null
03-19 14:27:45.390 1549 2214 W FreeFormWindowHelper: Current Display FreeFormTask is null
03-19 14:27:45.390 1549 8362 W FreeFormWindowHelper: Current Display FreeFormTask is null
03-19 14:27:45.408 1549 8362 W FreeFormWindowHelper: Current Display FreeFormTask is null
03-19 14:27:45.408 1549 2214 W FreeFormWindowHelper: Current Display FreeFormTask is null
03-19 14:27:45.423 1549 2214 W FreeFormWindowHelper: Current Display FreeFormTask is null
03-19 14:27:45.423 1549 2214 W FreeFormWindowHelper: Current Display FreeFormTask is null
03-19 14:27:45.442 1549 2214 W FreeFormWindowHelper: Current Display FreeFormTask is null
03-19 14:27:45.442 1549 2215 W FreeFormWindowHelper: Current Display FreeFormTask is null
03-19 14:27:45.442 1549 4216 W FreeFormWindowHelper: Current Display FreeFormTask is null
03-19 14:27:45.462 1549 2821 W FreeFormWindowHelper: Current Display FreeFormTask is null
03-19 14:27:45.462 1549 2821 W FreeFormWindowHelper: Current Display FreeFormTask is null
01-01 09:15:26.695 0 0 E DTC_Display: screen not ready
03-19 14:27:46.339 2018 2149 D PhoneStartingWindowTypeAlgorithm: preferredStartingWindowType newTask:false taskSwitch:true processRunning:true allowTaskSnapshot:true activityCreated:true useEmptySplashScreen:false legacySplashScreen:false topIsHome:false
03-19 14:27:46.339 2018 2149 D PhoneStartingWindowTypeAlgorithm: isSnapshotCompatible rotation 0 snapshot 0
03-19 14:27:46.344 1549 4216 I ActivityTaskManager: FOREGROUND_APPLICATION_CHANGED to com.android.gallery3d.app.MovieActivity
03-19 14:27:46.407 2018 2149 D StartingSurfaceDrawer: Task start finish, remove starting surface for task 115
01-01 09:15:27.281 0 0 I msm_vidc: high: 00000002: ....d: Opening video instance: 0000000000000000, 1
01-01 09:15:27.281 0 0 I msm_vidc: err : 00000002: ....d: Failed to create debugfs for msm_vidc
03-19 14:27:46.450 1549 2821 W FreeFormWindowHelper: Current Display FreeFormTask is null
03-19 14:27:46.743 1549 8362 W FreeFormWindowHelper: exitRecentTasks type=0
01-01 09:15:27.617 0 0 I : [MAX975X:max96755x_drm_notifier_callback] *INFO* receives EARLY_BLANK:UNBLANK
01-01 09:15:27.617 0 0 I atmel_mxt_ts 0-004a: FB event:2,blank:0
01-01 09:15:27.617 0 0 I atmel_mxt_ts 0-004a: suspend: event = 2, blank = 0, not care
01-01 09:15:27.617 0 0 I [drm:dsi_display_set_mode] [msm-dsi-info]: mdp_transfer_time_us=0 us
01-01 09:15:27.617 0 0 I [drm:dsi_display_set_mode] [msm-dsi-info]: hactive= 2560,vactive= 1080,fps=30
01-01 09:15:27.618 0 0 I : [MAX975X:max96755x_drm_notifier_callback] *INFO* receives BLANK:UNBLANK
01-01 09:15:27.618 0 0 I atmel_mxt_ts 0-004a: FB event:1,blank:0
01-01 09:15:27.618 0 0 I atmel_mxt_ts 0-004a: drm_notifier_callback: UNBLANK! Resume by drm notifier.
01-01 09:15:27.836 0 0 I : [MAX975X:max96755x_drm_notifier_callback] *INFO* receives EARLY_BLANK:UNBLANK
01-01 09:15:27.836 0 0 I atmel_mxt_ts 0-004a: FB event:2,blank:0
01-01 09:15:27.836 0 0 I atmel_mxt_ts 0-004a: suspend: event = 2, blank = 0, not care
01-01 09:15:27.836 0 0 I [drm:dsi_display_set_mode] [msm-dsi-info]: mdp_transfer_time_us=0 us
01-01 09:15:27.836 0 0 I [drm:dsi_display_set_mode] [msm-dsi-info]: hactive= 2560,vactive= 1080,fps=60
01-01 09:15:27.836 0 0 I : [MAX975X:max96755x_drm_notifier_callback] *INFO* receives BLANK:UNBLANK
03-19 14:27:47.000 1549 8362 W FreeFormWindowHelper: Current Display FreeFormTask is null
03-19 14:27:47.002 1549 2821 W FreeFormWindowHelper: Current Display FreeFormTask is null
03-19 14:27:47.007 1549 2215 W FreeFormWindowHelper: Current Display FreeFormTask is null
03-19 14:27:47.007 1549 1582 W FreeFormWindowHelper: Current Display FreeFormTask is null
03-19 14:27:47.007 1549 2821 W FreeFormWindowHelper: Current Display FreeFormTask is null
03-19 14:27:47.014 1549 1653 D AutofillManagerService: Close system dialogs
03-19 14:27:47.019 1549 8362 W ActivityTaskManager: getTaskSnapshot: taskId=-734 not found
03-19 14:27:47.020 1549 1582 W ActivityTaskManager: getTaskSnapshot: taskId=-734 not found
03-19 14:27:47.020 1549 1582 W ActivityTaskManager: getTaskSnapshot: taskId=-733 not found
03-19 14:27:47.031 1549 4216 W FreeFormWindowHelper: Current Display FreeFormTask is null
03-19 14:27:47.031 1549 4216 W FreeFormWindowHelper: Current Display FreeFormTask is null
03-19 14:27:47.036 1549 1582 W FreeFormWindowHelper: Current Display FreeFormTask is null
03-19 14:27:47.037 1549 4216 W FreeFormWindowHelper: Current Display FreeFormTask is null
03-19 14:27:47.042 1549 8362 W FreeFormWindowHelper: Current Display FreeFormTask is null
03-19 14:27:47.042 1549 8362 W FreeFormWindowHelper: Current Display FreeFormTask is null
03-19 14:27:47.045 1549 1582 W ActivityTaskManager: getTaskSnapshot: taskId=-699 not found
03-19 14:27:47.047 1549 2821 W ActivityTaskManager: getTaskSnapshot: taskId=-699 not found
03-19 14:27:47.047 1549 2821 W ActivityTaskManager: getTaskSnapshot: taskId=-699 not found
03-19 14:27:47.059 1549 8362 W FreeFormWindowHelper: Current Display FreeFormTask is null
03-19 14:27:47.059 1549 8362 W FreeFormWindowHelper: Current Display FreeFormTask is null
03-19 14:27:47.075 1549 2821 W FreeFormWindowHelper: Current Display FreeFormTask is null
03-19 14:27:47.075 1549 8362 W FreeFormWindowHelper: Current Display FreeFormTask is null
01-01 09:15:29.179 0 0 E DTC_Display: screen not ready
01-01 09:15:29.180 0 0 I atmel_mxt_ts 0-004a: FB event:1,blank:0
01-01 09:15:29.180 0 0 I atmel_mxt_ts 0-004a: drm_notifier_callback: UNBLANK! Resume by drm notifier.
03-19 14:27:48.370 1549 8362 W FreeFormWindowHelper: Current Display FreeFormTask is null
03-19 14:27:48.370 1549 8362 W FreeFormWindowHelper: Current Display FreeFormTask is null
03-19 14:27:48.376 1549 1653 D AutofillManagerService: Close system dialogs
03-19 14:27:48.392 1549 4216 W FreeFormWindowHelper: Current Display FreeFormTask is null
