03-19 14:33:20.930 1549 2210 E UserRestrictionsUtils: Unknown restriction queried by uid 1000 (com.android.settings et al): null
03-19 14:33:20.930 1549 5960 E UserRestrictionsUtils: Unknown restriction queried by uid 1000 (com.android.settings et al): null
03-19 14:33:20.930 1549 5960 E UserRestrictionsUtils: Unknown restriction queried by uid 1000 (com.android.settings et al): null
03-19 14:33:20.947 1549 2210 E UserRestrictionsUtils: Unknown restriction queried by uid 1000 (com.android.settings et al): null
03-19 14:33:20.947 1549 2210 E UserRestrictionsUtils: Unknown restriction queried by uid 1000 (com.android.settings et al): null
03-19 14:33:20.947 1549 2210 E UserRestrictionsUtils: Unknown restriction queried by uid 1000 (com.android.settings et al): null
03-19 14:33:20.948 1549 2210 E UserRestrictionsUtils: Unknown restriction queried by uid 1000 (com.android.settings et al): null
03-19 14:33:20.948 1549 5960 E UserRestrictionsUtils: Unknown restriction queried by uid 1000 (com.android.settings et al): null
03-19 14:33:20.951 1549 5960 I wm_relaunch_activity: [0,249239324,37,com.android.launcher3/.uioverrides.QuickstepLauncher]
03-19 14:33:20.951 1549 5960 I wm_add_to_stopping: [0,249239324,com.android.launcher3/.uioverrides.QuickstepLauncher,preloadRecents]
03-19 14:33:20.962 21017 21017 I wm_on_create_called: [17152677,com.android.settings.Settings,performCreate]
03-19 14:33:20.964 2634 2634 I wm_on_destroy_called: [249239324,com.android.launcher3.uioverrides.QuickstepLauncher,performDestroy]
03-19 14:33:20.976 1549 2210 E UserRestrictionsUtils: Unknown restriction queried by uid 1000 (com.android.settings et al): null
03-19 14:33:20.976 1549 2210 E UserRestrictionsUtils: Unknown restriction queried by uid 1000 (com.android.settings et al): null
03-19 14:33:20.976 1549 2210 E UserRestrictionsUtils: Unknown restriction queried by uid 1000 (com.android.settings et al): null
03-19 14:33:20.977 1549 8362 E UserRestrictionsUtils: Unknown restriction queried by uid 1000 (com.android.settings et al): null
03-19 14:33:20.977 1549 8362 E UserRestrictionsUtils: Unknown restriction queried by uid 1000 (com.android.settings et al): null
03-19 14:33:20.977 1549 8362 E UserRestrictionsUtils: Unknown restriction queried by uid 1000 (com.android.settings et al): null
03-19 14:33:20.977 1549 8362 E UserRestrictionsUtils: Unknown restriction queried by uid 1000 (com.android.settings et al): null
03-19 14:33:20.977 1549 8362 E UserRestrictionsUtils: Unknown restriction queried by uid 1000 (com.android.settings et al): null
03-19 14:33:20.978 1549 8362 E UserRestrictionsUtils: Unknown restriction queried by uid 1000 (com.android.settings et al): null
03-19 14:33:20.978 1549 8362 E UserRestrictionsUtils: Unknown restriction queried by uid 1000 (com.android.settings et al): null
03-19 14:33:20.978 1549 8362 E UserRestrictionsUtils: Unknown restriction queried by uid 1000 (com.android.settings et al): null
03-19 14:33:20.978 1549 2210 E UserRestrictionsUtils: Unknown restriction queried by uid 1000 (com.android.settings et al): null
03-19 14:33:20.978 1549 8362 E UserRestrictionsUtils: Unknown restriction queried by uid 1000 (com.android.settings et al): null
03-19 14:33:20.978 1549 8362 E UserRestrictionsUtils: Unknown restriction queried by uid 1000 (com.android.settings et al): null
03-19 14:33:20.979 1549 8362 E UserRestrictionsUtils: Unknown restriction queried by uid 1000 (com.android.settings et al): null
03-19 14:33:20.979 1549 8362 E UserRestrictionsUtils: Unknown restriction queried by uid 1000 (com.android.settings et al): null
03-19 14:33:20.979 1549 8362 E UserRestrictionsUtils: Unknown restriction queried by uid 1000 (com.android.settings et al): null
03-19 14:33:20.980 1549 8362 E UserRestrictionsUtils: Unknown restriction queried by uid 1000 (com.android.settings et al): null
03-19 14:33:20.987 21017 21017 I wm_on_start_called: [17152677,com.android.settings.Settings,handleStartActivity]
03-19 14:33:20.988 21017 21017 I snet_event_log: [120484087,-1,]
03-19 14:33:20.988 21017 21017 I wm_on_resume_called: [17152677,com.android.settings.Settings,RESUME_ACTIVITY]
03-19 14:33:20.989 21017 21017 I sysui_multi_action: [757,340,758,1,833,0,1089,65]
03-19 14:33:20.989 21017 21017 I sysui_multi_action: [757,35,758,1,833,0,1089,16]
03-19 14:33:20.990 21017 21017 I sysui_multi_action: [757,1729,758,4,854,isParalleledControllers:false,1089,17]
03-19 14:33:20.991 21017 21017 I wm_on_top_resumed_gained_called: [17152677,com.android.settings.Settings,topWhenResuming]
03-19 14:33:20.994 1549 8362 W FreeFormWindowHelper: Current Display FreeFormTask is null
03-19 14:33:20.995 1549 2026 D CompatibilityChangeReporter: Compat change id reported: 168419799; UID 1000; state: DISABLED
03-19 14:33:21.027 2634 2634 I wm_on_create_called: [249239324,com.android.launcher3.uioverrides.QuickstepLauncher,performCreate]
03-19 14:33:21.030 1549 1858 W FreeFormWindowHelper: Current Display FreeFormTask is null
03-19 14:33:21.053 1549 1657 I input_focus: [Focus request 5e6dea4 com.android.settings/com.android.settings.Settings,reason=UpdateInputWindows]
03-19 14:33:21.061 2634 2634 I wm_on_start_called: [249239324,com.android.launcher3.uioverrides.QuickstepLauncher,handleStartActivity]
03-19 14:33:21.062 2634 2634 I wm_on_resume_called: [249239324,com.android.launcher3.uioverrides.QuickstepLauncher,LIFECYCLER_RESUME_ACTIVITY]
03-19 14:33:21.070 2634 2634 I wm_on_paused_called: [249239324,com.android.launcher3.uioverrides.QuickstepLauncher,performPause]
03-19 14:33:21.073 1549 1858 W FreeFormWindowHelper: Current Display FreeFormTask is null
03-19 14:33:21.088 1549 1725 I commit_sys_config_file: [settings-1-0,12]
03-19 14:33:21.094 1549 8362 W FreeFormWindowHelper: Current Display FreeFormTask is null
03-19 14:33:21.116 1549 2210 I wm_stop_activity: [0,249239324,com.android.launcher3/.uioverrides.QuickstepLauncher]
03-19 14:33:21.121 1549 2210 I WindowManager: finishDrawing of relaunch: Window{5e6dea4 u0 com.android.settings/com.android.settings.Settings} 216ms
03-19 14:33:21.121 2634 2634 I wm_on_stop_called: [249239324,com.android.launcher3.uioverrides.QuickstepLauncher,STOP_ACTIVITY_ITEM]
03-19 14:33:21.134 1549 1741 I input_focus: [Focus entering 5e6dea4 com.android.settings/com.android.settings.Settings (server),reason=Window became focusable. Previous reason: NOT_VISIBLE]
03-19 14:33:21.135 1549 1657 I WindowManager: Screen frozen for +240ms due to Window{5e6dea4 u0 com.android.settings/com.android.settings.Settings}
03-19 14:33:21.156 1549 1657 I sysui_latency: [6,262]
03-19 14:33:21.415 1549 1741 I input_interaction: Interaction with: 5e6dea4 com.android.settings/com.android.settings.Settings (server), swipe-up (server), edge-swipe (server), PointerEventDispatcher0 (server),
01-01 09:21:02.290 0 0 E DTC_Display: screen not ready
03-19 14:33:21.761 1549 1549 I notification_enqueue: [10094,12961,com.tencent.android.qqdownloader,127,NULL,0,Notification(channel=channel_id_default_silent shortcut=null contentView=com.tencent.android.qqdownloader/0x7f0a01c2 vibrate=null sound=null defaults=0x0 flags=0x2a0 color=0x00000000 groupKey=com.tencent.android.qqdownloader vis=PRIVATE),1]
03-19 14:33:21.964 1549 1549 I GameModeConfig: isGameModeOn = false
01-01 09:21:03.164 0 0 E DTC_ETH,link_delay_work_func: 3003, SQI=0, link=0
03-19 14:33:22.355 0 0 I auditd : type=1400 audit(0.0:12321): avc: denied { kill } for comm="swapper/3" capability=5 scontext=u:r:kernel:s0 tcontext=u:r:kernel:s0 tclass=capability permissive=1
03-19 14:33:23.248 1549 1656 I configuration_changed: 1073741824
03-19 14:33:23.248 1549 1656 I ActivityTaskManager: Config changes=40000000 {1.3 ?mcc?mnc [zh_CN] ldltr sw720dp w1706dp h652dp 240dpi lrg long hdr land finger -keyb/v/h -nav/h winConfig={ mBounds=Rect(0, 0 - 2560, 1080) mAppBounds=Rect(0, 0 - 2560, 1014) mMaxBounds=Rect(0, 0 - 2560, 1080) mWindowingMode=fullscreen mDisplayWindowingMode=fullscreen mActivityType=undefined mAlwaysOnTop=undefined mRotation=ROTATION_0} s.1532 fontWeightAdjustment=0}
03-19 14:33:23.249 1549 1656 W ActivityTaskManager: Current config: {1.15 ?mcc?mnc [zh_CN] ldltr sw720dp w1706dp h652dp 240dpi lrg long hdr land finger -keyb/v/h -nav/h winConfig={ mBounds=Rect(0, 0 - 2560, 1080) mAppBounds=Rect(0, 0 - 2560, 1014) mMaxBounds=Rect(0, 0 - 2560, 1080) mWindowingMode=fullscreen mDisplayWindowingMode=fullscreen mActivityType=undefined mAlwaysOnTop=undefined mRotation=ROTATION_0} s.1532 fontWeightAdjustment=0} unchanged for IME proc com.baidu.input
03-19 14:33:23.257 1549 1656 I WindowManager: Override config changes=40000000 {1.3 ?mcc?mnc [zh_CN] ldltr sw720dp w1706dp h652dp 240dpi lrg long hdr land finger -keyb/v/h -nav/h winConfig={ mBounds=Rect(0, 0 - 2560, 1080) mAppBounds=Rect(0, 0 - 2560, 1014) mMaxBounds=Rect(0, 0 - 2560, 1080) mWindowingMode=fullscreen mDisplayWindowingMode=fullscreen mActivityType=undefined mAlwaysOnTop=undefined mRotation=ROTATION_0} s.1532 fontWeightAdjustment=0} for displayId=0
03-19 14:33:23.258 1549 1656 V ActivityTaskManager: Sending to IME proc com.baidu.input new config {1.3 ?mcc?mnc [zh_CN] ldltr sw720dp w1706dp h652dp 240dpi lrg long hdr land finger -keyb/v/h -nav/h winConfig={ mBounds=Rect(0, 0 - 2560, 1080) mAppBounds=Rect(0, 0 - 2560, 1014) mMaxBounds=Rect(0, 0 - 2560, 1080) mWindowingMode=fullscreen mDisplayWindowingMode=fullscreen mActivityType=undefined mAlwaysOnTop=undefined mRotation=ROTATION_0} s.1532 fontWeightAdjustment=0}
03-19 14:33:23.258 1549 1656 W ActivityTaskManager: Current config: {1.3 ?mcc?mnc [zh_CN] ldltr sw720dp w1706dp h652dp 240dpi lrg long hdr land finger -keyb/v/h -nav/h winConfig={ mBounds=Rect(0, 0 - 2560, 1080) mAppBounds=Rect(0, 0 - 2560, 1014) mMaxBounds=Rect(0, 0 - 2560, 1080) mWindowingMode=fullscreen mDisplayWindowingMode=fullscreen mActivityType=undefined mAlwaysOnTop=undefined mRotation=ROTATION_0} s.1532 fontWeightAdjustment=0} unchanged for IME proc com.baidu.input
03-19 14:33:23.258 1549 1656 W ActivityTaskManager: Current config: {1.3 ?mcc?mnc [zh_CN] ldltr sw720dp w1706dp h652dp 240dpi lrg long hdr land finger -keyb/v/h -nav/h winConfig={ mBounds=Rect(0, 0 - 2560, 1080) mAppBounds=Rect(0, 0 - 2560, 1014) mMaxBounds=Rect(0, 0 - 2560, 1080) mWindowingMode=fullscreen mDisplayWindowingMode=fullscreen mActivityType=undefined mAlwaysOnTop=undefined mRotation=ROTATION_0} s.1532 fontWeightAdjustment=0} unchanged for IME proc com.baidu.input
03-19 14:33:23.258 1549 1656 W ActivityTaskManager: Current config: {1.3 ?mcc?mnc [zh_CN] ldltr sw720dp w1706dp h652dp 240dpi lrg long hdr land finger -keyb/v/h -nav/h winConfig={ mBounds=Rect(0, 0 - 2560, 1080) mAppBounds=Rect(0, 0 - 2560, 1014) mMaxBounds=Rect(0, 0 - 2560, 1080) mWindowingMode=fullscreen mDisplayWindowingMode=fullscreen mActivityType=undefined mAlwaysOnTop=undefined mRotation=ROTATION_0} s.1532 fontWeightAdjustment=0} unchanged for IME proc com.android.inputmethod.latin
03-19 14:33:23.268 1549 1656 I wm_relaunch_resume_activity: [0,17152677,118,com.android.settings/.Settings]
03-19 14:33:23.269 1549 2026 I wm_relaunch_activity: [0,249239324,37,com.android.launcher3/.uioverrides.QuickstepLauncher]
03-19 14:33:23.269 1549 2026 I wm_add_to_stopping: [0,249239324,com.android.launcher3/.uioverrides.QuickstepLauncher,preloadRecents]
03-19 14:33:23.281 21017 21017 I wm_on_top_resumed_lost_called: [17152677,com.android.settings.Settings,pausing]
03-19 14:33:23.282 21017 21017 I sysui_multi_action: [757,340,758,2,1089,2293]
03-19 14:33:23.282 21017 21017 I sysui_multi_action: [757,35,758,2,1089,2293]
03-19 14:33:23.283 21017 21017 I wm_on_paused_called: [17152677,com.android.settings.Settings,performPause]
03-19 14:33:23.298 2634 2634 I wm_on_destroy_called: [249239324,com.android.launcher3.uioverrides.QuickstepLauncher,performDestroy]
03-19 14:33:23.298 21017 21017 I wm_on_stop_called: [17152677,com.android.settings.Settings,handleRelaunchActivity]
03-19 14:33:23.301 21017 21017 I wm_on_destroy_called: [17152677,com.android.settings.Settings,performDestroy]
03-19 14:33:23.315 1549 2026 E UserRestrictionsUtils: Unknown restriction queried by uid 1000 (com.android.settings et al): null
03-19 14:33:23.315 1549 2026 E UserRestrictionsUtils: Unknown restriction queried by uid 1000 (com.android.settings et al): null
03-19 14:33:23.316 1549 2026 E UserRestrictionsUtils: Unknown restriction queried by uid 1000 (com.android.settings et al): null
03-19 14:33:23.316 1549 1858 E UserRestrictionsUtils: Unknown restriction queried by uid 1000 (com.android.settings et al): null
03-19 14:33:23.316 1549 2821 E UserRestrictionsUtils: Unknown restriction queried by uid 1000 (com.android.settings et al): null
03-19 14:33:23.316 1549 2210 E UserRestrictionsUtils: Unknown restriction queried by uid 1000 (com.android.settings et al): null
03-19 14:33:23.316 1549 5959 E UserRestrictionsUtils: Unknown restriction queried by uid 1000 (com.android.settings et al): null
03-19 14:33:23.316 1549 8362 E UserRestrictionsUtils: Unknown restriction queried by uid 1000 (com.android.settings et al): null
03-19 14:33:23.317 1549 5960 E UserRestrictionsUtils: Unknown restriction queried by uid 1000 (com.android.settings et al): null
03-19 14:33:23.317 1549 2215 E UserRestrictionsUtils: Unknown restriction queried by uid 1000 (com.android.settings et al): null
03-19 14:33:23.317 1549 4687 E UserRestrictionsUtils: Unknown restriction queried by uid 1000 (com.android.settings et al): null
03-19 14:33:23.317 1549 4917 E UserRestrictionsUtils: Unknown restriction queried by uid 1000 (com.android.settings et al): null
03-19 14:33:23.317 1549 4916 E UserRestrictionsUtils: Unknown restriction queried by uid 1000 (com.android.settings et al): null
03-19 14:33:23.317 1549 4216 E UserRestrictionsUtils: Unknown restriction queried by uid 1000 (com.android.settings et al): null
03-19 14:33:23.318 1549 4829 E UserRestrictionsUtils: Unknown restriction queried by uid 1000 (com.android.settings et al): null
03-19 14:33:23.318 1549 10196 E UserRestrictionsUtils: Unknown restriction queried by uid 1000 (com.android.settings et al): null
03-19 14:33:23.318 1549 4928 E UserRestrictionsUtils: Unknown restriction queried by uid 1000 (com.android.settings et al): null
03-19 14:33:23.318 1549 12818 E UserRestrictionsUtils: Unknown restriction queried by uid 1000 (com.android.settings et al): null
03-19 14:33:23.326 1549 4216 W FreeFormWindowHelper: Current Display FreeFormTask is null
03-19 14:33:23.330 1549 4216 E UserRestrictionsUtils: Unknown restriction queried by uid 1000 (com.android.settings et al): null
03-19 14:33:23.331 1549 4216 E UserRestrictionsUtils: Unknown restriction queried by uid 1000 (com.android.settings et al): null
03-19 14:33:23.331 1549 2026 E UserRestrictionsUtils: Unknown restriction queried by uid 1000 (com.android.settings et al): null
03-19 14:33:23.331 1549 5960 E UserRestrictionsUtils: Unknown restriction queried by uid 1000 (com.android.settings et al): null
03-19 14:33:23.332 1549 2215 E UserRestrictionsUtils: Unknown restriction queried by uid 1000 (com.android.settings et al): null
03-19 14:33:23.342 2634 2634 I wm_on_create_called: [249239324,com.android.launcher3.uioverrides.QuickstepLauncher,performCreate]
03-19 14:33:23.343 1549 2215 W FreeFormWindowHelper: Current Display FreeFormTask is null
03-19 14:33:23.347 21017 21017 I wm_on_create_called: [17152677,com.android.settings.Settings,performCreate]
03-19 14:33:23.361 1549 2210 E UserRestrictionsUtils: Unknown restriction queried by uid 1000 (com.android.settings et al): null
03-19 14:33:23.362 2634 2634 I wm_on_start_called: [249239324,com.android.launcher3.uioverrides.QuickstepLauncher,handleStartActivity]
03-19 14:33:23.362 1549 2210 E UserRestrictionsUtils: Unknown restriction queried by uid 1000 (com.android.settings et al): null
03-19 14:33:23.363 2634 2634 I wm_on_resume_called: [249239324,com.android.launcher3.uioverrides.QuickstepLauncher,LIFECYCLER_RESUME_ACTIVITY]
03-19 14:33:23.363 1549 2210 E UserRestrictionsUtils: Unknown restriction queried by uid 1000 (com.android.settings et al): null
03-19 14:33:23.363 1549 2821 E UserRestrictionsUtils: Unknown restriction queried by uid 1000 (com.android.settings et al): null
03-19 14:33:23.363 1549 2215 E UserRestrictionsUtils: Unknown restriction queried by uid 1000 (com.android.settings et al): null
03-19 14:33:23.363 1549 2215 E UserRestrictionsUtils: Unknown restriction queried by uid 1000 (com.android.settings et al): null
03-19 14:33:23.364 1549 2215 E UserRestrictionsUtils: Unknown restriction queried by uid 1000 (com.android.settings et al): null
03-19 14:33:23.364 1549 2215 E UserRestrictionsUtils: Unknown restriction queried by uid 1000 (com.android.settings et al): null
03-19 14:33:23.364 1549 2210 E UserRestrictionsUtils: Unknown restriction queried by uid 1000 (com.android.settings et al): null
03-19 14:33:23.364 1549 2210 E UserRestrictionsUtils: Unknown restriction queried by uid 1000 (com.android.settings et al): null
03-19 14:33:23.364 1549 2210 E UserRestrictionsUtils: Unknown restriction queried by uid 1000 (com.android.settings et al): null
03-19 14:33:23.364 1549 2210 E UserRestrictionsUtils: Unknown restriction queried by uid 1000 (com.android.settings et al): null
03-19 14:33:23.365 1549 2210 E UserRestrictionsUtils: Unknown restriction queried by uid 1000 (com.android.settings et al): null
03-19 14:33:23.365 1549 2821 E UserRestrictionsUtils: Unknown restriction queried by uid 1000 (com.android.settings et al): null
03-19 14:33:23.365 1549 2215 E UserRestrictionsUtils: Unknown restriction queried by uid 1000 (com.android.settings et al): null
03-19 14:33:23.365 1549 2210 E UserRestrictionsUtils: Unknown restriction queried by uid 1000 (com.android.settings et al): null
03-19 14:33:23.365 2634 2634 I wm_on_paused_called: [249239324,com.android.launcher3.uioverrides.QuickstepLauncher,performPause]
03-19 14:33:23.365 1549 2210 E UserRestrictionsUtils: Unknown restriction queried by uid 1000 (com.android.settings et al): null
03-19 14:33:23.366 1549 2210 E UserRestrictionsUtils: Unknown restriction queried by uid 1000 (com.android.settings et al): null
03-19 14:33:23.368 1549 2215 W FreeFormWindowHelper: Current Display FreeFormTask is null
03-19 14:33:23.378 1549 2215 W FreeFormWindowHelper: Current Display FreeFormTask is null
03-19 14:33:23.379 21017 21017 I wm_on_start_called: [17152677,com.android.settings.Settings,handleStartActivity]
03-19 14:33:23.379 21017 21017 I snet_event_log: [120484087,-1,]
03-19 14:33:23.380 21017 21017 I wm_on_resume_called: [17152677,com.android.settings.Settings,RESUME_ACTIVITY]
03-19 14:33:23.380 21017 21017 I sysui_multi_action: [757,340,758,1,833,0,1089,68]
03-19 14:33:23.380 21017 21017 I sysui_multi_action: [757,35,758,1,833,0,1089,21]
03-19 14:33:23.381 21017 21017 I sysui_multi_action: [757,1729,758,4,854,isParalleledControllers:false,1089,22]
03-19 14:33:23.383 21017 21017 I wm_on_top_resumed_gained_called: [17152677,com.android.settings.Settings,topWhenResuming]
03-19 14:33:23.390 1549 1858 I wm_stop_activity: [0,249239324,com.android.launcher3/.uioverrides.QuickstepLauncher]
03-19 14:33:23.391 2634 2634 I wm_on_stop_called: [249239324,com.android.launcher3.uioverrides.QuickstepLauncher,STOP_ACTIVITY_ITEM]
03-19 14:33:23.392 1549 1725 I commit_sys_config_file: [settings-1-0,9]
03-19 14:33:23.445 1549 1657 I input_focus: [Focus request a2af0d0 com.android.settings/com.android.settings.Settings,reason=UpdateInputWindows]
03-19 14:33:23.492 1549 1858 I WindowManager: finishDrawing of relaunch: Window{a2af0d0 u0 com.android.settings/com.android.settings.Settings} 224ms
03-19 14:33:23.503 1549 1657 I WindowManager: Screen frozen for +244ms due to Window{a2af0d0 u0 com.android.settings/com.android.settings.Settings}
03-19 14:33:23.503 1549 1741 I input_focus: [Focus entering a2af0d0 com.android.settings/com.android.settings.Settings (server),reason=Window became focusable. Previous reason: NOT_VISIBLE]
03-19 14:33:23.517 1549 1657 I sysui_latency: [6,259]
03-19 14:33:24.351 1549 1741 I input_interaction: Interaction with: a2af0d0 com.android.settings/com.android.settings.Settings (server), swipe-up (server), edge-swipe (server), PointerEventDispatcher0 (server),
03-19 14:33:24.569 1549 1656 I configuration_changed: 1073741824
03-19 14:33:24.570 1549 1656 I ActivityTaskManager: Config changes=40000000 {1.15 ?mcc?mnc [zh_CN] ldltr sw720dp w1706dp h652dp 240dpi lrg long hdr land finger -keyb/v/h -nav/h winConfig={ mBounds=Rect(0, 0 - 2560, 1080) mAppBounds=Rect(0, 0 - 2560, 1014) mMaxBounds=Rect(0, 0 - 2560, 1080) mWindowingMode=fullscreen mDisplayWindowingMode=fullscreen mActivityType=undefined mAlwaysOnTop=undefined mRotation=ROTATION_0} s.1585 fontWeightAdjustment=0}
03-19 14:33:24.573 1549 1656 W ActivityTaskManager: Current config: {1.3 ?mcc?mnc [zh_CN] ldltr sw720dp w1706dp h652dp 240dpi lrg long hdr land finger -keyb/v/h -nav/h winConfig={ mBounds=Rect(0, 0 - 2560, 1080) mAppBounds=Rect(0, 0 - 2560, 1014) mMaxBounds=Rect(0, 0 - 2560, 1080) mWindowingMode=fullscreen mDisplayWindowingMode=fullscreen mActivityType=undefined mAlwaysOnTop=undefined mRotation=ROTATION_0} s.1585 fontWeightAdjustment=0} unchanged for IME proc com.baidu.input
03-19 14:33:24.579 1549 1656 I WindowManager: Override config changes=40000000 {1.15 ?mcc?mnc [zh_CN] ldltr sw720dp w1706dp h652dp 240dpi lrg long hdr land finger -keyb/v/h -nav/h winConfig={ mBounds=Rect(0, 0 - 2560, 1080) mAppBounds=Rect(0, 0 - 2560, 1014) mMaxBounds=Rect(0, 0 - 2560, 1080) mWindowingMode=fullscreen mDisplayWindowingMode=fullscreen mActivityType=undefined mAlwaysOnTop=undefined mRotation=ROTATION_0} s.1585 fontWeightAdjustment=0} for displayId=0
03-19 14:33:24.579 1549 1656 V ActivityTaskManager: Sending to IME proc com.baidu.input new config {1.15 ?mcc?mnc [zh_CN] ldltr sw720dp w1706dp h652dp 240dpi lrg long hdr land finger -keyb/v/h -nav/h winConfig={ mBounds=Rect(0, 0 - 2560, 1080) mAppBounds=Rect(0, 0 - 2560, 1014) mMaxBounds=Rect(0, 0 - 2560, 1080) mWindowingMode=fullscreen mDisplayWindowingMode=fullscreen mActivityType=undefined mAlwaysOnTop=undefined mRotation=ROTATION_0} s.1585 fontWeightAdjustment=0}
03-19 14:33:24.579 1549 1656 W ActivityTaskManager: Unable to send config for IME proc com.baidu.input: no app thread
03-19 14:33:24.580 1549 1656 W ActivityTaskManager: Unable to send config for IME proc com.baidu.input: no app thread
03-19 14:33:24.580 1549 1656 W ActivityTaskManager: Unable to send config for IME proc com.android.inputmethod.latin: no app thread
03-19 14:33:24.594 1549 1656 I wm_relaunch_resume_activity: [0,17152677,118,com.android.settings/.Settings]
03-19 14:33:24.595 21017 21017 I wm_on_top_resumed_lost_called: [17152677,com.android.settings.Settings,pausing]
03-19 14:33:24.595 1549 1858 I wm_relaunch_activity: [0,249239324,37,com.android.launcher3/.uioverrides.QuickstepLauncher]
03-19 14:33:24.595 21017 21017 I sysui_multi_action: [757,340,758,2,1089,1216]
03-19 14:33:24.596 1549 1858 I wm_add_to_stopping: [0,249239324,com.android.launcher3/.uioverrides.QuickstepLauncher,preloadRecents]
03-19 14:33:24.597 21017 21017 I sysui_multi_action: [757,35,758,2,1089,1215]
03-19 14:33:24.597 21017 21017 I wm_on_paused_called: [17152677,com.android.settings.Settings,performPause]
03-19 14:33:24.603 21017 21017 I wm_on_stop_called: [17152677,com.android.settings.Settings,handleRelaunchActivity]
03-19 14:33:24.607 21017 21017 I wm_on_destroy_called: [17152677,com.android.settings.Settings,performDestroy]
03-19 14:33:24.620 1549 2210 E UserRestrictionsUtils: Unknown restriction queried by uid 1000 (com.android.settings et al): null
03-19 14:33:24.620 1549 1858 E UserRestrictionsUtils: Unknown restriction queried by uid 1000 (com.android.settings et al): null
03-19 14:33:24.620 1549 1858 E UserRestrictionsUtils: Unknown restriction queried by uid 1000 (com.android.settings et al): null
03-19 14:33:24.620 1549 2210 E UserRestrictionsUtils: Unknown restriction queried by uid 1000 (com.android.settings et al): null
03-19 14:33:24.621 1549 2210 E UserRestrictionsUtils: Unknown restriction queried by uid 1000 (com.android.settings et al): null
03-19 14:33:24.621 1549 2821 E UserRestrictionsUtils: Unknown restriction queried by uid 1000 (com.android.settings et al): null
03-19 14:33:24.621 1549 2821 E UserRestrictionsUtils: Unknown restriction queried by uid 1000 (com.android.settings et al): null
03-19 14:33:24.621 1549 2821 E UserRestrictionsUtils: Unknown restriction queried by uid 1000 (com.android.settings et al): null
03-19 14:33:24.621 1549 2821 E UserRestrictionsUtils: Unknown restriction queried by uid 1000 (com.android.settings et al): null
03-19 14:33:24.622 1549 2821 E UserRestrictionsUtils: Unknown restriction queried by uid 1000 (com.android.settings et al): null
03-19 14:33:24.622 1549 2821 E UserRestrictionsUtils: Unknown restriction queried by uid 1000 (com.android.settings et al): null
03-19 14:33:24.622 1549 2210 E UserRestrictionsUtils: Unknown restriction queried by uid 1000 (com.android.settings et al): null
03-19 14:33:24.622 1549 2821 E UserRestrictionsUtils: Unknown restriction queried by uid 1000 (com.android.settings et al): null
03-19 14:33:24.622 1549 2821 E UserRestrictionsUtils: Unknown restriction queried by uid 1000 (com.android.settings et al): null
03-19 14:33:24.623 1549 2821 E UserRestrictionsUtils: Unknown restriction queried by uid 1000 (com.android.settings et al): null
03-19 14:33:24.623 1549 2821 E UserRestrictionsUtils: Unknown restriction queried by uid 1000 (com.android.settings et al): null
03-19 14:33:24.623 1549 2210 E UserRestrictionsUtils: Unknown restriction queried by uid 1000 (com.android.settings et al): null
03-19 14:33:24.623 1549 2821 E UserRestrictionsUtils: Unknown restriction queried by uid 1000 (com.android.settings et al): null
03-19 14:33:24.636 1549 1858 E UserRestrictionsUtils: Unknown restriction queried by uid 1000 (com.android.settings et al): null
03-19 14:33:24.636 1549 5960 E UserRestrictionsUtils: Unknown restriction queried by uid 1000 (com.android.settings et al): null
03-19 14:33:24.637 1549 2215 E UserRestrictionsUtils: Unknown restriction queried by uid 1000 (com.android.settings et al): null
03-19 14:33:24.637 1549 5960 E UserRestrictionsUtils: Unknown restriction queried by uid 1000 (com.android.settings et al): null
03-19 14:33:24.638 1549 5960 E UserRestrictionsUtils: Unknown restriction queried by uid 1000 (com.android.settings et al): null
03-19 14:33:24.639 2634 2634 I wm_on_destroy_called: [249239324,com.android.launcher3.uioverrides.QuickstepLauncher,performDestroy]
03-19 14:33:24.654 21017 21017 I wm_on_create_called: [17152677,com.android.settings.Settings,performCreate]
03-19 14:33:24.667 1549 4216 W FreeFormWindowHelper: Current Display FreeFormTask is null
03-19 14:33:24.670 1549 2821 E UserRestrictionsUtils: Unknown restriction queried by uid 1000 (com.android.settings et al): null
03-19 14:33:24.670 1549 4216 E UserRestrictionsUtils: Unknown restriction queried by uid 1000 (com.android.settings et al): null
03-19 14:33:24.670 1549 4216 E UserRestrictionsUtils: Unknown restriction queried by uid 1000 (com.android.settings et al): null
03-19 14:33:24.670 1549 4216 E UserRestrictionsUtils: Unknown restriction queried by uid 1000 (com.android.settings et al): null
03-19 14:33:24.670 1549 4216 E UserRestrictionsUtils: Unknown restriction queried by uid 1000 (com.android.settings et al): null
03-19 14:33:24.671 1549 4216 E UserRestrictionsUtils: Unknown restriction queried by uid 1000 (com.android.settings et al): null
03-19 14:33:24.671 1549 4216 E UserRestrictionsUtils: Unknown restriction queried by uid 1000 (com.android.settings et al): null
03-19 14:33:24.671 1549 4216 E UserRestrictionsUtils: Unknown restriction queried by uid 1000 (com.android.settings et al): null
03-19 14:33:24.671 1549 4216 E UserRestrictionsUtils: Unknown restriction queried by uid 1000 (com.android.settings et al): null
03-19 14:33:24.671 1549 4216 E UserRestrictionsUtils: Unknown restriction queried by uid 1000 (com.android.settings et al): null
03-19 14:33:24.672 1549 4216 E UserRestrictionsUtils: Unknown restriction queried by uid 1000 (com.android.settings et al): null
03-19 14:33:24.672 1549 4216 E UserRestrictionsUtils: Unknown restriction queried by uid 1000 (com.android.settings et al): null
03-19 14:33:24.672 1549 4216 E UserRestrictionsUtils: Unknown restriction queried by uid 1000 (com.android.settings et al): null
03-19 14:33:24.672 1549 4216 E UserRestrictionsUtils: Unknown restriction queried by uid 1000 (com.android.settings et al): null
03-19 14:33:24.672 1549 4216 E UserRestrictionsUtils: Unknown restriction queried by uid 1000 (com.android.settings et al): null
03-19 14:33:24.672 1549 4216 E UserRestrictionsUtils: Unknown restriction queried by uid 1000 (com.android.settings et al): null
03-19 14:33:24.673 1549 4216 E UserRestrictionsUtils: Unknown restriction queried by uid 1000 (com.android.settings et al): null
03-19 14:33:24.673 1549 4216 E UserRestrictionsUtils: Unknown restriction queried by uid 1000 (com.android.settings et al): null
03-19 14:33:24.680 21017 21017 I wm_on_start_called: [17152677,com.android.settings.Settings,handleStartActivity]
03-19 14:33:24.680 21017 21017 I snet_event_log: [120484087,-1,]
03-19 14:33:24.681 21017 21017 I wm_on_resume_called: [17152677,com.android.settings.Settings,RESUME_ACTIVITY]
03-19 14:33:24.681 21017 21017 I sysui_multi_action: [757,340,758,1,833,0,1089,65]
03-19 14:33:24.682 21017 21017 I sysui_multi_action: [757,35,758,1,833,0,1089,14]
03-19 14:33:24.683 21017 21017 I sysui_multi_action: [757,1729,758,4,854,isParalleledControllers:false,1089,15]
03-19 14:33:24.684 21017 21017 I wm_on_top_resumed_gained_called: [17152677,com.android.settings.Settings,topWhenResuming]
03-19 14:33:24.685 2634 2634 I wm_on_create_called: [249239324,com.android.launcher3.uioverrides.QuickstepLauncher,performCreate]
03-19 14:33:24.685 1549 2210 W FreeFormWindowHelper: Current Display FreeFormTask is null
03-19 14:33:24.709 2634 2634 I wm_on_start_called: [249239324,com.android.launcher3.uioverrides.QuickstepLauncher,handleStartActivity]
03-19 14:33:24.710 2634 2634 I wm_on_resume_called: [249239324,com.android.launcher3.uioverrides.QuickstepLauncher,LIFECYCLER_RESUME_ACTIVITY]
01-01 09:21:05.547 0 0 E DTC_Display: screen not ready
03-19 14:33:24.713 2634 2634 I wm_on_paused_called: [249239324,com.android.launcher3.uioverrides.QuickstepLauncher,performPause]
03-19 14:33:24.716 1549 5960 W FreeFormWindowHelper: Current Display FreeFormTask is null
03-19 14:33:24.723 1549 5960 W FreeFormWindowHelper: Current Display FreeFormTask is null
03-19 14:33:24.728 1549 1657 I input_focus: [Focus request 5c541a6 com.android.settings/com.android.settings.Settings,reason=UpdateInputWindows]
03-19 14:33:24.737 1549 2215 I wm_stop_activity: [0,249239324,com.android.launcher3/.uioverrides.QuickstepLauncher]
03-19 14:33:24.739 2634 2634 I wm_on_stop_called: [249239324,com.android.launcher3.uioverrides.QuickstepLauncher,STOP_ACTIVITY_ITEM]
03-19 14:33:24.761 1549 2215 I WindowManager: finishDrawing of relaunch: Window{5c541a6 u0 com.android.settings/com.android.settings.Settings} 167ms
03-19 14:33:24.773 1549 1657 I WindowManager: Screen frozen for +190ms due to Window{5c541a6 u0 com.android.settings/com.android.settings.Settings}
03-19 14:33:24.773 1549 1741 I input_focus: [Focus entering 5c541a6 com.android.settings/com.android.settings.Settings (server),reason=Window became focusable. Previous reason: NOT_VISIBLE]
03-19 14:33:24.774 1549 1725 I commit_sys_config_file: [settings-1-0,4]
03-19 14:33:24.787 1549 1657 I sysui_latency: [6,204]
03-19 14:33:25.694 1549 1741 I input_interaction: Interaction with: 5c541a6 com.android.settings/com.android.settings.Settings (server), swipe-up (server), edge-swipe (server), PointerEventDispatcher0 (server),
03-19 14:33:25.989 1549 1656 I configuration_changed: 1073741824
03-19 14:33:25.990 1549 1656 I ActivityTaskManager: Config changes=40000000 {1.0 ?mcc?mnc [zh_CN] ldltr sw720dp w1706dp h652dp 240dpi lrg long hdr land finger -keyb/v/h -nav/h winConfig={ mBounds=Rect(0, 0 - 2560, 1080) mAppBounds=Rect(0, 0 - 2560, 1014) mMaxBounds=Rect(0, 0 - 2560, 1080) mWindowingMode=fullscreen mDisplayWindowingMode=fullscreen mActivityType=undefined mAlwaysOnTop=undefined mRotation=ROTATION_0} s.1638 fontWeightAdjustment=0}
03-19 14:33:25.993 1549 1656 W ActivityTaskManager: Current config: {1.15 ?mcc?mnc [zh_CN] ldltr sw720dp w1706dp h652dp 240dpi lrg long hdr land finger -keyb/v/h -nav/h winConfig={ mBounds=Rect(0, 0 - 2560, 1080) mAppBounds=Rect(0, 0 - 2560, 1014) mMaxBounds=Rect(0, 0 - 2560, 1080) mWindowingMode=fullscreen mDisplayWindowingMode=fullscreen mActivityType=undefined mAlwaysOnTop=undefined mRotation=ROTATION_0} s.1638 fontWeightAdjustment=0} unchanged for IME proc com.baidu.input
03-19 14:33:25.999 1549 1656 I WindowManager: Override config changes=40000000 {1.0 ?mcc?mnc [zh_CN] ldltr sw720dp w1706dp h652dp 240dpi lrg long hdr land finger -keyb/v/h -nav/h winConfig={ mBounds=Rect(0, 0 - 2560, 1080) mAppBounds=Rect(0, 0 - 2560, 1014) mMaxBounds=Rect(0, 0 - 2560, 1080) mWindowingMode=fullscreen mDisplayWindowingMode=fullscreen mActivityType=undefined mAlwaysOnTop=undefined mRotation=ROTATION_0} s.1638 fontWeightAdjustment=0} for displayId=0
03-19 14:33:26.000 1549 1656 V ActivityTaskManager: Sending to IME proc com.baidu.input new config {1.0 ?mcc?mnc [zh_CN] ldltr sw720dp w1706dp h652dp 240dpi lrg long hdr land finger -keyb/v/h -nav/h winConfig={ mBounds=Rect(0, 0 - 2560, 1080) mAppBounds=Rect(0, 0 - 2560, 1014) mMaxBounds=Rect(0, 0 - 2560, 1080) mWindowingMode=fullscreen mDisplayWindowingMode=fullscreen mActivityType=undefined mAlwaysOnTop=undefined mRotation=ROTATION_0} s.1638 fontWeightAdjustment=0}
03-19 14:33:26.000 1549 1656 W ActivityTaskManager: Unable to send config for IME proc com.baidu.input: no app thread
03-19 14:33:26.000 1549 1656 W ActivityTaskManager: Unable to send config for IME proc com.baidu.input: no app thread
03-19 14:33:26.000 1549 1656 W ActivityTaskManager: Unable to send config for IME proc com.android.inputmethod.latin: no app thread
03-19 14:33:26.003 871 871 I auditd : type=1400 audit(0.0:12322): avc: denied { add_name } for comm="perf@2.2-servic" name="cpu_max_freq" scontext=u:r:vendor_hal_perf_default:s0 tcontext=u:object_r:vendor_sysfs_msm_perf:s0 tclass=dir permissive=1
03-19 14:33:26.003 871 871 I auditd : type=1400 audit(0.0:12323): avc: denied { create } for comm="perf@2.2-servic" name="cpu_max_freq" scontext=u:r:vendor_hal_perf_default:s0 tcontext=u:object_r:vendor_sysfs_msm_perf:s0 tclass=file permissive=1
03-19 14:33:26.017 1549 1656 I wm_relaunch_resume_activity: [0,17152677,118,com.android.settings/.Settings]
03-19 14:33:26.017 21017 21017 I wm_on_top_resumed_lost_called: [17152677,com.android.settings.Settings,pausing]
03-19 14:33:26.018 21017 21017 I sysui_multi_action: [757,340,758,2,1089,1336]
03-19 14:33:26.018 21017 21017 I sysui_multi_action: [757,35,758,2,1089,1337]
03-19 14:33:26.018 21017 21017 I wm_on_paused_called: [17152677,com.android.settings.Settings,performPause]
03-19 14:33:26.023 21017 21017 I wm_on_stop_called: [17152677,com.android.settings.Settings,handleRelaunchActivity]
03-19 14:33:26.027 21017 21017 I wm_on_destroy_called: [17152677,com.android.settings.Settings,performDestroy]
03-19 14:33:26.039 1549 2210 E UserRestrictionsUtils: Unknown restriction queried by uid 1000 (com.android.settings et al): null
03-19 14:33:26.039 1549 2210 E UserRestrictionsUtils: Unknown restriction queried by uid 1000 (com.android.settings et al): null
03-19 14:33:26.040 1549 2210 E UserRestrictionsUtils: Unknown restriction queried by uid 1000 (com.android.settings et al): null
03-19 14:33:26.040 1549 2210 E UserRestrictionsUtils: Unknown restriction queried by uid 1000 (com.android.settings et al): null
03-19 14:33:26.040 1549 2210 E UserRestrictionsUtils: Unknown restriction queried by uid 1000 (com.android.settings et al): null
03-19 14:33:26.040 1549 2210 E UserRestrictionsUtils: Unknown restriction queried by uid 1000 (com.android.settings et al): null
03-19 14:33:26.040 1549 2210 E UserRestrictionsUtils: Unknown restriction queried by uid 1000 (com.android.settings et al): null
03-19 14:33:26.041 1549 2210 E UserRestrictionsUtils: Unknown restriction queried by uid 1000 (com.android.settings et al): null
03-19 14:33:26.041 1549 2210 E UserRestrictionsUtils: Unknown restriction queried by uid 1000 (com.android.settings et al): null
03-19 14:33:26.041 1549 2210 E UserRestrictionsUtils: Unknown restriction queried by uid 1000 (com.android.settings et al): null
03-19 14:33:26.041 1549 2210 E UserRestrictionsUtils: Unknown restriction queried by uid 1000 (com.android.settings et al): null
03-19 14:33:26.041 1549 2210 E UserRestrictionsUtils: Unknown restriction queried by uid 1000 (com.android.settings et al): null
03-19 14:33:26.042 1549 4216 E UserRestrictionsUtils: Unknown restriction queried by uid 1000 (com.android.settings et al): null
03-19 14:33:26.042 1549 4216 E UserRestrictionsUtils: Unknown restriction queried by uid 1000 (com.android.settings et al): null
03-19 14:33:26.042 1549 4216 E UserRestrictionsUtils: Unknown restriction queried by uid 1000 (com.android.settings et al): null
03-19 14:33:26.042 1549 2210 E UserRestrictionsUtils: Unknown restriction queried by uid 1000 (com.android.settings et al): null
03-19 14:33:26.042 1549 2210 E UserRestrictionsUtils: Unknown restriction queried by uid 1000 (com.android.settings et al): null
03-19 14:33:26.043 1549 2210 E UserRestrictionsUtils: Unknown restriction queried by uid 1000 (com.android.settings et al): null
03-19 14:33:26.054 1549 2210 I wm_relaunch_activity: [0,249239324,37,com.android.launcher3/.uioverrides.QuickstepLauncher]
03-19 14:33:26.055 1549 2210 I wm_add_to_stopping: [0,249239324,com.android.launcher3/.uioverrides.QuickstepLauncher,preloadRecents]
03-19 14:33:26.056 1549 4216 E UserRestrictionsUtils: Unknown restriction queried by uid 1000 (com.android.settings et al): null
03-19 14:33:26.056 1549 2210 E UserRestrictionsUtils: Unknown restriction queried by uid 1000 (com.android.settings et al): null
03-19 14:33:26.057 1549 2210 E UserRestrictionsUtils: Unknown restriction queried by uid 1000 (com.android.settings et al): null
03-19 14:33:26.057 1549 2821 E UserRestrictionsUtils: Unknown restriction queried by uid 1000 (com.android.settings et al): null
03-19 14:33:26.058 1549 2821 E UserRestrictionsUtils: Unknown restriction queried by uid 1000 (com.android.settings et al): null
03-19 14:33:26.058 2634 2634 I wm_on_destroy_called: [249239324,com.android.launcher3.uioverrides.QuickstepLauncher,performDestroy]
03-19 14:33:26.076 21017 21017 I wm_on_create_called: [17152677,com.android.settings.Settings,performCreate]
03-19 14:33:26.094 1549 2210 E UserRestrictionsUtils: Unknown restriction queried by uid 1000 (com.android.settings et al): null
03-19 14:33:26.094 1549 2210 E UserRestrictionsUtils: Unknown restriction queried by uid 1000 (com.android.settings et al): null
03-19 14:33:26.094 1549 2210 E UserRestrictionsUtils: Unknown restriction queried by uid 1000 (com.android.settings et al): null
03-19 14:33:26.094 1549 2210 E UserRestrictionsUtils: Unknown restriction queried by uid 1000 (com.android.settings et al): null
03-19 14:33:26.094 1549 2210 E UserRestrictionsUtils: Unknown restriction queried by uid 1000 (com.android.settings et al): null
03-19 14:33:26.095 1549 2210 E UserRestrictionsUtils: Unknown restriction queried by uid 1000 (com.android.settings et al): null
03-19 14:33:26.095 1549 2210 E UserRestrictionsUtils: Unknown restriction queried by uid 1000 (com.android.settings et al): null
03-19 14:33:26.095 1549 2210 E UserRestrictionsUtils: Unknown restriction queried by uid 1000 (com.android.settings et al): null
03-19 14:33:26.095 1549 2210 E UserRestrictionsUtils: Unknown restriction queried by uid 1000 (com.android.settings et al): null
03-19 14:33:26.095 1549 2210 E UserRestrictionsUtils: Unknown restriction queried by uid 1000 (com.android.settings et al): null
03-19 14:33:26.095 1549 2210 E UserRestrictionsUtils: Unknown restriction queried by uid 1000 (com.android.settings et al): null
03-19 14:33:26.095 1549 2210 E UserRestrictionsUtils: Unknown restriction queried by uid 1000 (com.android.settings et al): null
03-19 14:33:26.096 1549 2210 E UserRestrictionsUtils: Unknown restriction queried by uid 1000 (com.android.settings et al): null
03-19 14:33:26.096 1549 2210 E UserRestrictionsUtils: Unknown restriction queried by uid 1000 (com.android.settings et al): null
03-19 14:33:26.096 1549 2210 E UserRestrictionsUtils: Unknown restriction queried by uid 1000 (com.android.settings et al): null
03-19 14:33:26.096 1549 2210 E UserRestrictionsUtils: Unknown restriction queried by uid 1000 (com.android.settings et al): null
03-19 14:33:26.096 1549 2210 E UserRestrictionsUtils: Unknown restriction queried by uid 1000 (com.android.settings et al): null
03-19 14:33:26.096 1549 2210 E UserRestrictionsUtils: Unknown restriction queried by uid 1000 (com.android.settings et al): null
03-19 14:33:26.102 1549 2210 W FreeFormWindowHelper: Current Display FreeFormTask is null
03-19 14:33:26.104 21017 21017 I wm_on_start_called: [17152677,com.android.settings.Settings,handleStartActivity]
03-19 14:33:26.105 21017 21017 I snet_event_log: [120484087,-1,]
03-19 14:33:26.105 21017 21017 I wm_on_resume_called: [17152677,com.android.settings.Settings,RESUME_ACTIVITY]
03-19 14:33:26.106 21017 21017 I sysui_multi_action: [757,340,758,1,833,0,1089,70]
03-19 14:33:26.106 21017 21017 I sysui_multi_action: [757,35,758,1,833,0,1089,15]
03-19 14:33:26.108 21017 21017 I sysui_multi_action: [757,1729,758,4,854,isParalleledControllers:false,1089,16]
03-19 14:33:26.108 21017 21017 I wm_on_top_resumed_gained_called: [17152677,com.android.settings.Settings,topWhenResuming]
03-19 14:33:26.137 2634 2634 I wm_on_create_called: [249239324,com.android.launcher3.uioverrides.QuickstepLauncher,performCreate]
03-19 14:33:26.138 1549 1858 W FreeFormWindowHelper: Current Display FreeFormTask is null
03-19 14:33:26.150 2634 2634 I wm_on_start_called: [249239324,com.android.launcher3.uioverrides.QuickstepLauncher,handleStartActivity]
03-19 14:33:26.151 2634 2634 I wm_on_resume_called: [249239324,com.android.launcher3.uioverrides.QuickstepLauncher,LIFECYCLER_RESUME_ACTIVITY]
03-19 14:33:26.153 1549 1657 I input_focus: [Focus request 19973ad com.android.settings/com.android.settings.Settings,reason=UpdateInputWindows]
03-19 14:33:26.154 2634 2634 I wm_on_paused_called: [249239324,com.android.launcher3.uioverrides.QuickstepLauncher,performPause]
03-19 14:33:26.158 1549 2210 W FreeFormWindowHelper: Current Display FreeFormTask is null
03-19 14:33:26.169 1549 5960 W FreeFormWindowHelper: Current Display FreeFormTask is null
03-19 14:33:26.194 1549 5960 I wm_stop_activity: [0,249239324,com.android.launcher3/.uioverrides.QuickstepLauncher]
03-19 14:33:26.196 1549 5960 I WindowManager: finishDrawing of relaunch: Window{19973ad u0 com.android.settings/com.android.settings.Settings} 180ms
03-19 14:33:26.198 2634 2634 I wm_on_stop_called: [249239324,com.android.launcher3.uioverrides.QuickstepLauncher,STOP_ACTIVITY_ITEM]
03-19 14:33:26.200 1549 1725 I commit_sys_config_file: [settings-1-0,12]
03-19 14:33:26.209 1549 1741 I input_focus: [Focus entering 19973ad com.android.settings/com.android.settings.Settings (server),reason=Window became focusable. Previous reason: NOT_VISIBLE]
03-19 14:33:26.210 1549 1657 I WindowManager: Screen frozen for +204ms due to Window{19973ad u0 com.android.settings/com.android.settings.Settings}
03-19 14:33:26.230 1549 1657 I sysui_latency: [6,224]
03-19 14:33:26.851 1549 1741 I input_interaction: Interaction with: 19973ad com.android.settings/com.android.settings.Settings (server), swipe-up (server), edge-swipe (server), PointerEventDispatcher0 (server),
01-01 09:21:08.284 0 0 E DTC_ETH,link_delay_work_func: 3003, SQI=0, link=0
01-01 09:21:09.331 0 0 E DTC_Display: screen not ready
03-19 14:33:28.816 21017 21017 I sysui_multi_action: [757,830,758,4,833,0,854,top_level_wallpaper,1089,0]
03-19 14:33:28.917 21017 21017 I sysui_multi_action: [757,340,758,2,1089,2811]
03-19 14:33:28.944 21017 21017 I sysui_multi_action: [757,101,758,1,833,0,1089,21]
03-19 14:33:28.945 21017 21017 I sysui_multi_action: [757,1729,758,4,854,isParalleledControllers:false,1089,22]
03-19 14:33:29.927 21017 21017 I sysui_multi_action: [757,830,758,4,833,0,854,reset_wallpaper,1089,0]
03-19 14:33:29.935 1549 1657 I input_focus: [Focus request d7057a6 com.android.settings/com.android.settings.Settings,reason=UpdateInputWindows]
03-19 14:33:29.955 1549 1741 I input_focus: [Focus leaving 19973ad com.android.settings/com.android.settings.Settings (server),reason=Waiting for window because NOT_VISIBLE]
03-19 14:33:29.972 1549 1741 I input_focus: [Focus entering d7057a6 com.android.settings/com.android.settings.Settings (server),reason=Window became focusable. Previous reason: NOT_VISIBLE]
03-19 14:33:31.345 1549 1741 I input_interaction: Interaction with: d7057a6 com.android.settings/com.android.settings.Settings (server), swipe-up (server), edge-swipe (server), PointerEventDispatcher0 (server),
01-01 09:21:12.275 0 0 E DTC_Display: screen not ready
03-19 14:33:31.558 1549 5960 V WallpaperManagerService: updateWallpaperBitmapLocked() : id=3 name=res:android:drawable/default_wallpaper file=wallpaper_orig
03-19 14:33:31.603 1549 1677 V WallpaperManagerService: bindWallpaperComponentLocked: componentName=ComponentInfo{com.android.systemui/com.android.systemui.ImageWallpaper}
03-19 14:33:31.799 1549 1657 I input_focus: [Focus request 19973ad com.android.settings/com.android.settings.Settings,reason=UpdateInputWindows]
03-19 14:33:31.824 1549 1741 I input_focus: [Focus entering 19973ad com.android.settings/com.android.settings.Settings (server),reason=setFocusedWindow]
03-19 14:33:32.046 1549 1741 I input_interaction: Interaction with: 19973ad com.android.settings/com.android.settings.Settings (server), swipe-up (server), edge-swipe (server), PointerEventDispatcher0 (server),
01-01 09:21:13.403 0 0 E DTC_ETH,link_delay_work_func: 3003, SQI=0, link=0
03-19 14:33:32.870 21017 21017 I sysui_multi_action: [757,830,758,4,833,0,854,reset_wallpaper,1089,0]
03-19 14:33:32.878 1549 1657 I input_focus: [Focus request 1648c24 com.android.settings/com.android.settings.Settings,reason=UpdateInputWindows]
03-19 14:33:32.894 1549 1741 I input_focus: [Focus leaving 19973ad com.android.settings/com.android.settings.Settings (server),reason=setFocusedWindow]
03-19 14:33:32.894 1549 1741 I input_focus: [Focus entering 1648c24 com.android.settings/com.android.settings.Settings (server),reason=setFocusedWindow]
03-19 14:33:33.441 1549 1741 I input_interaction: Interaction with: 1648c24 com.android.settings/com.android.settings.Settings (server), swipe-up (server), edge-swipe (server), PointerEventDispatcher0 (server),
03-19 14:33:33.674 1549 1657 I input_focus: [Focus request 19973ad com.android.settings/com.android.settings.Settings,reason=UpdateInputWindows]
03-19 14:33:33.695 1549 1741 I input_focus: [Focus entering 19973ad com.android.settings/com.android.settings.Settings (server),reason=setFocusedWindow]
03-19 14:33:34.323 1549 1741 I input_interaction: Interaction with: 19973ad com.android.settings/com.android.settings.Settings (server), swipe-up (server), edge-swipe (server), PointerEventDispatcher0 (server),
03-19 14:33:34.454 21017 21017 I sysui_multi_action: [757,830,758,4,833,0,854,reset_wallpaper,1089,0]
03-19 14:33:34.464 1549 1657 I input_focus: [Focus request 248e5bb com.android.settings/com.android.settings.Settings,reason=UpdateInputWindows]
03-19 14:33:34.481 1549 1741 I input_focus: [Focus leaving 19973ad com.android.settings/com.android.settings.Settings (server),reason=setFocusedWindow]
03-19 14:33:34.482 1549 1741 I input_focus: [Focus entering 248e5bb com.android.settings/com.android.settings.Settings (server),reason=setFocusedWindow]
03-19 14:33:34.955 1549 1741 I input_interaction: Interaction with: 248e5bb com.android.settings/com.android.settings.Settings (server), swipe-up (server), edge-swipe (server), PointerEventDispatcher0 (server),
01-01 09:21:15.851 0 0 E DTC_Display: screen not ready
03-19 14:33:35.119 1549 1657 I input_focus: [Focus request 19973ad com.android.settings/com.android.settings.Settings,reason=UpdateInputWindows]
03-19 14:33:35.133 1549 1741 I input_focus: [Focus entering 19973ad com.android.settings/com.android.settings.Settings (server),reason=setFocusedWindow]
01-01 09:21:16.224 0 0 I qcom_rpmh DRV: apps_rsc TCS Busy, retrying RPMH message send: addr=0x40d00
03-19 14:33:35.501 1549 1741 I input_interaction: Interaction with: 19973ad com.android.settings/com.android.settings.Settings (server), swipe-up (server), edge-swipe (server), PointerEventDispatcher0 (server),
03-19 14:33:35.647 21017 21017 I sysui_multi_action: [757,830,758,4,833,0,854,reset_wallpaper,1089,0]
03-19 14:33:35.662 1549 1657 I input_focus: [Focus request b03859e com.android.settings/com.android.settings.Settings,reason=UpdateInputWindows]
03-19 14:33:35.683 1549 1741 I input_focus: [Focus leaving 19973ad com.android.settings/com.android.settings.Settings (server),reason=Waiting for window because NOT_VISIBLE]
03-19 14:33:35.717 1549 1741 I input_focus: [Focus entering b03859e com.android.settings/com.android.settings.Settings (server),reason=Window became focusable. Previous reason: NOT_VISIBLE]
03-19 14:33:36.102 1549 1741 I input_interaction: Interaction with: b03859e com.android.settings/com.android.settings.Settings (server), swipe-up (server), edge-swipe (server), PointerEventDispatcher0 (server),
03-19 14:33:36.297 1549 1657 I input_focus: [Focus request 19973ad com.android.settings/com.android.settings.Settings,reason=UpdateInputWindows]
