03-19 14:43:39.946 1549 1668 I am_wtf : [0,1549,system_server,-1,DisplayDeviceConfig,requesting nits when no mapping exists.]
01-01 09:31:21.427 0 0 E DTC_Display: screen not ready
01-01 09:31:22.683 0 0 E DTC_ETH,link_delay_work_func: 3003, SQI=0, link=0
01-01 09:31:24.995 0 0 E DTC_Display: screen not ready
03-19 14:43:45.088 1549 1655 W NotifHistoryProto: notification package name (com.yibasan.lizhifm) not found in string cache
03-19 14:43:45.088 1549 1655 W NotifHistoryProto: notification channel name (荔枝播放控制条) not found in string cache
03-19 14:43:45.088 1549 1655 W NotifHistoryProto: notification channel id (lz_channel_player) not found in string cache
03-19 14:43:45.088 1549 1655 W NotifHistoryProto: notification package name (com.android.systemui) not found in string cache
03-19 14:43:45.088 1549 1655 W NotifHistoryProto: notification channel name (empty_media_style_name) not found in string cache
03-19 14:43:45.088 1549 1655 W NotifHistoryProto: notification channel id (empty_media_style_id) not found in string cache
03-19 14:43:45.088 1549 1655 W NotifHistoryProto: notification package name (com.android.systemui) not found in string cache
03-19 14:43:45.088 1549 1655 W NotifHistoryProto: notification channel name (屏幕录制器) not found in string cache
03-19 14:43:45.088 1549 1655 W NotifHistoryProto: notification channel id (screen_record) not found in string cache
03-19 14:43:45.088 1549 1655 W NotifHistoryProto: notification package name (com.android.systemui) not found in string cache
03-19 14:43:45.088 1549 1655 W NotifHistoryProto: notification channel name (屏幕录制器) not found in string cache
03-19 14:43:45.088 1549 1655 W NotifHistoryProto: notification channel id (screen_record) not found in string cache
03-19 14:43:45.088 1549 1655 W NotifHistoryProto: notification package name (com.android.systemui) not found in string cache
03-19 14:43:45.088 1549 1655 W NotifHistoryProto: notification channel name (屏幕录制器) not found in string cache
03-19 14:43:45.088 1549 1655 W NotifHistoryProto: notification channel id (screen_record) not found in string cache
03-19 14:43:45.088 1549 1655 W NotifHistoryProto: notification package name (com.android.systemui) not found in string cache
03-19 14:43:45.088 1549 1655 W NotifHistoryProto: notification channel name (屏幕录制器) not found in string cache
03-19 14:43:45.088 1549 1655 W NotifHistoryProto: notification channel id (screen_record) not found in string cache
03-19 14:43:45.088 1549 1655 W NotifHistoryProto: notification package name (com.android.systemui) not found in string cache
03-19 14:43:45.089 1549 1655 W NotifHistoryProto: notification channel name (屏幕录制器) not found in string cache
03-19 14:43:45.089 1549 1655 W NotifHistoryProto: notification channel id (screen_record) not found in string cache
03-19 14:43:45.089 1549 1655 W NotifHistoryProto: notification package name (com.android.systemui) not found in string cache
03-19 14:43:45.089 1549 1655 W NotifHistoryProto: notification channel name (屏幕录制器) not found in string cache
03-19 14:43:45.089 1549 1655 W NotifHistoryProto: notification channel id (screen_record) not found in string cache
03-19 14:43:45.089 1549 1655 W NotifHistoryProto: notification package name (com.android.systemui) not found in string cache
03-19 14:43:45.089 1549 1655 W NotifHistoryProto: notification channel name (屏幕录制器) not found in string cache
03-19 14:43:45.089 1549 1655 W NotifHistoryProto: notification channel id (screen_record) not found in string cache
03-19 14:43:45.089 1549 1655 W NotifHistoryProto: notification package name (com.android.systemui) not found in string cache
03-19 14:43:45.089 1549 1655 W NotifHistoryProto: notification channel name (屏幕录制器) not found in string cache
03-19 14:43:45.089 1549 1655 W NotifHistoryProto: notification channel id (screen_record) not found in string cache
03-19 14:43:45.089 1549 1655 W NotifHistoryProto: notification package name (com.android.systemui) not found in string cache
03-19 14:43:45.089 1549 1655 W NotifHistoryProto: notification channel name (屏幕录制器) not found in string cache
03-19 14:43:45.089 1549 1655 W NotifHistoryProto: notification channel id (screen_record) not found in string cache
03-19 14:43:45.097 1549 1655 D CompatibilityChangeReporter: Compat change id reported: 171306433; UID 1000; state: ENABLED
03-19 14:43:46.646 1549 1684 I PowerManagerService: Napping display group (groupId=0, uid=1000)...
03-19 14:43:46.646 1549 1684 I PowerManagerService: Nap time (uid 1000)...
03-19 14:43:46.648 1549 1684 I DreamManagerService: Entering dreamland.
03-19 14:43:46.650 1549 1684 I PowerManagerService: Dreaming...
03-19 14:43:46.655 1549 1653 I DreamController: Starting dream: name=ComponentInfo{com.thundercomm.screensaver/com.thundercomm.screensaver.service.SystemDream}, isTest=false, canDoze=false, userId=0
03-19 14:43:46.655 1549 1653 I sysui_multi_action: [757,222,758,1]
03-19 14:43:46.661 1549 1653 I am_uid_active: 10050
03-19 14:43:46.669 1549 1653 D AutofillManagerService: Close system dialogs
03-19 14:43:46.671 1549 1667 I am_pss : [24327,10093,com.yibasan.lizhifm:QS,16236544,5648384,0,124522496,0,10,9]
03-19 14:43:46.671 1549 4917 I ActivityTaskManager: START u0 {flg=0x10000000 pkg=com.thundercomm.screensaver cmp=com.thundercomm.screensaver/android.service.dreams.DreamActivity (has extras)} from uid 10050
03-19 14:43:46.676 1549 4917 I wm_task_created: [127,-1]
03-19 14:43:46.676 1549 4917 W ActivityTaskManager: Can't find TaskDisplayArea to determine support for multi window. Task id=127 attached=false
03-19 14:43:46.675 871 871 I auditd : type=1400 audit(0.0:13755): avc: denied { add_name } for comm="perf@2.2-servic" name="cpu_max_freq" scontext=u:r:vendor_hal_perf_default:s0 tcontext=u:object_r:vendor_sysfs_msm_perf:s0 tclass=dir permissive=1
03-19 14:43:46.675 871 871 I auditd : type=1400 audit(0.0:13756): avc: denied { create } for comm="perf@2.2-servic" name="cpu_max_freq" scontext=u:r:vendor_hal_perf_default:s0 tcontext=u:object_r:vendor_sysfs_msm_perf:s0 tclass=file permissive=1
03-19 14:43:46.681 1549 1667 I am_pss : [22588,10019,android.process.acore,16142336,4718592,8975360,78831616,0,19,8]
03-19 14:43:46.681 1549 4917 I wm_task_moved: [127,1,9]
03-19 14:43:46.681 1549 4917 I wm_task_to_front: [0,127]
03-19 14:43:46.682 1549 4917 I wm_create_task: [0,127]
03-19 14:43:46.682 1549 4917 I wm_create_activity: [0,20626733,127,com.thundercomm.screensaver/android.service.dreams.DreamActivity,NULL,NULL,NULL,276824064]
03-19 14:43:46.682 1549 4917 I wm_task_moved: [127,1,9]
03-19 14:43:46.682 2634 2634 I wm_on_top_resumed_lost_called: [249239324,com.android.launcher3.uioverrides.QuickstepLauncher,topStateChangedWhenResumed]
03-19 14:43:46.682 1549 4917 I wm_pause_activity: [0,249239324,com.android.launcher3/.uioverrides.QuickstepLauncher,userLeaving=true,pauseBackTasks]
03-19 14:43:46.684 2634 2634 I wm_on_paused_called: [249239324,com.android.launcher3.uioverrides.QuickstepLauncher,performPause]
03-19 14:43:46.685 1549 4917 I ActivityTaskManager: FOREGROUND_APPLICATION_CHANGED to android.service.dreams.DreamActivity
03-19 14:43:46.685 1549 4917 I ActivityTaskManager: The Process com.thundercomm.screensaver Already Exists in BG. So sending its PID: 4239
03-19 14:43:46.685 1549 4917 W ActivityTaskManager: Tried to set launchTime (0) < mLastActivityLaunchTime (5050866)
03-19 14:43:46.685 1549 4917 I wm_add_to_stopping: [0,249239324,com.android.launcher3/.uioverrides.QuickstepLauncher,makeInvisible]
03-19 14:43:46.686 1549 4917 I wm_restart_activity: [0,20626733,127,com.thundercomm.screensaver/android.service.dreams.DreamActivity]
03-19 14:43:46.686 1549 4917 I wm_set_resumed_activity: [0,com.thundercomm.screensaver/android.service.dreams.DreamActivity,minimalResumeActivityLocked]
03-19 14:43:46.690 4239 4239 I wm_on_create_called: [20626733,android.service.dreams.DreamActivity,performCreate]
03-19 14:43:46.690 1549 1656 I sysui_multi_action: [757,803,799,window_time_0,802,112]
03-19 14:43:46.690 4239 4239 I wm_on_start_called: [20626733,android.service.dreams.DreamActivity,handleStartActivity]
03-19 14:43:46.692 4239 4239 I wm_on_resume_called: [20626733,android.service.dreams.DreamActivity,RESUME_ACTIVITY]
03-19 14:43:46.694 1549 4917 W WindowManager: Failed looking up window session=Session{13b15a0 4239:u0a10050} callers=com.android.server.wm.WindowManagerService.windowForClientLocked:5628 com.android.server.wm.Session.insetsModified:629 android.view.IWindowSession$Stub.onTransact:1151
03-19 14:43:46.695 4239 4239 I wm_on_top_resumed_gained_called: [20626733,android.service.dreams.DreamActivity,topStateChangedWhenResumed]
03-19 14:43:46.695 1549 1667 I am_pss : [13158,10094,com.tencent.android.qqdownloader,130364416,107872256,0,251961344,0,4,12]
03-19 14:43:46.708 1549 1667 I am_pss : [12961,10094,com.tencent.android.qqdownloader:daemon,151564288,120913920,0,280776704,0,4,12]
03-19 14:43:46.714 1549 1741 I input_focus: [Focus leaving d92d39a com.android.launcher3/com.android.launcher3.uioverrides.QuickstepLauncher (server),reason=NO_WINDOW]
03-19 14:43:46.715 1549 1667 I am_pss : [13159,10094,com.tencent.android.qqdownloader:cloud,31012864,21622784,0,114294784,0,4,6]
03-19 14:43:46.719 1549 1657 I input_focus: [Focus request 771f4b0 com.thundercomm.screensaver/android.service.dreams.DreamActivity,reason=UpdateInputWindows]
03-19 14:43:46.725 1549 1653 I sysui_multi_action: [319,52,322,52,325,5485,757,761,758,8,759,2,806,com.thundercomm.screensaver,871,android.service.dreams.DreamActivity,904,com.thundercomm.screensaver,905,0,1320,4,1321,2]
03-19 14:43:46.726 1549 1653 I wm_activity_launch_time: [0,20626733,com.thundercomm.screensaver/android.service.dreams.DreamActivity,52]
03-19 14:43:46.726 1549 1684 V DisplayPowerController[0]: Brightness [0.33333334] reason changing to: 'manual', previous reason: 'manual [ dim ]'.
03-19 14:43:46.726 1549 1684 I sysui_multi_action: [757,1696,758,6,759,3]
03-19 14:43:46.729 1549 1967 E DisplayDeviceConfig: requesting nits when no mapping exists.
03-19 14:43:46.730 1549 1668 I am_wtf : [0,1549,system_server,-1,DisplayDeviceConfig,requesting nits when no mapping exists.]
03-19 14:43:46.730 1549 1967 E DisplayDeviceConfig: requesting nits when no mapping exists.
03-19 14:43:46.730 1549 1668 I am_wtf : [0,1549,system_server,-1,DisplayDeviceConfig,requesting nits when no mapping exists.]
03-19 14:43:46.746 1549 1967 E DisplayDeviceConfig: requesting nits when no mapping exists.
03-19 14:43:46.747 1549 1967 E DisplayDeviceConfig: requesting nits when no mapping exists.
03-19 14:43:46.747 1549 1668 I am_wtf : [0,1549,system_server,-1,DisplayDeviceConfig,requesting nits when no mapping exists.]
03-19 14:43:46.747 1549 1741 I input_focus: [Focus entering 771f4b0 com.thundercomm.screensaver/android.service.dreams.DreamActivity (server),reason=Window became focusable. Previous reason: NOT_VISIBLE]
03-19 14:43:46.747 1549 1668 I am_wtf : [0,1549,system_server,-1,DisplayDeviceConfig,requesting nits when no mapping exists.]
03-19 14:43:46.763 1549 1967 E DisplayDeviceConfig: requesting nits when no mapping exists.
03-19 14:43:46.763 1549 1668 I am_wtf : [0,1549,system_server,-1,DisplayDeviceConfig,requesting nits when no mapping exists.]
03-19 14:43:46.763 1549 1967 E DisplayDeviceConfig: requesting nits when no mapping exists.
03-19 14:43:46.764 1549 1668 I am_wtf : [0,1549,system_server,-1,DisplayDeviceConfig,requesting nits when no mapping exists.]
03-19 14:43:46.780 1549 1967 E DisplayDeviceConfig: requesting nits when no mapping exists.
03-19 14:43:46.780 1549 1967 E DisplayDeviceConfig: requesting nits when no mapping exists.
03-19 14:43:46.780 1549 1668 I am_wtf : [0,1549,system_server,-1,DisplayDeviceConfig,requesting nits when no mapping exists.]
03-19 14:43:46.780 1549 1668 I am_wtf : [0,1549,system_server,-1,DisplayDeviceConfig,requesting nits when no mapping exists.]
03-19 14:43:46.788 1549 2821 W FreeFormWindowHelper: Current Display FreeFormTask is null
03-19 14:43:46.796 1549 1967 E DisplayDeviceConfig: requesting nits when no mapping exists.
03-19 14:43:46.796 1549 1668 I am_wtf : [0,1549,system_server,-1,DisplayDeviceConfig,requesting nits when no mapping exists.]
03-19 14:43:46.796 1549 1967 E DisplayDeviceConfig: requesting nits when no mapping exists.
03-19 14:43:46.797 1549 1668 I am_wtf : [0,1549,system_server,-1,DisplayDeviceConfig,requesting nits when no mapping exists.]
03-19 14:43:46.813 1549 1967 E DisplayDeviceConfig: requesting nits when no mapping exists.
03-19 14:43:46.813 1549 1967 E DisplayDeviceConfig: requesting nits when no mapping exists.
03-19 14:43:46.813 1549 1668 I am_wtf : [0,1549,system_server,-1,DisplayDeviceConfig,requesting nits when no mapping exists.]
03-19 14:43:46.814 1549 1668 I am_wtf : [0,1549,system_server,-1,DisplayDeviceConfig,requesting nits when no mapping exists.]
03-19 14:43:46.830 1549 1967 E DisplayDeviceConfig: requesting nits when no mapping exists.
03-19 14:43:46.830 1549 1967 E DisplayDeviceConfig: requesting nits when no mapping exists.
03-19 14:43:46.830 1549 1668 I am_wtf : [0,1549,system_server,-1,DisplayDeviceConfig,requesting nits when no mapping exists.]
03-19 14:43:46.831 1549 1668 I am_wtf : [0,1549,system_server,-1,DisplayDeviceConfig,requesting nits when no mapping exists.]
03-19 14:43:46.846 1549 1967 E DisplayDeviceConfig: requesting nits when no mapping exists.
03-19 14:43:46.847 1549 1967 E DisplayDeviceConfig: requesting nits when no mapping exists.
03-19 14:43:46.847 1549 1668 I am_wtf : [0,1549,system_server,-1,DisplayDeviceConfig,requesting nits when no mapping exists.]
03-19 14:43:46.847 1549 1668 I am_wtf : [0,1549,system_server,-1,DisplayDeviceConfig,requesting nits when no mapping exists.]
03-19 14:43:46.863 1549 1967 E DisplayDeviceConfig: requesting nits when no mapping exists.
03-19 14:43:46.864 1549 1967 E DisplayDeviceConfig: requesting nits when no mapping exists.
03-19 14:43:46.864 1549 1668 I am_wtf : [0,1549,system_server,-1,DisplayDeviceConfig,requesting nits when no mapping exists.]
03-19 14:43:46.864 1549 1668 I am_wtf : [0,1549,system_server,-1,DisplayDeviceConfig,requesting nits when no mapping exists.]
03-19 14:43:46.881 1549 1967 E DisplayDeviceConfig: requesting nits when no mapping exists.
03-19 14:43:46.881 1549 1967 E DisplayDeviceConfig: requesting nits when no mapping exists.
03-19 14:43:46.881 1549 1668 I am_wtf : [0,1549,system_server,-1,DisplayDeviceConfig,requesting nits when no mapping exists.]
03-19 14:43:46.881 1549 1668 I am_wtf : [0,1549,system_server,-1,DisplayDeviceConfig,requesting nits when no mapping exists.]
03-19 14:43:46.897 1549 1967 E DisplayDeviceConfig: requesting nits when no mapping exists.
03-19 14:43:46.898 1549 1967 E DisplayDeviceConfig: requesting nits when no mapping exists.
03-19 14:43:46.898 1549 1668 I am_wtf : [0,1549,system_server,-1,DisplayDeviceConfig,requesting nits when no mapping exists.]
03-19 14:43:46.898 1549 1668 I am_wtf : [0,1549,system_server,-1,DisplayDeviceConfig,requesting nits when no mapping exists.]
03-19 14:43:46.914 1549 1967 E DisplayDeviceConfig: requesting nits when no mapping exists.
03-19 14:43:46.914 1549 1967 E DisplayDeviceConfig: requesting nits when no mapping exists.
03-19 14:43:46.914 1549 1668 I am_wtf : [0,1549,system_server,-1,DisplayDeviceConfig,requesting nits when no mapping exists.]
03-19 14:43:46.914 1549 1668 I am_wtf : [0,1549,system_server,-1,DisplayDeviceConfig,requesting nits when no mapping exists.]
03-19 14:43:46.931 1549 1967 E DisplayDeviceConfig: requesting nits when no mapping exists.
03-19 14:43:46.931 1549 1967 E DisplayDeviceConfig: requesting nits when no mapping exists.
03-19 14:43:46.931 1549 1668 I am_wtf : [0,1549,system_server,-1,DisplayDeviceConfig,requesting nits when no mapping exists.]
03-19 14:43:46.931 1549 1668 I am_wtf : [0,1549,system_server,-1,DisplayDeviceConfig,requesting nits when no mapping exists.]
03-19 14:43:46.931 1549 1668 I service_manager_stats: [100,54,76525]
03-19 14:43:46.947 1549 1967 E DisplayDeviceConfig: requesting nits when no mapping exists.
03-19 14:43:46.947 1549 1967 E DisplayDeviceConfig: requesting nits when no mapping exists.
03-19 14:43:46.947 1549 1668 I am_wtf : [0,1549,system_server,-1,DisplayDeviceConfig,requesting nits when no mapping exists.]
03-19 14:43:46.947 1549 1668 I am_wtf : [0,1549,system_server,-1,DisplayDeviceConfig,requesting nits when no mapping exists.]
03-19 14:43:46.963 1549 1967 E DisplayDeviceConfig: requesting nits when no mapping exists.
03-19 14:43:46.964 1549 1967 E DisplayDeviceConfig: requesting nits when no mapping exists.
03-19 14:43:46.964 1549 1668 I am_wtf : [0,1549,system_server,-1,DisplayDeviceConfig,requesting nits when no mapping exists.]
03-19 14:43:46.964 1549 1668 I am_wtf : [0,1549,system_server,-1,DisplayDeviceConfig,requesting nits when no mapping exists.]
01-01 09:31:27.806 0 0 E DTC_ETH,link_delay_work_func: 3003, SQI=0, link=0
03-19 14:43:46.980 1549 1967 E DisplayDeviceConfig: requesting nits when no mapping exists.
03-19 14:43:46.980 1549 1967 E DisplayDeviceConfig: requesting nits when no mapping exists.
03-19 14:43:46.980 1549 1668 I am_wtf : [0,1549,system_server,-1,DisplayDeviceConfig,requesting nits when no mapping exists.]
03-19 14:43:46.980 1549 1668 I am_wtf : [0,1549,system_server,-1,DisplayDeviceConfig,requesting nits when no mapping exists.]
03-19 14:43:46.997 1549 1967 E DisplayDeviceConfig: requesting nits when no mapping exists.
03-19 14:43:46.997 1549 1967 E DisplayDeviceConfig: requesting nits when no mapping exists.
03-19 14:43:46.997 1549 1668 I am_wtf : [0,1549,system_server,-1,DisplayDeviceConfig,requesting nits when no mapping exists.]
03-19 14:43:46.997 1549 1668 I am_wtf : [0,1549,system_server,-1,DisplayDeviceConfig,requesting nits when no mapping exists.]
03-19 14:43:47.014 1549 1967 E DisplayDeviceConfig: requesting nits when no mapping exists.
03-19 14:43:47.015 1549 1967 E DisplayDeviceConfig: requesting nits when no mapping exists.
03-19 14:43:47.015 1549 1668 I am_wtf : [0,1549,system_server,-1,DisplayDeviceConfig,requesting nits when no mapping exists.]
03-19 14:43:47.015 1549 1668 I am_wtf : [0,1549,system_server,-1,DisplayDeviceConfig,requesting nits when no mapping exists.]
03-19 14:43:47.015 1549 1656 I wm_stop_activity: [0,249239324,com.android.launcher3/.uioverrides.QuickstepLauncher]
03-19 14:43:47.036 2634 2634 I wm_on_stop_called: [249239324,com.android.launcher3.uioverrides.QuickstepLauncher,STOP_ACTIVITY_ITEM]
03-19 14:43:47.355 0 0 I auditd : type=1400 audit(0.0:13757): avc: denied { kill } for comm="swapper/1" capability=5 scontext=u:r:kernel:s0 tcontext=u:r:kernel:s0 tclass=capability permissive=1
01-01 09:31:29.099 0 0 E DTC_Display: screen not ready
01-01 09:31:30.563 0 0 E msm_pcm_playback_close: CMD_EOS failed, cmd_pending 0x8
01-01 09:31:32.571 0 0 E DTC_Display: screen not ready
01-01 09:31:32.923 0 0 E DTC_ETH,link_delay_work_func: 3003, SQI=0, link=0
01-01 09:31:35.748 0 0 E DTC_Display: screen not ready
01-01 09:31:38.043 0 0 E DTC_ETH,link_delay_work_func: 3003, SQI=0, link=0
01-01 09:31:39.331 0 0 E DTC_Display: screen not ready
01-01 09:31:40.803 0 0 E msm_pcm_playback_close: CMD_EOS failed, cmd_pending 0x8
01-01 09:31:42.603 0 0 E DTC_Display: screen not ready
01-01 09:31:43.163 0 0 E DTC_ETH,link_delay_work_func: 3003, SQI=0, link=0
01-01 09:31:46.075 0 0 E DTC_Display: screen not ready
01-01 09:31:48.284 0 0 E DTC_ETH,link_delay_work_func: 3003, SQI=0, link=0
01-01 09:31:49.251 0 0 E DTC_Display: screen not ready
01-01 09:31:51.043 0 0 E msm_pcm_playback_close: CMD_EOS failed, cmd_pending 0x8
01-01 09:31:52.835 0 0 E DTC_Display: screen not ready
01-01 09:31:53.403 0 0 E DTC_ETH,link_delay_work_func: 3003, SQI=0, link=0
01-01 09:31:56.107 0 0 E DTC_Display: screen not ready
01-01 09:31:57.068 0 0 I binder : 1549:1726 ioctl 400c620e 710f1335d8 returned -22
01-01 09:31:57.069 0 0 I binder : 1549:1726 ioctl c00c620f 710f1335b8 returned -22
03-19 14:44:16.231 1549 1726 D ActivityManager: freezing 22588 android.process.acore
03-19 14:44:16.231 1549 1726 E ActivityManager: Unable to freeze binder for 22588 android.process.acore
03-19 14:44:16.233 1549 1726 D ActivityManager: froze 22588 android.process.acore
03-19 14:44:16.233 1549 1726 I am_freeze: [22588,android.process.acore]
03-19 14:44:16.233 1549 1726 E ActivityManager: Unable to freeze binder for 22588 android.process.acore
03-19 14:44:16.237 1549 1726 D ActivityManager: freezing 16248 com.qualcomm.qti.qccauthmgr
03-19 14:44:16.238 1549 1726 E ActivityManager: Unable to freeze binder for 16248 com.qualcomm.qti.qccauthmgr
01-01 09:31:57.074 0 0 I binder : 1549:1726 ioctl 400c620e 710f1335d8 returned -22
03-19 14:44:16.239 1549 1726 D ActivityManager: froze 16248 com.qualcomm.qti.qccauthmgr
03-19 14:44:16.239 1549 1726 I am_freeze: [16248,com.qualcomm.qti.qccauthmgr]
03-19 14:44:16.239 1549 1726 E ActivityManager: Unable to freeze binder for 16248 com.qualcomm.qti.qccauthmgr
03-19 14:44:16.241 1549 1726 I ActivityManager: Killing 22588:android.process.acore/u0a19 (adj 955): Unable to freeze binder interface
03-19 14:44:16.241 1549 1726 I am_kill : [0,22588,android.process.acore,955,Unable to freeze binder interface]
03-19 14:44:16.244 1549 1726 I ActivityManager: Killing 16248:com.qualcomm.qti.qccauthmgr/u0a79 (adj 965): Unable to freeze binder interface
03-19 14:44:16.244 1549 1726 I am_kill : [0,16248,com.qualcomm.qti.qccauthmgr,965,Unable to freeze binder interface]
01-01 09:31:57.076 0 0 I binder : 1549:1726 ioctl c00c620f 710f1335b8 returned -22
03-19 14:44:16.273 1549 4917 D CountryDetector: No listener is left
03-19 14:44:16.274 1549 4928 I am_proc_died: [0,16248,com.qualcomm.qti.qccauthmgr,965,19]
03-19 14:44:16.275 1549 4928 I am_uid_stopped: 10079
03-19 14:44:16.278 1549 2210 I am_proc_died: [0,22588,android.process.acore,955,19]
03-19 14:44:16.279 1549 2210 I am_uid_stopped: 10019
01-01 09:31:58.523 0 0 E DTC_ETH,link_delay_work_func: 3003, SQI=0, link=0
01-01 09:31:59.579 0 0 E DTC_Display: screen not ready
01-01 09:32:01.283 0 0 E msm_pcm_playback_close: CMD_EOS failed, cmd_pending 0x8
03-19 14:44:20.948 1549 1741 I input_interaction: Interaction with: 771f4b0 com.thundercomm.screensaver/android.service.dreams.DreamActivity (server), swipe-up (server), edge-swipe (server), PointerEventDispatcher0 (server),
03-19 14:44:20.950 1549 13354 I wm_finish_activity: [0,20626733,127,com.thundercomm.screensaver/android.service.dreams.DreamActivity,finish-activity]
03-19 14:44:20.950 1549 13354 I wm_task_moved: [1,1,8]
03-19 14:44:20.951 1549 13354 I wm_task_moved: [37,1,2147483647]
03-19 14:44:20.951 1549 13354 I wm_task_to_front: [0,37]
03-19 14:44:20.952 1549 13354 I wm_focused_root_task: [0,0,1,127,finish-top adjustFocusToNextFocusableTask]
03-19 14:44:20.952 1549 13354 I wm_set_resumed_activity: [0,com.android.launcher3/.uioverrides.QuickstepLauncher,finish-top adjustFocusToNextFocusableTask]
03-19 14:44:20.953 1549 13354 I wm_pause_activity: [0,20626733,com.thundercomm.screensaver/android.service.dreams.DreamActivity,userLeaving=false,finish]
03-19 14:44:20.959 1549 13354 I DreamManagerService: Gently waking up from dream.
03-19 14:44:20.960 1549 1656 I sysui_multi_action: [757,803,799,window_time_0,802,34]
03-19 14:44:20.960 4239 4239 I wm_on_top_resumed_lost_called: [20626733,android.service.dreams.DreamActivity,topStateChangedWhenResumed]
03-19 14:44:20.960 1549 1653 I DreamManagerService: Performing gentle wake from dream.
03-19 14:44:20.960 4239 4239 I wm_on_paused_called: [20626733,android.service.dreams.DreamActivity,performPause]
03-19 14:44:20.961 1549 2210 I wm_add_to_stopping: [0,20626733,com.thundercomm.screensaver/android.service.dreams.DreamActivity,completeFinishing]
03-19 14:44:20.962 1549 2210 I ActivityTaskManager: FOREGROUND_APPLICATION_CHANGED to com.android.launcher3.uioverrides.QuickstepLauncher
03-19 14:44:20.963 1549 2210 I wm_set_resumed_activity: [0,com.android.launcher3/.uioverrides.QuickstepLauncher,resumeTopActivityInnerLocked]
03-19 14:44:20.966 1549 2210 I wm_resume_activity: [0,249239324,37,com.android.launcher3/.uioverrides.QuickstepLauncher]
03-19 14:44:20.974 4239 4239 I view_enqueue_input_event: [Motion - Cancel,com.thundercomm.screensaver/android.service.dreams.DreamActivity]
03-19 14:44:20.974 1549 1741 I input_focus: [Focus leaving 771f4b0 com.thundercomm.screensaver/android.service.dreams.DreamActivity (server),reason=NO_WINDOW]
03-19 14:44:20.974 2634 2634 I wm_on_restart_called: [249239324,com.android.launcher3.uioverrides.QuickstepLauncher,performRestartActivity]
03-19 14:44:20.975 2634 2634 I wm_on_start_called: [249239324,com.android.launcher3.uioverrides.QuickstepLauncher,handleStartActivity]
03-19 14:44:20.975 2634 2634 I wm_on_resume_called: [249239324,com.android.launcher3.uioverrides.QuickstepLauncher,RESUME_ACTIVITY]
03-19 14:44:20.975 2634 2634 I wm_on_top_resumed_gained_called: [249239324,com.android.launcher3.uioverrides.QuickstepLauncher,topWhenResuming]
03-19 14:44:20.982 1549 1656 I sysui_multi_action: [757,803,799,window_time_0,802,0]
03-19 14:44:20.991 1549 1657 I input_focus: [Focus request d92d39a com.android.launcher3/com.android.launcher3.uioverrides.QuickstepLauncher,reason=UpdateInputWindows]
03-19 14:44:21.006 1549 1741 I input_focus: [Focus entering d92d39a com.android.launcher3/com.android.launcher3.uioverrides.QuickstepLauncher (server),reason=setFocusedWindow]
03-19 14:44:21.006 1549 1684 I PowerManagerService: Powering on display group fromDreaming (groupId=0, uid=1000, reason=WAKE_REASON_UNKNOWN, details=android.server.power:DREAM_FINISHED)...
03-19 14:44:21.006 1549 1684 I PowerManagerService: Waking up from Dreaming (uid=1000, reason=WAKE_REASON_UNKNOWN, details=android.server.power:DREAM_FINISHED)...
03-19 14:44:21.067 1549 13201 W FreeFormWindowHelper: Current Display FreeFormTask is null
03-19 14:44:21.233 1549 1656 I wm_destroy_activity: [0,20626733,127,com.thundercomm.screensaver/android.service.dreams.DreamActivity,finish-imm:idle]
03-19 14:44:21.253 4239 4239 I wm_on_stop_called: [20626733,android.service.dreams.DreamActivity,LIFECYCLER_STOP_ACTIVITY]
03-19 14:44:21.254 4239 4239 I wm_on_destroy_called: [20626733,android.service.dreams.DreamActivity,performDestroy]
03-19 14:44:21.255 1549 2210 I DreamManagerService: Leaving dreamland.
03-19 14:44:21.256 1549 1653 I DreamManagerService: Performing gentle wake from dream.
03-19 14:44:21.256 1549 1653 I DreamController: Stopping dream: name=ComponentInfo{com.thundercomm.screensaver/com.thundercomm.screensaver.service.SystemDream}, isTest=false, canDoze=false, userId=0, reason='finished self'(from 'finished self')
03-19 14:44:21.256 1549 1653 I sysui_multi_action: [757,222,758,2]
03-19 14:44:21.257 1549 1653 I sysui_multi_action: [757,804,799,dreaming_minutes,801,0,802,1]
03-19 14:44:21.264 1549 2210 I wm_task_removed: [127,removeChild:removeChild last r=ActivityRecord{13abd2d u0 com.thundercomm.screensaver/android.service.dreams.DreamActivity t-1 f}} in t=Task{eac3a6b #127 type=dream A=10050:android:com.thundercomm.screensaver/dream U=0 visible=false mode=fullscreen translucent=true sz=0}]
03-19 14:44:21.264 1549 2210 I wm_task_removed: [127,removeChild]
03-19 14:44:21.265 1549 1657 W ActivityTaskManager: Can't find TaskDisplayArea to determine support for multi window. Task id=127 attached=false
03-19 14:44:21.757 1549 1741 I input_interaction: Interaction with: b43c859 StatusBar (server), swipe-up (server), edge-swipe (server), PointerEventDispatcher0 (server),
03-19 14:44:21.761 2018 2018 I sysui_multi_action: [757,803,799,panel_open,802,1]
03-19 14:44:21.764 2018 2018 I sysui_multi_action: [757,1328,758,4,1326,56,1327,0,1329,0]
03-19 14:44:21.780 1549 4928 I sysui_multi_action: [757,127,758,1]
03-19 14:44:21.780 1549 4928 I sysui_multi_action: [757,804,799,note_load,801,2,802,1]
03-19 14:44:21.780 1549 4928 I notification_panel_revealed: 2
03-19 14:44:21.791 1549 1657 I input_focus: [Focus request 8e3e934 NotificationShade,reason=UpdateInputWindows]
03-19 14:44:21.803 1549 13201 I sysui_multi_action: [757,128,758,1,793,5509590,794,0,795,5509590,796,26,798,0,806,android,857,DEVELOPER_IMPORTANT,858,4,947,0,1395,2,1500,5509211,1688,1]
03-19 14:44:21.803 1549 13201 I sysui_multi_action: [757,804,799,note_freshness,801,5509590,802,1]
03-19 14:44:21.803 1549 13201 I notification_visibility: [-1|android|26|null|1000,1,5509590,5509590,0,0]
03-19 14:44:21.804 1549 13201 I sysui_multi_action: [757,128,758,1,793,5510388,794,0,795,5510388,796,32,798,1,806,android,857,USB,858,1,947,0,1395,2,1500,5510338,1688,1]
03-19 14:44:21.804 1549 13201 I sysui_multi_action: [757,804,799,note_freshness,801,5510388,802,1]
03-19 14:44:21.804 1549 13201 I notification_visibility: [-1|android|32|null|1000,1,5510388,5510388,0,1]
03-19 14:44:21.819 1549 1741 I input_focus: [Focus leaving d92d39a com.android.launcher3/com.android.launcher3.uioverrides.QuickstepLauncher (server),reason=setFocusedWindow]
03-19 14:44:21.819 1549 1741 I input_focus: [Focus entering 8e3e934 NotificationShade (server),reason=setFocusedWindow]
03-19 14:44:21.829 2018 2018 I sysui_multi_action: [757,111,758,1]
03-19 14:44:21.829 2018 2018 I sysui_multi_action: [757,126,758,1,759,126,927,0,928,1,1593,0]
03-19 14:44:21.829 2018 2018 I sysui_multi_action: [757,113,758,1,759,113,927,1,928,1,1593,0]
03-19 14:44:21.829 2018 2018 I sysui_multi_action: [757,0,758,1,759,0,927,2,928,0,1593,0]
03-19 14:44:21.829 2018 2018 I sysui_multi_action: [757,0,758,1,759,0,927,3,928,0,1593,0]
03-19 14:44:21.829 2018 2018 I sysui_multi_action: [757,491,758,1,759,491,927,4,928,0,1311,-1,1593,0]
03-19 14:44:21.829 2018 2018 I sysui_multi_action: [757,0,758,1,759,0,927,5,928,0,1593,0]
03-19 14:44:21.829 2018 2018 I sysui_multi_action: [757,122,758,1,759,122,927,6,928,1,1593,0]
03-19 14:44:21.830 2018 2018 I sysui_multi_action: [757,0,758,1,759,0,927,7,1593,0]
03-19 14:44:21.830 2018 2018 I sysui_multi_action: [757,111,758,1]
03-19 14:44:21.830 2018 2018 I sysui_multi_action: [757,126,758,1,759,126,927,0,928,1,1593,0]
03-19 14:44:21.830 2018 2018 I sysui_multi_action: [757,113,758,1,759,113,927,1,928,1,1593,0]
03-19 14:44:21.830 2018 2018 I sysui_multi_action: [757,0,758,1,759,0,927,2,928,0,1593,0]
03-19 14:44:21.830 2018 2018 I sysui_multi_action: [757,0,758,1,759,0,927,3,928,0,1593,0]
01-01 09:32:02.764 0 0 E DTC_Display: screen not ready
03-19 14:44:22.768 1549 1741 I input_interaction: Interaction with: 8e3e934 NotificationShade (server), swipe-up (server), edge-swipe (server), PointerEventDispatcher0 (server),
01-01 09:32:03.644 0 0 E DTC_ETH,link_delay_work_func: 3003, SQI=0, link=0
03-19 14:44:23.267 1549 1793 I GameModeConfig: isGameModeOn = true
03-19 14:44:23.267 1549 1793 I GameModeConfig: isGaming = false
03-19 14:44:23.268 1549 1793 I GameModeConfig: isGameModeOn = true
03-19 14:44:23.268 1549 1793 I GameModeConfig: isGaming = false
03-19 14:44:23.268 1549 1793 I GameModeConfig: isGameModeOn = true
03-19 14:44:23.268 1549 1793 I GameModeConfig: isGaming = false
03-19 14:44:23.268 1549 1793 I GameModeConfig: isGameModeOn = true
03-19 14:44:23.268 1549 1793 I GameModeConfig: isGaming = false
03-19 14:44:23.268 1549 1793 I GameModeConfig: isGameModeOn = true
03-19 14:44:23.268 1549 1793 I GameModeConfig: isGaming = false
03-19 14:44:23.268 1549 1793 I GameModeConfig: isGameModeOn = true
03-19 14:44:23.268 1549 1793 I GameModeConfig: isGaming = false
03-19 14:44:23.269 1549 1549 I notification_enqueue: [10078,2018,com.android.systemui,2048,NULL,0,Notification(channel=updateNotification shortcut=null contentView=null vibrate=null sound=null defaults=0x0 flags=0x0 color=0x00000000 vis=PRIVATE),1]
03-19 14:44:23.270 2018 2018 I sysui_multi_action: [757,111,758,2]
03-19 14:44:23.271 2018 2018 I sysui_multi_action: [757,111,758,2]
03-19 14:44:23.432 1549 1657 I input_focus: [Focus request d92d39a com.android.launcher3/com.android.launcher3.uioverrides.QuickstepLauncher,reason=UpdateInputWindows]
03-19 14:44:23.436 1549 2210 I sysui_multi_action: [757,128,758,2,793,5511224,794,1634,795,5511224,796,26,798,0,806,android,857,DEVELOPER_IMPORTANT,858,4,947,0,1395,2,1500,5510845,1688,1]
03-19 14:44:23.437 1549 2210 I notification_visibility: [-1|android|26|null|1000,0,5511224,5511224,0,0]
03-19 14:44:23.439 1549 2210 I sysui_multi_action: [757,128,758,2,793,5512022,794,1634,795,5512022,796,32,798,1,806,android,857,USB,858,1,947,0,1395,2,1500,5511972,1688,1]
03-19 14:44:23.439 1549 2210 I notification_visibility: [-1|android|32|null|1000,0,5512022,5512022,0,1]
03-19 14:44:23.440 1549 13354 I sysui_multi_action: [757,127,758,2]
03-19 14:44:23.440 1549 13354 I notification_panel_hidden:
03-19 14:44:23.456 1549 1741 I input_focus: [Focus leaving 8e3e934 NotificationShade (server),reason=NO_WINDOW]
03-19 14:44:23.456 1549 1741 I input_focus: [Focus entering d92d39a com.android.launcher3/com.android.launcher3.uioverrides.QuickstepLauncher (server),reason=setFocusedWindow]
03-19 14:44:23.476 1549 1549 I GameModeConfig: isGameModeOn = true
03-19 14:44:23.476 1549 1549 I GameModeConfig: isGaming = false
03-19 14:44:23.506 1549 1741 I input_interaction: Interaction with: d92d39a com.android.launcher3/com.android.launcher3.uioverrides.QuickstepLauncher (server), 274a106 com.android.systemui.ImageWallpaper (server), swipe-up (server), edge-swipe (server), PointerEventDispatcher0 (server),
03-19 14:44:23.520 1549 4928 W FreeFormWindowHelper: Current Display FreeFormTask is null
03-19 14:44:23.530 1549 2210 W FreeFormWindowHelper: Current Display FreeFormTask is null
03-19 14:44:23.531 2634 2634 I view_enqueue_input_event: [Motion - Cancel,com.android.launcher3/com.android.launcher3.uioverrides.QuickstepLauncher]
03-19 14:44:23.531 1549 1653 D AutofillManagerService: Close system dialogs
03-19 14:44:23.531 1549 4928 W FreeFormWindowHelper: Current Display FreeFormTask is null
03-19 14:44:23.532 1549 4928 W FreeFormWindowHelper: Current Display FreeFormTask is null
03-19 14:44:23.532 1549 1741 I input_interaction: Interaction with: swipe-up (server), edge-swipe (server), PointerEventDispatcher0 (server),
03-19 14:44:23.732 1549 1725 I commit_sys_config_file: [settings-1-0,12]
03-19 14:44:23.835 1549 4928 W FreeFormWindowHelper: Current Display FreeFormTask is null
03-19 14:44:23.850 1549 2210 W FreeFormWindowHelper: exitRecentTasks type=0
03-19 14:44:23.853 1549 2210 W FreeFormWindowHelper: Current Display FreeFormTask is null
03-19 14:44:24.059 1549 1725 I commit_sys_config_file: [settings-1-0,5]
03-19 14:44:24.476 1549 1741 I input_interaction: Interaction with: d92d39a com.android.launcher3/com.android.launcher3.uioverrides.QuickstepLauncher (server), 274a106 com.android.systemui.ImageWallpaper (server), swipe-up (server), edge-swipe (server), PointerEventDispatcher0 (server),
03-19 14:44:24.489 1549 13354 W FreeFormWindowHelper: Current Display FreeFormTask is null
03-19 14:44:24.500 1549 4928 W FreeFormWindowHelper: Current Display FreeFormTask is null
03-19 14:44:24.500 1549 1653 D AutofillManagerService: Close system dialogs
03-19 14:44:24.502 2634 2634 I view_enqueue_input_event: [Motion - Cancel,com.android.launcher3/com.android.launcher3.uioverrides.QuickstepLauncher]
03-19 14:44:24.502 1549 4928 W FreeFormWindowHelper: Current Display FreeFormTask is null
03-19 14:44:24.502 1549 2210 W FreeFormWindowHelper: Current Display FreeFormTask is null
03-19 14:44:24.503 1549 1741 I input_interaction: Interaction with: swipe-up (server), edge-swipe (server), PointerEventDispatcher0 (server),
03-19 14:44:24.693 1549 1725 I commit_sys_config_file: [settings-1-0,6]
03-19 14:44:24.875 1549 4928 W FreeFormWindowHelper: Current Display FreeFormTask is null
03-19 14:44:24.877 1549 13354 W FreeFormWindowHelper: Current Display FreeFormTask is null
03-19 14:44:24.878 1549 13354 W FreeFormWindowHelper: Current Display FreeFormTask is null
03-19 14:44:24.886 1549 13354 W FreeFormWindowHelper: Current Display FreeFormTask is null
03-19 14:44:24.887 1549 13354 W FreeFormWindowHelper: Current Display FreeFormTask is null
03-19 14:44:24.903 1549 13354 W FreeFormWindowHelper: Current Display FreeFormTask is null
03-19 14:44:24.920 1549 2210 W FreeFormWindowHelper: Current Display FreeFormTask is null
03-19 14:44:24.936 1549 13354 W FreeFormWindowHelper: Current Display FreeFormTask is null
03-19 14:44:24.953 1549 2210 W FreeFormWindowHelper: Current Display FreeFormTask is null
03-19 14:44:24.971 1549 13354 W FreeFormWindowHelper: Current Display FreeFormTask is null
03-19 14:44:24.987 1549 13354 W FreeFormWindowHelper: Current Display FreeFormTask is null
03-19 14:44:25.004 1549 13354 W FreeFormWindowHelper: Current Display FreeFormTask is null
03-19 14:44:25.020 1549 13354 W FreeFormWindowHelper: Current Display FreeFormTask is null
03-19 14:44:25.038 1549 2210 W FreeFormWindowHelper: Current Display FreeFormTask is null
03-19 14:44:25.054 1549 13354 W FreeFormWindowHelper: Current Display FreeFormTask is null
03-19 14:44:25.070 1549 13354 W FreeFormWindowHelper: Current Display FreeFormTask is null
03-19 14:44:25.084 1549 1725 I commit_sys_config_file: [settings-1-0,8]
03-19 14:44:25.087 1549 13354 W FreeFormWindowHelper: Current Display FreeFormTask is null
03-19 14:44:25.103 1549 13354 W FreeFormWindowHelper: Current Display FreeFormTask is null
03-19 14:44:25.120 1549 13354 W FreeFormWindowHelper: Current Display FreeFormTask is null
03-19 14:44:25.137 1549 13354 W FreeFormWindowHelper: Current Display FreeFormTask is null
03-19 14:44:25.154 1549 13354 W FreeFormWindowHelper: Current Display FreeFormTask is null
03-19 14:44:25.171 1549 13354 W FreeFormWindowHelper: Current Display FreeFormTask is null
03-19 14:44:25.189 1549 13354 W FreeFormWindowHelper: Current Display FreeFormTask is null
03-19 14:44:25.192 1549 13201 W FreeFormWindowHelper: Current Display FreeFormTask is null
03-19 14:44:25.217 1549 13201 W FreeFormWindowHelper: Current Display FreeFormTask is null
03-19 14:44:25.220 1549 13354 W FreeFormWindowHelper: Current Display FreeFormTask is null
01-01 09:32:06.343 0 0 E DTC_Display: screen not ready
03-19 14:44:25.637 1549 1741 I input_interaction: Interaction with: d92d39a com.android.launcher3/com.android.launcher3.uioverrides.QuickstepLauncher (server), 274a106 com.android.systemui.ImageWallpaper (server), swipe-up (server), edge-swipe (server), PointerEventDispatcher0 (server),
03-19 14:44:25.760 1549 13354 W FreeFormWindowHelper: exitRecentTasks type=0
03-19 14:44:26.502 1549 1741 I input_interaction: Interaction with: b43c859 StatusBar (server), swipe-up (server), edge-swipe (server), PointerEventDispatcher0 (server),
03-19 14:44:26.508 2018 2018 I sysui_multi_action: [757,803,799,panel_open,802,1]
03-19 14:44:26.510 2018 2018 I sysui_multi_action: [757,1328,758,4,1326,68,1327,0,1329,0]
03-19 14:44:26.579 1549 13201 I sysui_multi_action: [757,127,758,1]
03-19 14:44:26.579 1549 13201 I sysui_multi_action: [757,804,799,note_load,801,2,802,1]
03-19 14:44:26.579 1549 13201 I notification_panel_revealed: 2
03-19 14:44:26.593 1549 1657 I input_focus: [Focus request 8e3e934 NotificationShade,reason=UpdateInputWindows]
03-19 14:44:26.608 1549 13201 I sysui_multi_action: [757,128,758,1,793,5514396,794,0,795,5514396,796,26,798,0,806,android,857,DEVELOPER_IMPORTANT,858,4,947,0,1395,2,1500,5514017,1688,1]
03-19 14:44:26.609 1549 13201 I sysui_multi_action: [757,804,799,note_freshness,801,5514396,802,1]
03-19 14:44:26.609 1549 13201 I notification_visibility: [-1|android|26|null|1000,1,5514396,5514396,0,0]
03-19 14:44:26.609 1549 13201 I sysui_multi_action: [757,128,758,1,793,5515193,794,0,795,5515193,796,32,798,1,806,android,857,USB,858,1,947,0,1395,2,1500,5515143,1688,1]
03-19 14:44:26.609 1549 13201 I sysui_multi_action: [757,804,799,note_freshness,801,5515193,802,1]
03-19 14:44:26.609 1549 13201 I notification_visibility: [-1|android|32|null|1000,1,5515193,5515193,0,1]
03-19 14:44:26.610 2018 2018 I sysui_multi_action: [757,111,758,1]
03-19 14:44:26.610 2018 2018 I sysui_multi_action: [757,126,758,1,759,126,927,0,928,1,1593,0]
03-19 14:44:26.610 2018 2018 I sysui_multi_action: [757,113,758,1,759,113,927,1,928,1,1593,0]
03-19 14:44:26.610 2018 2018 I sysui_multi_action: [757,0,758,1,759,0,927,2,928,0,1593,0]
03-19 14:44:26.610 2018 2018 I sysui_multi_action: [757,0,758,1,759,0,927,3,928,0,1593,0]
03-19 14:44:26.610 2018 2018 I sysui_multi_action: [757,491,758,1,759,491,927,4,928,0,1311,-1,1593,0]
03-19 14:44:26.610 2018 2018 I sysui_multi_action: [757,0,758,1,759,0,927,5,928,0,1593,0]
03-19 14:44:26.610 2018 2018 I sysui_multi_action: [757,122,758,1,759,122,927,6,928,1,1593,0]
03-19 14:44:26.610 2018 2018 I sysui_multi_action: [757,0,758,1,759,0,927,7,1593,0]
03-19 14:44:26.610 2018 2018 I sysui_multi_action: [757,111,758,1]
03-19 14:44:26.610 2018 2018 I sysui_multi_action: [757,126,758,1,759,126,927,0,928,1,1593,0]
03-19 14:44:26.611 2018 2018 I sysui_multi_action: [757,113,758,1,759,113,927,1,928,1,1593,0]
03-19 14:44:26.611 2018 2018 I sysui_multi_action: [757,0,758,1,759,0,927,2,928,0,1593,0]
03-19 14:44:26.611 2018 2018 I sysui_multi_action: [757,0,758,1,759,0,927,3,928,0,1593,0]
03-19 14:44:26.613 1549 1741 I input_focus: [Focus leaving d92d39a com.android.launcher3/com.android.launcher3.uioverrides.QuickstepLauncher (server),reason=Waiting for window because NOT_VISIBLE]
03-19 14:44:26.630 1549 1741 I input_focus: [Focus entering 8e3e934 NotificationShade (server),reason=Window became focusable. Previous reason: NOT_VISIBLE]
01-01 09:32:08.763 0 0 E DTC_ETH,link_delay_work_func: 3003, SQI=0, link=0
01-01 09:32:09.615 0 0 E DTC_Display: screen not ready
03-19 14:44:30.352 1549 1741 I input_interaction: Interaction with: 8e3e934 NotificationShade (server), swipe-up (server), edge-swipe (server), PointerEventDispatcher0 (server),
03-19 14:44:30.609 1549 1668 E NotificationVibratorHelper: Error creating vibration waveform with pattern: [0]
03-19 14:44:30.610 1549 1549 I notification_enqueue: [10093,23881,com.yibasan.lizhifm,19081,NULL,0,Notification(channel=lz_channel_player shortcut=null contentView=null vibrate=null sound=null defaults=0x0 flags=0x48 color=0x00000000 category=transport groupKey=PlayerControllerBar actions=3 vis=PRIVATE),1]
01-01 09:32:11.523 0 0 E msm_pcm_playback_close: CMD_EOS failed, cmd_pending 0x8
03-19 14:44:30.812 1549 1549 I GameModeConfig: isGameModeOn = true
03-19 14:44:30.812 1549 1549 I GameModeConfig: isGaming = false
03-19 14:44:31.355 758 758 I auditd : type=1400 audit(0.0:13758): avc: denied { kill } for comm="crtc_commit:125" capability=5 scontext=u:r:kernel:s0 tcontext=u:r:kernel:s0 tclass=capability permissive=1
01-01 09:32:13.095 0 0 E DTC_Display: screen not ready
01-01 09:32:13.883 0 0 E DTC_ETH,link_delay_work_func: 3003, SQI=0, link=0
03-19 14:44:33.523 1549 1793 I GameModeConfig: isGameModeOn = true
03-19 14:44:33.524 1549 1793 I GameModeConfig: isGaming = false
03-19 14:44:33.993 2018 2018 I sysui_multi_action: [757,148,758,4]
03-19 14:44:33.995 1549 1549 I notification_cancel_all: [10078,2018,NULL,0,0,0,3,NULL]
03-19 14:44:33.996 1549 1549 I sysui_multi_action: [757,804,799,note_dismiss_longevity,801,0,802,1]
03-19 14:44:33.997 1549 1549 I sysui_multi_action: [757,128,758,5,759,3,793,2301109,794,0,795,10729,796,2048,806,com.android.systemui,857,updateNotification,858,3,947,0,1500,10729,1688,1]
03-19 14:44:33.997 1549 1549 I notification_canceled: [0|com.android.systemui|2048|null|10078,3,2301109,10729,0,-1,-1,NULL]
01-01 09:32:16.259 0 0 E DTC_Display: screen not ready
01-01 09:32:17.437 0 0 I msm_vidc: err : ffffffff: .....: DBLP Set: status 0
03-19 14:44:37.350 2018 2018 I sysui_multi_action: [757,148,758,4]
03-19 14:44:37.352 1549 1549 I notification_cancel_all: [10078,2018,NULL,0,0,0,3,NULL]
01-01 09:32:19.003 0 0 E DTC_ETH,link_delay_work_func: 3003, SQI=0, link=0
03-19 14:44:38.253 1549 1549 I notification_enqueue: [10094,12961,com.tencent.android.qqdownloader,127,NULL,0,Notification(channel=channel_id_default_silent shortcut=null contentView=com.tencent.android.qqdownloader/0x7f0a01c2 vibrate=null sound=null defaults=0x0 flags=0x2a0 color=0x00000000 groupKey=com.tencent.android.qqdownloader vis=PRIVATE),1]
03-19 14:44:38.270 2018 2018 I sysui_multi_action: [757,148,758,4]
03-19 14:44:38.271 1549 1549 I notification_cancel_all: [10078,2018,NULL,0,0,0,3,NULL]
03-19 14:44:38.455 1549 1549 I GameModeConfig: isGameModeOn = true
03-19 14:44:38.455 1549 1549 I GameModeConfig: isGaming = false
03-19 14:44:39.004 1549 1793 I GameModeConfig: isGameModeOn = true
03-19 14:44:39.004 1549 1793 I GameModeConfig: isGaming = false
03-19 14:44:39.004 1549 1793 I GameModeConfig: isGameModeOn = true
03-19 14:44:39.004 1549 1793 I GameModeConfig: isGaming = false
03-19 14:44:39.004 1549 1793 I GameModeConfig: isGameModeOn = true
03-19 14:44:39.004 1549 1793 I GameModeConfig: isGaming = false
03-19 14:44:39.005 1549 1793 I GameModeConfig: isGameModeOn = true
03-19 14:44:39.005 1549 1793 I GameModeConfig: isGaming = false
03-19 14:44:39.005 1549 1793 I GameModeConfig: isGameModeOn = true
03-19 14:44:39.005 1549 1793 I GameModeConfig: isGaming = false
03-19 14:44:39.006 1549 1549 I notification_enqueue: [10078,2018,com.android.systemui,2048,NULL,0,Notification(channel=updateNotification shortcut=null contentView=null vibrate=null sound=null defaults=0x0 flags=0x0 color=0x00000000 vis=PRIVATE),0]
03-19 14:44:39.006 2018 2018 I sysui_multi_action: [757,111,758,2]
03-19 14:44:39.006 2018 2018 I sysui_multi_action: [757,111,758,2]
01-01 09:32:19.843 0 0 E DTC_Display: screen not ready
03-19 14:44:39.080 1549 1657 I input_focus: [Focus request d92d39a com.android.launcher3/com.android.launcher3.uioverrides.QuickstepLauncher,reason=UpdateInputWindows]
03-19 14:44:39.084 1549 4928 I sysui_multi_action: [757,128,758,2,793,5526872,794,12476,795,5526872,796,26,798,0,806,android,857,DEVELOPER_IMPORTANT,858,4,947,0,1395,2,1500,5526493,1688,1]
03-19 14:44:39.085 1549 4928 I notification_visibility: [-1|android|26|null|1000,0,5526872,5526872,0,0]
03-19 14:44:39.085 1549 4928 I sysui_multi_action: [757,128,758,2,793,5527669,794,12476,795,5527669,796,32,798,1,806,android,857,USB,858,1,947,0,1395,2,1500,5527619,1688,1]
03-19 14:44:39.085 1549 4928 I notification_visibility: [-1|android|32|null|1000,0,5527669,5527669,0,1]
03-19 14:44:39.087 1549 4928 I sysui_multi_action: [757,127,758,2]
03-19 14:44:39.087 1549 4928 I notification_panel_hidden:
03-19 14:44:39.110 1549 1741 I input_focus: [Focus leaving 8e3e934 NotificationShade (server),reason=NO_WINDOW]
03-19 14:44:39.110 1549 1741 I input_focus: [Focus entering d92d39a com.android.launcher3/com.android.launcher3.uioverrides.QuickstepLauncher (server),reason=setFocusedWindow]
03-19 14:44:39.207 1549 1549 I sysui_multi_action: [757,1501,758,1,793,203,794,0,795,203,796,2048,806,com.android.systemui,857,updateNotification,858,3,947,0,1500,0,1688,1]
03-19 14:44:39.208 1549 1549 I sysui_multi_action: [757,804,799,note_interruptive,801,0,802,1]
03-19 14:44:39.208 1549 1549 I GameModeConfig: isGameModeOn = true
03-19 14:44:39.208 1549 1549 I GameModeConfig: isGaming = false
03-19 14:44:39.245 1549 1741 I input_interaction: Interaction with: d92d39a com.android.launcher3/com.android.launcher3.uioverrides.QuickstepLauncher (server), 274a106 com.android.systemui.ImageWallpaper (server), swipe-up (server), edge-swipe (server), PointerEventDispatcher0 (server),
03-19 14:44:39.272 1549 13201 W FreeFormWindowHelper: Current Display FreeFormTask is null
03-19 14:44:39.283 1549 13201 W FreeFormWindowHelper: Current Display FreeFormTask is null
03-19 14:44:39.284 1549 1653 D AutofillManagerService: Close system dialogs
03-19 14:44:39.284 2634 2634 I view_enqueue_input_event: [Motion - Cancel,com.android.launcher3/com.android.launcher3.uioverrides.QuickstepLauncher]
03-19 14:44:39.284 1549 4928 W FreeFormWindowHelper: Current Display FreeFormTask is null
03-19 14:44:39.285 1549 13201 W FreeFormWindowHelper: Current Display FreeFormTask is null
03-19 14:44:39.292 1549 1741 I input_interaction: Interaction with: swipe-up (server), edge-swipe (server), PointerEventDispatcher0 (server),
03-19 14:44:39.487 1549 1725 I commit_sys_config_file: [settings-1-0,14]
03-19 14:44:39.580 1549 13201 W FreeFormWindowHelper: Current Display FreeFormTask is null
03-19 14:44:39.581 1549 2209 W FreeFormWindowHelper: Current Display FreeFormTask is null
03-19 14:44:39.581 1549 4928 W FreeFormWindowHelper: Current Display FreeFormTask is null
03-19 14:44:39.587 1549 2209 W FreeFormWindowHelper: Current Display FreeFormTask is null
03-19 14:44:39.588 1549 4928 W FreeFormWindowHelper: Current Display FreeFormTask is null
03-19 14:44:39.605 1549 4928 W FreeFormWindowHelper: Current Display FreeFormTask is null
03-19 14:44:39.622 1549 2209 W FreeFormWindowHelper: Current Display FreeFormTask is null
03-19 14:44:39.639 1549 4928 W FreeFormWindowHelper: Current Display FreeFormTask is null
03-19 14:44:39.655 1549 2209 W FreeFormWindowHelper: Current Display FreeFormTask is null
03-19 14:44:39.672 1549 4928 W FreeFormWindowHelper: Current Display FreeFormTask is null
03-19 14:44:39.689 1549 4928 W FreeFormWindowHelper: Current Display FreeFormTask is null
03-19 14:44:39.705 1549 4928 W FreeFormWindowHelper: Current Display FreeFormTask is null
03-19 14:44:39.722 1549 4928 W FreeFormWindowHelper: Current Display FreeFormTask is null
03-19 14:44:39.741 1549 13201 W FreeFormWindowHelper: Current Display FreeFormTask is null
03-19 14:44:39.757 1549 13201 W FreeFormWindowHelper: Current Display FreeFormTask is null
03-19 14:44:39.772 1549 13201 W FreeFormWindowHelper: Current Display FreeFormTask is null
03-19 14:44:39.786 1549 1725 I commit_sys_config_file: [settings-1-0,6]
03-19 14:44:39.789 1549 13201 W FreeFormWindowHelper: Current Display FreeFormTask is null
03-19 14:44:39.805 1549 13201 W FreeFormWindowHelper: Current Display FreeFormTask is null
03-19 14:44:39.822 1549 13201 W FreeFormWindowHelper: Current Display FreeFormTask is null
