03-19 14:23:21.284 1549 2210 I ActivityTaskManager: FOREGROUND_APPLICATION_CHANGED to com.android.gallery3d.app.MovieActivity
03-19 14:23:21.284 1549 2210 I ActivityTaskManager: The Process com.android.gallery3d Already Exists in BG. So sending its PID: 18059
03-19 14:23:21.284 1549 2210 W ActivityTaskManager: Tried to set launchTime (0) < mLastActivityLaunchTime (4141426)
03-19 14:23:21.304 1549 2210 W WindowManager: Failed looking up window session=Session{a930fb8 18059:u0a10063} callers=com.android.server.wm.WindowManagerService.windowForClientLocked:5628 com.android.server.wm.Session.insetsModified:629 android.view.IWindowSession$Stub.onTransact:1151
03-19 14:23:21.350 2018 2018 D StartingSurfaceDrawer: window attributes color: 0 icon null duration 0 brandImage null
01-01 09:11:02.198 0 0 I msm_vidc: high: 00000002: ....d: Opening video instance: 0000000000000000, 1
01-01 09:11:02.198 0 0 I msm_vidc: err : 00000002: ....d: Failed to create debugfs for msm_vidc
03-19 14:23:21.390 1549 4216 W FreeFormWindowHelper: Current Display FreeFormTask is null
03-19 14:23:21.859 1549 1793 I GameModeConfig: isGameModeOn = false
03-19 14:23:21.859 1549 1793 I GameModeConfig: isGameModeOn = false
03-19 14:23:21.859 1549 1793 I GameModeConfig: isGameModeOn = false
03-19 14:23:21.859 1549 1793 I GameModeConfig: isGameModeOn = false
03-19 14:23:21.859 1549 1793 I GameModeConfig: isGameModeOn = false
03-19 14:23:21.859 1549 1793 I GameModeConfig: isGameModeOn = false
03-19 14:23:22.060 1549 1549 I GameModeConfig: isGameModeOn = false
01-01 09:11:03.264 0 0 I : [MAX975X:max96755x_drm_notifier_callback] *INFO* receives EARLY_BLANK:UNBLANK
01-01 09:11:03.264 0 0 I atmel_mxt_ts 0-004a: FB event:2,blank:0
01-01 09:11:03.264 0 0 I atmel_mxt_ts 0-004a: suspend: event = 2, blank = 0, not care
01-01 09:11:03.264 0 0 I [drm:dsi_display_set_mode] [msm-dsi-info]: mdp_transfer_time_us=0 us
01-01 09:11:03.264 0 0 I [drm:dsi_display_set_mode] [msm-dsi-info]: hactive= 2560,vactive= 1080,fps=30
01-01 09:11:03.264 0 0 I : [MAX975X:max96755x_drm_notifier_callback] *INFO* receives BLANK:UNBLANK
01-01 09:11:04.123 0 0 E DTC_ETH,link_delay_work_func: 3003, SQI=0, link=0
01-01 09:11:05.143 0 0 E DTC_Display: screen not ready
01-01 09:11:05.144 0 0 I atmel_mxt_ts 0-004a: FB event:1,blank:0
01-01 09:11:05.144 0 0 I atmel_mxt_ts 0-004a: drm_notifier_callback: UNBLANK! Resume by drm notifier.
01-01 09:11:05.179 0 0 I : [MAX975X:max96755x_drm_notifier_callback] *INFO* receives EARLY_BLANK:UNBLANK
01-01 09:11:05.179 0 0 I atmel_mxt_ts 0-004a: FB event:2,blank:0
01-01 09:11:05.179 0 0 I atmel_mxt_ts 0-004a: suspend: event = 2, blank = 0, not care
01-01 09:11:05.179 0 0 I [drm:dsi_display_set_mode] [msm-dsi-info]: mdp_transfer_time_us=0 us
01-01 09:11:05.179 0 0 I [drm:dsi_display_set_mode] [msm-dsi-info]: hactive= 2560,vactive= 1080,fps=60
01-01 09:11:05.179 0 0 I : [MAX975X:max96755x_drm_notifier_callback] *INFO* receives BLANK:UNBLANK
03-19 14:23:24.589 1549 4829 W FreeFormWindowHelper: Current Display FreeFormTask is null
03-19 14:23:24.594 1549 4829 W FreeFormWindowHelper: Current Display FreeFormTask is null
03-19 14:23:24.612 1549 4829 W FreeFormWindowHelper: Current Display FreeFormTask is null
03-19 14:23:24.613 1549 4829 W FreeFormWindowHelper: Current Display FreeFormTask is null
03-19 14:23:24.647 1549 4829 W FreeFormWindowHelper: Current Display FreeFormTask is null
03-19 14:23:24.647 1549 4829 W FreeFormWindowHelper: Current Display FreeFormTask is null
03-19 14:23:24.651 1549 4216 W FreeFormWindowHelper: Current Display FreeFormTask is null
03-19 14:23:24.651 1549 4216 W FreeFormWindowHelper: Current Display FreeFormTask is null
03-19 14:23:24.658 1549 4829 W ActivityTaskManager: getTaskSnapshot: taskId=-142 not found
03-19 14:23:24.661 1549 4829 W FreeFormWindowHelper: Current Display FreeFormTask is null
03-19 14:23:24.662 1549 4829 W FreeFormWindowHelper: Current Display FreeFormTask is null
03-19 14:23:24.663 1549 4829 W ActivityTaskManager: getTaskSnapshot: taskId=-141 not found
03-19 14:23:24.667 1549 4829 W ActivityTaskManager: getTaskSnapshot: taskId=-140 not found
03-19 14:23:24.669 1549 1653 D AutofillManagerService: Close system dialogs
03-19 14:23:24.678 1549 4829 W FreeFormWindowHelper: Current Display FreeFormTask is null
03-19 14:23:24.679 1549 4216 W FreeFormWindowHelper: Current Display FreeFormTask is null
03-19 14:23:24.680 1549 4829 W FreeFormWindowHelper: Current Display FreeFormTask is null
03-19 14:23:24.681 1549 10380 W FreeFormWindowHelper: Current Display FreeFormTask is null
03-19 14:23:24.683 1549 10380 W ActivityTaskManager: getTaskSnapshot: taskId=-55 not found
03-19 14:23:24.684 1549 10380 W ActivityTaskManager: getTaskSnapshot: taskId=-55 not found
03-19 14:23:24.684 1549 10380 W ActivityTaskManager: getTaskSnapshot: taskId=-55 not found
03-19 14:23:24.695 1549 4829 W FreeFormWindowHelper: Current Display FreeFormTask is null
03-19 14:23:24.695 1549 4829 W FreeFormWindowHelper: Current Display FreeFormTask is null
01-01 09:11:06.627 0 0 E msm_pcm_playback_close: CMD_EOS failed, cmd_pending 0x8
01-01 09:11:06.703 0 0 E DTC_Display: screen not ready
01-01 09:11:06.704 0 0 I atmel_mxt_ts 0-004a: FB event:1,blank:0
01-01 09:11:06.704 0 0 I atmel_mxt_ts 0-004a: drm_notifier_callback: UNBLANK! Resume by drm notifier.
03-19 14:23:25.912 1549 10380 W FreeFormWindowHelper: Current Display FreeFormTask is null
03-19 14:23:25.912 1549 2210 W FreeFormWindowHelper: Current Display FreeFormTask is null
03-19 14:23:26.047 1549 10380 W FreeFormWindowHelper: Current Display FreeFormTask is null
03-19 14:23:26.047 1549 10380 W FreeFormWindowHelper: Current Display FreeFormTask is null
03-19 14:23:26.066 1549 2210 W FreeFormWindowHelper: Current Display FreeFormTask is null
03-19 14:23:26.068 1549 4216 W FreeFormWindowHelper: Current Display FreeFormTask is null
01-01 09:11:06.921 0 0 I : [MAX975X:max96755x_drm_notifier_callback] *INFO* receives EARLY_BLANK:UNBLANK
01-01 09:11:06.921 0 0 I atmel_mxt_ts 0-004a: FB event:2,blank:0
01-01 09:11:06.921 0 0 I atmel_mxt_ts 0-004a: suspend: event = 2, blank = 0, not care
01-01 09:11:06.921 0 0 I [drm:dsi_display_set_mode] [msm-dsi-info]: mdp_transfer_time_us=0 us
01-01 09:11:06.921 0 0 I [drm:dsi_display_set_mode] [msm-dsi-info]: hactive= 2560,vactive= 1080,fps=30
01-01 09:11:06.921 0 0 I : [MAX975X:max96755x_drm_notifier_callback] *INFO* receives BLANK:UNBLANK
03-19 14:23:26.095 1549 10380 W FreeFormWindowHelper: Current Display FreeFormTask is null
03-19 14:23:26.095 1549 10380 W FreeFormWindowHelper: Current Display FreeFormTask is null
03-19 14:23:26.097 1549 10380 W FreeFormWindowHelper: exitRecentTasks type=0
03-19 14:23:26.104 1549 1667 W UsageStatsService: Unexpected activity event reported! (com.android.launcher3/com.android.launcher3.uioverrides.QuickstepLauncher event : 23 instanceId : 50430139)
03-19 14:23:26.513 1549 10380 W FreeFormWindowHelper: Current Display FreeFormTask is null
03-19 14:23:26.515 1549 10380 W FreeFormWindowHelper: Current Display FreeFormTask is null
03-19 14:23:26.519 1549 10380 W FreeFormWindowHelper: Current Display FreeFormTask is null
03-19 14:23:26.520 1549 10380 W FreeFormWindowHelper: Current Display FreeFormTask is null
03-19 14:23:26.531 1549 1653 D AutofillManagerService: Close system dialogs
03-19 14:23:26.532 1549 10380 W FreeFormWindowHelper: Current Display FreeFormTask is null
03-19 14:23:26.532 1549 10380 W FreeFormWindowHelper: Current Display FreeFormTask is null
03-19 14:23:26.542 1549 1582 W ActivityTaskManager: getTaskSnapshot: taskId=-216 not found
03-19 14:23:26.545 1549 1582 W ActivityTaskManager: getTaskSnapshot: taskId=-215 not found
03-19 14:23:26.547 1549 1582 W ActivityTaskManager: getTaskSnapshot: taskId=-215 not found
03-19 14:23:26.556 1549 4829 W FreeFormWindowHelper: Current Display FreeFormTask is null
03-19 14:23:26.557 1549 4829 W FreeFormWindowHelper: Current Display FreeFormTask is null
03-19 14:23:26.566 1549 4829 W FreeFormWindowHelper: Current Display FreeFormTask is null
03-19 14:23:26.566 1549 4829 W FreeFormWindowHelper: Current Display FreeFormTask is null
01-01 09:11:08.263 0 0 E DTC_Display: screen not ready
01-01 09:11:08.264 0 0 I atmel_mxt_ts 0-004a: FB event:1,blank:0
01-01 09:11:08.264 0 0 I atmel_mxt_ts 0-004a: drm_notifier_callback: UNBLANK! Resume by drm notifier.
03-19 14:23:27.459 1549 4829 W FreeFormWindowHelper: Current Display FreeFormTask is null
03-19 14:23:27.459 1549 4829 W FreeFormWindowHelper: Current Display FreeFormTask is null
03-19 14:23:27.460 1549 4829 W FreeFormWindowHelper: Current Display FreeFormTask is null
01-01 09:11:08.303 0 0 I : [MAX975X:max96755x_drm_notifier_callback] *INFO* receives EARLY_BLANK:UNBLANK
01-01 09:11:08.303 0 0 I atmel_mxt_ts 0-004a: FB event:2,blank:0
01-01 09:11:08.303 0 0 I atmel_mxt_ts 0-004a: suspend: event = 2, blank = 0, not care
01-01 09:11:08.303 0 0 I [drm:dsi_display_set_mode] [msm-dsi-info]: mdp_transfer_time_us=0 us
01-01 09:11:08.303 0 0 I [drm:dsi_display_set_mode] [msm-dsi-info]: hactive= 2560,vactive= 1080,fps=60
01-01 09:11:08.303 0 0 I : [MAX975X:max96755x_drm_notifier_callback] *INFO* receives BLANK:UNBLANK
01-01 09:11:09.243 0 0 E DTC_ETH,link_delay_work_func: 3003, SQI=0, link=0
01-01 09:11:09.615 0 0 E DTC_Display: screen not ready
01-01 09:11:09.616 0 0 I atmel_mxt_ts 0-004a: FB event:1,blank:0
01-01 09:11:09.616 0 0 I atmel_mxt_ts 0-004a: drm_notifier_callback: UNBLANK! Resume by drm notifier.
03-19 14:23:28.817 1549 2210 W FreeFormWindowHelper: Current Display FreeFormTask is null
03-19 14:23:28.817 1549 2210 W FreeFormWindowHelper: Current Display FreeFormTask is null
03-19 14:23:28.819 1549 2210 W FreeFormWindowHelper: Current Display FreeFormTask is null
03-19 14:23:28.855 1549 2210 W FreeFormWindowHelper: Current Display FreeFormTask is null
03-19 14:23:28.855 1549 2210 W FreeFormWindowHelper: Current Display FreeFormTask is null
03-19 14:23:28.856 1549 2210 W FreeFormWindowHelper: Current Display FreeFormTask is null
03-19 14:23:28.865 1549 1653 D AutofillManagerService: Close system dialogs
03-19 14:23:28.871 1549 2210 W FreeFormWindowHelper: Current Display FreeFormTask is null
03-19 14:23:28.871 1549 2210 W FreeFormWindowHelper: Current Display FreeFormTask is null
01-01 09:11:09.732 0 0 I msm_vidc: high: 00000002: h264d: Closed video instance: 0000000000000000
03-19 14:23:28.914 1549 10380 I ActivityTaskManager: FOREGROUND_APPLICATION_CHANGED to com.android.launcher3.uioverrides.QuickstepLauncher
03-19 14:23:28.923 1549 1656 I ActivityManager: PendingStartActivityUids startActivity to updateOomAdj delay:2398ms, uid:10071
03-19 14:23:29.017 1549 4216 W FreeFormWindowHelper: Current Display FreeFormTask is null
03-19 14:23:30.477 1549 1653 D AutofillManagerService: Close system dialogs
01-01 09:11:11.500 0 0 E DTC_Display: screen not ready
03-19 14:23:31.077 1549 4216 W FreeFormWindowHelper: Current Display FreeFormTask is null
03-19 14:23:31.078 1549 2210 W FreeFormWindowHelper: Current Display FreeFormTask is null
03-19 14:23:31.123 1549 10380 W FreeFormWindowHelper: Current Display FreeFormTask is null
03-19 14:23:31.123 1549 10380 W FreeFormWindowHelper: Current Display FreeFormTask is null
03-19 14:23:32.111 1549 1793 I GameModeConfig: isGameModeOn = false
03-19 14:23:32.331 1549 1653 D AutofillManagerService: Close system dialogs
03-19 14:23:32.740 1549 10380 W FreeFormWindowHelper: exitRecentTasks type=0
03-19 14:23:32.743 1549 1653 D AutofillManagerService: Close system dialogs
03-19 14:23:32.746 1549 4216 W FreeFormWindowHelper: Current Display FreeFormTask is null
03-19 14:23:32.746 1549 4216 W FreeFormWindowHelper: Current Display FreeFormTask is null
03-19 14:23:33.000 1549 10380 W FreeFormWindowHelper: Current Display FreeFormTask is null
03-19 14:23:33.000 1549 10380 W FreeFormWindowHelper: Current Display FreeFormTask is null
03-19 14:23:33.012 1549 10380 W FreeFormWindowHelper: Current Display FreeFormTask is null
03-19 14:23:33.013 1549 10380 W FreeFormWindowHelper: Current Display FreeFormTask is null
03-19 14:23:33.015 1549 10380 W FreeFormWindowHelper: Current Display FreeFormTask is null
03-19 14:23:33.016 1549 1653 D AutofillManagerService: Close system dialogs
03-19 14:23:33.016 1549 2210 W FreeFormWindowHelper: Current Display FreeFormTask is null
03-19 14:23:33.019 1549 1582 W FreeFormWindowHelper: Current Display FreeFormTask is null
03-19 14:23:33.019 1549 2210 W FreeFormWindowHelper: Current Display FreeFormTask is null
03-19 14:23:33.061 1549 10380 W ActivityTaskManager: getTaskSnapshot: taskId=-720 not found
03-19 14:23:33.062 1549 10380 W ActivityTaskManager: getTaskSnapshot: taskId=-719 not found
03-19 14:23:33.068 1549 10380 W ActivityTaskManager: getTaskSnapshot: taskId=-719 not found
03-19 14:23:33.080 1549 1582 W FreeFormWindowHelper: Current Display FreeFormTask is null
03-19 14:23:33.080 1549 1582 W FreeFormWindowHelper: Current Display FreeFormTask is null
03-19 14:23:33.096 1549 1582 W FreeFormWindowHelper: Current Display FreeFormTask is null
03-19 14:23:33.097 1549 1582 W FreeFormWindowHelper: Current Display FreeFormTask is null
03-19 14:23:33.396 1549 2210 W FreeFormWindowHelper: Current Display FreeFormTask is null
03-19 14:23:33.396 1549 2210 W FreeFormWindowHelper: Current Display FreeFormTask is null
03-19 14:23:33.400 1549 2210 W FreeFormWindowHelper: Current Display FreeFormTask is null
03-19 14:23:33.400 1549 4216 W FreeFormWindowHelper: Current Display FreeFormTask is null
03-19 14:23:33.417 1549 4216 W FreeFormWindowHelper: Current Display FreeFormTask is null
03-19 14:23:33.417 1549 4216 W FreeFormWindowHelper: Current Display FreeFormTask is null
03-19 14:23:33.433 1549 1582 W FreeFormWindowHelper: Current Display FreeFormTask is null
03-19 14:23:33.433 1549 1582 W FreeFormWindowHelper: Current Display FreeFormTask is null
03-19 14:23:33.450 1549 4216 W FreeFormWindowHelper: Current Display FreeFormTask is null
03-19 14:23:33.451 1549 4216 W FreeFormWindowHelper: Current Display FreeFormTask is null
03-19 14:23:33.466 1549 1582 W FreeFormWindowHelper: Current Display FreeFormTask is null
03-19 14:23:33.467 1549 1582 W FreeFormWindowHelper: Current Display FreeFormTask is null
03-19 14:23:33.484 1549 2210 W FreeFormWindowHelper: Current Display FreeFormTask is null
03-19 14:23:33.484 1549 2210 W FreeFormWindowHelper: Current Display FreeFormTask is null
03-19 14:23:33.501 1549 4216 W FreeFormWindowHelper: Current Display FreeFormTask is null
03-19 14:23:33.501 1549 4216 W FreeFormWindowHelper: Current Display FreeFormTask is null
03-19 14:23:33.517 1549 1582 W FreeFormWindowHelper: Current Display FreeFormTask is null
03-19 14:23:33.518 1549 1582 W FreeFormWindowHelper: Current Display FreeFormTask is null
01-01 09:11:14.364 0 0 E DTC_ETH,link_delay_work_func: 3003, SQI=0, link=0
03-19 14:23:33.534 1549 1582 W FreeFormWindowHelper: Current Display FreeFormTask is null
03-19 14:23:33.534 1549 1582 W FreeFormWindowHelper: Current Display FreeFormTask is null
03-19 14:23:33.551 1549 4216 W FreeFormWindowHelper: Current Display FreeFormTask is null
03-19 14:23:33.551 1549 4216 W FreeFormWindowHelper: Current Display FreeFormTask is null
03-19 14:23:33.567 1549 4216 W FreeFormWindowHelper: Current Display FreeFormTask is null
03-19 14:23:33.568 1549 4216 W FreeFormWindowHelper: Current Display FreeFormTask is null
03-19 14:23:33.584 1549 2210 W FreeFormWindowHelper: Current Display FreeFormTask is null
03-19 14:23:33.584 1549 2210 W FreeFormWindowHelper: Current Display FreeFormTask is null
03-19 14:23:33.601 1549 1582 W FreeFormWindowHelper: Current Display FreeFormTask is null
03-19 14:23:33.601 1549 1582 W FreeFormWindowHelper: Current Display FreeFormTask is null
03-19 14:23:33.617 1549 4216 W FreeFormWindowHelper: Current Display FreeFormTask is null
03-19 14:23:33.617 1549 4216 W FreeFormWindowHelper: Current Display FreeFormTask is null
03-19 14:23:33.634 1549 10380 W FreeFormWindowHelper: Current Display FreeFormTask is null
03-19 14:23:33.634 1549 10380 W FreeFormWindowHelper: Current Display FreeFormTask is null
03-19 14:23:33.651 1549 2210 W FreeFormWindowHelper: Current Display FreeFormTask is null
03-19 14:23:33.651 1549 2210 W FreeFormWindowHelper: Current Display FreeFormTask is null
03-19 14:23:33.669 1549 10380 W FreeFormWindowHelper: Current Display FreeFormTask is null
03-19 14:23:33.669 1549 10380 W FreeFormWindowHelper: Current Display FreeFormTask is null
03-19 14:23:33.686 1549 2210 W FreeFormWindowHelper: Current Display FreeFormTask is null
03-19 14:23:33.686 1549 2210 W FreeFormWindowHelper: Current Display FreeFormTask is null
03-19 14:23:33.687 1549 2210 W FreeFormWindowHelper: Current Display FreeFormTask is null
03-19 14:23:33.711 1549 1582 W FreeFormWindowHelper: Current Display FreeFormTask is null
03-19 14:23:33.711 1549 1582 W FreeFormWindowHelper: Current Display FreeFormTask is null
01-01 09:11:14.768 0 0 E DTC_Display: screen not ready
03-19 14:23:34.758 1549 1582 V SplashScreenExceptionList: SplashScreen checking exception for package com.android.gallery3d (target sdk:29) -> false
03-19 14:23:34.760 2018 2149 D PhoneStartingWindowTypeAlgorithm: preferredStartingWindowType newTask:false taskSwitch:true processRunning:true allowTaskSnapshot:true activityCreated:true useEmptySplashScreen:false legacySplashScreen:false topIsHome:false
03-19 14:23:34.760 2018 2149 D PhoneStartingWindowTypeAlgorithm: isSnapshotCompatible no snapshot 108
03-19 14:23:34.760 2018 2149 D StartingSurfaceDrawer: addSplashScreen com.android.gallery3d theme=7f120034 task=108 suggestType=3
03-19 14:23:34.762 2018 2150 D StartingSurfaceDrawer: window attributes color: 0 icon null duration 0 brandImage null
03-19 14:23:34.763 2018 2150 D StartingSurfaceDrawer: fillViewWithIcon surfaceWindowView android.window.SplashScreenView{3ed33c4 V.E...... ......ID 0,0-0,0}
03-19 14:23:34.764 1549 2210 I ActivityTaskManager: FOREGROUND_APPLICATION_CHANGED to com.android.gallery3d.app.GalleryActivity
03-19 14:23:34.836 2018 2149 D StartingSurfaceDrawer: Task start finish, remove starting surface for task 108
03-19 14:23:34.836 2018 2149 V StartingSurfaceDrawer: Removing splash screen window for task: 108
03-19 14:23:34.869 1549 2210 W FreeFormWindowHelper: Current Display FreeFormTask is null
03-19 14:23:35.178 1549 1582 W FreeFormWindowHelper: exitRecentTasks type=0
03-19 14:23:35.705 1549 10380 W FreeFormWindowHelper: Current Display FreeFormTask is null
03-19 14:23:35.707 1549 10380 W FreeFormWindowHelper: Current Display FreeFormTask is null
03-19 14:23:35.720 1549 1582 W FreeFormWindowHelper: Current Display FreeFormTask is null
03-19 14:23:35.721 1549 1582 W FreeFormWindowHelper: Current Display FreeFormTask is null
03-19 14:23:35.721 1549 1582 W FreeFormWindowHelper: Current Display FreeFormTask is null
03-19 14:23:35.748 1549 1582 W FreeFormWindowHelper: Current Display FreeFormTask is null
03-19 14:23:35.748 1549 1582 W FreeFormWindowHelper: Current Display FreeFormTask is null
03-19 14:23:35.766 1549 4216 W ActivityTaskManager: getTaskSnapshot: taskId=-29 not found
03-19 14:23:35.768 1549 4216 W ActivityTaskManager: getTaskSnapshot: taskId=-28 not found
03-19 14:23:35.770 1549 1653 D AutofillManagerService: Close system dialogs
03-19 14:23:35.772 1549 2210 W FreeFormWindowHelper: Current Display FreeFormTask is null
03-19 14:23:35.772 1549 10380 W ActivityTaskManager: getTaskSnapshot: taskId=-28 not found
03-19 14:23:35.772 1549 2210 W FreeFormWindowHelper: Current Display FreeFormTask is null
03-19 14:23:35.774 1549 10380 W FreeFormWindowHelper: Current Display FreeFormTask is null
03-19 14:23:35.775 1549 1582 W FreeFormWindowHelper: Current Display FreeFormTask is null
03-19 14:23:35.788 1549 2210 W FreeFormWindowHelper: Current Display FreeFormTask is null
03-19 14:23:35.788 1549 2210 W FreeFormWindowHelper: Current Display FreeFormTask is null
03-19 14:23:35.821 1549 1582 W ActivityTaskManager: getTaskSnapshot: taskId=-961 not found
03-19 14:23:35.822 1549 1582 W FreeFormWindowHelper: Current Display FreeFormTask is null
03-19 14:23:35.822 1549 2210 W FreeFormWindowHelper: Current Display FreeFormTask is null
03-19 14:23:35.823 1549 1582 W ActivityTaskManager: getTaskSnapshot: taskId=-961 not found
03-19 14:23:35.823 1549 10380 W ActivityTaskManager: getTaskSnapshot: taskId=-961 not found
03-19 14:23:35.838 1549 1582 W FreeFormWindowHelper: Current Display FreeFormTask is null
03-19 14:23:35.838 1549 1582 W FreeFormWindowHelper: Current Display FreeFormTask is null
03-19 14:23:35.855 1549 1582 W FreeFormWindowHelper: Current Display FreeFormTask is null
03-19 14:23:35.855 1549 1582 W FreeFormWindowHelper: Current Display FreeFormTask is null
01-01 09:11:16.867 0 0 E msm_pcm_playback_close: CMD_EOS failed, cmd_pending 0x8
03-19 14:23:36.218 1549 1582 W FreeFormWindowHelper: Current Display FreeFormTask is null
03-19 14:23:36.218 1549 1582 W FreeFormWindowHelper: Current Display FreeFormTask is null
03-19 14:23:36.223 1549 10380 W FreeFormWindowHelper: Current Display FreeFormTask is null
03-19 14:23:36.223 1549 1582 W FreeFormWindowHelper: Current Display FreeFormTask is null
03-19 14:23:36.242 1549 2210 W FreeFormWindowHelper: Current Display FreeFormTask is null
03-19 14:23:36.242 1549 2210 W FreeFormWindowHelper: Current Display FreeFormTask is null
03-19 14:23:36.243 1549 2210 W FreeFormWindowHelper: exitRecentTasks type=0
03-19 14:23:36.256 1549 1667 W UsageStatsService: Unexpected activity event reported! (com.android.launcher3/com.android.launcher3.uioverrides.QuickstepLauncher event : 23 instanceId : 50430139)
03-19 14:23:36.526 1549 10380 W FreeFormWindowHelper: Current Display FreeFormTask is null
03-19 14:23:36.530 1549 10380 W FreeFormWindowHelper: Current Display FreeFormTask is null
03-19 14:23:36.542 1549 2210 W FreeFormWindowHelper: Current Display FreeFormTask is null
03-19 14:23:36.542 1549 2210 W FreeFormWindowHelper: Current Display FreeFormTask is null
03-19 14:23:36.564 1549 4216 W FreeFormWindowHelper: Current Display FreeFormTask is null
03-19 14:23:36.564 1549 4216 W FreeFormWindowHelper: Current Display FreeFormTask is null
03-19 14:23:36.568 1549 2210 W ActivityTaskManager: getTaskSnapshot: taskId=-205 not found
03-19 14:23:36.570 1549 2210 W ActivityTaskManager: getTaskSnapshot: taskId=-205 not found
03-19 14:23:36.575 1549 1582 W FreeFormWindowHelper: Current Display FreeFormTask is null
03-19 14:23:36.575 1549 1582 W FreeFormWindowHelper: Current Display FreeFormTask is null
03-19 14:23:36.577 1549 2210 W ActivityTaskManager: getTaskSnapshot: taskId=-204 not found
03-19 14:23:36.577 1549 1582 W FreeFormWindowHelper: Current Display FreeFormTask is null
03-19 14:23:36.578 1549 1582 W FreeFormWindowHelper: Current Display FreeFormTask is null
03-19 14:23:36.578 1549 1653 D AutofillManagerService: Close system dialogs
03-19 14:23:36.590 1549 1582 W FreeFormWindowHelper: Current Display FreeFormTask is null
03-19 14:23:36.591 1549 1582 W FreeFormWindowHelper: Current Display FreeFormTask is null
03-19 14:23:36.612 1549 10380 W ActivityTaskManager: getTaskSnapshot: taskId=-158 not found
03-19 14:23:36.614 1549 10380 W ActivityTaskManager: getTaskSnapshot: taskId=-157 not found
03-19 14:23:36.615 1549 10380 W ActivityTaskManager: getTaskSnapshot: taskId=-157 not found
03-19 14:23:36.623 1549 10380 W FreeFormWindowHelper: Current Display FreeFormTask is null
03-19 14:23:36.624 1549 10380 W FreeFormWindowHelper: Current Display FreeFormTask is null
03-19 14:23:36.641 1549 10380 W FreeFormWindowHelper: Current Display FreeFormTask is null
03-19 14:23:36.641 1549 10380 W FreeFormWindowHelper: Current Display FreeFormTask is null
03-19 14:23:36.945 1549 10380 W FreeFormWindowHelper: Current Display FreeFormTask is null
03-19 14:23:36.945 1549 1582 W FreeFormWindowHelper: Current Display FreeFormTask is null
03-19 14:23:36.946 1549 1582 W FreeFormWindowHelper: Current Display FreeFormTask is null
03-19 14:23:37.272 1549 10380 I ActivityTaskManager: FOREGROUND_APPLICATION_CHANGED to com.android.launcher3.uioverrides.QuickstepLauncher
03-19 14:23:37.297 1549 2210 W FreeFormWindowHelper: Current Display FreeFormTask is null
03-19 14:23:37.298 1549 2210 W FreeFormWindowHelper: Current Display FreeFormTask is null
03-19 14:23:37.298 1549 2210 W FreeFormWindowHelper: Current Display FreeFormTask is null
01-01 09:11:18.152 0 0 E DTC_Display: screen not ready
03-19 14:23:37.324 1549 10380 W FreeFormWindowHelper: Current Display FreeFormTask is null
03-19 14:23:37.324 1549 4216 W FreeFormWindowHelper: Current Display FreeFormTask is null
03-19 14:23:37.385 1549 2210 W FreeFormWindowHelper: Current Display FreeFormTask is null
03-19 14:23:38.500 1549 10380 W FreeFormWindowHelper: Current Display FreeFormTask is null
03-19 14:23:38.501 1549 1582 W FreeFormWindowHelper: Current Display FreeFormTask is null
03-19 14:23:38.599 1549 4216 W FreeFormWindowHelper: Current Display FreeFormTask is null
03-19 14:23:38.607 1549 2210 W ActivityTaskManager: getTaskSnapshot: taskId=-136 not found
03-19 14:23:38.609 1549 1656 I ActivityManager: Killing 18059:com.android.gallery3d/u0a63 (adj 0): remove task
03-19 14:23:38.609 1549 1582 W FreeFormWindowHelper: Current Display FreeFormTask is null
03-19 14:23:38.610 1549 2210 W FreeFormWindowHelper: Current Display FreeFormTask is null
01-01 09:11:19.487 0 0 E DTC_ETH,link_delay_work_func: 3003, SQI=0, link=0
01-01 09:11:19.496 0 0 I binder : undelivered TRANSACTION_COMPLETE
01-01 09:11:19.496 0 0 I binder : undelivered transaction 1355383, process died.
03-19 14:23:38.660 1549 4829 I WindowManager: WIN DEATH: Window{9d915cd u0 com.android.gallery3d/com.android.gallery3d.app.GalleryActivity}
03-19 14:23:38.666 1549 1657 W ActivityTaskManager: Can't find TaskDisplayArea to determine support for multi window. Task id=108 attached=false
03-19 14:23:38.667 1549 1657 W ActivityTaskManager: Can't find TaskDisplayArea to determine support for multi window. Task id=108 attached=false
03-19 14:23:38.667 1549 1656 W ActivityManager: setHasOverlayUi called on unknown pid: 18059
03-19 14:23:38.668 1549 1667 W UsageStatsService: Unexpected activity event reported! (com.android.gallery3d/com.android.gallery3d.app.GalleryActivity event : 23 instanceId : 210148589)
03-19 14:23:38.673 1549 1656 D CompatibilityChangeReporter: Compat change id reported: 135634846; UID 10063; state: DISABLED
03-19 14:23:38.673 1549 1656 D CompatibilityChangeReporter: Compat change id reported: 177438394; UID 10063; state: DISABLED
03-19 14:23:38.673 1549 1656 D CompatibilityChangeReporter: Compat change id reported: 135772972; UID 10063; state: DISABLED
03-19 14:23:38.673 1549 1656 D CompatibilityChangeReporter: Compat change id reported: 135754954; UID 10063; state: DISABLED
03-19 14:23:38.674 1549 1669 D CompatibilityChangeReporter: Compat change id reported: 143937733; UID 10063; state: DISABLED
03-19 14:23:38.683 1549 1669 I ActivityManager: Start proc 20166:com.android.gallery3d/u0a63 for null
01-01 09:11:19.532 0 0 I binder : 20166:20166 ioctl 40046210 7fe518c534 returned -22
03-19 14:23:38.702 1549 12818 W FreeFormWindowHelper: Current Display FreeFormTask is null
03-19 14:23:40.154 1549 10380 I thunderperf: PlatormCompat.setOverrides: Uid1=10078 Pid1=2018 Uid2=10078 Pid2=2018
03-19 14:23:40.154 1549 10380 I thunderperf: PlatormCompat.setOverrides: needCheck:false
03-19 14:23:40.154 1549 10380 I thunderperf: CompatConfig.addOverrideUnsafe: bef-state=0
03-19 14:23:40.154 1549 10380 I thunderperf: CompatConfig.addOverrideUnsafe: aft-state=0
03-19 14:23:40.155 1549 10380 I thunderperf: CompatConfig.addOverrideUnsafe: bef-state=0
03-19 14:23:40.155 1549 10380 I thunderperf: CompatConfig.addOverrideUnsafe: aft-state=0
03-19 14:23:40.155 1549 10380 I thunderperf: CompatConfig.addOverrideUnsafe: bef-state=0
03-19 14:23:40.155 1549 10380 I thunderperf: CompatConfig.addOverrideUnsafe: aft-state=0
03-19 14:23:40.156 1549 10380 I thunderperf: CompatConfig.addOverrideUnsafe: bef-state=0
03-19 14:23:40.156 1549 10380 I thunderperf: CompatConfig.addOverrideUnsafe: aft-state=0
03-19 14:23:40.156 1549 10380 I thunderperf: CompatConfig.addOverrideUnsafe: bef-state=0
03-19 14:23:40.156 1549 10380 I thunderperf: CompatConfig.addOverrideUnsafe: aft-state=0
03-19 14:23:40.156 1549 10380 I thunderperf: CompatConfig.addOverrideUnsafe: bef-state=0
03-19 14:23:40.156 1549 10380 I thunderperf: CompatConfig.addOverrideUnsafe: aft-state=0
03-19 14:23:40.157 1549 10380 I thunderperf: CompatConfig.addOverrideUnsafe: bef-state=0
03-19 14:23:40.157 1549 10380 I thunderperf: CompatConfig.addOverrideUnsafe: aft-state=0
03-19 14:23:40.158 1549 10380 I thunderperf: CompatConfig.addOverrideUnsafe: bef-state=0
03-19 14:23:40.158 1549 10380 I thunderperf: CompatConfig.addOverrideUnsafe: aft-state=0
03-19 14:23:40.158 1549 10380 I thunderperf: CompatConfig.addOverrideUnsafe: bef-state=0
03-19 14:23:40.158 1549 10380 I thunderperf: CompatConfig.addOverrideUnsafe: aft-state=0
03-19 14:23:40.158 1549 10380 I thunderperf: CompatConfig.addOverrideUnsafe: bef-state=0
03-19 14:23:40.158 1549 10380 I thunderperf: CompatConfig.addOverrideUnsafe: aft-state=0
03-19 14:23:40.158 1549 10380 I thunderperf: CompatConfig.addOverrideUnsafe: bef-state=0
03-19 14:23:40.158 1549 10380 I thunderperf: CompatConfig.addOverrideUnsafe: aft-state=0
03-19 14:23:40.159 1549 10380 I thunderperf: CompatConfig.addOverrideUnsafe: bef-state=0
03-19 14:23:40.159 1549 10380 I thunderperf: CompatConfig.addOverrideUnsafe: aft-state=0
03-19 14:23:40.159 1549 10380 I thunderperf: CompatConfig.addOverrideUnsafe: bef-state=0
03-19 14:23:40.159 1549 10380 I thunderperf: CompatConfig.addOverrideUnsafe: aft-state=0
03-19 14:23:40.159 1549 10380 I thunderperf: CompatConfig.addOverrideUnsafe: bef-state=0
03-19 14:23:40.159 1549 10380 I thunderperf: CompatConfig.addOverrideUnsafe: aft-state=0
03-19 14:23:40.166 1549 10380 I ActivityTaskManager: START u0 {flg=0x10000000 cmp=com.android.systemui/.screenrecord.ScreenRecordDialog} from uid 10078
03-19 14:23:40.175 1549 10380 W ActivityTaskManager: Can't find TaskDisplayArea to determine support for multi window. Task id=110 attached=false
03-19 14:23:40.181 1549 4829 I ActivityTaskManager: FOREGROUND_APPLICATION_CHANGED to com.android.systemui.screenrecord.ScreenRecordDialog
03-19 14:23:40.182 1549 4829 I ActivityTaskManager: The Process com.android.systemui Already Exists in BG. So sending its PID: 2018
03-19 14:23:40.182 1549 4829 W ActivityTaskManager: Tried to set launchTime (0) < mLastActivityLaunchTime (4154577)
03-19 14:23:40.286 1549 4829 W FreeFormWindowHelper: Current Display FreeFormTask is null
03-19 14:23:40.483 1549 1793 I GameModeConfig: isGameModeOn = false
03-19 14:23:40.483 1549 1793 I GameModeConfig: isGameModeOn = false
03-19 14:23:40.483 1549 1793 I GameModeConfig: isGameModeOn = false
03-19 14:23:40.483 1549 1793 I GameModeConfig: isGameModeOn = false
03-19 14:23:40.483 1549 1793 I GameModeConfig: isGameModeOn = false
03-19 14:23:40.483 1549 1793 I GameModeConfig: isGameModeOn = false
01-01 09:11:21.323 0 0 E DTC_Display: screen not ready
03-19 14:23:40.685 1549 1549 I GameModeConfig: isGameModeOn = false
03-19 14:23:41.757 1549 1668 I DropBoxManagerService: add tag=system_server_wtf isTagEnabled=true flags=0x2
03-19 14:23:41.757 1549 1668 I DropBoxManagerService: add tag=system_server_wtf isTagEnabled=true flags=0x2
03-19 14:23:41.765 1549 2112 I ActivityTaskManager: FOREGROUND_APPLICATION_CHANGED to com.android.launcher3.uioverrides.QuickstepLauncher
03-19 14:23:41.868 1549 4829 W FreeFormWindowHelper: Current Display FreeFormTask is null
03-19 14:23:42.037 1549 1657 W ActivityTaskManager: Can't find TaskDisplayArea to determine support for multi window. Task id=110 attached=false
03-19 14:23:42.037 1549 1657 W ActivityTaskManager: Can't find TaskDisplayArea to determine support for multi window. Task id=110 attached=false
01-01 09:11:24.603 0 0 E DTC_ETH,link_delay_work_func: 3003, SQI=0, link=0
01-01 09:11:25.003 0 0 E DTC_Display: screen not ready
01-01 09:11:25.639 0 0 I msm_vidc: high: 00000002: ....d: Opening video instance: 0000000000000000, 1
01-01 09:11:25.639 0 0 I msm_vidc: err : 00000002: ....d: Failed to create debugfs for msm_vidc
01-01 09:11:25.646 0 0 I msm_vidc: high: 00000002: h264d: Closed video instance: 0000000000000000
01-01 09:11:25.653 0 0 I msm_vidc: high: 00000002: ....e: Opening video instance: 0000000000000000, 0
01-01 09:11:25.653 0 0 I msm_vidc: err : 00000002: ....e: Failed to create debugfs for msm_vidc
03-19 14:23:44.851 1549 2112 I DisplayDeviceRepository: Display device added: DisplayDeviceInfo{"Recording Display": uniqueId="virtual:com.android.systemui,10078,Recording Display,0", 2560 x 1080, modeId 10, defaultModeId 10, supportedModes [{id=10, width=2560, height=1080, fps=60.0, alternativeRefreshRates=[]}], colorMode 0, supportedColorModes [0], hdrCapabilities null, allmSupported false, gameContentTypeSupported false, density 240, 240.0 x 240.0 dpi, appVsyncOff 0, presDeadline 16666666, touch NONE, rotation 0, type VIRTUAL, deviceProductInfo null, state ON, owner com.android.systemui (uid 10078), frameRateOverride , brightnessMinimum 0.0, brightnessMaximum 0.0, brightnessDefault 0.0, FLAG_PRIVATE, FLAG_PRESENTATION}
03-19 14:23:44.853 1549 2112 I LogicalDisplayMapper: Applying layout: [{addr: {port=129, model=0x40446d97fee5e6}, dispId: 0(ON)}], Previous layout: [{addr: {port=129, model=0x40446d97fee5e6}, dispId: 0(ON)}]
03-19 14:23:44.853 1549 2112 I LogicalDisplayMapper: Adding new display: 8: DisplayInfo{"Recording Display", displayId 8", displayGroupId -1, FLAG_PRIVATE, FLAG_PRESENTATION, real 2560 x 1080, largest app 2560 x 1080, smallest app 2560 x 1080, appVsyncOff 0, presDeadline 16666666, mode 10, defaultMode 10, modes [{id=10, width=2560, height=1080, fps=60.0, alternativeRefreshRates=[]}], hdrCapabilities null, userDisabledHdrTypes [], minimalPostProcessingSupported false, rotation 0, state ON, type VIRTUAL, uniqueId "virtual:com.android.systemui,10078,Recording Display,0", app 2560 x 1080, density 240 (240.0 x 240.0) dpi, layerStack 8, colorMode 0, supportedColorModes [0], deviceProductInfo null, owner com.android.systemui (uid 10078), removeMode 1, refreshRateOverride 0.0, brightnessMinimum 0.0, brightnessMaximum 0.0, brightnessDefault 0.0}
03-19 14:23:44.853 1549 2112 I LogicalDisplayMapper: Setting new display group 0 for display 8, from previous group: null
03-19 14:23:44.855 1549 2112 W DisplayPowerController[8]: Screen brightness nits configuration is unavailable; falling back
03-19 14:23:44.866 1549 1668 I DropBoxManagerService: add tag=system_server_wtf isTagEnabled=true flags=0x2
03-19 14:23:44.867 1549 1793 I GameModeConfig: isGameModeOn = false
03-19 14:23:44.867 1549 1793 I GameModeConfig: isGameModeOn = false
03-19 14:23:44.867 1549 1793 I GameModeConfig: isGameModeOn = false
03-19 14:23:44.867 1549 1793 I GameModeConfig: isGameModeOn = false
03-19 14:23:44.867 1549 1793 I GameModeConfig: isGameModeOn = false
03-19 14:23:44.867 1549 1793 I GameModeConfig: isGameModeOn = false
03-19 14:23:44.868 1549 1668 I DropBoxManagerService: add tag=system_server_wtf isTagEnabled=true flags=0x2
03-19 14:23:44.871 1549 1654 W DisplayManagerService: Display DisplayDeviceInfo{"Recording Display": uniqueId="virtual:com.android.systemui,10078,Recording Display,0", 2560 x 1080, modeId 10, defaultModeId 10, supportedModes [{id=10, width=2560, height=1080, fps=60.0, alternativeRefreshRates=[]}], colorMode 0, supportedColorModes [0], hdrCapabilities null, allmSupported false, gameContentTypeSupported false, density 240, 240.0 x 240.0 dpi, appVsyncOff 0, presDeadline 16666666, touch NONE, rotation 0, type VIRTUAL, deviceProductInfo null, state ON, owner com.android.systemui (uid 10078), frameRateOverride , brightnessMinimum 0.0, brightnessMaximum 0.0, brightnessDefault 0.0, FLAG_PRIVATE, FLAG_PRESENTATION} does not support input device matching.
03-19 14:23:44.872 1549 1654 W DisplayManagerService: Display DisplayDeviceInfo{"Recording Display": uniqueId="virtual:com.android.systemui,10078,Recording Display,0", 2560 x 1080, modeId 10, defaultModeId 10, supportedModes [{id=10, width=2560, height=1080, fps=60.0, alternativeRefreshRates=[]}], colorMode 0, supportedColorModes [0], hdrCapabilities null, allmSupported false, gameContentTypeSupported false, density 240, 240.0 x 240.0 dpi, appVsyncOff 0, presDeadline 16666666, touch NONE, rotation 0, type VIRTUAL, deviceProductInfo null, state ON, owner com.android.systemui (uid 10078), frameRateOverride , brightnessMinimum 0.0, brightnessMaximum 0.0, brightnessDefault 0.0, FLAG_PRIVATE, FLAG_PRESENTATION} does not support input device matching.
03-19 14:23:44.881 1549 1654 I WindowManager: Override config changes=20005df8 {0.0 ?mcc?mnc ?localeList ?layoutDir sw720dp w1706dp h720dp 240dpi xlrg long land ?uimode ?night -touch -keyb/v/h -nav/h winConfig={ mBounds=Rect(0, 0 - 2560, 1080) mAppBounds=Rect(0, 0 - 2560, 1080) mMaxBounds=Rect(0, 0 - 2560, 1080) mWindowingMode=fullscreen mDisplayWindowingMode=fullscreen mActivityType=undefined mAlwaysOnTop=undefined mRotation=ROTATION_0} ?fontWeightAdjustment} for displayId=8
03-19 14:23:44.882 1549 1654 W DisplayManagerService: Display DisplayDeviceInfo{"virtual_display_ls": uniqueId="virtual:com.tencent.android.qqdownloader,10094,virtual_display_ls,0", 5 x 5, modeId 8, defaultModeId 8, supportedModes [{id=8, width=5, height=5, fps=60.0, alternativeRefreshRates=[]}], colorMode 0, supportedColorModes [0], hdrCapabilities null, allmSupported false, gameContentTypeSupported false, density 240, 240.0 x 240.0 dpi, appVsyncOff 0, presDeadline 16666666, touch NONE, rotation 0, type VIRTUAL, deviceProductInfo null, state OFF, owner com.tencent.android.qqdownloader (uid 10094), frameRateOverride , brightnessMinimum 0.0, brightnessMaximum 0.0, brightnessDefault 0.0, FLAG_PRIVATE, FLAG_NEVER_BLANK, FLAG_OWN_CONTENT_ONLY} does not support input device matching.
03-19 14:23:44.882 1549 1654 W DisplayManagerService: Display DisplayDeviceInfo{"Recording Display": uniqueId="virtual:com.android.systemui,10078,Recording Display,0", 2560 x 1080, modeId 10, defaultModeId 10, supportedModes [{id=10, width=2560, height=1080, fps=60.0, alternativeRefreshRates=[]}], colorMode 0, supportedColorModes [0], hdrCapabilities null, allmSupported false, gameContentTypeSupported false, density 240, 240.0 x 240.0 dpi, appVsyncOff 0, presDeadline 16666666, touch NONE, rotation 0, type VIRTUAL, deviceProductInfo null, state ON, owner com.android.systemui (uid 10078), frameRateOverride , brightnessMinimum 0.0, brightnessMaximum 0.0, brightnessDefault 0.0, FLAG_PRIVATE, FLAG_PRESENTATION} does not support input device matching.
03-19 14:23:44.884 1549 1654 I WindowManager: Screen frozen for +11ms due to new-config
03-19 14:23:44.888 1549 1684 V DisplayPowerController[8]: Brightness [0.0] reason changing to: 'manual', previous reason: '0'.
03-19 14:23:44.892 1549 1657 W DisplayManagerService: Display DisplayDeviceInfo{"virtual_display_ls": uniqueId="virtual:com.tencent.android.qqdownloader,10094,virtual_display_ls,0", 5 x 5, modeId 8, defaultModeId 8, supportedModes [{id=8, width=5, height=5, fps=60.0, alternativeRefreshRates=[]}], colorMode 0, supportedColorModes [0], hdrCapabilities null, allmSupported false, gameContentTypeSupported false, density 240, 240.0 x 240.0 dpi, appVsyncOff 0, presDeadline 16666666, touch NONE, rotation 0, type VIRTUAL, deviceProductInfo null, state OFF, owner com.tencent.android.qqdownloader (uid 10094), frameRateOverride , brightnessMinimum 0.0, brightnessMaximum 0.0, brightnessDefault 0.0, FLAG_PRIVATE, FLAG_NEVER_BLANK, FLAG_OWN_CONTENT_ONLY} does not support input device matching.
03-19 14:23:44.892 1549 1657 W DisplayManagerService: Display DisplayDeviceInfo{"Recording Display": uniqueId="virtual:com.android.systemui,10078,Recording Display,0", 2560 x 1080, modeId 10, defaultModeId 10, supportedModes [{id=10, width=2560, height=1080, fps=60.0, alternativeRefreshRates=[]}], colorMode 0, supportedColorModes [0], hdrCapabilities null, allmSupported false, gameContentTypeSupported false, density 240, 240.0 x 240.0 dpi, appVsyncOff 0, presDeadline 16666666, touch NONE, rotation 0, type VIRTUAL, deviceProductInfo null, state ON, owner com.android.systemui (uid 10078), frameRateOverride , brightnessMinimum 0.0, brightnessMaximum 0.0, brightnessDefault 0.0, FLAG_PRIVATE, FLAG_PRESENTATION} does not support input device matching.
03-19 14:23:44.915 2018 2018 W DisplayController: Skipping Display Configuration change on non-added display.
03-19 14:23:44.924 1549 12817 W AppOps : Noting op not finished: uid 10078 pkg com.android.systemui code 24 startTime of in progress event=1679202751183
03-19 14:23:45.072 1549 1549 I GameModeConfig: isGameModeOn = false
01-01 09:11:27.107 0 0 E msm_pcm_playback_close: CMD_EOS failed, cmd_pending 0x8
01-01 09:11:28.167 0 0 E DTC_Display: screen not ready
01-01 09:11:29.723 0 0 E DTC_ETH,link_delay_work_func: 3003, SQI=0, link=0
01-01 09:11:31.435 0 0 E DTC_Display: screen not ready
03-19 14:23:50.715 1549 1793 I GameModeConfig: isGameModeOn = false
01-01 09:11:31.614 0 0 I msm_vidc: high: 00000002: h264e: Closed video instance: 0000000000000000
03-19 14:23:50.795 1549 12817 I DisplayDeviceRepository: Display device removed: DisplayDeviceInfo{"Recording Display": uniqueId="virtual:com.android.systemui,10078,Recording Display,0", 2560 x 1080, modeId 10, defaultModeId 10, supportedModes [{id=10, width=2560, height=1080, fps=60.0, alternativeRefreshRates=[]}], colorMode 0, supportedColorModes [0], hdrCapabilities null, allmSupported false, gameContentTypeSupported false, density 240, 240.0 x 240.0 dpi, appVsyncOff 0, presDeadline 16666666, touch NONE, rotation 0, type VIRTUAL, deviceProductInfo null, state ON, owner com.android.systemui (uid 10078), frameRateOverride , brightnessMinimum 0.0, brightnessMaximum 0.0, brightnessDefault 0.0, FLAG_PRIVATE, FLAG_PRESENTATION}
03-19 14:23:50.797 1549 12817 I LogicalDisplayMapper: Removing display: 8
03-19 14:23:50.801 1549 1654 W DisplayManagerService: Display DisplayDeviceInfo{"virtual_display_ls": uniqueId="virtual:com.tencent.android.qqdownloader,10094,virtual_display_ls,0", 5 x 5, modeId 8, defaultModeId 8, supportedModes [{id=8, width=5, height=5, fps=60.0, alternativeRefreshRates=[]}], colorMode 0, supportedColorModes [0], hdrCapabilities null, allmSupported false, gameContentTypeSupported false, density 240, 240.0 x 240.0 dpi, appVsyncOff 0, presDeadline 16666666, touch NONE, rotation 0, type VIRTUAL, deviceProductInfo null, state OFF, owner com.tencent.android.qqdownloader (uid 10094), frameRateOverride , brightnessMinimum 0.0, brightnessMaximum 0.0, brightnessDefault 0.0, FLAG_PRIVATE, FLAG_NEVER_BLANK, FLAG_OWN_CONTENT_ONLY} does not support input device matching.
03-19 14:23:50.808 1549 1668 I DropBoxManagerService: add tag=system_server_wtf isTagEnabled=true flags=0x2
03-19 14:23:50.833 1549 10380 W WindowManager: Failed looking up window session=Session{15a0080 2018:u0a10078} callers=com.android.server.wm.WindowManagerService.windowForClientLocked:5628 com.android.server.wm.WindowManagerService.removeWindow:2033 com.android.server.wm.Session.remove:218
01-01 09:11:31.718 0 0 I msm_vidc: high: 00000002: ....d: Opening video instance: 0000000000000000, 1
01-01 09:11:31.718 0 0 I msm_vidc: err : 00000002: ....d: Failed to create debugfs for msm_vidc
03-19 14:23:51.007 1549 1549 I GameModeConfig: isGameModeOn = false
01-01 09:11:31.845 0 0 I msm_vidc: high: 00000002: h264d: Closed video instance: 0000000000000000
03-19 14:23:51.283 1549 1549 I GameModeConfig: isGameModeOn = false
03-19 14:23:53.435 1549 12817 W NotificationService: Toast already killed. pkg=com.android.systemui token=android.os.BinderProxy@36c69ba
01-01 09:11:34.599 0 0 E DTC_Display: screen not ready
01-01 09:11:34.845 0 0 E DTC_ETH,link_delay_work_func: 3003, SQI=0, link=0
03-19 14:23:54.881 1549 1793 I GameModeConfig: isGameModeOn = false
03-19 14:23:55.550 1549 13201 D CompatibilityChangeReporter: Compat change id reported: 149924527; UID 10063; state: ENABLED
03-19 14:23:55.550 1549 13201 D CompatibilityChangeReporter: Compat change id reported: 132649864; UID 10063; state: DISABLED
03-19 14:23:55.556 1549 13201 I ActivityTaskManager: START u0 {act=android.intent.action.VIEW dat=content://media/external_primary/video/media/384 typ=video/mp4 flg=0x10000001 cmp=com.android.gallery3d/.app.MovieActivity} from uid 10078
03-19 14:23:55.560 1549 13201 W ActivityTaskManager: Can't find TaskDisplayArea to determine support for multi window. Task id=111 attached=false
03-19 14:23:55.562 1549 13201 D CompatibilityChangeReporter: Compat change id reported: 174042980; UID 10063; state: DISABLED
03-19 14:23:55.563 1549 13201 D CompatibilityChangeReporter: Compat change id reported: 184838306; UID 10063; state: DISABLED
03-19 14:23:55.563 1549 13201 D CompatibilityChangeReporter: Compat change id reported: 185004937; UID 10063; state: DISABLED
03-19 14:23:55.563 1549 13201 D CompatibilityChangeReporter: Compat change id reported: 181136395; UID 10063; state: DISABLED
03-19 14:23:55.563 1549 13201 D CompatibilityChangeReporter: Compat change id reported: 174042936; UID 10063; state: DISABLED
03-19 14:23:55.565 1549 13201 D CompatibilityChangeReporter: Compat change id reported: 168419799; UID 10063; state: DISABLED
03-19 14:23:55.565 1549 13201 V SplashScreenExceptionList: SplashScreen checking exception for package com.android.gallery3d (target sdk:29) -> false
03-19 14:23:55.568 1549 12817 I ActivityTaskManager: FOREGROUND_APPLICATION_CHANGED to com.android.gallery3d.app.MovieActivity
03-19 14:23:55.568 1549 12817 I ActivityTaskManager: The Process com.android.gallery3d Already Exists in BG. So sending its PID: 20166
03-19 14:23:55.572 2018 2149 D PhoneStartingWindowTypeAlgorithm: preferredStartingWindowType newTask:true taskSwitch:true processRunning:true allowTaskSnapshot:true activityCreated:false useEmptySplashScreen:true legacySplashScreen:false topIsHome:false
03-19 14:23:55.572 2018 2149 D StartingSurfaceDrawer: addSplashScreen com.android.gallery3d theme=7f120034 task=111 suggestType=3
03-19 14:23:55.573 2018 2150 D StartingSurfaceDrawer: window attributes color: 0 icon null duration 0 brandImage null
03-19 14:23:55.574 2018 2150 D StartingSurfaceDrawer: fillViewWithIcon surfaceWindowView android.window.SplashScreenView{539ca84 V.E...... ......ID 0,0-0,0}
03-19 14:23:55.595 1549 12818 D CompatibilityChangeReporter: Compat change id reported: 182734110; UID 10063; state: DISABLED
03-19 14:23:55.604 1549 10380 W WindowManager: Failed looking up window session=Session{ba09c09 20166:u0a10063} callers=com.android.server.wm.WindowManagerService.windowForClientLocked:5628 com.android.server.wm.Session.insetsModified:629 android.view.IWindowSession$Stub.onTransact:1151
01-01 09:11:36.472 0 0 I binder : 20166:20260 ioctl 40046210 71a9c151f4 returned -22
01-01 09:11:36.507 0 0 I msm_vidc: high: 00000002: ....d: Opening video instance: 0000000000000000, 1
01-01 09:11:36.507 0 0 I msm_vidc: err : 00000002: ....d: Failed to create debugfs for msm_vidc
03-19 14:23:55.671 1549 4829 W FreeFormWindowHelper: Current Display FreeFormTask is null
03-19 14:23:55.674 2018 2149 D StartingSurfaceDrawer: Task start finish, remove starting surface for task 111
03-19 14:23:55.674 2018 2149 V StartingSurfaceDrawer: Removing splash screen window for task: 111
03-19 14:23:55.674 1549 12818 W ActivityTaskManager: Request to remove task ignored for non-existent task 110
03-19 14:23:56.125 1549 1793 I GameModeConfig: isGameModeOn = false
03-19 14:23:56.125 1549 1793 I GameModeConfig: isGameModeOn = false
03-19 14:23:56.125 1549 1793 I GameModeConfig: isGameModeOn = false
03-19 14:23:56.125 1549 1793 I GameModeConfig: isGameModeOn = false
03-19 14:23:56.125 1549 1793 I GameModeConfig: isGameModeOn = false
03-19 14:23:56.125 1549 1793 I GameModeConfig: isGameModeOn = false
03-19 14:23:56.148 1549 12818 W FreeFormWindowHelper: exitRecentTasks type=0
03-19 14:23:56.326 1549 1549 I GameModeConfig: isGameModeOn = false
01-01 09:11:37.347 0 0 E msm_pcm_playback_close: CMD_EOS failed, cmd_pending 0x8
01-01 09:11:38.191 0 0 E DTC_Display: screen not ready
03-19 14:23:57.549 1549 13201 W FreeFormWindowHelper: Current Display FreeFormTask is null
03-19 14:23:57.549 1549 13201 W FreeFormWindowHelper: Current Display FreeFormTask is null
03-19 14:23:57.550 1549 13201 W FreeFormWindowHelper: Current Display FreeFormTask is null
03-19 14:23:57.551 1549 13201 W FreeFormWindowHelper: Current Display FreeFormTask is null
03-19 14:23:57.555 1549 13201 W FreeFormWindowHelper: Current Display FreeFormTask is null
03-19 14:23:57.555 1549 13201 W FreeFormWindowHelper: Current Display FreeFormTask is null
03-19 14:23:57.556 1549 13201 W FreeFormWindowHelper: Current Display FreeFormTask is null
03-19 14:23:57.564 1549 12818 W ActivityTaskManager: getTaskSnapshot: taskId=-185 not found
03-19 14:23:57.565 1549 12818 W ActivityTaskManager: getTaskSnapshot: taskId=-185 not found
03-19 14:23:57.565 1549 12818 W ActivityTaskManager: getTaskSnapshot: taskId=-185 not found
03-19 14:23:57.582 1549 12818 W FreeFormWindowHelper: Current Display FreeFormTask is null
03-19 14:23:57.582 1549 12818 W FreeFormWindowHelper: Current Display FreeFormTask is null
03-19 14:23:57.591 1549 12818 W FreeFormWindowHelper: Current Display FreeFormTask is null
03-19 14:23:57.591 1549 12818 W FreeFormWindowHelper: Current Display FreeFormTask is null
03-19 14:23:57.614 1549 1653 D AutofillManagerService: Close system dialogs
03-19 14:23:57.615 1549 1582 W FreeFormWindowHelper: Current Display FreeFormTask is null
03-19 14:23:57.616 1549 12818 W FreeFormWindowHelper: Current Display FreeFormTask is null
03-19 14:23:57.617 1549 13201 W ActivityTaskManager: getTaskSnapshot: taskId=-120 not found
03-19 14:23:57.620 1549 13201 W ActivityTaskManager: getTaskSnapshot: taskId=-120 not found
