03-19 14:29:46.741 1549 1657 I input_focus: [Focus request fc1131e com.android.launcher3/com.android.launcher3.uioverrides.QuickstepLauncher,reason=UpdateInputWindows]
03-19 14:29:46.743 1549 1656 I sysui_multi_action: [757,803,799,window_time_0,802,0]
03-19 14:29:46.748 1549 1741 I input_focus: [Focus leaving recents_animation_input_consumer (server),reason=NOT_VISIBLE]
03-19 14:29:46.749 20667 20667 I wm_on_paused_called: [100777084,com.android.gallery3d.app.GalleryActivity,performPause]
03-19 14:29:46.753 20667 20667 I wm_on_stop_called: [100777084,com.android.gallery3d.app.GalleryActivity,STOP_ACTIVITY_ITEM]
03-19 14:29:46.764 1549 4216 W FreeFormWindowHelper: Current Display FreeFormTask is null
03-19 14:29:46.764 1549 4216 W FreeFormWindowHelper: Current Display FreeFormTask is null
03-19 14:29:46.764 1549 1741 I input_focus: [Focus entering fc1131e com.android.launcher3/com.android.launcher3.uioverrides.QuickstepLauncher (server),reason=setFocusedWindow]
03-19 14:29:46.767 2634 2634 I wm_on_top_resumed_gained_called: [249239324,com.android.launcher3.uioverrides.QuickstepLauncher,topStateChangedWhenResumed]
03-19 14:29:46.835 1549 4216 W FreeFormWindowHelper: Current Display FreeFormTask is null
03-19 14:29:46.964 1549 1725 I commit_sys_config_file: [settings-1-0,4]
03-19 14:29:47.215 1549 1741 I input_interaction: Interaction with: fc1131e com.android.launcher3/com.android.launcher3.uioverrides.QuickstepLauncher (server), 4353511 com.android.systemui.ImageWallpaper (server), swipe-up (server), edge-swipe (server), PointerEventDispatcher0 (server),
01-01 09:17:28.123 0 0 E DTC_ETH,link_delay_work_func: 3003, SQI=0, link=0
03-19 14:29:47.305 1549 8362 I wm_task_moved: [1,1,11]
03-19 14:29:47.306 1549 8362 I wm_set_resumed_activity: [0,com.android.launcher3/.uioverrides.QuickstepLauncher,positionChildAt]
03-19 14:29:47.306 1549 8362 I wm_task_moved: [115,1,11]
03-19 14:29:47.306 1549 8362 I wm_focused_root_task: [0,0,115,1,moveTaskToFront findTaskToMoveToFront]
03-19 14:29:47.307 1549 8362 I wm_set_resumed_activity: [0,com.android.gallery3d/.app.GalleryActivity,moveTaskToFront findTaskToMoveToFront]
03-19 14:29:47.308 1549 8362 I wm_pause_activity: [0,249239324,com.android.launcher3/.uioverrides.QuickstepLauncher,userLeaving=true,pauseBackTasks]
03-19 14:29:47.311 2018 2149 D PhoneStartingWindowTypeAlgorithm: preferredStartingWindowType newTask:false taskSwitch:true processRunning:true allowTaskSnapshot:true activityCreated:true useEmptySplashScreen:false legacySplashScreen:false topIsHome:false
03-19 14:29:47.311 2018 2149 D PhoneStartingWindowTypeAlgorithm: isSnapshotCompatible rotation 0 snapshot 0
03-19 14:29:47.313 2634 2634 I wm_on_top_resumed_lost_called: [249239324,com.android.launcher3.uioverrides.QuickstepLauncher,topStateChangedWhenResumed]
03-19 14:29:47.315 2634 2634 I wm_on_paused_called: [249239324,com.android.launcher3.uioverrides.QuickstepLauncher,performPause]
03-19 14:29:47.316 1549 2214 I ActivityTaskManager: FOREGROUND_APPLICATION_CHANGED to com.android.gallery3d.app.GalleryActivity
03-19 14:29:47.317 1549 2214 I wm_set_resumed_activity: [0,com.android.gallery3d/.app.GalleryActivity,resumeTopActivityInnerLocked]
03-19 14:29:47.318 1549 2214 I wm_add_to_stopping: [0,249239324,com.android.launcher3/.uioverrides.QuickstepLauncher,makeInvisible]
03-19 14:29:47.319 1549 2214 I wm_resume_activity: [0,100777084,115,com.android.gallery3d/.app.GalleryActivity]
03-19 14:29:47.335 1549 1741 I input_focus: [Focus leaving fc1131e com.android.launcher3/com.android.launcher3.uioverrides.QuickstepLauncher (server),reason=NO_WINDOW]
03-19 14:29:47.343 1549 1656 I sysui_multi_action: [757,803,799,window_time_0,802,0]
03-19 14:29:47.344 20667 20667 I wm_on_restart_called: [100777084,com.android.gallery3d.app.GalleryActivity,performRestartActivity]
03-19 14:29:47.345 20667 20667 I wm_on_start_called: [100777084,com.android.gallery3d.app.GalleryActivity,handleStartActivity]
03-19 14:29:47.347 20667 20667 I wm_on_resume_called: [100777084,com.android.gallery3d.app.GalleryActivity,RESUME_ACTIVITY]
03-19 14:29:47.347 20667 20667 I wm_on_top_resumed_gained_called: [100777084,com.android.gallery3d.app.GalleryActivity,topWhenResuming]
03-19 14:29:47.357 1549 1657 I input_focus: [Focus request 2551762 com.android.gallery3d/com.android.gallery3d.app.GalleryActivity,reason=UpdateInputWindows]
03-19 14:29:47.371 2018 2149 D StartingSurfaceDrawer: Task start finish, remove starting surface for task 115
03-19 14:29:47.377 1549 1653 I sysui_multi_action: [319,33,321,30,322,64,325,4645,757,761,758,9,759,4,806,com.android.gallery3d,871,com.android.gallery3d.app.GalleryActivity,904,com.android.launcher3,905,0,1320,4,1321,1]
03-19 14:29:47.384 1549 1741 I input_focus: [Focus entering 2551762 com.android.gallery3d/com.android.gallery3d.app.GalleryActivity (server),reason=setFocusedWindow]
03-19 14:29:47.421 1549 8362 W FreeFormWindowHelper: Current Display FreeFormTask is null
03-19 14:29:47.685 1549 1656 I wm_stop_activity: [0,249239324,com.android.launcher3/.uioverrides.QuickstepLauncher]
03-19 14:29:47.701 1549 4916 W FreeFormWindowHelper: exitRecentTasks type=0
03-19 14:29:47.713 2634 2634 I wm_on_stop_called: [249239324,com.android.launcher3.uioverrides.QuickstepLauncher,STOP_ACTIVITY_ITEM]
03-19 14:29:48.051 1549 1741 I input_interaction: Interaction with: 2551762 com.android.gallery3d/com.android.gallery3d.app.GalleryActivity (server), swipe-up (server), edge-swipe (server), PointerEventDispatcher0 (server),
03-19 14:29:48.067 1549 4916 I wm_task_moved: [1,0,0]
03-19 14:29:48.067 1549 2215 W FreeFormWindowHelper: Current Display FreeFormTask is null
03-19 14:29:48.067 1549 4916 I wm_task_moved: [1,0,10]
03-19 14:29:48.068 1549 2215 W FreeFormWindowHelper: Current Display FreeFormTask is null
03-19 14:29:48.071 20667 20667 I view_enqueue_input_event: [Motion - Cancel,com.android.gallery3d/com.android.gallery3d.app.GalleryActivity]
03-19 14:29:48.078 1549 1653 D AutofillManagerService: Close system dialogs
03-19 14:29:48.080 1549 1657 I input_focus: [Focus request recents_animation_input_consumer,reason=UpdateInputWindows]
03-19 14:29:48.080 1549 1741 I input_interaction: Interaction with: swipe-up (server), edge-swipe (server), PointerEventDispatcher0 (server),
03-19 14:29:48.081 2634 2634 I wm_on_restart_called: [249239324,com.android.launcher3.uioverrides.QuickstepLauncher,performRestartActivity]
03-19 14:29:48.082 1549 1582 W FreeFormWindowHelper: Current Display FreeFormTask is null
03-19 14:29:48.082 1549 2215 W FreeFormWindowHelper: Current Display FreeFormTask is null
03-19 14:29:48.082 1549 1582 W FreeFormWindowHelper: Current Display FreeFormTask is null
03-19 14:29:48.095 2634 2634 I wm_on_start_called: [249239324,com.android.launcher3.uioverrides.QuickstepLauncher,handleStartActivity]
03-19 14:29:48.096 1549 1582 W FreeFormWindowHelper: Current Display FreeFormTask is null
03-19 14:29:48.097 1549 1582 W FreeFormWindowHelper: Current Display FreeFormTask is null
03-19 14:29:48.098 1549 1582 W ActivityTaskManager: getTaskSnapshot: taskId=-639 not found
03-19 14:29:48.101 1549 1741 I input_focus: [Focus leaving 2551762 com.android.gallery3d/com.android.gallery3d.app.GalleryActivity (server),reason=NOT_FOCUSABLE]
03-19 14:29:48.101 1549 1741 I input_focus: [Focus entering recents_animation_input_consumer (server),reason=setFocusedWindow]
03-19 14:29:48.103 1549 2215 W ActivityTaskManager: getTaskSnapshot: taskId=-639 not found
03-19 14:29:48.104 1549 2215 W ActivityTaskManager: getTaskSnapshot: taskId=-639 not found
03-19 14:29:48.106 1549 8362 W FreeFormWindowHelper: Current Display FreeFormTask is null
03-19 14:29:48.106 1549 8362 W FreeFormWindowHelper: Current Display FreeFormTask is null
03-19 14:29:48.107 2634 2634 I sysui_latency: [1,58]
03-19 14:29:48.118 1549 1582 W FreeFormWindowHelper: Current Display FreeFormTask is null
03-19 14:29:48.118 1549 1582 W FreeFormWindowHelper: Current Display FreeFormTask is null
03-19 14:29:48.122 1549 1653 I sysui_multi_action: [319,6,322,48,325,4646,757,761,758,9,759,5,806,com.android.launcher3,871,com.android.launcher3.uioverrides.QuickstepLauncher,905,0,1320,4,1321,1]
03-19 14:29:48.133 1549 2215 W FreeFormWindowHelper: Current Display FreeFormTask is null
03-19 14:29:48.133 1549 2215 W FreeFormWindowHelper: Current Display FreeFormTask is null
03-19 14:29:48.297 1549 1725 I commit_sys_config_file: [settings-1-0,4]
03-19 14:29:48.418 1549 1667 I sysui_latency: [8,61]
01-01 09:17:30.539 0 0 E DTC_Display: screen not ready
03-19 14:29:49.772 1549 1582 W FreeFormWindowHelper: Current Display FreeFormTask is null
03-19 14:29:49.772 1549 1582 W FreeFormWindowHelper: Current Display FreeFormTask is null
03-19 14:29:49.773 1549 1582 W FreeFormWindowHelper: Current Display FreeFormTask is null
03-19 14:29:50.077 1549 1582 I wm_task_moved: [1,1,11]
03-19 14:29:50.079 1549 1582 I wm_focused_root_task: [0,0,1,115,RecentsAnimation.onAnimationFinished()]
03-19 14:29:50.079 20667 20667 I wm_on_top_resumed_lost_called: [100777084,com.android.gallery3d.app.GalleryActivity,topStateChangedWhenResumed]
03-19 14:29:50.081 1549 1582 I wm_pause_activity: [0,100777084,com.android.gallery3d/.app.GalleryActivity,userLeaving=false,pauseBackTasks]
03-19 14:29:50.083 1549 1582 I ActivityTaskManager: FOREGROUND_APPLICATION_CHANGED to com.android.launcher3.uioverrides.QuickstepLauncher
03-19 14:29:50.083 1549 1582 I wm_set_resumed_activity: [0,com.android.launcher3/.uioverrides.QuickstepLauncher,resumeTopActivityInnerLocked]
03-19 14:29:50.084 1549 1582 I wm_resume_activity: [0,249239324,37,com.android.launcher3/.uioverrides.QuickstepLauncher]
03-19 14:29:50.085 1549 1582 I wm_add_to_stopping: [0,100777084,com.android.gallery3d/.app.GalleryActivity,makeInvisible]
03-19 14:29:50.085 2634 2634 I wm_on_resume_called: [249239324,com.android.launcher3.uioverrides.QuickstepLauncher,RESUME_ACTIVITY]
03-19 14:29:50.091 1549 1657 I input_focus: [Focus request fc1131e com.android.launcher3/com.android.launcher3.uioverrides.QuickstepLauncher,reason=UpdateInputWindows]
03-19 14:29:50.096 1549 2215 I wm_stop_activity: [0,100777084,com.android.gallery3d/.app.GalleryActivity]
03-19 14:29:50.097 1549 1656 I sysui_multi_action: [757,803,799,window_time_0,802,3]
03-19 14:29:50.102 1549 1656 I sysui_multi_action: [757,803,799,window_time_0,802,0]
03-19 14:29:50.104 1549 2215 W FreeFormWindowHelper: Current Display FreeFormTask is null
03-19 14:29:50.104 20667 20667 I wm_on_paused_called: [100777084,com.android.gallery3d.app.GalleryActivity,performPause]
03-19 14:29:50.104 1549 2215 W FreeFormWindowHelper: Current Display FreeFormTask is null
03-19 14:29:50.105 1549 1656 I ActivityManager: PendingStartActivityUids startActivity to updateOomAdj delay:2035ms, uid:10071
03-19 14:29:50.105 1549 2215 W FreeFormWindowHelper: Current Display FreeFormTask is null
03-19 14:29:50.108 1549 1741 I input_focus: [Focus leaving recents_animation_input_consumer (server),reason=NOT_VISIBLE]
03-19 14:29:50.108 1549 1741 I input_focus: [Focus entering fc1131e com.android.launcher3/com.android.launcher3.uioverrides.QuickstepLauncher (server),reason=setFocusedWindow]
03-19 14:29:50.112 20667 20667 I wm_on_stop_called: [100777084,com.android.gallery3d.app.GalleryActivity,STOP_ACTIVITY_ITEM]
03-19 14:29:50.126 1549 2215 W FreeFormWindowHelper: Current Display FreeFormTask is null
03-19 14:29:50.126 1549 2215 W FreeFormWindowHelper: Current Display FreeFormTask is null
03-19 14:29:50.128 2634 2634 I wm_on_top_resumed_gained_called: [249239324,com.android.launcher3.uioverrides.QuickstepLauncher,topStateChangedWhenResumed]
03-19 14:29:50.193 1549 2215 W FreeFormWindowHelper: Current Display FreeFormTask is null
03-19 14:29:50.329 1549 1725 I commit_sys_config_file: [settings-1-0,7]
03-19 14:29:50.619 1549 1741 I input_interaction: Interaction with: fc1131e com.android.launcher3/com.android.launcher3.uioverrides.QuickstepLauncher (server), 4353511 com.android.systemui.ImageWallpaper (server), swipe-up (server), edge-swipe (server), PointerEventDispatcher0 (server),
03-19 14:29:51.246 1549 1582 W FreeFormWindowHelper: Current Display FreeFormTask is null
03-19 14:29:51.247 1549 4916 W FreeFormWindowHelper: Current Display FreeFormTask is null
03-19 14:29:51.339 1549 1582 I wm_finish_activity: [0,132516059,106,com.android.settings/.homepage.SettingsHomepageActivity,remove-task]
03-19 14:29:51.340 1549 1582 I wm_destroy_activity: [0,132516059,106,com.android.settings/.homepage.SettingsHomepageActivity,finish-imm:finishIfPossible]
03-19 14:29:51.343 1549 1656 I ActivityManager: Killing 18078:com.android.settings/1000 (adj 900): remove task
03-19 14:29:51.343 1549 1656 I am_kill : [0,18078,com.android.settings,900,remove task]
03-19 14:29:51.345 1549 1582 W FreeFormWindowHelper: Current Display FreeFormTask is null
03-19 14:29:51.345 1549 1656 I sysui_multi_action: [757,803,799,window_time_0,802,1]
03-19 14:29:51.349 1549 2215 W ActivityTaskManager: getTaskSnapshot: taskId=-391 not found
03-19 14:29:51.355 1549 2215 W FreeFormWindowHelper: Current Display FreeFormTask is null
03-19 14:29:51.355 1549 2215 W FreeFormWindowHelper: Current Display FreeFormTask is null
03-19 14:29:51.371 1549 2215 W FreeFormWindowHelper: Current Display FreeFormTask is null
03-19 14:29:51.371 1549 2215 W FreeFormWindowHelper: Current Display FreeFormTask is null
03-19 14:29:51.414 1549 13201 I WindowManager: WIN DEATH: Window{2d06aec u0 com.android.settings/com.android.settings.homepage.SettingsHomepageActivity}
03-19 14:29:51.415 1549 2214 I am_proc_died: [0,18078,com.android.settings,900,19]
03-19 14:29:51.418 1549 2214 I wm_task_removed: [106,removeChild:removeChild last r=ActivityRecord{7e608db u0 com.android.settings/.homepage.SettingsHomepageActivity t-1 f}} in t=Task{9619042 #106 type=standard A=1000:com.android.settings.root U=0 visible=false mode=fullscreen translucent=true sz=0}]
03-19 14:29:51.418 1549 2214 I wm_task_removed: [106,removeChild]
03-19 14:29:51.419 1549 1656 W ActivityManager: setHasOverlayUi called on unknown pid: 18078
03-19 14:29:51.420 1549 1667 W UsageStatsService: Unexpected activity event reported! (com.android.settings/com.android.settings.homepage.SettingsHomepageActivity event : 23 instanceId : 132036236)
03-19 14:29:51.420 1549 1657 W ActivityTaskManager: Can't find TaskDisplayArea to determine support for multi window. Task id=106 attached=false
03-19 14:29:51.420 1549 1657 W ActivityTaskManager: Can't find TaskDisplayArea to determine support for multi window. Task id=106 attached=false
03-19 14:29:51.423 1549 1656 D CompatibilityChangeReporter: Compat change id reported: 135634846; UID 1000; state: DISABLED
03-19 14:29:51.423 1549 1656 D CompatibilityChangeReporter: Compat change id reported: 177438394; UID 1000; state: DISABLED
03-19 14:29:51.423 1549 1656 D CompatibilityChangeReporter: Compat change id reported: 135772972; UID 1000; state: DISABLED
03-19 14:29:51.423 1549 1656 D CompatibilityChangeReporter: Compat change id reported: 135754954; UID 1000; state: ENABLED
03-19 14:29:51.431 1549 1669 I am_proc_start: [0,21017,1000,com.android.settings,NULL,]
03-19 14:29:51.431 1549 1669 I ActivityManager: Start proc 21017:com.android.settings/1000 for null
03-19 14:29:51.443 1549 13201 W FreeFormWindowHelper: Current Display FreeFormTask is null
01-01 09:17:32.284 0 0 I binder : 21017:21017 ioctl 40046210 7fe518c534 returned -22
03-19 14:29:51.451 1549 2214 I am_proc_bound: [0,21017,com.android.settings]
01-01 09:17:33.243 0 0 E DTC_ETH,link_delay_work_func: 3003, SQI=0, link=0
03-19 14:29:52.649 1549 13201 W FreeFormWindowHelper: Current Display FreeFormTask is null
03-19 14:29:52.650 1549 13201 W FreeFormWindowHelper: Current Display FreeFormTask is null
03-19 14:29:52.744 1549 13201 I wm_finish_activity: [0,20526078,107,com.android.music/.VideoBrowserActivity,remove-task]
03-19 14:29:52.745 1549 13201 I wm_destroy_activity: [0,20526078,107,com.android.music/.VideoBrowserActivity,finish-imm:finishIfPossible]
03-19 14:29:52.749 1549 1656 I ActivityManager: Killing 18031:com.android.music/u0a85 (adj 900): remove task
03-19 14:29:52.749 1549 1656 I am_kill : [0,18031,com.android.music,900,remove task]
03-19 14:29:52.749 1549 13201 W FreeFormWindowHelper: Current Display FreeFormTask is null
03-19 14:29:52.750 1549 1656 I sysui_multi_action: [757,803,799,window_time_0,802,2]
03-19 14:29:52.753 1549 1582 W ActivityTaskManager: getTaskSnapshot: taskId=-987 not found
03-19 14:29:52.759 1549 1582 W FreeFormWindowHelper: Current Display FreeFormTask is null
03-19 14:29:52.759 1549 1582 W FreeFormWindowHelper: Current Display FreeFormTask is null
03-19 14:29:52.775 1549 1582 W FreeFormWindowHelper: Current Display FreeFormTask is null
03-19 14:29:52.775 1549 1582 W FreeFormWindowHelper: Current Display FreeFormTask is null
01-01 09:17:33.622 0 0 I binder : undelivered TRANSACTION_COMPLETE
01-01 09:17:33.622 0 0 I binder : undelivered transaction 1536615, process died.
03-19 14:29:52.786 1549 5960 I WindowManager: WIN DEATH: Window{5d991ba u0 com.android.music/com.android.music.VideoBrowserActivity}
03-19 14:29:52.791 1549 1582 I am_proc_died: [0,18031,com.android.music,900,19]
03-19 14:29:52.792 1549 1582 I am_uid_stopped: 10085
03-19 14:29:52.794 1549 1582 I wm_task_removed: [107,removeChild:removeChild last r=ActivityRecord{13933fe u0 com.android.music/.VideoBrowserActivity t-1 f}} in t=Task{e0dc4d6 #107 type=standard A=10085:android.task.video U=0 visible=false mode=fullscreen translucent=true sz=0}]
03-19 14:29:52.794 1549 1582 I wm_task_removed: [107,removeChild]
03-19 14:29:52.796 1549 1657 W ActivityTaskManager: Can't find TaskDisplayArea to determine support for multi window. Task id=107 attached=false
03-19 14:29:52.796 1549 1657 W ActivityTaskManager: Can't find TaskDisplayArea to determine support for multi window. Task id=107 attached=false
03-19 14:29:52.798 1549 1656 W ActivityManager: setHasOverlayUi called on unknown pid: 18031
03-19 14:29:52.800 1549 1656 I am_uid_running: 10085
03-19 14:29:52.801 1549 1656 D CompatibilityChangeReporter: Compat change id reported: 135634846; UID 10085; state: DISABLED
03-19 14:29:52.801 1549 1656 D CompatibilityChangeReporter: Compat change id reported: 177438394; UID 10085; state: DISABLED
03-19 14:29:52.801 1549 1656 D CompatibilityChangeReporter: Compat change id reported: 135772972; UID 10085; state: DISABLED
03-19 14:29:52.801 1549 1656 D CompatibilityChangeReporter: Compat change id reported: 135754954; UID 10085; state: ENABLED
03-19 14:29:52.801 1549 1669 D CompatibilityChangeReporter: Compat change id reported: 143937733; UID 10085; state: ENABLED
03-19 14:29:52.801 1549 1667 W UsageStatsService: Unexpected activity event reported! (com.android.music/com.android.music.VideoBrowserActivity event : 23 instanceId : 220848743)
03-19 14:29:52.810 1549 1669 I am_proc_start: [0,21041,10085,com.android.music,NULL,]
03-19 14:29:52.810 1549 1669 I ActivityManager: Start proc 21041:com.android.music/u0a85 for null
01-01 09:17:33.662 0 0 I binder : 21041:21041 ioctl 40046210 7fe518c534 returned -22
03-19 14:29:52.829 1549 1582 I am_proc_bound: [0,21041,com.android.music]
03-19 14:29:52.847 1549 4216 W FreeFormWindowHelper: Current Display FreeFormTask is null
03-19 14:29:52.950 1549 2174 D FreeFormWindowHelper: Add freeform task=Task{67e4567 #115 type=standard A=10063:com.android.gallery3d U=0 visible=false mode=freeform translucent=true sz=1}
03-19 14:29:52.951 1549 2174 I ActivityTaskManager: clear resize flag in freeform mode
03-19 14:29:52.953 1549 2174 I wm_task_moved: [1,1,9]
03-19 14:29:52.953 1549 2174 I wm_set_resumed_activity: [0,com.android.launcher3/.uioverrides.QuickstepLauncher,positionChildAt]
03-19 14:29:52.953 1549 2174 I wm_task_moved: [115,1,9]
03-19 14:29:52.954 1549 2174 I wm_focused_root_task: [0,0,115,1,moveTaskToFront findTaskToMoveToFront]
03-19 14:29:52.954 1549 2174 I wm_set_resumed_activity: [0,com.android.gallery3d/.app.GalleryActivity,moveTaskToFront findTaskToMoveToFront]
03-19 14:29:52.955 1549 2174 I ActivityTaskManager: FOREGROUND_APPLICATION_CHANGED to com.android.gallery3d.app.GalleryActivity
03-19 14:29:52.955 1549 2174 I wm_set_resumed_activity: [0,com.android.gallery3d/.app.GalleryActivity,resumeTopActivityInnerLocked]
03-19 14:29:52.957 1549 2174 I wm_resume_activity: [0,100777084,115,com.android.gallery3d/.app.GalleryActivity]
03-19 14:29:52.966 2634 2634 I wm_on_top_resumed_lost_called: [249239324,com.android.launcher3.uioverrides.QuickstepLauncher,topStateChangedWhenResumed]
01-01 09:17:33.809 0 0 E DTC_Display: screen not ready
03-19 14:29:52.979 20667 20667 I wm_on_restart_called: [100777084,com.android.gallery3d.app.GalleryActivity,performRestartActivity]
03-19 14:29:52.980 20667 20667 I wm_on_start_called: [100777084,com.android.gallery3d.app.GalleryActivity,handleStartActivity]
03-19 14:29:52.981 1549 5960 W FreeFormWindowHelper: exitRecentTasks type=1
03-19 14:29:52.984 20667 20667 I wm_on_resume_called: [100777084,com.android.gallery3d.app.GalleryActivity,RESUME_ACTIVITY]
03-19 14:29:52.984 20667 20667 I wm_on_top_resumed_gained_called: [100777084,com.android.gallery3d.app.GalleryActivity,topStateChangedWhenResumed]
03-19 14:29:52.990 1549 5960 W WindowManager: updateScale : 0.8
03-19 14:29:52.993 1549 1657 I input_focus: [Focus request 2551762 com.android.gallery3d/com.android.gallery3d.app.GalleryActivity,reason=UpdateInputWindows]
03-19 14:29:52.993 1549 1657 W WindowManager: updateScale : 0.8
03-19 14:29:53.013 1549 1741 I input_focus: [Focus leaving fc1131e com.android.launcher3/com.android.launcher3.uioverrides.QuickstepLauncher (server),reason=Waiting for window because NOT_VISIBLE]
03-19 14:29:53.019 1549 1657 W WindowManager: updateScale : 0.8
03-19 14:29:53.022 1549 1657 W WindowManager: updateScale : 0.8
03-19 14:29:53.025 1549 1653 I sysui_multi_action: [319,67,322,67,325,4651,757,761,758,9,759,2,806,com.android.gallery3d,871,com.android.gallery3d.app.GalleryActivity,904,com.android.launcher3,905,0,1320,4,1321,1]
03-19 14:29:53.030 1549 1741 I input_focus: [Focus entering 2551762 com.android.gallery3d/com.android.gallery3d.app.GalleryActivity (server),reason=Window became focusable. Previous reason: NOT_VISIBLE]
03-19 14:29:53.765 1549 4216 W FreeFormWindowHelper: Current Display FreeFormTask is Task{67e4567 #115 type=standard A=10063:com.android.gallery3d U=0 visible=true mode=freeform translucent=false sz=1}
03-19 14:29:53.765 1549 4216 W FreeFormWindowHelper: Current Display FreeFormTask is Task{67e4567 #115 type=standard A=10063:com.android.gallery3d U=0 visible=true mode=freeform translucent=false sz=1}
03-19 14:29:53.766 1549 4216 W FreeFormWindowHelper: Current Display FreeFormTask is Task{67e4567 #115 type=standard A=10063:com.android.gallery3d U=0 visible=true mode=freeform translucent=false sz=1}
03-19 14:29:53.776 1549 2174 W FreeFormWindowHelper: Current Display FreeFormTask is Task{67e4567 #115 type=standard A=10063:com.android.gallery3d U=0 visible=true mode=freeform translucent=false sz=1}
03-19 14:29:53.776 1549 1741 I input_interaction: Interaction with: swipe-up (server), edge-swipe (server), PointerEventDispatcher0 (server),
03-19 14:29:53.777 1549 2174 W FreeFormWindowHelper: Current Display FreeFormTask is Task{67e4567 #115 type=standard A=10063:com.android.gallery3d U=0 visible=true mode=freeform translucent=false sz=1}
03-19 14:29:53.777 1549 1653 D AutofillManagerService: Close system dialogs
03-19 14:29:53.778 2634 2634 I view_enqueue_input_event: [Motion - Cancel,com.android.launcher3/com.android.launcher3.uioverrides.QuickstepLauncher]
03-19 14:29:53.778 1549 5960 W FreeFormWindowHelper: Current Display FreeFormTask is Task{67e4567 #115 type=standard A=10063:com.android.gallery3d U=0 visible=true mode=freeform translucent=false sz=1}
03-19 14:29:53.779 1549 5960 W FreeFormWindowHelper: Current Display FreeFormTask is Task{67e4567 #115 type=standard A=10063:com.android.gallery3d U=0 visible=true mode=freeform translucent=false sz=1}
03-19 14:29:53.780 1549 5960 W FreeFormWindowHelper: Current Display FreeFormTask is Task{67e4567 #115 type=standard A=10063:com.android.gallery3d U=0 visible=true mode=freeform translucent=false sz=1}
03-19 14:29:53.780 1549 2174 W FreeFormWindowHelper: Current Display FreeFormTask is Task{67e4567 #115 type=standard A=10063:com.android.gallery3d U=0 visible=true mode=freeform translucent=false sz=1}
03-19 14:29:53.780 1549 2174 W FreeFormWindowHelper: Current Display FreeFormTask is Task{67e4567 #115 type=standard A=10063:com.android.gallery3d U=0 visible=true mode=freeform translucent=false sz=1}
03-19 14:29:53.781 1549 5960 W FreeFormWindowHelper: Current Display FreeFormTask is Task{67e4567 #115 type=standard A=10063:com.android.gallery3d U=0 visible=true mode=freeform translucent=false sz=1}
03-19 14:29:53.781 1549 2174 W ActivityTaskManager: getTaskSnapshot: taskId=-956 not found
03-19 14:29:53.782 1549 5960 W FreeFormWindowHelper: Current Display FreeFormTask is Task{67e4567 #115 type=standard A=10063:com.android.gallery3d U=0 visible=true mode=freeform translucent=false sz=1}
03-19 14:29:53.782 1549 5960 W FreeFormWindowHelper: Current Display FreeFormTask is Task{67e4567 #115 type=standard A=10063:com.android.gallery3d U=0 visible=true mode=freeform translucent=false sz=1}
03-19 14:29:53.784 1549 2174 W ActivityTaskManager: getTaskSnapshot: taskId=-956 not found
03-19 14:29:53.784 1549 5960 W ActivityTaskManager: getTaskSnapshot: taskId=-955 not found
03-19 14:29:53.786 1549 5960 W ActivityTaskManager: getTaskSnapshot: taskId=-955 not found
03-19 14:29:53.795 1549 5960 W FreeFormWindowHelper: Current Display FreeFormTask is Task{67e4567 #115 type=standard A=10063:com.android.gallery3d U=0 visible=true mode=freeform translucent=false sz=1}
03-19 14:29:53.795 1549 5960 W FreeFormWindowHelper: Current Display FreeFormTask is Task{67e4567 #115 type=standard A=10063:com.android.gallery3d U=0 visible=true mode=freeform translucent=false sz=1}
03-19 14:29:53.811 1549 4216 W FreeFormWindowHelper: Current Display FreeFormTask is Task{67e4567 #115 type=standard A=10063:com.android.gallery3d U=0 visible=true mode=freeform translucent=false sz=1}
03-19 14:29:53.812 1549 4216 W FreeFormWindowHelper: Current Display FreeFormTask is Task{67e4567 #115 type=standard A=10063:com.android.gallery3d U=0 visible=true mode=freeform translucent=false sz=1}
03-19 14:29:53.971 1549 1725 I commit_sys_config_file: [settings-1-0,4]
03-19 14:29:54.027 1549 5960 W FreeFormWindowHelper: Current Display FreeFormTask is Task{67e4567 #115 type=standard A=10063:com.android.gallery3d U=0 visible=true mode=freeform translucent=false sz=1}
03-19 14:29:54.031 1549 1582 W FreeFormWindowHelper: Current Display FreeFormTask is Task{67e4567 #115 type=standard A=10063:com.android.gallery3d U=0 visible=true mode=freeform translucent=false sz=1}
03-19 14:29:54.032 1549 2174 W FreeFormWindowHelper: Current Display FreeFormTask is Task{67e4567 #115 type=standard A=10063:com.android.gallery3d U=0 visible=true mode=freeform translucent=false sz=1}
03-19 14:29:54.033 1549 1582 W FreeFormWindowHelper: Current Display FreeFormTask is Task{67e4567 #115 type=standard A=10063:com.android.gallery3d U=0 visible=true mode=freeform translucent=false sz=1}
03-19 14:29:54.034 1549 5960 W FreeFormWindowHelper: Current Display FreeFormTask is Task{67e4567 #115 type=standard A=10063:com.android.gallery3d U=0 visible=true mode=freeform translucent=false sz=1}
03-19 14:29:54.034 1549 5960 W FreeFormWindowHelper: Current Display FreeFormTask is Task{67e4567 #115 type=standard A=10063:com.android.gallery3d U=0 visible=true mode=freeform translucent=false sz=1}
03-19 14:29:54.045 1549 2174 W FreeFormWindowHelper: Current Display FreeFormTask is Task{67e4567 #115 type=standard A=10063:com.android.gallery3d U=0 visible=true mode=freeform translucent=false sz=1}
03-19 14:29:54.046 1549 4216 W FreeFormWindowHelper: Current Display FreeFormTask is Task{67e4567 #115 type=standard A=10063:com.android.gallery3d U=0 visible=true mode=freeform translucent=false sz=1}
03-19 14:29:54.046 1549 4216 W FreeFormWindowHelper: Current Display FreeFormTask is Task{67e4567 #115 type=standard A=10063:com.android.gallery3d U=0 visible=true mode=freeform translucent=false sz=1}
03-19 14:29:54.062 1549 2174 W FreeFormWindowHelper: Current Display FreeFormTask is Task{67e4567 #115 type=standard A=10063:com.android.gallery3d U=0 visible=true mode=freeform translucent=false sz=1}
03-19 14:29:54.063 1549 2214 W FreeFormWindowHelper: Current Display FreeFormTask is Task{67e4567 #115 type=standard A=10063:com.android.gallery3d U=0 visible=true mode=freeform translucent=false sz=1}
03-19 14:29:54.063 1549 4216 W FreeFormWindowHelper: Current Display FreeFormTask is Task{67e4567 #115 type=standard A=10063:com.android.gallery3d U=0 visible=true mode=freeform translucent=false sz=1}
03-19 14:29:54.080 1549 2214 W FreeFormWindowHelper: Current Display FreeFormTask is Task{67e4567 #115 type=standard A=10063:com.android.gallery3d U=0 visible=true mode=freeform translucent=false sz=1}
03-19 14:29:54.081 1549 2174 W FreeFormWindowHelper: Current Display FreeFormTask is Task{67e4567 #115 type=standard A=10063:com.android.gallery3d U=0 visible=true mode=freeform translucent=false sz=1}
03-19 14:29:54.082 1549 2174 W FreeFormWindowHelper: Current Display FreeFormTask is Task{67e4567 #115 type=standard A=10063:com.android.gallery3d U=0 visible=true mode=freeform translucent=false sz=1}
03-19 14:29:54.095 1549 4216 W FreeFormWindowHelper: Current Display FreeFormTask is Task{67e4567 #115 type=standard A=10063:com.android.gallery3d U=0 visible=true mode=freeform translucent=false sz=1}
03-19 14:29:54.096 1549 1582 W FreeFormWindowHelper: Current Display FreeFormTask is Task{67e4567 #115 type=standard A=10063:com.android.gallery3d U=0 visible=true mode=freeform translucent=false sz=1}
03-19 14:29:54.097 1549 1582 W FreeFormWindowHelper: Current Display FreeFormTask is Task{67e4567 #115 type=standard A=10063:com.android.gallery3d U=0 visible=true mode=freeform translucent=false sz=1}
03-19 14:29:54.114 1549 5960 W FreeFormWindowHelper: Current Display FreeFormTask is Task{67e4567 #115 type=standard A=10063:com.android.gallery3d U=0 visible=true mode=freeform translucent=false sz=1}
03-19 14:29:54.116 1549 5960 W FreeFormWindowHelper: Current Display FreeFormTask is Task{67e4567 #115 type=standard A=10063:com.android.gallery3d U=0 visible=true mode=freeform translucent=false sz=1}
03-19 14:29:54.117 1549 5960 W FreeFormWindowHelper: Current Display FreeFormTask is Task{67e4567 #115 type=standard A=10063:com.android.gallery3d U=0 visible=true mode=freeform translucent=false sz=1}
03-19 14:29:54.129 1549 5960 W FreeFormWindowHelper: Current Display FreeFormTask is Task{67e4567 #115 type=standard A=10063:com.android.gallery3d U=0 visible=true mode=freeform translucent=false sz=1}
03-19 14:29:54.131 1549 1582 W FreeFormWindowHelper: Current Display FreeFormTask is Task{67e4567 #115 type=standard A=10063:com.android.gallery3d U=0 visible=true mode=freeform translucent=false sz=1}
03-19 14:29:54.132 1549 1582 W FreeFormWindowHelper: Current Display FreeFormTask is Task{67e4567 #115 type=standard A=10063:com.android.gallery3d U=0 visible=true mode=freeform translucent=false sz=1}
03-19 14:29:54.146 1549 2174 W FreeFormWindowHelper: Current Display FreeFormTask is Task{67e4567 #115 type=standard A=10063:com.android.gallery3d U=0 visible=true mode=freeform translucent=false sz=1}
03-19 14:29:54.149 1549 1582 W FreeFormWindowHelper: Current Display FreeFormTask is Task{67e4567 #115 type=standard A=10063:com.android.gallery3d U=0 visible=true mode=freeform translucent=false sz=1}
03-19 14:29:54.150 1549 1582 W FreeFormWindowHelper: Current Display FreeFormTask is Task{67e4567 #115 type=standard A=10063:com.android.gallery3d U=0 visible=true mode=freeform translucent=false sz=1}
03-19 14:29:54.180 1549 2174 W FreeFormWindowHelper: Current Display FreeFormTask is Task{67e4567 #115 type=standard A=10063:com.android.gallery3d U=0 visible=true mode=freeform translucent=false sz=1}
03-19 14:29:54.182 1549 1582 W FreeFormWindowHelper: Current Display FreeFormTask is Task{67e4567 #115 type=standard A=10063:com.android.gallery3d U=0 visible=true mode=freeform translucent=false sz=1}
03-19 14:29:54.183 1549 1582 W FreeFormWindowHelper: Current Display FreeFormTask is Task{67e4567 #115 type=standard A=10063:com.android.gallery3d U=0 visible=true mode=freeform translucent=false sz=1}
03-19 14:29:54.199 1549 5960 W FreeFormWindowHelper: Current Display FreeFormTask is Task{67e4567 #115 type=standard A=10063:com.android.gallery3d U=0 visible=true mode=freeform translucent=false sz=1}
03-19 14:29:54.201 1549 5960 W FreeFormWindowHelper: Current Display FreeFormTask is Task{67e4567 #115 type=standard A=10063:com.android.gallery3d U=0 visible=true mode=freeform translucent=false sz=1}
03-19 14:29:54.202 1549 5960 W FreeFormWindowHelper: Current Display FreeFormTask is Task{67e4567 #115 type=standard A=10063:com.android.gallery3d U=0 visible=true mode=freeform translucent=false sz=1}
03-19 14:29:54.219 1549 5960 W FreeFormWindowHelper: Current Display FreeFormTask is Task{67e4567 #115 type=standard A=10063:com.android.gallery3d U=0 visible=true mode=freeform translucent=false sz=1}
03-19 14:29:54.220 1549 5960 W FreeFormWindowHelper: Current Display FreeFormTask is Task{67e4567 #115 type=standard A=10063:com.android.gallery3d U=0 visible=true mode=freeform translucent=false sz=1}
03-19 14:29:54.221 1549 5960 W FreeFormWindowHelper: Current Display FreeFormTask is Task{67e4567 #115 type=standard A=10063:com.android.gallery3d U=0 visible=true mode=freeform translucent=false sz=1}
03-19 14:29:54.235 1549 1725 I commit_sys_config_file: [settings-1-0,6]
03-19 14:29:54.242 1549 1582 W FreeFormWindowHelper: Current Display FreeFormTask is Task{67e4567 #115 type=standard A=10063:com.android.gallery3d U=0 visible=true mode=freeform translucent=false sz=1}
03-19 14:29:54.244 1549 1582 W FreeFormWindowHelper: Current Display FreeFormTask is Task{67e4567 #115 type=standard A=10063:com.android.gallery3d U=0 visible=true mode=freeform translucent=false sz=1}
03-19 14:29:54.244 1549 1582 W FreeFormWindowHelper: Current Display FreeFormTask is Task{67e4567 #115 type=standard A=10063:com.android.gallery3d U=0 visible=true mode=freeform translucent=false sz=1}
03-19 14:29:54.254 1549 1582 W FreeFormWindowHelper: Current Display FreeFormTask is Task{67e4567 #115 type=standard A=10063:com.android.gallery3d U=0 visible=true mode=freeform translucent=false sz=1}
03-19 14:29:54.258 1549 5960 W FreeFormWindowHelper: Current Display FreeFormTask is Task{67e4567 #115 type=standard A=10063:com.android.gallery3d U=0 visible=true mode=freeform translucent=false sz=1}
03-19 14:29:54.258 1549 5960 W FreeFormWindowHelper: Current Display FreeFormTask is Task{67e4567 #115 type=standard A=10063:com.android.gallery3d U=0 visible=true mode=freeform translucent=false sz=1}
03-19 14:29:54.268 1549 1582 W FreeFormWindowHelper: Current Display FreeFormTask is Task{67e4567 #115 type=standard A=10063:com.android.gallery3d U=0 visible=true mode=freeform translucent=false sz=1}
03-19 14:29:54.269 1549 5960 W FreeFormWindowHelper: Current Display FreeFormTask is Task{67e4567 #115 type=standard A=10063:com.android.gallery3d U=0 visible=true mode=freeform translucent=false sz=1}
03-19 14:29:54.270 1549 5960 W FreeFormWindowHelper: Current Display FreeFormTask is Task{67e4567 #115 type=standard A=10063:com.android.gallery3d U=0 visible=true mode=freeform translucent=false sz=1}
03-19 14:29:54.286 1549 2174 W FreeFormWindowHelper: Current Display FreeFormTask is Task{67e4567 #115 type=standard A=10063:com.android.gallery3d U=0 visible=true mode=freeform translucent=false sz=1}
03-19 14:29:54.287 1549 5960 W FreeFormWindowHelper: Current Display FreeFormTask is Task{67e4567 #115 type=standard A=10063:com.android.gallery3d U=0 visible=true mode=freeform translucent=false sz=1}
03-19 14:29:54.288 1549 5960 W FreeFormWindowHelper: Current Display FreeFormTask is Task{67e4567 #115 type=standard A=10063:com.android.gallery3d U=0 visible=true mode=freeform translucent=false sz=1}
03-19 14:29:54.305 1549 1582 W FreeFormWindowHelper: Current Display FreeFormTask is Task{67e4567 #115 type=standard A=10063:com.android.gallery3d U=0 visible=true mode=freeform translucent=false sz=1}
03-19 14:29:54.307 1549 5960 W FreeFormWindowHelper: Current Display FreeFormTask is Task{67e4567 #115 type=standard A=10063:com.android.gallery3d U=0 visible=true mode=freeform translucent=false sz=1}
03-19 14:29:54.307 1549 5960 W FreeFormWindowHelper: Current Display FreeFormTask is Task{67e4567 #115 type=standard A=10063:com.android.gallery3d U=0 visible=true mode=freeform translucent=false sz=1}
03-19 14:29:54.321 1549 1582 W FreeFormWindowHelper: Current Display FreeFormTask is Task{67e4567 #115 type=standard A=10063:com.android.gallery3d U=0 visible=true mode=freeform translucent=false sz=1}
03-19 14:29:54.323 1549 1582 W FreeFormWindowHelper: Current Display FreeFormTask is Task{67e4567 #115 type=standard A=10063:com.android.gallery3d U=0 visible=true mode=freeform translucent=false sz=1}
03-19 14:29:54.323 1549 1582 W FreeFormWindowHelper: Current Display FreeFormTask is Task{67e4567 #115 type=standard A=10063:com.android.gallery3d U=0 visible=true mode=freeform translucent=false sz=1}
03-19 14:29:54.340 1549 1582 W FreeFormWindowHelper: Current Display FreeFormTask is Task{67e4567 #115 type=standard A=10063:com.android.gallery3d U=0 visible=true mode=freeform translucent=false sz=1}
03-19 14:29:54.343 1549 1582 I wm_finish_activity: [0,100777084,115,com.android.gallery3d/.app.GalleryActivity,app-request]
03-19 14:29:54.343 1549 1582 I wm_task_moved: [1,1,9]
03-19 14:29:54.347 1549 1582 I wm_set_resumed_activity: [0,com.android.launcher3/.uioverrides.QuickstepLauncher,positionChildAt]
03-19 14:29:54.347 1549 1582 I wm_task_moved: [37,1,2147483647]
03-19 14:29:54.347 1549 1582 I wm_task_to_front: [0,37]
03-19 14:29:54.347 1549 1582 I wm_focused_root_task: [0,0,1,-1,finish-top adjustFocusToNextFocusableTask]
03-19 14:29:54.347 1549 1582 I wm_set_resumed_activity: [0,com.android.launcher3/.uioverrides.QuickstepLauncher,finish-top]
03-19 14:29:54.347 20667 20667 I wm_on_top_resumed_lost_called: [100777084,com.android.gallery3d.app.GalleryActivity,topStateChangedWhenResumed]
03-19 14:29:54.357 1549 1582 I wm_pause_activity: [0,100777084,com.android.gallery3d/.app.GalleryActivity,userLeaving=false,finish]
03-19 14:29:54.362 1549 1657 I input_focus: [Focus request fc1131e com.android.launcher3/com.android.launcher3.uioverrides.QuickstepLauncher,reason=UpdateInputWindows]
03-19 14:29:54.363 1549 5960 W FreeFormWindowHelper: Current Display FreeFormTask is Task{67e4567 #115 type=standard A=10063:com.android.gallery3d U=0 visible=false mode=freeform translucent=true sz=1}
03-19 14:29:54.364 1549 5960 W FreeFormWindowHelper: Current Display FreeFormTask is Task{67e4567 #115 type=standard A=10063:com.android.gallery3d U=0 visible=false mode=freeform translucent=true sz=1}
03-19 14:29:54.365 1549 5960 W FreeFormWindowHelper: Current Display FreeFormTask is Task{67e4567 #115 type=standard A=10063:com.android.gallery3d U=0 visible=false mode=freeform translucent=true sz=1}
03-19 14:29:54.374 20667 20667 I wm_on_paused_called: [100777084,com.android.gallery3d.app.GalleryActivity,performPause]
03-19 14:29:54.376 1549 2214 I ActivityTaskManager: FOREGROUND_APPLICATION_CHANGED to com.android.launcher3.uioverrides.QuickstepLauncher
03-19 14:29:54.376 1549 2214 I wm_destroy_activity: [0,100777084,115,com.android.gallery3d/.app.GalleryActivity,finish-imm:completePausedLocked]
03-19 14:29:54.383 1549 1741 I input_focus: [Focus leaving 2551762 com.android.gallery3d/com.android.gallery3d.app.GalleryActivity (server),reason=NO_WINDOW]
03-19 14:29:54.383 1549 1741 I input_focus: [Focus entering fc1131e com.android.launcher3/com.android.launcher3.uioverrides.QuickstepLauncher (server),reason=setFocusedWindow]
03-19 14:29:54.392 20667 20667 I wm_on_stop_called: [100777084,com.android.gallery3d.app.GalleryActivity,LIFECYCLER_STOP_ACTIVITY]
03-19 14:29:54.396 1549 1656 I sysui_multi_action: [757,803,799,window_time_0,802,1]
03-19 14:29:54.400 1549 2214 W FreeFormWindowHelper: Current Display FreeFormTask is Task{67e4567 #115 type=standard A=10063:com.android.gallery3d U=0 visible=false mode=freeform translucent=true sz=1}
03-19 14:29:54.401 1549 4216 W FreeFormWindowHelper: Current Display FreeFormTask is Task{67e4567 #115 type=standard A=10063:com.android.gallery3d U=0 visible=false mode=freeform translucent=true sz=1}
03-19 14:29:54.402 20667 20667 I wm_on_destroy_called: [100777084,com.android.gallery3d.app.GalleryActivity,performDestroy]
03-19 14:29:54.402 1549 2214 W FreeFormWindowHelper: Current Display FreeFormTask is Task{67e4567 #115 type=standard A=10063:com.android.gallery3d U=0 visible=false mode=freeform translucent=true sz=1}
03-19 14:29:54.403 1549 2214 W FreeFormWindowHelper: Current Display FreeFormTask is Task{67e4567 #115 type=standard A=10063:com.android.gallery3d U=0 visible=false mode=freeform translucent=true sz=1}
03-19 14:29:54.405 2634 2634 I wm_on_top_resumed_gained_called: [249239324,com.android.launcher3.uioverrides.QuickstepLauncher,topStateChangedWhenResumed]
03-19 14:29:54.480 1549 1582 W FreeFormWindowHelper: Current Display FreeFormTask is Task{67e4567 #115 type=standard A=10063:com.android.gallery3d U=0 visible=false mode=freeform translucent=true sz=1}
03-19 14:29:54.574 1549 1741 I input_interaction: Interaction with: fc1131e com.android.launcher3/com.android.launcher3.uioverrides.QuickstepLauncher (server), 4353511 com.android.systemui.ImageWallpaper (server), swipe-up (server), edge-swipe (server), PointerEventDispatcher0 (server),
03-19 14:29:54.681 1549 1657 I wm_task_removed: [115,removeChild:removeChild last r=ActivityRecord{601bc7c u0 com.android.gallery3d/.app.GalleryActivity t-1 f}} in t=Task{67e4567 #115 type=standard A=10063:com.android.gallery3d U=0 visible=false mode=freeform translucent=true sz=0}]
03-19 14:29:54.681 1549 1657 I wm_task_removed: [115,removeChild]
03-19 14:29:54.682 1549 1657 D FreeFormWindowHelper: Remove freefrom task=Task{67e4567 #115 type=standard A=10063:com.android.gallery3d U=0 visible=false mode=freeform translucent=true sz=0}
03-19 14:29:55.235 1549 2174 W FreeFormWindowHelper: Current Display FreeFormTask is null
03-19 14:29:55.236 1549 2214 W FreeFormWindowHelper: Current Display FreeFormTask is null
03-19 14:29:55.236 1549 2174 W FreeFormWindowHelper: Current Display FreeFormTask is null
03-19 14:29:55.336 1549 1656 I ActivityManager: Killing 20667:com.android.gallery3d/u0a63 (adj 900): remove task
03-19 14:29:55.336 1549 1656 I am_kill : [0,20667,com.android.gallery3d,900,remove task]
03-19 14:29:55.337 1549 1656 I sysui_multi_action: [757,803,799,window_time_0,802,1]
03-19 14:29:55.379 1549 2214 I am_proc_died: [0,20667,com.android.gallery3d,900,18]
03-19 14:29:55.380 1549 2214 I am_uid_stopped: 10063
03-19 14:29:55.382 1549 1656 W ActivityManager: setHasOverlayUi called on unknown pid: 20667
03-19 14:29:55.385 1549 1656 I am_uid_running: 10063
03-19 14:29:55.385 1549 1656 D CompatibilityChangeReporter: Compat change id reported: 135634846; UID 10063; state: DISABLED
03-19 14:29:55.385 1549 1656 D CompatibilityChangeReporter: Compat change id reported: 177438394; UID 10063; state: DISABLED
03-19 14:29:55.385 1549 1656 D CompatibilityChangeReporter: Compat change id reported: 135772972; UID 10063; state: DISABLED
03-19 14:29:55.385 1549 1656 D CompatibilityChangeReporter: Compat change id reported: 135754954; UID 10063; state: DISABLED
03-19 14:29:55.386 1549 1669 D CompatibilityChangeReporter: Compat change id reported: 143937733; UID 10063; state: DISABLED
03-19 14:29:55.393 1549 1669 I am_proc_start: [0,21075,10063,com.android.gallery3d,NULL,]
03-19 14:29:55.393 1549 1669 I ActivityManager: Start proc 21075:com.android.gallery3d/u0a63 for null
01-01 09:17:36.243 0 0 I binder : 21075:21075 ioctl 40046210 7fe518c534 returned -22
03-19 14:29:55.409 1549 2214 I am_proc_bound: [0,21075,com.android.gallery3d]
03-19 14:29:55.434 1549 4829 W FreeFormWindowHelper: Current Display FreeFormTask is null
03-19 14:29:55.550 1549 1858 W FreeFormWindowHelper: Current Display FreeFormTask is null
01-01 09:17:36.968 0 0 E DTC_Display: screen not ready
03-19 14:29:56.355 0 0 I auditd : type=1400 audit(0.0:12266): avc: denied { kill } for comm="swapper/0" capability=5 scontext=u:r:kernel:s0 tcontext=u:r:kernel:s0 tclass=capability permissive=1
01-01 09:17:38.363 0 0 E DTC_ETH,link_delay_work_func: 3003, SQI=0, link=0
03-19 14:29:57.691 1549 1858 W FreeFormWindowHelper: exitRecentTasks type=2
01-01 09:17:40.235 0 0 E DTC_Display: screen not ready
01-01 09:17:43.453 0 0 I msm_vidc: err : ffffffff: .....: DBLP Set: status 0
01-01 09:17:43.483 0 0 E DTC_ETH,link_delay_work_func: 3003, SQI=0, link=0
01-01 09:17:44.019 0 0 E DTC_Display: screen not ready
03-19 14:30:04.361 1549 1656 W ActivityTaskManager: Launch timeout has expired, giving up wake lock!
03-19 14:30:05.120 1549 2214 I thunderperf: PlatormCompat.setOverrides: Uid1=10071 Pid1=2634 Uid2=10071 Pid2=2634
03-19 14:30:05.120 1549 2214 I thunderperf: PlatormCompat.setOverrides: needCheck:false
03-19 14:30:05.120 1549 2214 I thunderperf: CompatConfig.addOverrideUnsafe: bef-state=0
03-19 14:30:05.120 1549 2214 I thunderperf: CompatConfig.addOverrideUnsafe: aft-state=0
03-19 14:30:05.122 1549 2214 I thunderperf: CompatConfig.addOverrideUnsafe: bef-state=0
03-19 14:30:05.122 1549 2214 I thunderperf: CompatConfig.addOverrideUnsafe: aft-state=0
03-19 14:30:05.123 1549 2214 I thunderperf: CompatConfig.addOverrideUnsafe: bef-state=0
03-19 14:30:05.123 1549 2214 I thunderperf: CompatConfig.addOverrideUnsafe: aft-state=0
03-19 14:30:05.123 1549 2214 I thunderperf: CompatConfig.addOverrideUnsafe: bef-state=0
03-19 14:30:05.123 1549 2214 I thunderperf: CompatConfig.addOverrideUnsafe: aft-state=0
03-19 14:30:05.127 1549 2214 I thunderperf: CompatConfig.addOverrideUnsafe: bef-state=0
03-19 14:30:05.127 1549 2214 I thunderperf: CompatConfig.addOverrideUnsafe: aft-state=0
03-19 14:30:05.127 1549 2214 I thunderperf: CompatConfig.addOverrideUnsafe: bef-state=0
03-19 14:30:05.127 1549 2214 I thunderperf: CompatConfig.addOverrideUnsafe: aft-state=0
03-19 14:30:05.128 1549 2214 I thunderperf: CompatConfig.addOverrideUnsafe: bef-state=0
03-19 14:30:05.128 1549 2214 I thunderperf: CompatConfig.addOverrideUnsafe: aft-state=0
03-19 14:30:05.128 1549 2214 I thunderperf: CompatConfig.addOverrideUnsafe: bef-state=0
03-19 14:30:05.128 1549 2214 I thunderperf: CompatConfig.addOverrideUnsafe: aft-state=0
03-19 14:30:05.129 1549 2214 I thunderperf: CompatConfig.addOverrideUnsafe: bef-state=0
03-19 14:30:05.129 1549 2214 I thunderperf: CompatConfig.addOverrideUnsafe: aft-state=0
03-19 14:30:05.129 1549 2214 I thunderperf: CompatConfig.addOverrideUnsafe: bef-state=0
03-19 14:30:05.129 1549 2214 I thunderperf: CompatConfig.addOverrideUnsafe: aft-state=0
03-19 14:30:05.130 1549 2214 I thunderperf: CompatConfig.addOverrideUnsafe: bef-state=0
03-19 14:30:05.130 1549 2214 I thunderperf: CompatConfig.addOverrideUnsafe: aft-state=0
03-19 14:30:05.130 1549 2214 I thunderperf: CompatConfig.addOverrideUnsafe: bef-state=0
03-19 14:30:05.130 1549 2214 I thunderperf: CompatConfig.addOverrideUnsafe: aft-state=0
03-19 14:30:05.130 1549 2214 I thunderperf: CompatConfig.addOverrideUnsafe: bef-state=0
03-19 14:30:05.131 1549 2214 I thunderperf: CompatConfig.addOverrideUnsafe: aft-state=0
03-19 14:30:05.131 1549 2214 I thunderperf: CompatConfig.addOverrideUnsafe: bef-state=0
03-19 14:30:05.131 1549 2214 I thunderperf: CompatConfig.addOverrideUnsafe: aft-state=0
03-19 14:30:05.139 1549 2214 I ActivityTaskManager: START u0 {act=android.intent.action.MAIN cat=[android.intent.category.LAUNCHER] flg=0x10200000 cmp=com.android.settings/.Settings bnds=[2306,640][2508,840]} from uid 10071
03-19 14:30:05.150 1549 2214 I wm_task_created: [118,-1]
03-19 14:30:05.150 1549 2214 W ActivityTaskManager: Can't find TaskDisplayArea to determine support for multi window. Task id=118 attached=false
03-19 14:30:05.151 1549 2214 D CompatibilityChangeReporter: Compat change id reported: 174042980; UID 1000; state: DISABLED
03-19 14:30:05.152 1549 2214 I wm_task_moved: [118,1,9]
03-19 14:30:05.152 1549 2214 I wm_task_to_front: [0,118]
03-19 14:30:05.152 1549 2214 I wm_create_task: [0,118]
03-19 14:30:05.152 1549 2214 I wm_create_activity: [0,17152677,118,com.android.settings/.Settings,android.intent.action.MAIN,NULL,NULL,270532608]
03-19 14:30:05.152 1549 2214 I wm_task_moved: [118,1,9]
03-19 14:30:05.152 1549 2214 D CompatibilityChangeReporter: Compat change id reported: 168419799; UID 1000; state: DISABLED
03-19 14:30:05.153 2018 2149 D PhoneStartingWindowTypeAlgorithm: preferredStartingWindowType newTask:true taskSwitch:true processRunning:true allowTaskSnapshot:true activityCreated:false useEmptySplashScreen:false legacySplashScreen:false topIsHome:false
03-19 14:30:05.153 2018 2149 D StartingSurfaceDrawer: addSplashScreen com.android.settings theme=7f140478 task=118 suggestType=1
03-19 14:30:05.153 1549 2214 I wm_pause_activity: [0,249239324,com.android.launcher3/.uioverrides.QuickstepLauncher,userLeaving=true,pauseBackTasks]
03-19 14:30:05.155 1549 1858 W FreeFormWindowHelper: Current Display FreeFormTask is null
03-19 14:30:05.155 2018 2150 D StartingSurfaceDrawer: window attributes color: 0 icon null duration 0 brandImage null
03-19 14:30:05.156 2018 2150 D StartingSurfaceDrawer: FgMainColor=ff000000 BgMainColor=0 IsBgComplex=false FromCache=true ThemeColor=ff141721
03-19 14:30:05.156 2018 2150 D StartingSurfaceDrawer: isRgbSimilarInHsv a: ff141721 b 0 contrast ratio: 1.1742641
03-19 14:30:05.156 2018 2150 D StartingSurfaceDrawer: makeSplashScreenContentView: choose fg icon
