01-01 09:01:29.807 0 0 E DTC_Display: screen not ready
01-01 09:01:30.683 0 0 E DTC_ETH,link_delay_work_func: 3003, SQI=0, link=0
01-01 09:01:33.438 0 0 I msm_vidc: err : ffffffff: .....: DBLP Set: status 0
01-01 09:01:33.588 0 0 E DTC_Display: screen not ready
01-01 09:01:35.803 0 0 E DTC_ETH,link_delay_work_func: 3003, SQI=0, link=0
01-01 09:01:37.155 0 0 E DTC_Display: screen not ready
01-01 09:01:40.116 0 0 E DTC_Display: screen not ready
01-01 09:01:40.923 0 0 E DTC_ETH,link_delay_work_func: 3003, SQI=0, link=0
01-01 09:01:43.421 0 0 I msm_vidc: err : ffffffff: .....: DBLP Set: status 0
01-01 09:01:43.475 0 0 E DTC_Display: screen not ready
01-01 09:01:46.044 0 0 E DTC_ETH,link_delay_work_func: 3003, SQI=0, link=0
01-01 09:01:47.251 0 0 E DTC_Display: screen not ready
01-01 09:01:50.429 0 0 I msm_vidc: err : ffffffff: .....: DBLP Set: status 0
01-01 09:01:50.716 0 0 E DTC_Display: screen not ready
01-01 09:01:51.163 0 0 E DTC_ETH,link_delay_work_func: 3003, SQI=0, link=0
01-01 09:01:53.684 0 0 E DTC_Display: screen not ready
01-01 09:01:56.283 0 0 E DTC_ETH,link_delay_work_func: 3003, SQI=0, link=0
01-01 09:01:56.939 0 0 E DTC_Display: screen not ready
01-01 09:02:00.728 0 0 E DTC_Display: screen not ready
01-01 09:02:01.403 0 0 E DTC_ETH,link_delay_work_func: 3003, SQI=0, link=0
01-01 09:02:04.219 0 0 E DTC_Display: screen not ready
01-01 09:02:06.524 0 0 E DTC_ETH,link_delay_work_func: 3003, SQI=0, link=0
01-01 09:02:07.187 0 0 E DTC_Display: screen not ready
01-01 09:02:10.443 0 0 E DTC_Display: screen not ready
01-01 09:02:11.643 0 0 E DTC_ETH,link_delay_work_func: 3003, SQI=0, link=0
01-01 09:02:14.231 0 0 E DTC_Display: screen not ready
01-01 09:02:16.763 0 0 E DTC_ETH,link_delay_work_func: 3003, SQI=0, link=0
01-01 09:02:17.723 0 0 E DTC_Display: screen not ready
01-01 09:02:20.691 0 0 E DTC_Display: screen not ready
01-01 09:02:21.883 0 0 E DTC_ETH,link_delay_work_func: 3003, SQI=0, link=0
01-01 09:02:26.399 0 0 E DTC_Display: screen not ready
01-01 09:02:27.003 0 0 E DTC_ETH,link_delay_work_func: 3003, SQI=0, link=0
01-01 09:02:32.015 0 0 E DTC_Display: screen not ready
01-01 09:02:32.123 0 0 E DTC_ETH,link_delay_work_func: 3003, SQI=0, link=0
01-01 09:02:33.629 0 0 I msm_vidc: err : ffffffff: .....: DBLP Set: status 0
01-01 09:02:35.491 0 0 E DTC_Display: screen not ready
01-01 09:02:37.243 0 0 E DTC_ETH,link_delay_work_func: 3003, SQI=0, link=0
01-01 09:02:38.781 0 0 I msm_vidc: err : ffffffff: .....: DBLP Set: status 0
01-01 09:02:38.868 0 0 E DTC_Display: screen not ready
01-01 09:02:42.123 0 0 E DTC_Display: screen not ready
01-01 09:02:42.363 0 0 E DTC_ETH,link_delay_work_func: 3003, SQI=0, link=0
01-01 09:02:45.599 0 0 E DTC_Display: screen not ready
01-01 09:02:47.483 0 0 E DTC_ETH,link_delay_work_func: 3003, SQI=0, link=0
01-01 09:02:47.645 0 0 I msm_vidc: err : ffffffff: .....: DBLP Set: status 0
01-01 09:02:48.127 0 0 I binder : 16577:16577 ioctl 40046210 7fe518c534 returned -22
01-01 09:02:48.249 0 0 I binder : 16639:16639 ioctl 40046210 7fe518c534 returned -22
01-01 09:02:48.264 0 0 I binder : 16577:16607 ioctl 40046210 713d0541f4 returned -22
01-01 09:02:48.269 0 0 I binder : 16641:16641 ioctl 40046210 7fe518c534 returned -22
01-01 09:02:49.091 0 0 E DTC_Display: screen not ready
01-01 09:02:52.472 0 0 E DTC_Display: screen not ready
01-01 09:02:52.603 0 0 E DTC_ETH,link_delay_work_func: 3003, SQI=0, link=0
01-01 09:02:55.760 0 0 E DTC_Display: screen not ready
01-01 09:02:57.723 0 0 E DTC_ETH,link_delay_work_func: 3003, SQI=0, link=0
01-01 09:02:58.126 0 0 I binder : undelivered TRANSACTION_COMPLETE
01-01 09:02:58.126 0 0 I binder : undelivered transaction 1025077, process died.
01-01 09:02:58.159 0 0 I binder : 16713:16713 ioctl 40046210 7fe518c534 returned -22
01-01 09:02:59.128 0 0 E DTC_Display: screen not ready
01-01 09:03:02.302 0 0 I msm_vidc: err : ffffffff: .....: DBLP Set: status 0
01-01 09:03:02.509 0 0 I [dp_rx_][0x10e8bd3299][14:15:21.672423] wlan: [3492:I:QDF] DHCP-R RX: SA:ca:83:90:35:5d:31 DA:ff:ff:ff:ff:ff:ff
01-01 09:03:02.619 0 0 E DTC_Display: screen not ready
01-01 09:03:02.843 0 0 E DTC_ETH,link_delay_work_func: 3003, SQI=0, link=0
01-01 09:03:05.883 0 0 I binder : undelivered TRANSACTION_COMPLETE
01-01 09:03:05.883 0 0 I binder : undelivered transaction 1026507, process died.
01-01 09:03:05.925 0 0 I binder : 16741:16741 ioctl 40046210 7fe518c534 returned -22
01-01 09:03:06.003 0 0 E DTC_Display: screen not ready
01-01 09:03:07.777 0 0 I binder : 16773:16773 ioctl 40046210 7fe518c534 returned -22
01-01 09:03:07.963 0 0 E DTC_ETH,link_delay_work_func: 3003, SQI=0, link=0
01-01 09:03:09.259 0 0 E DTC_Display: screen not ready
01-01 09:03:10.717 0 0 I msm_vidc: err : ffffffff: .....: DBLP Set: status 0
01-01 09:03:12.631 0 0 E DTC_Display: screen not ready
01-01 09:03:13.083 0 0 E DTC_ETH,link_delay_work_func: 3003, SQI=0, link=0
01-01 09:03:16.127 0 0 E DTC_Display: screen not ready
01-01 09:03:17.031 0 0 I binder : 1549:1726 ioctl 400c620e 710f1335d8 returned -22
01-01 09:03:17.033 0 0 I binder : 1549:1726 ioctl c00c620f 710f1335b8 returned -22
01-01 09:03:17.501 0 0 I msm_vidc: err : ffffffff: .....: DBLP Set: status 0
01-01 09:03:18.203 0 0 E DTC_ETH,link_delay_work_func: 3003, SQI=0, link=0
01-01 09:03:19.125 0 0 I binder : 16713:16811 ioctl 40046210 71a8b14c94 returned -22
01-01 09:03:19.507 0 0 E DTC_Display: screen not ready
01-01 09:03:20.706 0 0 I binder : 16741:16840 ioctl 40046210 71aacf31f4 returned -22
01-01 09:03:22.091 0 0 I binder : 16773:16888 ioctl 40046210 71a9c051f4 returned -22
03-19 14:15:41.307 16773 16773 W CarrierConfigManager: Error getting config for subId -1 ICarrierConfigLoader is null
03-19 14:15:41.339 1549 4685 D TelephonyRegistry: listen oscl: mHasNotifySubscriptionInfoChangedOccurred==false no callback
03-19 14:15:41.343 1549 4916 D TelephonyRegistry: listen oscl: mHasNotifySubscriptionInfoChangedOccurred==false no callback
01-01 09:03:22.238 0 0 I [schedu][0x10ff514825][14:15:41.401776] wlan: [3490:I:OSIF] scan start scan id 40986
01-01 09:03:22.763 0 0 E DTC_Display: screen not ready
01-01 09:03:23.323 0 0 E DTC_ETH,link_delay_work_func: 3003, SQI=0, link=0
01-01 09:03:24.275 0 0 I [schedu][0x1101a635c5][14:15:43.439291] wlan: [3490:I:OSIF] vdev 0, scan id 40986 type COMPLETED(1) reason COMPLETED(1) scan found 66 bss
01-01 09:03:26.143 0 0 E DTC_Display: screen not ready
01-01 09:03:28.443 0 0 E DTC_ETH,link_delay_work_func: 3003, SQI=0, link=0
01-01 09:03:28.477 0 0 I msm_vidc: err : ffffffff: .....: DBLP Set: status 0
01-01 09:03:29.637 0 0 E DTC_Display: screen not ready
01-01 09:03:32.290 0 0 I binder : undelivered TRANSACTION_COMPLETE
01-01 09:03:32.290 0 0 I binder : undelivered transaction 1043646, process died.
01-01 09:03:32.292 0 0 I binder : undelivered transaction 1043641, process died.
01-01 09:03:32.338 0 0 I binder : 16952:16952 ioctl 40046210 7fe518c534 returned -22
01-01 09:03:33.011 0 0 E DTC_Display: screen not ready
01-01 09:03:33.563 0 0 E DTC_ETH,link_delay_work_func: 3003, SQI=0, link=0
01-01 09:03:35.325 0 0 I msm_vidc: err : ffffffff: .....: DBLP Set: status 0
01-01 09:03:36.268 0 0 E DTC_Display: screen not ready
01-01 09:03:36.722 0 0 I binder : 16980:16980 ioctl 40046210 7fe518c534 returned -22
01-01 09:03:38.364 0 0 I binder : 16952:17007 ioctl 40046210 71aacf61f4 returned -22
01-01 09:03:38.683 0 0 E DTC_ETH,link_delay_work_func: 3003, SQI=0, link=0
01-01 09:03:39.635 0 0 E DTC_Display: screen not ready
01-01 09:03:43.099 0 0 E DTC_Display: screen not ready
01-01 09:03:43.803 0 0 E DTC_ETH,link_delay_work_func: 3003, SQI=0, link=0
01-01 09:03:46.488 0 0 E DTC_Display: screen not ready
01-01 09:03:46.592 0 0 I msm_vidc: err : ffffffff: .....: DBLP Set: status 0
01-01 09:03:48.924 0 0 E DTC_ETH,link_delay_work_func: 3003, SQI=0, link=0
01-01 09:03:49.668 0 0 E DTC_Display: screen not ready
01-01 09:03:52.947 0 0 E DTC_Display: screen not ready
01-01 09:03:53.722 0 0 W audit : audit_lost=10542 audit_rate_limit=5 audit_backlog_limit=64
01-01 09:03:53.722 0 0 E audit : rate limit exceeded
01-01 09:03:54.043 0 0 E DTC_ETH,link_delay_work_func: 3003, SQI=0, link=0
01-01 09:03:56.311 0 0 E DTC_Display: screen not ready
01-01 09:03:57.405 0 0 I msm_vidc: err : ffffffff: .....: DBLP Set: status 0
01-01 09:03:58.087 0 0 I qcom_rpmh DRV: apps_rsc TCS Busy, retrying RPMH message send: addr=0x40d00
01-01 09:03:59.163 0 0 E DTC_ETH,link_delay_work_func: 3003, SQI=0, link=0
01-01 09:03:59.699 0 0 E DTC_Display: screen not ready
01-01 09:04:02.855 0 0 E DTC_Display: screen not ready
01-01 09:04:04.287 0 0 E DTC_ETH,link_delay_work_func: 3003, SQI=0, link=0
01-01 09:04:06.123 0 0 E DTC_Display: screen not ready
01-01 09:04:07.389 0 0 I msm_vidc: err : ffffffff: .....: DBLP Set: status 0
01-01 09:04:09.403 0 0 E DTC_ETH,link_delay_work_func: 3003, SQI=0, link=0
01-01 09:04:09.492 0 0 E DTC_Display: screen not ready
01-01 09:04:10.048 0 0 I qcom_rpmh DRV: apps_rsc TCS Busy, retrying RPMH message send: addr=0x41b08
01-01 09:04:12.853 0 0 E DTC_Display: screen not ready
01-01 09:04:14.523 0 0 E DTC_ETH,link_delay_work_func: 3003, SQI=0, link=0
01-01 09:04:16.004 0 0 E DTC_Display: screen not ready
01-01 09:04:16.108 0 0 I binder : 16980:17205 ioctl 40046210 71aad1f1f4 returned -22
03-19 14:16:35.320 16980 16980 W CarrierConfigManager: Error getting config for subId -1 ICarrierConfigLoader is null
03-19 14:16:35.354 1549 12818 D TelephonyRegistry: listen oscl: mHasNotifySubscriptionInfoChangedOccurred==false no callback
03-19 14:16:35.357 1549 8360 D TelephonyRegistry: listen oscl: mHasNotifySubscriptionInfoChangedOccurred==false no callback
01-01 09:04:16.253 0 0 I [schedu][0x113d2201a2][14:16:35.416836] wlan: [3490:I:OSIF] scan start scan id 40987
01-01 09:04:18.176 0 0 I [schedu][0x113f555438][14:16:37.339644] wlan: [3490:I:OSIF] vdev 0, scan id 40987 type COMPLETED(1) reason COMPLETED(1) scan found 78 bss
01-01 09:04:19.280 0 0 E DTC_Display: screen not ready
01-01 09:04:19.647 0 0 E DTC_ETH,link_delay_work_func: 3003, SQI=0, link=0
01-01 09:04:21.914 0 0 I binder : 17305:17305 ioctl 40046210 ffaff598 returned -22
01-01 09:04:21.940 0 0 I binder : 11896:17289 ioctl 40046210 ba24cd38 returned -22
01-01 09:04:22.643 0 0 E DTC_Display: screen not ready
01-01 09:04:24.763 0 0 E DTC_ETH,link_delay_work_func: 3003, SQI=0, link=0
01-01 09:04:26.004 0 0 E DTC_Display: screen not ready
01-01 09:04:27.403 0 0 W audit : audit_lost=10606 audit_rate_limit=5 audit_backlog_limit=64
01-01 09:04:27.403 0 0 E audit : rate limit exceeded
01-01 09:04:27.720 0 0 I binder : 17742:17742 ioctl 40046210 ffafece8 returned -22
01-01 09:04:27.761 0 0 I binder : 17774:17774 ioctl 40046210 ffaff598 returned -22
01-01 09:04:29.155 0 0 E DTC_Display: screen not ready
01-01 09:04:29.309 0 0 I msm_vidc: err : ffffffff: .....: DBLP Set: status 0
01-01 09:04:29.883 0 0 E DTC_ETH,link_delay_work_func: 3003, SQI=0, link=0
01-01 09:04:32.303 0 0 W audit : audit_lost=10610 audit_rate_limit=5 audit_backlog_limit=64
01-01 09:04:32.303 0 0 E audit : rate limit exceeded
01-01 09:04:32.427 0 0 E DTC_Display: screen not ready
01-01 09:04:35.003 0 0 E DTC_ETH,link_delay_work_func: 3003, SQI=0, link=0
01-01 09:04:35.795 0 0 E DTC_Display: screen not ready
01-01 09:04:39.155 0 0 E DTC_Display: screen not ready
01-01 09:04:40.123 0 0 E DTC_ETH,link_delay_work_func: 3003, SQI=0, link=0
01-01 09:04:42.307 0 0 E DTC_Display: screen not ready
01-01 09:04:45.243 0 0 E DTC_ETH,link_delay_work_func: 3003, SQI=0, link=0
01-01 09:04:45.579 0 0 E DTC_Display: screen not ready
01-01 09:04:45.821 0 0 I msm_vidc: err : ffffffff: .....: DBLP Set: status 0
01-01 09:04:46.656 0 0 I binder : undelivered transaction 1098596, process died.
01-01 09:04:46.711 0 0 I binder : 17864:17864 ioctl 40046210 7fe518c534 returned -22
01-01 09:04:48.843 0 0 E DTC_Display: screen not ready
01-01 09:04:50.363 0 0 E DTC_ETH,link_delay_work_func: 3003, SQI=0, link=0
01-01 09:04:50.548 0 0 I binder : 17864:17900 ioctl 40046210 7143f991f4 returned -22
01-01 09:04:52.111 0 0 E DTC_Display: screen not ready
01-01 09:04:55.268 0 0 E DTC_Display: screen not ready
01-01 09:04:55.483 0 0 E DTC_ETH,link_delay_work_func: 3003, SQI=0, link=0
01-01 09:04:57.341 0 0 I msm_vidc: err : ffffffff: .....: DBLP Set: status 0
01-01 09:04:58.436 0 0 E DTC_Display: screen not ready
01-01 09:05:00.603 0 0 E DTC_ETH,link_delay_work_func: 3003, SQI=0, link=0
01-01 09:05:01.707 0 0 E DTC_Display: screen not ready
01-01 09:05:04.971 0 0 E DTC_Display: screen not ready
01-01 09:05:05.723 0 0 E DTC_ETH,link_delay_work_func: 3003, SQI=0, link=0
01-01 09:05:08.131 0 0 E DTC_Display: screen not ready
01-01 09:05:08.275 0 0 I binder : 18031:18031 ioctl 40046210 7fe518c534 returned -22
01-01 09:05:10.291 0 0 I binder : 18059:18059 ioctl 40046210 7fe518c534 returned -22
01-01 09:05:10.843 0 0 E DTC_ETH,link_delay_work_func: 3003, SQI=0, link=0
01-01 09:05:11.303 0 0 E DTC_Display: screen not ready
01-01 09:05:12.224 0 0 I binder : 18078:18078 ioctl 40046210 7fe518c534 returned -22
01-01 09:05:14.571 0 0 E DTC_Display: screen not ready
01-01 09:05:15.197 0 0 I msm_vidc: err : ffffffff: .....: DBLP Set: status 0
01-01 09:05:15.963 0 0 E DTC_ETH,link_delay_work_func: 3003, SQI=0, link=0
01-01 09:05:17.835 0 0 E DTC_Display: screen not ready
01-01 09:05:17.993 0 0 I binder : 18102:18102 ioctl 40046210 ffaff598 returned -22
01-01 09:05:18.454 0 0 I afe_close: port_id = 0x9000
01-01 09:05:18.474 0 0 I binder : 18204:18204 ioctl 40046210 ffaff598 returned -22
01-01 09:05:18.477 0 0 I afe_find_cal_topo_id_by_port: port id: 0x9000, dev_acdb_id: 0
01-01 09:05:18.477 0 0 I afe_find_cal_topo_id_by_port: top_id:112fc acdb_id:7 afe_port:0x9000
01-01 09:05:18.477 0 0 I afe_get_cal_topology_id: port_id = 0x9000 acdb_id = 7 topology_id = 0x112fc cal_type_index=8 ret=0
01-01 09:05:18.478 0 0 I afe_send_port_topology_id: AFE set topology id 0x112fc enable for port 0x9000 ret 0
01-01 09:05:18.478 0 0 I send_afe_cal_type: cal_index is 0
01-01 09:05:18.478 0 0 I send_afe_cal_type: dev_acdb_id[55] is 0
01-01 09:05:18.478 0 0 I send_afe_cal_type: Sending cal_index cal 0
01-01 09:05:18.478 0 0 E send_afe_cal_type: No cal sent for cal_index 0, port_id = 0x9000! ret -22
01-01 09:05:18.478 0 0 I afe_send_hw_delay: port_id 0x9000 rate 48000 delay_usec 474 status 0
01-01 09:05:18.625 0 0 I binder : 18257:18257 ioctl 40046210 ffafece8 returned -22
01-01 09:05:18.744 0 0 I binder : 18320:18320 ioctl 40046210 ffaff598 returned -22
01-01 09:05:18.760 0 0 W audit : audit_lost=11282 audit_rate_limit=5 audit_backlog_limit=64
01-01 09:05:18.760 0 0 E audit : rate limit exceeded
01-01 09:05:18.797 0 0 I binder : 18341:18341 ioctl 40046210 ffaff598 returned -22
01-01 09:05:20.008 0 0 W audit : audit_lost=11981 audit_rate_limit=5 audit_backlog_limit=64
01-01 09:05:20.008 0 0 E audit : rate limit exceeded
01-01 09:05:20.999 0 0 E DTC_Display: screen not ready
01-01 09:05:21.087 0 0 E DTC_ETH,link_delay_work_func: 3003, SQI=0, link=0
01-01 09:05:22.877 0 0 I msm_vidc: err : ffffffff: .....: DBLP Set: status 0
01-01 09:05:24.163 0 0 E DTC_Display: screen not ready
01-01 09:05:26.203 0 0 E DTC_ETH,link_delay_work_func: 3003, SQI=0, link=0
01-01 09:05:27.435 0 0 E DTC_Display: screen not ready
01-01 09:05:28.707 0 0 E msm_pcm_playback_close: CMD_EOS failed, cmd_pending 0x8
01-01 09:05:30.699 0 0 E DTC_Display: screen not ready
01-01 09:05:31.323 0 0 E DTC_ETH,link_delay_work_func: 3003, SQI=0, link=0
01-01 09:05:33.859 0 0 E DTC_Display: screen not ready
01-01 09:05:36.443 0 0 E DTC_ETH,link_delay_work_func: 3003, SQI=0, link=0
01-01 09:05:37.027 0 0 E DTC_Display: screen not ready
01-01 09:05:38.947 0 0 E msm_pcm_playback_close: CMD_EOS failed, cmd_pending 0x8
01-01 09:05:40.299 0 0 E DTC_Display: screen not ready
01-01 09:05:41.563 0 0 E DTC_ETH,link_delay_work_func: 3003, SQI=0, link=0
01-01 09:05:43.421 0 0 I msm_vidc: err : ffffffff: .....: DBLP Set: status 0
01-01 09:05:43.563 0 0 E DTC_Display: screen not ready
01-01 09:05:46.683 0 0 E DTC_ETH,link_delay_work_func: 3003, SQI=0, link=0
01-01 09:05:46.723 0 0 E DTC_Display: screen not ready
01-01 09:05:49.187 0 0 E msm_pcm_playback_close: CMD_EOS failed, cmd_pending 0x8
01-01 09:05:49.903 0 0 E DTC_Display: screen not ready
01-01 09:05:51.803 0 0 E DTC_ETH,link_delay_work_func: 3003, SQI=0, link=0
01-01 09:05:53.163 0 0 E DTC_Display: screen not ready
01-01 09:05:53.405 0 0 I msm_vidc: err : ffffffff: .....: DBLP Set: status 0
01-01 09:05:56.427 0 0 E DTC_Display: screen not ready
01-01 09:05:56.923 0 0 E DTC_ETH,link_delay_work_func: 3003, SQI=0, link=0
01-01 09:05:59.427 0 0 E msm_pcm_playback_close: CMD_EOS failed, cmd_pending 0x8
01-01 09:05:59.591 0 0 E DTC_Display: screen not ready
01-01 09:06:02.043 0 0 E DTC_ETH,link_delay_work_func: 3003, SQI=0, link=0
01-01 09:06:02.755 0 0 E DTC_Display: screen not ready
01-01 09:06:06.027 0 0 E DTC_Display: screen not ready
01-01 09:06:07.163 0 0 E DTC_ETH,link_delay_work_func: 3003, SQI=0, link=0
01-01 09:06:09.291 0 0 E DTC_Display: screen not ready
01-01 09:06:09.667 0 0 E msm_pcm_playback_close: CMD_EOS failed, cmd_pending 0x8
01-01 09:06:11.101 0 0 I msm_vidc: err : ffffffff: .....: DBLP Set: status 0
01-01 09:06:12.283 0 0 E DTC_ETH,link_delay_work_func: 3003, SQI=0, link=0
01-01 09:06:14.036 0 0 E DTC_Display: screen not ready
01-01 09:06:17.395 0 0 E DTC_Display: screen not ready
01-01 09:06:17.403 0 0 E DTC_ETH,link_delay_work_func: 3003, SQI=0, link=0
01-01 09:06:19.907 0 0 E msm_pcm_playback_close: CMD_EOS failed, cmd_pending 0x8
01-01 09:06:21.695 0 0 E DTC_Display: screen not ready
01-01 09:06:22.523 0 0 E DTC_ETH,link_delay_work_func: 3003, SQI=0, link=0
01-01 09:06:24.972 0 0 E DTC_Display: screen not ready
01-01 09:06:27.643 0 0 E DTC_ETH,link_delay_work_func: 3003, SQI=0, link=0
01-01 09:06:28.348 0 0 E DTC_Display: screen not ready
01-01 09:06:30.147 0 0 E msm_pcm_playback_close: CMD_EOS failed, cmd_pending 0x8
01-01 09:06:30.717 0 0 I msm_vidc: err : ffffffff: .....: DBLP Set: status 0
01-01 09:06:31.731 0 0 E DTC_Display: screen not ready
01-01 09:06:32.764 0 0 E DTC_ETH,link_delay_work_func: 3003, SQI=0, link=0
01-01 09:06:35.204 0 0 E DTC_Display: screen not ready
01-01 09:06:37.883 0 0 E DTC_ETH,link_delay_work_func: 3003, SQI=0, link=0
01-01 09:06:38.475 0 0 E DTC_Display: screen not ready
01-01 09:06:39.311 0 0 I binder : 18828:18828 ioctl 40046210 ffafece8 returned -22
01-01 09:06:39.554 0 0 I binder : 18878:18878 ioctl 40046210 7ff23bb5b4 returned -22
01-01 09:06:40.196 0 0 W audit : audit_lost=12004 audit_rate_limit=5 audit_backlog_limit=64
01-01 09:06:40.196 0 0 E audit : rate limit exceeded
01-01 09:06:40.387 0 0 E msm_pcm_playback_close: CMD_EOS failed, cmd_pending 0x8
01-01 09:06:41.847 0 0 E DTC_Display: screen not ready
01-01 09:06:43.003 0 0 E DTC_ETH,link_delay_work_func: 3003, SQI=0, link=0
01-01 09:06:45.239 0 0 E DTC_Display: screen not ready
01-01 09:06:48.123 0 0 E DTC_ETH,link_delay_work_func: 3003, SQI=0, link=0
01-01 09:06:48.747 0 0 E DTC_Display: screen not ready
01-01 09:06:50.627 0 0 E msm_pcm_playback_close: CMD_EOS failed, cmd_pending 0x8
01-01 09:06:51.907 0 0 E DTC_Display: screen not ready
01-01 09:06:53.243 0 0 E DTC_ETH,link_delay_work_func: 3003, SQI=0, link=0
01-01 09:06:54.123 0 0 I binder : 18921:18921 ioctl 40046210 7fe518c534 returned -22
01-01 09:06:54.750 0 0 I binder : 19130:19130 ioctl 40046210 7fe3cfce54 returned -22
01-01 09:06:54.818 0 0 I binder : 19140:19140 ioctl 40046210 7fcb2a7b64 returned -22
01-01 09:06:54.859 0 0 I binder : 19146:19146 ioctl 40046210 7fd1eb2c54 returned -22
01-01 09:06:54.903 0 0 I binder : 19154:19154 ioctl 40046210 7fd55002b4 returned -22
01-01 09:06:54.984 0 0 W audit : audit_lost=12005 audit_rate_limit=5 audit_backlog_limit=64
01-01 09:06:54.984 0 0 E audit : rate limit exceeded
01-01 09:06:55.060 0 0 I binder : 19167:19167 ioctl 40046210 7ff5952034 returned -22
01-01 09:06:55.183 0 0 E DTC_Display: screen not ready
01-01 09:06:55.390 0 0 I binder : 19175:19175 ioctl 40046210 7fc8b9e284 returned -22
01-01 09:06:55.534 0 0 I binder : 19181:19181 ioctl 40046210 7fdb1dec74 returned -22
01-01 09:06:57.206 0 0 I binder : 18921:18953 ioctl 40046210 7139ecf874 returned -22
01-01 09:06:57.280 0 0 I binder : 19187:19187 ioctl 40046210 7ffb5474e4 returned -22
01-01 09:06:57.323 0 0 I binder : 19191:19191 ioctl 40046210 7fff3aaf34 returned -22
01-01 09:06:58.313 0 0 I binder : 19232:19232 ioctl 40046210 7fe518c534 returned -22
01-01 09:06:58.363 0 0 E DTC_ETH,link_delay_work_func: 3003, SQI=0, link=0
01-01 09:06:58.443 0 0 E DTC_Display: screen not ready
01-01 09:06:58.448 0 0 I binder : 19232:19260 ioctl 40046210 713d6881f4 returned -22
01-01 09:07:00.867 0 0 E msm_pcm_playback_close: CMD_EOS failed, cmd_pending 0x8
01-01 09:07:02.019 0 0 E DTC_Display: screen not ready
01-01 09:07:03.483 0 0 E DTC_ETH,link_delay_work_func: 3003, SQI=0, link=0
01-01 09:07:03.613 0 0 I msm_vidc: err : ffffffff: .....: DBLP Set: status 0
01-01 09:07:05.187 0 0 E DTC_Display: screen not ready
01-01 09:07:08.603 0 0 E DTC_ETH,link_delay_work_func: 3003, SQI=0, link=0
01-01 09:07:08.668 0 0 E DTC_Display: screen not ready
01-01 09:07:11.107 0 0 E msm_pcm_playback_close: CMD_EOS failed, cmd_pending 0x8
01-01 09:07:12.051 0 0 E DTC_Display: screen not ready
01-01 09:07:13.723 0 0 E DTC_ETH,link_delay_work_func: 3003, SQI=0, link=0
01-01 09:07:15.723 0 0 E DTC_Display: screen not ready
01-01 09:07:18.843 0 0 E DTC_ETH,link_delay_work_func: 3003, SQI=0, link=0
01-01 09:07:18.888 0 0 E DTC_Display: screen not ready
01-01 09:07:21.347 0 0 E msm_pcm_playback_close: CMD_EOS failed, cmd_pending 0x8
01-01 09:07:22.260 0 0 E DTC_Display: screen not ready
01-01 09:07:23.963 0 0 E DTC_ETH,link_delay_work_func: 3003, SQI=0, link=0
01-01 09:07:25.627 0 0 E DTC_Display: screen not ready
01-01 09:07:26.668 0 0 I binder : 18078:19334 ioctl 40046210 71a9c111f4 returned -22
03-19 14:19:45.880 18078 18078 W CarrierConfigManager: Error getting config for subId -1 ICarrierConfigLoader is null
03-19 14:19:45.918 1549 10196 D TelephonyRegistry: listen oscl: mHasNotifySubscriptionInfoChangedOccurred==false no callback
03-19 14:19:45.922 1549 4687 D TelephonyRegistry: listen oscl: mHasNotifySubscriptionInfoChangedOccurred==false no callback
01-01 09:07:26.817 0 0 I [schedu][0x1217374596][14:19:45.980729] wlan: [3490:I:OSIF] scan start scan id 40988
01-01 09:07:29.018 0 0 I [schedu][0x1219bc213a][14:19:48.181844] wlan: [3490:I:OSIF] vdev 0, scan id 40988 type COMPLETED(1) reason COMPLETED(1) scan found 84 bss
01-01 09:07:29.083 0 0 E DTC_ETH,link_delay_work_func: 3003, SQI=0, link=0
01-01 09:07:29.225 0 0 E DTC_Display: screen not ready
01-01 09:07:31.587 0 0 E msm_pcm_playback_close: CMD_EOS failed, cmd_pending 0x8
01-01 09:07:32.387 0 0 E DTC_Display: screen not ready
03-19 14:19:51.745 1549 2686 D TelephonyRegistry: listen oscl: mHasNotifySubscriptionInfoChangedOccurred==false no callback
03-19 14:19:51.747 1549 2686 D TelephonyRegistry: listen oscl: mHasNotifySubscriptionInfoChangedOccurred==false no callback
01-01 09:07:32.665 0 0 I [schedu][0x121de88b7a][14:19:51.828701] wlan: [3490:I:OSIF] scan start scan id 40989
01-01 09:07:34.203 0 0 E DTC_ETH,link_delay_work_func: 3003, SQI=0, link=0
01-01 09:07:34.580 0 0 I [schedu][0x1220199a38][14:19:53.743777] wlan: [3490:I:OSIF] vdev 0, scan id 40989 type COMPLETED(1) reason COMPLETED(1) scan found 96 bss
01-01 09:07:35.771 0 0 E DTC_Display: screen not ready
03-19 14:19:57.480 1549 4928 D TelephonyRegistry: listen oscl: mHasNotifySubscriptionInfoChangedOccurred==false no callback
01-01 09:07:38.402 0 0 I binder : 19403:19403 ioctl 40046210 7fe518c534 returned -22
01-01 09:07:39.155 0 0 E DTC_Display: screen not ready
01-01 09:07:39.323 0 0 E DTC_ETH,link_delay_work_func: 3003, SQI=0, link=0
01-01 09:07:41.827 0 0 E msm_pcm_playback_close: CMD_EOS failed, cmd_pending 0x8
01-01 09:07:42.735 0 0 E DTC_Display: screen not ready
01-01 09:07:44.444 0 0 E DTC_ETH,link_delay_work_func: 3003, SQI=0, link=0
01-01 09:07:45.893 0 0 E DTC_Display: screen not ready
01-01 09:07:49.271 0 0 E DTC_Display: screen not ready
01-01 09:07:49.569 0 0 E DTC_ETH,link_delay_work_func: 3003, SQI=0, link=0
01-01 09:07:52.067 0 0 E msm_pcm_playback_close: CMD_EOS failed, cmd_pending 0x8
01-01 09:07:52.671 0 0 E DTC_Display: screen not ready
01-01 09:07:54.683 0 0 E DTC_ETH,link_delay_work_func: 3003, SQI=0, link=0
01-01 09:07:56.259 0 0 E DTC_Display: screen not ready
01-01 09:07:57.277 0 0 I msm_vidc: err : ffffffff: .....: DBLP Set: status 0
01-01 09:07:59.427 0 0 E DTC_Display: screen not ready
01-01 09:07:59.803 0 0 E DTC_ETH,link_delay_work_func: 3003, SQI=0, link=0
01-01 09:08:02.307 0 0 E msm_pcm_playback_close: CMD_EOS failed, cmd_pending 0x8
01-01 09:08:02.811 0 0 E DTC_Display: screen not ready
01-01 09:08:04.923 0 0 E DTC_ETH,link_delay_work_func: 3003, SQI=0, link=0
01-01 09:08:06.195 0 0 E DTC_Display: screen not ready
01-01 09:08:09.767 0 0 E DTC_Display: screen not ready
01-01 09:08:10.043 0 0 E DTC_ETH,link_delay_work_func: 3003, SQI=0, link=0
01-01 09:08:12.547 0 0 E msm_pcm_playback_close: CMD_EOS failed, cmd_pending 0x8
01-01 09:08:12.931 0 0 E DTC_Display: screen not ready
01-01 09:08:15.164 0 0 E DTC_ETH,link_delay_work_func: 3003, SQI=0, link=0
01-01 09:08:16.307 0 0 E DTC_Display: screen not ready
01-01 09:08:19.671 0 0 E DTC_Display: screen not ready
01-01 09:08:20.283 0 0 E DTC_ETH,link_delay_work_func: 3003, SQI=0, link=0
01-01 09:08:22.787 0 0 E msm_pcm_playback_close: CMD_EOS failed, cmd_pending 0x8
01-01 09:08:23.267 0 0 E DTC_Display: screen not ready
01-01 09:08:24.547 0 0 I perf : interrupt took too long (4988 > 4983), lowering kernel.perf_event_max_sample_rate to 40000
01-01 09:08:25.403 0 0 E DTC_ETH,link_delay_work_func: 3003, SQI=0, link=0
01-01 09:08:26.435 0 0 E DTC_Display: screen not ready
01-01 09:08:29.823 0 0 E DTC_Display: screen not ready
01-01 09:08:30.523 0 0 E DTC_ETH,link_delay_work_func: 3003, SQI=0, link=0
01-01 09:08:33.027 0 0 E msm_pcm_playback_close: CMD_EOS failed, cmd_pending 0x8
01-01 09:08:33.219 0 0 E DTC_Display: screen not ready
01-01 09:08:35.643 0 0 E DTC_ETH,link_delay_work_func: 3003, SQI=0, link=0
01-01 09:08:36.823 0 0 E DTC_Display: screen not ready
01-01 09:08:40.010 0 0 E DTC_Display: screen not ready
01-01 09:08:40.764 0 0 E DTC_ETH,link_delay_work_func: 3003, SQI=0, link=0
01-01 09:08:43.267 0 0 E msm_pcm_playback_close: CMD_EOS failed, cmd_pending 0x8
01-01 09:08:43.379 0 0 E DTC_Display: screen not ready
01-01 09:08:45.883 0 0 E DTC_ETH,link_delay_work_func: 3003, SQI=0, link=0
01-01 09:08:46.739 0 0 E DTC_Display: screen not ready
01-01 09:08:50.311 0 0 E DTC_Display: screen not ready
01-01 09:08:51.003 0 0 E DTC_ETH,link_delay_work_func: 3003, SQI=0, link=0
01-01 09:08:53.479 0 0 E DTC_Display: screen not ready
01-01 09:08:53.507 0 0 E msm_pcm_playback_close: CMD_EOS failed, cmd_pending 0x8
01-01 09:08:56.127 0 0 E DTC_ETH,link_delay_work_func: 3003, SQI=0, link=0
01-01 09:08:56.859 0 0 E DTC_Display: screen not ready
01-01 09:09:00.243 0 0 E DTC_Display: screen not ready
01-01 09:09:01.243 0 0 E DTC_ETH,link_delay_work_func: 3003, SQI=0, link=0
01-01 09:09:01.318 0 0 I binder : 18031:19531 ioctl 40046210 71aacf31f4 returned -22
01-01 09:09:03.747 0 0 E msm_pcm_playback_close: CMD_EOS failed, cmd_pending 0x8
01-01 09:09:03.752 0 0 I binder : 18059:19567 ioctl 40046210 71a8b31c94 returned -22
01-01 09:09:03.811 0 0 E DTC_Display: screen not ready
01-01 09:09:06.364 0 0 E DTC_ETH,link_delay_work_func: 3003, SQI=0, link=0
01-01 09:09:06.984 0 0 E DTC_Display: screen not ready
01-01 09:09:10.355 0 0 E DTC_Display: screen not ready
01-01 09:09:11.483 0 0 E DTC_ETH,link_delay_work_func: 3003, SQI=0, link=0
01-01 09:09:13.715 0 0 E DTC_Display: screen not ready
01-01 09:09:13.987 0 0 E msm_pcm_playback_close: CMD_EOS failed, cmd_pending 0x8
01-01 09:09:16.603 0 0 E DTC_ETH,link_delay_work_func: 3003, SQI=0, link=0
01-01 09:09:17.287 0 0 E DTC_Display: screen not ready
01-01 09:09:20.451 0 0 E DTC_Display: screen not ready
01-01 09:09:21.027 0 0 I msm_vidc: high: 00000002: ....d: Opening video instance: 0000000000000000, 1
01-01 09:09:21.028 0 0 I msm_vidc: err : 00000002: ....d: Failed to create debugfs for msm_vidc
01-01 09:09:21.041 0 0 I msm_vidc: high: 00000002: h264d: Closed video instance: 0000000000000000
01-01 09:09:21.051 0 0 I msm_vidc: high: 00000002: ....e: Opening video instance: 0000000000000000, 0
01-01 09:09:21.051 0 0 I msm_vidc: err : 00000002: ....e: Failed to create debugfs for msm_vidc
01-01 09:09:21.723 0 0 E DTC_ETH,link_delay_work_func: 3003, SQI=0, link=0
01-01 09:09:23.827 0 0 E DTC_Display: screen not ready
01-01 09:09:24.227 0 0 E msm_pcm_playback_close: CMD_EOS failed, cmd_pending 0x8
01-01 09:09:24.884 0 0 I [dp_rx_][0x129e552704][14:21:44.047521] wlan: [3492:I:QDF] DHCP-D RX: SA:ca:83:90:35:5d:31 DA:ff:ff:ff:ff:ff:ff
01-01 09:09:25.908 0 0 I [dp_rx_][0x129f814365][14:21:45.071900] wlan: [3492:I:QDF] DHCP-D RX: SA:ca:83:90:35:5d:31 DA:ff:ff:ff:ff:ff:ff
01-01 09:09:26.843 0 0 E DTC_ETH,link_delay_work_func: 3003, SQI=0, link=0
01-01 09:09:27.034 0 0 I [dp_rx_][0x12a0cb35cd][14:21:46.198118] wlan: [3492:I:QDF] DHCP-R RX: SA:ca:83:90:35:5d:31 DA:ff:ff:ff:ff:ff:ff
01-01 09:09:27.187 0 0 E DTC_Display: screen not ready
01-01 09:09:27.906 0 0 I msm_vidc: high: 00000002: h264e: Closed video instance: 0000000000000000
01-01 09:09:27.976 0 0 I msm_vidc: high: 00000002: ....d: Opening video instance: 0000000000000000, 1
01-01 09:09:27.976 0 0 I msm_vidc: err : 00000002: ....d: Failed to create debugfs for msm_vidc
01-01 09:09:28.038 0 0 I msm_vidc: high: 00000002: h264d: Closed video instance: 0000000000000000
01-01 09:09:30.764 0 0 E DTC_Display: screen not ready
01-01 09:09:31.963 0 0 E DTC_ETH,link_delay_work_func: 3003, SQI=0, link=0
01-01 09:09:33.923 0 0 E DTC_Display: screen not ready
01-01 09:09:34.467 0 0 E msm_pcm_playback_close: CMD_EOS failed, cmd_pending 0x8
01-01 09:09:37.083 0 0 E DTC_ETH,link_delay_work_func: 3003, SQI=0, link=0
01-01 09:09:37.203 0 0 E DTC_Display: screen not ready
01-01 09:09:38.205 0 0 I msm_vidc: err : ffffffff: .....: DBLP Set: status 0
01-01 09:09:40.355 0 0 E DTC_Display: screen not ready
01-01 09:09:42.204 0 0 E DTC_ETH,link_delay_work_func: 3003, SQI=0, link=0
01-01 09:09:43.453 0 0 I msm_vidc: err : ffffffff: .....: DBLP Set: status 0
01-01 09:09:43.836 0 0 E DTC_Display: screen not ready
01-01 09:09:44.707 0 0 E msm_pcm_playback_close: CMD_EOS failed, cmd_pending 0x8
01-01 09:09:47.219 0 0 E DTC_Display: screen not ready
01-01 09:09:47.323 0 0 E DTC_ETH,link_delay_work_func: 3003, SQI=0, link=0
01-01 09:09:50.587 0 0 E DTC_Display: screen not ready
01-01 09:09:52.081 0 0 I qcom_rpmh DRV: apps_rsc TCS Busy, retrying RPMH message send: addr=0x40d00
01-01 09:09:52.443 0 0 E DTC_ETH,link_delay_work_func: 3003, SQI=0, link=0
01-01 09:09:53.763 0 0 E DTC_Display: screen not ready
01-01 09:09:54.947 0 0 E msm_pcm_playback_close: CMD_EOS failed, cmd_pending 0x8
01-01 09:09:57.347 0 0 E DTC_Display: screen not ready
01-01 09:09:57.563 0 0 E DTC_ETH,link_delay_work_func: 3003, SQI=0, link=0
01-01 09:10:00.727 0 0 E DTC_Display: screen not ready
01-01 09:10:02.339 0 0 I binder : 19777:19777 ioctl 40046210 7fe518c534 returned -22
01-01 09:10:02.683 0 0 E DTC_ETH,link_delay_work_func: 3003, SQI=0, link=0
01-01 09:10:04.223 0 0 E DTC_Display: screen not ready
01-01 09:10:05.187 0 0 E msm_pcm_playback_close: CMD_EOS failed, cmd_pending 0x8
01-01 09:10:07.399 0 0 E DTC_Display: screen not ready
01-01 09:10:07.803 0 0 E DTC_ETH,link_delay_work_func: 3003, SQI=0, link=0
01-01 09:10:11.087 0 0 E DTC_Display: screen not ready
01-01 09:10:12.923 0 0 E DTC_ETH,link_delay_work_func: 3003, SQI=0, link=0
01-01 09:10:14.559 0 0 E DTC_Display: screen not ready
01-01 09:10:15.427 0 0 E msm_pcm_playback_close: CMD_EOS failed, cmd_pending 0x8
01-01 09:10:17.943 0 0 E DTC_Display: screen not ready
01-01 09:10:18.043 0 0 E DTC_ETH,link_delay_work_func: 3003, SQI=0, link=0
01-01 09:10:21.124 0 0 E DTC_Display: screen not ready
01-01 09:10:23.163 0 0 E DTC_ETH,link_delay_work_func: 3003, SQI=0, link=0
01-01 09:10:24.812 0 0 E DTC_Display: screen not ready
01-01 09:10:25.053 0 0 I msm_vidc: err : ffffffff: .....: DBLP Set: status 0
01-01 09:10:25.667 0 0 E msm_pcm_playback_close: CMD_EOS failed, cmd_pending 0x8
01-01 09:10:28.283 0 0 E DTC_ETH,link_delay_work_func: 3003, SQI=0, link=0
01-01 09:10:28.283 0 0 E DTC_Display: screen not ready
01-01 09:10:31.667 0 0 E DTC_Display: screen not ready
01-01 09:10:33.403 0 0 E DTC_ETH,link_delay_work_func: 3003, SQI=0, link=0
01-01 09:10:34.715 0 0 E DTC_Display: screen not ready
01-01 09:10:35.907 0 0 E msm_pcm_playback_close: CMD_EOS failed, cmd_pending 0x8
01-01 09:10:38.307 0 0 E DTC_Display: screen not ready
01-01 09:10:38.523 0 0 E DTC_ETH,link_delay_work_func: 3003, SQI=0, link=0
01-01 09:10:41.579 0 0 E DTC_Display: screen not ready
01-01 09:10:43.421 0 0 I msm_vidc: err : ffffffff: .....: DBLP Set: status 0
01-01 09:10:43.643 0 0 E DTC_ETH,link_delay_work_func: 3003, SQI=0, link=0
01-01 09:10:44.843 0 0 E DTC_Display: screen not ready
01-01 09:10:46.147 0 0 E msm_pcm_playback_close: CMD_EOS failed, cmd_pending 0x8
01-01 09:10:47.903 0 0 E DTC_Display: screen not ready
01-01 09:10:48.763 0 0 E DTC_ETH,link_delay_work_func: 3003, SQI=0, link=0
01-01 09:10:51.491 0 0 E DTC_Display: screen not ready
01-01 09:10:53.883 0 0 E DTC_ETH,link_delay_work_func: 3003, SQI=0, link=0 --------- beginning of system
03-19 14:23:13.684 1549 4216 I ActivityTaskManager: FOREGROUND_APPLICATION_CHANGED to com.android.music.VideoBrowserActivity
03-19 14:23:13.734 2018 2149 D StartingSurfaceDrawer: Task start finish, remove starting surface for task 107
03-19 14:23:13.793 1549 4216 W FreeFormWindowHelper: Current Display FreeFormTask is null
01-01 09:10:54.775 0 0 E DTC_Display: screen not ready
03-19 14:23:14.821 1549 10380 W FreeFormWindowHelper: Current Display FreeFormTask is null
03-19 14:23:14.824 1549 12818 W FreeFormWindowHelper: Current Display FreeFormTask is null
03-19 14:23:14.837 1549 10380 W FreeFormWindowHelper: Current Display FreeFormTask is null
03-19 14:23:14.838 1549 10380 W FreeFormWindowHelper: Current Display FreeFormTask is null
03-19 14:23:14.863 1549 12818 W ActivityTaskManager: getTaskSnapshot: taskId=-912 not found
03-19 14:23:14.865 1549 12818 W FreeFormWindowHelper: Current Display FreeFormTask is null
03-19 14:23:14.865 1549 10380 W ActivityTaskManager: getTaskSnapshot: taskId=-911 not found
03-19 14:23:14.865 1549 12818 W FreeFormWindowHelper: Current Display FreeFormTask is null
03-19 14:23:14.866 1549 10380 W ActivityTaskManager: getTaskSnapshot: taskId=-910 not found
03-19 14:23:14.875 1549 1653 D AutofillManagerService: Close system dialogs
03-19 14:23:14.876 1549 10380 W FreeFormWindowHelper: Current Display FreeFormTask is null
03-19 14:23:14.877 1549 10380 W FreeFormWindowHelper: Current Display FreeFormTask is null
03-19 14:23:14.879 1549 10380 W FreeFormWindowHelper: Current Display FreeFormTask is null
03-19 14:23:14.881 1549 4928 W FreeFormWindowHelper: Current Display FreeFormTask is null
03-19 14:23:14.884 1549 10380 W ActivityTaskManager: getTaskSnapshot: taskId=-855 not found
03-19 14:23:14.886 1549 10380 W ActivityTaskManager: getTaskSnapshot: taskId=-855 not found
03-19 14:23:14.886 1549 10380 W ActivityTaskManager: getTaskSnapshot: taskId=-855 not found
03-19 14:23:14.888 1549 10380 W FreeFormWindowHelper: Current Display FreeFormTask is null
03-19 14:23:14.888 1549 10380 W FreeFormWindowHelper: Current Display FreeFormTask is null
03-19 14:23:14.905 1549 4928 W FreeFormWindowHelper: Current Display FreeFormTask is null
03-19 14:23:14.905 1549 4928 W FreeFormWindowHelper: Current Display FreeFormTask is null
03-19 14:23:14.931 1549 10380 W FreeFormWindowHelper: exitRecentTasks type=0
03-19 14:23:14.939 1549 1582 W FreeFormWindowHelper: Current Display FreeFormTask is null
03-19 14:23:14.939 1549 1582 W FreeFormWindowHelper: Current Display FreeFormTask is null
01-01 09:10:56.391 0 0 E msm_pcm_playback_close: CMD_EOS failed, cmd_pending 0x8
03-19 14:23:15.774 1549 4928 W FreeFormWindowHelper: Current Display FreeFormTask is null
03-19 14:23:15.774 1549 4928 W FreeFormWindowHelper: Current Display FreeFormTask is null
03-19 14:23:15.782 1549 1582 I ActivityTaskManager: FOREGROUND_APPLICATION_CHANGED to com.android.launcher3.uioverrides.QuickstepLauncher
03-19 14:23:15.893 1549 8362 W FreeFormWindowHelper: Current Display FreeFormTask is null
03-19 14:23:15.920 1549 1582 I thunderperf: PlatormCompat.setOverrides: Uid1=10071 Pid1=2634 Uid2=10071 Pid2=2634
03-19 14:23:15.920 1549 1582 I thunderperf: PlatormCompat.setOverrides: needCheck:false
03-19 14:23:15.921 1549 1582 I thunderperf: CompatConfig.addOverrideUnsafe: bef-state=0
03-19 14:23:15.921 1549 1582 I thunderperf: CompatConfig.addOverrideUnsafe: aft-state=0
03-19 14:23:15.921 1549 1582 I thunderperf: CompatConfig.addOverrideUnsafe: bef-state=0
03-19 14:23:15.921 1549 1582 I thunderperf: CompatConfig.addOverrideUnsafe: aft-state=0
03-19 14:23:15.922 1549 1582 I thunderperf: CompatConfig.addOverrideUnsafe: bef-state=0
03-19 14:23:15.922 1549 1582 I thunderperf: CompatConfig.addOverrideUnsafe: aft-state=0
03-19 14:23:15.922 1549 1582 I thunderperf: CompatConfig.addOverrideUnsafe: bef-state=0
03-19 14:23:15.922 1549 1582 I thunderperf: CompatConfig.addOverrideUnsafe: aft-state=0
03-19 14:23:15.923 1549 1582 I thunderperf: CompatConfig.addOverrideUnsafe: bef-state=0
03-19 14:23:15.923 1549 1582 I thunderperf: CompatConfig.addOverrideUnsafe: aft-state=0
03-19 14:23:15.923 1549 1582 I thunderperf: CompatConfig.addOverrideUnsafe: bef-state=0
03-19 14:23:15.923 1549 1582 I thunderperf: CompatConfig.addOverrideUnsafe: aft-state=0
03-19 14:23:15.924 1549 1582 I thunderperf: CompatConfig.addOverrideUnsafe: bef-state=0
03-19 14:23:15.924 1549 1582 I thunderperf: CompatConfig.addOverrideUnsafe: aft-state=0
03-19 14:23:15.924 1549 1582 I thunderperf: CompatConfig.addOverrideUnsafe: bef-state=0
03-19 14:23:15.924 1549 1582 I thunderperf: CompatConfig.addOverrideUnsafe: aft-state=0
03-19 14:23:15.925 1549 1582 I thunderperf: CompatConfig.addOverrideUnsafe: bef-state=0
03-19 14:23:15.925 1549 1582 I thunderperf: CompatConfig.addOverrideUnsafe: aft-state=0
03-19 14:23:15.925 1549 1582 I thunderperf: CompatConfig.addOverrideUnsafe: bef-state=0
03-19 14:23:15.925 1549 1582 I thunderperf: CompatConfig.addOverrideUnsafe: aft-state=0
03-19 14:23:15.926 1549 1582 I thunderperf: CompatConfig.addOverrideUnsafe: bef-state=0
03-19 14:23:15.926 1549 1582 I thunderperf: CompatConfig.addOverrideUnsafe: aft-state=0
03-19 14:23:15.926 1549 1582 I thunderperf: CompatConfig.addOverrideUnsafe: bef-state=0
03-19 14:23:15.926 1549 1582 I thunderperf: CompatConfig.addOverrideUnsafe: aft-state=0
03-19 14:23:15.926 1549 1582 I thunderperf: CompatConfig.addOverrideUnsafe: bef-state=0
03-19 14:23:15.927 1549 1582 I thunderperf: CompatConfig.addOverrideUnsafe: aft-state=0
03-19 14:23:15.927 1549 1582 I thunderperf: CompatConfig.addOverrideUnsafe: bef-state=0
03-19 14:23:15.927 1549 1582 I thunderperf: CompatConfig.addOverrideUnsafe: aft-state=0
03-19 14:23:15.935 1549 1582 I ActivityTaskManager: START u0 {act=android.intent.action.MAIN cat=[android.intent.category.LAUNCHER] flg=0x10200000 cmp=com.android.gallery3d/.app.GalleryActivity bnds=[2306,240][2508,440]} from uid 10071
03-19 14:23:15.941 2018 2149 D PhoneStartingWindowTypeAlgorithm: preferredStartingWindowType newTask:false taskSwitch:true processRunning:true allowTaskSnapshot:true activityCreated:true useEmptySplashScreen:false legacySplashScreen:false topIsHome:false
03-19 14:23:15.941 2018 2149 D PhoneStartingWindowTypeAlgorithm: isSnapshotCompatible rotation 0 snapshot 0
03-19 14:23:15.946 1549 1582 W FreeFormWindowHelper: Current Display FreeFormTask is null
03-19 14:23:15.952 1549 1582 I ActivityTaskManager: FOREGROUND_APPLICATION_CHANGED to com.android.gallery3d.app.GalleryActivity
03-19 14:23:15.963 1549 1549 I GameModeConfig: isGameModeOn = false
03-19 14:23:16.024 2018 2149 D StartingSurfaceDrawer: Task start finish, remove starting surface for task 108
03-19 14:23:16.061 1549 1582 W FreeFormWindowHelper: Current Display FreeFormTask is null
01-01 09:10:56.982 0 0 I msm_vidc: high: 00000002: ....d: Opening video instance: 0000000000000000, 1
01-01 09:10:56.982 0 0 I msm_vidc: err : 00000002: ....d: Failed to create debugfs for msm_vidc
01-01 09:10:57.103 0 0 I msm_vidc: high: 00000002: h264d: Closed video instance: 0000000000000000
03-19 14:23:16.920 1549 1582 W FreeFormWindowHelper: Current Display FreeFormTask is null
03-19 14:23:16.924 1549 8362 W FreeFormWindowHelper: Current Display FreeFormTask is null
03-19 14:23:16.930 1549 8362 W FreeFormWindowHelper: Current Display FreeFormTask is null
03-19 14:23:16.931 1549 8362 W FreeFormWindowHelper: Current Display FreeFormTask is null
03-19 14:23:16.962 1549 4216 W ActivityTaskManager: getTaskSnapshot: taskId=-812 not found
03-19 14:23:16.964 1549 4216 W FreeFormWindowHelper: Current Display FreeFormTask is null
03-19 14:23:16.964 1549 4216 W FreeFormWindowHelper: Current Display FreeFormTask is null
03-19 14:23:16.970 1549 8362 W ActivityTaskManager: getTaskSnapshot: taskId=-810 not found
03-19 14:23:16.975 1549 8362 W ActivityTaskManager: getTaskSnapshot: taskId=-809 not found
03-19 14:23:16.976 1549 8362 W FreeFormWindowHelper: Current Display FreeFormTask is null
03-19 14:23:16.976 1549 8362 W FreeFormWindowHelper: Current Display FreeFormTask is null
03-19 14:23:16.990 1549 1653 D AutofillManagerService: Close system dialogs
03-19 14:23:16.993 1549 8362 W FreeFormWindowHelper: Current Display FreeFormTask is null
03-19 14:23:16.993 1549 8362 W FreeFormWindowHelper: Current Display FreeFormTask is null
03-19 14:23:16.994 1549 8362 W FreeFormWindowHelper: Current Display FreeFormTask is null
03-19 14:23:16.996 1549 8362 W FreeFormWindowHelper: Current Display FreeFormTask is null
03-19 14:23:16.998 1549 8362 W ActivityTaskManager: getTaskSnapshot: taskId=-740 not found
03-19 14:23:17.000 1549 8362 W ActivityTaskManager: getTaskSnapshot: taskId=-740 not found
03-19 14:23:17.000 1549 8362 W ActivityTaskManager: getTaskSnapshot: taskId=-740 not found
03-19 14:23:17.010 1549 8362 W FreeFormWindowHelper: Current Display FreeFormTask is null
03-19 14:23:17.010 1549 8362 W FreeFormWindowHelper: Current Display FreeFormTask is null
03-19 14:23:17.028 1549 4216 W FreeFormWindowHelper: exitRecentTasks type=0
03-19 14:23:17.032 1549 8362 W FreeFormWindowHelper: Current Display FreeFormTask is null
03-19 14:23:17.032 1549 8362 W FreeFormWindowHelper: Current Display FreeFormTask is null
01-01 09:10:58.179 0 0 E DTC_Display: screen not ready
03-19 14:23:17.682 1549 12818 W FreeFormWindowHelper: Current Display FreeFormTask is null
03-19 14:23:17.682 1549 12818 W FreeFormWindowHelper: Current Display FreeFormTask is null
03-19 14:23:17.698 1549 4216 I ActivityTaskManager: FOREGROUND_APPLICATION_CHANGED to com.android.launcher3.uioverrides.QuickstepLauncher
03-19 14:23:17.825 1549 8362 W FreeFormWindowHelper: Current Display FreeFormTask is null
03-19 14:23:17.930 1549 1582 I thunderperf: PlatormCompat.setOverrides: Uid1=10071 Pid1=2634 Uid2=10071 Pid2=2634
03-19 14:23:17.930 1549 1582 I thunderperf: PlatormCompat.setOverrides: needCheck:false
03-19 14:23:17.930 1549 1582 I thunderperf: CompatConfig.addOverrideUnsafe: bef-state=0
03-19 14:23:17.930 1549 1582 I thunderperf: CompatConfig.addOverrideUnsafe: aft-state=0
03-19 14:23:17.931 1549 1582 I thunderperf: CompatConfig.addOverrideUnsafe: bef-state=0
03-19 14:23:17.931 1549 1582 I thunderperf: CompatConfig.addOverrideUnsafe: aft-state=0
03-19 14:23:17.931 1549 1582 I thunderperf: CompatConfig.addOverrideUnsafe: bef-state=0
03-19 14:23:17.931 1549 1582 I thunderperf: CompatConfig.addOverrideUnsafe: aft-state=0
03-19 14:23:17.932 1549 1582 I thunderperf: CompatConfig.addOverrideUnsafe: bef-state=0
03-19 14:23:17.932 1549 1582 I thunderperf: CompatConfig.addOverrideUnsafe: aft-state=0
03-19 14:23:17.932 1549 1582 I thunderperf: CompatConfig.addOverrideUnsafe: bef-state=0
03-19 14:23:17.932 1549 1582 I thunderperf: CompatConfig.addOverrideUnsafe: aft-state=0
03-19 14:23:17.933 1549 1582 I thunderperf: CompatConfig.addOverrideUnsafe: bef-state=0
03-19 14:23:17.933 1549 1582 I thunderperf: CompatConfig.addOverrideUnsafe: aft-state=0
03-19 14:23:17.933 1549 1582 I thunderperf: CompatConfig.addOverrideUnsafe: bef-state=0
03-19 14:23:17.933 1549 1582 I thunderperf: CompatConfig.addOverrideUnsafe: aft-state=0
03-19 14:23:17.934 1549 1582 I thunderperf: CompatConfig.addOverrideUnsafe: bef-state=0
03-19 14:23:17.934 1549 1582 I thunderperf: CompatConfig.addOverrideUnsafe: aft-state=0
03-19 14:23:17.935 1549 1582 I thunderperf: CompatConfig.addOverrideUnsafe: bef-state=0
03-19 14:23:17.935 1549 1582 I thunderperf: CompatConfig.addOverrideUnsafe: aft-state=0
03-19 14:23:17.935 1549 1582 I thunderperf: CompatConfig.addOverrideUnsafe: bef-state=0
03-19 14:23:17.935 1549 1582 I thunderperf: CompatConfig.addOverrideUnsafe: aft-state=0
03-19 14:23:17.936 1549 1582 I thunderperf: CompatConfig.addOverrideUnsafe: bef-state=0
03-19 14:23:17.936 1549 1582 I thunderperf: CompatConfig.addOverrideUnsafe: aft-state=0
03-19 14:23:17.936 1549 1582 I thunderperf: CompatConfig.addOverrideUnsafe: bef-state=0
03-19 14:23:17.936 1549 1582 I thunderperf: CompatConfig.addOverrideUnsafe: aft-state=0
03-19 14:23:17.937 1549 1582 I thunderperf: CompatConfig.addOverrideUnsafe: bef-state=0
03-19 14:23:17.937 1549 1582 I thunderperf: CompatConfig.addOverrideUnsafe: aft-state=0
03-19 14:23:17.937 1549 1582 I thunderperf: CompatConfig.addOverrideUnsafe: bef-state=0
03-19 14:23:17.937 1549 1582 I thunderperf: CompatConfig.addOverrideUnsafe: aft-state=0
03-19 14:23:17.945 1549 1582 I ActivityTaskManager: START u0 {act=android.intent.action.MAIN cat=[android.intent.category.LAUNCHER] flg=0x10200000 cmp=com.android.settings/.Settings bnds=[2306,640][2508,840]} from uid 10071
03-19 14:23:17.952 1549 1582 W FreeFormWindowHelper: Current Display FreeFormTask is null
03-19 14:23:17.956 2018 2149 D PhoneStartingWindowTypeAlgorithm: preferredStartingWindowType newTask:false taskSwitch:true processRunning:true allowTaskSnapshot:true activityCreated:true useEmptySplashScreen:false legacySplashScreen:false topIsHome:false
03-19 14:23:17.956 2018 2149 D PhoneStartingWindowTypeAlgorithm: isSnapshotCompatible rotation 0 snapshot 0
03-19 14:23:17.962 1549 1582 I ActivityTaskManager: FOREGROUND_APPLICATION_CHANGED to com.android.settings.homepage.SettingsHomepageActivity
03-19 14:23:18.010 2018 2149 D StartingSurfaceDrawer: Task start finish, remove starting surface for task 106
03-19 14:23:18.067 1549 2112 W FreeFormWindowHelper: Current Display FreeFormTask is null
01-01 09:10:59.003 0 0 E DTC_ETH,link_delay_work_func: 3003, SQI=0, link=0
03-19 14:23:19.047 1549 10196 W FreeFormWindowHelper: Current Display FreeFormTask is null
03-19 14:23:19.049 1549 10196 W FreeFormWindowHelper: Current Display FreeFormTask is null
03-19 14:23:19.064 1549 4216 W FreeFormWindowHelper: Current Display FreeFormTask is null
03-19 14:23:19.064 1549 10196 W FreeFormWindowHelper: Current Display FreeFormTask is null
03-19 14:23:19.089 1549 4216 W ActivityTaskManager: getTaskSnapshot: taskId=-686 not found
03-19 14:23:19.090 1549 4216 W FreeFormWindowHelper: Current Display FreeFormTask is null
03-19 14:23:19.090 1549 4216 W FreeFormWindowHelper: Current Display FreeFormTask is null
03-19 14:23:19.093 1549 4829 W ActivityTaskManager: getTaskSnapshot: taskId=-684 not found
03-19 14:23:19.097 1549 4216 W ActivityTaskManager: getTaskSnapshot: taskId=-684 not found
03-19 14:23:19.098 1549 4216 W FreeFormWindowHelper: Current Display FreeFormTask is null
03-19 14:23:19.098 1549 4216 W FreeFormWindowHelper: Current Display FreeFormTask is null
03-19 14:23:19.111 1549 1653 D AutofillManagerService: Close system dialogs
03-19 14:23:19.116 1549 2210 W FreeFormWindowHelper: Current Display FreeFormTask is null
03-19 14:23:19.117 1549 4216 W FreeFormWindowHelper: Current Display FreeFormTask is null
03-19 14:23:19.118 1549 4216 W ActivityTaskManager: getTaskSnapshot: taskId=-619 not found
03-19 14:23:19.120 1549 2210 W ActivityTaskManager: getTaskSnapshot: taskId=-619 not found
03-19 14:23:19.120 1549 2210 W ActivityTaskManager: getTaskSnapshot: taskId=-619 not found
03-19 14:23:19.135 1549 2210 W FreeFormWindowHelper: Current Display FreeFormTask is null
03-19 14:23:19.135 1549 4829 W FreeFormWindowHelper: Current Display FreeFormTask is null
03-19 14:23:19.149 1549 4829 W FreeFormWindowHelper: Current Display FreeFormTask is null
03-19 14:23:19.149 1549 4829 W FreeFormWindowHelper: Current Display FreeFormTask is null
03-19 14:23:19.177 1549 2210 W FreeFormWindowHelper: exitRecentTasks type=0
03-19 14:23:19.189 1549 4829 W FreeFormWindowHelper: Current Display FreeFormTask is null
03-19 14:23:19.189 1549 4829 W FreeFormWindowHelper: Current Display FreeFormTask is null
03-19 14:23:19.833 1549 2210 W FreeFormWindowHelper: Current Display FreeFormTask is null
03-19 14:23:19.833 1549 2210 W FreeFormWindowHelper: Current Display FreeFormTask is null
03-19 14:23:19.845 1549 2210 I ActivityTaskManager: FOREGROUND_APPLICATION_CHANGED to com.android.launcher3.uioverrides.QuickstepLauncher
03-19 14:23:19.862 1549 1582 D NotificationListeners: Removing active service ComponentInfo{com.android.settings/com.android.settings.homepage.SettingsHomepageActivity}
03-19 14:23:19.960 1549 2210 W FreeFormWindowHelper: Current Display FreeFormTask is null
01-01 09:11:01.350 0 0 E DTC_Display: screen not ready
03-19 14:23:21.275 1549 4829 I ActivityTaskManager: START u0 {act=android.intent.action.VIEW dat=content://media/external_primary/video/media/383 typ=video/mp4 flg=0x10000001 cmp=com.android.gallery3d/.app.MovieActivity} from uid 10078
