03-19 14:30:05.157 2018 2150 D StartingSurfaceDrawer: fillViewWithIcon surfaceWindowView android.window.SplashScreenView{187e650 V.E...... ......ID 0,0-0,0}
03-19 14:30:05.157 2634 2634 I wm_on_top_resumed_lost_called: [249239324,com.android.launcher3.uioverrides.QuickstepLauncher,topStateChangedWhenResumed]
03-19 14:30:05.158 2634 2634 I wm_on_paused_called: [249239324,com.android.launcher3.uioverrides.QuickstepLauncher,performPause]
03-19 14:30:05.159 1549 2214 I ActivityTaskManager: FOREGROUND_APPLICATION_CHANGED to com.android.settings.homepage.SettingsHomepageActivity
03-19 14:30:05.159 1549 2214 I ActivityTaskManager: The Process com.android.settings Already Exists in BG. So sending its PID: 21017
03-19 14:30:05.160 1549 2214 I wm_add_to_stopping: [0,249239324,com.android.launcher3/.uioverrides.QuickstepLauncher,makeInvisible]
03-19 14:30:05.160 1549 2214 D CompatibilityChangeReporter: Compat change id reported: 181136395; UID 1000; state: DISABLED
03-19 14:30:05.160 1549 2214 D CompatibilityChangeReporter: Compat change id reported: 174042936; UID 1000; state: DISABLED
03-19 14:30:05.160 1549 2214 I wm_restart_activity: [0,17152677,118,com.android.settings/.Settings]
03-19 14:30:05.161 1549 2214 I wm_set_resumed_activity: [0,com.android.settings/.Settings,minimalResumeActivityLocked]
03-19 14:30:05.164 1549 1656 I sysui_multi_action: [757,803,799,window_time_0,802,10]
03-19 14:30:05.176 1549 1741 I input_focus: [Focus leaving fc1131e com.android.launcher3/com.android.launcher3.uioverrides.QuickstepLauncher (server),reason=NO_WINDOW]
03-19 14:30:05.263 1549 12817 W FreeFormWindowHelper: Current Display FreeFormTask is null
03-19 14:30:05.288 1549 12817 I am_uid_active: 10079
03-19 14:30:05.293 21017 21017 I wm_on_create_called: [17152677,com.android.settings.Settings,performCreate]
03-19 14:30:05.301 1549 12817 E UserRestrictionsUtils: Unknown restriction queried by uid 1000 (com.android.settings et al): null
03-19 14:30:05.301 1549 12817 E UserRestrictionsUtils: Unknown restriction queried by uid 1000 (com.android.settings et al): null
03-19 14:30:05.301 1549 12817 E UserRestrictionsUtils: Unknown restriction queried by uid 1000 (com.android.settings et al): null
03-19 14:30:05.302 1549 12817 E UserRestrictionsUtils: Unknown restriction queried by uid 1000 (com.android.settings et al): null
03-19 14:30:05.302 1549 2214 E UserRestrictionsUtils: Unknown restriction queried by uid 1000 (com.android.settings et al): null
03-19 14:30:05.302 1549 4829 E UserRestrictionsUtils: Unknown restriction queried by uid 1000 (com.android.settings et al): null
03-19 14:30:05.302 1549 4829 E UserRestrictionsUtils: Unknown restriction queried by uid 1000 (com.android.settings et al): null
03-19 14:30:05.302 1549 4829 E UserRestrictionsUtils: Unknown restriction queried by uid 1000 (com.android.settings et al): null
03-19 14:30:05.303 1549 4829 E UserRestrictionsUtils: Unknown restriction queried by uid 1000 (com.android.settings et al): null
03-19 14:30:05.303 1549 4829 E UserRestrictionsUtils: Unknown restriction queried by uid 1000 (com.android.settings et al): null
03-19 14:30:05.303 1549 12817 E UserRestrictionsUtils: Unknown restriction queried by uid 1000 (com.android.settings et al): null
03-19 14:30:05.303 1549 2214 E UserRestrictionsUtils: Unknown restriction queried by uid 1000 (com.android.settings et al): null
03-19 14:30:05.303 1549 12817 E UserRestrictionsUtils: Unknown restriction queried by uid 1000 (com.android.settings et al): null
03-19 14:30:05.303 1549 2214 E UserRestrictionsUtils: Unknown restriction queried by uid 1000 (com.android.settings et al): null
03-19 14:30:05.304 1549 4829 E UserRestrictionsUtils: Unknown restriction queried by uid 1000 (com.android.settings et al): null
03-19 14:30:05.304 1549 2214 E UserRestrictionsUtils: Unknown restriction queried by uid 1000 (com.android.settings et al): null
03-19 14:30:05.304 1549 12817 E UserRestrictionsUtils: Unknown restriction queried by uid 1000 (com.android.settings et al): null
03-19 14:30:05.304 1549 4216 E UserRestrictionsUtils: Unknown restriction queried by uid 1000 (com.android.settings et al): null
03-19 14:30:05.328 21017 21017 I wm_on_start_called: [17152677,com.android.settings.Settings,handleStartActivity]
03-19 14:30:05.329 21017 21017 I snet_event_log: [120484087,-1,]
03-19 14:30:05.330 1549 1676 W BatteryExternalStatsWorker: error reading modem stats:ERROR_PHONE_NOT_AVAILABLE
03-19 14:30:05.331 21017 21017 I wm_on_resume_called: [17152677,com.android.settings.Settings,RESUME_ACTIVITY]
03-19 14:30:05.333 21017 21017 I sysui_multi_action: [757,35,758,1,833,0,1089,37]
03-19 14:30:05.341 1549 1676 E KernelCpuSpeedReader: Failed to read cpu-freq: /sys/devices/system/cpu/cpu4/cpufreq/stats/time_in_state: open failed: ENOENT (No such file or directory)
03-19 14:30:05.341 1549 1676 E KernelCpuSpeedReader: Failed to read cpu-freq: /sys/devices/system/cpu/cpu0/cpufreq/stats/time_in_state: open failed: ENOENT (No such file or directory)
03-19 14:30:05.342 21017 21017 I sysui_multi_action: [757,1729,758,4,854,isParalleledControllers:false,1089,46]
03-19 14:30:05.339 576 576 I auditd : type=1400 audit(0.0:12267): avc: denied { read } for comm="Binder:576_1" name="wakeup58" dev="sysfs" ino=71846 scontext=u:r:system_suspend:s0 tcontext=u:object_r:sysfs:s0 tclass=dir permissive=1
03-19 14:30:05.339 576 576 I auditd : type=1400 audit(0.0:12268): avc: denied { open } for comm="Binder:576_1" path="/sys/devices/virtual/misc/msm_g711mlaw/wakeup58" dev="sysfs" ino=71846 scontext=u:r:system_suspend:s0 tcontext=u:object_r:sysfs:s0 tclass=dir permissive=1
03-19 14:30:05.339 576 576 I auditd : type=1400 audit(0.0:12269): avc: denied { read } for comm="Binder:576_1" name="event_count" dev="sysfs" ino=71853 scontext=u:r:system_suspend:s0 tcontext=u:object_r:sysfs:s0 tclass=file permissive=1
03-19 14:30:05.339 576 576 I auditd : type=1400 audit(0.0:12270): avc: denied { open } for comm="Binder:576_1" path="/sys/devices/virtual/misc/msm_g711mlaw/wakeup58/event_count" dev="sysfs" ino=71853 scontext=u:r:system_suspend:s0 tcontext=u:object_r:sysfs:s0 tclass=file permissive=1
03-19 14:30:05.339 576 576 I auditd : type=1400 audit(0.0:12271): avc: denied { getattr } for comm="Binder:576_1" path="/sys/devices/virtual/misc/msm_g711mlaw/wakeup58/event_count" dev="sysfs" ino=71853 scontext=u:r:system_suspend:s0 tcontext=u:object_r:sysfs:s0 tclass=file permissive=1
03-19 14:30:05.351 21017 21017 I wm_on_top_resumed_gained_called: [17152677,com.android.settings.Settings,topStateChangedWhenResumed]
03-19 14:30:05.365 1549 1676 D KernelCpuUidUserSysTimeReader: Removing uids 99003-99003
03-19 14:30:05.365 1549 1676 D KernelCpuUidUserSysTimeReader: Removing uids 99008-99008
03-19 14:30:05.378 1549 1676 W BatteryExternalStatsWorker: error reading modem stats:ERROR_PHONE_NOT_AVAILABLE
03-19 14:30:05.379 1549 1676 E KernelCpuSpeedReader: Failed to read cpu-freq: /sys/devices/system/cpu/cpu4/cpufreq/stats/time_in_state: open failed: ENOENT (No such file or directory)
03-19 14:30:05.379 1549 1676 E KernelCpuSpeedReader: Failed to read cpu-freq: /sys/devices/system/cpu/cpu0/cpufreq/stats/time_in_state: open failed: ENOENT (No such file or directory)
03-19 14:30:05.379 1549 1676 I service_manager_stats: [100,45,60301]
03-19 14:30:05.390 1549 1657 I input_focus: [Focus request e3ad60b com.android.settings/com.android.settings.Settings,reason=UpdateInputWindows]
01-01 09:17:46.241 0 0 I binder : 21017:21100 ioctl 40046210 71aac1a1f4 returned -22
03-19 14:30:05.430 1549 1657 I sysui_multi_action: [324,1,757,1090,758,12,806,com.android.settings,871,com.android.settings.Settings,1091,291]
03-19 14:30:05.431 2018 2149 D StartingSurfaceDrawer: Task start finish, remove starting surface for task 118
03-19 14:30:05.431 2018 2149 V StartingSurfaceDrawer: Removing splash screen window for task: 118
03-19 14:30:05.432 1549 1653 I sysui_multi_action: [319,40,321,38,322,291,325,4663,757,761,758,8,759,1,806,com.android.settings,871,com.android.settings.Settings,904,com.android.launcher3,905,0,1320,4,1321,1]
03-19 14:30:05.433 1549 1653 I wm_activity_launch_time: [0,17152677,com.android.settings/.Settings,291]
03-19 14:30:05.442 1549 1741 I input_focus: [Focus entering e3ad60b com.android.settings/com.android.settings.Settings (server),reason=Window became focusable. Previous reason: NOT_VISIBLE]
03-19 14:30:05.456 21017 21017 W CarrierConfigManager: Error getting config for subId -1 ICarrierConfigLoader is null
03-19 14:30:05.460 1549 4216 E UserRestrictionsUtils: Unknown restriction queried by uid 1000 (com.android.settings et al): null
03-19 14:30:05.491 21017 21017 I sysui_multi_action: [757,746,758,1,833,0,1089,42]
03-19 14:30:05.492 1549 4216 D TelephonyRegistry: listen oscl: mHasNotifySubscriptionInfoChangedOccurred==false no callback
03-19 14:30:05.496 1549 2214 D TelephonyRegistry: listen oscl: mHasNotifySubscriptionInfoChangedOccurred==false no callback
03-19 14:30:05.503 21017 21017 I sysui_multi_action: [757,1729,758,4,854,isParalleledControllers:false,1089,54]
01-01 09:17:46.391 0 0 I [schedu][0x14dc43280e][14:30:05.554948] wlan: [3490:I:OSIF] scan start scan id 40990
03-19 14:30:05.709 1549 1656 I wm_stop_activity: [0,249239324,com.android.launcher3/.uioverrides.QuickstepLauncher]
03-19 14:30:05.727 2634 2634 I wm_on_stop_called: [249239324,com.android.launcher3.uioverrides.QuickstepLauncher,STOP_ACTIVITY_ITEM]
01-01 09:17:47.275 0 0 E DTC_Display: screen not ready
01-01 09:17:48.388 0 0 I [schedu][0x14de8c199a][14:30:07.551555] wlan: [3490:I:OSIF] vdev 0, scan id 40990 type COMPLETED(1) reason COMPLETED(1) scan found 89 bss
01-01 09:17:48.603 0 0 E DTC_ETH,link_delay_work_func: 3003, SQI=0, link=0
01-01 09:17:50.435 0 0 E DTC_Display: screen not ready
01-01 09:17:50.813 0 0 I msm_vidc: err : ffffffff: .....: DBLP Set: status 0
03-19 14:30:10.355 0 0 I auditd : type=1400 audit(0.0:12272): avc: denied { kill } for comm="swapper/0" capability=5 scontext=u:r:kernel:s0 tcontext=u:r:kernel:s0 tclass=capability permissive=1
03-19 14:30:12.374 1549 1741 I input_interaction: Interaction with: b43c859 StatusBar (server), swipe-up (server), edge-swipe (server), PointerEventDispatcher0 (server),
03-19 14:30:12.379 2018 2018 I sysui_multi_action: [757,803,799,panel_open,802,1]
03-19 14:30:12.382 2018 2018 I sysui_multi_action: [757,1328,758,4,1326,90,1327,0,1329,0]
03-19 14:30:12.443 1549 5960 I sysui_multi_action: [757,127,758,1]
03-19 14:30:12.443 1549 5960 I sysui_multi_action: [757,804,799,note_load,801,2,802,1]
03-19 14:30:12.443 1549 5960 I notification_panel_revealed: 2
03-19 14:30:12.457 1549 1657 I input_focus: [Focus request 8e3e934 NotificationShade,reason=UpdateInputWindows]
03-19 14:30:12.466 1549 4687 I sysui_multi_action: [757,128,758,1,793,4660254,794,0,795,4660254,796,26,798,0,806,android,857,DEVELOPER_IMPORTANT,858,4,947,0,1395,2,1500,4659875,1688,1]
03-19 14:30:12.466 1549 4687 I sysui_multi_action: [757,804,799,note_freshness,801,4660254,802,1]
03-19 14:30:12.466 1549 4687 I notification_visibility: [-1|android|26|null|1000,1,4660254,4660254,0,0]
03-19 14:30:12.467 1549 4687 I sysui_multi_action: [757,128,758,1,793,4661051,794,0,795,4661051,796,32,798,1,806,android,857,USB,858,1,947,0,1395,2,1500,4661001,1688,1]
03-19 14:30:12.467 1549 4687 I sysui_multi_action: [757,804,799,note_freshness,801,4661051,802,1]
03-19 14:30:12.467 1549 4687 I notification_visibility: [-1|android|32|null|1000,1,4661051,4661051,0,1]
03-19 14:30:12.479 1549 1741 I input_focus: [Focus leaving e3ad60b com.android.settings/com.android.settings.Settings (server),reason=setFocusedWindow]
03-19 14:30:12.479 1549 1741 I input_focus: [Focus entering 8e3e934 NotificationShade (server),reason=setFocusedWindow]
03-19 14:30:12.524 2018 2018 I sysui_multi_action: [757,111,758,1]
03-19 14:30:12.524 2018 2018 I sysui_multi_action: [757,126,758,1,759,126,927,0,928,1,1593,1]
03-19 14:30:12.524 2018 2018 I sysui_multi_action: [757,113,758,1,759,113,927,1,928,1,1593,1]
03-19 14:30:12.525 2018 2018 I sysui_multi_action: [757,0,758,1,759,0,927,2,928,0,1593,1]
03-19 14:30:12.525 2018 2018 I sysui_multi_action: [757,0,758,1,759,0,927,3,928,0,1593,1]
03-19 14:30:12.525 2018 2018 I sysui_multi_action: [757,491,758,1,759,491,927,4,928,0,1311,-1,1593,0]
03-19 14:30:12.525 2018 2018 I sysui_multi_action: [757,0,758,1,759,0,927,5,928,0,1593,0]
03-19 14:30:12.525 2018 2018 I sysui_multi_action: [757,122,758,1,759,122,927,6,928,1,1593,0]
03-19 14:30:12.525 2018 2018 I sysui_multi_action: [757,0,758,1,759,0,927,7,1593,0]
03-19 14:30:12.525 2018 2018 I sysui_multi_action: [757,111,758,1]
03-19 14:30:12.525 2018 2018 I sysui_multi_action: [757,126,758,1,759,126,927,0,928,1,1593,1]
03-19 14:30:12.525 2018 2018 I sysui_multi_action: [757,113,758,1,759,113,927,1,928,1,1593,1]
03-19 14:30:12.525 2018 2018 I sysui_multi_action: [757,0,758,1,759,0,927,2,928,0,1593,1]
03-19 14:30:12.526 2018 2018 I sysui_multi_action: [757,0,758,1,759,0,927,3,928,0,1593,1]
01-01 09:17:53.707 0 0 E DTC_Display: screen not ready
01-01 09:17:53.723 0 0 E DTC_ETH,link_delay_work_func: 3003, SQI=0, link=0
03-19 14:30:13.459 1549 1793 I GameModeConfig: isGameModeOn = false
03-19 14:30:13.459 1549 1793 I GameModeConfig: isGameModeOn = false
03-19 14:30:13.459 1549 1793 I GameModeConfig: isGameModeOn = false
03-19 14:30:13.459 1549 1793 I GameModeConfig: isGameModeOn = false
03-19 14:30:13.460 1549 1793 I GameModeConfig: isGameModeOn = false
03-19 14:30:13.460 1549 1793 I GameModeConfig: isGameModeOn = false
03-19 14:30:13.461 1549 1549 I notification_enqueue: [10078,2018,com.android.systemui,2048,NULL,0,Notification(channel=updateNotification shortcut=null contentView=null vibrate=null sound=null defaults=0x0 flags=0x0 color=0x00000000 vis=PRIVATE),1]
03-19 14:30:13.461 2018 2018 I sysui_multi_action: [757,111,758,2]
03-19 14:30:13.462 2018 2018 I sysui_multi_action: [757,111,758,2]
03-19 14:30:13.657 1549 1657 I input_focus: [Focus request e3ad60b com.android.settings/com.android.settings.Settings,reason=UpdateInputWindows]
03-19 14:30:13.663 1549 1549 I GameModeConfig: isGameModeOn = false
03-19 14:30:13.672 1549 5960 I sysui_multi_action: [757,128,758,2,793,4661460,794,1206,795,4661460,796,26,798,0,806,android,857,DEVELOPER_IMPORTANT,858,4,947,0,1395,2,1500,4661081,1688,1]
03-19 14:30:13.672 1549 5960 I notification_visibility: [-1|android|26|null|1000,0,4661460,4661460,0,0]
03-19 14:30:13.673 1549 5960 I sysui_multi_action: [757,128,758,2,793,4662256,794,1205,795,4662256,796,32,798,1,806,android,857,USB,858,1,947,0,1395,2,1500,4662206,1688,1]
03-19 14:30:13.673 1549 5960 I notification_visibility: [-1|android|32|null|1000,0,4662256,4662256,0,1]
03-19 14:30:13.673 1549 5960 I sysui_multi_action: [757,127,758,2]
03-19 14:30:13.673 1549 5960 I notification_panel_hidden:
03-19 14:30:13.682 1549 1741 I input_focus: [Focus leaving 8e3e934 NotificationShade (server),reason=NO_WINDOW]
03-19 14:30:13.682 1549 1741 I input_focus: [Focus entering e3ad60b com.android.settings/com.android.settings.Settings (server),reason=setFocusedWindow]
03-19 14:30:14.235 1549 1741 I input_interaction: Interaction with: e3ad60b com.android.settings/com.android.settings.Settings (server), swipe-up (server), edge-swipe (server), PointerEventDispatcher0 (server),
03-19 14:30:14.315 21017 21017 I sysui_multi_action: [757,138,758,4,759,1]
03-19 14:30:14.325 21017 21017 I sysui_multi_action: [757,830,758,4,833,0,854,main_toggle_wifi,1089,0]
03-19 14:30:14.328 1549 1668 W BroadcastQueue: Background execution not allowed: receiving Intent { act=android.net.wifi.WIFI_STATE_CHANGED flg=0x4000010 (has extras) } to com.yibasan.lizhifm/com.lizhi.im5.sdk.utils.NetworkConnectChangedReceiver
03-19 14:30:14.330 1549 1668 W BroadcastQueue: Background execution not allowed: receiving Intent { act=android.net.wifi.WIFI_STATE_CHANGED flg=0x4000010 (has extras) } to com.yibasan.lizhifm/com.lizhi.im5.netcore.stn.StnLogic$ConnectionReceiver
03-19 14:30:14.331 1549 1932 D CompatibilityChangeReporter: Compat change id reported: 171306433; UID 1000; state: ENABLED
03-19 14:30:14.340 1549 1668 W BroadcastQueue: Background execution not allowed: receiving Intent { act=android.net.wifi.WIFI_STATE_CHANGED flg=0x4000010 (has extras) } to com.yibasan.lizhifm/com.lizhi.im5.sdk.utils.NetworkConnectChangedReceiver
03-19 14:30:14.340 1549 1668 W BroadcastQueue: Background execution not allowed: receiving Intent { act=android.net.wifi.WIFI_STATE_CHANGED flg=0x4000010 (has extras) } to com.yibasan.lizhifm/com.lizhi.im5.netcore.stn.StnLogic$ConnectionReceiver
03-19 14:30:14.357 841 841 W android.hardware.wifi@1.0-service: No active wlan interfaces in use! Using default
01-01 09:17:55.201 0 0 I [wpa_su][0x14e658235e][14:30:14.364699] wlan: [3505:I:HDD] wlan0(vdevid-0): Received Disconnect reason:3 WLAN_REASON_DEAUTH_LEAVING
01-01 09:17:55.202 0 0 I [schedu][0x14e6585af7][14:30:14.365440] wlan: [3490:I:PE] Deauth TX: vdev 0 seq_num 2058 reason 3 waitForAck 1 to 38:a9:1c:35:03:09 from 06:76:13:45:91:20
01-01 09:17:55.242 0 0 I [schedu][0x14e6642ddd][14:30:14.405799] wlan: [3490:I:HDD] wlan0(vdevid-0): disconnected
01-01 09:17:55.242 0 0 I [schedu][0x14e6642fdb][14:30:14.405825] wlan: [3490:I:DP] dp_tx_flow_pool_unmap_handler: flow_id 0 flow_type 0 flow_pool_id 0
01-01 09:17:55.243 0 0 I [wpa_su][0x14e6649ae6][14:30:14.407253] wlan: [3505:I:HDD] Disconnect reason: 3 WLAN_REASON_DEAUTH_LEAVING vendor: 0 LG: 1
03-19 14:30:14.422 1221 1221 I wificond: Unsubscribe scan result for interface with index: 17
01-01 09:17:55.287 0 0 I [schedu][0x14e67180d0][14:30:14.451278] wlan: [3490:I:HIF] Deinitializing Runtime PM wakelock &vdev->vdev_set_key_runtime_wakelock
01-01 09:17:55.288 0 0 I [schedu][0x14e671ba2b][14:30:14.452043] wlan: [3490:I:HIF] Initializing Runtime PM wakelock &vdev->vdev_set_key_runtime_wakelock
03-19 14:30:14.467 1221 1221 I wificond: tearDownClientInterface: erasing wiphy_index for iface_name wlan0
03-19 14:30:14.467 1221 1221 I wificond: remove channel type 0 support at wiphy index 0
03-19 14:30:14.467 1221 1221 I wificond: remove channel type 1 support at wiphy index 0
01-01 09:17:55.311 0 0 I init : Service 'wpa_supplicant' (pid 3505) exited with status 0 oneshot service took 4659.792969 seconds in background
01-01 09:17:55.311 0 0 I init : Sending signal 9 to service 'wpa_supplicant' (pid 3505) process group...
01-01 09:17:55.311 0 0 I libprocessgroup: Successfully killed process cgroup uid 0 pid 3505 in 0ms
03-19 14:30:14.519 841 841 I auditd : type=1400 audit(0.0:12273): avc: denied { search } for comm="wifi@1.0-servic" name="tombstones" dev="dm-10" ino=36 scontext=u:r:hal_wifi_default:s0 tcontext=u:object_r:vendor_tombstone_data_file:s0 tclass=dir permissive=1
03-19 14:30:14.519 841 841 I auditd : type=1400 audit(0.0:12274): avc: denied { read } for comm="wifi@1.0-servic" name="wifi" dev="dm-10" ino=37 scontext=u:r:hal_wifi_default:s0 tcontext=u:object_r:vendor_tombstone_data_file:s0 tclass=dir permissive=1
03-19 14:30:14.519 841 841 I auditd : type=1400 audit(0.0:12275): avc: denied { open } for comm="wifi@1.0-servic" path="/data/vendor/tombstones/wifi" dev="dm-10" ino=37 scontext=u:r:hal_wifi_default:s0 tcontext=u:object_r:vendor_tombstone_data_file:s0 tclass=dir permissive=1
03-19 14:30:14.519 841 841 I auditd : type=1400 audit(0.0:12276): avc: denied { write } for comm="wifi@1.0-servic" name="wifi" dev="dm-10" ino=37 scontext=u:r:hal_wifi_default:s0 tcontext=u:object_r:vendor_tombstone_data_file:s0 tclass=dir permissive=1
03-19 14:30:14.519 841 841 I auditd : type=1400 audit(0.0:12277): avc: denied { add_name } for comm="wifi@1.0-servic" name="connectivity_events_rbL2CdencigO" scontext=u:r:hal_wifi_default:s0 tcontext=u:object_r:vendor_tombstone_data_file:s0 tclass=dir permissive=1
03-19 14:30:14.526 1549 1725 I commit_sys_config_file: [settings-0-0,4]
03-19 14:30:14.519 841 841 I auditd : type=1400 audit(0.0:12278): avc: denied { create } for comm="wifi@1.0-servic" name="connectivity_events_rbL2CdencigO" scontext=u:r:hal_wifi_default:s0 tcontext=u:object_r:vendor_tombstone_data_file:s0 tclass=file permissive=1
01-01 09:17:55.362 0 0 W audit : audit_lost=12015 audit_rate_limit=5 audit_backlog_limit=64
01-01 09:17:55.362 0 0 E audit : rate limit exceeded
03-19 14:30:14.548 841 841 E android.hardware.wifi@1.0-service: Stopping legacy HAL
03-19 14:30:14.548 841 841 E android.hardware.wifi@1.0-service: Legacy HAL trigger wifi cleanup
03-19 14:30:14.548 841 3498 I android.hardware.wifi@1.0-service: Legacy HAL stop complete callback received
03-19 14:30:14.548 841 3498 E android.hardware.wifi@1.0-service: SetWifiUpState(false) completed
03-19 14:30:14.548 841 3498 E android.hardware.wifi@1.0-service: Legacy HAL Wifi event loop exited
03-19 14:30:14.548 841 3498 E android.hardware.wifi@1.0-service: Legacy HAL event loop terminated
03-19 14:30:14.548 841 841 D android.hardware.wifi@1.0-service: Legacy HAL stop complete
03-19 14:30:14.549 841 841 I android.hardware.wifi@1.0-service: Wifi HAL stopped
03-19 14:30:14.563 1549 1668 W BroadcastQueue: Background execution not allowed: receiving Intent { act=android.net.wifi.STATE_CHANGE flg=0x4000010 (has extras) } to com.yibasan.lizhifm/com.lizhi.im5.sdk.utils.NetworkConnectChangedReceiver
03-19 14:30:14.563 1549 1668 W BroadcastQueue: Background execution not allowed: receiving Intent { act=android.net.wifi.STATE_CHANGE flg=0x4000010 (has extras) } to com.yibasan.lizhifm/com.lizhi.im5.netcore.stn.StnLogic$ConnectionReceiver
03-19 14:30:14.573 1549 1788 I netstats_mobile_sample: [0,0,0,0,0,0,0,0,0,0,0,0,1679207414573]
03-19 14:30:14.573 1549 1788 I netstats_wifi_sample: [358862340,294530,20601895,117309,358862340,294530,20601895,117309,373394973,332801,15440991,104700,1679207414573]
03-19 14:30:14.589 1549 1788 W ContextImpl: Calling a method in the system process without a qualified user: android.app.ContextImpl.sendStickyBroadcast:1559 com.android.server.ConnectivityService.sendStickyBroadcast:2811 com.android.server.ConnectivityService.sendLegacyNetworkBroadcast:8732 com.android.server.ConnectivityService$LegacyTypeTracker.remove:1007 com.android.server.ConnectivityService$LegacyTypeTracker.remove:1024
03-19 14:30:14.592 1549 1668 W BroadcastQueue: Target SDK mismatch: receiver ActivityInfo{bd0f58b com.yibasan.lizhifm.library.glide.model.CustomImageSizeModel$NetWorkStateReceiver} targets 28 but delivery restricted to [0, 23] broadcasting Intent { act=android.net.conn.CONNECTIVITY_CHANGE flg=0x4200010 (has extras) } from android (pid=1549, uid=1000) to com.yibasan.lizhifm/.library.glide.model.CustomImageSizeModel$NetWorkStateReceiver
03-19 14:30:14.592 1549 1668 W BroadcastQueue: Target SDK mismatch: receiver ActivityInfo{74b1668 com.yibasan.lizhifm.boot.LZReceivers$ConnectionReceiver} targets 28 but delivery restricted to [0, 23] broadcasting Intent { act=android.net.conn.CONNECTIVITY_CHANGE flg=0x4200010 (has extras) } from android (pid=1549, uid=1000) to com.yibasan.lizhifm/.boot.LZReceivers$ConnectionReceiver
03-19 14:30:14.592 1549 1668 W BroadcastQueue: Target SDK mismatch: receiver ActivityInfo{83c6a81 io.rong.push.rongpush.PushReceiver} targets 28 but delivery restricted to [0, 23] broadcasting Intent { act=android.net.conn.CONNECTIVITY_CHANGE flg=0x4200010 (has extras) } from android (pid=1549, uid=1000) to com.yibasan.lizhifm/io.rong.push.rongpush.PushReceiver
03-19 14:30:14.592 1549 1668 W BroadcastQueue: Target SDK mismatch: receiver ActivityInfo{af2d726 com.lizhi.im5.sdk.utils.NetworkConnectChangedReceiver} targets 28 but delivery restricted to [0, 23] broadcasting Intent { act=android.net.conn.CONNECTIVITY_CHANGE flg=0x4200010 (has extras) } from android (pid=1549, uid=1000) to com.yibasan.lizhifm/com.lizhi.im5.sdk.utils.NetworkConnectChangedReceiver
03-19 14:30:14.592 1549 1668 W BroadcastQueue: Target SDK mismatch: receiver ActivityInfo{4575f67 com.lizhi.im5.netcore.stn.StnLogic$ConnectionReceiver} targets 28 but delivery restricted to [0, 23] broadcasting Intent { act=android.net.conn.CONNECTIVITY_CHANGE flg=0x4200010 (has extras) } from android (pid=1549, uid=1000) to com.yibasan.lizhifm/com.lizhi.im5.netcore.stn.StnLogic$ConnectionReceiver
03-19 14:30:15.349 21017 21017 I sysui_multi_action: [757,139,758,4]
03-19 14:30:15.353 21017 21017 I sysui_multi_action: [757,830,758,4,833,0,854,main_toggle_wifi,1089,0]
03-19 14:30:15.359 841 841 D android.hardware.wifi@1.0-service: Initialize legacy HAL
03-19 14:30:15.360 841 841 I android.hardware.wifi@1.0-service: Wifi HAL started
01-01 09:17:56.196 0 0 I : Wifi Turning On from UI
03-19 14:30:15.364 841 841 D android.hardware.wifi@1.0-service: Waiting for the driver ready
01-01 09:17:56.200 0 0 I : Wifi Turning On from UI
01-01 09:17:56.201 0 0 I [wifi@1][0x14e77d4b0a][14:30:15.365334] wlan: [841:I:DP] dp_vdev_attach_wifi3: wlan_cfg_ap_bridge_enabled 0
03-19 14:30:15.364 841 841 D android.hardware.wifi@1.0-service: Starting legacy HAL
03-19 14:30:15.378 841 841 I android.hardware.wifi@1.0-service: Adding interface handle for wifi-aware0
03-19 14:30:15.378 841 841 I android.hardware.wifi@1.0-service: Adding interface handle for p2p0
03-19 14:30:15.378 841 841 I android.hardware.wifi@1.0-service: Adding interface handle for wlan0
03-19 14:30:15.378 841 841 D android.hardware.wifi@1.0-service: Legacy HAL start complete
03-19 14:30:15.378 841 841 W android.hardware.wifi@1.0-service: No active wlan interfaces in use! Using default
03-19 14:30:15.379 841 841 W android.hardware.wifi@1.0-service: No active wlan interfaces in use! Using default
03-19 14:30:15.380 841 841 I android.hardware.wifi@1.0-service: Configured chip in mode 3
03-19 14:30:15.380 841 841 W android.hardware.wifi@1.0-service: No active wlan interfaces in use! Using default
03-19 14:30:15.380 841 21187 D android.hardware.wifi@1.0-service: Starting legacy HAL event loop
01-01 09:17:56.218 0 0 E [wifi@1][0x14e7822caa][14:30:15.381996] wlan: [21187:E:wifipos] wifi_pos_process_app_reg_req: 608: Received App Req Req pid(1522533193), len(16)
01-01 09:17:56.219 0 0 I [wifi@1][0x14e78255e0][14:30:15.382546] wlan: [21187:I:wifipos] wifi_pos_get_ch_info: 461: num channels: 26
01-01 09:17:56.219 0 0 I [wifi@1][0x14e78277ae][14:30:15.382996] wlan: [21187:I:wifipos] wifi_pos_get_ch_info: 461: num channels: 26
03-19 14:30:15.393 1221 1221 I wificond: createClientInterface: wiphy_index 0 iface_name wlan0
03-19 14:30:15.394 1221 1221 I wificond: create scanner for interface with index: 17
03-19 14:30:15.394 1221 1221 I wificond: subscribe scan result for interface with index: 17
03-19 14:30:15.395 1221 1221 I wificond: add channel type 0 support at wiphy index: 0
03-19 14:30:15.395 1221 1221 I wificond: add channel type 1 support at wiphy index: 0
03-19 14:30:15.407 1549 1668 W BroadcastQueue: Background execution not allowed: receiving Intent { act=android.net.wifi.WIFI_STATE_CHANGED flg=0x4000010 (has extras) } to com.yibasan.lizhifm/com.lizhi.im5.sdk.utils.NetworkConnectChangedReceiver
03-19 14:30:15.407 1549 1668 W BroadcastQueue: Background execution not allowed: receiving Intent { act=android.net.wifi.WIFI_STATE_CHANGED flg=0x4000010 (has extras) } to com.yibasan.lizhifm/com.lizhi.im5.netcore.stn.StnLogic$ConnectionReceiver
01-01 09:17:56.247 0 0 I init : starting service 'wpa_supplicant'...
01-01 09:17:56.248 0 0 I init : Created socket '/dev/socket/vendor_wpa_wlan0', mode 660, user 1010, group 1010
01-01 09:17:56.252 0 0 I init : Control message: Processed ctl.interface_start for 'android.hardware.wifi.supplicant@1.0::ISupplicant/default' from pid: 511 (/system/bin/hwservicemanager)
03-19 14:30:15.556 1549 1725 I commit_sys_config_file: [settings-0-0,4]
03-19 14:30:15.561 1549 1668 W BroadcastQueue: Background execution not allowed: receiving Intent { act=android.net.wifi.WIFI_STATE_CHANGED flg=0x4000010 (has extras) } to com.yibasan.lizhifm/com.lizhi.im5.sdk.utils.NetworkConnectChangedReceiver
03-19 14:30:15.561 1549 1668 W BroadcastQueue: Background execution not allowed: receiving Intent { act=android.net.wifi.WIFI_STATE_CHANGED flg=0x4000010 (has extras) } to com.yibasan.lizhifm/com.lizhi.im5.netcore.stn.StnLogic$ConnectionReceiver
01-01 09:17:56.432 0 0 I [schedu][0x14e7c0f0e3][14:30:15.596239] wlan: [3490:I:HIF] Deinitializing Runtime PM wakelock &vdev->vdev_set_key_runtime_wakelock
01-01 09:17:56.434 0 0 I [schedu][0x14e7c15edc][14:30:15.597706] wlan: [3490:I:HIF] Initializing Runtime PM wakelock &vdev->vdev_set_key_runtime_wakelock
03-19 14:30:15.614 841 841 D android.hardware.wifi@1.0-service: Successfully SetMacAddress.
01-01 09:17:56.451 0 0 I [wifi@1][0x14e7c663df][14:30:15.614839] wlan: [841:I:DP] dp_vdev_attach_wifi3: wlan_cfg_ap_bridge_enabled 0
01-01 09:17:56.462 0 0 E [wifi@1][0x14e7c9b27c][14:30:15.626127] wlan: [21187:E:wifipos] wifi_pos_process_app_reg_req: 608: Received App Req Req pid(1522533193), len(16)
01-01 09:17:56.463 0 0 I [wifi@1][0x14e7c9ddb0][14:30:15.626703] wlan: [21187:I:wifipos] wifi_pos_get_ch_info: 461: num channels: 26
01-01 09:17:56.463 0 0 I [wifi@1][0x14e7c9f809][14:30:15.627054] wlan: [21187:I:wifipos] wifi_pos_get_ch_info: 461: num channels: 26
01-01 09:17:56.668 0 0 I [schedu][0x14e805e259][14:30:15.831565] wlan: [3490:I:OSIF] scan start scan id 40991
03-19 14:30:15.891 1549 1549 W Looper : Slow dispatch took 330ms main h=android.app.ActivityThread$H c=android.app.LoadedApk$ReceiverDispatcher$Args$$ExternalSyntheticLambda0@d347736 m=0
03-19 14:30:15.891 1549 1549 W Looper : Slow delivery took 333ms main h=android.app.ActivityThread$H c=android.app.LoadedApk$ReceiverDispatcher$Args$$ExternalSyntheticLambda0@56d6637 m=0
03-19 14:30:15.898 1549 1549 W Looper : Drained
03-19 14:30:16.355 0 0 I auditd : type=1400 audit(0.0:12299): avc: denied { kill } for comm="swapper/3" capability=5 scontext=u:r:kernel:s0 tcontext=u:r:kernel:s0 tclass=capability permissive=1
03-19 14:30:16.558 21017 21017 I sysui_multi_action: [757,830,758,4,833,0,854,top_level_connected_devices,1089,0]
01-01 09:17:57.492 0 0 E DTC_Display: screen not ready
03-19 14:30:16.665 21017 21017 I sysui_multi_action: [757,746,758,2,1089,11174]
03-19 14:30:16.681 1549 1858 W BluetoothManagerService: psc is not null in bindBluetoothProfileService
03-19 14:30:16.695 1549 1667 I am_pss : [21017,1000,com.android.settings,161900544,151445504,0,299540480,0,2,13]
03-19 14:30:16.704 1549 1858 E UserRestrictionsUtils: Unknown restriction queried by uid 1000 (com.android.settings et al): null
03-19 14:30:16.713 21017 21017 E ActivityThread: Failed to find provider info for com.google.android.gms.nearby.fastpair
03-19 14:30:16.714 21017 21114 E ActivityThread: Failed to find provider info for com.google.android.gms.nearby.fastpair
03-19 14:30:16.718 21017 21017 I sysui_multi_action: [757,747,758,1,833,0,1089,42]
03-19 14:30:16.719 21017 21017 I sysui_multi_action: [757,1729,758,4,854,isParalleledControllers:false,1089,44]
01-01 09:17:57.859 0 0 I [schedu][0x14e962fd40][14:30:17.023177] wlan: [3490:I:OSIF] vdev 0, scan id 40991 type COMPLETED(1) reason COMPLETED(1) scan found 94 bss
03-19 14:30:17.049 1347 21196 I liblog : 218
01-01 09:17:58.036 0 0 I [schedu][0x14e996b669][14:30:17.199726] wlan: [3490:I:HIF] Deinitializing Runtime PM wakelock &vdev->vdev_set_key_runtime_wakelock
01-01 09:17:58.036 0 0 I [schedu][0x14e996df13][14:30:17.200268] wlan: [3490:I:HIF] Initializing Runtime PM wakelock &vdev->vdev_set_key_runtime_wakelock
03-19 14:30:17.221 841 841 D android.hardware.wifi@1.0-service: Successfully SetMacAddress.
01-01 09:17:58.058 0 0 I [wifi@1][0x14e99d3188][14:30:17.221848] wlan: [841:I:DP] dp_vdev_attach_wifi3: wlan_cfg_ap_bridge_enabled 0
03-19 14:30:17.231 1221 1221 W wificond: Scan is not started. Ignore abort request
01-01 09:17:58.075 0 0 E [wifi@1][0x14e9a217ae][14:30:17.238570] wlan: [21187:E:wifipos] wifi_pos_process_app_reg_req: 608: Received App Req Req pid(1522533193), len(16)
01-01 09:17:58.076 0 0 I [wifi@1][0x14e9a253bc][14:30:17.239370] wlan: [21187:I:wifipos] wifi_pos_get_ch_info: 461: num channels: 26
01-01 09:17:58.076 0 0 I [wifi@1][0x14e9a26bda][14:30:17.239692] wlan: [21187:I:wifipos] wifi_pos_get_ch_info: 461: num channels: 26
03-19 14:30:17.254 1549 1668 W BroadcastQueue: Background execution not allowed: receiving Intent { act=android.net.wifi.STATE_CHANGE flg=0x4000010 (has extras) } to com.yibasan.lizhifm/com.lizhi.im5.sdk.utils.NetworkConnectChangedReceiver
03-19 14:30:17.257 1549 1668 W BroadcastQueue: Background execution not allowed: receiving Intent { act=android.net.wifi.STATE_CHANGE flg=0x4000010 (has extras) } to com.yibasan.lizhifm/com.lizhi.im5.netcore.stn.StnLogic$ConnectionReceiver
01-01 09:17:58.087 0 0 I [wpa_su][0x14e9a5ce76][14:30:17.251247] wlan: [21191:I:SME] vdev-0: Connecting to H3C_350304_5G 38:a9:1c:35:03:09 rssi: -44 freq: 5180 akm 9 cipher: uc 6 mc 5, CC:
01-01 09:17:58.087 0 0 E [wpa_su][0x14e9a5d3c3][14:30:17.251317] wlan: [21191:E:QDF] Cannot malloc 0 bytes @ csr_get_cfg_max_tx_power:14199
01-01 09:17:58.089 0 0 I [schedu][0x14e9a6450a][14:30:17.252828] wlan: [3490:I:WMI] send_vdev_start_cmd_tlv: 1062: send_vdev_start_cmd_tlv: vdev_id 0 freq 5180 chanmode 10 ch_info: 0xa is_dfs 0 beacon interval 100 dtim 0 center_chan 5210 center_freq2 0 reg_info_1: 0x170000 reg_info_2: 0x1700, req->max_txpow: 0x17 Tx SS 1, Rx SS 1, ldpc_rx: 0, cac 0, regd 4, HE ops: 0req->dis_hw_ack: 0
01-01 09:17:58.217 0 0 I [soft_i][0x14e9cba1eb][14:30:17.380360] wlan: [0:I:TXRX] HTT_T2H_MSG_TYPE_PEER_MAP msg for peer id 15 vdev id 0 n
01-01 09:17:58.217 0 0 E [soft_i][0x14e9cba891][14:30:17.380448] wlan: [0:E:DP] dp_peer_find_add_id: peer 0000000000000000 ID 15 vid 0 mac 38:a9:1c:35:03:09
01-01 09:17:58.217 0 0 I [soft_i][0x14e9cbaa52][14:30:17.380472] wlan: [0:I:DP] dp_peer_find_add_id: ref_cnt: 2
01-01 09:17:58.217 0 0 E [soft_i][0x14e9cbabc7][14:30:17.380491] wlan: [0:E:DP] dp_peer_map_ast: peer 0000000000000000 ID 62 vid 0 mac 38:a9:1c:35:03:09
01-01 09:17:58.287 0 0 I [schedu][0x14e9e03c2b][14:30:17.450683] wlan: [3490:I:PE] Auth TX: seq 1 seq num 2060 status 0 WEP 0 to 38:a9:1c:35:03:09
01-01 09:17:58.289 0 0 I [schedu][0x14e9e0f696][14:30:17.453168] wlan: [3490:I:PE] Auth TX: success
01-01 09:17:58.289 0 0 I [schedu][0x14e9e0ff27][14:30:17.453283] wlan: [3490:I:PE] Auth RX: vdev 0 sys role 3 lim_state 5 from 38:a9:1c:35:03:09 rssi -43 auth_alg 0 seq 3245
01-01 09:17:58.290 0 0 I [schedu][0x14e9e11718][14:30:17.453602] wlan: [3490:I:PE] Assoc req TX: vdev 0 to 38:a9:1c:35:03:09 seq num 2061
01-01 09:17:58.292 0 0 I [schedu][0x14e9e1c249][14:30:17.455884] wlan: [3490:I:PE] Assoc req TX: success
01-01 09:17:58.293 0 0 I [schedu][0x14e9e21e2c][14:30:17.457110] wlan: [3490:I:PE] Assoc rsp RX: subtype 0 vdev 0 sys role 3 lim state 10 rssi -43 from 38:a9:1c:35:03:09
01-01 09:17:58.302 0 0 I [soft_i][0x14e9e49c55][14:30:17.465618] wlan: [0:I:DP] dp_addba_requestprocess_wifi3 restore BA win 64 based on addba req
01-01 09:17:58.303 0 0 E [schedu][0x14e9e50520][14:30:17.467016] wlan: [3490:E:QDF] Cannot malloc 0 bytes @ csr_get_cfg_max_tx_power:14199
01-01 09:17:58.303 0 0 E [schedu][0x14e9e512be][14:30:17.467197] wlan: [3490:E:QDF] Cannot malloc 0 bytes @ csr_get_cfg_max_tx_power:14199
01-01 09:17:58.305 0 0 E [soft_i][0x14e9e599ed][14:30:17.469000] wlan: [0:E:DP] dp_tx_initialize_threshold: tx flow control threshold is set, pool size is 4096
01-01 09:17:58.305 0 0 I [schedu][0x14e9e5a92d][14:30:17.469203] wlan: [3490:I:HDD] wlan0(vdevid-0): 06:76:13:45:91:20 connected to 38:a9:1c:35:03:09
01-01 09:17:58.313 0 0 I [dp_rx_][0x14e9e80a18][14:30:17.477322] wlan: [3492:I:QDF] EAPOL-1 RX: SA:38:a9:1c:35:03:09 DA:06:76:13:45:91:20
03-19 14:30:17.488 1549 1668 W BroadcastQueue: Background execution not allowed: receiving Intent { act=android.net.wifi.STATE_CHANGE flg=0x4000010 (has extras) } to com.yibasan.lizhifm/com.lizhi.im5.sdk.utils.NetworkConnectChangedReceiver
03-19 14:30:17.488 1549 1668 W BroadcastQueue: Background execution not allowed: receiving Intent { act=android.net.wifi.STATE_CHANGE flg=0x4000010 (has extras) } to com.yibasan.lizhifm/com.lizhi.im5.netcore.stn.StnLogic$ConnectionReceiver
01-01 09:17:58.325 0 0 I [soft_i][0x14e9eb6a99][14:30:17.488849] wlan: [0:I:QDF] EAPOL-2 TX: SA:06:76:13:45:91:20 DA:38:a9:1c:35:03:09 msdu_id:0 status: succ
01-01 09:17:58.329 0 0 I [dp_rx_][0x14e9ec8c26][14:30:17.492709] wlan: [3492:I:QDF] EAPOL-3 RX: SA:38:a9:1c:35:03:09 DA:06:76:13:45:91:20
01-01 09:17:58.331 0 0 I [soft_i][0x14e9ed23b8][14:30:17.494730] wlan: [0:I:QDF] EAPOL-4 TX: SA:06:76:13:45:91:20 DA:38:a9:1c:35:03:09 msdu_id:0 status: succ
01-01 09:17:58.347 0 0 E [schedu][0x14e9f1d7bb][14:30:17.510784] wlan: [3490:E:QDF] Cannot malloc 0 bytes @ csr_get_cfg_max_tx_power:14199
01-01 09:17:58.360 0 0 I [schedu][0x14e9f5b36f][14:30:17.523953] wlan: [3490:I:WMI] LFR3:OKC enabled
01-01 09:17:58.360 0 0 I [schedu][0x14e9f5b4b1][14:30:17.523970] wlan: [3490:I:WMI] LFR3:PMKSA caching enabled
03-19 14:30:17.552 1549 1668 W BroadcastQueue: Background execution not allowed: receiving Intent { act=android.net.wifi.STATE_CHANGE flg=0x4000010 (has extras) } to com.yibasan.lizhifm/com.lizhi.im5.sdk.utils.NetworkConnectChangedReceiver
03-19 14:30:17.552 1549 1668 W BroadcastQueue: Background execution not allowed: receiving Intent { act=android.net.wifi.STATE_CHANGE flg=0x4000010 (has extras) } to com.yibasan.lizhifm/com.lizhi.im5.netcore.stn.StnLogic$ConnectionReceiver
03-19 14:30:17.565 1549 1668 W BroadcastQueue: Background execution not allowed: receiving Intent { act=android.net.wifi.STATE_CHANGE flg=0x4000010 (has extras) } to com.yibasan.lizhifm/com.lizhi.im5.sdk.utils.NetworkConnectChangedReceiver
03-19 14:30:17.565 1549 1668 W BroadcastQueue: Background execution not allowed: receiving Intent { act=android.net.wifi.STATE_CHANGE flg=0x4000010 (has extras) } to com.yibasan.lizhifm/com.lizhi.im5.netcore.stn.StnLogic$ConnectionReceiver
01-01 09:17:58.426 0 0 E [wifi@1][0x14ea08f1fd][14:30:17.589640] wlan: [841:E:HDD] hdd_enable_ns_offload: 484: Failed to cache ns request; status:4
01-01 09:17:58.443 0 0 W cnss-daemon: Invalid mac address
01-01 09:17:58.443 0 0 W cnss-daemon: failed to update gateway
03-19 14:30:17.618 1549 1788 I netstats_mobile_sample: [0,0,0,0,0,0,0,0,0,0,0,0,1679207417618]
03-19 14:30:17.619 1549 1788 I netstats_wifi_sample: [358862340,294530,20601895,117309,358862340,294530,20601895,117309,373394973,332801,15440991,104700,1679207417618]
01-01 09:17:58.469 0 0 I [soft_i][0x14ea15bbd9][14:30:17.633292] wlan: [0:I:QDF] DHCP-R TX: SA:06:76:13:45:91:20 DA:ff:ff:ff:ff:ff:ff msdu_id:1 status: succ
01-01 09:17:58.533 0 0 I [soft_i][0x14ea284954][14:30:17.696618] wlan: [0:I:DP] dp_addba_requestprocess_wifi3 restore BA win 64 based on addba req
01-01 09:17:58.533 0 0 I [dp_rx_][0x14ea2862bd][14:30:17.696958] wlan: [3492:I:QDF] DHCP-A RX: SA:38:a9:1c:35:03:04 DA:06:76:13:45:91:20
01-01 09:17:58.542 0 0 I [soft_i][0x14ea2ae32c][14:30:17.705496] wlan: [0:I:DP] dp_addba_requestprocess_wifi3 restore BA win 64 based on addba req
03-19 14:30:17.722 1549 1668 W BroadcastQueue: Background execution not allowed: receiving Intent { act=android.net.wifi.STATE_CHANGE flg=0x4000010 (has extras) } to com.yibasan.lizhifm/com.lizhi.im5.sdk.utils.NetworkConnectChangedReceiver
03-19 14:30:17.722 1549 1668 W BroadcastQueue: Background execution not allowed: receiving Intent { act=android.net.wifi.STATE_CHANGE flg=0x4000010 (has extras) } to com.yibasan.lizhifm/com.lizhi.im5.netcore.stn.StnLogic$ConnectionReceiver
03-19 14:30:17.735 1549 1788 I netstats_mobile_sample: [0,0,0,0,0,0,0,0,0,0,0,0,1679207417735]
03-19 14:30:17.736 1549 1788 I netstats_wifi_sample: [358862340,294530,20601895,117309,358862340,294530,20601895,117309,373394973,332801,15440991,104700,1679207417735]
03-19 14:30:17.743 1549 1668 W BroadcastQueue: Background execution not allowed: receiving Intent { act=android.net.wifi.STATE_CHANGE flg=0x4000010 (has extras) } to com.yibasan.lizhifm/com.lizhi.im5.sdk.utils.NetworkConnectChangedReceiver
03-19 14:30:17.743 1549 1668 W BroadcastQueue: Background execution not allowed: receiving Intent { act=android.net.wifi.STATE_CHANGE flg=0x4000010 (has extras) } to com.yibasan.lizhifm/com.lizhi.im5.netcore.stn.StnLogic$ConnectionReceiver
03-19 14:30:17.753 1549 1788 I netstats_mobile_sample: [0,0,0,0,0,0,0,0,0,0,0,0,1679207417753]
03-19 14:30:17.754 1549 1788 I netstats_wifi_sample: [358862340,294530,20601895,117309,358862340,294530,20601895,117309,373394973,332801,15440991,104700,1679207417753]
03-19 14:30:17.773 1549 1788 I netstats_mobile_sample: [0,0,0,0,0,0,0,0,0,0,0,0,1679207417773]
03-19 14:30:17.774 1549 1788 I netstats_wifi_sample: [358862340,294530,20601895,117309,358862340,294530,20601895,117309,373394973,332801,15440991,104700,1679207417773]
03-19 14:30:17.779 677 738 E NetlinkEvent: NetlinkEvent::FindParam(): Parameter 'INTERFACE' not found
03-19 14:30:17.779 677 738 E NetlinkEvent: NetlinkEvent::FindParam(): Parameter 'STATE' not found
03-19 14:30:17.779 677 738 E NetlinkEvent: NetlinkEvent::FindParam(): Parameter 'TIME_NS' not found
03-19 14:30:17.779 677 738 E NetlinkEvent: NetlinkEvent::FindParam(): Parameter 'UID' not found
03-19 14:30:17.790 1549 1788 I netstats_mobile_sample: [0,0,0,0,0,0,0,0,0,0,0,0,1679207417790]
03-19 14:30:17.790 1549 1788 I netstats_wifi_sample: [358862340,294530,20601895,117309,358862340,294530,20601895,117309,373394973,332801,15440991,104700,1679207417790]
03-19 14:30:17.800 1549 1788 W ContextImpl: Calling a method in the system process without a qualified user: android.app.ContextImpl.sendStickyBroadcast:1559 com.android.server.ConnectivityService.sendStickyBroadcast:2811 com.android.server.ConnectivityService.sendGeneralBroadcast:2786 com.android.server.ConnectivityService.sendConnectedBroadcast:2759 com.android.server.ConnectivityService.sendLegacyNetworkBroadcast:8704
03-19 14:30:17.806 1549 1668 W BroadcastQueue: Target SDK mismatch: receiver ActivityInfo{1798346 com.yibasan.lizhifm.library.glide.model.CustomImageSizeModel$NetWorkStateReceiver} targets 28 but delivery restricted to [0, 23] broadcasting Intent { act=android.net.conn.CONNECTIVITY_CHANGE flg=0x4200010 (has extras) } from android (pid=1549, uid=1000) to com.yibasan.lizhifm/.library.glide.model.CustomImageSizeModel$NetWorkStateReceiver
03-19 14:30:17.806 1549 1668 W BroadcastQueue: Target SDK mismatch: receiver ActivityInfo{4e06907 com.yibasan.lizhifm.boot.LZReceivers$ConnectionReceiver} targets 28 but delivery restricted to [0, 23] broadcasting Intent { act=android.net.conn.CONNECTIVITY_CHANGE flg=0x4200010 (has extras) } from android (pid=1549, uid=1000) to com.yibasan.lizhifm/.boot.LZReceivers$ConnectionReceiver
03-19 14:30:17.812 1549 1668 W BroadcastQueue: Target SDK mismatch: receiver ActivityInfo{5f70a34 io.rong.push.rongpush.PushReceiver} targets 28 but delivery restricted to [0, 23] broadcasting Intent { act=android.net.conn.CONNECTIVITY_CHANGE flg=0x4200010 (has extras) } from android (pid=1549, uid=1000) to com.yibasan.lizhifm/io.rong.push.rongpush.PushReceiver
03-19 14:30:17.812 1549 1668 W BroadcastQueue: Target SDK mismatch: receiver ActivityInfo{5908ea3 com.lizhi.im5.sdk.utils.NetworkConnectChangedReceiver} targets 28 but delivery restricted to [0, 23] broadcasting Intent { act=android.net.conn.CONNECTIVITY_CHANGE flg=0x4200010 (has extras) } from android (pid=1549, uid=1000) to com.yibasan.lizhifm/com.lizhi.im5.sdk.utils.NetworkConnectChangedReceiver
03-19 14:30:17.812 1549 1668 W BroadcastQueue: Target SDK mismatch: receiver ActivityInfo{f1495a0 com.lizhi.im5.netcore.stn.StnLogic$ConnectionReceiver} targets 28 but delivery restricted to [0, 23] broadcasting Intent { act=android.net.conn.CONNECTIVITY_CHANGE flg=0x4200010 (has extras) } from android (pid=1549, uid=1000) to com.yibasan.lizhifm/com.lizhi.im5.netcore.stn.StnLogic$ConnectionReceiver
03-19 14:30:17.819 13158 13158 I auditd : type=1400 audit(0.0:12300): avc: granted { nlmsg_readpriv } for comm="halley_2800_Tem" scontext=u:r:untrusted_app_27:s0:c512,c768 tcontext=u:r:untrusted_app_27:s0:c512,c768 tclass=netlink_route_socket app=com.tencent.android.qqdownloader
03-19 14:30:17.820 1549 1788 W ContextImpl: Calling a method in the system process without a qualified user: android.app.ContextImpl.sendStickyBroadcast:1559 com.android.server.ConnectivityService.sendStickyBroadcast:2811 com.android.server.ConnectivityService.sendGeneralBroadcast:2786 com.android.server.ConnectivityService.sendInetConditionBroadcast:2763 com.android.server.ConnectivityService.updateInetCondition:8451
03-19 14:30:17.820 1549 1767 I service_manager_slow: [10,isub]
03-19 14:30:17.834 1549 1767 I service_manager_slow: [11,alarm]
01-01 09:17:58.681 0 0 E [wifi@1][0x14ea53db24][14:30:17.845336] wlan: [841:E:QDF] Cannot malloc 0 bytes @ csr_get_cfg_max_tx_power:14199
01-01 09:17:58.682 0 0 E [wifi@1][0x14ea53e200][14:30:17.845427] wlan: [841:E:QDF] Cannot malloc 0 bytes @ csr_get_cfg_max_tx_power:14199
01-01 09:17:58.682 0 0 I [schedu][0x14ea54209f][14:30:17.846262] wlan: [3490:I:WMI] LFR3:OKC enabled
01-01 09:17:58.682 0 0 I [schedu][0x14ea542145][14:30:17.846271] wlan: [3490:I:WMI] LFR3:PMKSA caching enabled
01-01 09:17:58.683 0 0 I [schedu][0x14ea543ac2][14:30:17.846611] wlan: [3490:I:WMI] LFR3:OKC enabled
01-01 09:17:58.683 0 0 I [schedu][0x14ea543b39][14:30:17.846617] wlan: [3490:I:WMI] LFR3:PMKSA caching enabled
01-01 09:17:58.757 0 0 I [soft_i][0x14ea69e361][14:30:17.920539] wlan: [0:I:DP] dp_addba_requestprocess_wifi3 restore BA win 64 based on addba req
01-01 09:17:58.783 0 0 I [soft_i][0x14ea718ff2][14:30:17.946733] wlan: [0:I:DP] dp_addba_requestprocess_wifi3 restore BA win 64 based on addba req
01-01 09:17:58.843 0 0 E DTC_ETH,link_delay_work_func: 3003, SQI=0, link=0
03-19 14:30:18.114 1549 4829 W ProcessStats: Tracking association SourceState{93c1ca6 com.tencent.android.qqdownloader:daemon/10094 BTopFgs #4659} whose proc state 2 is better than process ProcessState{bafb5f6 com.tencent.android.qqdownloader/10094 pkg=com.tencent.android.qqdownloader} proc state 3 (2 skipped)
03-19 14:30:18.261 21017 21017 I sysui_multi_action: [757,830,758,4,833,0,854,previously_connected_devices_see_all,1089,0]
03-19 14:30:18.374 21017 21017 I sysui_multi_action: [757,747,758,2,1089,1656]
03-19 14:30:18.375 1549 1549 I notification_enqueue: [10094,12961,com.tencent.android.qqdownloader,127,NULL,0,Notification(channel=channel_id_default_silent shortcut=null contentView=com.tencent.android.qqdownloader/0x7f0a01c2 vibrate=null sound=null defaults=0x0 flags=0x2a0 color=0x00000000 groupKey=com.tencent.android.qqdownloader vis=PRIVATE),1]
03-19 14:30:18.391 21017 21017 I sysui_multi_action: [757,1370,758,1,833,0,1089,14]
03-19 14:30:18.392 21017 21017 I sysui_multi_action: [757,1729,758,4,854,isParalleledControllers:false,1089,15]
03-19 14:30:18.576 1549 1549 I GameModeConfig: isGameModeOn = false
03-19 14:30:18.650 12961 12961 E ActivityThread: Failed to find provider info for com.android.badge
03-19 14:30:18.652 12961 12961 E ActivityThread: Failed to find provider info for com.android.badge
03-19 14:30:18.654 12961 12961 E ActivityThread: Failed to find provider info for com.android.badge
03-19 14:30:18.839 12961 12961 I auditd : type=1400 audit(0.0:12301): avc: granted { nlmsg_readpriv } for comm="ndHandlerThread" scontext=u:r:untrusted_app_27:s0:c512,c768 tcontext=u:r:untrusted_app_27:s0:c512,c768 tclass=netlink_route_socket app=com.tencent.android.qqdownloader
03-19 14:30:19.355 0 0 I auditd : type=1400 audit(0.0:12302): avc: denied { kill } for comm="swapper/7" capability=5 scontext=u:r:kernel:s0 tcontext=u:r:kernel:s0 tclass=capability permissive=1
03-19 14:30:19.658 21017 21017 I sysui_multi_action: [757,1370,758,2,1089,1267]
03-19 14:30:19.678 21017 21017 E ActivityThread: Failed to find provider info for com.google.android.gms.nearby.fastpair
03-19 14:30:19.679 21017 21114 E ActivityThread: Failed to find provider info for com.google.android.gms.nearby.fastpair
03-19 14:30:19.691 21017 21017 I sysui_multi_action: [757,747,758,1,833,0,1089,0]
03-19 14:30:19.875 13158 13158 I auditd : type=1400 audit(0.0:12303): avc: granted { nlmsg_readpriv } for comm="halley_2800_Tem" scontext=u:r:untrusted_app_27:s0:c512,c768 tcontext=u:r:untrusted_app_27:s0:c512,c768 tclass=netlink_route_socket app=com.tencent.android.qqdownloader
01-01 09:18:00.747 0 0 E DTC_Display: screen not ready
03-19 14:30:20.187 12961 12961 I auditd : type=1400 audit(0.0:12304): avc: granted { nlmsg_readpriv } for comm="ark-Looper-Main" scontext=u:r:untrusted_app_27:s0:c512,c768 tcontext=u:r:untrusted_app_27:s0:c512,c768 tclass=netlink_route_socket app=com.tencent.android.qqdownloader
03-19 14:30:20.431 21017 21017 I sysui_multi_action: [757,830,758,4,833,0,854,add_bt_devices,1089,0]
03-19 14:30:20.543 21017 21017 I sysui_multi_action: [757,747,758,2,1089,852]
03-19 14:30:20.614 21017 21017 I sysui_multi_action: [757,1018,758,1,833,0,1089,61]
03-19 14:30:20.617 21017 21017 I sysui_multi_action: [757,1729,758,4,854,isParalleledControllers:false,1089,64]
03-19 14:30:20.621 1549 1667 I am_pss : [21075,10063,com.android.gallery3d,7482368,5197824,0,92598272,0,19,6]
03-19 14:30:20.628 1549 1667 I am_pss : [21041,10085,com.android.music,6940672,4812800,0,90173440,0,19,6]
01-01 09:18:02.018 0 0 I [soft_i][0x14ee256543][14:30:21.182004] wlan: [0:I:DP] dp_addba_requestprocess_wifi3 restore BA win 64 based on addba req
03-19 14:30:21.274 1549 1726 D ActivityManager: freezing 19403 com.android.permissioncontroller
01-01 09:18:02.110 0 0 I binder : 1549:1726 ioctl 400c620e 710f1335d8 returned -22
03-19 14:30:21.275 1549 1726 E ActivityManager: Unable to freeze binder for 19403 com.android.permissioncontroller
01-01 09:18:02.114 0 0 I binder : 1549:1726 ioctl c00c620f 710f1335b8 returned -22
03-19 14:30:21.277 1549 1726 D ActivityManager: froze 19403 com.android.permissioncontroller
03-19 14:30:21.277 1549 1726 I am_freeze: [19403,com.android.permissioncontroller]
