03-19 14:30:21.277 1549 1726 E ActivityManager: Unable to freeze binder for 19403 com.android.permissioncontroller
03-19 14:30:21.280 1549 1726 I ActivityManager: Killing 19403:com.android.permissioncontroller/u0a90 (adj 985): Unable to freeze binder interface
03-19 14:30:21.280 1549 1726 I am_kill : [0,19403,com.android.permissioncontroller,985,Unable to freeze binder interface]
03-19 14:30:21.341 1549 4928 I am_proc_died: [0,19403,com.android.permissioncontroller,985,19]
03-19 14:30:21.342 1549 4928 I am_uid_stopped: 10090
03-19 14:30:22.885 1549 2118 I ntp_failure: [time.android.com/216.239.35.4,java.net.SocketTimeoutException: Poll timed out]
01-01 09:18:03.919 0 0 E DTC_Display: screen not ready
01-01 09:18:03.963 0 0 E DTC_ETH,link_delay_work_func: 3003, SQI=0, link=0
03-19 14:30:23.138 21017 21017 I sysui_multi_action: [757,830,758,4,833,0,854,top_level_apps,1089,0]
03-19 14:30:23.244 21017 21017 I sysui_multi_action: [757,1018,758,2,1089,2630]
03-19 14:30:23.276 1549 8362 E UserRestrictionsUtils: Unknown restriction queried by uid 1000 (com.android.settings et al): null
03-19 14:30:23.277 1549 8362 E UserRestrictionsUtils: Unknown restriction queried by uid 1000 (com.android.settings et al): null
03-19 14:30:23.277 1549 8362 E UserRestrictionsUtils: Unknown restriction queried by uid 1000 (com.android.settings et al): null
03-19 14:30:23.278 1549 8362 E UserRestrictionsUtils: Unknown restriction queried by uid 1000 (com.android.settings et al): null
03-19 14:30:23.316 21017 21017 I sysui_multi_action: [757,65,758,1,833,0,1089,58]
03-19 14:30:23.340 21017 21017 I sysui_multi_action: [757,1729,758,4,854,isParalleledControllers:false,1089,82]
03-19 14:30:23.714 1549 1793 I GameModeConfig: isGameModeOn = false
03-19 14:30:24.231 21017 21017 I sysui_multi_action: [757,65,758,2,1089,914]
03-19 14:30:24.278 1549 4916 E UserRestrictionsUtils: Unknown restriction queried by uid 1000 (com.android.settings et al): null
03-19 14:30:24.279 1549 4916 E UserRestrictionsUtils: Unknown restriction queried by uid 1000 (com.android.settings et al): null
03-19 14:30:24.279 1549 4916 E UserRestrictionsUtils: Unknown restriction queried by uid 1000 (com.android.settings et al): null
03-19 14:30:24.280 1549 4916 E UserRestrictionsUtils: Unknown restriction queried by uid 1000 (com.android.settings et al): null
03-19 14:30:24.280 1549 4916 E UserRestrictionsUtils: Unknown restriction queried by uid 1000 (com.android.settings et al): null
03-19 14:30:24.280 1549 4916 E UserRestrictionsUtils: Unknown restriction queried by uid 1000 (com.android.settings et al): null
03-19 14:30:24.281 1549 4916 E UserRestrictionsUtils: Unknown restriction queried by uid 1000 (com.android.settings et al): null
03-19 14:30:24.281 1549 4916 E UserRestrictionsUtils: Unknown restriction queried by uid 1000 (com.android.settings et al): null
03-19 14:30:24.281 1549 4916 E UserRestrictionsUtils: Unknown restriction queried by uid 1000 (com.android.settings et al): null
03-19 14:30:24.282 1549 4916 E UserRestrictionsUtils: Unknown restriction queried by uid 1000 (com.android.settings et al): null
03-19 14:30:24.282 1549 4916 E UserRestrictionsUtils: Unknown restriction queried by uid 1000 (com.android.settings et al): null
03-19 14:30:24.282 1549 4916 E UserRestrictionsUtils: Unknown restriction queried by uid 1000 (com.android.settings et al): null
03-19 14:30:24.283 1549 4916 E UserRestrictionsUtils: Unknown restriction queried by uid 1000 (com.android.settings et al): null
03-19 14:30:24.283 1549 4916 E UserRestrictionsUtils: Unknown restriction queried by uid 1000 (com.android.settings et al): null
03-19 14:30:24.284 1549 4916 E UserRestrictionsUtils: Unknown restriction queried by uid 1000 (com.android.settings et al): null
03-19 14:30:24.284 1549 4916 E UserRestrictionsUtils: Unknown restriction queried by uid 1000 (com.android.settings et al): null
03-19 14:30:24.284 1549 4916 E UserRestrictionsUtils: Unknown restriction queried by uid 1000 (com.android.settings et al): null
03-19 14:30:24.285 1549 4916 E UserRestrictionsUtils: Unknown restriction queried by uid 1000 (com.android.settings et al): null
03-19 14:30:24.285 1549 4916 E UserRestrictionsUtils: Unknown restriction queried by uid 1000 (com.android.settings et al): null
03-19 14:30:24.309 1549 4916 D TelephonyRegistry: listen oscl: mHasNotifySubscriptionInfoChangedOccurred==false no callback
03-19 14:30:24.311 21017 21017 I sysui_multi_action: [757,20,758,1,833,0,1089,72]
03-19 14:30:24.321 1549 4916 I netstats_mobile_sample: [0,0,0,0,0,0,0,0,0,0,0,0,1679207424321]
03-19 14:30:24.322 1549 4916 I netstats_wifi_sample: [359692302,295463,20727313,118281,359692302,295463,20727313,118281,374249490,333772,15551231,105631,1679207424321]
03-19 14:30:24.324 21017 21017 I sysui_multi_action: [757,1729,758,4,854,isParalleledControllers:false,1089,86]
03-19 14:30:24.351 1549 12818 I am_uid_running: 10090
03-19 14:30:24.352 1549 12818 D CompatibilityChangeReporter: Compat change id reported: 135634846; UID 10090; state: DISABLED
03-19 14:30:24.352 1549 12818 D CompatibilityChangeReporter: Compat change id reported: 177438394; UID 10090; state: DISABLED
03-19 14:30:24.352 1549 12818 D CompatibilityChangeReporter: Compat change id reported: 135772972; UID 10090; state: DISABLED
03-19 14:30:24.352 1549 12818 D CompatibilityChangeReporter: Compat change id reported: 135754954; UID 10090; state: DISABLED
03-19 14:30:24.352 1549 1669 D CompatibilityChangeReporter: Compat change id reported: 143937733; UID 10090; state: DISABLED
03-19 14:30:24.361 1549 1669 I am_proc_start: [0,21379,10090,com.android.permissioncontroller,service,{com.android.permissioncontroller/com.android.permissioncontroller.role.service.RoleControllerServiceImpl}]
03-19 14:30:24.361 1549 1669 I ActivityManager: Start proc 21379:com.android.permissioncontroller/u0a90 for service {com.android.permissioncontroller/com.android.permissioncontroller.role.service.RoleControllerServiceImpl}
01-01 09:18:05.209 0 0 I binder : 21379:21379 ioctl 40046210 7fe518c534 returned -22
03-19 14:30:24.374 1549 4916 I am_proc_bound: [0,21379,com.android.permissioncontroller]
03-19 14:30:24.375 1549 4916 D CompatibilityChangeReporter: Compat change id reported: 168419799; UID 10090; state: DISABLED
03-19 14:30:24.376 1549 4916 I am_uid_active: 10090
03-19 14:30:25.212 1549 4928 I thunderperf: PlatormCompat.setOverrides: Uid1=1000 Pid1=21017 Uid2=1000 Pid2=21017
03-19 14:30:25.212 1549 4928 I thunderperf: PlatormCompat.setOverrides: needCheck:false
03-19 14:30:25.212 1549 4928 I thunderperf: CompatConfig.addOverrideUnsafe: bef-state=0
03-19 14:30:25.212 1549 4928 I thunderperf: CompatConfig.addOverrideUnsafe: aft-state=0
03-19 14:30:25.213 1549 4928 I thunderperf: CompatConfig.addOverrideUnsafe: bef-state=0
03-19 14:30:25.213 1549 4928 I thunderperf: CompatConfig.addOverrideUnsafe: aft-state=0
03-19 14:30:25.214 1549 4928 I thunderperf: CompatConfig.addOverrideUnsafe: bef-state=0
03-19 14:30:25.214 1549 4928 I thunderperf: CompatConfig.addOverrideUnsafe: aft-state=0
03-19 14:30:25.214 1549 4928 I thunderperf: CompatConfig.addOverrideUnsafe: bef-state=0
03-19 14:30:25.215 1549 4928 I thunderperf: CompatConfig.addOverrideUnsafe: aft-state=0
03-19 14:30:25.215 1549 4928 I thunderperf: CompatConfig.addOverrideUnsafe: bef-state=0
03-19 14:30:25.215 1549 4928 I thunderperf: CompatConfig.addOverrideUnsafe: aft-state=0
03-19 14:30:25.215 1549 4928 I thunderperf: CompatConfig.addOverrideUnsafe: bef-state=0
03-19 14:30:25.215 1549 4928 I thunderperf: CompatConfig.addOverrideUnsafe: aft-state=0
03-19 14:30:25.216 1549 4928 I thunderperf: CompatConfig.addOverrideUnsafe: bef-state=0
03-19 14:30:25.216 1549 4928 I thunderperf: CompatConfig.addOverrideUnsafe: aft-state=0
03-19 14:30:25.216 1549 4928 I thunderperf: CompatConfig.addOverrideUnsafe: bef-state=0
03-19 14:30:25.216 1549 4928 I thunderperf: CompatConfig.addOverrideUnsafe: aft-state=0
03-19 14:30:25.216 1549 4928 I thunderperf: CompatConfig.addOverrideUnsafe: bef-state=0
03-19 14:30:25.216 1549 4928 I thunderperf: CompatConfig.addOverrideUnsafe: aft-state=0
03-19 14:30:25.217 1549 4928 I thunderperf: CompatConfig.addOverrideUnsafe: bef-state=0
03-19 14:30:25.217 1549 4928 I thunderperf: CompatConfig.addOverrideUnsafe: aft-state=0
03-19 14:30:25.217 1549 4928 I thunderperf: CompatConfig.addOverrideUnsafe: bef-state=0
03-19 14:30:25.217 1549 4928 I thunderperf: CompatConfig.addOverrideUnsafe: aft-state=0
03-19 14:30:25.218 1549 4928 I thunderperf: CompatConfig.addOverrideUnsafe: bef-state=0
03-19 14:30:25.218 1549 4928 I thunderperf: CompatConfig.addOverrideUnsafe: aft-state=0
03-19 14:30:25.218 1549 4928 I thunderperf: CompatConfig.addOverrideUnsafe: bef-state=0
03-19 14:30:25.218 1549 4928 I thunderperf: CompatConfig.addOverrideUnsafe: aft-state=0
03-19 14:30:25.218 1549 4928 I thunderperf: CompatConfig.addOverrideUnsafe: bef-state=0
03-19 14:30:25.218 1549 4928 I thunderperf: CompatConfig.addOverrideUnsafe: aft-state=0
03-19 14:30:25.225 1549 4928 I ActivityTaskManager: START u0 {act=android.intent.action.MAIN cat=[android.intent.category.LAUNCHER] flg=0x10000000 pkg=com.android.gallery3d cmp=com.android.gallery3d/.app.GalleryActivity} from uid 1000
03-19 14:30:25.230 1549 4928 I wm_task_created: [119,-1]
03-19 14:30:25.230 1549 4928 W ActivityTaskManager: Can't find TaskDisplayArea to determine support for multi window. Task id=119 attached=false
03-19 14:30:25.232 1549 4928 D CompatibilityChangeReporter: Compat change id reported: 174042980; UID 10063; state: DISABLED
03-19 14:30:25.232 1549 4928 I service_manager_stats: [100,108,19853]
03-19 14:30:25.232 1549 4928 D CompatibilityChangeReporter: Compat change id reported: 184838306; UID 10063; state: DISABLED
03-19 14:30:25.233 1549 4928 D CompatibilityChangeReporter: Compat change id reported: 185004937; UID 10063; state: DISABLED
03-19 14:30:25.233 1549 4928 D CompatibilityChangeReporter: Compat change id reported: 181136395; UID 10063; state: DISABLED
03-19 14:30:25.233 1549 4928 D CompatibilityChangeReporter: Compat change id reported: 174042936; UID 10063; state: DISABLED
03-19 14:30:25.234 1549 4928 I wm_task_moved: [119,1,10]
03-19 14:30:25.234 1549 4928 I wm_task_to_front: [0,119]
03-19 14:30:25.234 1549 4928 I wm_create_task: [0,119]
03-19 14:30:25.234 1549 4928 I wm_create_activity: [0,144893914,119,com.android.gallery3d/.app.GalleryActivity,android.intent.action.MAIN,NULL,NULL,268435456]
03-19 14:30:25.234 1549 4928 I wm_task_moved: [119,1,10]
03-19 14:30:25.235 1549 4928 D CompatibilityChangeReporter: Compat change id reported: 168419799; UID 10063; state: DISABLED
03-19 14:30:25.235 1549 4928 V SplashScreenExceptionList: SplashScreen checking exception for package com.android.gallery3d (target sdk:29) -> false
03-19 14:30:25.235 2018 2149 D PhoneStartingWindowTypeAlgorithm: preferredStartingWindowType newTask:true taskSwitch:true processRunning:true allowTaskSnapshot:true activityCreated:false useEmptySplashScreen:true legacySplashScreen:false topIsHome:false
03-19 14:30:25.236 2018 2149 D StartingSurfaceDrawer: addSplashScreen com.android.gallery3d theme=7f120034 task=119 suggestType=3
03-19 14:30:25.236 1549 4928 I wm_pause_activity: [0,17152677,com.android.settings/.Settings,userLeaving=true,pauseBackTasks]
03-19 14:30:25.237 2018 2150 D StartingSurfaceDrawer: window attributes color: 0 icon null duration 0 brandImage null
03-19 14:30:25.237 2018 2150 D StartingSurfaceDrawer: fillViewWithIcon surfaceWindowView android.window.SplashScreenView{82e906c V.E...... ......ID 0,0-0,0}
03-19 14:30:25.239 21017 21017 I sysui_multi_action: [757,1773,758,4,806,com.android.gallery3d]
03-19 14:30:25.239 21017 21017 I wm_on_top_resumed_lost_called: [17152677,com.android.settings.Settings,topStateChangedWhenResumed]
03-19 14:30:25.240 21017 21017 I sysui_multi_action: [757,35,758,2,1089,19907]
03-19 14:30:25.241 21017 21017 I sysui_multi_action: [757,20,758,2,1089,930]
03-19 14:30:25.241 21017 21017 I wm_on_paused_called: [17152677,com.android.settings.Settings,performPause]
03-19 14:30:25.242 1549 12818 I ActivityTaskManager: FOREGROUND_APPLICATION_CHANGED to com.android.gallery3d.app.GalleryActivity
03-19 14:30:25.242 1549 12818 I ActivityTaskManager: The Process com.android.gallery3d Already Exists in BG. So sending its PID: 21075
03-19 14:30:25.243 1549 12818 I wm_add_to_stopping: [0,17152677,com.android.settings/.Settings,makeInvisible]
03-19 14:30:25.243 1549 12818 I wm_restart_activity: [0,144893914,119,com.android.gallery3d/.app.GalleryActivity]
03-19 14:30:25.244 1549 12818 I wm_set_resumed_activity: [0,com.android.gallery3d/.app.GalleryActivity,minimalResumeActivityLocked]
03-19 14:30:25.247 1549 1656 I am_uid_active: 10063
03-19 14:30:25.252 1549 1656 I sysui_multi_action: [757,803,799,window_time_0,802,20]
03-19 14:30:25.259 1549 1741 I input_focus: [Focus leaving e3ad60b com.android.settings/com.android.settings.Settings (server),reason=NO_WINDOW]
03-19 14:30:25.282 21075 21075 I wm_on_create_called: [144893914,com.android.gallery3d.app.GalleryActivity,performCreate]
03-19 14:30:25.283 21075 21075 I wm_on_start_called: [144893914,com.android.gallery3d.app.GalleryActivity,handleStartActivity]
03-19 14:30:25.287 21075 21075 I wm_on_resume_called: [144893914,com.android.gallery3d.app.GalleryActivity,RESUME_ACTIVITY]
03-19 14:30:25.287 1549 8362 D CompatibilityChangeReporter: Compat change id reported: 149924527; UID 10063; state: ENABLED
03-19 14:30:25.288 1549 8362 D CompatibilityChangeReporter: Compat change id reported: 132649864; UID 10063; state: DISABLED
03-19 14:30:25.289 1549 2215 D CompatibilityChangeReporter: Compat change id reported: 182734110; UID 10063; state: DISABLED
03-19 14:30:25.290 1549 2215 W WindowManager: Failed looking up window session=Session{b5c49cf 21075:u0a10063} callers=com.android.server.wm.WindowManagerService.windowForClientLocked:5628 com.android.server.wm.Session.insetsModified:629 android.view.IWindowSession$Stub.onTransact:1151
03-19 14:30:25.291 21075 21075 I wm_on_top_resumed_gained_called: [144893914,com.android.gallery3d.app.GalleryActivity,topStateChangedWhenResumed]
03-19 14:30:25.309 1549 1657 I input_focus: [Focus request 6dc3fe1 com.android.gallery3d/com.android.gallery3d.app.GalleryActivity,reason=UpdateInputWindows]
01-01 09:18:06.155 0 0 I binder : 21075:21420 ioctl 40046210 71aac06c94 returned -22
03-19 14:30:25.341 2018 2149 D StartingSurfaceDrawer: Task start finish, remove starting surface for task 119
03-19 14:30:25.341 2018 2149 V StartingSurfaceDrawer: Removing splash screen window for task: 119
03-19 14:30:25.342 1549 1653 I sysui_multi_action: [319,43,321,35,322,114,325,4683,757,761,758,8,759,1,806,com.android.gallery3d,871,com.android.gallery3d.app.GalleryActivity,904,com.android.settings,905,0,1320,4,1321,1]
03-19 14:30:25.342 1549 1653 I wm_activity_launch_time: [0,144893914,com.android.gallery3d/.app.GalleryActivity,114]
03-19 14:30:25.345 1549 2215 W FreeFormWindowHelper: Current Display FreeFormTask is null
03-19 14:30:25.356 1549 1741 I input_focus: [Focus entering 6dc3fe1 com.android.gallery3d/com.android.gallery3d.app.GalleryActivity (server),reason=Window became focusable. Previous reason: NOT_VISIBLE]
03-19 14:30:25.355 0 0 I auditd : type=1400 audit(0.0:12305): avc: denied { kill } for comm="swapper/2" capability=5 scontext=u:r:kernel:s0 tcontext=u:r:kernel:s0 tclass=capability permissive=1
03-19 14:30:25.758 1549 1656 I wm_stop_activity: [0,17152677,com.android.settings/.Settings]
03-19 14:30:25.781 21017 21017 I wm_on_stop_called: [17152677,com.android.settings.Settings,STOP_ACTIVITY_ITEM]
03-19 14:30:25.994 1549 1741 I input_interaction: Interaction with: 6dc3fe1 com.android.gallery3d/com.android.gallery3d.app.GalleryActivity (server), swipe-up (server), edge-swipe (server), PointerEventDispatcher0 (server),
01-01 09:18:07.179 0 0 E DTC_Display: screen not ready
03-19 14:30:26.355 0 0 I auditd : type=1400 audit(0.0:12306): avc: denied { kill } for comm="swapper/2" capability=5 scontext=u:r:kernel:s0 tcontext=u:r:kernel:s0 tclass=capability permissive=1
03-19 14:30:26.816 1549 2215 W FreeFormWindowHelper: Current Display FreeFormTask is null
03-19 14:30:26.816 1549 2215 W FreeFormWindowHelper: Current Display FreeFormTask is null
03-19 14:30:26.816 1549 2215 W FreeFormWindowHelper: Current Display FreeFormTask is null
03-19 14:30:26.817 1549 2215 W FreeFormWindowHelper: Current Display FreeFormTask is null
03-19 14:30:26.817 1549 4916 I wm_task_moved: [1,0,0]
03-19 14:30:26.817 1549 4916 I wm_task_moved: [1,0,9]
03-19 14:30:26.817 1549 2215 W FreeFormWindowHelper: Current Display FreeFormTask is null
03-19 14:30:26.823 2634 2634 I wm_on_restart_called: [249239324,com.android.launcher3.uioverrides.QuickstepLauncher,performRestartActivity]
03-19 14:30:26.823 1549 4916 W FreeFormWindowHelper: Current Display FreeFormTask is null
03-19 14:30:26.823 1549 4916 W FreeFormWindowHelper: Current Display FreeFormTask is null
03-19 14:30:26.824 1549 2215 W FreeFormWindowHelper: Current Display FreeFormTask is null
03-19 14:30:26.830 2634 2634 I wm_on_start_called: [249239324,com.android.launcher3.uioverrides.QuickstepLauncher,handleStartActivity]
03-19 14:30:26.832 1549 2215 W ActivityTaskManager: getTaskSnapshot: taskId=-918 not found
03-19 14:30:26.833 1549 2215 W ActivityTaskManager: getTaskSnapshot: taskId=-918 not found
03-19 14:30:26.833 1549 2215 W ActivityTaskManager: getTaskSnapshot: taskId=-918 not found
03-19 14:30:26.833 1549 2215 W ActivityTaskManager: getTaskSnapshot: taskId=-918 not found
03-19 14:30:26.847 1549 2215 W FreeFormWindowHelper: Current Display FreeFormTask is null
03-19 14:30:26.847 1549 2215 W FreeFormWindowHelper: Current Display FreeFormTask is null
03-19 14:30:26.854 1549 1653 I sysui_multi_action: [319,3,322,35,325,4685,757,761,758,9,759,5,806,com.android.launcher3,871,com.android.launcher3.uioverrides.QuickstepLauncher,905,0,1320,4,1321,1]
03-19 14:30:26.858 1549 12818 W FreeFormWindowHelper: Current Display FreeFormTask is null
03-19 14:30:26.859 1549 12818 W FreeFormWindowHelper: Current Display FreeFormTask is null
03-19 14:30:26.870 21075 21075 I view_enqueue_input_event: [Motion - Cancel,com.android.gallery3d/com.android.gallery3d.app.GalleryActivity]
03-19 14:30:26.871 1549 1653 D AutofillManagerService: Close system dialogs
03-19 14:30:26.871 2634 2634 I sysui_latency: [1,34]
03-19 14:30:26.871 1549 4916 W FreeFormWindowHelper: Current Display FreeFormTask is null
03-19 14:30:26.872 1549 12818 W FreeFormWindowHelper: Current Display FreeFormTask is null
03-19 14:30:26.872 1549 1657 I input_focus: [Focus request recents_animation_input_consumer,reason=UpdateInputWindows]
03-19 14:30:26.873 1549 4916 W ActivityTaskManager: getTaskSnapshot: taskId=-864 not found
03-19 14:30:26.874 1549 4916 W ActivityTaskManager: getTaskSnapshot: taskId=-864 not found
03-19 14:30:26.875 1549 4916 W ActivityTaskManager: getTaskSnapshot: taskId=-864 not found
03-19 14:30:26.875 1549 4916 W ActivityTaskManager: getTaskSnapshot: taskId=-864 not found
03-19 14:30:26.875 1549 4916 W FreeFormWindowHelper: Current Display FreeFormTask is null
03-19 14:30:26.875 1549 4916 W FreeFormWindowHelper: Current Display FreeFormTask is null
03-19 14:30:26.880 1549 1741 I input_interaction: Interaction with: swipe-up (server), edge-swipe (server), PointerEventDispatcher0 (server),
03-19 14:30:26.892 1549 12818 W FreeFormWindowHelper: Current Display FreeFormTask is null
03-19 14:30:26.892 1549 12818 W FreeFormWindowHelper: Current Display FreeFormTask is null
03-19 14:30:26.893 1549 1741 I input_focus: [Focus leaving 6dc3fe1 com.android.gallery3d/com.android.gallery3d.app.GalleryActivity (server),reason=NOT_FOCUSABLE]
03-19 14:30:26.893 1549 1741 I input_focus: [Focus entering recents_animation_input_consumer (server),reason=setFocusedWindow]
03-19 14:30:27.031 1549 1725 I commit_sys_config_file: [settings-1-0,2]
03-19 14:30:27.154 1549 1667 I sysui_latency: [8,38]
03-19 14:30:27.270 1549 2215 W FreeFormWindowHelper: Current Display FreeFormTask is null
03-19 14:30:27.270 1549 2215 W FreeFormWindowHelper: Current Display FreeFormTask is null
03-19 14:30:27.271 1549 2215 W FreeFormWindowHelper: Current Display FreeFormTask is null
03-19 14:30:27.695 1549 2215 I wm_task_moved: [1,1,10]
03-19 14:30:27.700 1549 2215 I wm_focused_root_task: [0,0,1,119,RecentsAnimation.onAnimationFinished()]
03-19 14:30:27.702 21075 21075 I wm_on_top_resumed_lost_called: [144893914,com.android.gallery3d.app.GalleryActivity,topStateChangedWhenResumed]
03-19 14:30:27.703 1549 2215 I wm_pause_activity: [0,144893914,com.android.gallery3d/.app.GalleryActivity,userLeaving=false,pauseBackTasks]
03-19 14:30:27.704 1549 2215 I ActivityTaskManager: FOREGROUND_APPLICATION_CHANGED to com.android.launcher3.uioverrides.QuickstepLauncher
03-19 14:30:27.705 1549 2215 I wm_set_resumed_activity: [0,com.android.launcher3/.uioverrides.QuickstepLauncher,resumeTopActivityInnerLocked]
03-19 14:30:27.706 1549 2215 I wm_resume_activity: [0,249239324,37,com.android.launcher3/.uioverrides.QuickstepLauncher]
03-19 14:30:27.707 1549 2215 I wm_add_to_stopping: [0,144893914,com.android.gallery3d/.app.GalleryActivity,makeInvisible]
03-19 14:30:27.707 2634 2634 I wm_on_resume_called: [249239324,com.android.launcher3.uioverrides.QuickstepLauncher,RESUME_ACTIVITY]
03-19 14:30:27.718 1549 1657 I input_focus: [Focus request fc1131e com.android.launcher3/com.android.launcher3.uioverrides.QuickstepLauncher,reason=UpdateInputWindows]
03-19 14:30:27.719 1549 1656 I sysui_multi_action: [757,803,799,window_time_0,802,3]
03-19 14:30:27.727 1549 1656 I wm_stop_activity: [0,144893914,com.android.gallery3d/.app.GalleryActivity]
03-19 14:30:27.730 1549 1656 I sysui_multi_action: [757,803,799,window_time_0,802,0]
03-19 14:30:27.732 21075 21075 I wm_on_paused_called: [144893914,com.android.gallery3d.app.GalleryActivity,performPause]
03-19 14:30:27.736 1549 10196 W FreeFormWindowHelper: Current Display FreeFormTask is null
03-19 14:30:27.736 1549 1741 I input_focus: [Focus leaving recents_animation_input_consumer (server),reason=NOT_VISIBLE]
03-19 14:30:27.736 1549 2215 W FreeFormWindowHelper: Current Display FreeFormTask is null
03-19 14:30:27.736 1549 1741 I input_focus: [Focus entering fc1131e com.android.launcher3/com.android.launcher3.uioverrides.QuickstepLauncher (server),reason=setFocusedWindow]
03-19 14:30:27.737 1549 8362 W FreeFormWindowHelper: Current Display FreeFormTask is null
03-19 14:30:27.737 21075 21075 I wm_on_stop_called: [144893914,com.android.gallery3d.app.GalleryActivity,STOP_ACTIVITY_ITEM]
03-19 14:30:27.758 2634 2634 I wm_on_top_resumed_gained_called: [249239324,com.android.launcher3.uioverrides.QuickstepLauncher,topStateChangedWhenResumed]
03-19 14:30:27.771 1549 2215 W FreeFormWindowHelper: Current Display FreeFormTask is null
03-19 14:30:27.772 1549 10196 W FreeFormWindowHelper: Current Display FreeFormTask is null
03-19 14:30:27.820 1549 2215 W FreeFormWindowHelper: Current Display FreeFormTask is null
03-19 14:30:27.893 1549 2118 I ntp_failure: [time.android.com/216.239.35.12,java.net.SocketTimeoutException: Poll timed out]
03-19 14:30:27.960 1549 1725 I commit_sys_config_file: [settings-1-0,4]
03-19 14:30:28.118 1549 1741 I input_interaction: Interaction with: fc1131e com.android.launcher3/com.android.launcher3.uioverrides.QuickstepLauncher (server), 4353511 com.android.systemui.ImageWallpaper (server), swipe-up (server), edge-swipe (server), PointerEventDispatcher0 (server),
03-19 14:30:28.213 1549 12818 I wm_task_moved: [1,1,10]
03-19 14:30:28.214 1549 12818 I wm_set_resumed_activity: [0,com.android.launcher3/.uioverrides.QuickstepLauncher,positionChildAt]
03-19 14:30:28.214 1549 12818 I wm_task_moved: [118,1,10]
03-19 14:30:28.214 1549 12818 I wm_task_to_front: [0,118]
03-19 14:30:28.214 1549 12818 I wm_focused_root_task: [0,0,118,1,moveTaskToFront findTaskToMoveToFront]
03-19 14:30:28.215 1549 12818 I wm_set_resumed_activity: [0,com.android.settings/.Settings,moveTaskToFront findTaskToMoveToFront]
03-19 14:30:28.216 1549 12818 I wm_pause_activity: [0,249239324,com.android.launcher3/.uioverrides.QuickstepLauncher,userLeaving=true,pauseBackTasks]
03-19 14:30:28.219 2018 2149 D PhoneStartingWindowTypeAlgorithm: preferredStartingWindowType newTask:false taskSwitch:true processRunning:true allowTaskSnapshot:true activityCreated:true useEmptySplashScreen:false legacySplashScreen:false topIsHome:false
03-19 14:30:28.219 2018 2149 D PhoneStartingWindowTypeAlgorithm: isSnapshotCompatible rotation 0 snapshot 0
03-19 14:30:28.221 2634 2634 I wm_on_top_resumed_lost_called: [249239324,com.android.launcher3.uioverrides.QuickstepLauncher,topStateChangedWhenResumed]
03-19 14:30:28.224 2634 2634 I wm_on_paused_called: [249239324,com.android.launcher3.uioverrides.QuickstepLauncher,performPause]
03-19 14:30:28.229 1549 12818 I ActivityTaskManager: FOREGROUND_APPLICATION_CHANGED to com.android.settings.homepage.SettingsHomepageActivity
03-19 14:30:28.233 1549 12818 I wm_set_resumed_activity: [0,com.android.settings/.Settings,resumeTopActivityInnerLocked]
03-19 14:30:28.234 1549 12818 I wm_add_to_stopping: [0,249239324,com.android.launcher3/.uioverrides.QuickstepLauncher,makeInvisible]
03-19 14:30:28.236 1549 12818 I wm_resume_activity: [0,17152677,118,com.android.settings/.Settings]
01-01 09:18:09.083 0 0 E DTC_ETH,link_delay_work_func: 3003, SQI=0, link=0
03-19 14:30:28.248 1549 1656 I sysui_multi_action: [757,803,799,window_time_0,802,0]
03-19 14:30:28.248 1549 1741 I input_focus: [Focus leaving fc1131e com.android.launcher3/com.android.launcher3.uioverrides.QuickstepLauncher (server),reason=NO_WINDOW]
03-19 14:30:28.260 21017 21017 I wm_on_restart_called: [17152677,com.android.settings.Settings,performRestartActivity]
03-19 14:30:28.262 21017 21017 I wm_on_start_called: [17152677,com.android.settings.Settings,handleStartActivity]
03-19 14:30:28.263 21017 21017 I snet_event_log: [120484087,-1,]
03-19 14:30:28.264 21017 21017 I wm_on_resume_called: [17152677,com.android.settings.Settings,RESUME_ACTIVITY]
03-19 14:30:28.264 21017 21017 I sysui_multi_action: [757,35,758,1,833,0,1089,0]
03-19 14:30:28.273 21017 21017 I sysui_multi_action: [757,20,758,1,833,0,1089,0]
03-19 14:30:28.278 1549 2215 I netstats_mobile_sample: [0,0,0,0,0,0,0,0,0,0,0,0,1679207428278]
03-19 14:30:28.278 1549 2215 I netstats_wifi_sample: [359712222,295519,20753759,118359,359712222,295519,20753759,118359,374306408,333980,15564635,105673,1679207428278]
03-19 14:30:28.293 21017 21017 I wm_on_top_resumed_gained_called: [17152677,com.android.settings.Settings,topWhenResuming]
03-19 14:30:28.302 1549 1657 I input_focus: [Focus request e3ad60b com.android.settings/com.android.settings.Settings,reason=UpdateInputWindows]
03-19 14:30:28.315 2018 2149 D StartingSurfaceDrawer: Task start finish, remove starting surface for task 118
03-19 14:30:28.320 1549 1653 I sysui_multi_action: [319,28,321,27,322,98,325,4686,757,761,758,9,759,4,806,com.android.settings,871,com.android.settings.Settings,904,com.android.launcher3,905,0,1320,4,1321,1]
03-19 14:30:28.331 1549 1741 I input_focus: [Focus entering e3ad60b com.android.settings/com.android.settings.Settings (server),reason=Window became focusable. Previous reason: NOT_VISIBLE]
03-19 14:30:28.339 1549 2209 W FreeFormWindowHelper: Current Display FreeFormTask is null
03-19 14:30:28.599 1549 1656 I wm_stop_activity: [0,249239324,com.android.launcher3/.uioverrides.QuickstepLauncher]
03-19 14:30:28.615 1549 12818 W FreeFormWindowHelper: exitRecentTasks type=0
03-19 14:30:28.624 2634 2634 I wm_on_stop_called: [249239324,com.android.launcher3.uioverrides.QuickstepLauncher,STOP_ACTIVITY_ITEM]
03-19 14:30:29.302 1549 1741 I input_interaction: Interaction with: e3ad60b com.android.settings/com.android.settings.Settings (server), swipe-up (server), edge-swipe (server), PointerEventDispatcher0 (server),
03-19 14:30:29.413 1549 10196 E UserRestrictionsUtils: Unknown restriction queried by uid 1000 (com.android.settings et al): com.android.gallery3d
03-19 14:30:29.415 1549 1668 I am_wtf : [0,21017,system_server,-1,UserRestrictionsUtils,Unknown restriction queried by uid 1000 (com.android.settings et al): com.android.gallery3d]
03-19 14:30:29.416 1549 1668 I DropBoxManagerService: add tag=system_server_wtf isTagEnabled=true flags=0x2
03-19 14:30:29.461 21017 21017 I sysui_multi_action: [757,558,758,1,833,0,1089,41]
03-19 14:30:29.472 1549 1657 I input_focus: [Focus request 529234b com.android.settings/com.android.settings.Settings,reason=UpdateInputWindows]
03-19 14:30:29.488 1549 1741 I input_focus: [Focus leaving e3ad60b com.android.settings/com.android.settings.Settings (server),reason=setFocusedWindow]
03-19 14:30:29.488 1549 1741 I input_focus: [Focus entering 529234b com.android.settings/com.android.settings.Settings (server),reason=setFocusedWindow]
01-01 09:18:10.967 0 0 E DTC_Display: screen not ready
03-19 14:30:32.902 1549 2118 I ntp_failure: [time.android.com/216.239.35.0,java.net.SocketTimeoutException: Poll timed out]
01-01 09:18:14.203 0 0 E DTC_ETH,link_delay_work_func: 3003, SQI=0, link=0
01-01 09:18:14.255 0 0 E DTC_Display: screen not ready
01-01 09:18:14.717 0 0 I msm_vidc: err : ffffffff: .....: DBLP Set: status 0
03-19 14:30:34.777 1549 1741 I input_interaction: Interaction with: 529234b com.android.settings/com.android.settings.Settings (server), swipe-up (server), edge-swipe (server), PointerEventDispatcher0 (server),
03-19 14:30:34.922 21017 21017 I sysui_multi_action: [757,874,758,4]
03-19 14:30:34.929 1549 10196 D PackageManager: Instant App installer not found with android.intent.action.INSTALL_INSTANT_APP_PACKAGE
03-19 14:30:34.929 1549 10196 D PackageManager: Clear ephemeral installer activity
03-19 14:30:34.939 1549 1692 I am_uid_stopped: 10063
03-19 14:30:34.942 21017 21017 I sysui_multi_action: [757,558,758,2,1089,5480]
03-19 14:30:34.945 1549 1657 I input_focus: [Focus request e3ad60b com.android.settings/com.android.settings.Settings,reason=UpdateInputWindows]
03-19 14:30:34.945 1549 1692 I ActivityManager: Killing 21075:com.android.gallery3d/u0a63 (adj 700): change com.android.gallery3d
03-19 14:30:34.946 1549 1692 I am_kill : [0,21075,com.android.gallery3d,700,change com.android.gallery3d]
03-19 14:30:34.950 1549 1667 W UsageStatsService: Unexpected activity event reported! (com.android.gallery3d/com.android.gallery3d.app.GalleryActivity event : 23 instanceId : 21830096)
03-19 14:30:34.952 1549 1692 I WindowManager: Force finishing ActivityRecord{8a2e7da u0 com.android.gallery3d/.app.GalleryActivity t119}
03-19 14:30:34.952 1549 1692 I wm_finish_activity: [0,144893914,119,com.android.gallery3d/.app.GalleryActivity,force-stop]
03-19 14:30:34.952 1549 1692 I wm_destroy_activity: [0,144893914,119,com.android.gallery3d/.app.GalleryActivity,finish-imm:finishIfPossible]
03-19 14:30:34.953 1549 1667 W UsageStatsService: Unexpected activity event reported! (com.android.gallery3d/com.android.gallery3d.app.GalleryActivity event : 23 instanceId : 21830096)
03-19 14:30:34.956 1549 1692 I wm_task_removed: [119,removeChild:removeChild last r=ActivityRecord{8a2e7da u0 com.android.gallery3d/.app.GalleryActivity t-1 f}} in t=Task{c1c7b39 #119 type=standard A=10063:com.android.gallery3d U=0 visible=false mode=fullscreen translucent=true sz=0}]
03-19 14:30:34.956 1549 1692 I wm_task_removed: [119,removeChild]
03-19 14:30:34.960 1549 1692 W ActivityTaskManager: Can't find TaskDisplayArea to determine support for multi window. Task id=119 attached=false
03-19 14:30:34.960 1549 1692 W ActivityTaskManager: Can't find TaskDisplayArea to determine support for multi window. Task id=119 attached=false
03-19 14:30:34.965 1549 1653 D CompanionDeviceManagerService: onPackageModified(packageName = com.android.gallery3d)
03-19 14:30:34.966 1549 1741 I input_focus: [Focus entering e3ad60b com.android.settings/com.android.settings.Settings (server),reason=setFocusedWindow]
03-19 14:30:34.967 1549 1656 I sysui_multi_action: [757,803,799,window_time_0,802,7]
03-19 14:30:34.973 1549 1549 I Telecom : DefaultDialerCache: Refreshing default dialer for user 0: now null: DDC.oR@AEY
03-19 14:30:34.973 1549 1549 I notification_cancel_all: [1000,1549,com.android.gallery3d,0,0,0,5,NULL]
03-19 14:30:34.999 1549 4216 I sysui_multi_action: [757,1245,758,4,806,com.android.gallery3d,1241,android.permission.WRITE_EXTERNAL_STORAGE]
03-19 14:30:35.013 1549 4216 I commit_sys_config_file: [package-user-0,1]
03-19 14:30:35.013 1549 4216 I commit_sys_config_file: [package,14]
01-01 09:18:15.849 0 0 I logd : start watching /data/system/packages.list ...
01-01 09:18:15.856 0 0 I logd : ReadPackageList, total packages: 103
03-19 14:30:35.018 1549 4916 I sysui_multi_action: [757,1245,758,4,806,com.android.gallery3d,1241,android.permission.READ_EXTERNAL_STORAGE]
03-19 14:30:35.021 1549 4687 V ActivityManager: Got obituary of 21075:com.android.gallery3d
03-19 14:30:35.021 1549 1656 W ActivityManager: setHasOverlayUi called on unknown pid: 21075
01-01 09:18:15.867 0 0 I logd : start watching /data/system/packages.list ...
03-19 14:30:35.032 1549 4916 I commit_sys_config_file: [package-user-0,1]
03-19 14:30:35.032 1549 4916 I commit_sys_config_file: [package,14]
01-01 09:18:15.869 0 0 I logd : ReadPackageList, total packages: 103
03-19 14:30:35.045 1549 1549 W CarrierConfigManager: Error getting config for subId -1 ICarrierConfigLoader is null
03-19 14:30:35.046 1549 1549 I Telecom : PhoneAccountRegistrar: getSimCallManager: SimCallManager for subId -1 queried, returning: null: TSI.gSCMFU@AEc
03-19 14:30:35.056 1549 1667 W VoiceInteractionManager: no available voice recognition services found for user 0
03-19 14:30:35.062 1549 8360 W FreeFormWindowHelper: Current Display FreeFormTask is null
03-19 14:30:35.355 0 0 I auditd : type=1400 audit(0.0:12307): avc: denied { kill } for comm="swapper/2" capability=5 scontext=u:r:kernel:s0 tcontext=u:r:kernel:s0 tclass=capability permissive=1
03-19 14:30:36.335 1549 1741 I input_interaction: Interaction with: e3ad60b com.android.settings/com.android.settings.Settings (server), swipe-up (server), edge-swipe (server), PointerEventDispatcher0 (server),
03-19 14:30:36.350 1549 2209 I wm_task_moved: [1,0,0]
03-19 14:30:36.350 1549 4928 W FreeFormWindowHelper: Current Display FreeFormTask is null
03-19 14:30:36.350 1549 2209 I wm_task_moved: [1,0,8]
03-19 14:30:36.353 1549 4928 W FreeFormWindowHelper: Current Display FreeFormTask is null
03-19 14:30:36.357 21017 21017 I view_enqueue_input_event: [Motion - Cancel,com.android.settings/com.android.settings.Settings]
03-19 14:30:36.361 1549 1741 I input_interaction: Interaction with: swipe-up (server), edge-swipe (server), PointerEventDispatcher0 (server),
03-19 14:30:36.361 1549 1653 D AutofillManagerService: Close system dialogs
03-19 14:30:36.362 1549 1657 I input_focus: [Focus request recents_animation_input_consumer,reason=UpdateInputWindows]
03-19 14:30:36.363 2634 2634 I wm_on_restart_called: [249239324,com.android.launcher3.uioverrides.QuickstepLauncher,performRestartActivity]
03-19 14:30:36.364 1549 12818 W FreeFormWindowHelper: Current Display FreeFormTask is null
03-19 14:30:36.364 1549 2209 W FreeFormWindowHelper: Current Display FreeFormTask is null
03-19 14:30:36.365 1549 2209 W FreeFormWindowHelper: Current Display FreeFormTask is null
03-19 14:30:36.374 2634 2634 I wm_on_start_called: [249239324,com.android.launcher3.uioverrides.QuickstepLauncher,handleStartActivity]
03-19 14:30:36.374 1549 2209 W FreeFormWindowHelper: Current Display FreeFormTask is null
03-19 14:30:36.375 1549 2209 W FreeFormWindowHelper: Current Display FreeFormTask is null
03-19 14:30:36.376 1549 2209 W ActivityTaskManager: getTaskSnapshot: taskId=-361 not found
03-19 14:30:36.377 1549 2209 W ActivityTaskManager: getTaskSnapshot: taskId=-361 not found
03-19 14:30:36.377 1549 2209 W ActivityTaskManager: getTaskSnapshot: taskId=-361 not found
03-19 14:30:36.377 1549 2209 W ActivityTaskManager: getTaskSnapshot: taskId=-361 not found
03-19 14:30:36.378 1549 2209 W ActivityTaskManager: getTaskSnapshot: taskId=-361 not found
03-19 14:30:36.383 1549 1741 I input_focus: [Focus leaving e3ad60b com.android.settings/com.android.settings.Settings (server),reason=NOT_FOCUSABLE]
03-19 14:30:36.383 1549 1741 I input_focus: [Focus entering recents_animation_input_consumer (server),reason=setFocusedWindow]
03-19 14:30:36.390 1549 12818 W FreeFormWindowHelper: Current Display FreeFormTask is null
03-19 14:30:36.390 1549 12818 W FreeFormWindowHelper: Current Display FreeFormTask is null
03-19 14:30:36.392 2634 2634 I sysui_latency: [1,57]
03-19 14:30:36.399 1549 4829 W FreeFormWindowHelper: Current Display FreeFormTask is null
03-19 14:30:36.399 1549 4829 W FreeFormWindowHelper: Current Display FreeFormTask is null
03-19 14:30:36.409 1549 1653 I sysui_multi_action: [319,7,322,55,325,4694,757,761,758,9,759,5,806,com.android.launcher3,871,com.android.launcher3.uioverrides.QuickstepLauncher,905,0,1320,4,1321,1]
03-19 14:30:36.426 1549 4928 W FreeFormWindowHelper: exitRecentTasks type=0
03-19 14:30:36.432 1549 4928 W FreeFormWindowHelper: Current Display FreeFormTask is null
03-19 14:30:36.433 1549 4829 W FreeFormWindowHelper: Current Display FreeFormTask is null
03-19 14:30:36.577 1549 1725 I commit_sys_config_file: [settings-1-0,5]
01-01 09:18:17.415 0 0 E DTC_Display: screen not ready
03-19 14:30:36.706 1549 1667 I sysui_latency: [8,65]
03-19 14:30:37.083 1549 2209 W FreeFormWindowHelper: Current Display FreeFormTask is null
03-19 14:30:37.083 1549 2209 W FreeFormWindowHelper: Current Display FreeFormTask is null
03-19 14:30:37.087 1549 2209 I wm_task_moved: [1,1,9]
03-19 14:30:37.087 1549 2209 I wm_task_moved: [37,1,2147483647]
03-19 14:30:37.087 1549 2209 I wm_task_to_front: [0,37]
03-19 14:30:37.087 1549 2209 I wm_focused_root_task: [0,0,1,118,RecentsAnimation.onAnimationFinished()]
03-19 14:30:37.087 1549 2209 I wm_set_resumed_activity: [0,com.android.launcher3/.uioverrides.QuickstepLauncher,RecentsAnimation.onAnimationFinished()]
03-19 14:30:37.087 21017 21017 I wm_on_top_resumed_lost_called: [17152677,com.android.settings.Settings,topStateChangedWhenResumed]
03-19 14:30:37.088 1549 2209 I wm_pause_activity: [0,17152677,com.android.settings/.Settings,userLeaving=true,pauseBackTasks]
03-19 14:30:37.089 1549 2209 I wm_add_to_stopping: [0,17152677,com.android.settings/.Settings,makeInvisible]
03-19 14:30:37.089 1549 2209 I ActivityTaskManager: FOREGROUND_APPLICATION_CHANGED to com.android.launcher3.uioverrides.QuickstepLauncher
03-19 14:30:37.089 1549 2209 I wm_set_resumed_activity: [0,com.android.launcher3/.uioverrides.QuickstepLauncher,resumeTopActivityInnerLocked]
03-19 14:30:37.092 1549 2209 I wm_resume_activity: [0,249239324,37,com.android.launcher3/.uioverrides.QuickstepLauncher]
03-19 14:30:37.093 2634 2634 I wm_on_resume_called: [249239324,com.android.launcher3.uioverrides.QuickstepLauncher,RESUME_ACTIVITY]
03-19 14:30:37.097 1549 1657 I input_focus: [Focus request fc1131e com.android.launcher3/com.android.launcher3.uioverrides.QuickstepLauncher,reason=UpdateInputWindows]
03-19 14:30:37.098 2634 2634 I wm_on_top_resumed_gained_called: [249239324,com.android.launcher3.uioverrides.QuickstepLauncher,topStateChangedWhenResumed]
03-19 14:30:37.101 21017 21017 I sysui_multi_action: [757,35,758,2,1089,8835]
03-19 14:30:37.101 1549 1656 I wm_stop_activity: [0,17152677,com.android.settings/.Settings]
03-19 14:30:37.102 1549 1741 I input_focus: [Focus leaving recents_animation_input_consumer (server),reason=NOT_VISIBLE]
03-19 14:30:37.102 21017 21017 I sysui_multi_action: [757,20,758,2,1089,8830]
03-19 14:30:37.102 1549 1656 I sysui_multi_action: [757,803,799,window_time_0,802,2]
03-19 14:30:37.103 21017 21017 I wm_on_paused_called: [17152677,com.android.settings.Settings,performPause]
03-19 14:30:37.107 1549 1656 I sysui_multi_action: [757,803,799,window_time_0,802,0]
03-19 14:30:37.111 21017 21017 I wm_on_stop_called: [17152677,com.android.settings.Settings,STOP_ACTIVITY_ITEM]
03-19 14:30:37.119 1549 1741 I input_focus: [Focus entering fc1131e com.android.launcher3/com.android.launcher3.uioverrides.QuickstepLauncher (server),reason=setFocusedWindow]
03-19 14:30:37.199 1549 12818 W FreeFormWindowHelper: Current Display FreeFormTask is null
03-19 14:30:37.389 1549 1741 I input_interaction: Interaction with: fc1131e com.android.launcher3/com.android.launcher3.uioverrides.QuickstepLauncher (server), 4353511 com.android.systemui.ImageWallpaper (server), swipe-up (server), edge-swipe (server), PointerEventDispatcher0 (server),
03-19 14:30:37.401 1549 4928 W FreeFormWindowHelper: Current Display FreeFormTask is null
03-19 14:30:37.402 1549 4829 W FreeFormWindowHelper: Current Display FreeFormTask is null
03-19 14:30:37.422 1549 12818 W FreeFormWindowHelper: Current Display FreeFormTask is null
03-19 14:30:37.422 1549 12818 W FreeFormWindowHelper: Current Display FreeFormTask is null
03-19 14:30:37.422 1549 1653 D AutofillManagerService: Close system dialogs
03-19 14:30:37.423 2634 2634 I view_enqueue_input_event: [Motion - Cancel,com.android.launcher3/com.android.launcher3.uioverrides.QuickstepLauncher]
03-19 14:30:37.424 1549 12818 W FreeFormWindowHelper: Current Display FreeFormTask is null
03-19 14:30:37.425 1549 12818 W FreeFormWindowHelper: Current Display FreeFormTask is null
03-19 14:30:37.425 1549 1741 I input_interaction: Interaction with: swipe-up (server), edge-swipe (server), PointerEventDispatcher0 (server),
03-19 14:30:37.427 1549 12818 W FreeFormWindowHelper: Current Display FreeFormTask is null
03-19 14:30:37.427 1549 12818 W FreeFormWindowHelper: Current Display FreeFormTask is null
03-19 14:30:37.429 1549 12818 W ActivityTaskManager: getTaskSnapshot: taskId=-311 not found
03-19 14:30:37.430 1549 12818 W ActivityTaskManager: getTaskSnapshot: taskId=-311 not found
03-19 14:30:37.430 1549 12818 W ActivityTaskManager: getTaskSnapshot: taskId=-311 not found
03-19 14:30:37.431 1549 12818 W ActivityTaskManager: getTaskSnapshot: taskId=-310 not found
03-19 14:30:37.431 1549 12818 W ActivityTaskManager: getTaskSnapshot: taskId=-310 not found
03-19 14:30:37.432 1549 12818 W FreeFormWindowHelper: Current Display FreeFormTask is null
03-19 14:30:37.432 1549 12818 W FreeFormWindowHelper: Current Display FreeFormTask is null
03-19 14:30:37.605 1549 1725 I commit_sys_config_file: [settings-1-0,3]
03-19 14:30:37.734 1549 12818 W FreeFormWindowHelper: Current Display FreeFormTask is null
03-19 14:30:37.734 1549 12818 W FreeFormWindowHelper: Current Display FreeFormTask is null
03-19 14:30:37.750 1549 4928 W FreeFormWindowHelper: Current Display FreeFormTask is null
03-19 14:30:37.751 1549 12818 W FreeFormWindowHelper: Current Display FreeFormTask is null
03-19 14:30:37.767 1549 2209 W FreeFormWindowHelper: Current Display FreeFormTask is null
03-19 14:30:37.768 1549 2209 W FreeFormWindowHelper: Current Display FreeFormTask is null
03-19 14:30:37.784 1549 2821 W FreeFormWindowHelper: Current Display FreeFormTask is null
03-19 14:30:37.785 1549 2821 W FreeFormWindowHelper: Current Display FreeFormTask is null
03-19 14:30:37.800 1549 4829 W FreeFormWindowHelper: Current Display FreeFormTask is null
03-19 14:30:37.801 1549 2209 W FreeFormWindowHelper: Current Display FreeFormTask is null
03-19 14:30:37.820 1549 12818 W FreeFormWindowHelper: Current Display FreeFormTask is null
03-19 14:30:37.820 1549 12818 W FreeFormWindowHelper: Current Display FreeFormTask is null
03-19 14:30:37.836 1549 12818 W FreeFormWindowHelper: Current Display FreeFormTask is null
03-19 14:30:37.836 1549 12818 W FreeFormWindowHelper: Current Display FreeFormTask is null
03-19 14:30:37.852 1549 2209 W FreeFormWindowHelper: Current Display FreeFormTask is null
03-19 14:30:37.852 1549 2209 W FreeFormWindowHelper: Current Display FreeFormTask is null
03-19 14:30:37.869 1549 2209 W FreeFormWindowHelper: Current Display FreeFormTask is null
03-19 14:30:37.869 1549 12818 W FreeFormWindowHelper: Current Display FreeFormTask is null
03-19 14:30:37.886 1549 8360 W FreeFormWindowHelper: Current Display FreeFormTask is null
03-19 14:30:37.886 1549 1858 W FreeFormWindowHelper: Current Display FreeFormTask is null
03-19 14:30:37.902 1549 12818 W FreeFormWindowHelper: Current Display FreeFormTask is null
03-19 14:30:37.902 1549 1858 W FreeFormWindowHelper: Current Display FreeFormTask is null
03-19 14:30:37.910 1549 2118 I ntp_failure: [time.android.com/216.239.35.8,java.net.SocketTimeoutException: Poll timed out]
03-19 14:30:37.919 1549 1858 W FreeFormWindowHelper: Current Display FreeFormTask is null
03-19 14:30:37.919 1549 2209 W FreeFormWindowHelper: Current Display FreeFormTask is null
03-19 14:30:37.930 1549 1725 I commit_sys_config_file: [settings-1-0,4]
03-19 14:30:37.935 1549 8360 W FreeFormWindowHelper: Current Display FreeFormTask is null
03-19 14:30:37.935 1549 12818 W FreeFormWindowHelper: Current Display FreeFormTask is null
03-19 14:30:37.952 1549 2209 W FreeFormWindowHelper: Current Display FreeFormTask is null
03-19 14:30:37.952 1549 2209 W FreeFormWindowHelper: Current Display FreeFormTask is null
03-19 14:30:37.968 1549 8360 W FreeFormWindowHelper: Current Display FreeFormTask is null
03-19 14:30:37.969 1549 8360 W FreeFormWindowHelper: Current Display FreeFormTask is null
03-19 14:30:37.985 1549 8360 W FreeFormWindowHelper: Current Display FreeFormTask is null
03-19 14:30:37.986 1549 2209 W FreeFormWindowHelper: Current Display FreeFormTask is null
03-19 14:30:38.003 1549 2209 W FreeFormWindowHelper: Current Display FreeFormTask is null
03-19 14:30:38.003 1549 2209 W FreeFormWindowHelper: Current Display FreeFormTask is null
03-19 14:30:38.017 1549 1667 I sysui_multi_action: [757,1717,758,1,759,0]
03-19 14:30:38.017 1549 1667 I sysui_multi_action: [757,1717,758,2,759,0]
03-19 14:30:38.017 1549 1667 I sysui_multi_action: [757,1717,758,3,759,0]
03-19 14:30:38.019 1549 8360 W FreeFormWindowHelper: Current Display FreeFormTask is null
03-19 14:30:38.019 1549 8360 W FreeFormWindowHelper: Current Display FreeFormTask is null
03-19 14:30:38.037 1549 1858 W FreeFormWindowHelper: Current Display FreeFormTask is null
03-19 14:30:38.037 1549 8360 W FreeFormWindowHelper: Current Display FreeFormTask is null
03-19 14:30:38.038 1549 2209 W FreeFormWindowHelper: Current Display FreeFormTask is null
03-19 14:30:38.058 1549 1858 W FreeFormWindowHelper: Current Display FreeFormTask is null
03-19 14:30:38.058 1549 1858 W FreeFormWindowHelper: Current Display FreeFormTask is null
01-01 09:18:19.323 0 0 E DTC_ETH,link_delay_work_func: 3003, SQI=0, link=0
03-19 14:30:38.493 1549 1741 I input_interaction: Interaction with: fc1131e com.android.launcher3/com.android.launcher3.uioverrides.QuickstepLauncher (server), 4353511 com.android.systemui.ImageWallpaper (server), swipe-up (server), edge-swipe (server), PointerEventDispatcher0 (server),
03-19 14:30:38.567 1549 1858 I wm_task_moved: [1,1,9]
03-19 14:30:38.568 1549 1858 I wm_set_resumed_activity: [0,com.android.launcher3/.uioverrides.QuickstepLauncher,positionChildAt]
03-19 14:30:38.568 1549 1858 I wm_task_moved: [118,1,9]
03-19 14:30:38.569 1549 1858 I wm_task_to_front: [0,118]
03-19 14:30:38.569 1549 1858 I wm_focused_root_task: [0,0,118,1,moveTaskToFront findTaskToMoveToFront]
03-19 14:30:38.570 1549 1858 I wm_set_resumed_activity: [0,com.android.settings/.Settings,moveTaskToFront findTaskToMoveToFront]
03-19 14:30:38.571 1549 1858 I wm_pause_activity: [0,249239324,com.android.launcher3/.uioverrides.QuickstepLauncher,userLeaving=true,pauseBackTasks]
03-19 14:30:38.574 2018 2149 D PhoneStartingWindowTypeAlgorithm: preferredStartingWindowType newTask:false taskSwitch:true processRunning:true allowTaskSnapshot:true activityCreated:true useEmptySplashScreen:false legacySplashScreen:false topIsHome:false
03-19 14:30:38.574 2018 2149 D PhoneStartingWindowTypeAlgorithm: isSnapshotCompatible rotation 0 snapshot 0
03-19 14:30:38.577 2634 2634 I wm_on_top_resumed_lost_called: [249239324,com.android.launcher3.uioverrides.QuickstepLauncher,topStateChangedWhenResumed]
03-19 14:30:38.580 2634 2634 I wm_on_paused_called: [249239324,com.android.launcher3.uioverrides.QuickstepLauncher,performPause]
03-19 14:30:38.583 1549 12818 I ActivityTaskManager: FOREGROUND_APPLICATION_CHANGED to com.android.settings.homepage.SettingsHomepageActivity
03-19 14:30:38.584 1549 12818 I wm_set_resumed_activity: [0,com.android.settings/.Settings,resumeTopActivityInnerLocked]
03-19 14:30:38.585 1549 12818 I wm_add_to_stopping: [0,249239324,com.android.launcher3/.uioverrides.QuickstepLauncher,makeInvisible]
03-19 14:30:38.586 1549 12818 I wm_resume_activity: [0,17152677,118,com.android.settings/.Settings]
03-19 14:30:38.601 1549 1656 I sysui_multi_action: [757,803,799,window_time_0,802,2]
03-19 14:30:38.605 1549 1741 I input_focus: [Focus leaving fc1131e com.android.launcher3/com.android.launcher3.uioverrides.QuickstepLauncher (server),reason=NO_WINDOW]
03-19 14:30:38.606 21017 21017 I wm_on_restart_called: [17152677,com.android.settings.Settings,performRestartActivity]
03-19 14:30:38.609 21017 21017 I wm_on_start_called: [17152677,com.android.settings.Settings,handleStartActivity]
03-19 14:30:38.609 21017 21017 I snet_event_log: [120484087,-1,]
03-19 14:30:38.610 21017 21017 I wm_on_resume_called: [17152677,com.android.settings.Settings,RESUME_ACTIVITY]
03-19 14:30:38.610 21017 21017 I sysui_multi_action: [757,35,758,1,833,0,1089,0]
03-19 14:30:38.618 21017 21017 I sysui_multi_action: [757,20,758,1,833,0,1089,0]
03-19 14:30:38.629 1549 12818 I netstats_mobile_sample: [0,0,0,0,0,0,0,0,0,0,0,0,1679207438629]
03-19 14:30:38.629 1549 12818 I netstats_wifi_sample: [359770227,295695,20831301,118602,359770227,295695,20831301,118602,374452136,334483,15605363,105811,1679207438629]
03-19 14:30:38.636 21017 21017 I wm_on_top_resumed_gained_called: [17152677,com.android.settings.Settings,topWhenResuming]
