03-19 14:30:38.645 1549 1657 I input_focus: [Focus request e3ad60b com.android.settings/com.android.settings.Settings,reason=UpdateInputWindows]
03-19 14:30:38.661 2018 2149 D StartingSurfaceDrawer: Task start finish, remove starting surface for task 118
03-19 14:30:38.666 1549 1653 I sysui_multi_action: [319,28,321,21,322,88,325,4697,757,761,758,9,759,4,806,com.android.settings,871,com.android.settings.Settings,904,com.android.launcher3,905,0,1320,4,1321,1]
03-19 14:30:38.674 1549 1741 I input_focus: [Focus entering e3ad60b com.android.settings/com.android.settings.Settings (server),reason=setFocusedWindow]
03-19 14:30:38.688 1549 10196 W FreeFormWindowHelper: Current Display FreeFormTask is null
03-19 14:30:38.957 1549 1656 I wm_stop_activity: [0,249239324,com.android.launcher3/.uioverrides.QuickstepLauncher]
03-19 14:30:38.978 1549 4685 W FreeFormWindowHelper: exitRecentTasks type=0
03-19 14:30:38.985 2634 2634 I wm_on_stop_called: [249239324,com.android.launcher3.uioverrides.QuickstepLauncher,STOP_ACTIVITY_ITEM]
03-19 14:30:39.339 1549 1741 I input_interaction: Interaction with: e3ad60b com.android.settings/com.android.settings.Settings (server), swipe-up (server), edge-swipe (server), PointerEventDispatcher0 (server),
03-19 14:30:39.442 1549 10196 E UserRestrictionsUtils: Unknown restriction queried by uid 1000 (com.android.settings et al): com.android.gallery3d
03-19 14:30:39.443 1549 1668 I am_wtf : [0,21017,system_server,-1,UserRestrictionsUtils,Unknown restriction queried by uid 1000 (com.android.settings et al): com.android.gallery3d]
03-19 14:30:39.443 21017 21017 I sysui_multi_action: [757,875,758,4,806,com.android.gallery3d]
03-19 14:30:39.445 1549 1668 I DropBoxManagerService: add tag=system_server_wtf isTagEnabled=true flags=0x2
03-19 14:30:39.447 1549 10196 D PackageManager: Instant App installer not found with android.intent.action.INSTALL_INSTANT_APP_PACKAGE
03-19 14:30:39.447 1549 10196 D PackageManager: Clear ephemeral installer activity
03-19 14:30:39.453 1549 1653 D CompanionDeviceManagerService: onPackageModified(packageName = com.android.gallery3d)
03-19 14:30:39.464 1549 1549 I Telecom : DefaultDialerCache: Refreshing default dialer for user 0: now null: DDC.oR@AEg
03-19 14:30:39.470 1549 1668 I am_uid_running: 10063
03-19 14:30:39.472 1549 1668 D CompatibilityChangeReporter: Compat change id reported: 135634846; UID 10063; state: DISABLED
03-19 14:30:39.472 1549 1668 D CompatibilityChangeReporter: Compat change id reported: 177438394; UID 10063; state: DISABLED
03-19 14:30:39.472 1549 1668 D CompatibilityChangeReporter: Compat change id reported: 135772972; UID 10063; state: DISABLED
03-19 14:30:39.472 1549 1668 D CompatibilityChangeReporter: Compat change id reported: 135754954; UID 10063; state: DISABLED
03-19 14:30:39.473 1549 1669 D CompatibilityChangeReporter: Compat change id reported: 143937733; UID 10063; state: DISABLED
03-19 14:30:39.483 1549 1669 I am_proc_start: [0,21603,10063,com.android.gallery3d,broadcast,{com.android.gallery3d/com.android.gallery3d.app.PackagesMonitor}]
03-19 14:30:39.483 1549 1669 I ActivityManager: Start proc 21603:com.android.gallery3d/u0a63 for broadcast {com.android.gallery3d/com.android.gallery3d.app.PackagesMonitor}
03-19 14:30:39.486 1549 4687 I sysui_multi_action: [757,1243,758,4,806,com.android.gallery3d,1241,android.permission.WRITE_EXTERNAL_STORAGE]
03-19 14:30:39.490 1549 2210 I sysui_multi_action: [757,1243,758,4,806,com.android.gallery3d,1241,android.permission.READ_EXTERNAL_STORAGE]
03-19 14:30:39.494 1549 1549 W CarrierConfigManager: Error getting config for subId -1 ICarrierConfigLoader is null
03-19 14:30:39.495 1549 1549 I Telecom : PhoneAccountRegistrar: getSimCallManager: SimCallManager for subId -1 queried, returning: null: TSI.gSCMFU@AEk
03-19 14:30:39.503 1549 1667 W VoiceInteractionManager: no available voice recognition services found for user 0
01-01 09:18:20.340 0 0 I binder : 21603:21603 ioctl 40046210 7fe518c534 returned -22
03-19 14:30:39.511 1549 8362 I am_proc_bound: [0,21603,com.android.gallery3d]
01-01 09:18:20.791 0 0 E DTC_Display: screen not ready
03-19 14:30:40.420 1549 12818 W FreeFormWindowHelper: Current Display FreeFormTask is null
03-19 14:30:40.422 1549 12818 W FreeFormWindowHelper: Current Display FreeFormTask is null
03-19 14:30:40.422 1549 8362 I wm_task_moved: [1,0,0]
03-19 14:30:40.423 1549 8362 I wm_task_moved: [1,0,8]
03-19 14:30:40.425 1549 5960 W FreeFormWindowHelper: Current Display FreeFormTask is null
03-19 14:30:40.426 1549 5960 W FreeFormWindowHelper: Current Display FreeFormTask is null
03-19 14:30:40.426 21017 21017 I view_enqueue_input_event: [Motion - Cancel,com.android.settings/com.android.settings.Settings]
03-19 14:30:40.431 1549 1741 I input_interaction: Interaction with: swipe-up (server), edge-swipe (server), PointerEventDispatcher0 (server),
03-19 14:30:40.437 1549 1653 D AutofillManagerService: Close system dialogs
03-19 14:30:40.438 1549 1657 I input_focus: [Focus request recents_animation_input_consumer,reason=UpdateInputWindows]
03-19 14:30:40.442 2634 2634 I wm_on_restart_called: [249239324,com.android.launcher3.uioverrides.QuickstepLauncher,performRestartActivity]
03-19 14:30:40.443 1549 8362 W FreeFormWindowHelper: Current Display FreeFormTask is null
03-19 14:30:40.443 1549 5960 W FreeFormWindowHelper: Current Display FreeFormTask is null
03-19 14:30:40.443 1549 8362 W FreeFormWindowHelper: Current Display FreeFormTask is null
03-19 14:30:40.452 2634 2634 I wm_on_start_called: [249239324,com.android.launcher3.uioverrides.QuickstepLauncher,handleStartActivity]
03-19 14:30:40.452 1549 8362 W ActivityTaskManager: getTaskSnapshot: taskId=-310 not found
03-19 14:30:40.453 1549 8362 W ActivityTaskManager: getTaskSnapshot: taskId=-310 not found
03-19 14:30:40.454 1549 8362 W ActivityTaskManager: getTaskSnapshot: taskId=-310 not found
03-19 14:30:40.454 1549 8362 W ActivityTaskManager: getTaskSnapshot: taskId=-310 not found
03-19 14:30:40.454 1549 8362 W ActivityTaskManager: getTaskSnapshot: taskId=-310 not found
03-19 14:30:40.459 1549 1741 I input_focus: [Focus leaving e3ad60b com.android.settings/com.android.settings.Settings (server),reason=NOT_FOCUSABLE]
03-19 14:30:40.459 1549 1741 I input_focus: [Focus entering recents_animation_input_consumer (server),reason=setFocusedWindow]
03-19 14:30:40.468 1549 12818 W FreeFormWindowHelper: Current Display FreeFormTask is null
03-19 14:30:40.468 1549 12818 W FreeFormWindowHelper: Current Display FreeFormTask is null
03-19 14:30:40.469 2634 2634 I sysui_latency: [1,64]
03-19 14:30:40.476 1549 8362 W FreeFormWindowHelper: Current Display FreeFormTask is null
03-19 14:30:40.476 1549 8362 W FreeFormWindowHelper: Current Display FreeFormTask is null
03-19 14:30:40.487 1549 1653 I sysui_multi_action: [319,10,322,55,325,4698,757,761,758,9,759,5,806,com.android.launcher3,871,com.android.launcher3.uioverrides.QuickstepLauncher,905,0,1320,4,1321,1]
03-19 14:30:40.654 1549 1725 I commit_sys_config_file: [settings-1-0,3]
03-19 14:30:40.781 1549 1667 I sysui_latency: [8,69]
03-19 14:30:40.801 1549 8360 W FreeFormWindowHelper: Current Display FreeFormTask is null
03-19 14:30:40.801 1549 8360 W FreeFormWindowHelper: Current Display FreeFormTask is null
03-19 14:30:40.801 1549 8360 W FreeFormWindowHelper: Current Display FreeFormTask is null
03-19 14:30:41.117 1549 12818 I wm_task_moved: [1,1,9]
03-19 14:30:41.118 1549 12818 I wm_focused_root_task: [0,0,1,118,RecentsAnimation.onAnimationFinished()]
03-19 14:30:41.118 21017 21017 I wm_on_top_resumed_lost_called: [17152677,com.android.settings.Settings,topStateChangedWhenResumed]
03-19 14:30:41.121 1549 12818 I wm_pause_activity: [0,17152677,com.android.settings/.Settings,userLeaving=false,pauseBackTasks]
03-19 14:30:41.122 1549 12818 I ActivityTaskManager: FOREGROUND_APPLICATION_CHANGED to com.android.launcher3.uioverrides.QuickstepLauncher
03-19 14:30:41.123 1549 12818 I wm_set_resumed_activity: [0,com.android.launcher3/.uioverrides.QuickstepLauncher,resumeTopActivityInnerLocked]
03-19 14:30:41.125 1549 12818 I wm_resume_activity: [0,249239324,37,com.android.launcher3/.uioverrides.QuickstepLauncher]
03-19 14:30:41.126 1549 12818 I wm_add_to_stopping: [0,17152677,com.android.settings/.Settings,makeInvisible]
03-19 14:30:41.127 2634 2634 I wm_on_resume_called: [249239324,com.android.launcher3.uioverrides.QuickstepLauncher,RESUME_ACTIVITY]
03-19 14:30:41.130 1549 1656 I sysui_multi_action: [757,803,799,window_time_0,802,2]
03-19 14:30:41.131 21017 21017 I sysui_multi_action: [757,35,758,2,1089,2521]
03-19 14:30:41.132 21017 21017 I sysui_multi_action: [757,20,758,2,1089,2514]
03-19 14:30:41.133 1549 1657 I input_focus: [Focus request fc1131e com.android.launcher3/com.android.launcher3.uioverrides.QuickstepLauncher,reason=UpdateInputWindows]
03-19 14:30:41.133 21017 21017 I wm_on_paused_called: [17152677,com.android.settings.Settings,performPause]
03-19 14:30:41.134 1549 1656 I wm_stop_activity: [0,17152677,com.android.settings/.Settings]
03-19 14:30:41.134 1549 1656 I sysui_multi_action: [757,803,799,window_time_0,802,0]
03-19 14:30:41.136 1549 8360 W FreeFormWindowHelper: Current Display FreeFormTask is null
03-19 14:30:41.136 1549 8360 W FreeFormWindowHelper: Current Display FreeFormTask is null
03-19 14:30:41.136 1549 8360 W FreeFormWindowHelper: Current Display FreeFormTask is null
03-19 14:30:41.145 1549 1741 I input_focus: [Focus leaving recents_animation_input_consumer (server),reason=NOT_VISIBLE]
03-19 14:30:41.145 1549 1741 I input_focus: [Focus entering fc1131e com.android.launcher3/com.android.launcher3.uioverrides.QuickstepLauncher (server),reason=setFocusedWindow]
03-19 14:30:41.146 2634 2634 I wm_on_top_resumed_gained_called: [249239324,com.android.launcher3.uioverrides.QuickstepLauncher,topStateChangedWhenResumed]
03-19 14:30:41.150 1549 1667 I am_pss : [21041,10085,com.android.music,6901760,4812800,0,90173440,0,19,6]
03-19 14:30:41.157 21017 21017 I wm_on_stop_called: [17152677,com.android.settings.Settings,STOP_ACTIVITY_ITEM]
03-19 14:30:41.173 1549 12818 W FreeFormWindowHelper: Current Display FreeFormTask is null
03-19 14:30:41.173 1549 12818 W FreeFormWindowHelper: Current Display FreeFormTask is null
03-19 14:30:41.231 1549 12818 W FreeFormWindowHelper: Current Display FreeFormTask is null
03-19 14:30:41.347 1549 1725 I commit_sys_config_file: [settings-1-0,3]
03-19 14:30:41.355 0 0 I auditd : type=1400 audit(0.0:12308): avc: denied { kill } for comm="swapper/0" capability=5 scontext=u:r:kernel:s0 tcontext=u:r:kernel:s0 tclass=capability permissive=1
03-19 14:30:42.192 1549 1741 I input_interaction: Interaction with: fc1131e com.android.launcher3/com.android.launcher3.uioverrides.QuickstepLauncher (server), 4353511 com.android.systemui.ImageWallpaper (server), swipe-up (server), edge-swipe (server), PointerEventDispatcher0 (server),
03-19 14:30:42.314 1549 8362 W FreeFormWindowHelper: exitRecentTasks type=0
01-01 09:18:24.443 0 0 E DTC_ETH,link_delay_work_func: 3003, SQI=0, link=0
01-01 09:18:24.491 0 0 E DTC_Display: screen not ready
03-19 14:30:44.966 1549 1692 I commit_sys_config_file: [package-user-0,6]
03-19 14:30:45.081 1549 8362 W FreeFormWindowHelper: Current Display FreeFormTask is null
03-19 14:30:45.081 1549 8362 W FreeFormWindowHelper: Current Display FreeFormTask is null
03-19 14:30:45.355 0 0 I auditd : type=1400 audit(0.0:12309): avc: denied { kill } for comm="swapper/0" capability=5 scontext=u:r:kernel:s0 tcontext=u:r:kernel:s0 tclass=capability permissive=1
03-19 14:30:45.530 1549 1668 I am_uid_idle: 10050
03-19 14:30:45.957 1549 8362 W FreeFormWindowHelper: exitRecentTasks type=0
03-19 14:30:46.424 1549 4916 W FreeFormWindowHelper: Current Display FreeFormTask is null
03-19 14:30:46.424 1549 12818 W FreeFormWindowHelper: Current Display FreeFormTask is null
03-19 14:30:46.425 1549 4916 W FreeFormWindowHelper: Current Display FreeFormTask is null
03-19 14:30:46.436 1549 1653 D AutofillManagerService: Close system dialogs
03-19 14:30:46.436 1549 4916 W FreeFormWindowHelper: Current Display FreeFormTask is null
03-19 14:30:46.436 1549 4916 W FreeFormWindowHelper: Current Display FreeFormTask is null
03-19 14:30:46.437 2634 2634 I view_enqueue_input_event: [Motion - Cancel,com.android.launcher3/com.android.launcher3.uioverrides.QuickstepLauncher]
03-19 14:30:46.438 1549 4916 W FreeFormWindowHelper: Current Display FreeFormTask is null
03-19 14:30:46.439 1549 4916 W FreeFormWindowHelper: Current Display FreeFormTask is null
03-19 14:30:46.440 1549 1741 I input_interaction: Interaction with: swipe-up (server), edge-swipe (server), PointerEventDispatcher0 (server),
03-19 14:30:46.441 1549 8362 W FreeFormWindowHelper: Current Display FreeFormTask is null
03-19 14:30:46.441 1549 4916 W FreeFormWindowHelper: Current Display FreeFormTask is null
03-19 14:30:46.443 1549 8362 W ActivityTaskManager: getTaskSnapshot: taskId=-297 not found
03-19 14:30:46.445 1549 8362 W ActivityTaskManager: getTaskSnapshot: taskId=-297 not found
03-19 14:30:46.445 1549 8362 W ActivityTaskManager: getTaskSnapshot: taskId=-296 not found
03-19 14:30:46.446 1549 8362 W ActivityTaskManager: getTaskSnapshot: taskId=-296 not found
03-19 14:30:46.447 1549 8362 W ActivityTaskManager: getTaskSnapshot: taskId=-296 not found
03-19 14:30:46.454 1549 8362 W FreeFormWindowHelper: Current Display FreeFormTask is null
03-19 14:30:46.454 1549 8362 W FreeFormWindowHelper: Current Display FreeFormTask is null
03-19 14:30:46.627 1549 1725 I commit_sys_config_file: [settings-1-0,4]
03-19 14:30:46.684 1549 8362 W FreeFormWindowHelper: Current Display FreeFormTask is null
03-19 14:30:46.684 1549 4916 W FreeFormWindowHelper: Current Display FreeFormTask is null
03-19 14:30:46.693 1549 5960 W FreeFormWindowHelper: exitRecentTasks type=0
03-19 14:30:46.697 1549 5960 W FreeFormWindowHelper: Current Display FreeFormTask is null
03-19 14:30:46.697 1549 5960 W FreeFormWindowHelper: Current Display FreeFormTask is null
03-19 14:30:46.901 1549 1725 I commit_sys_config_file: [settings-1-0,5]
01-01 09:18:27.755 0 0 E DTC_Display: screen not ready
03-19 14:30:47.282 1549 1741 I input_interaction: Interaction with: fc1131e com.android.launcher3/com.android.launcher3.uioverrides.QuickstepLauncher (server), 4353511 com.android.systemui.ImageWallpaper (server), swipe-up (server), edge-swipe (server), PointerEventDispatcher0 (server),
03-19 14:30:47.308 1549 5960 W FreeFormWindowHelper: Current Display FreeFormTask is null
03-19 14:30:47.309 1549 5960 W FreeFormWindowHelper: Current Display FreeFormTask is null
03-19 14:30:47.320 1549 5960 W FreeFormWindowHelper: Current Display FreeFormTask is null
03-19 14:30:47.320 1549 5960 W FreeFormWindowHelper: Current Display FreeFormTask is null
03-19 14:30:47.320 1549 1653 D AutofillManagerService: Close system dialogs
03-19 14:30:47.321 2634 2634 I view_enqueue_input_event: [Motion - Cancel,com.android.launcher3/com.android.launcher3.uioverrides.QuickstepLauncher]
03-19 14:30:47.322 1549 5960 W FreeFormWindowHelper: Current Display FreeFormTask is null
03-19 14:30:47.323 1549 5960 W FreeFormWindowHelper: Current Display FreeFormTask is null
03-19 14:30:47.325 1549 1858 W ActivityTaskManager: getTaskSnapshot: taskId=-413 not found
03-19 14:30:47.325 1549 5959 W FreeFormWindowHelper: Current Display FreeFormTask is null
03-19 14:30:47.325 1549 5959 W FreeFormWindowHelper: Current Display FreeFormTask is null
03-19 14:30:47.327 1549 5959 W ActivityTaskManager: getTaskSnapshot: taskId=-412 not found
03-19 14:30:47.328 1549 5959 W ActivityTaskManager: getTaskSnapshot: taskId=-412 not found
03-19 14:30:47.328 1549 5959 W ActivityTaskManager: getTaskSnapshot: taskId=-412 not found
03-19 14:30:47.329 1549 5959 W ActivityTaskManager: getTaskSnapshot: taskId=-412 not found
03-19 14:30:47.329 1549 1741 I input_interaction: Interaction with: swipe-up (server), edge-swipe (server), PointerEventDispatcher0 (server),
03-19 14:30:47.339 1549 5959 W FreeFormWindowHelper: Current Display FreeFormTask is null
03-19 14:30:47.339 1549 5959 W FreeFormWindowHelper: Current Display FreeFormTask is null
03-19 14:30:47.513 1549 1725 I commit_sys_config_file: [settings-1-0,4]
03-19 14:30:47.641 1549 12818 W FreeFormWindowHelper: Current Display FreeFormTask is null
03-19 14:30:47.641 1549 12818 W FreeFormWindowHelper: Current Display FreeFormTask is null
03-19 14:30:47.658 1549 5960 W FreeFormWindowHelper: Current Display FreeFormTask is null
03-19 14:30:47.658 1549 5960 W FreeFormWindowHelper: Current Display FreeFormTask is null
03-19 14:30:47.674 1549 1858 W FreeFormWindowHelper: Current Display FreeFormTask is null
03-19 14:30:47.674 1549 5959 W FreeFormWindowHelper: Current Display FreeFormTask is null
03-19 14:30:47.691 1549 8362 W FreeFormWindowHelper: Current Display FreeFormTask is null
03-19 14:30:47.691 1549 8362 W FreeFormWindowHelper: Current Display FreeFormTask is null
03-19 14:30:47.708 1549 8360 W FreeFormWindowHelper: Current Display FreeFormTask is null
03-19 14:30:47.708 1549 1858 W FreeFormWindowHelper: Current Display FreeFormTask is null
03-19 14:30:47.726 1549 12818 W FreeFormWindowHelper: Current Display FreeFormTask is null
03-19 14:30:47.726 1549 12818 W FreeFormWindowHelper: Current Display FreeFormTask is null
03-19 14:30:47.743 1549 12818 W FreeFormWindowHelper: Current Display FreeFormTask is null
03-19 14:30:47.743 1549 12818 W FreeFormWindowHelper: Current Display FreeFormTask is null
03-19 14:30:47.759 1549 5959 W FreeFormWindowHelper: Current Display FreeFormTask is null
03-19 14:30:47.760 1549 8362 W FreeFormWindowHelper: Current Display FreeFormTask is null
03-19 14:30:47.776 1549 12818 W FreeFormWindowHelper: Current Display FreeFormTask is null
03-19 14:30:47.777 1549 5959 W FreeFormWindowHelper: Current Display FreeFormTask is null
03-19 14:30:47.793 1549 8362 W FreeFormWindowHelper: Current Display FreeFormTask is null
03-19 14:30:47.793 1549 8362 W FreeFormWindowHelper: Current Display FreeFormTask is null
03-19 14:30:47.809 1549 12818 W FreeFormWindowHelper: Current Display FreeFormTask is null
03-19 14:30:47.809 1549 5959 W FreeFormWindowHelper: Current Display FreeFormTask is null
03-19 14:30:47.826 1549 10196 W FreeFormWindowHelper: Current Display FreeFormTask is null
03-19 14:30:47.826 1549 10196 W FreeFormWindowHelper: Current Display FreeFormTask is null
03-19 14:30:47.843 1549 10196 W FreeFormWindowHelper: Current Display FreeFormTask is null
03-19 14:30:47.843 1549 5959 W FreeFormWindowHelper: Current Display FreeFormTask is null
03-19 14:30:47.845 1549 1725 I commit_sys_config_file: [settings-1-0,9]
03-19 14:30:47.859 1549 8362 W FreeFormWindowHelper: Current Display FreeFormTask is null
03-19 14:30:47.859 1549 8360 W FreeFormWindowHelper: Current Display FreeFormTask is null
03-19 14:30:47.875 1549 8362 W FreeFormWindowHelper: Current Display FreeFormTask is null
03-19 14:30:47.876 1549 8362 W FreeFormWindowHelper: Current Display FreeFormTask is null
03-19 14:30:47.892 1549 12818 W FreeFormWindowHelper: Current Display FreeFormTask is null
03-19 14:30:47.893 1549 8362 W FreeFormWindowHelper: Current Display FreeFormTask is null
03-19 14:30:47.909 1549 8362 W FreeFormWindowHelper: Current Display FreeFormTask is null
03-19 14:30:47.909 1549 12818 W FreeFormWindowHelper: Current Display FreeFormTask is null
03-19 14:30:47.926 1549 8362 W FreeFormWindowHelper: Current Display FreeFormTask is null
03-19 14:30:47.927 1549 12818 W FreeFormWindowHelper: Current Display FreeFormTask is null
03-19 14:30:47.945 1549 8360 W FreeFormWindowHelper: Current Display FreeFormTask is null
03-19 14:30:47.946 1549 10196 W FreeFormWindowHelper: Current Display FreeFormTask is null
03-19 14:30:47.946 1549 1858 W FreeFormWindowHelper: Current Display FreeFormTask is null
03-19 14:30:47.967 1549 10196 W FreeFormWindowHelper: Current Display FreeFormTask is null
03-19 14:30:47.967 1549 10196 W FreeFormWindowHelper: Current Display FreeFormTask is null
03-19 14:30:48.319 1549 1741 I input_interaction: Interaction with: fc1131e com.android.launcher3/com.android.launcher3.uioverrides.QuickstepLauncher (server), 4353511 com.android.systemui.ImageWallpaper (server), swipe-up (server), edge-swipe (server), PointerEventDispatcher0 (server),
03-19 14:30:48.360 1549 10196 I wm_task_moved: [1,1,9]
03-19 14:30:48.361 1549 10196 I wm_set_resumed_activity: [0,com.android.launcher3/.uioverrides.QuickstepLauncher,positionChildAt]
03-19 14:30:48.361 1549 10196 I wm_task_moved: [118,1,9]
03-19 14:30:48.362 1549 10196 I wm_focused_root_task: [0,0,118,1,moveTaskToFront findTaskToMoveToFront]
03-19 14:30:48.363 1549 10196 I wm_set_resumed_activity: [0,com.android.settings/.Settings,moveTaskToFront findTaskToMoveToFront]
03-19 14:30:48.364 1549 10196 I wm_pause_activity: [0,249239324,com.android.launcher3/.uioverrides.QuickstepLauncher,userLeaving=true,pauseBackTasks]
03-19 14:30:48.367 2018 2149 D PhoneStartingWindowTypeAlgorithm: preferredStartingWindowType newTask:false taskSwitch:true processRunning:true allowTaskSnapshot:true activityCreated:true useEmptySplashScreen:false legacySplashScreen:false topIsHome:false
03-19 14:30:48.367 2018 2149 D PhoneStartingWindowTypeAlgorithm: isSnapshotCompatible rotation 0 snapshot 0
03-19 14:30:48.368 2634 2634 I wm_on_top_resumed_lost_called: [249239324,com.android.launcher3.uioverrides.QuickstepLauncher,topStateChangedWhenResumed]
03-19 14:30:48.371 2634 2634 I wm_on_paused_called: [249239324,com.android.launcher3.uioverrides.QuickstepLauncher,performPause]
03-19 14:30:48.372 1549 5959 I ActivityTaskManager: FOREGROUND_APPLICATION_CHANGED to com.android.settings.homepage.SettingsHomepageActivity
03-19 14:30:48.373 1549 5959 I wm_set_resumed_activity: [0,com.android.settings/.Settings,resumeTopActivityInnerLocked]
03-19 14:30:48.374 1549 5959 I wm_add_to_stopping: [0,249239324,com.android.launcher3/.uioverrides.QuickstepLauncher,makeInvisible]
03-19 14:30:48.375 1549 5959 I wm_resume_activity: [0,17152677,118,com.android.settings/.Settings]
03-19 14:30:48.385 21017 21017 I wm_on_restart_called: [17152677,com.android.settings.Settings,performRestartActivity]
03-19 14:30:48.387 1549 1656 I sysui_multi_action: [757,803,799,window_time_0,802,7]
03-19 14:30:48.390 21017 21017 I wm_on_start_called: [17152677,com.android.settings.Settings,handleStartActivity]
03-19 14:30:48.390 21017 21017 I snet_event_log: [120484087,-1,]
03-19 14:30:48.391 21017 21017 I wm_on_resume_called: [17152677,com.android.settings.Settings,RESUME_ACTIVITY]
03-19 14:30:48.391 21017 21017 I sysui_multi_action: [757,35,758,1,833,0,1089,0]
03-19 14:30:48.396 1549 1741 I input_focus: [Focus leaving fc1131e com.android.launcher3/com.android.launcher3.uioverrides.QuickstepLauncher (server),reason=NO_WINDOW]
03-19 14:30:48.400 21017 21017 I sysui_multi_action: [757,20,758,1,833,0,1089,0]
03-19 14:30:48.411 1549 1667 I am_pss : [21379,10090,com.android.permissioncontroller,16493568,13987840,0,107294720,0,3,5]
03-19 14:30:48.418 1549 1858 I netstats_mobile_sample: [0,0,0,0,0,0,0,0,0,0,0,0,1679207448418]
03-19 14:30:48.419 1549 1858 I netstats_wifi_sample: [359823917,295872,20900967,118827,359823917,295872,20900967,118827,374576580,334931,15644755,105949,1679207448418]
03-19 14:30:48.420 21017 21017 I wm_on_top_resumed_gained_called: [17152677,com.android.settings.Settings,topWhenResuming]
03-19 14:30:48.428 1549 1657 I input_focus: [Focus request e3ad60b com.android.settings/com.android.settings.Settings,reason=UpdateInputWindows]
03-19 14:30:48.442 1549 1653 I sysui_multi_action: [319,29,321,26,322,75,325,4706,757,761,758,9,759,4,806,com.android.settings,871,com.android.settings.Settings,904,com.android.launcher3,905,0,1320,4,1321,1]
03-19 14:30:48.443 2018 2149 D StartingSurfaceDrawer: Task start finish, remove starting surface for task 118
03-19 14:30:48.447 1549 1741 I input_focus: [Focus entering e3ad60b com.android.settings/com.android.settings.Settings (server),reason=setFocusedWindow]
03-19 14:30:48.478 1549 1858 W FreeFormWindowHelper: Current Display FreeFormTask is null
01-01 09:18:29.563 0 0 E DTC_ETH,link_delay_work_func: 3003, SQI=0, link=0
03-19 14:30:48.748 1549 1656 I wm_stop_activity: [0,249239324,com.android.launcher3/.uioverrides.QuickstepLauncher]
03-19 14:30:48.764 1549 8360 W FreeFormWindowHelper: exitRecentTasks type=0
03-19 14:30:48.773 2634 2634 I wm_on_stop_called: [249239324,com.android.launcher3.uioverrides.QuickstepLauncher,STOP_ACTIVITY_ITEM]
01-01 09:18:30.389 0 0 I logd : start watching /data/system/packages.list ...
01-01 09:18:30.391 0 0 I logd : ReadPackageList, total packages: 103
03-19 14:30:49.553 1549 1741 I input_interaction: Interaction with: e3ad60b com.android.settings/com.android.settings.Settings (server), swipe-up (server), edge-swipe (server), PointerEventDispatcher0 (server),
03-19 14:30:49.555 1549 1549 I service_manager_stats: [100,48,24323]
03-19 14:30:49.557 1549 1692 I commit_sys_config_file: [package-user-0,2]
03-19 14:30:49.557 1549 1692 I commit_sys_config_file: [package,50]
01-01 09:18:30.707 0 0 E DTC_Display: screen not ready
03-19 14:30:51.753 21017 21017 I sysui_multi_action: [757,1775,758,4,806,com.android.gallery3d]
03-19 14:30:51.787 21017 21017 I sysui_multi_action: [757,558,758,1,833,0,1089,28]
03-19 14:30:51.796 1549 1657 I input_focus: [Focus request ca569c9 com.android.settings/com.android.settings.Settings,reason=UpdateInputWindows]
03-19 14:30:51.824 1549 1741 I input_focus: [Focus leaving e3ad60b com.android.settings/com.android.settings.Settings (server),reason=setFocusedWindow]
03-19 14:30:51.824 1549 1741 I input_focus: [Focus entering ca569c9 com.android.settings/com.android.settings.Settings (server),reason=setFocusedWindow]
03-19 14:30:52.497 1549 1741 I input_interaction: Interaction with: ca569c9 com.android.settings/com.android.settings.Settings (server), swipe-up (server), edge-swipe (server), PointerEventDispatcher0 (server),
03-19 14:30:52.645 21017 21017 I sysui_multi_action: [757,807,758,4,854,com.android.gallery3d,1089,0]
03-19 14:30:52.651 1549 1858 I ActivityManager: Force stopping com.android.gallery3d appid=10063 user=0: from pid 21017
03-19 14:30:52.651 1549 1858 I am_uid_stopped: 10063
03-19 14:30:52.652 1549 1858 I ActivityManager: Killing 21603:com.android.gallery3d/u0a63 (adj 905): stop com.android.gallery3d due to from pid 21017
03-19 14:30:52.652 1549 1858 I am_kill : [0,21603,com.android.gallery3d,905,stop com.android.gallery3d due to from pid 21017]
03-19 14:30:52.666 1549 1549 I notification_cancel_all: [1000,1549,com.android.gallery3d,0,0,0,5,NULL]
03-19 14:30:52.686 1549 8360 V ActivityManager: Got obituary of 21603:com.android.gallery3d
03-19 14:30:52.691 1549 1657 I input_focus: [Focus request e3ad60b com.android.settings/com.android.settings.Settings,reason=UpdateInputWindows]
03-19 14:30:52.697 1549 1549 I notification_cancel_all: [1000,1549,com.android.gallery3d,0,0,0,5,NULL]
03-19 14:30:52.708 1549 1741 I input_focus: [Focus entering e3ad60b com.android.settings/com.android.settings.Settings (server),reason=setFocusedWindow]
03-19 14:30:52.718 1549 1549 I notification_cancel_all: [1000,1549,com.android.gallery3d,0,0,0,5,NULL]
03-19 14:30:52.724 21017 21017 I sysui_multi_action: [757,558,758,2,1089,936]
03-19 14:30:52.739 1549 1549 I notification_cancel_all: [1000,1549,com.android.gallery3d,0,0,0,5,NULL]
03-19 14:30:52.756 1549 1549 I notification_cancel_all: [1000,1549,com.android.gallery3d,0,0,0,5,NULL]
01-01 09:18:33.963 0 0 E DTC_Display: screen not ready
03-19 14:30:53.833 1549 1741 I input_interaction: Interaction with: e3ad60b com.android.settings/com.android.settings.Settings (server), swipe-up (server), edge-swipe (server), PointerEventDispatcher0 (server),
03-19 14:30:53.846 1549 8360 W FreeFormWindowHelper: Current Display FreeFormTask is null
01-01 09:18:34.683 0 0 E DTC_ETH,link_delay_work_func: 3003, SQI=0, link=0
03-19 14:30:53.846 1549 1858 I wm_task_moved: [1,0,0]
03-19 14:30:53.847 1549 1858 I wm_task_moved: [1,0,8]
03-19 14:30:53.849 1549 8360 W FreeFormWindowHelper: Current Display FreeFormTask is null
03-19 14:30:53.855 2634 2634 I wm_on_restart_called: [249239324,com.android.launcher3.uioverrides.QuickstepLauncher,performRestartActivity]
03-19 14:30:53.856 1549 12818 W FreeFormWindowHelper: Current Display FreeFormTask is null
03-19 14:30:53.856 1549 12818 W FreeFormWindowHelper: Current Display FreeFormTask is null
03-19 14:30:53.856 1549 12818 W FreeFormWindowHelper: Current Display FreeFormTask is null
03-19 14:30:53.871 2634 2634 I wm_on_start_called: [249239324,com.android.launcher3.uioverrides.QuickstepLauncher,handleStartActivity]
03-19 14:30:53.872 1549 8360 W ActivityTaskManager: getTaskSnapshot: taskId=-887 not found
03-19 14:30:53.872 21017 21017 I view_enqueue_input_event: [Motion - Cancel,com.android.settings/com.android.settings.Settings]
03-19 14:30:53.875 1549 8360 W ActivityTaskManager: getTaskSnapshot: taskId=-886 not found
03-19 14:30:53.877 1549 1858 W ActivityTaskManager: getTaskSnapshot: taskId=-886 not found
03-19 14:30:53.877 1549 8360 W ActivityTaskManager: getTaskSnapshot: taskId=-886 not found
03-19 14:30:53.877 1549 8360 W ActivityTaskManager: getTaskSnapshot: taskId=-885 not found
03-19 14:30:53.879 1549 1653 D AutofillManagerService: Close system dialogs
03-19 14:30:53.879 1549 1858 W FreeFormWindowHelper: Current Display FreeFormTask is null
03-19 14:30:53.880 1549 1858 W FreeFormWindowHelper: Current Display FreeFormTask is null
03-19 14:30:53.880 1549 1741 I input_interaction: Interaction with: swipe-up (server), edge-swipe (server), PointerEventDispatcher0 (server),
03-19 14:30:53.881 2634 2634 I sysui_latency: [1,48]
03-19 14:30:53.883 1549 1657 I input_focus: [Focus request recents_animation_input_consumer,reason=UpdateInputWindows]
03-19 14:30:53.884 1549 8360 W FreeFormWindowHelper: Current Display FreeFormTask is null
03-19 14:30:53.885 1549 1858 W FreeFormWindowHelper: Current Display FreeFormTask is null
03-19 14:30:53.887 1549 1858 W ActivityTaskManager: getTaskSnapshot: taskId=-851 not found
03-19 14:30:53.889 1549 1858 W ActivityTaskManager: getTaskSnapshot: taskId=-850 not found
03-19 14:30:53.890 1549 1858 W ActivityTaskManager: getTaskSnapshot: taskId=-850 not found
03-19 14:30:53.890 1549 1858 W ActivityTaskManager: getTaskSnapshot: taskId=-850 not found
03-19 14:30:53.891 1549 1653 I sysui_multi_action: [319,11,322,39,325,4712,757,761,758,9,759,5,806,com.android.launcher3,871,com.android.launcher3.uioverrides.QuickstepLauncher,905,0,1320,4,1321,1]
03-19 14:30:53.892 1549 12818 W ActivityTaskManager: getTaskSnapshot: taskId=-850 not found
03-19 14:30:53.892 1549 1741 I input_focus: [Focus leaving e3ad60b com.android.settings/com.android.settings.Settings (server),reason=NOT_FOCUSABLE]
03-19 14:30:53.892 1549 1741 I input_focus: [Focus entering recents_animation_input_consumer (server),reason=setFocusedWindow]
03-19 14:30:53.895 1549 1858 W FreeFormWindowHelper: Current Display FreeFormTask is null
03-19 14:30:53.895 1549 1858 W FreeFormWindowHelper: Current Display FreeFormTask is null
03-19 14:30:53.912 1549 8360 W FreeFormWindowHelper: Current Display FreeFormTask is null
03-19 14:30:53.912 1549 8360 W FreeFormWindowHelper: Current Display FreeFormTask is null
03-19 14:30:54.077 1549 1725 I commit_sys_config_file: [settings-1-0,6]
03-19 14:30:54.187 1549 1667 I sysui_latency: [8,48]
03-19 14:30:54.248 1549 8360 W FreeFormWindowHelper: Current Display FreeFormTask is null
03-19 14:30:54.248 1549 4687 W FreeFormWindowHelper: Current Display FreeFormTask is null
03-19 14:30:54.249 1549 8362 W FreeFormWindowHelper: Current Display FreeFormTask is null
03-19 14:30:54.562 1549 8360 I wm_task_moved: [1,1,9]
03-19 14:30:54.564 1549 8360 I wm_focused_root_task: [0,0,1,118,RecentsAnimation.onAnimationFinished()]
03-19 14:30:54.568 1549 8360 I wm_pause_activity: [0,17152677,com.android.settings/.Settings,userLeaving=false,pauseBackTasks]
03-19 14:30:54.568 1549 8360 I ActivityTaskManager: FOREGROUND_APPLICATION_CHANGED to com.android.launcher3.uioverrides.QuickstepLauncher
03-19 14:30:54.571 1549 8360 I wm_set_resumed_activity: [0,com.android.launcher3/.uioverrides.QuickstepLauncher,resumeTopActivityInnerLocked]
03-19 14:30:54.573 1549 8360 I wm_resume_activity: [0,249239324,37,com.android.launcher3/.uioverrides.QuickstepLauncher]
03-19 14:30:54.575 1549 8360 I wm_add_to_stopping: [0,17152677,com.android.settings/.Settings,makeInvisible]
03-19 14:30:54.578 2634 2634 I wm_on_resume_called: [249239324,com.android.launcher3.uioverrides.QuickstepLauncher,RESUME_ACTIVITY]
03-19 14:30:54.583 1549 1657 I input_focus: [Focus request fc1131e com.android.launcher3/com.android.launcher3.uioverrides.QuickstepLauncher,reason=UpdateInputWindows]
03-19 14:30:54.585 1549 1656 I sysui_multi_action: [757,803,799,window_time_0,802,7]
03-19 14:30:54.585 1549 1656 I wm_stop_activity: [0,17152677,com.android.settings/.Settings]
03-19 14:30:54.585 1549 1656 I sysui_multi_action: [757,803,799,window_time_0,802,0]
03-19 14:30:54.586 1549 4687 W FreeFormWindowHelper: Current Display FreeFormTask is null
03-19 14:30:54.586 1549 4687 W FreeFormWindowHelper: Current Display FreeFormTask is null
03-19 14:30:54.586 1549 4687 W FreeFormWindowHelper: Current Display FreeFormTask is null
03-19 14:30:54.590 21017 21017 I wm_on_top_resumed_lost_called: [17152677,com.android.settings.Settings,topStateChangedWhenResumed]
03-19 14:30:54.591 21017 21017 I sysui_multi_action: [757,35,758,2,1089,6200]
03-19 14:30:54.592 21017 21017 I sysui_multi_action: [757,20,758,2,1089,6191]
03-19 14:30:54.593 21017 21017 I wm_on_paused_called: [17152677,com.android.settings.Settings,performPause]
03-19 14:30:54.594 1549 1741 I input_focus: [Focus leaving recents_animation_input_consumer (server),reason=NOT_VISIBLE]
03-19 14:30:54.594 1549 1741 I input_focus: [Focus entering fc1131e com.android.launcher3/com.android.launcher3.uioverrides.QuickstepLauncher (server),reason=setFocusedWindow]
03-19 14:30:54.602 1549 4687 W FreeFormWindowHelper: Current Display FreeFormTask is null
03-19 14:30:54.602 1549 4687 W FreeFormWindowHelper: Current Display FreeFormTask is null
03-19 14:30:54.617 2634 2634 I wm_on_top_resumed_gained_called: [249239324,com.android.launcher3.uioverrides.QuickstepLauncher,topStateChangedWhenResumed]
03-19 14:30:54.636 21017 21017 I wm_on_stop_called: [17152677,com.android.settings.Settings,STOP_ACTIVITY_ITEM]
03-19 14:30:54.684 1549 4687 W FreeFormWindowHelper: Current Display FreeFormTask is null
03-19 14:30:54.803 1549 1725 I commit_sys_config_file: [settings-1-0,3]
03-19 14:30:55.355 0 0 I auditd : type=1400 audit(0.0:12310): avc: denied { kill } for comm="swapper/3" capability=5 scontext=u:r:kernel:s0 tcontext=u:r:kernel:s0 tclass=capability permissive=1
03-19 14:30:56.478 1549 1741 I input_interaction: Interaction with: fc1131e com.android.launcher3/com.android.launcher3.uioverrides.QuickstepLauncher (server), 4353511 com.android.systemui.ImageWallpaper (server), swipe-up (server), edge-swipe (server), PointerEventDispatcher0 (server),
03-19 14:30:56.544 1549 1858 I wm_task_moved: [1,1,9]
03-19 14:30:56.545 1549 1858 I wm_set_resumed_activity: [0,com.android.launcher3/.uioverrides.QuickstepLauncher,positionChildAt]
03-19 14:30:56.545 1549 1858 I wm_task_moved: [118,1,9]
03-19 14:30:56.546 1549 1858 I wm_focused_root_task: [0,0,118,1,moveTaskToFront findTaskToMoveToFront]
03-19 14:30:56.546 1549 1858 I wm_set_resumed_activity: [0,com.android.settings/.Settings,moveTaskToFront findTaskToMoveToFront]
03-19 14:30:56.548 1549 1858 I wm_pause_activity: [0,249239324,com.android.launcher3/.uioverrides.QuickstepLauncher,userLeaving=true,pauseBackTasks]
03-19 14:30:56.551 2018 2149 D PhoneStartingWindowTypeAlgorithm: preferredStartingWindowType newTask:false taskSwitch:true processRunning:true allowTaskSnapshot:true activityCreated:true useEmptySplashScreen:false legacySplashScreen:false topIsHome:false
03-19 14:30:56.551 2018 2149 D PhoneStartingWindowTypeAlgorithm: isSnapshotCompatible rotation 0 snapshot 0
03-19 14:30:56.553 2634 2634 I wm_on_top_resumed_lost_called: [249239324,com.android.launcher3.uioverrides.QuickstepLauncher,topStateChangedWhenResumed]
03-19 14:30:56.554 2634 2634 I wm_on_paused_called: [249239324,com.android.launcher3.uioverrides.QuickstepLauncher,performPause]
03-19 14:30:56.556 1549 4687 I ActivityTaskManager: FOREGROUND_APPLICATION_CHANGED to com.android.settings.homepage.SettingsHomepageActivity
03-19 14:30:56.557 1549 4687 I wm_set_resumed_activity: [0,com.android.settings/.Settings,resumeTopActivityInnerLocked]
03-19 14:30:56.557 1549 4687 I wm_add_to_stopping: [0,249239324,com.android.launcher3/.uioverrides.QuickstepLauncher,makeInvisible]
03-19 14:30:56.558 1549 4687 I wm_resume_activity: [0,17152677,118,com.android.settings/.Settings]
03-19 14:30:56.576 21017 21017 I wm_on_restart_called: [17152677,com.android.settings.Settings,performRestartActivity]
03-19 14:30:56.576 1549 1656 I sysui_multi_action: [757,803,799,window_time_0,802,2]
03-19 14:30:56.579 21017 21017 I wm_on_start_called: [17152677,com.android.settings.Settings,handleStartActivity]
03-19 14:30:56.579 21017 21017 I snet_event_log: [120484087,-1,]
03-19 14:30:56.580 21017 21017 I wm_on_resume_called: [17152677,com.android.settings.Settings,RESUME_ACTIVITY]
03-19 14:30:56.580 21017 21017 I sysui_multi_action: [757,35,758,1,833,0,1089,0]
03-19 14:30:56.582 1549 1741 I input_focus: [Focus leaving fc1131e com.android.launcher3/com.android.launcher3.uioverrides.QuickstepLauncher (server),reason=NO_WINDOW]
03-19 14:30:56.592 21017 21017 I sysui_multi_action: [757,20,758,1,833,0,1089,0]
03-19 14:30:56.604 1549 1549 I notification_cancel_all: [1000,1549,com.android.gallery3d,0,0,0,5,NULL]
03-19 14:30:56.607 1549 8360 I netstats_mobile_sample: [0,0,0,0,0,0,0,0,0,0,0,0,1679207456607]
03-19 14:30:56.607 1549 8360 I netstats_wifi_sample: [359870123,296023,20967503,119041,359870123,296023,20967503,119041,374695357,335395,15679941,106073,1679207456607]
03-19 14:30:56.613 21017 21017 I wm_on_top_resumed_gained_called: [17152677,com.android.settings.Settings,topWhenResuming]
03-19 14:30:56.620 1549 1549 I notification_cancel_all: [1000,1549,com.android.gallery3d,0,0,0,5,NULL]
03-19 14:30:56.623 1549 1657 I input_focus: [Focus request e3ad60b com.android.settings/com.android.settings.Settings,reason=UpdateInputWindows]
03-19 14:30:56.641 1549 1653 I sysui_multi_action: [319,34,321,32,322,88,325,4715,757,761,758,9,759,4,806,com.android.settings,871,com.android.settings.Settings,904,com.android.launcher3,905,0,1320,4,1321,1]
03-19 14:30:56.641 2018 2149 D StartingSurfaceDrawer: Task start finish, remove starting surface for task 118
03-19 14:30:56.651 1549 1741 I input_focus: [Focus entering e3ad60b com.android.settings/com.android.settings.Settings (server),reason=Window became focusable. Previous reason: NOT_VISIBLE]
03-19 14:30:56.660 1549 1858 W FreeFormWindowHelper: Current Display FreeFormTask is null
01-01 09:18:37.647 0 0 E DTC_Display: screen not ready
03-19 14:30:56.934 1549 1656 I wm_stop_activity: [0,249239324,com.android.launcher3/.uioverrides.QuickstepLauncher]
03-19 14:30:56.954 1549 4917 W FreeFormWindowHelper: exitRecentTasks type=0
03-19 14:30:56.963 2634 2634 I wm_on_stop_called: [249239324,com.android.launcher3.uioverrides.QuickstepLauncher,STOP_ACTIVITY_ITEM]
03-19 14:30:57.710 1549 1741 I input_interaction: Interaction with: e3ad60b com.android.settings/com.android.settings.Settings (server), swipe-up (server), edge-swipe (server), PointerEventDispatcher0 (server),
03-19 14:30:57.788 21017 21017 I sysui_multi_action: [757,20,758,2,1089,1196]
03-19 14:30:57.822 21017 21017 I sysui_multi_action: [757,65,758,1,833,0,1089,0]
01-01 09:18:39.803 0 0 E DTC_ETH,link_delay_work_func: 3003, SQI=0, link=0
03-19 14:30:59.495 21017 21017 I sysui_multi_action: [757,830,758,4,833,0,854,see_all_apps,1089,0]
03-19 14:30:59.610 21017 21017 I sysui_multi_action: [757,65,758,2,1089,1788]
03-19 14:30:59.653 21017 21017 I sysui_multi_action: [757,65,758,1,833,0,1089,38]
01-01 09:18:40.911 0 0 E DTC_Display: screen not ready
03-19 14:31:02.676 1549 1692 I commit_sys_config_file: [package-user-0,6]
03-19 14:31:02.938 21017 21017 I sysui_multi_action: [757,65,758,2,1089,3284]
03-19 14:31:02.978 1549 4917 E UserRestrictionsUtils: Unknown restriction queried by uid 1000 (com.android.settings et al): null
03-19 14:31:02.979 1549 4917 E UserRestrictionsUtils: Unknown restriction queried by uid 1000 (com.android.settings et al): null
03-19 14:31:02.979 1549 4917 E UserRestrictionsUtils: Unknown restriction queried by uid 1000 (com.android.settings et al): null
03-19 14:31:02.980 1549 4917 E UserRestrictionsUtils: Unknown restriction queried by uid 1000 (com.android.settings et al): null
03-19 14:31:02.981 1549 4917 E UserRestrictionsUtils: Unknown restriction queried by uid 1000 (com.android.settings et al): null
03-19 14:31:02.981 1549 4917 E UserRestrictionsUtils: Unknown restriction queried by uid 1000 (com.android.settings et al): null
03-19 14:31:02.981 1549 4917 E UserRestrictionsUtils: Unknown restriction queried by uid 1000 (com.android.settings et al): null
03-19 14:31:02.982 1549 4917 E UserRestrictionsUtils: Unknown restriction queried by uid 1000 (com.android.settings et al): null
03-19 14:31:02.982 1549 4917 E UserRestrictionsUtils: Unknown restriction queried by uid 1000 (com.android.settings et al): null
03-19 14:31:02.983 1549 4917 E UserRestrictionsUtils: Unknown restriction queried by uid 1000 (com.android.settings et al): null
03-19 14:31:02.983 1549 4917 E UserRestrictionsUtils: Unknown restriction queried by uid 1000 (com.android.settings et al): null
03-19 14:31:02.984 1549 4917 E UserRestrictionsUtils: Unknown restriction queried by uid 1000 (com.android.settings et al): null
03-19 14:31:02.984 1549 4917 E UserRestrictionsUtils: Unknown restriction queried by uid 1000 (com.android.settings et al): null
03-19 14:31:02.985 1549 4917 E UserRestrictionsUtils: Unknown restriction queried by uid 1000 (com.android.settings et al): null
03-19 14:31:02.986 1549 4917 E UserRestrictionsUtils: Unknown restriction queried by uid 1000 (com.android.settings et al): null
03-19 14:31:02.986 1549 4917 E UserRestrictionsUtils: Unknown restriction queried by uid 1000 (com.android.settings et al): null
03-19 14:31:02.987 1549 4917 E UserRestrictionsUtils: Unknown restriction queried by uid 1000 (com.android.settings et al): null
03-19 14:31:02.987 1549 4917 E UserRestrictionsUtils: Unknown restriction queried by uid 1000 (com.android.settings et al): null
03-19 14:31:02.988 1549 4917 E UserRestrictionsUtils: Unknown restriction queried by uid 1000 (com.android.settings et al): null
03-19 14:31:03.024 21017 21017 I sysui_multi_action: [757,20,758,1,833,0,1089,80]
01-01 09:18:43.859 0 0 E DTC_Display: screen not ready
03-19 14:31:03.033 1549 12817 I netstats_mobile_sample: [0,0,0,0,0,0,0,0,0,0,0,0,1679207463033]
03-19 14:31:03.034 1549 12817 I netstats_wifi_sample: [359910406,296134,21011743,119175,359910406,296134,21011743,119175,374775430,335665,15703132,106150,1679207463033]
03-19 14:31:03.038 21017 21017 I sysui_multi_action: [757,1729,758,4,854,isParalleledControllers:false,1089,94]
03-19 14:31:03.065 1549 4917 D CompatibilityChangeReporter: Compat change id reported: 168419799; UID 10090; state: DISABLED
01-01 09:18:44.923 0 0 E DTC_ETH,link_delay_work_func: 3003, SQI=0, link=0
01-01 09:18:47.119 0 0 E DTC_Display: screen not ready
03-19 14:31:07.731 21017 21017 I sysui_multi_action: [757,830,758,4,833,0,854,hibernation_switch,1089,0]
03-19 14:31:08.819 1549 5960 I thunderperf: PlatormCompat.setOverrides: Uid1=1000 Pid1=21017 Uid2=1000 Pid2=21017
03-19 14:31:08.819 1549 5960 I thunderperf: PlatormCompat.setOverrides: needCheck:false
03-19 14:31:08.819 1549 5960 I thunderperf: CompatConfig.addOverrideUnsafe: bef-state=0
03-19 14:31:08.819 1549 5960 I thunderperf: CompatConfig.addOverrideUnsafe: aft-state=0
03-19 14:31:08.819 1549 5960 I thunderperf: CompatConfig.addOverrideUnsafe: bef-state=0
03-19 14:31:08.819 1549 5960 I thunderperf: CompatConfig.addOverrideUnsafe: aft-state=0
03-19 14:31:08.821 1549 5960 I thunderperf: CompatConfig.addOverrideUnsafe: bef-state=0
03-19 14:31:08.821 1549 5960 I thunderperf: CompatConfig.addOverrideUnsafe: aft-state=0
03-19 14:31:08.821 1549 5960 I thunderperf: CompatConfig.addOverrideUnsafe: bef-state=0
03-19 14:31:08.821 1549 5960 I thunderperf: CompatConfig.addOverrideUnsafe: aft-state=0
03-19 14:31:08.822 1549 5960 I thunderperf: CompatConfig.addOverrideUnsafe: bef-state=0
03-19 14:31:08.822 1549 5960 I thunderperf: CompatConfig.addOverrideUnsafe: aft-state=0
03-19 14:31:08.822 1549 5960 I thunderperf: CompatConfig.addOverrideUnsafe: bef-state=0
03-19 14:31:08.822 1549 5960 I thunderperf: CompatConfig.addOverrideUnsafe: aft-state=0
03-19 14:31:08.822 1549 5960 I thunderperf: CompatConfig.addOverrideUnsafe: bef-state=0
03-19 14:31:08.823 1549 5960 I thunderperf: CompatConfig.addOverrideUnsafe: aft-state=0
03-19 14:31:08.823 1549 5960 I thunderperf: CompatConfig.addOverrideUnsafe: bef-state=0
03-19 14:31:08.823 1549 5960 I thunderperf: CompatConfig.addOverrideUnsafe: aft-state=0
03-19 14:31:08.823 1549 5960 I thunderperf: CompatConfig.addOverrideUnsafe: bef-state=0
03-19 14:31:08.823 1549 5960 I thunderperf: CompatConfig.addOverrideUnsafe: aft-state=0
03-19 14:31:08.824 1549 5960 I thunderperf: CompatConfig.addOverrideUnsafe: bef-state=0
03-19 14:31:08.824 1549 5960 I thunderperf: CompatConfig.addOverrideUnsafe: aft-state=0
03-19 14:31:08.824 1549 5960 I thunderperf: CompatConfig.addOverrideUnsafe: bef-state=0
03-19 14:31:08.824 1549 5960 I thunderperf: CompatConfig.addOverrideUnsafe: aft-state=0
03-19 14:31:08.824 1549 5960 I thunderperf: CompatConfig.addOverrideUnsafe: bef-state=0
03-19 14:31:08.824 1549 5960 I thunderperf: CompatConfig.addOverrideUnsafe: aft-state=0
03-19 14:31:08.825 1549 5960 I thunderperf: CompatConfig.addOverrideUnsafe: bef-state=0
03-19 14:31:08.825 1549 5960 I thunderperf: CompatConfig.addOverrideUnsafe: aft-state=0
03-19 14:31:08.825 1549 5960 I thunderperf: CompatConfig.addOverrideUnsafe: bef-state=0
03-19 14:31:08.825 1549 5960 I thunderperf: CompatConfig.addOverrideUnsafe: aft-state=0
03-19 14:31:08.833 1549 5960 I ActivityTaskManager: START u0 {act=android.intent.action.MAIN cmp=com.android.settings/.SubSettings (has extras)} from uid 1000
03-19 14:31:08.836 1549 5960 I wm_task_moved: [118,1,9]
03-19 14:31:08.836 1549 5960 I wm_set_resumed_activity: [0,com.android.settings/.Settings,positionChildAt]
03-19 14:31:08.836 1549 5960 I wm_create_activity: [0,222848687,118,com.android.settings/.SubSettings,android.intent.action.MAIN,NULL,NULL,0]
03-19 14:31:08.837 1549 5960 I wm_pause_activity: [0,17152677,com.android.settings/.Settings,userLeaving=true,resumeTopActivityInnerLocked]
03-19 14:31:08.839 21017 21017 I sysui_multi_action: [757,830,758,4,833,0,854,system_alert_window,1089,0]
03-19 14:31:08.839 21017 21017 I wm_on_top_resumed_lost_called: [17152677,com.android.settings.Settings,topStateChangedWhenResumed]
03-19 14:31:08.840 21017 21017 I sysui_multi_action: [757,35,758,2,1089,12261]
03-19 14:31:08.841 21017 21017 I sysui_multi_action: [757,20,758,2,1089,5817]
03-19 14:31:08.841 21017 21017 I wm_on_paused_called: [17152677,com.android.settings.Settings,performPause]
03-19 14:31:08.842 1549 5960 I ActivityTaskManager: FOREGROUND_APPLICATION_CHANGED to com.android.settings.SubSettings
03-19 14:31:08.842 1549 5960 I ActivityTaskManager: The Process com.android.settings Already Exists in BG. So sending its PID: 21017
03-19 14:31:08.842 1549 5960 W ActivityTaskManager: Tried to set launchTime (0) < mLastActivityLaunchTime (4663730)
03-19 14:31:08.842 1549 5960 I wm_add_to_stopping: [0,17152677,com.android.settings/.Settings,makeInvisible]
03-19 14:31:08.843 1549 5960 I wm_restart_activity: [0,222848687,118,com.android.settings/.SubSettings]
03-19 14:31:08.844 1549 5960 I wm_set_resumed_activity: [0,com.android.settings/.SubSettings,minimalResumeActivityLocked]
03-19 14:31:08.845 1549 1656 I sysui_multi_action: [757,803,799,window_time_0,802,12]
03-19 14:31:08.850 1549 1667 I am_pss : [17742,99006,com.android.webview:sandboxed_process0:org.chromium.content.app.SandboxedProcessService0:0,8795136,2936832,0,77996032,0,4,4]
03-19 14:31:08.860 1549 5960 I thunderperf: PlatormCompat.setOverrides: Uid1=1000 Pid1=21017 Uid2=1000 Pid2=21017
03-19 14:31:08.860 1549 5960 I thunderperf: PlatormCompat.setOverrides: needCheck:false
03-19 14:31:08.860 1549 5960 I thunderperf: CompatConfig.addOverrideUnsafe: bef-state=0
03-19 14:31:08.860 1549 5960 I thunderperf: CompatConfig.addOverrideUnsafe: aft-state=0
03-19 14:31:08.860 1549 5960 I thunderperf: CompatConfig.addOverrideUnsafe: bef-state=0
03-19 14:31:08.860 1549 5960 I thunderperf: CompatConfig.addOverrideUnsafe: aft-state=0
03-19 14:31:08.860 1549 1741 I input_focus: [Focus leaving e3ad60b com.android.settings/com.android.settings.Settings (server),reason=NO_WINDOW]
03-19 14:31:08.860 1549 5960 I thunderperf: CompatConfig.addOverrideUnsafe: bef-state=0
03-19 14:31:08.860 1549 5960 I thunderperf: CompatConfig.addOverrideUnsafe: aft-state=0
03-19 14:31:08.860 1549 5960 I thunderperf: CompatConfig.addOverrideUnsafe: bef-state=0
03-19 14:31:08.860 1549 5960 I thunderperf: CompatConfig.addOverrideUnsafe: aft-state=0
03-19 14:31:08.860 1549 5960 I thunderperf: CompatConfig.addOverrideUnsafe: bef-state=0
03-19 14:31:08.860 1549 5960 I thunderperf: CompatConfig.addOverrideUnsafe: aft-state=0
03-19 14:31:08.861 1549 5960 I thunderperf: CompatConfig.addOverrideUnsafe: bef-state=0
03-19 14:31:08.861 1549 5960 I thunderperf: CompatConfig.addOverrideUnsafe: aft-state=0
03-19 14:31:08.861 1549 5960 I thunderperf: CompatConfig.addOverrideUnsafe: bef-state=0
03-19 14:31:08.861 1549 5960 I thunderperf: CompatConfig.addOverrideUnsafe: aft-state=0
03-19 14:31:08.861 1549 5960 I thunderperf: CompatConfig.addOverrideUnsafe: bef-state=0
