03-19 14:31:08.861 1549 5960 I thunderperf: CompatConfig.addOverrideUnsafe: aft-state=0
03-19 14:31:08.861 1549 5960 I thunderperf: CompatConfig.addOverrideUnsafe: bef-state=0
03-19 14:31:08.861 1549 5960 I thunderperf: CompatConfig.addOverrideUnsafe: aft-state=0
03-19 14:31:08.861 1549 5960 I thunderperf: CompatConfig.addOverrideUnsafe: bef-state=0
03-19 14:31:08.861 1549 5960 I thunderperf: CompatConfig.addOverrideUnsafe: aft-state=0
03-19 14:31:08.861 1549 5960 I thunderperf: CompatConfig.addOverrideUnsafe: bef-state=0
03-19 14:31:08.861 1549 5960 I thunderperf: CompatConfig.addOverrideUnsafe: aft-state=0
03-19 14:31:08.861 1549 5960 I thunderperf: CompatConfig.addOverrideUnsafe: bef-state=0
03-19 14:31:08.861 1549 5960 I thunderperf: CompatConfig.addOverrideUnsafe: aft-state=0
03-19 14:31:08.862 1549 5960 I thunderperf: CompatConfig.addOverrideUnsafe: bef-state=0
03-19 14:31:08.862 1549 5960 I thunderperf: CompatConfig.addOverrideUnsafe: aft-state=0
03-19 14:31:08.862 1549 5960 I thunderperf: CompatConfig.addOverrideUnsafe: bef-state=0
03-19 14:31:08.862 1549 5960 I thunderperf: CompatConfig.addOverrideUnsafe: aft-state=0
03-19 14:31:08.863 1549 5960 I ActivityTaskManager: START u0 {act=android.intent.action.MAIN cmp=com.android.settings/.homepage.SettingsHomepageActivity (has extras)} from uid 1000
03-19 14:31:08.864 1549 5960 I wm_finish_activity: [0,222848687,118,com.android.settings/.SubSettings,clear-task-stack]
03-19 14:31:08.868 1549 5960 I wm_pause_activity: [0,222848687,com.android.settings/.SubSettings,userLeaving=false,finish]
03-19 14:31:08.868 1549 5960 I wm_new_intent: [0,17152677,118,com.android.settings/.Settings,android.intent.action.MAIN,NULL,NULL,270532608]
03-19 14:31:08.868 1549 5960 I wm_task_moved: [118,1,9]
03-19 14:31:08.870 1549 5960 W ActivityTaskManager: Duplicate finish request for r=ActivityRecord{d4866af u0 com.android.settings/.SubSettings t118 f}}
03-19 14:31:08.870 21017 21017 I wm_on_create_called: [222848687,com.android.settings.SubSettings,performCreate]
03-19 14:31:08.871 1549 12817 I wm_add_to_stopping: [0,222848687,com.android.settings/.SubSettings,completeFinishing]
03-19 14:31:08.872 1549 12817 I ActivityTaskManager: FOREGROUND_APPLICATION_CHANGED to com.android.settings.homepage.SettingsHomepageActivity
03-19 14:31:08.872 1549 12817 I wm_set_resumed_activity: [0,com.android.settings/.Settings,resumeTopActivityInnerLocked]
03-19 14:31:08.873 1549 12817 I wm_resume_activity: [0,17152677,118,com.android.settings/.Settings]
03-19 14:31:08.875 1549 1657 I input_focus: [Focus request e3ad60b com.android.settings/com.android.settings.Settings,reason=UpdateInputWindows]
03-19 14:31:08.877 21017 21017 I wm_on_activity_result_called: [17152677,com.android.settings.Settings,ACTIVITY_RESULT]
03-19 14:31:08.877 21017 21017 I wm_on_resume_called: [17152677,com.android.settings.Settings,RESUME_ACTIVITY]
03-19 14:31:08.878 21017 21017 I sysui_multi_action: [757,35,758,1,833,20,1089,0]
03-19 14:31:08.880 1549 1656 I sysui_multi_action: [757,803,799,window_time_0,802,0]
03-19 14:31:08.883 21017 21017 I sysui_multi_action: [757,20,758,1,833,20,1089,0]
03-19 14:31:08.892 1549 1858 I netstats_mobile_sample: [0,0,0,0,0,0,0,0,0,0,0,0,1679207468892]
03-19 14:31:08.892 1549 1858 I netstats_wifi_sample: [359944734,296237,21055531,119311,359944734,296237,21055531,119311,374842753,335928,15726051,106227,1679207468892]
03-19 14:31:08.894 1549 1741 I input_focus: [Focus entering e3ad60b com.android.settings/com.android.settings.Settings (server),reason=Window became focusable. Previous reason: NO_WINDOW]
03-19 14:31:08.903 21017 21017 I wm_on_top_resumed_gained_called: [17152677,com.android.settings.Settings,topWhenResuming]
03-19 14:31:08.926 1549 8360 I wm_destroy_activity: [0,222848687,118,com.android.settings/.SubSettings,finish-imm:idle]
03-19 14:31:08.928 21017 21017 I wm_on_destroy_called: [222848687,com.android.settings.SubSettings,performDestroy]
03-19 14:31:08.974 1549 4917 W FreeFormWindowHelper: Current Display FreeFormTask is null
03-19 14:31:09.078 21017 21017 I sysui_multi_action: [757,20,758,2,1089,195]
03-19 14:31:09.089 21017 21017 I sysui_multi_action: [757,221,758,1,833,20,1089,9]
01-01 09:18:50.043 0 0 E DTC_ETH,link_delay_work_func: 3003, SQI=0, link=0
03-19 14:31:09.355 0 0 I auditd : type=1400 audit(0.0:12311): avc: denied { kill } for comm="swapper/1" capability=5 scontext=u:r:kernel:s0 tcontext=u:r:kernel:s0 tclass=capability permissive=1
01-01 09:18:50.799 0 0 E DTC_Display: screen not ready
03-19 14:31:10.011 21017 21017 I sysui_multi_action: [757,770,758,4,833,221,854,com.tencent.android.qqdownloader,1089,0]
03-19 14:31:10.012 21017 21017 I sysui_multi_action: [757,830,758,4,833,0,854,app_ops_settings_switch,1089,0]
03-19 14:31:10.780 21017 21017 I sysui_multi_action: [757,771,758,4,833,221,854,com.tencent.android.qqdownloader,1089,0]
03-19 14:31:10.781 21017 21017 I sysui_multi_action: [757,830,758,4,833,0,854,app_ops_settings_switch,1089,0]
01-01 09:18:54.059 0 0 E DTC_Display: screen not ready
03-19 14:31:13.626 1549 1549 I service_manager_stats: [100,70,24070]
03-19 14:31:13.712 21017 21017 I sysui_multi_action: [757,221,758,2,1089,4623]
03-19 14:31:13.745 21017 21017 I sysui_multi_action: [757,20,758,1,833,20,1089,0]
03-19 14:31:13.756 1549 1858 I netstats_mobile_sample: [0,0,0,0,0,0,0,0,0,0,0,0,1679207473756]
03-19 14:31:13.756 1549 1858 I netstats_wifi_sample: [359970220,296317,21093141,119426,359970220,296317,21093141,119426,374899765,336142,15745695,106291,1679207473756]
01-01 09:18:55.163 0 0 E DTC_ETH,link_delay_work_func: 3003, SQI=0, link=0
03-19 14:31:15.669 1549 1858 I thunderperf: PlatormCompat.setOverrides: Uid1=1000 Pid1=21017 Uid2=1000 Pid2=21017
03-19 14:31:15.669 1549 1858 I thunderperf: PlatormCompat.setOverrides: needCheck:false
03-19 14:31:15.669 1549 1858 I thunderperf: CompatConfig.addOverrideUnsafe: bef-state=0
03-19 14:31:15.669 1549 1858 I thunderperf: CompatConfig.addOverrideUnsafe: aft-state=0
03-19 14:31:15.670 1549 1858 I thunderperf: CompatConfig.addOverrideUnsafe: bef-state=0
03-19 14:31:15.670 1549 1858 I thunderperf: CompatConfig.addOverrideUnsafe: aft-state=0
03-19 14:31:15.671 1549 1858 I thunderperf: CompatConfig.addOverrideUnsafe: bef-state=0
03-19 14:31:15.671 1549 1858 I thunderperf: CompatConfig.addOverrideUnsafe: aft-state=0
03-19 14:31:15.671 1549 1858 I thunderperf: CompatConfig.addOverrideUnsafe: bef-state=0
03-19 14:31:15.671 1549 1858 I thunderperf: CompatConfig.addOverrideUnsafe: aft-state=0
03-19 14:31:15.672 1549 1858 I thunderperf: CompatConfig.addOverrideUnsafe: bef-state=0
03-19 14:31:15.672 1549 1858 I thunderperf: CompatConfig.addOverrideUnsafe: aft-state=0
03-19 14:31:15.672 1549 1858 I thunderperf: CompatConfig.addOverrideUnsafe: bef-state=0
03-19 14:31:15.672 1549 1858 I thunderperf: CompatConfig.addOverrideUnsafe: aft-state=0
03-19 14:31:15.673 1549 1858 I thunderperf: CompatConfig.addOverrideUnsafe: bef-state=0
03-19 14:31:15.673 1549 1858 I thunderperf: CompatConfig.addOverrideUnsafe: aft-state=0
03-19 14:31:15.673 1549 1858 I thunderperf: CompatConfig.addOverrideUnsafe: bef-state=0
03-19 14:31:15.673 1549 1858 I thunderperf: CompatConfig.addOverrideUnsafe: aft-state=0
03-19 14:31:15.673 1549 1858 I thunderperf: CompatConfig.addOverrideUnsafe: bef-state=0
03-19 14:31:15.674 1549 1858 I thunderperf: CompatConfig.addOverrideUnsafe: aft-state=0
03-19 14:31:15.674 1549 1858 I thunderperf: CompatConfig.addOverrideUnsafe: bef-state=0
03-19 14:31:15.674 1549 1858 I thunderperf: CompatConfig.addOverrideUnsafe: aft-state=0
03-19 14:31:15.674 1549 1858 I thunderperf: CompatConfig.addOverrideUnsafe: bef-state=0
03-19 14:31:15.674 1549 1858 I thunderperf: CompatConfig.addOverrideUnsafe: aft-state=0
03-19 14:31:15.675 1549 1858 I thunderperf: CompatConfig.addOverrideUnsafe: bef-state=0
03-19 14:31:15.675 1549 1858 I thunderperf: CompatConfig.addOverrideUnsafe: aft-state=0
03-19 14:31:15.675 1549 1858 I thunderperf: CompatConfig.addOverrideUnsafe: bef-state=0
03-19 14:31:15.675 1549 1858 I thunderperf: CompatConfig.addOverrideUnsafe: aft-state=0
03-19 14:31:15.676 1549 1858 I thunderperf: CompatConfig.addOverrideUnsafe: bef-state=0
03-19 14:31:15.676 1549 1858 I thunderperf: CompatConfig.addOverrideUnsafe: aft-state=0
03-19 14:31:15.684 1549 1858 I ActivityTaskManager: START u0 {act=android.intent.action.MAIN cmp=com.android.settings/.SubSettings (has extras)} from uid 1000
03-19 14:31:15.687 1549 1858 I wm_task_moved: [118,1,9]
03-19 14:31:15.687 1549 1858 I wm_set_resumed_activity: [0,com.android.settings/.Settings,positionChildAt]
03-19 14:31:15.687 1549 1858 I wm_create_activity: [0,156149863,118,com.android.settings/.SubSettings,android.intent.action.MAIN,NULL,NULL,0]
03-19 14:31:15.688 1549 1858 I wm_pause_activity: [0,17152677,com.android.settings/.Settings,userLeaving=true,resumeTopActivityInnerLocked]
03-19 14:31:15.690 21017 21017 I sysui_multi_action: [757,830,758,4,833,0,854,write_settings_apps,1089,0]
03-19 14:31:15.691 21017 21017 I wm_on_top_resumed_lost_called: [17152677,com.android.settings.Settings,topStateChangedWhenResumed]
03-19 14:31:15.692 21017 21017 I sysui_multi_action: [757,35,758,2,1089,6814]
03-19 14:31:15.692 21017 21017 I sysui_multi_action: [757,20,758,2,1089,1948]
03-19 14:31:15.693 21017 21017 I wm_on_paused_called: [17152677,com.android.settings.Settings,performPause]
03-19 14:31:15.693 1549 1858 I ActivityTaskManager: FOREGROUND_APPLICATION_CHANGED to com.android.settings.SubSettings
03-19 14:31:15.694 1549 1858 I ActivityTaskManager: The Process com.android.settings Already Exists in BG. So sending its PID: 21017
03-19 14:31:15.694 1549 1858 W ActivityTaskManager: Tried to set launchTime (0) < mLastActivityLaunchTime (4727413)
03-19 14:31:15.694 1549 1858 I wm_add_to_stopping: [0,17152677,com.android.settings/.Settings,makeInvisible]
03-19 14:31:15.694 1549 1858 I wm_restart_activity: [0,156149863,118,com.android.settings/.SubSettings]
03-19 14:31:15.695 1549 1858 I wm_set_resumed_activity: [0,com.android.settings/.SubSettings,minimalResumeActivityLocked]
03-19 14:31:15.696 1549 1656 I sysui_multi_action: [757,803,799,window_time_0,802,7]
03-19 14:31:15.707 1549 4916 I thunderperf: PlatormCompat.setOverrides: Uid1=1000 Pid1=21017 Uid2=1000 Pid2=21017
03-19 14:31:15.707 1549 4916 I thunderperf: PlatormCompat.setOverrides: needCheck:false
03-19 14:31:15.707 1549 4916 I thunderperf: CompatConfig.addOverrideUnsafe: bef-state=0
03-19 14:31:15.707 1549 4916 I thunderperf: CompatConfig.addOverrideUnsafe: aft-state=0
03-19 14:31:15.707 1549 4916 I thunderperf: CompatConfig.addOverrideUnsafe: bef-state=0
03-19 14:31:15.707 1549 4916 I thunderperf: CompatConfig.addOverrideUnsafe: aft-state=0
03-19 14:31:15.707 1549 4916 I thunderperf: CompatConfig.addOverrideUnsafe: bef-state=0
03-19 14:31:15.707 1549 4916 I thunderperf: CompatConfig.addOverrideUnsafe: aft-state=0
03-19 14:31:15.707 1549 4916 I thunderperf: CompatConfig.addOverrideUnsafe: bef-state=0
03-19 14:31:15.707 1549 4916 I thunderperf: CompatConfig.addOverrideUnsafe: aft-state=0
03-19 14:31:15.707 1549 4916 I thunderperf: CompatConfig.addOverrideUnsafe: bef-state=0
03-19 14:31:15.707 1549 4916 I thunderperf: CompatConfig.addOverrideUnsafe: aft-state=0
03-19 14:31:15.708 1549 4916 I thunderperf: CompatConfig.addOverrideUnsafe: bef-state=0
03-19 14:31:15.708 1549 4916 I thunderperf: CompatConfig.addOverrideUnsafe: aft-state=0
03-19 14:31:15.708 1549 4916 I thunderperf: CompatConfig.addOverrideUnsafe: bef-state=0
03-19 14:31:15.708 1549 4916 I thunderperf: CompatConfig.addOverrideUnsafe: aft-state=0
03-19 14:31:15.708 1549 4916 I thunderperf: CompatConfig.addOverrideUnsafe: bef-state=0
03-19 14:31:15.708 1549 4916 I thunderperf: CompatConfig.addOverrideUnsafe: aft-state=0
03-19 14:31:15.708 1549 4916 I thunderperf: CompatConfig.addOverrideUnsafe: bef-state=0
03-19 14:31:15.708 1549 4916 I thunderperf: CompatConfig.addOverrideUnsafe: aft-state=0
03-19 14:31:15.708 1549 4916 I thunderperf: CompatConfig.addOverrideUnsafe: bef-state=0
03-19 14:31:15.708 1549 4916 I thunderperf: CompatConfig.addOverrideUnsafe: aft-state=0
03-19 14:31:15.708 1549 4916 I thunderperf: CompatConfig.addOverrideUnsafe: bef-state=0
03-19 14:31:15.708 1549 4916 I thunderperf: CompatConfig.addOverrideUnsafe: aft-state=0
03-19 14:31:15.708 1549 4916 I thunderperf: CompatConfig.addOverrideUnsafe: bef-state=0
03-19 14:31:15.708 1549 4916 I thunderperf: CompatConfig.addOverrideUnsafe: aft-state=0
03-19 14:31:15.709 1549 4916 I thunderperf: CompatConfig.addOverrideUnsafe: bef-state=0
03-19 14:31:15.709 1549 4916 I thunderperf: CompatConfig.addOverrideUnsafe: aft-state=0
03-19 14:31:15.709 1549 4916 I thunderperf: CompatConfig.addOverrideUnsafe: bef-state=0
03-19 14:31:15.709 1549 4916 I thunderperf: CompatConfig.addOverrideUnsafe: aft-state=0
03-19 14:31:15.710 1549 4916 I ActivityTaskManager: START u0 {act=android.intent.action.MAIN cmp=com.android.settings/.homepage.SettingsHomepageActivity (has extras)} from uid 1000
03-19 14:31:15.711 1549 4916 I wm_finish_activity: [0,156149863,118,com.android.settings/.SubSettings,clear-task-stack]
03-19 14:31:15.719 1549 4916 I wm_pause_activity: [0,156149863,com.android.settings/.SubSettings,userLeaving=false,finish]
03-19 14:31:15.719 1549 4916 I wm_new_intent: [0,17152677,118,com.android.settings/.Settings,android.intent.action.MAIN,NULL,NULL,270532608]
03-19 14:31:15.719 1549 4916 I wm_task_moved: [118,1,9]
03-19 14:31:15.721 1549 4916 W ActivityTaskManager: Duplicate finish request for r=ActivityRecord{94ea867 u0 com.android.settings/.SubSettings t118 f}}
03-19 14:31:15.721 21017 21017 I wm_on_create_called: [156149863,com.android.settings.SubSettings,performCreate]
03-19 14:31:15.723 1549 5960 I wm_add_to_stopping: [0,156149863,com.android.settings/.SubSettings,completeFinishing]
03-19 14:31:15.723 1549 5960 I ActivityTaskManager: FOREGROUND_APPLICATION_CHANGED to com.android.settings.homepage.SettingsHomepageActivity
03-19 14:31:15.723 1549 5960 I wm_set_resumed_activity: [0,com.android.settings/.Settings,resumeTopActivityInnerLocked]
03-19 14:31:15.727 1549 5960 I wm_resume_activity: [0,17152677,118,com.android.settings/.Settings]
03-19 14:31:15.727 1549 1741 I input_focus: [Focus leaving e3ad60b com.android.settings/com.android.settings.Settings (server),reason=NO_WINDOW]
03-19 14:31:15.732 1549 1657 I input_focus: [Focus request e3ad60b com.android.settings/com.android.settings.Settings,reason=UpdateInputWindows]
03-19 14:31:15.732 21017 21017 I wm_on_activity_result_called: [17152677,com.android.settings.Settings,ACTIVITY_RESULT]
03-19 14:31:15.733 21017 21017 I wm_on_resume_called: [17152677,com.android.settings.Settings,RESUME_ACTIVITY]
03-19 14:31:15.733 21017 21017 I sysui_multi_action: [757,35,758,1,833,20,1089,0]
03-19 14:31:15.734 1549 1656 I sysui_multi_action: [757,803,799,window_time_0,802,0]
03-19 14:31:15.738 21017 21017 I sysui_multi_action: [757,20,758,1,833,20,1089,0]
03-19 14:31:15.744 1549 1741 I input_focus: [Focus entering e3ad60b com.android.settings/com.android.settings.Settings (server),reason=Window became focusable. Previous reason: NO_WINDOW]
03-19 14:31:15.748 1549 8360 I netstats_mobile_sample: [0,0,0,0,0,0,0,0,0,0,0,0,1679207475748]
03-19 14:31:15.748 1549 8360 I netstats_wifi_sample: [359988344,296361,21116727,119491,359988344,296361,21116727,119491,374933841,336197,15758073,106329,1679207475748]
03-19 14:31:15.762 21017 21017 I wm_on_top_resumed_gained_called: [17152677,com.android.settings.Settings,topWhenResuming]
03-19 14:31:15.768 1549 5960 I wm_destroy_activity: [0,156149863,118,com.android.settings/.SubSettings,finish-imm:idle]
03-19 14:31:15.769 21017 21017 I wm_on_destroy_called: [156149863,com.android.settings.SubSettings,performDestroy]
03-19 14:31:15.828 1549 8362 W FreeFormWindowHelper: Current Display FreeFormTask is null
03-19 14:31:15.933 21017 21017 I sysui_multi_action: [757,20,758,2,1089,195]
03-19 14:31:15.943 21017 21017 I sysui_multi_action: [757,221,758,1,833,20,1089,9]
01-01 09:18:57.123 0 0 E DTC_Display: screen not ready
03-19 14:31:16.811 21017 21017 I sysui_multi_action: [757,774,758,4,806,com.tencent.android.qqdownloader]
03-19 14:31:16.812 21017 21017 I sysui_multi_action: [757,830,758,4,833,0,854,app_ops_settings_switch,1089,0]
03-19 14:31:17.563 21017 21017 I sysui_multi_action: [757,775,758,4,806,com.tencent.android.qqdownloader]
03-19 14:31:17.564 21017 21017 I sysui_multi_action: [757,830,758,4,833,0,854,app_ops_settings_switch,1089,0]
03-19 14:31:18.202 21017 21017 I sysui_multi_action: [757,221,758,2,1089,2258]
03-19 14:31:18.230 21017 21017 I service_manager_stats: [100,47,4736800]
03-19 14:31:18.231 21017 21017 I sysui_multi_action: [757,20,758,1,833,20,1089,0]
03-19 14:31:18.241 1549 4829 I netstats_mobile_sample: [0,0,0,0,0,0,0,0,0,0,0,0,1679207478241]
03-19 14:31:18.242 1549 4829 I netstats_wifi_sample: [360003346,296425,21142154,119566,360003346,296425,21142154,119566,374963157,336385,15776742,106380,1679207478241]
03-19 14:31:18.754 1549 1549 I notification_enqueue: [10094,12961,com.tencent.android.qqdownloader,127,NULL,0,Notification(channel=channel_id_default_silent shortcut=null contentView=com.tencent.android.qqdownloader/0x7f0a01c2 vibrate=null sound=null defaults=0x0 flags=0x2a0 color=0x00000000 groupKey=com.tencent.android.qqdownloader vis=PRIVATE),1]
03-19 14:31:18.958 1549 1549 I GameModeConfig: isGameModeOn = false
03-19 14:31:18.961 1549 4829 I thunderperf: PlatormCompat.setOverrides: Uid1=1000 Pid1=21017 Uid2=1000 Pid2=21017
03-19 14:31:18.961 1549 4829 I thunderperf: PlatormCompat.setOverrides: needCheck:false
03-19 14:31:18.961 1549 4829 I thunderperf: CompatConfig.addOverrideUnsafe: bef-state=0
03-19 14:31:18.961 1549 4829 I thunderperf: CompatConfig.addOverrideUnsafe: aft-state=0
03-19 14:31:18.962 1549 4829 I thunderperf: CompatConfig.addOverrideUnsafe: bef-state=0
03-19 14:31:18.962 1549 4829 I thunderperf: CompatConfig.addOverrideUnsafe: aft-state=0
03-19 14:31:18.963 1549 4829 I thunderperf: CompatConfig.addOverrideUnsafe: bef-state=0
03-19 14:31:18.963 1549 4829 I thunderperf: CompatConfig.addOverrideUnsafe: aft-state=0
03-19 14:31:18.964 1549 4829 I thunderperf: CompatConfig.addOverrideUnsafe: bef-state=0
03-19 14:31:18.964 1549 4829 I thunderperf: CompatConfig.addOverrideUnsafe: aft-state=0
03-19 14:31:18.964 1549 4829 I thunderperf: CompatConfig.addOverrideUnsafe: bef-state=0
03-19 14:31:18.964 1549 4829 I thunderperf: CompatConfig.addOverrideUnsafe: aft-state=0
03-19 14:31:18.965 1549 4829 I thunderperf: CompatConfig.addOverrideUnsafe: bef-state=0
03-19 14:31:18.965 1549 4829 I thunderperf: CompatConfig.addOverrideUnsafe: aft-state=0
03-19 14:31:18.965 1549 4829 I thunderperf: CompatConfig.addOverrideUnsafe: bef-state=0
03-19 14:31:18.965 1549 4829 I thunderperf: CompatConfig.addOverrideUnsafe: aft-state=0
03-19 14:31:18.968 1549 4829 I thunderperf: CompatConfig.addOverrideUnsafe: bef-state=0
03-19 14:31:18.968 1549 4829 I thunderperf: CompatConfig.addOverrideUnsafe: aft-state=0
03-19 14:31:18.968 1549 4829 I thunderperf: CompatConfig.addOverrideUnsafe: bef-state=0
03-19 14:31:18.968 1549 4829 I thunderperf: CompatConfig.addOverrideUnsafe: aft-state=0
03-19 14:31:18.969 1549 4829 I thunderperf: CompatConfig.addOverrideUnsafe: bef-state=0
03-19 14:31:18.969 1549 4829 I thunderperf: CompatConfig.addOverrideUnsafe: aft-state=0
03-19 14:31:18.969 1549 4829 I thunderperf: CompatConfig.addOverrideUnsafe: bef-state=0
03-19 14:31:18.969 1549 4829 I thunderperf: CompatConfig.addOverrideUnsafe: aft-state=0
03-19 14:31:18.970 1549 4829 I thunderperf: CompatConfig.addOverrideUnsafe: bef-state=0
03-19 14:31:18.970 1549 4829 I thunderperf: CompatConfig.addOverrideUnsafe: aft-state=0
03-19 14:31:18.970 1549 4829 I thunderperf: CompatConfig.addOverrideUnsafe: bef-state=0
03-19 14:31:18.970 1549 4829 I thunderperf: CompatConfig.addOverrideUnsafe: aft-state=0
03-19 14:31:18.973 1549 4829 I thunderperf: CompatConfig.addOverrideUnsafe: bef-state=0
03-19 14:31:18.973 1549 4829 I thunderperf: CompatConfig.addOverrideUnsafe: aft-state=0
03-19 14:31:18.984 1549 4829 I ActivityTaskManager: START u0 {act=android.intent.action.MAIN cmp=com.android.settings/.SubSettings (has extras)} from uid 1000
03-19 14:31:18.988 1549 4829 I wm_task_moved: [118,1,9]
03-19 14:31:18.988 1549 4829 I wm_set_resumed_activity: [0,com.android.settings/.Settings,positionChildAt]
03-19 14:31:18.988 1549 4829 I wm_create_activity: [0,261526567,118,com.android.settings/.SubSettings,android.intent.action.MAIN,NULL,NULL,0]
03-19 14:31:18.989 1549 4829 I wm_pause_activity: [0,17152677,com.android.settings/.Settings,userLeaving=true,resumeTopActivityInnerLocked]
03-19 14:31:18.991 21017 21017 I sysui_multi_action: [757,830,758,4,833,0,854,install_other_apps,1089,0]
03-19 14:31:18.992 21017 21017 I wm_on_top_resumed_lost_called: [17152677,com.android.settings.Settings,topStateChangedWhenResumed]
03-19 14:31:18.992 21017 21017 I sysui_multi_action: [757,35,758,2,1089,3260]
03-19 14:31:18.993 21017 21017 I sysui_multi_action: [757,20,758,2,1089,761]
03-19 14:31:18.993 21017 21017 I wm_on_paused_called: [17152677,com.android.settings.Settings,performPause]
03-19 14:31:18.994 1549 5960 I ActivityTaskManager: FOREGROUND_APPLICATION_CHANGED to com.android.settings.SubSettings
03-19 14:31:18.994 1549 5960 I ActivityTaskManager: The Process com.android.settings Already Exists in BG. So sending its PID: 21017
03-19 14:31:18.994 1549 5960 W ActivityTaskManager: Tried to set launchTime (0) < mLastActivityLaunchTime (4734264)
03-19 14:31:18.994 1549 5960 I wm_add_to_stopping: [0,17152677,com.android.settings/.Settings,makeInvisible]
03-19 14:31:18.995 1549 5960 I wm_restart_activity: [0,261526567,118,com.android.settings/.SubSettings]
03-19 14:31:18.995 1549 5960 I wm_set_resumed_activity: [0,com.android.settings/.SubSettings,minimalResumeActivityLocked]
03-19 14:31:18.997 1549 1656 I sysui_multi_action: [757,803,799,window_time_0,802,3]
03-19 14:31:19.006 1549 4829 I thunderperf: PlatormCompat.setOverrides: Uid1=1000 Pid1=21017 Uid2=1000 Pid2=21017
03-19 14:31:19.006 1549 4829 I thunderperf: PlatormCompat.setOverrides: needCheck:false
03-19 14:31:19.006 1549 4829 I thunderperf: CompatConfig.addOverrideUnsafe: bef-state=0
03-19 14:31:19.007 1549 4829 I thunderperf: CompatConfig.addOverrideUnsafe: aft-state=0
03-19 14:31:19.007 1549 4829 I thunderperf: CompatConfig.addOverrideUnsafe: bef-state=0
03-19 14:31:19.007 1549 4829 I thunderperf: CompatConfig.addOverrideUnsafe: aft-state=0
03-19 14:31:19.007 1549 4829 I thunderperf: CompatConfig.addOverrideUnsafe: bef-state=0
03-19 14:31:19.007 1549 4829 I thunderperf: CompatConfig.addOverrideUnsafe: aft-state=0
03-19 14:31:19.007 1549 4829 I thunderperf: CompatConfig.addOverrideUnsafe: bef-state=0
03-19 14:31:19.007 1549 4829 I thunderperf: CompatConfig.addOverrideUnsafe: aft-state=0
03-19 14:31:19.007 1549 4829 I thunderperf: CompatConfig.addOverrideUnsafe: bef-state=0
03-19 14:31:19.007 1549 4829 I thunderperf: CompatConfig.addOverrideUnsafe: aft-state=0
03-19 14:31:19.007 1549 4829 I thunderperf: CompatConfig.addOverrideUnsafe: bef-state=0
03-19 14:31:19.007 1549 4829 I thunderperf: CompatConfig.addOverrideUnsafe: aft-state=0
03-19 14:31:19.008 1549 4829 I thunderperf: CompatConfig.addOverrideUnsafe: bef-state=0
03-19 14:31:19.008 1549 4829 I thunderperf: CompatConfig.addOverrideUnsafe: aft-state=0
03-19 14:31:19.008 1549 4829 I thunderperf: CompatConfig.addOverrideUnsafe: bef-state=0
03-19 14:31:19.008 1549 4829 I thunderperf: CompatConfig.addOverrideUnsafe: aft-state=0
03-19 14:31:19.008 1549 4829 I thunderperf: CompatConfig.addOverrideUnsafe: bef-state=0
03-19 14:31:19.008 1549 4829 I thunderperf: CompatConfig.addOverrideUnsafe: aft-state=0
03-19 14:31:19.008 1549 4829 I thunderperf: CompatConfig.addOverrideUnsafe: bef-state=0
03-19 14:31:19.008 1549 4829 I thunderperf: CompatConfig.addOverrideUnsafe: aft-state=0
03-19 14:31:19.008 1549 4829 I thunderperf: CompatConfig.addOverrideUnsafe: bef-state=0
03-19 14:31:19.008 1549 4829 I thunderperf: CompatConfig.addOverrideUnsafe: aft-state=0
03-19 14:31:19.008 1549 4829 I thunderperf: CompatConfig.addOverrideUnsafe: bef-state=0
03-19 14:31:19.008 1549 4829 I thunderperf: CompatConfig.addOverrideUnsafe: aft-state=0
03-19 14:31:19.008 1549 4829 I thunderperf: CompatConfig.addOverrideUnsafe: bef-state=0
03-19 14:31:19.008 1549 4829 I thunderperf: CompatConfig.addOverrideUnsafe: aft-state=0
03-19 14:31:19.009 1549 4829 I thunderperf: CompatConfig.addOverrideUnsafe: bef-state=0
03-19 14:31:19.009 1549 4829 I thunderperf: CompatConfig.addOverrideUnsafe: aft-state=0
03-19 14:31:19.010 1549 4829 I ActivityTaskManager: START u0 {act=android.intent.action.MAIN cmp=com.android.settings/.homepage.SettingsHomepageActivity (has extras)} from uid 1000
03-19 14:31:19.010 1549 4829 I wm_finish_activity: [0,261526567,118,com.android.settings/.SubSettings,clear-task-stack]
03-19 14:31:19.014 1549 4829 I wm_pause_activity: [0,261526567,com.android.settings/.SubSettings,userLeaving=false,finish]
03-19 14:31:19.014 1549 4829 I wm_new_intent: [0,17152677,118,com.android.settings/.Settings,android.intent.action.MAIN,NULL,NULL,270532608]
03-19 14:31:19.014 1549 4829 I wm_task_moved: [118,1,9]
03-19 14:31:19.016 1549 5960 W ActivityTaskManager: Duplicate finish request for r=ActivityRecord{f969427 u0 com.android.settings/.SubSettings t118 f}}
03-19 14:31:19.016 21017 21017 I wm_on_create_called: [261526567,com.android.settings.SubSettings,performCreate]
03-19 14:31:19.018 1549 5960 I wm_add_to_stopping: [0,261526567,com.android.settings/.SubSettings,completeFinishing]
03-19 14:31:19.018 1549 1741 I input_focus: [Focus leaving e3ad60b com.android.settings/com.android.settings.Settings (server),reason=NO_WINDOW]
03-19 14:31:19.018 1549 5960 I ActivityTaskManager: FOREGROUND_APPLICATION_CHANGED to com.android.settings.homepage.SettingsHomepageActivity
03-19 14:31:19.019 1549 5960 I wm_set_resumed_activity: [0,com.android.settings/.Settings,resumeTopActivityInnerLocked]
03-19 14:31:19.020 1549 5960 I wm_resume_activity: [0,17152677,118,com.android.settings/.Settings]
03-19 14:31:19.022 1549 1657 I input_focus: [Focus request e3ad60b com.android.settings/com.android.settings.Settings,reason=UpdateInputWindows]
03-19 14:31:19.023 1549 1656 I sysui_multi_action: [757,803,799,window_time_0,802,0]
03-19 14:31:19.034 21017 21017 I wm_on_activity_result_called: [17152677,com.android.settings.Settings,ACTIVITY_RESULT]
03-19 14:31:19.034 21017 21017 I wm_on_resume_called: [17152677,com.android.settings.Settings,RESUME_ACTIVITY]
03-19 14:31:19.035 21017 21017 I sysui_multi_action: [757,35,758,1,833,20,1089,0]
03-19 14:31:19.039 21017 21017 I sysui_multi_action: [757,20,758,1,833,20,1089,0]
03-19 14:31:19.046 1549 12817 I netstats_mobile_sample: [0,0,0,0,0,0,0,0,0,0,0,0,1679207479046]
03-19 14:31:19.046 1549 12817 I netstats_wifi_sample: [360005214,296435,21142757,119578,360005214,296435,21142757,119578,374982341,336408,15777345,106392,1679207479046]
03-19 14:31:19.051 1549 1741 I input_focus: [Focus entering e3ad60b com.android.settings/com.android.settings.Settings (server),reason=Window became focusable. Previous reason: NO_WINDOW]
03-19 14:31:19.057 21017 21017 I wm_on_top_resumed_gained_called: [17152677,com.android.settings.Settings,topWhenResuming]
03-19 14:31:19.062 1549 8360 I wm_destroy_activity: [0,261526567,118,com.android.settings/.SubSettings,finish-imm:idle]
03-19 14:31:19.064 21017 21017 I wm_on_destroy_called: [261526567,com.android.settings.SubSettings,performDestroy]
03-19 14:31:19.121 1549 4217 W FreeFormWindowHelper: Current Display FreeFormTask is null
03-19 14:31:19.223 21017 21017 I sysui_multi_action: [757,20,758,2,1089,184]
03-19 14:31:19.225 1549 4829 E UserRestrictionsUtils: Unknown restriction queried by uid 1000 (com.android.settings et al): null
03-19 14:31:19.232 21017 21017 I sysui_multi_action: [757,808,758,1,833,20,1089,9]
01-01 09:19:00.283 0 0 E DTC_ETH,link_delay_work_func: 3003, SQI=0, link=0
01-01 09:19:00.395 0 0 E DTC_Display: screen not ready
03-19 14:31:20.015 1549 2048 I commit_sys_config_file: [appops,4719307]
03-19 14:31:23.293 1549 1766 I netstats_mobile_sample: [0,0,0,0,0,0,0,0,0,0,0,0,1679207483293]
03-19 14:31:23.294 1549 1766 I netstats_wifi_sample: [360031055,296523,21182975,119708,360031055,296523,21182975,119708,375045110,336644,15798747,106467,1679207483293]
01-01 09:19:04.179 0 0 E DTC_Display: screen not ready
01-01 09:19:04.509 0 0 I msm_vidc: err : ffffffff: .....: DBLP Set: status 0
03-19 14:31:24.046 1549 1668 W BroadcastQueue: Background execution not allowed: receiving Intent { act=com.tencent.assistant.st.report.LogProcessorReceiver.TIME flg=0x14 (has extras) } to com.tencent.android.qqdownloader/com.tencent.assistant.st.report.LogProcessorReceiver
01-01 09:19:05.403 0 0 E DTC_ETH,link_delay_work_func: 3003, SQI=0, link=0
03-19 14:31:25.971 21017 21017 I sysui_multi_action: [757,808,758,2,1089,6738]
03-19 14:31:26.001 21017 21017 I sysui_multi_action: [757,20,758,1,833,20,1089,0]
03-19 14:31:26.008 1549 4217 I netstats_mobile_sample: [0,0,0,0,0,0,0,0,0,0,0,0,1679207486008]
03-19 14:31:26.009 1549 4217 I netstats_wifi_sample: [360048451,296590,21208097,119787,360048451,296590,21208097,119787,375071130,336824,15812145,106513,1679207486008]
01-01 09:19:07.539 0 0 E DTC_Display: screen not ready
03-19 14:31:26.853 21017 21017 I sysui_multi_action: [757,20,758,2,1089,852]
03-19 14:31:26.886 21017 21017 I sysui_multi_action: [757,65,758,1,833,20,1089,0]
03-19 14:31:29.016 21017 21017 I sysui_multi_action: [757,830,758,4,833,0,854,top_level_notification,1089,0]
03-19 14:31:29.120 21017 21017 I sysui_multi_action: [757,65,758,2,1089,2235]
03-19 14:31:29.136 1549 4216 E UserRestrictionsUtils: Unknown restriction queried by uid 1000 (com.android.settings et al): null
03-19 14:31:29.137 1549 4216 E UserRestrictionsUtils: Unknown restriction queried by uid 1000 (com.android.settings et al): null
03-19 14:31:29.137 1549 4216 E UserRestrictionsUtils: Unknown restriction queried by uid 1000 (com.android.settings et al): null
03-19 14:31:29.138 1549 4216 E UserRestrictionsUtils: Unknown restriction queried by uid 1000 (com.android.settings et al): null
03-19 14:31:29.139 1549 4216 E UserRestrictionsUtils: Unknown restriction queried by uid 1000 (com.android.settings et al): null
03-19 14:31:29.139 1549 4216 E UserRestrictionsUtils: Unknown restriction queried by uid 1000 (com.android.settings et al): null
03-19 14:31:29.140 1549 4216 E UserRestrictionsUtils: Unknown restriction queried by uid 1000 (com.android.settings et al): null
03-19 14:31:29.153 21017 21017 I sysui_multi_action: [757,337,758,1,833,20,1089,27]
03-19 14:31:29.155 21017 21017 I sysui_multi_action: [757,1729,758,4,854,isParalleledControllers:false,1089,29]
01-01 09:19:10.523 0 0 E DTC_ETH,link_delay_work_func: 3003, SQI=0, link=0
01-01 09:19:10.591 0 0 E DTC_Display: screen not ready
03-19 14:31:29.880 21017 21017 I sysui_multi_action: [757,830,758,4,833,0,854,notification_history,1089,0]
03-19 14:31:29.988 21017 21017 I sysui_multi_action: [757,337,758,2,1089,834]
03-19 14:31:30.026 21017 21017 I sysui_multi_action: [757,853,758,4,854,null/switch_bar,1089,1]
03-19 14:31:30.054 1549 4928 I am_wtf : [0,21017,com.android.settings,952647173,ContrastColorUtil,background can not be translucent: #0]
03-19 14:31:30.056 1549 22090 I DropBoxManagerService: add tag=system_app_wtf isTagEnabled=true flags=0x2
03-19 14:31:30.067 1549 4928 I am_wtf : [0,21017,com.android.settings,952647173,ContrastColorUtil,background can not be translucent: #0]
03-19 14:31:30.068 1549 22091 I DropBoxManagerService: add tag=system_app_wtf isTagEnabled=true flags=0x2
03-19 14:31:30.072 1549 4928 I am_wtf : [0,21017,com.android.settings,952647173,ContrastColorUtil,background can not be translucent: #0]
03-19 14:31:30.073 1549 22092 I DropBoxManagerService: add tag=system_app_wtf isTagEnabled=true flags=0x2
03-19 14:31:30.073 1549 4928 I am_wtf : [0,21017,com.android.settings,952647173,ContrastColorUtil,background can not be translucent: #0]
03-19 14:31:30.075 1549 4928 I am_wtf : [0,21017,com.android.settings,952647173,ContrastColorUtil,background can not be translucent: #0]
03-19 14:31:30.076 1549 22093 I DropBoxManagerService: add tag=system_app_wtf isTagEnabled=true flags=0x2
03-19 14:31:30.077 1549 4928 I am_wtf : [0,21017,com.android.settings,952647173,ContrastColorUtil,background can not be translucent: #0]
03-19 14:31:30.077 1549 22094 I DropBoxManagerService: add tag=system_app_wtf isTagEnabled=true flags=0x2
03-19 14:31:30.078 1549 4928 I am_wtf : [0,21017,com.android.settings,952647173,ContrastColorUtil,background can not be translucent: #0]
03-19 14:31:30.079 1549 4928 I am_wtf : [0,21017,com.android.settings,952647173,ContrastColorUtil,background can not be translucent: #0]
03-19 14:31:30.080 1549 4928 I am_wtf : [0,21017,com.android.settings,952647173,ContrastColorUtil,background can not be translucent: #0]
03-19 14:31:30.082 1549 4928 I am_wtf : [0,21017,com.android.settings,952647173,ContrastColorUtil,background can not be translucent: #0]
03-19 14:31:30.083 1549 4928 I am_wtf : [0,21017,com.android.settings,952647173,ContrastColorUtil,background can not be translucent: #0]
03-19 14:31:30.084 1549 4928 I am_wtf : [0,21017,com.android.settings,952647173,ContrastColorUtil,background can not be translucent: #0]
03-19 14:31:30.085 1549 4928 I am_wtf : [0,21017,com.android.settings,952647173,ContrastColorUtil,background can not be translucent: #0]
03-19 14:31:30.086 1549 4928 I am_wtf : [0,21017,com.android.settings,952647173,ContrastColorUtil,background can not be translucent: #0]
03-19 14:31:30.088 1549 4928 I am_wtf : [0,21017,com.android.settings,952647173,ContrastColorUtil,background can not be translucent: #0]
03-19 14:31:30.089 1549 4928 I am_wtf : [0,21017,com.android.settings,952647173,ContrastColorUtil,background can not be translucent: #0]
03-19 14:31:30.091 1549 4928 I am_wtf : [0,21017,com.android.settings,952647173,ContrastColorUtil,background can not be translucent: #0]
03-19 14:31:30.092 1549 4928 I am_wtf : [0,21017,com.android.settings,952647173,ContrastColorUtil,background can not be translucent: #0]
03-19 14:31:30.098 1549 4928 I am_wtf : [0,21017,com.android.settings,952647173,ContrastColorUtil,background can not be translucent: #0]
03-19 14:31:30.103 1549 4928 I am_wtf : [0,21017,com.android.settings,952647173,ContrastColorUtil,background can not be translucent: #0]
03-19 14:31:30.108 1549 4928 I am_wtf : [0,21017,com.android.settings,952647173,ContrastColorUtil,background can not be translucent: #0]
03-19 14:31:30.109 1549 4928 I am_wtf : [0,21017,com.android.settings,952647173,ContrastColorUtil,background can not be translucent: #0]
03-19 14:31:30.110 1549 4928 I am_wtf : [0,21017,com.android.settings,952647173,ContrastColorUtil,background can not be translucent: #0]
03-19 14:31:30.111 1549 4928 I am_wtf : [0,21017,com.android.settings,952647173,ContrastColorUtil,background can not be translucent: #0]
03-19 14:31:30.112 1549 4928 I am_wtf : [0,21017,com.android.settings,952647173,ContrastColorUtil,background can not be translucent: #0]
03-19 14:31:30.114 1549 4928 I am_wtf : [0,21017,com.android.settings,952647173,ContrastColorUtil,background can not be translucent: #0]
03-19 14:31:30.114 1549 4928 I am_wtf : [0,21017,com.android.settings,952647173,ContrastColorUtil,background can not be translucent: #0]
03-19 14:31:30.115 1549 4928 I am_wtf : [0,21017,com.android.settings,952647173,ContrastColorUtil,background can not be translucent: #0]
03-19 14:31:30.116 1549 4928 I am_wtf : [0,21017,com.android.settings,952647173,ContrastColorUtil,background can not be translucent: #0]
03-19 14:31:30.117 1549 4928 I am_wtf : [0,21017,com.android.settings,952647173,ContrastColorUtil,background can not be translucent: #0]
03-19 14:31:30.117 1549 4928 I am_wtf : [0,21017,com.android.settings,952647173,ContrastColorUtil,background can not be translucent: #0]
03-19 14:31:30.118 1549 4928 I am_wtf : [0,21017,com.android.settings,952647173,ContrastColorUtil,background can not be translucent: #0]
03-19 14:31:30.118 1549 4928 I service_manager_stats: [100,38,16493]
03-19 14:31:30.119 1549 4928 I am_wtf : [0,21017,com.android.settings,952647173,ContrastColorUtil,background can not be translucent: #0]
03-19 14:31:30.120 1549 4928 I am_wtf : [0,21017,com.android.settings,952647173,ContrastColorUtil,background can not be translucent: #0]
03-19 14:31:30.120 1549 4928 I am_wtf : [0,21017,com.android.settings,952647173,ContrastColorUtil,background can not be translucent: #0]
03-19 14:31:30.121 1549 4928 I am_wtf : [0,21017,com.android.settings,952647173,ContrastColorUtil,background can not be translucent: #0]
03-19 14:31:31.355 0 0 I auditd : type=1400 audit(0.0:12312): avc: denied { kill } for comm="swapper/0" capability=5 scontext=u:r:kernel:s0 tcontext=u:r:kernel:s0 tclass=capability permissive=1
01-01 09:19:13.879 0 0 E DTC_Display: screen not ready
01-01 09:19:15.643 0 0 E DTC_ETH,link_delay_work_func: 3003, SQI=0, link=0
01-01 09:19:17.695 0 0 E DTC_Display: screen not ready
01-01 09:19:20.763 0 0 E DTC_ETH,link_delay_work_func: 3003, SQI=0, link=0
01-01 09:19:21.076 0 0 E DTC_Display: screen not ready
03-19 14:31:41.886 1549 8360 I ActivityTaskManager: START u0 {act=android.settings.CHANNEL_NOTIFICATION_SETTINGS cmp=com.android.settings/.notification.app.ChannelPanelActivity (has extras)} from uid 1000
03-19 14:31:41.892 1549 8360 I wm_task_moved: [118,1,9]
03-19 14:31:41.892 1549 8360 I wm_set_resumed_activity: [0,com.android.settings/.Settings,positionChildAt]
03-19 14:31:41.892 1549 8360 I wm_create_activity: [0,208304530,118,com.android.settings/.notification.app.ChannelPanelActivity,android.settings.CHANNEL_NOTIFICATION_SETTINGS,NULL,NULL,8388608]
03-19 14:31:41.893 1549 8360 I wm_pause_activity: [0,17152677,com.android.settings/.Settings,userLeaving=true,resumeTopActivityInnerLocked]
03-19 14:31:41.895 21017 21017 I wm_on_top_resumed_lost_called: [17152677,com.android.settings.Settings,topStateChangedWhenResumed]
03-19 14:31:41.895 21017 21017 I sysui_multi_action: [757,35,758,2,1089,22861]
03-19 14:31:41.896 1549 4216 D NotificationListeners: Removing active service ComponentInfo{com.android.settings/com.android.settings.homepage.SettingsHomepageActivity}
03-19 14:31:41.896 21017 21017 I wm_on_paused_called: [17152677,com.android.settings.Settings,performPause]
03-19 14:31:41.896 1549 4216 I ActivityTaskManager: FOREGROUND_APPLICATION_CHANGED to com.android.settings.notification.app.ChannelPanelActivity
03-19 14:31:41.896 1549 4216 I ActivityTaskManager: The Process com.android.settings Already Exists in BG. So sending its PID: 21017
03-19 14:31:41.897 1549 4216 W ActivityTaskManager: Tried to set launchTime (0) < mLastActivityLaunchTime (4737564)
03-19 14:31:41.897 1549 4216 I wm_restart_activity: [0,208304530,118,com.android.settings/.notification.app.ChannelPanelActivity]
03-19 14:31:41.897 1549 4216 I wm_set_resumed_activity: [0,com.android.settings/.notification.app.ChannelPanelActivity,minimalResumeActivityLocked]
03-19 14:31:41.899 1549 1656 I sysui_multi_action: [757,803,799,window_time_0,802,23]
03-19 14:31:41.902 1549 4216 I thunderperf: PlatormCompat.setOverrides: Uid1=1000 Pid1=21017 Uid2=1000 Pid2=21017
03-19 14:31:41.902 1549 4216 I thunderperf: PlatormCompat.setOverrides: needCheck:false
03-19 14:31:41.902 1549 4216 I thunderperf: CompatConfig.addOverrideUnsafe: bef-state=0
03-19 14:31:41.902 1549 4216 I thunderperf: CompatConfig.addOverrideUnsafe: aft-state=0
03-19 14:31:41.902 1549 4216 I thunderperf: CompatConfig.addOverrideUnsafe: bef-state=0
03-19 14:31:41.902 1549 4216 I thunderperf: CompatConfig.addOverrideUnsafe: aft-state=0
03-19 14:31:41.902 1549 4216 I thunderperf: CompatConfig.addOverrideUnsafe: bef-state=0
03-19 14:31:41.903 1549 4216 I thunderperf: CompatConfig.addOverrideUnsafe: aft-state=0
03-19 14:31:41.903 1549 4216 I thunderperf: CompatConfig.addOverrideUnsafe: bef-state=0
03-19 14:31:41.903 1549 4216 I thunderperf: CompatConfig.addOverrideUnsafe: aft-state=0
03-19 14:31:41.903 1549 4216 I thunderperf: CompatConfig.addOverrideUnsafe: bef-state=0
03-19 14:31:41.903 1549 4216 I thunderperf: CompatConfig.addOverrideUnsafe: aft-state=0
03-19 14:31:41.903 1549 4216 I thunderperf: CompatConfig.addOverrideUnsafe: bef-state=0
03-19 14:31:41.903 1549 4216 I thunderperf: CompatConfig.addOverrideUnsafe: aft-state=0
03-19 14:31:41.903 1549 4216 I thunderperf: CompatConfig.addOverrideUnsafe: bef-state=0
03-19 14:31:41.903 1549 4216 I thunderperf: CompatConfig.addOverrideUnsafe: aft-state=0
03-19 14:31:41.903 1549 4216 I thunderperf: CompatConfig.addOverrideUnsafe: bef-state=0
03-19 14:31:41.903 1549 4216 I thunderperf: CompatConfig.addOverrideUnsafe: aft-state=0
03-19 14:31:41.903 1549 4216 I thunderperf: CompatConfig.addOverrideUnsafe: bef-state=0
03-19 14:31:41.903 1549 4216 I thunderperf: CompatConfig.addOverrideUnsafe: aft-state=0
03-19 14:31:41.904 1549 4216 I thunderperf: CompatConfig.addOverrideUnsafe: bef-state=0
03-19 14:31:41.904 1549 4216 I thunderperf: CompatConfig.addOverrideUnsafe: aft-state=0
03-19 14:31:41.904 1549 4216 I thunderperf: CompatConfig.addOverrideUnsafe: bef-state=0
03-19 14:31:41.904 1549 4216 I thunderperf: CompatConfig.addOverrideUnsafe: aft-state=0
03-19 14:31:41.904 1549 4216 I thunderperf: CompatConfig.addOverrideUnsafe: bef-state=0
03-19 14:31:41.904 1549 4216 I thunderperf: CompatConfig.addOverrideUnsafe: aft-state=0
03-19 14:31:41.904 1549 4216 I thunderperf: CompatConfig.addOverrideUnsafe: bef-state=0
03-19 14:31:41.904 1549 4216 I thunderperf: CompatConfig.addOverrideUnsafe: aft-state=0
03-19 14:31:41.904 1549 4216 I thunderperf: CompatConfig.addOverrideUnsafe: bef-state=0
03-19 14:31:41.904 1549 4216 I thunderperf: CompatConfig.addOverrideUnsafe: aft-state=0
03-19 14:31:41.906 1549 4216 I ActivityTaskManager: START u0 {act=android.intent.action.MAIN cmp=com.android.settings/.SubSettings (has extras)} from uid 1000
03-19 14:31:41.907 1549 4216 I wm_task_moved: [118,1,9]
03-19 14:31:41.907 1549 4216 I wm_set_resumed_activity: [0,com.android.settings/.notification.app.ChannelPanelActivity,positionChildAt]
03-19 14:31:41.907 1549 4216 I wm_create_activity: [0,827071,118,com.android.settings/.SubSettings,android.intent.action.MAIN,NULL,NULL,0]
03-19 14:31:41.908 1549 4216 I wm_pause_activity: [0,208304530,com.android.settings/.notification.app.ChannelPanelActivity,userLeaving=true,resumeTopActivityInnerLocked]
03-19 14:31:41.909 1549 4928 I wm_finish_activity: [0,208304530,118,com.android.settings/.notification.app.ChannelPanelActivity,app-request]
03-19 14:31:41.912 21017 21017 I wm_on_create_called: [208304530,com.android.settings.notification.app.ChannelPanelActivity,performCreate]
03-19 14:31:41.913 1549 4928 I wm_add_to_stopping: [0,208304530,com.android.settings/.notification.app.ChannelPanelActivity,completeFinishing]
03-19 14:31:41.913 1549 4928 I ActivityTaskManager: FOREGROUND_APPLICATION_CHANGED to com.android.settings.SubSettings
03-19 14:31:41.913 1549 4928 I ActivityTaskManager: The Process com.android.settings Already Exists in BG. So sending its PID: 21017
03-19 14:31:41.914 1549 4928 W ActivityTaskManager: Tried to set launchTime (0) < mLastActivityLaunchTime (4760466)
03-19 14:31:41.914 1549 4928 I wm_add_to_stopping: [0,17152677,com.android.settings/.Settings,makeInvisible]
03-19 14:31:41.914 1549 4928 I wm_restart_activity: [0,827071,118,com.android.settings/.SubSettings]
03-19 14:31:41.915 1549 4928 I wm_set_resumed_activity: [0,com.android.settings/.SubSettings,minimalResumeActivityLocked]
03-19 14:31:41.916 1549 1656 I wm_destroy_activity: [0,208304530,118,com.android.settings/.notification.app.ChannelPanelActivity,finish-imm:idle]
03-19 14:31:41.917 1549 1656 I sysui_multi_action: [757,803,799,window_time_0,802,0]
03-19 14:31:41.924 1549 8360 E UserRestrictionsUtils: Unknown restriction queried by uid 1000 (com.android.settings et al): null
03-19 14:31:41.924 1549 8360 E UserRestrictionsUtils: Unknown restriction queried by uid 1000 (com.android.settings et al): null
03-19 14:31:41.925 1549 8360 E UserRestrictionsUtils: Unknown restriction queried by uid 1000 (com.android.settings et al): null
03-19 14:31:41.926 1549 8360 E UserRestrictionsUtils: Unknown restriction queried by uid 1000 (com.android.settings et al): null
03-19 14:31:41.926 1549 8360 E UserRestrictionsUtils: Unknown restriction queried by uid 1000 (com.android.settings et al): null
03-19 14:31:41.926 1549 8360 E UserRestrictionsUtils: Unknown restriction queried by uid 1000 (com.android.settings et al): null
03-19 14:31:41.939 1549 4928 I thunderperf: PlatormCompat.setOverrides: Uid1=1000 Pid1=21017 Uid2=1000 Pid2=21017
03-19 14:31:41.939 1549 4928 I thunderperf: PlatormCompat.setOverrides: needCheck:false
03-19 14:31:41.939 1549 4928 I thunderperf: CompatConfig.addOverrideUnsafe: bef-state=0
03-19 14:31:41.939 1549 4928 I thunderperf: CompatConfig.addOverrideUnsafe: aft-state=0
03-19 14:31:41.939 1549 4928 I thunderperf: CompatConfig.addOverrideUnsafe: bef-state=0
03-19 14:31:41.939 1549 4928 I thunderperf: CompatConfig.addOverrideUnsafe: aft-state=0
03-19 14:31:41.940 1549 1741 I input_focus: [Focus leaving e3ad60b com.android.settings/com.android.settings.Settings (server),reason=NO_WINDOW]
03-19 14:31:41.940 1549 4928 I thunderperf: CompatConfig.addOverrideUnsafe: bef-state=0
03-19 14:31:41.940 1549 4928 I thunderperf: CompatConfig.addOverrideUnsafe: aft-state=0
03-19 14:31:41.940 1549 4928 I thunderperf: CompatConfig.addOverrideUnsafe: bef-state=0
03-19 14:31:41.940 1549 4928 I thunderperf: CompatConfig.addOverrideUnsafe: aft-state=0
03-19 14:31:41.940 1549 4928 I thunderperf: CompatConfig.addOverrideUnsafe: bef-state=0
03-19 14:31:41.940 1549 4928 I thunderperf: CompatConfig.addOverrideUnsafe: aft-state=0
03-19 14:31:41.940 1549 4928 I thunderperf: CompatConfig.addOverrideUnsafe: bef-state=0
03-19 14:31:41.940 1549 4928 I thunderperf: CompatConfig.addOverrideUnsafe: aft-state=0
03-19 14:31:41.940 1549 4928 I thunderperf: CompatConfig.addOverrideUnsafe: bef-state=0
03-19 14:31:41.940 1549 4928 I thunderperf: CompatConfig.addOverrideUnsafe: aft-state=0
03-19 14:31:41.940 1549 4928 I thunderperf: CompatConfig.addOverrideUnsafe: bef-state=0
03-19 14:31:41.940 1549 4928 I thunderperf: CompatConfig.addOverrideUnsafe: aft-state=0
03-19 14:31:41.940 1549 4928 I thunderperf: CompatConfig.addOverrideUnsafe: bef-state=0
03-19 14:31:41.941 1549 4928 I thunderperf: CompatConfig.addOverrideUnsafe: aft-state=0
03-19 14:31:41.941 1549 4928 I thunderperf: CompatConfig.addOverrideUnsafe: bef-state=0
03-19 14:31:41.941 1549 4928 I thunderperf: CompatConfig.addOverrideUnsafe: aft-state=0
03-19 14:31:41.941 1549 4928 I thunderperf: CompatConfig.addOverrideUnsafe: bef-state=0
03-19 14:31:41.941 1549 4928 I thunderperf: CompatConfig.addOverrideUnsafe: aft-state=0
03-19 14:31:41.941 1549 4928 I thunderperf: CompatConfig.addOverrideUnsafe: bef-state=0
03-19 14:31:41.941 1549 4928 I thunderperf: CompatConfig.addOverrideUnsafe: aft-state=0
03-19 14:31:41.941 1549 4928 I thunderperf: CompatConfig.addOverrideUnsafe: bef-state=0
03-19 14:31:41.941 1549 4928 I thunderperf: CompatConfig.addOverrideUnsafe: aft-state=0
03-19 14:31:41.941 1549 4928 I thunderperf: CompatConfig.addOverrideUnsafe: bef-state=0
03-19 14:31:41.941 1549 4928 I thunderperf: CompatConfig.addOverrideUnsafe: aft-state=0
03-19 14:31:41.943 1549 4928 I ActivityTaskManager: START u0 {act=android.intent.action.MAIN cmp=com.android.settings/.homepage.SettingsHomepageActivity (has extras)} from uid 1000
03-19 14:31:41.943 1549 4928 I wm_finish_activity: [0,827071,118,com.android.settings/.SubSettings,clear-task-stack]
03-19 14:31:41.948 1549 4928 I wm_pause_activity: [0,827071,com.android.settings/.SubSettings,userLeaving=false,finish]
03-19 14:31:41.948 1549 4928 I wm_new_intent: [0,17152677,118,com.android.settings/.Settings,android.intent.action.MAIN,NULL,NULL,270532608]
03-19 14:31:41.948 1549 4928 I wm_task_moved: [118,1,9]
03-19 14:31:41.950 1549 4928 W ActivityTaskManager: Duplicate finish request for r=ActivityRecord{c9ebf u0 com.android.settings/.SubSettings t118 f}}
03-19 14:31:41.950 21017 21017 I wm_on_create_called: [827071,com.android.settings.SubSettings,performCreate]
03-19 14:31:41.951 21017 21017 I view_enqueue_input_event: [Motion - Cancel,com.android.settings/com.android.settings.Settings]
03-19 14:31:41.951 21017 21017 I wm_on_destroy_called: [208304530,com.android.settings.notification.app.ChannelPanelActivity,performDestroy]
03-19 14:31:41.953 1549 8360 I wm_add_to_stopping: [0,827071,com.android.settings/.SubSettings,completeFinishing]
03-19 14:31:41.953 1549 8360 I ActivityTaskManager: FOREGROUND_APPLICATION_CHANGED to com.android.settings.homepage.SettingsHomepageActivity
03-19 14:31:41.953 1549 8360 I wm_set_resumed_activity: [0,com.android.settings/.Settings,resumeTopActivityInnerLocked]
03-19 14:31:41.955 1549 8360 I wm_resume_activity: [0,17152677,118,com.android.settings/.Settings]
03-19 14:31:41.957 1549 1657 I input_focus: [Focus request e3ad60b com.android.settings/com.android.settings.Settings,reason=UpdateInputWindows]
03-19 14:31:41.957 1549 1656 I sysui_multi_action: [757,803,799,window_time_0,802,0]
03-19 14:31:41.959 21017 21017 I wm_on_resume_called: [17152677,com.android.settings.Settings,RESUME_ACTIVITY]
03-19 14:31:41.959 21017 21017 I sysui_multi_action: [757,35,758,1,833,20,1089,0]
03-19 14:31:41.962 21017 21017 I wm_on_top_resumed_gained_called: [17152677,com.android.settings.Settings,topWhenResuming]
03-19 14:31:41.974 1549 1741 I input_focus: [Focus entering e3ad60b com.android.settings/com.android.settings.Settings (server),reason=Window became focusable. Previous reason: NO_WINDOW]
03-19 14:31:41.993 1549 4216 I am_wtf : [0,21017,com.android.settings,952647173,ContrastColorUtil,background can not be translucent: #0]
