03-19 14:33:36.317 1549 1741 I input_focus: [Focus entering 19973ad com.android.settings/com.android.settings.Settings (server),reason=setFocusedWindow]
03-19 14:33:36.899 1549 1741 I input_interaction: Interaction with: 19973ad com.android.settings/com.android.settings.Settings (server), swipe-up (server), edge-swipe (server), PointerEventDispatcher0 (server),
01-01 09:21:18.523 0 0 E DTC_ETH,link_delay_work_func: 3003, SQI=0, link=0
01-01 09:21:19.220 0 0 E DTC_Display: screen not ready
03-19 14:33:39.960 21017 21017 I sysui_multi_action: [757,830,758,4,833,0,854,top_level_privacy,1089,0]
03-19 14:33:40.065 21017 21017 I sysui_multi_action: [757,101,758,2,1089,11121]
03-19 14:33:40.084 21017 21017 I service_manager_stats: [100,50,141853]
03-19 14:33:40.089 1549 1858 E UserRestrictionsUtils: Unknown restriction queried by uid 1000 (com.android.settings et al): null
03-19 14:33:40.089 1549 1858 E UserRestrictionsUtils: Unknown restriction queried by uid 1000 (com.android.settings et al): null
03-19 14:33:40.090 1549 1858 E UserRestrictionsUtils: Unknown restriction queried by uid 1000 (com.android.settings et al): null
03-19 14:33:40.090 1549 1858 E UserRestrictionsUtils: Unknown restriction queried by uid 1000 (com.android.settings et al): null
03-19 14:33:40.090 1549 1858 E UserRestrictionsUtils: Unknown restriction queried by uid 1000 (com.android.settings et al): null
03-19 14:33:40.091 1549 1858 E UserRestrictionsUtils: Unknown restriction queried by uid 1000 (com.android.settings et al): null
03-19 14:33:40.091 1549 1858 E UserRestrictionsUtils: Unknown restriction queried by uid 1000 (com.android.settings et al): null
03-19 14:33:40.092 1549 1858 E UserRestrictionsUtils: Unknown restriction queried by uid 1000 (com.android.settings et al): null
03-19 14:33:40.109 21017 21017 I sysui_multi_action: [757,1587,758,1,833,0,1089,35]
03-19 14:33:40.116 21017 21017 I sysui_multi_action: [757,1729,758,4,854,isParalleledControllers:false,1089,42]
03-19 14:33:41.079 21017 21017 I sysui_multi_action: [757,830,758,4,833,0,854,privacy_permissions_usage,1089,0]
03-19 14:33:41.182 21017 21017 I sysui_multi_action: [757,1587,758,2,1089,1073]
01-01 09:21:23.004 0 0 E DTC_Display: screen not ready
03-19 14:33:42.378 21017 21017 I sysui_multi_action: [757,1587,758,1,833,0,1089,0]
01-01 09:21:23.643 0 0 E DTC_ETH,link_delay_work_func: 3003, SQI=0, link=0
03-19 14:33:43.057 21017 21017 I sysui_multi_action: [757,830,758,4,833,0,854,top_level_system,1089,0]
03-19 14:33:43.162 21017 21017 I sysui_multi_action: [757,1587,758,2,1089,783]
03-19 14:33:43.180 1549 5960 E UserRestrictionsUtils: Unknown restriction queried by uid 1000 (com.android.settings et al): null
03-19 14:33:43.181 1549 5960 E UserRestrictionsUtils: Unknown restriction queried by uid 1000 (com.android.settings et al): null
03-19 14:33:43.182 1549 5960 E UserRestrictionsUtils: Unknown restriction queried by uid 1000 (com.android.settings et al): null
03-19 14:33:43.183 1549 5960 E UserRestrictionsUtils: Unknown restriction queried by uid 1000 (com.android.settings et al): null
03-19 14:33:43.183 1549 5960 E UserRestrictionsUtils: Unknown restriction queried by uid 1000 (com.android.settings et al): null
03-19 14:33:43.185 1549 5960 E UserRestrictionsUtils: Unknown restriction queried by uid 1000 (com.android.settings et al): null
03-19 14:33:43.213 21017 21017 I sysui_multi_action: [757,744,758,1,833,0,1089,41]
03-19 14:33:43.216 21017 21017 I sysui_multi_action: [757,1729,758,4,854,isParalleledControllers:false,1089,45]
03-19 14:33:44.307 21017 21017 I sysui_multi_action: [757,830,758,4,833,0,854,gesture_settings,1089,0]
03-19 14:33:44.414 21017 21017 I sysui_multi_action: [757,744,758,2,1089,1201]
03-19 14:33:44.430 1549 1858 E UserRestrictionsUtils: Unknown restriction queried by uid 1000 (com.android.settings et al): null
03-19 14:33:44.431 1549 1858 E UserRestrictionsUtils: Unknown restriction queried by uid 1000 (com.android.settings et al): null
03-19 14:33:44.432 1549 1858 E UserRestrictionsUtils: Unknown restriction queried by uid 1000 (com.android.settings et al): null
03-19 14:33:44.433 1549 1858 E UserRestrictionsUtils: Unknown restriction queried by uid 1000 (com.android.settings et al): null
03-19 14:33:44.434 1549 1858 E UserRestrictionsUtils: Unknown restriction queried by uid 1000 (com.android.settings et al): null
03-19 14:33:44.435 1549 1858 E UserRestrictionsUtils: Unknown restriction queried by uid 1000 (com.android.settings et al): null
03-19 14:33:44.435 1549 1858 E UserRestrictionsUtils: Unknown restriction queried by uid 1000 (com.android.settings et al): null
03-19 14:33:44.436 1549 1858 E UserRestrictionsUtils: Unknown restriction queried by uid 1000 (com.android.settings et al): null
03-19 14:33:44.436 1549 1858 E UserRestrictionsUtils: Unknown restriction queried by uid 1000 (com.android.settings et al): null
03-19 14:33:44.456 21017 21017 I sysui_multi_action: [757,459,758,1,833,0,1089,38]
03-19 14:33:44.457 21017 21017 I sysui_multi_action: [757,1729,758,4,854,isParalleledControllers:false,1089,40]
03-19 14:33:45.104 21017 21017 I sysui_multi_action: [757,830,758,4,833,0,854,gesture_system_navigation_input_summary,1089,0]
01-01 09:21:25.975 0 0 E DTC_Display: screen not ready
03-19 14:33:45.213 21017 21017 I sysui_multi_action: [757,459,758,2,1089,757]
03-19 14:33:45.243 21017 21017 I sysui_multi_action: [757,1374,758,1,833,0,1089,26]
01-01 09:21:28.763 0 0 E DTC_ETH,link_delay_work_func: 3003, SQI=0, link=0
01-01 09:21:29.467 0 0 E DTC_Display: screen not ready
03-19 14:33:48.725 21017 21017 I sysui_multi_action: [757,1374,758,2,1089,3482]
03-19 14:33:48.733 21017 21017 I sysui_multi_action: [757,459,758,1,833,0,1089,0]
03-19 14:33:49.085 1549 2118 I ntp_failure: [time.android.com/216.239.35.4,java.net.SocketTimeoutException: Poll timed out]
03-19 14:33:50.284 21017 21017 I sysui_multi_action: [757,830,758,4,833,0,854,gesture_system_navigation_input_summary,1089,0]
03-19 14:33:50.402 21017 21017 I sysui_multi_action: [757,459,758,2,1089,1668]
03-19 14:33:50.440 21017 21017 I sysui_multi_action: [757,1374,758,1,833,0,1089,32]
03-19 14:33:50.511 871 871 I auditd : type=1400 audit(0.0:12324): avc: denied { add_name } for comm="perf@2.2-servic" name="cpu_min_freq" scontext=u:r:vendor_hal_perf_default:s0 tcontext=u:object_r:vendor_sysfs_msm_perf:s0 tclass=dir permissive=1
01-01 09:21:32.751 0 0 E DTC_Display: screen not ready
01-01 09:21:32.854 0 0 I init : starting service 'idmap2d'...
01-01 09:21:32.858 0 0 I init : Control message: Processed ctl.start for 'idmap2d' from pid: 1549 (system_server)
01-01 09:21:32.896 0 0 I binder : 23067:23067 ioctl 40046210 7ffe6d06d4 returned -22
03-19 14:33:52.073 21017 21017 I sysui_multi_action: [757,830,758,4,833,0,854,system_nav_gestural,1089,0]
01-01 09:21:33.883 0 0 E DTC_ETH,link_delay_work_func: 3003, SQI=0, link=0
03-19 14:33:53.438 21017 21017 I sysui_multi_action: [757,1374,758,2,1089,2998]
03-19 14:33:53.461 21017 21017 I sysui_multi_action: [757,459,758,1,833,0,1089,0]
03-19 14:33:54.096 1549 2118 I ntp_failure: [time.android.com/216.239.35.8,java.net.SocketTimeoutException: Poll timed out]
03-19 14:33:54.345 21017 21017 I sysui_multi_action: [757,830,758,4,833,0,854,top_level_game,1089,0]
03-19 14:33:54.452 21017 21017 I sysui_multi_action: [757,459,758,2,1089,991]
03-19 14:33:54.472 1549 1858 E UserRestrictionsUtils: Unknown restriction queried by uid 1000 (com.android.settings et al): null
03-19 14:33:54.473 1549 1858 E UserRestrictionsUtils: Unknown restriction queried by uid 1000 (com.android.settings et al): null
03-19 14:33:54.500 21017 21017 I sysui_multi_action: [757,3000,758,1,833,0,1089,32]
03-19 14:33:54.500 21017 21017 I sysui_multi_action: [757,1729,758,4,854,isParalleledControllers:false,1089,33]
03-19 14:33:55.265 1549 1549 I GameModeConfig: Current uri is uri = content://com.thundercomm.gamemode.api/gamemode_settings/gamemode_enable
03-19 14:33:55.269 1549 1549 I GameModeConfig: isGameModeOn = true
03-19 14:33:55.269 1549 1549 I GameModeConfig: isGaming = false
03-19 14:33:55.269 1549 1549 I GameModeConfig: isGameModeOn = true
03-19 14:33:55.269 1549 1549 I GameModeConfig: isGaming = false
03-19 14:33:55.269 1549 1549 I GameModeConfig: isDisableVoice = true
01-01 09:21:36.535 0 0 E DTC_Display: screen not ready
03-19 14:33:55.982 21017 21017 I sysui_multi_action: [757,830,758,4,833,0,854,game_setting_dnd,1089,0]
03-19 14:33:56.101 21017 21017 I sysui_multi_action: [757,3000,758,2,1089,1601]
03-19 14:33:56.107 1549 4916 E UserRestrictionsUtils: Unknown restriction queried by uid 1000 (com.android.settings et al): null
03-19 14:33:56.108 1549 4916 E UserRestrictionsUtils: Unknown restriction queried by uid 1000 (com.android.settings et al): null
03-19 14:33:56.132 21017 21017 I sysui_multi_action: [757,3100,758,1,833,0,1089,28]
03-19 14:33:56.132 21017 21017 I sysui_multi_action: [757,1729,758,4,854,isParalleledControllers:false,1089,29]
03-19 14:33:56.882 21017 21017 I sysui_multi_action: [757,830,758,4,833,0,854,game_setting_dnd_voice,1089,0]
03-19 14:33:56.989 21017 21017 I sysui_multi_action: [757,3100,758,2,1089,857]
03-19 14:33:57.021 21017 21017 I sysui_multi_action: [757,3101,758,1,833,0,1089,29]
03-19 14:33:57.021 21017 21017 I sysui_multi_action: [757,1729,758,4,854,isParalleledControllers:false,1089,30]
03-19 14:33:57.640 21017 21017 I sysui_multi_action: [757,3101,758,2,1089,619]
03-19 14:33:57.657 21017 21017 I sysui_multi_action: [757,3100,758,1,833,0,1089,0]
01-01 09:21:39.003 0 0 E DTC_ETH,link_delay_work_func: 3003, SQI=0, link=0
03-19 14:33:58.341 21017 21017 I sysui_multi_action: [757,830,758,4,833,0,854,game_setting_dnd_notification,1089,0]
03-19 14:33:58.446 21017 21017 I sysui_multi_action: [757,3100,758,2,1089,789]
03-19 14:33:58.478 21017 21017 I sysui_multi_action: [757,3102,758,1,833,0,1089,29]
03-19 14:33:58.479 21017 21017 I sysui_multi_action: [757,1729,758,4,854,isParalleledControllers:false,1089,31]
01-01 09:21:39.511 0 0 E DTC_Display: screen not ready
03-19 14:33:59.101 1549 2118 I ntp_failure: [time.android.com/216.239.35.0,java.net.SocketTimeoutException: Poll timed out]
03-19 14:33:59.112 1549 1549 I GameModeConfig: Current uri is uri = content://com.thundercomm.gamemode.api/gamemode_settings/gamemode_dnd_notification
03-19 14:33:59.113 21017 21017 I sysui_multi_action: [757,830,758,4,833,0,854,game_settings_dnd_notification_switch,1089,0]
03-19 14:33:59.116 1549 1549 I GameModeConfig: isGameModeOn = true
03-19 14:33:59.116 1549 1549 I GameModeConfig: isGaming = false
03-19 14:33:59.116 1549 1549 I GameModeConfig: isGameModeOn = true
03-19 14:33:59.116 1549 1549 I GameModeConfig: isGaming = false
03-19 14:33:59.116 1549 1549 I GameModeConfig: isDisableVoice = true
03-19 14:33:59.810 1549 1549 I GameModeConfig: Current uri is uri = content://com.thundercomm.gamemode.api/gamemode_settings/gamemode_dnd_notification
03-19 14:33:59.813 1549 1549 I GameModeConfig: isGameModeOn = true
03-19 14:33:59.813 1549 1549 I GameModeConfig: isGaming = false
03-19 14:33:59.813 1549 1549 I GameModeConfig: isGameModeOn = true
03-19 14:33:59.813 1549 1549 I GameModeConfig: isGaming = false
03-19 14:33:59.813 1549 1549 I GameModeConfig: isDisableVoice = true
03-19 14:33:59.816 21017 21017 I sysui_multi_action: [757,830,758,4,833,0,854,game_settings_dnd_notification_switch,1089,0]
03-19 14:34:00.774 1549 1549 I service_manager_stats: [100,57,42153]
03-19 14:34:00.876 21017 21017 I sysui_multi_action: [757,830,758,4,833,0,854,top_level_about_device,1089,0]
03-19 14:34:00.981 21017 21017 I sysui_multi_action: [757,3102,758,2,1089,2503]
03-19 14:34:01.012 1549 4216 E UserRestrictionsUtils: Unknown restriction queried by uid 1000 (com.android.settings et al): null
03-19 14:34:01.012 1549 4216 E UserRestrictionsUtils: Unknown restriction queried by uid 1000 (com.android.settings et al): null
03-19 14:34:01.013 1549 4216 E UserRestrictionsUtils: Unknown restriction queried by uid 1000 (com.android.settings et al): null
03-19 14:34:01.013 1549 4216 E UserRestrictionsUtils: Unknown restriction queried by uid 1000 (com.android.settings et al): null
03-19 14:34:01.014 1549 4216 E UserRestrictionsUtils: Unknown restriction queried by uid 1000 (com.android.settings et al): null
03-19 14:34:01.035 1549 1668 W BroadcastQueue: Permission Denial: broadcasting Intent { act=android.net.conn.CONNECTIVITY_CHANGE flg=0x4200010 (has extras) } from null (pid=-1, uid=-1) requires android.permission.CHANGE_NETWORK_STATE due to registered receiver BroadcastFilter{edd1104 1000/u0 ReceiverList{c320917 21017 com.android.settings/1000/u0 remote:e2c5996}}
03-19 14:34:01.035 1549 1668 W BroadcastQueue: Permission Denial: broadcasting Intent { act=android.net.wifi.STATE_CHANGE flg=0x4000010 (has extras) } from null (pid=-1, uid=-1) requires android.permission.CHANGE_NETWORK_STATE due to registered receiver BroadcastFilter{edd1104 1000/u0 ReceiverList{c320917 21017 com.android.settings/1000/u0 remote:e2c5996}}
03-19 14:34:01.040 21017 21017 I sysui_multi_action: [757,40,758,1,833,0,1089,47]
03-19 14:34:01.041 21017 21017 W FeatureConnector: [ImsConnector, 0] connect: not supported.
03-19 14:34:01.043 21017 21017 I sysui_multi_action: [757,1729,758,4,854,isParalleledControllers:false,1089,51]
01-01 09:21:42.912 0 0 I init : Sending signal 9 to service 'idmap2d' (pid 23067) process group...
01-01 09:21:42.918 0 0 I libprocessgroup: Successfully killed process cgroup uid 1000 pid 23067 in 5ms
01-01 09:21:42.919 0 0 I init : Control message: Processed ctl.stop for 'idmap2d' from pid: 1549 (system_server)
03-19 14:34:02.085 1549 4216 W OverlayManager: service 'idmap' died
01-01 09:21:42.919 0 0 I init : Service 'idmap2d' (pid 23067) received signal 9
01-01 09:21:43.011 0 0 E DTC_Display: screen not ready
03-19 14:34:02.764 21017 21017 I sysui_multi_action: [757,830,758,4,833,0,854,firmware_version,1089,0]
03-19 14:34:02.879 21017 21017 I sysui_multi_action: [757,40,758,2,1089,1839]
03-19 14:34:02.888 1549 4216 E UserRestrictionsUtils: Unknown restriction queried by uid 1000 (com.android.settings et al): null
03-19 14:34:02.903 21017 21017 I sysui_multi_action: [757,1247,758,1,833,0,1089,20]
03-19 14:34:02.904 21017 21017 I sysui_multi_action: [757,1729,758,4,854,isParalleledControllers:false,1089,21]
01-01 09:21:44.123 0 0 E DTC_ETH,link_delay_work_func: 3003, SQI=0, link=0
03-19 14:34:04.633 21017 21017 I sysui_multi_action: [757,1247,758,2,1089,1730]
03-19 14:34:04.648 1549 1668 W BroadcastQueue: Permission Denial: broadcasting Intent { act=android.net.conn.CONNECTIVITY_CHANGE flg=0x4200010 (has extras) } from null (pid=-1, uid=-1) requires android.permission.CHANGE_NETWORK_STATE due to registered receiver BroadcastFilter{8f9c688 1000/u0 ReceiverList{889d22b 21017 com.android.settings/1000/u0 remote:9d80a7a}}
03-19 14:34:04.648 1549 1668 W BroadcastQueue: Permission Denial: broadcasting Intent { act=android.net.wifi.STATE_CHANGE flg=0x4000010 (has extras) } from null (pid=-1, uid=-1) requires android.permission.CHANGE_NETWORK_STATE due to registered receiver BroadcastFilter{8f9c688 1000/u0 ReceiverList{889d22b 21017 com.android.settings/1000/u0 remote:9d80a7a}}
03-19 14:34:04.655 21017 21017 I sysui_multi_action: [757,40,758,1,833,0,1089,0]
03-19 14:34:04.655 21017 21017 W FeatureConnector: [ImsConnector, 0] connect: not supported.
01-01 09:21:46.287 0 0 E DTC_Display: screen not ready
03-19 14:34:06.974 21017 21017 I sysui_multi_action: [757,830,758,4,833,0,854,top_level_game,1089,0]
03-19 14:34:07.077 21017 21017 I sysui_multi_action: [757,40,758,2,1089,2422]
03-19 14:34:07.093 1549 2215 E UserRestrictionsUtils: Unknown restriction queried by uid 1000 (com.android.settings et al): null
03-19 14:34:07.094 1549 2215 E UserRestrictionsUtils: Unknown restriction queried by uid 1000 (com.android.settings et al): null
03-19 14:34:07.117 21017 21017 I sysui_multi_action: [757,3000,758,1,833,0,1089,28]
03-19 14:34:07.118 21017 21017 I sysui_multi_action: [757,1729,758,4,854,isParalleledControllers:false,1089,28]
01-01 09:21:49.243 0 0 E DTC_ETH,link_delay_work_func: 3003, SQI=0, link=0
01-01 09:21:50.067 0 0 E DTC_Display: screen not ready
03-19 14:34:09.764 21017 21017 I sysui_multi_action: [757,830,758,4,833,0,854,top_level_connected_devices,1089,0]
03-19 14:34:09.869 21017 21017 I sysui_multi_action: [757,3000,758,2,1089,2750]
03-19 14:34:09.903 1549 2215 E UserRestrictionsUtils: Unknown restriction queried by uid 1000 (com.android.settings et al): null
03-19 14:34:09.945 21017 21017 E ActivityThread: Failed to find provider info for com.google.android.gms.nearby.fastpair
03-19 14:34:09.945 21017 22965 E ActivityThread: Failed to find provider info for com.google.android.gms.nearby.fastpair
03-19 14:34:09.967 21017 21017 I sysui_multi_action: [757,747,758,1,833,0,1089,83]
03-19 14:34:09.968 21017 21017 I sysui_multi_action: [757,1729,758,4,854,isParalleledControllers:false,1089,85]
03-19 14:34:11.186 21017 21017 I sysui_multi_action: [757,830,758,4,833,0,854,previously_connected_devices_see_all,1089,0]
03-19 14:34:11.290 21017 21017 I sysui_multi_action: [757,747,758,2,1089,1323]
03-19 14:34:11.324 21017 21017 I sysui_multi_action: [757,1370,758,1,833,0,1089,27]
03-19 14:34:11.325 21017 21017 I sysui_multi_action: [757,1729,758,4,854,isParalleledControllers:false,1089,29]
01-01 09:21:53.115 0 0 E DTC_Display: screen not ready
03-19 14:34:12.394 21017 21017 I sysui_multi_action: [757,1370,758,2,1089,1070]
03-19 14:34:12.409 21017 21017 E ActivityThread: Failed to find provider info for com.google.android.gms.nearby.fastpair
03-19 14:34:12.409 21017 22965 E ActivityThread: Failed to find provider info for com.google.android.gms.nearby.fastpair
03-19 14:34:12.456 21017 21017 I sysui_multi_action: [757,747,758,1,833,0,1089,0]
03-19 14:34:12.989 21017 21017 I sysui_multi_action: [757,830,758,4,833,0,854,top_level_apps,1089,0]
03-19 14:34:13.093 21017 21017 I sysui_multi_action: [757,747,758,2,1089,636]
03-19 14:34:13.119 1549 4916 E UserRestrictionsUtils: Unknown restriction queried by uid 1000 (com.android.settings et al): null
03-19 14:34:13.120 1549 4916 E UserRestrictionsUtils: Unknown restriction queried by uid 1000 (com.android.settings et al): null
03-19 14:34:13.121 1549 4916 E UserRestrictionsUtils: Unknown restriction queried by uid 1000 (com.android.settings et al): null
03-19 14:34:13.121 1549 4916 E UserRestrictionsUtils: Unknown restriction queried by uid 1000 (com.android.settings et al): null
03-19 14:34:13.157 21017 21017 I sysui_multi_action: [757,65,758,1,833,0,1089,46]
03-19 14:34:13.163 21017 21017 I sysui_multi_action: [757,1729,758,4,854,isParalleledControllers:false,1089,52]
01-01 09:21:54.363 0 0 E DTC_ETH,link_delay_work_func: 3003, SQI=0, link=0
03-19 14:34:14.995 21017 21017 I sysui_multi_action: [757,830,758,4,833,0,854,top_level_connected_devices,1089,0]
03-19 14:34:15.107 21017 21017 I sysui_multi_action: [757,65,758,2,1089,1950]
03-19 14:34:15.124 1549 4916 E UserRestrictionsUtils: Unknown restriction queried by uid 1000 (com.android.settings et al): null
03-19 14:34:15.156 21017 21017 E ActivityThread: Failed to find provider info for com.google.android.gms.nearby.fastpair
03-19 14:34:15.156 21017 22965 E ActivityThread: Failed to find provider info for com.google.android.gms.nearby.fastpair
03-19 14:34:15.185 21017 21017 I sysui_multi_action: [757,747,758,1,833,0,1089,73]
03-19 14:34:15.186 21017 21017 I sysui_multi_action: [757,1729,758,4,854,isParalleledControllers:false,1089,74]
01-01 09:21:56.603 0 0 E DTC_Display: screen not ready
03-19 14:34:15.996 21017 21017 I sysui_multi_action: [757,830,758,4,833,0,854,add_bt_devices,1089,0]
03-19 14:34:16.101 21017 21017 I sysui_multi_action: [757,747,758,2,1089,915]
03-19 14:34:16.145 1549 4216 D CompatibilityChangeReporter: Compat change id reported: 171306433; UID 1000; state: ENABLED
03-19 14:34:16.148 21017 21017 I sysui_multi_action: [757,1018,758,1,833,0,1089,41]
03-19 14:34:16.150 21017 21017 I sysui_multi_action: [757,1729,758,4,854,isParalleledControllers:false,1089,42]
03-19 14:34:16.151 1549 1667 I am_pss : [22929,1000,com.qti.diagservices,9365504,2314240,5637120,60563456,0,10,8]
03-19 14:34:16.166 1549 1667 I am_pss : [19777,10095,com.luna.music:pushservice,55429120,18554880,4761600,182579200,0,19,11]
03-19 14:34:16.179 1549 1667 I am_pss : [18921,10095,com.luna.music,83820544,50360320,0,233078784,0,4,12]
03-19 14:34:16.913 21017 21017 I sysui_multi_action: [757,1018,758,2,1089,764]
03-19 14:34:16.934 21017 21017 E ActivityThread: Failed to find provider info for com.google.android.gms.nearby.fastpair
03-19 14:34:16.934 21017 22965 E ActivityThread: Failed to find provider info for com.google.android.gms.nearby.fastpair
03-19 14:34:16.975 21017 21017 I sysui_multi_action: [757,747,758,1,833,0,1089,0]
03-19 14:34:18.120 21017 21017 I sysui_multi_action: [757,830,758,4,833,0,854,previously_connected_devices_see_all,1089,0]
03-19 14:34:18.224 21017 21017 I sysui_multi_action: [757,747,758,2,1089,1248]
03-19 14:34:18.254 21017 21017 I sysui_multi_action: [757,1370,758,1,833,0,1089,26]
03-19 14:34:18.255 21017 21017 I sysui_multi_action: [757,1729,758,4,854,isParalleledControllers:false,1089,28]
01-01 09:21:59.483 0 0 E DTC_ETH,link_delay_work_func: 3003, SQI=0, link=0
03-19 14:34:18.885 21017 21017 I sysui_multi_action: [757,1370,758,2,1089,631]
03-19 14:34:18.901 21017 21017 E ActivityThread: Failed to find provider info for com.google.android.gms.nearby.fastpair
03-19 14:34:18.902 21017 22965 E ActivityThread: Failed to find provider info for com.google.android.gms.nearby.fastpair
03-19 14:34:18.948 21017 21017 I sysui_multi_action: [757,747,758,1,833,0,1089,0]
01-01 09:21:59.883 0 0 E DTC_Display: screen not ready
03-19 14:34:19.462 1549 1668 I am_uid_idle: 10050
01-01 09:22:03.671 0 0 E DTC_Display: screen not ready
03-19 14:34:23.275 1549 1549 I notification_enqueue: [10094,12961,com.tencent.android.qqdownloader,127,NULL,0,Notification(channel=channel_id_default_silent shortcut=null contentView=com.tencent.android.qqdownloader/0x7f0a01c2 vibrate=null sound=null defaults=0x0 flags=0x2a0 color=0x00000000 groupKey=com.tencent.android.qqdownloader vis=PRIVATE),1]
01-01 09:22:04.221 0 0 I msm_vidc: err : ffffffff: .....: DBLP Set: status 0
03-19 14:34:23.479 1549 1549 I GameModeConfig: isGameModeOn = true
03-19 14:34:23.479 1549 1549 I GameModeConfig: isGaming = false
01-01 09:22:04.603 0 0 E DTC_ETH,link_delay_work_func: 3003, SQI=0, link=0
01-01 09:22:06.643 0 0 E DTC_Display: screen not ready
01-01 09:22:06.941 0 0 I msm_vidc: err : ffffffff: .....: DBLP Set: status 0
01-01 09:22:09.723 0 0 E DTC_ETH,link_delay_work_func: 3003, SQI=0, link=0
01-01 09:22:10.003 0 0 E DTC_Display: screen not ready
03-19 14:34:32.111 1549 1668 I am_uid_idle: 10079
03-19 14:34:32.139 1549 1668 I am_uid_idle: 10019
01-01 09:22:13.155 0 0 E DTC_Display: screen not ready
01-01 09:22:14.843 0 0 E DTC_ETH,link_delay_work_func: 3003, SQI=0, link=0
01-01 09:22:16.947 0 0 E DTC_Display: screen not ready
03-19 14:34:36.947 1549 1667 I am_pss : [22929,1000,com.qti.diagservices,9396224,2314240,5667840,60563456,0,10,11]
01-01 09:22:19.963 0 0 E DTC_ETH,link_delay_work_func: 3003, SQI=0, link=0
01-01 09:22:19.995 0 0 E DTC_Display: screen not ready
01-01 09:22:23.483 0 0 E DTC_Display: screen not ready
01-01 09:22:25.083 0 0 E DTC_ETH,link_delay_work_func: 3003, SQI=0, link=0
01-01 09:22:26.659 0 0 E DTC_Display: screen not ready
01-01 09:22:28.379 0 0 I [dp_rx_][0x161ef8e330][14:34:47.543150] wlan: [3492:I:QDF] DHCP-R RX: SA:ca:83:90:35:5d:31 DA:ff:ff:ff:ff:ff:ff
01-01 09:22:30.203 0 0 E DTC_ETH,link_delay_work_func: 3003, SQI=0, link=0
01-01 09:22:30.451 0 0 E DTC_Display: screen not ready
01-01 09:22:33.499 0 0 E DTC_Display: screen not ready
03-19 14:34:54.211 1549 1766 I netstats_mobile_sample: [0,0,0,0,0,0,0,0,0,0,0,0,1679207694211]
03-19 14:34:54.212 1549 1766 I netstats_wifi_sample: [361067507,299462,22427786,123362,361067507,299462,22427786,123362,377413613,343763,16474956,108617,1679207694211]
03-19 14:34:54.207 677 677 I auditd : type=1400 audit(0.0:12325): avc: denied { add_name } for comm="Binder:677_3" name="globalAlert" scontext=u:r:netd:s0 tcontext=u:object_r:proc_net:s0 tclass=dir permissive=1
03-19 14:34:54.207 677 677 I auditd : type=1400 audit(0.0:12326): avc: denied { create } for comm="Binder:677_3" name="globalAlert" scontext=u:r:netd:s0 tcontext=u:object_r:proc_net:s0 tclass=file permissive=1
01-01 09:22:35.323 0 0 E DTC_ETH,link_delay_work_func: 3003, SQI=0, link=0
01-01 09:22:36.987 0 0 E DTC_Display: screen not ready
01-01 09:22:40.163 0 0 E DTC_Display: screen not ready
01-01 09:22:40.443 0 0 E DTC_ETH,link_delay_work_func: 3003, SQI=0, link=0
01-01 09:22:43.421 0 0 I msm_vidc: err : ffffffff: .....: DBLP Set: status 0
01-01 09:22:43.964 0 0 E DTC_Display: screen not ready
01-01 09:22:45.563 0 0 E DTC_ETH,link_delay_work_func: 3003, SQI=0, link=0
01-01 09:22:47.036 0 0 E DTC_Display: screen not ready
01-01 09:22:50.523 0 0 E DTC_Display: screen not ready
01-01 09:22:50.687 0 0 E DTC_ETH,link_delay_work_func: 3003, SQI=0, link=0
03-19 14:35:11.802 1549 1684 V DisplayPowerController[0]: Brightness [0.05] reason changing to: 'manual [ dim ]', previous reason: 'manual'.
03-19 14:35:11.802 1549 1684 I sysui_multi_action: [757,1696,758,6,759,2]
03-19 14:35:11.803 1549 1684 W PowerManagerService: Screen on took 112862 ms
03-19 14:35:11.805 1549 1967 E DisplayDeviceConfig: requesting nits when no mapping exists.
03-19 14:35:11.806 1549 1967 E DisplayDeviceConfig: requesting nits when no mapping exists.
03-19 14:35:11.807 1549 1668 I am_wtf : [0,1549,system_server,-1,DisplayDeviceConfig,requesting nits when no mapping exists.]
03-19 14:35:11.808 1549 1668 I DropBoxManagerService: add tag=system_server_wtf isTagEnabled=true flags=0x2
03-19 14:35:11.810 1549 1668 I am_wtf : [0,1549,system_server,-1,DisplayDeviceConfig,requesting nits when no mapping exists.]
03-19 14:35:11.811 1549 1668 I DropBoxManagerService: add tag=system_server_wtf isTagEnabled=true flags=0x2
03-19 14:35:11.822 1549 1967 E DisplayDeviceConfig: requesting nits when no mapping exists.
03-19 14:35:11.822 1549 1967 E DisplayDeviceConfig: requesting nits when no mapping exists.
03-19 14:35:11.823 1549 1668 I am_wtf : [0,1549,system_server,-1,DisplayDeviceConfig,requesting nits when no mapping exists.]
03-19 14:35:11.824 1549 1668 I DropBoxManagerService: add tag=system_server_wtf isTagEnabled=true flags=0x2
03-19 14:35:11.824 1549 1668 I am_wtf : [0,1549,system_server,-1,DisplayDeviceConfig,requesting nits when no mapping exists.]
03-19 14:35:11.825 1549 1668 I DropBoxManagerService: add tag=system_server_wtf isTagEnabled=true flags=0x2
03-19 14:35:11.838 1549 1967 E DisplayDeviceConfig: requesting nits when no mapping exists.
03-19 14:35:11.838 1549 1967 E DisplayDeviceConfig: requesting nits when no mapping exists.
03-19 14:35:11.842 1549 1668 I am_wtf : [0,1549,system_server,-1,DisplayDeviceConfig,requesting nits when no mapping exists.]
03-19 14:35:11.843 1549 1668 I DropBoxManagerService: add tag=system_server_wtf isTagEnabled=true flags=0x2
03-19 14:35:11.844 1549 1668 I am_wtf : [0,1549,system_server,-1,DisplayDeviceConfig,requesting nits when no mapping exists.]
03-19 14:35:11.855 1549 1967 E DisplayDeviceConfig: requesting nits when no mapping exists.
03-19 14:35:11.855 1549 1967 E DisplayDeviceConfig: requesting nits when no mapping exists.
03-19 14:35:11.855 1549 1668 I am_wtf : [0,1549,system_server,-1,DisplayDeviceConfig,requesting nits when no mapping exists.]
03-19 14:35:11.856 1549 1668 I am_wtf : [0,1549,system_server,-1,DisplayDeviceConfig,requesting nits when no mapping exists.]
03-19 14:35:11.872 1549 1967 E DisplayDeviceConfig: requesting nits when no mapping exists.
03-19 14:35:11.872 1549 1967 E DisplayDeviceConfig: requesting nits when no mapping exists.
03-19 14:35:11.872 1549 1668 I am_wtf : [0,1549,system_server,-1,DisplayDeviceConfig,requesting nits when no mapping exists.]
03-19 14:35:11.873 1549 1668 I am_wtf : [0,1549,system_server,-1,DisplayDeviceConfig,requesting nits when no mapping exists.]
03-19 14:35:11.889 1549 1967 E DisplayDeviceConfig: requesting nits when no mapping exists.
03-19 14:35:11.889 1549 1967 E DisplayDeviceConfig: requesting nits when no mapping exists.
03-19 14:35:11.889 1549 1668 I am_wtf : [0,1549,system_server,-1,DisplayDeviceConfig,requesting nits when no mapping exists.]
03-19 14:35:11.890 1549 1668 I am_wtf : [0,1549,system_server,-1,DisplayDeviceConfig,requesting nits when no mapping exists.]
03-19 14:35:11.905 1549 1967 E DisplayDeviceConfig: requesting nits when no mapping exists.
03-19 14:35:11.906 1549 1967 E DisplayDeviceConfig: requesting nits when no mapping exists.
03-19 14:35:11.906 1549 1668 I am_wtf : [0,1549,system_server,-1,DisplayDeviceConfig,requesting nits when no mapping exists.]
03-19 14:35:11.907 1549 1668 I am_wtf : [0,1549,system_server,-1,DisplayDeviceConfig,requesting nits when no mapping exists.]
03-19 14:35:11.921 1549 1967 E DisplayDeviceConfig: requesting nits when no mapping exists.
03-19 14:35:11.922 1549 1967 E DisplayDeviceConfig: requesting nits when no mapping exists.
03-19 14:35:11.922 1549 1668 I am_wtf : [0,1549,system_server,-1,DisplayDeviceConfig,requesting nits when no mapping exists.]
03-19 14:35:11.922 1549 1668 I am_wtf : [0,1549,system_server,-1,DisplayDeviceConfig,requesting nits when no mapping exists.]
03-19 14:35:11.939 1549 1967 E DisplayDeviceConfig: requesting nits when no mapping exists.
03-19 14:35:11.940 1549 1967 E DisplayDeviceConfig: requesting nits when no mapping exists.
03-19 14:35:11.940 1549 1668 I am_wtf : [0,1549,system_server,-1,DisplayDeviceConfig,requesting nits when no mapping exists.]
03-19 14:35:11.941 1549 1668 I am_wtf : [0,1549,system_server,-1,DisplayDeviceConfig,requesting nits when no mapping exists.]
03-19 14:35:11.956 1549 1967 E DisplayDeviceConfig: requesting nits when no mapping exists.
03-19 14:35:11.956 1549 1967 E DisplayDeviceConfig: requesting nits when no mapping exists.
03-19 14:35:11.957 1549 1668 I am_wtf : [0,1549,system_server,-1,DisplayDeviceConfig,requesting nits when no mapping exists.]
03-19 14:35:11.957 1549 1668 I am_wtf : [0,1549,system_server,-1,DisplayDeviceConfig,requesting nits when no mapping exists.]
03-19 14:35:11.972 1549 1967 E DisplayDeviceConfig: requesting nits when no mapping exists.
03-19 14:35:11.973 1549 1967 E DisplayDeviceConfig: requesting nits when no mapping exists.
03-19 14:35:11.973 1549 1668 I am_wtf : [0,1549,system_server,-1,DisplayDeviceConfig,requesting nits when no mapping exists.]
03-19 14:35:11.973 1549 1668 I am_wtf : [0,1549,system_server,-1,DisplayDeviceConfig,requesting nits when no mapping exists.]
03-19 14:35:11.989 1549 1967 E DisplayDeviceConfig: requesting nits when no mapping exists.
03-19 14:35:11.989 1549 1967 E DisplayDeviceConfig: requesting nits when no mapping exists.
03-19 14:35:11.990 1549 1668 I am_wtf : [0,1549,system_server,-1,DisplayDeviceConfig,requesting nits when no mapping exists.]
03-19 14:35:11.991 1549 1668 I am_wtf : [0,1549,system_server,-1,DisplayDeviceConfig,requesting nits when no mapping exists.]
03-19 14:35:12.006 1549 1967 E DisplayDeviceConfig: requesting nits when no mapping exists.
03-19 14:35:12.007 1549 1967 E DisplayDeviceConfig: requesting nits when no mapping exists.
03-19 14:35:12.007 1549 1668 I am_wtf : [0,1549,system_server,-1,DisplayDeviceConfig,requesting nits when no mapping exists.]
03-19 14:35:12.007 1549 1668 I am_wtf : [0,1549,system_server,-1,DisplayDeviceConfig,requesting nits when no mapping exists.]
03-19 14:35:12.022 1549 1967 E DisplayDeviceConfig: requesting nits when no mapping exists.
03-19 14:35:12.023 1549 1967 E DisplayDeviceConfig: requesting nits when no mapping exists.
03-19 14:35:12.023 1549 1668 I am_wtf : [0,1549,system_server,-1,DisplayDeviceConfig,requesting nits when no mapping exists.]
03-19 14:35:12.024 1549 1668 I am_wtf : [0,1549,system_server,-1,DisplayDeviceConfig,requesting nits when no mapping exists.]
03-19 14:35:12.039 1549 1967 E DisplayDeviceConfig: requesting nits when no mapping exists.
03-19 14:35:12.039 1549 1967 E DisplayDeviceConfig: requesting nits when no mapping exists.
03-19 14:35:12.039 1549 1668 I am_wtf : [0,1549,system_server,-1,DisplayDeviceConfig,requesting nits when no mapping exists.]
03-19 14:35:12.040 1549 1668 I am_wtf : [0,1549,system_server,-1,DisplayDeviceConfig,requesting nits when no mapping exists.]
03-19 14:35:12.055 1549 1967 E DisplayDeviceConfig: requesting nits when no mapping exists.
03-19 14:35:12.056 1549 1668 I am_wtf : [0,1549,system_server,-1,DisplayDeviceConfig,requesting nits when no mapping exists.]
03-19 14:35:12.056 1549 1967 E DisplayDeviceConfig: requesting nits when no mapping exists.
03-19 14:35:12.058 1549 1668 I am_wtf : [0,1549,system_server,-1,DisplayDeviceConfig,requesting nits when no mapping exists.]
03-19 14:35:12.072 1549 1967 E DisplayDeviceConfig: requesting nits when no mapping exists.
03-19 14:35:12.073 1549 1967 E DisplayDeviceConfig: requesting nits when no mapping exists.
03-19 14:35:12.073 1549 1668 I am_wtf : [0,1549,system_server,-1,DisplayDeviceConfig,requesting nits when no mapping exists.]
03-19 14:35:12.074 1549 1668 I am_wtf : [0,1549,system_server,-1,DisplayDeviceConfig,requesting nits when no mapping exists.]
03-19 14:35:12.089 1549 1967 E DisplayDeviceConfig: requesting nits when no mapping exists.
03-19 14:35:12.090 1549 1668 I am_wtf : [0,1549,system_server,-1,DisplayDeviceConfig,requesting nits when no mapping exists.]
03-19 14:35:12.090 1549 1967 E DisplayDeviceConfig: requesting nits when no mapping exists.
03-19 14:35:12.090 1549 1668 I am_wtf : [0,1549,system_server,-1,DisplayDeviceConfig,requesting nits when no mapping exists.]
03-19 14:35:12.105 1549 1967 E DisplayDeviceConfig: requesting nits when no mapping exists.
03-19 14:35:12.106 1549 1967 E DisplayDeviceConfig: requesting nits when no mapping exists.
03-19 14:35:12.106 1549 1668 I am_wtf : [0,1549,system_server,-1,DisplayDeviceConfig,requesting nits when no mapping exists.]
03-19 14:35:12.107 1549 1668 I am_wtf : [0,1549,system_server,-1,DisplayDeviceConfig,requesting nits when no mapping exists.]
03-19 14:35:12.122 1549 1967 E DisplayDeviceConfig: requesting nits when no mapping exists.
03-19 14:35:12.123 1549 1967 E DisplayDeviceConfig: requesting nits when no mapping exists.
03-19 14:35:12.123 1549 1668 I am_wtf : [0,1549,system_server,-1,DisplayDeviceConfig,requesting nits when no mapping exists.]
03-19 14:35:12.124 1549 1668 I am_wtf : [0,1549,system_server,-1,DisplayDeviceConfig,requesting nits when no mapping exists.]
03-19 14:35:12.139 1549 1967 E DisplayDeviceConfig: requesting nits when no mapping exists.
03-19 14:35:12.139 1549 1668 I am_wtf : [0,1549,system_server,-1,DisplayDeviceConfig,requesting nits when no mapping exists.]
03-19 14:35:12.139 1549 1967 E DisplayDeviceConfig: requesting nits when no mapping exists.
03-19 14:35:12.140 1549 1668 I am_wtf : [0,1549,system_server,-1,DisplayDeviceConfig,requesting nits when no mapping exists.]
03-19 14:35:12.156 1549 1967 E DisplayDeviceConfig: requesting nits when no mapping exists.
03-19 14:35:12.156 1549 1967 E DisplayDeviceConfig: requesting nits when no mapping exists.
03-19 14:35:12.156 1549 1668 I am_wtf : [0,1549,system_server,-1,DisplayDeviceConfig,requesting nits when no mapping exists.]
03-19 14:35:12.158 1549 1668 I am_wtf : [0,1549,system_server,-1,DisplayDeviceConfig,requesting nits when no mapping exists.]
03-19 14:35:12.172 1549 1967 E DisplayDeviceConfig: requesting nits when no mapping exists.
03-19 14:35:12.173 1549 1668 I am_wtf : [0,1549,system_server,-1,DisplayDeviceConfig,requesting nits when no mapping exists.]
03-19 14:35:12.173 1549 1967 E DisplayDeviceConfig: requesting nits when no mapping exists.
03-19 14:35:12.173 1549 1668 I am_wtf : [0,1549,system_server,-1,DisplayDeviceConfig,requesting nits when no mapping exists.]
03-19 14:35:12.189 1549 1967 E DisplayDeviceConfig: requesting nits when no mapping exists.
03-19 14:35:12.190 1549 1967 E DisplayDeviceConfig: requesting nits when no mapping exists.
03-19 14:35:12.190 1549 1668 I am_wtf : [0,1549,system_server,-1,DisplayDeviceConfig,requesting nits when no mapping exists.]
03-19 14:35:12.191 1549 1668 I am_wtf : [0,1549,system_server,-1,DisplayDeviceConfig,requesting nits when no mapping exists.]
03-19 14:35:12.206 1549 1967 E DisplayDeviceConfig: requesting nits when no mapping exists.
03-19 14:35:12.206 1549 1967 E DisplayDeviceConfig: requesting nits when no mapping exists.
03-19 14:35:12.206 1549 1668 I am_wtf : [0,1549,system_server,-1,DisplayDeviceConfig,requesting nits when no mapping exists.]
03-19 14:35:12.207 1549 1668 I am_wtf : [0,1549,system_server,-1,DisplayDeviceConfig,requesting nits when no mapping exists.]
03-19 14:35:12.223 1549 1967 E DisplayDeviceConfig: requesting nits when no mapping exists.
03-19 14:35:12.224 1549 1967 E DisplayDeviceConfig: requesting nits when no mapping exists.
03-19 14:35:12.224 1549 1668 I am_wtf : [0,1549,system_server,-1,DisplayDeviceConfig,requesting nits when no mapping exists.]
03-19 14:35:12.225 1549 1668 I am_wtf : [0,1549,system_server,-1,DisplayDeviceConfig,requesting nits when no mapping exists.]
03-19 14:35:12.239 1549 1967 E DisplayDeviceConfig: requesting nits when no mapping exists.
03-19 14:35:12.240 1549 1967 E DisplayDeviceConfig: requesting nits when no mapping exists.
03-19 14:35:12.240 1549 1668 I am_wtf : [0,1549,system_server,-1,DisplayDeviceConfig,requesting nits when no mapping exists.]
03-19 14:35:12.241 1549 1668 I am_wtf : [0,1549,system_server,-1,DisplayDeviceConfig,requesting nits when no mapping exists.]
03-19 14:35:12.241 1549 1668 I service_manager_stats: [100,69,71467]
03-19 14:35:12.256 1549 1967 E DisplayDeviceConfig: requesting nits when no mapping exists.
03-19 14:35:12.256 1549 1967 E DisplayDeviceConfig: requesting nits when no mapping exists.
03-19 14:35:12.256 1549 1668 I am_wtf : [0,1549,system_server,-1,DisplayDeviceConfig,requesting nits when no mapping exists.]
03-19 14:35:12.257 1549 1668 I am_wtf : [0,1549,system_server,-1,DisplayDeviceConfig,requesting nits when no mapping exists.]
03-19 14:35:12.273 1549 1967 E DisplayDeviceConfig: requesting nits when no mapping exists.
03-19 14:35:12.273 1549 1967 E DisplayDeviceConfig: requesting nits when no mapping exists.
03-19 14:35:12.273 1549 1668 I am_wtf : [0,1549,system_server,-1,DisplayDeviceConfig,requesting nits when no mapping exists.]
03-19 14:35:12.274 1549 1668 I am_wtf : [0,1549,system_server,-1,DisplayDeviceConfig,requesting nits when no mapping exists.]
03-19 14:35:12.289 1549 1967 E DisplayDeviceConfig: requesting nits when no mapping exists.
03-19 14:35:12.290 1549 1967 E DisplayDeviceConfig: requesting nits when no mapping exists.
03-19 14:35:12.290 1549 1668 I am_wtf : [0,1549,system_server,-1,DisplayDeviceConfig,requesting nits when no mapping exists.]
03-19 14:35:12.291 1549 1668 I am_wtf : [0,1549,system_server,-1,DisplayDeviceConfig,requesting nits when no mapping exists.]
03-19 14:35:12.306 1549 1967 E DisplayDeviceConfig: requesting nits when no mapping exists.
03-19 14:35:12.306 1549 1967 E DisplayDeviceConfig: requesting nits when no mapping exists.
03-19 14:35:12.307 1549 1668 I am_wtf : [0,1549,system_server,-1,DisplayDeviceConfig,requesting nits when no mapping exists.]
03-19 14:35:12.308 1549 1668 I am_wtf : [0,1549,system_server,-1,DisplayDeviceConfig,requesting nits when no mapping exists.]
03-19 14:35:12.323 1549 1967 E DisplayDeviceConfig: requesting nits when no mapping exists.
03-19 14:35:12.323 1549 1967 E DisplayDeviceConfig: requesting nits when no mapping exists.
03-19 14:35:12.323 1549 1668 I am_wtf : [0,1549,system_server,-1,DisplayDeviceConfig,requesting nits when no mapping exists.]
03-19 14:35:12.324 1549 1668 I am_wtf : [0,1549,system_server,-1,DisplayDeviceConfig,requesting nits when no mapping exists.]
03-19 14:35:12.339 1549 1967 E DisplayDeviceConfig: requesting nits when no mapping exists.
03-19 14:35:12.340 1549 1967 E DisplayDeviceConfig: requesting nits when no mapping exists.
03-19 14:35:12.340 1549 1668 I am_wtf : [0,1549,system_server,-1,DisplayDeviceConfig,requesting nits when no mapping exists.]
03-19 14:35:12.341 1549 1668 I am_wtf : [0,1549,system_server,-1,DisplayDeviceConfig,requesting nits when no mapping exists.]
03-19 14:35:12.356 1549 1967 E DisplayDeviceConfig: requesting nits when no mapping exists.
03-19 14:35:12.357 1549 1967 E DisplayDeviceConfig: requesting nits when no mapping exists.
03-19 14:35:12.357 1549 1668 I am_wtf : [0,1549,system_server,-1,DisplayDeviceConfig,requesting nits when no mapping exists.]
03-19 14:35:12.358 1549 1668 I am_wtf : [0,1549,system_server,-1,DisplayDeviceConfig,requesting nits when no mapping exists.]
03-19 14:35:12.373 1549 1967 E DisplayDeviceConfig: requesting nits when no mapping exists.
03-19 14:35:12.373 1549 1967 E DisplayDeviceConfig: requesting nits when no mapping exists.
03-19 14:35:12.374 1549 1668 I am_wtf : [0,1549,system_server,-1,DisplayDeviceConfig,requesting nits when no mapping exists.]
03-19 14:35:12.375 1549 1668 I am_wtf : [0,1549,system_server,-1,DisplayDeviceConfig,requesting nits when no mapping exists.]
03-19 14:35:12.389 1549 1967 E DisplayDeviceConfig: requesting nits when no mapping exists.
03-19 14:35:12.390 1549 1668 I am_wtf : [0,1549,system_server,-1,DisplayDeviceConfig,requesting nits when no mapping exists.]
03-19 14:35:12.390 1549 1967 E DisplayDeviceConfig: requesting nits when no mapping exists.
03-19 14:35:12.391 1549 1668 I am_wtf : [0,1549,system_server,-1,DisplayDeviceConfig,requesting nits when no mapping exists.]
03-19 14:35:12.406 1549 1967 E DisplayDeviceConfig: requesting nits when no mapping exists.
03-19 14:35:12.407 1549 1668 I am_wtf : [0,1549,system_server,-1,DisplayDeviceConfig,requesting nits when no mapping exists.]
03-19 14:35:12.407 1549 1967 E DisplayDeviceConfig: requesting nits when no mapping exists.
03-19 14:35:12.408 1549 1668 I am_wtf : [0,1549,system_server,-1,DisplayDeviceConfig,requesting nits when no mapping exists.]
03-19 14:35:12.423 1549 1967 E DisplayDeviceConfig: requesting nits when no mapping exists.
03-19 14:35:12.424 1549 1967 E DisplayDeviceConfig: requesting nits when no mapping exists.
03-19 14:35:12.424 1549 1668 I am_wtf : [0,1549,system_server,-1,DisplayDeviceConfig,requesting nits when no mapping exists.]
03-19 14:35:12.425 1549 1668 I am_wtf : [0,1549,system_server,-1,DisplayDeviceConfig,requesting nits when no mapping exists.]
03-19 14:35:12.440 1549 1967 E DisplayDeviceConfig: requesting nits when no mapping exists.
03-19 14:35:12.440 1549 1967 E DisplayDeviceConfig: requesting nits when no mapping exists.
03-19 14:35:12.441 1549 1668 I am_wtf : [0,1549,system_server,-1,DisplayDeviceConfig,requesting nits when no mapping exists.]
03-19 14:35:12.442 1549 1668 I am_wtf : [0,1549,system_server,-1,DisplayDeviceConfig,requesting nits when no mapping exists.]
03-19 14:35:12.456 1549 1967 E DisplayDeviceConfig: requesting nits when no mapping exists.
03-19 14:35:12.457 1549 1668 I am_wtf : [0,1549,system_server,-1,DisplayDeviceConfig,requesting nits when no mapping exists.]
03-19 14:35:12.457 1549 1967 E DisplayDeviceConfig: requesting nits when no mapping exists.
03-19 14:35:12.458 1549 1668 I am_wtf : [0,1549,system_server,-1,DisplayDeviceConfig,requesting nits when no mapping exists.]
03-19 14:35:13.132 1549 1668 I am_uid_idle: 10061
01-01 09:22:55.475 0 0 E DTC_Display: screen not ready
01-01 09:22:55.803 0 0 E DTC_ETH,link_delay_work_func: 3003, SQI=0, link=0
01-01 09:22:58.732 0 0 E DTC_Display: screen not ready
03-19 14:35:18.787 1549 1684 I PowerManagerService: Napping display group (groupId=0, uid=1000)...
03-19 14:35:18.787 1549 1684 I PowerManagerService: Nap time (uid 1000)...
03-19 14:35:18.789 1549 1684 I DreamManagerService: Entering dreamland.
03-19 14:35:18.791 1549 1684 I PowerManagerService: Dreaming...
03-19 14:35:18.794 1549 1653 I DreamController: Starting dream: name=ComponentInfo{com.thundercomm.screensaver/com.thundercomm.screensaver.service.SystemDream}, isTest=false, canDoze=false, userId=0
03-19 14:35:18.794 1549 1653 I sysui_multi_action: [757,222,758,1]
03-19 14:35:18.797 1549 1653 I am_uid_active: 10050
03-19 14:35:18.801 1549 1653 D AutofillManagerService: Close system dialogs
03-19 14:35:18.814 1549 4917 I ActivityTaskManager: START u0 {flg=0x10000000 pkg=com.thundercomm.screensaver cmp=com.thundercomm.screensaver/android.service.dreams.DreamActivity (has extras)} from uid 10050
03-19 14:35:18.817 1549 4917 I wm_task_created: [123,-1]
03-19 14:35:18.817 1549 4917 W ActivityTaskManager: Can't find TaskDisplayArea to determine support for multi window. Task id=123 attached=false
03-19 14:35:18.815 871 871 I auditd : type=1400 audit(0.0:12327): avc: denied { add_name } for comm="perf@2.2-servic" name="cpu_max_freq" scontext=u:r:vendor_hal_perf_default:s0 tcontext=u:object_r:vendor_sysfs_msm_perf:s0 tclass=dir permissive=1
03-19 14:35:18.815 871 871 I auditd : type=1400 audit(0.0:12328): avc: denied { create } for comm="perf@2.2-servic" name="cpu_max_freq" scontext=u:r:vendor_hal_perf_default:s0 tcontext=u:object_r:vendor_sysfs_msm_perf:s0 tclass=file permissive=1
03-19 14:35:18.822 1549 4917 I wm_task_moved: [123,1,10]
03-19 14:35:18.822 1549 4917 I wm_task_to_front: [0,123]
03-19 14:35:18.822 1549 4917 I wm_create_task: [0,123]
03-19 14:35:18.822 1549 4917 I wm_create_activity: [0,211437300,123,com.thundercomm.screensaver/android.service.dreams.DreamActivity,NULL,NULL,NULL,276824064]
03-19 14:35:18.822 1549 4917 I wm_task_moved: [123,1,10]
03-19 14:35:18.822 21017 21017 I wm_on_top_resumed_lost_called: [17152677,com.android.settings.Settings,topStateChangedWhenResumed]
03-19 14:35:18.823 1549 4917 I wm_pause_activity: [0,17152677,com.android.settings/.Settings,userLeaving=true,pauseBackTasks]
03-19 14:35:18.825 21017 21017 I sysui_multi_action: [757,35,758,2,1089,112718]
03-19 14:35:18.826 21017 21017 I sysui_multi_action: [757,747,758,2,1089,59878]
03-19 14:35:18.826 21017 21017 I wm_on_paused_called: [17152677,com.android.settings.Settings,performPause]
03-19 14:35:18.826 1549 4216 I ActivityTaskManager: FOREGROUND_APPLICATION_CHANGED to android.service.dreams.DreamActivity
03-19 14:35:18.827 1549 4216 I ActivityTaskManager: The Process com.thundercomm.screensaver Already Exists in BG. So sending its PID: 4239
03-19 14:35:18.827 1549 4216 W ActivityTaskManager: Tried to set launchTime (0) < mLastActivityLaunchTime (4856536)
03-19 14:35:18.827 1549 4216 I wm_add_to_stopping: [0,17152677,com.android.settings/.Settings,makeInvisible]
03-19 14:35:18.827 1549 4216 I wm_restart_activity: [0,211437300,123,com.thundercomm.screensaver/android.service.dreams.DreamActivity]
03-19 14:35:18.828 1549 4216 I wm_set_resumed_activity: [0,com.thundercomm.screensaver/android.service.dreams.DreamActivity,minimalResumeActivityLocked]
03-19 14:35:18.831 1549 1656 I sysui_multi_action: [757,803,799,window_time_0,802,120]
03-19 14:35:18.832 1549 4916 I am_uid_active: 10061
03-19 14:35:18.834 4239 4239 I wm_on_create_called: [211437300,android.service.dreams.DreamActivity,performCreate]
03-19 14:35:18.834 4239 4239 I wm_on_start_called: [211437300,android.service.dreams.DreamActivity,handleStartActivity]
03-19 14:35:18.834 4239 4239 I wm_on_resume_called: [211437300,android.service.dreams.DreamActivity,RESUME_ACTIVITY]
03-19 14:35:18.836 1549 4916 W WindowManager: Failed looking up window session=Session{13b15a0 4239:u0a10050} callers=com.android.server.wm.WindowManagerService.windowForClientLocked:5628 com.android.server.wm.Session.insetsModified:629 android.view.IWindowSession$Stub.onTransact:1151
03-19 14:35:18.837 4239 4239 I wm_on_top_resumed_gained_called: [211437300,android.service.dreams.DreamActivity,topStateChangedWhenResumed]
03-19 14:35:18.844 1549 1657 I input_focus: [Focus request 78ede60 com.thundercomm.screensaver/android.service.dreams.DreamActivity,reason=UpdateInputWindows]
03-19 14:35:18.859 1549 1741 I input_focus: [Focus leaving 19973ad com.android.settings/com.android.settings.Settings (server),reason=NO_WINDOW]
03-19 14:35:18.872 1549 1653 I sysui_multi_action: [319,57,322,39,325,4977,757,761,758,8,759,2,806,com.thundercomm.screensaver,871,android.service.dreams.DreamActivity,904,com.thundercomm.screensaver,905,0,1320,4,1321,2]
03-19 14:35:18.873 1549 1653 I wm_activity_launch_time: [0,211437300,com.thundercomm.screensaver/android.service.dreams.DreamActivity,39]
03-19 14:35:18.874 1549 1684 V DisplayPowerController[0]: Brightness [0.7070707] reason changing to: 'manual', previous reason: 'manual [ dim ]'.
03-19 14:35:18.874 1549 1684 I sysui_multi_action: [757,1696,758,6,759,3]
03-19 14:35:18.871 871 871 I auditd : type=1400 audit(0.0:12329): avc: denied { add_name } for comm="perf@2.2-servic" name="clkscale_enable" scontext=u:r:vendor_hal_perf_default:s0 tcontext=u:object_r:sysfs:s0 tclass=dir permissive=1
03-19 14:35:18.871 871 871 I auditd : type=1400 audit(0.0:12330): avc: denied { create } for comm="perf@2.2-servic" name="clkscale_enable" scontext=u:r:vendor_hal_perf_default:s0 tcontext=u:object_r:sysfs:s0 tclass=file permissive=1
03-19 14:35:18.877 1549 1967 E DisplayDeviceConfig: requesting nits when no mapping exists.
03-19 14:35:18.877 1549 1967 E DisplayDeviceConfig: requesting nits when no mapping exists.
03-19 14:35:18.878 1549 1668 I am_wtf : [0,1549,system_server,-1,DisplayDeviceConfig,requesting nits when no mapping exists.]
03-19 14:35:18.878 1549 1668 I am_wtf : [0,1549,system_server,-1,DisplayDeviceConfig,requesting nits when no mapping exists.]
03-19 14:35:18.894 1549 1967 E DisplayDeviceConfig: requesting nits when no mapping exists.
03-19 14:35:18.894 1549 1967 E DisplayDeviceConfig: requesting nits when no mapping exists.
03-19 14:35:18.894 1549 1668 I am_wtf : [0,1549,system_server,-1,DisplayDeviceConfig,requesting nits when no mapping exists.]
