03-19 14:35:18.894 1549 1668 I am_wtf : [0,1549,system_server,-1,DisplayDeviceConfig,requesting nits when no mapping exists.]
03-19 14:35:18.895 1549 1741 I input_focus: [Focus entering 78ede60 com.thundercomm.screensaver/android.service.dreams.DreamActivity (server),reason=Window became focusable. Previous reason: NOT_VISIBLE]
03-19 14:35:18.910 1549 1967 E DisplayDeviceConfig: requesting nits when no mapping exists.
03-19 14:35:18.910 1549 1967 E DisplayDeviceConfig: requesting nits when no mapping exists.
03-19 14:35:18.911 1549 1668 I am_wtf : [0,1549,system_server,-1,DisplayDeviceConfig,requesting nits when no mapping exists.]
03-19 14:35:18.911 1549 1668 I am_wtf : [0,1549,system_server,-1,DisplayDeviceConfig,requesting nits when no mapping exists.]
03-19 14:35:18.927 1549 1967 E DisplayDeviceConfig: requesting nits when no mapping exists.
03-19 14:35:18.927 1549 1967 E DisplayDeviceConfig: requesting nits when no mapping exists.
03-19 14:35:18.927 1549 1668 I am_wtf : [0,1549,system_server,-1,DisplayDeviceConfig,requesting nits when no mapping exists.]
03-19 14:35:18.928 1549 1668 I am_wtf : [0,1549,system_server,-1,DisplayDeviceConfig,requesting nits when no mapping exists.]
03-19 14:35:18.929 1549 4916 W FreeFormWindowHelper: Current Display FreeFormTask is null
03-19 14:35:18.944 1549 1967 E DisplayDeviceConfig: requesting nits when no mapping exists.
03-19 14:35:18.944 1549 1967 E DisplayDeviceConfig: requesting nits when no mapping exists.
03-19 14:35:18.944 1549 1668 I am_wtf : [0,1549,system_server,-1,DisplayDeviceConfig,requesting nits when no mapping exists.]
03-19 14:35:18.944 1549 1668 I am_wtf : [0,1549,system_server,-1,DisplayDeviceConfig,requesting nits when no mapping exists.]
03-19 14:35:18.960 1549 1967 E DisplayDeviceConfig: requesting nits when no mapping exists.
03-19 14:35:18.960 1549 1967 E DisplayDeviceConfig: requesting nits when no mapping exists.
03-19 14:35:18.960 1549 1668 I am_wtf : [0,1549,system_server,-1,DisplayDeviceConfig,requesting nits when no mapping exists.]
03-19 14:35:18.961 1549 1668 I am_wtf : [0,1549,system_server,-1,DisplayDeviceConfig,requesting nits when no mapping exists.]
03-19 14:35:18.977 1549 1967 E DisplayDeviceConfig: requesting nits when no mapping exists.
03-19 14:35:18.977 1549 1967 E DisplayDeviceConfig: requesting nits when no mapping exists.
03-19 14:35:18.977 1549 1668 I am_wtf : [0,1549,system_server,-1,DisplayDeviceConfig,requesting nits when no mapping exists.]
03-19 14:35:18.978 1549 1668 I am_wtf : [0,1549,system_server,-1,DisplayDeviceConfig,requesting nits when no mapping exists.]
03-19 14:35:18.994 1549 1967 E DisplayDeviceConfig: requesting nits when no mapping exists.
03-19 14:35:18.995 1549 1967 E DisplayDeviceConfig: requesting nits when no mapping exists.
03-19 14:35:18.995 1549 1668 I am_wtf : [0,1549,system_server,-1,DisplayDeviceConfig,requesting nits when no mapping exists.]
03-19 14:35:18.995 1549 1668 I am_wtf : [0,1549,system_server,-1,DisplayDeviceConfig,requesting nits when no mapping exists.]
03-19 14:35:19.010 1549 1967 E DisplayDeviceConfig: requesting nits when no mapping exists.
03-19 14:35:19.010 1549 1967 E DisplayDeviceConfig: requesting nits when no mapping exists.
03-19 14:35:19.011 1549 1668 I am_wtf : [0,1549,system_server,-1,DisplayDeviceConfig,requesting nits when no mapping exists.]
03-19 14:35:19.011 1549 1668 I am_wtf : [0,1549,system_server,-1,DisplayDeviceConfig,requesting nits when no mapping exists.]
03-19 14:35:19.028 1549 1967 E DisplayDeviceConfig: requesting nits when no mapping exists.
03-19 14:35:19.028 1549 1967 E DisplayDeviceConfig: requesting nits when no mapping exists.
03-19 14:35:19.028 1549 1668 I am_wtf : [0,1549,system_server,-1,DisplayDeviceConfig,requesting nits when no mapping exists.]
03-19 14:35:19.028 1549 1668 I am_wtf : [0,1549,system_server,-1,DisplayDeviceConfig,requesting nits when no mapping exists.]
03-19 14:35:19.043 1549 1967 E DisplayDeviceConfig: requesting nits when no mapping exists.
03-19 14:35:19.043 1549 1668 I am_wtf : [0,1549,system_server,-1,DisplayDeviceConfig,requesting nits when no mapping exists.]
03-19 14:35:19.043 1549 1967 E DisplayDeviceConfig: requesting nits when no mapping exists.
03-19 14:35:19.044 1549 1668 I am_wtf : [0,1549,system_server,-1,DisplayDeviceConfig,requesting nits when no mapping exists.]
03-19 14:35:19.060 1549 1967 E DisplayDeviceConfig: requesting nits when no mapping exists.
03-19 14:35:19.060 1549 1967 E DisplayDeviceConfig: requesting nits when no mapping exists.
03-19 14:35:19.060 1549 1668 I am_wtf : [0,1549,system_server,-1,DisplayDeviceConfig,requesting nits when no mapping exists.]
03-19 14:35:19.061 1549 1668 I am_wtf : [0,1549,system_server,-1,DisplayDeviceConfig,requesting nits when no mapping exists.]
03-19 14:35:19.077 1549 1967 E DisplayDeviceConfig: requesting nits when no mapping exists.
03-19 14:35:19.077 1549 1967 E DisplayDeviceConfig: requesting nits when no mapping exists.
03-19 14:35:19.077 1549 1668 I am_wtf : [0,1549,system_server,-1,DisplayDeviceConfig,requesting nits when no mapping exists.]
03-19 14:35:19.078 1549 1668 I am_wtf : [0,1549,system_server,-1,DisplayDeviceConfig,requesting nits when no mapping exists.]
03-19 14:35:19.094 1549 1967 E DisplayDeviceConfig: requesting nits when no mapping exists.
03-19 14:35:19.094 1549 1967 E DisplayDeviceConfig: requesting nits when no mapping exists.
03-19 14:35:19.094 1549 1668 I am_wtf : [0,1549,system_server,-1,DisplayDeviceConfig,requesting nits when no mapping exists.]
03-19 14:35:19.094 1549 1668 I am_wtf : [0,1549,system_server,-1,DisplayDeviceConfig,requesting nits when no mapping exists.]
03-19 14:35:19.111 1549 1967 E DisplayDeviceConfig: requesting nits when no mapping exists.
03-19 14:35:19.111 1549 1967 E DisplayDeviceConfig: requesting nits when no mapping exists.
03-19 14:35:19.111 1549 1668 I am_wtf : [0,1549,system_server,-1,DisplayDeviceConfig,requesting nits when no mapping exists.]
03-19 14:35:19.111 1549 1668 I am_wtf : [0,1549,system_server,-1,DisplayDeviceConfig,requesting nits when no mapping exists.]
03-19 14:35:19.127 1549 1967 E DisplayDeviceConfig: requesting nits when no mapping exists.
03-19 14:35:19.127 1549 1967 E DisplayDeviceConfig: requesting nits when no mapping exists.
03-19 14:35:19.127 1549 1668 I am_wtf : [0,1549,system_server,-1,DisplayDeviceConfig,requesting nits when no mapping exists.]
03-19 14:35:19.128 1549 1668 I am_wtf : [0,1549,system_server,-1,DisplayDeviceConfig,requesting nits when no mapping exists.]
03-19 14:35:19.144 1549 1967 E DisplayDeviceConfig: requesting nits when no mapping exists.
03-19 14:35:19.144 1549 1967 E DisplayDeviceConfig: requesting nits when no mapping exists.
03-19 14:35:19.144 1549 1668 I am_wtf : [0,1549,system_server,-1,DisplayDeviceConfig,requesting nits when no mapping exists.]
03-19 14:35:19.144 1549 1668 I am_wtf : [0,1549,system_server,-1,DisplayDeviceConfig,requesting nits when no mapping exists.]
03-19 14:35:19.161 1549 1967 E DisplayDeviceConfig: requesting nits when no mapping exists.
03-19 14:35:19.161 1549 1967 E DisplayDeviceConfig: requesting nits when no mapping exists.
03-19 14:35:19.161 1549 1668 I am_wtf : [0,1549,system_server,-1,DisplayDeviceConfig,requesting nits when no mapping exists.]
03-19 14:35:19.161 1549 1668 I am_wtf : [0,1549,system_server,-1,DisplayDeviceConfig,requesting nits when no mapping exists.]
03-19 14:35:19.177 1549 1967 E DisplayDeviceConfig: requesting nits when no mapping exists.
03-19 14:35:19.177 1549 1967 E DisplayDeviceConfig: requesting nits when no mapping exists.
03-19 14:35:19.177 1549 1668 I am_wtf : [0,1549,system_server,-1,DisplayDeviceConfig,requesting nits when no mapping exists.]
03-19 14:35:19.178 1549 1668 I am_wtf : [0,1549,system_server,-1,DisplayDeviceConfig,requesting nits when no mapping exists.]
03-19 14:35:19.194 1549 1967 E DisplayDeviceConfig: requesting nits when no mapping exists.
03-19 14:35:19.194 1549 1967 E DisplayDeviceConfig: requesting nits when no mapping exists.
03-19 14:35:19.194 1549 1668 I am_wtf : [0,1549,system_server,-1,DisplayDeviceConfig,requesting nits when no mapping exists.]
03-19 14:35:19.194 1549 1668 I am_wtf : [0,1549,system_server,-1,DisplayDeviceConfig,requesting nits when no mapping exists.]
03-19 14:35:19.210 1549 1967 E DisplayDeviceConfig: requesting nits when no mapping exists.
03-19 14:35:19.211 1549 1967 E DisplayDeviceConfig: requesting nits when no mapping exists.
03-19 14:35:19.211 1549 1668 I am_wtf : [0,1549,system_server,-1,DisplayDeviceConfig,requesting nits when no mapping exists.]
03-19 14:35:19.211 1549 1668 I am_wtf : [0,1549,system_server,-1,DisplayDeviceConfig,requesting nits when no mapping exists.]
03-19 14:35:19.227 1549 1967 E DisplayDeviceConfig: requesting nits when no mapping exists.
03-19 14:35:19.227 1549 1668 I am_wtf : [0,1549,system_server,-1,DisplayDeviceConfig,requesting nits when no mapping exists.]
03-19 14:35:19.227 1549 1967 E DisplayDeviceConfig: requesting nits when no mapping exists.
03-19 14:35:19.228 1549 1668 I am_wtf : [0,1549,system_server,-1,DisplayDeviceConfig,requesting nits when no mapping exists.]
03-19 14:35:19.244 1549 1967 E DisplayDeviceConfig: requesting nits when no mapping exists.
03-19 14:35:19.244 1549 1967 E DisplayDeviceConfig: requesting nits when no mapping exists.
03-19 14:35:19.244 1549 1668 I am_wtf : [0,1549,system_server,-1,DisplayDeviceConfig,requesting nits when no mapping exists.]
03-19 14:35:19.244 1549 1668 I am_wtf : [0,1549,system_server,-1,DisplayDeviceConfig,requesting nits when no mapping exists.]
03-19 14:35:19.261 1549 1967 E DisplayDeviceConfig: requesting nits when no mapping exists.
03-19 14:35:19.261 1549 1967 E DisplayDeviceConfig: requesting nits when no mapping exists.
03-19 14:35:19.261 1549 1668 I am_wtf : [0,1549,system_server,-1,DisplayDeviceConfig,requesting nits when no mapping exists.]
03-19 14:35:19.261 1549 1668 I am_wtf : [0,1549,system_server,-1,DisplayDeviceConfig,requesting nits when no mapping exists.]
03-19 14:35:19.277 1549 1967 E DisplayDeviceConfig: requesting nits when no mapping exists.
03-19 14:35:19.278 1549 1967 E DisplayDeviceConfig: requesting nits when no mapping exists.
03-19 14:35:19.278 1549 1668 I am_wtf : [0,1549,system_server,-1,DisplayDeviceConfig,requesting nits when no mapping exists.]
03-19 14:35:19.278 1549 1668 I am_wtf : [0,1549,system_server,-1,DisplayDeviceConfig,requesting nits when no mapping exists.]
03-19 14:35:19.294 1549 1967 E DisplayDeviceConfig: requesting nits when no mapping exists.
03-19 14:35:19.294 1549 1967 E DisplayDeviceConfig: requesting nits when no mapping exists.
03-19 14:35:19.294 1549 1668 I am_wtf : [0,1549,system_server,-1,DisplayDeviceConfig,requesting nits when no mapping exists.]
03-19 14:35:19.294 1549 1668 I am_wtf : [0,1549,system_server,-1,DisplayDeviceConfig,requesting nits when no mapping exists.]
03-19 14:35:19.311 1549 1967 E DisplayDeviceConfig: requesting nits when no mapping exists.
03-19 14:35:19.311 1549 1967 E DisplayDeviceConfig: requesting nits when no mapping exists.
03-19 14:35:19.311 1549 1668 I am_wtf : [0,1549,system_server,-1,DisplayDeviceConfig,requesting nits when no mapping exists.]
03-19 14:35:19.311 1549 1668 I am_wtf : [0,1549,system_server,-1,DisplayDeviceConfig,requesting nits when no mapping exists.]
03-19 14:35:19.327 1549 1967 E DisplayDeviceConfig: requesting nits when no mapping exists.
03-19 14:35:19.327 1549 1967 E DisplayDeviceConfig: requesting nits when no mapping exists.
03-19 14:35:19.327 1549 1668 I am_wtf : [0,1549,system_server,-1,DisplayDeviceConfig,requesting nits when no mapping exists.]
03-19 14:35:19.328 1549 1668 I am_wtf : [0,1549,system_server,-1,DisplayDeviceConfig,requesting nits when no mapping exists.]
03-19 14:35:19.344 1549 1967 E DisplayDeviceConfig: requesting nits when no mapping exists.
03-19 14:35:19.344 1549 1967 E DisplayDeviceConfig: requesting nits when no mapping exists.
03-19 14:35:19.344 1549 1668 I am_wtf : [0,1549,system_server,-1,DisplayDeviceConfig,requesting nits when no mapping exists.]
03-19 14:35:19.344 1549 1668 I am_wtf : [0,1549,system_server,-1,DisplayDeviceConfig,requesting nits when no mapping exists.]
03-19 14:35:19.355 0 0 I auditd : type=1400 audit(0.0:12331): avc: denied { kill } for comm="swapper/2" capability=5 scontext=u:r:kernel:s0 tcontext=u:r:kernel:s0 tclass=capability permissive=1
03-19 14:35:19.361 1549 1967 E DisplayDeviceConfig: requesting nits when no mapping exists.
03-19 14:35:19.361 1549 1967 E DisplayDeviceConfig: requesting nits when no mapping exists.
03-19 14:35:19.361 1549 1668 I am_wtf : [0,1549,system_server,-1,DisplayDeviceConfig,requesting nits when no mapping exists.]
03-19 14:35:19.362 1549 1668 I am_wtf : [0,1549,system_server,-1,DisplayDeviceConfig,requesting nits when no mapping exists.]
03-19 14:35:19.363 1549 1656 I wm_stop_activity: [0,17152677,com.android.settings/.Settings]
03-19 14:35:19.378 1549 1967 E DisplayDeviceConfig: requesting nits when no mapping exists.
03-19 14:35:19.378 1549 1967 E DisplayDeviceConfig: requesting nits when no mapping exists.
03-19 14:35:19.378 1549 1668 I am_wtf : [0,1549,system_server,-1,DisplayDeviceConfig,requesting nits when no mapping exists.]
03-19 14:35:19.378 1549 1668 I am_wtf : [0,1549,system_server,-1,DisplayDeviceConfig,requesting nits when no mapping exists.]
03-19 14:35:19.393 21017 21017 I wm_on_stop_called: [17152677,com.android.settings.Settings,STOP_ACTIVITY_ITEM]
03-19 14:35:19.394 1549 1967 E DisplayDeviceConfig: requesting nits when no mapping exists.
03-19 14:35:19.394 1549 1967 E DisplayDeviceConfig: requesting nits when no mapping exists.
03-19 14:35:19.395 1549 1668 I am_wtf : [0,1549,system_server,-1,DisplayDeviceConfig,requesting nits when no mapping exists.]
03-19 14:35:19.395 1549 1668 I am_wtf : [0,1549,system_server,-1,DisplayDeviceConfig,requesting nits when no mapping exists.]
03-19 14:35:19.411 1549 1967 E DisplayDeviceConfig: requesting nits when no mapping exists.
03-19 14:35:19.411 1549 1967 E DisplayDeviceConfig: requesting nits when no mapping exists.
03-19 14:35:19.411 1549 1668 I am_wtf : [0,1549,system_server,-1,DisplayDeviceConfig,requesting nits when no mapping exists.]
03-19 14:35:19.412 1549 1668 I am_wtf : [0,1549,system_server,-1,DisplayDeviceConfig,requesting nits when no mapping exists.]
03-19 14:35:19.428 1549 1967 E DisplayDeviceConfig: requesting nits when no mapping exists.
03-19 14:35:19.428 1549 1967 E DisplayDeviceConfig: requesting nits when no mapping exists.
03-19 14:35:19.428 1549 1668 I am_wtf : [0,1549,system_server,-1,DisplayDeviceConfig,requesting nits when no mapping exists.]
03-19 14:35:19.428 1549 1668 I am_wtf : [0,1549,system_server,-1,DisplayDeviceConfig,requesting nits when no mapping exists.]
03-19 14:35:19.428 1549 1668 I service_manager_stats: [100,30,7187]
03-19 14:35:19.445 1549 1967 E DisplayDeviceConfig: requesting nits when no mapping exists.
03-19 14:35:19.445 1549 1967 E DisplayDeviceConfig: requesting nits when no mapping exists.
03-19 14:35:19.445 1549 1668 I am_wtf : [0,1549,system_server,-1,DisplayDeviceConfig,requesting nits when no mapping exists.]
03-19 14:35:19.445 1549 1668 I am_wtf : [0,1549,system_server,-1,DisplayDeviceConfig,requesting nits when no mapping exists.]
03-19 14:35:19.461 1549 1967 E DisplayDeviceConfig: requesting nits when no mapping exists.
03-19 14:35:19.462 1549 1967 E DisplayDeviceConfig: requesting nits when no mapping exists.
03-19 14:35:19.462 1549 1668 I am_wtf : [0,1549,system_server,-1,DisplayDeviceConfig,requesting nits when no mapping exists.]
03-19 14:35:19.462 1549 1668 I am_wtf : [0,1549,system_server,-1,DisplayDeviceConfig,requesting nits when no mapping exists.]
03-19 14:35:19.478 1549 1967 E DisplayDeviceConfig: requesting nits when no mapping exists.
03-19 14:35:19.478 1549 1967 E DisplayDeviceConfig: requesting nits when no mapping exists.
03-19 14:35:19.478 1549 1668 I am_wtf : [0,1549,system_server,-1,DisplayDeviceConfig,requesting nits when no mapping exists.]
03-19 14:35:19.478 1549 1668 I am_wtf : [0,1549,system_server,-1,DisplayDeviceConfig,requesting nits when no mapping exists.]
03-19 14:35:19.494 1549 1967 E DisplayDeviceConfig: requesting nits when no mapping exists.
03-19 14:35:19.494 1549 1967 E DisplayDeviceConfig: requesting nits when no mapping exists.
03-19 14:35:19.494 1549 1668 I am_wtf : [0,1549,system_server,-1,DisplayDeviceConfig,requesting nits when no mapping exists.]
03-19 14:35:19.495 1549 1668 I am_wtf : [0,1549,system_server,-1,DisplayDeviceConfig,requesting nits when no mapping exists.]
03-19 14:35:19.511 1549 1967 E DisplayDeviceConfig: requesting nits when no mapping exists.
03-19 14:35:19.511 1549 1967 E DisplayDeviceConfig: requesting nits when no mapping exists.
03-19 14:35:19.511 1549 1668 I am_wtf : [0,1549,system_server,-1,DisplayDeviceConfig,requesting nits when no mapping exists.]
03-19 14:35:19.511 1549 1668 I am_wtf : [0,1549,system_server,-1,DisplayDeviceConfig,requesting nits when no mapping exists.]
03-19 14:35:19.528 1549 1967 E DisplayDeviceConfig: requesting nits when no mapping exists.
03-19 14:35:19.528 1549 1967 E DisplayDeviceConfig: requesting nits when no mapping exists.
03-19 14:35:19.528 1549 1668 I am_wtf : [0,1549,system_server,-1,DisplayDeviceConfig,requesting nits when no mapping exists.]
03-19 14:35:19.528 1549 1668 I am_wtf : [0,1549,system_server,-1,DisplayDeviceConfig,requesting nits when no mapping exists.]
03-19 14:35:19.544 1549 1967 E DisplayDeviceConfig: requesting nits when no mapping exists.
03-19 14:35:19.544 1549 1967 E DisplayDeviceConfig: requesting nits when no mapping exists.
03-19 14:35:19.544 1549 1668 I am_wtf : [0,1549,system_server,-1,DisplayDeviceConfig,requesting nits when no mapping exists.]
03-19 14:35:19.545 1549 1668 I am_wtf : [0,1549,system_server,-1,DisplayDeviceConfig,requesting nits when no mapping exists.]
01-01 09:23:00.923 0 0 E DTC_ETH,link_delay_work_func: 3003, SQI=0, link=0
03-19 14:35:20.827 871 871 I auditd : type=1400 audit(0.0:12332): avc: denied { add_name } for comm="perf@2.2-servic" name="force_rail_on" scontext=u:r:vendor_hal_perf_default:s0 tcontext=u:object_r:vendor_sysfs_kgsl:s0 tclass=dir permissive=1
03-19 14:35:20.827 871 871 I auditd : type=1400 audit(0.0:12333): avc: denied { create } for comm="perf@2.2-servic" name="force_rail_on" scontext=u:r:vendor_hal_perf_default:s0 tcontext=u:object_r:vendor_sysfs_kgsl:s0 tclass=file permissive=1
03-19 14:35:20.827 871 871 I auditd : type=1400 audit(0.0:12334): avc: denied { add_name } for comm="perf@2.2-servic" name="min_freq" scontext=u:r:vendor_hal_perf_default:s0 tcontext=u:object_r:vendor_sysfs_devfreq:s0 tclass=dir permissive=1
03-19 14:35:20.827 871 871 I auditd : type=1400 audit(0.0:12335): avc: denied { create } for comm="perf@2.2-servic" name="min_freq" scontext=u:r:vendor_hal_perf_default:s0 tcontext=u:object_r:vendor_sysfs_devfreq:s0 tclass=file permissive=1
01-01 09:23:03.347 0 0 E DTC_Display: screen not ready
03-19 14:35:24.763 1549 1549 I notification_enqueue: [10094,12961,com.tencent.android.qqdownloader,127,NULL,0,Notification(channel=channel_id_default_silent shortcut=null contentView=com.tencent.android.qqdownloader/0x7f0a01c2 vibrate=null sound=null defaults=0x0 flags=0x2a0 color=0x00000000 groupKey=com.tencent.android.qqdownloader vis=PRIVATE),1]
03-19 14:35:24.966 1549 1549 I GameModeConfig: isGameModeOn = true
03-19 14:35:24.966 1549 1549 I GameModeConfig: isGaming = false
01-01 09:23:06.043 0 0 E DTC_ETH,link_delay_work_func: 3003, SQI=0, link=0
01-01 09:23:06.811 0 0 E DTC_Display: screen not ready
03-19 14:35:28.993 1549 1741 I input_interaction: Interaction with: 78ede60 com.thundercomm.screensaver/android.service.dreams.DreamActivity (server), swipe-up (server), edge-swipe (server), PointerEventDispatcher0 (server),
03-19 14:35:28.995 1549 2215 I wm_finish_activity: [0,211437300,123,com.thundercomm.screensaver/android.service.dreams.DreamActivity,finish-activity]
03-19 14:35:28.995 1549 2215 I wm_task_moved: [118,1,9]
03-19 14:35:28.995 1549 2215 I wm_task_to_front: [0,118]
03-19 14:35:28.996 1549 2215 I wm_focused_root_task: [0,0,118,123,finish-top adjustFocusToNextFocusableTask]
03-19 14:35:28.997 1549 2215 I wm_pause_activity: [0,211437300,com.thundercomm.screensaver/android.service.dreams.DreamActivity,userLeaving=false,finish]
03-19 14:35:29.004 1549 2215 I DreamManagerService: Gently waking up from dream.
03-19 14:35:29.006 1549 1656 I sysui_multi_action: [757,803,799,window_time_0,802,10]
03-19 14:35:29.006 1549 1653 I DreamManagerService: Performing gentle wake from dream.
03-19 14:35:29.006 4239 4239 I wm_on_top_resumed_lost_called: [211437300,android.service.dreams.DreamActivity,topStateChangedWhenResumed]
03-19 14:35:29.006 4239 4239 I wm_on_paused_called: [211437300,android.service.dreams.DreamActivity,performPause]
03-19 14:35:29.007 1549 2215 I wm_add_to_stopping: [0,211437300,com.thundercomm.screensaver/android.service.dreams.DreamActivity,completeFinishing]
03-19 14:35:29.008 1549 2215 I ActivityTaskManager: FOREGROUND_APPLICATION_CHANGED to com.android.settings.homepage.SettingsHomepageActivity
03-19 14:35:29.010 1549 2215 I wm_set_resumed_activity: [0,com.android.settings/.Settings,resumeTopActivityInnerLocked]
03-19 14:35:29.012 1549 2215 I wm_resume_activity: [0,17152677,118,com.android.settings/.Settings]
03-19 14:35:29.012 21017 21017 I wm_on_restart_called: [17152677,com.android.settings.Settings,performRestartActivity]
03-19 14:35:29.018 1549 1656 I sysui_multi_action: [757,803,799,window_time_0,802,0]
03-19 14:35:29.020 21017 21017 E ActivityThread: Failed to find provider info for com.google.android.gms.nearby.fastpair
03-19 14:35:29.020 21017 23130 E ActivityThread: Failed to find provider info for com.google.android.gms.nearby.fastpair
03-19 14:35:29.022 4239 4239 I view_enqueue_input_event: [Motion - Cancel,com.thundercomm.screensaver/android.service.dreams.DreamActivity]
03-19 14:35:29.022 1549 1741 I input_focus: [Focus leaving 78ede60 com.thundercomm.screensaver/android.service.dreams.DreamActivity (server),reason=NO_WINDOW]
03-19 14:35:29.042 1549 1676 W BatteryExternalStatsWorker: error reading modem stats:ERROR_PHONE_NOT_AVAILABLE
03-19 14:35:29.051 21017 21017 I wm_on_start_called: [17152677,com.android.settings.Settings,handleStartActivity]
03-19 14:35:29.052 21017 21017 I snet_event_log: [120484087,-1,]
03-19 14:35:29.052 21017 21017 I wm_on_resume_called: [17152677,com.android.settings.Settings,RESUME_ACTIVITY]
03-19 14:35:29.052 21017 21017 I sysui_multi_action: [757,35,758,1,833,0,1089,0]
03-19 14:35:29.053 21017 21017 I sysui_multi_action: [757,747,758,1,833,0,1089,0]
03-19 14:35:29.055 21017 21017 I wm_on_top_resumed_gained_called: [17152677,com.android.settings.Settings,topWhenResuming]
03-19 14:35:29.062 1549 1676 E KernelCpuSpeedReader: Failed to read cpu-freq: /sys/devices/system/cpu/cpu4/cpufreq/stats/time_in_state: open failed: ENOENT (No such file or directory)
03-19 14:35:29.062 1549 1676 E KernelCpuSpeedReader: Failed to read cpu-freq: /sys/devices/system/cpu/cpu0/cpufreq/stats/time_in_state: open failed: ENOENT (No such file or directory)
03-19 14:35:29.059 576 576 I auditd : type=1400 audit(0.0:12336): avc: denied { read } for comm="Binder:576_1" name="wakeup58" dev="sysfs" ino=71846 scontext=u:r:system_suspend:s0 tcontext=u:object_r:sysfs:s0 tclass=dir permissive=1
03-19 14:35:29.059 576 576 I auditd : type=1400 audit(0.0:12337): avc: denied { open } for comm="Binder:576_1" path="/sys/devices/virtual/misc/msm_g711mlaw/wakeup58" dev="sysfs" ino=71846 scontext=u:r:system_suspend:s0 tcontext=u:object_r:sysfs:s0 tclass=dir permissive=1
03-19 14:35:29.059 576 576 I auditd : type=1400 audit(0.0:12338): avc: denied { read } for comm="Binder:576_1" name="event_count" dev="sysfs" ino=71853 scontext=u:r:system_suspend:s0 tcontext=u:object_r:sysfs:s0 tclass=file permissive=1
03-19 14:35:29.059 576 576 I auditd : type=1400 audit(0.0:12339): avc: denied { open } for comm="Binder:576_1" path="/sys/devices/virtual/misc/msm_g711mlaw/wakeup58/event_count" dev="sysfs" ino=71853 scontext=u:r:system_suspend:s0 tcontext=u:object_r:sysfs:s0 tclass=file permissive=1
03-19 14:35:29.059 576 576 I auditd : type=1400 audit(0.0:12340): avc: denied { getattr } for comm="Binder:576_1" path="/sys/devices/virtual/misc/msm_g711mlaw/wakeup58/event_count" dev="sysfs" ino=71853 scontext=u:r:system_suspend:s0 tcontext=u:object_r:sysfs:s0 tclass=file permissive=1
03-19 14:35:29.077 1549 1657 I input_focus: [Focus request 19973ad com.android.settings/com.android.settings.Settings,reason=UpdateInputWindows]
03-19 14:35:29.079 1549 1684 I PowerManagerService: Powering on display group fromDreaming (groupId=0, uid=1000, reason=WAKE_REASON_UNKNOWN, details=android.server.power:DREAM_FINISHED)...
03-19 14:35:29.079 1549 1684 I PowerManagerService: Waking up from Dreaming (uid=1000, reason=WAKE_REASON_UNKNOWN, details=android.server.power:DREAM_FINISHED)...
03-19 14:35:29.103 1549 1741 I input_focus: [Focus entering 19973ad com.android.settings/com.android.settings.Settings (server),reason=setFocusedWindow]
03-19 14:35:29.122 1549 1676 W BatteryExternalStatsWorker: error reading modem stats:ERROR_PHONE_NOT_AVAILABLE
03-19 14:35:29.125 1549 1676 E KernelCpuSpeedReader: Failed to read cpu-freq: /sys/devices/system/cpu/cpu4/cpufreq/stats/time_in_state: open failed: ENOENT (No such file or directory)
03-19 14:35:29.125 1549 1676 E KernelCpuSpeedReader: Failed to read cpu-freq: /sys/devices/system/cpu/cpu0/cpufreq/stats/time_in_state: open failed: ENOENT (No such file or directory)
03-19 14:35:29.141 1549 2026 W FreeFormWindowHelper: Current Display FreeFormTask is null
01-01 09:23:09.987 0 0 E DTC_Display: screen not ready
03-19 14:35:29.605 1549 1656 I wm_destroy_activity: [0,211437300,123,com.thundercomm.screensaver/android.service.dreams.DreamActivity,finish-imm:idle]
03-19 14:35:29.629 4239 4239 I wm_on_stop_called: [211437300,android.service.dreams.DreamActivity,LIFECYCLER_STOP_ACTIVITY]
03-19 14:35:29.631 4239 4239 I wm_on_destroy_called: [211437300,android.service.dreams.DreamActivity,performDestroy]
03-19 14:35:29.631 1549 2026 I DreamManagerService: Leaving dreamland.
03-19 14:35:29.632 1549 1653 I DreamManagerService: Performing gentle wake from dream.
03-19 14:35:29.632 1549 1653 I DreamController: Stopping dream: name=ComponentInfo{com.thundercomm.screensaver/com.thundercomm.screensaver.service.SystemDream}, isTest=false, canDoze=false, userId=0, reason='finished self'(from 'finished self')
03-19 14:35:29.632 1549 1653 I sysui_multi_action: [757,222,758,2]
03-19 14:35:29.632 1549 1653 I sysui_multi_action: [757,804,799,dreaming_minutes,801,0,802,1]
03-19 14:35:29.648 1549 1858 I wm_task_removed: [123,removeChild:removeChild last r=ActivityRecord{c9a46f4 u0 com.thundercomm.screensaver/android.service.dreams.DreamActivity t-1 f}} in t=Task{42807ea #123 type=dream A=10050:android:com.thundercomm.screensaver/dream U=0 visible=false mode=fullscreen translucent=true sz=0}]
03-19 14:35:29.648 1549 1858 I wm_task_removed: [123,removeChild]
03-19 14:35:29.651 1549 1657 W ActivityTaskManager: Can't find TaskDisplayArea to determine support for multi window. Task id=123 attached=false
03-19 14:35:30.088 1549 1741 I input_interaction: Interaction with: 19973ad com.android.settings/com.android.settings.Settings (server), swipe-up (server), edge-swipe (server), PointerEventDispatcher0 (server),
03-19 14:35:30.099 1549 1858 W FreeFormWindowHelper: Current Display FreeFormTask is null
03-19 14:35:30.099 1549 4216 W FreeFormWindowHelper: Current Display FreeFormTask is null
03-19 14:35:30.100 1549 1858 W FreeFormWindowHelper: Current Display FreeFormTask is null
03-19 14:35:30.101 21017 21017 I view_enqueue_input_event: [Motion - Cancel,com.android.settings/com.android.settings.Settings]
03-19 14:35:30.102 1549 1858 W FreeFormWindowHelper: Current Display FreeFormTask is null
03-19 14:35:30.102 1549 2026 I wm_task_moved: [1,0,0]
03-19 14:35:30.102 1549 1858 W FreeFormWindowHelper: Current Display FreeFormTask is null
03-19 14:35:30.102 1549 2026 I wm_task_moved: [1,0,8]
03-19 14:35:30.104 1549 1741 I input_interaction: Interaction with: swipe-up (server), edge-swipe (server), PointerEventDispatcher0 (server),
03-19 14:35:30.118 1549 1653 D AutofillManagerService: Close system dialogs
03-19 14:35:30.120 2634 2634 I wm_on_restart_called: [249239324,com.android.launcher3.uioverrides.QuickstepLauncher,performRestartActivity]
03-19 14:35:30.121 1549 2026 W FreeFormWindowHelper: Current Display FreeFormTask is null
03-19 14:35:30.121 1549 2821 W FreeFormWindowHelper: Current Display FreeFormTask is null
03-19 14:35:30.125 1549 2026 W ActivityTaskManager: getTaskSnapshot: taskId=-634 not found
03-19 14:35:30.126 1549 2821 W ActivityTaskManager: getTaskSnapshot: taskId=-634 not found
03-19 14:35:30.126 1549 2821 W ActivityTaskManager: getTaskSnapshot: taskId=-633 not found
03-19 14:35:30.127 1549 2821 W ActivityTaskManager: getTaskSnapshot: taskId=-633 not found
03-19 14:35:30.128 1549 2821 W ActivityTaskManager: getTaskSnapshot: taskId=-633 not found
03-19 14:35:30.130 1549 2821 W ActivityTaskManager: getTaskSnapshot: taskId=-634 not found
03-19 14:35:30.130 1549 2821 W ActivityTaskManager: getTaskSnapshot: taskId=-634 not found
03-19 14:35:30.130 1549 2821 W ActivityTaskManager: getTaskSnapshot: taskId=-633 not found
03-19 14:35:30.131 1549 2821 W ActivityTaskManager: getTaskSnapshot: taskId=-633 not found
03-19 14:35:30.131 1549 2821 W ActivityTaskManager: getTaskSnapshot: taskId=-633 not found
03-19 14:35:30.131 2634 2634 I wm_on_start_called: [249239324,com.android.launcher3.uioverrides.QuickstepLauncher,handleStartActivity]
03-19 14:35:30.131 1549 2821 W FreeFormWindowHelper: Current Display FreeFormTask is null
03-19 14:35:30.132 1549 2026 W FreeFormWindowHelper: Current Display FreeFormTask is null
03-19 14:35:30.133 1549 2821 W ActivityTaskManager: getTaskSnapshot: taskId=-604 not found
03-19 14:35:30.133 1549 1657 I input_focus: [Focus request recents_animation_input_consumer,reason=UpdateInputWindows]
03-19 14:35:30.135 1549 2026 W ActivityTaskManager: getTaskSnapshot: taskId=-604 not found
03-19 14:35:30.135 1549 2026 W ActivityTaskManager: getTaskSnapshot: taskId=-604 not found
03-19 14:35:30.135 1549 2026 W ActivityTaskManager: getTaskSnapshot: taskId=-604 not found
03-19 14:35:30.135 1549 2026 W ActivityTaskManager: getTaskSnapshot: taskId=-604 not found
03-19 14:35:30.143 1549 2026 W FreeFormWindowHelper: Current Display FreeFormTask is null
03-19 14:35:30.144 1549 2026 W FreeFormWindowHelper: Current Display FreeFormTask is null
03-19 14:35:30.144 2634 2634 I sysui_latency: [1,722375]
03-19 14:35:30.145 2634 2634 I sysui_latency: [1,58]
03-19 14:35:30.156 1549 2821 W FreeFormWindowHelper: exitRecentTasks type=0
03-19 14:35:30.156 1549 1741 I input_focus: [Focus leaving 19973ad com.android.settings/com.android.settings.Settings (server),reason=NOT_FOCUSABLE]
03-19 14:35:30.156 1549 1741 I input_focus: [Focus entering recents_animation_input_consumer (server),reason=setFocusedWindow]
03-19 14:35:30.160 1549 1858 I WindowManager: finishDrawing of relaunch: Window{d92d39a u0 com.android.launcher3/com.android.launcher3.uioverrides.QuickstepLauncher} 124107ms
03-19 14:35:30.162 1549 2821 W FreeFormWindowHelper: Current Display FreeFormTask is null
03-19 14:35:30.162 1549 2821 W FreeFormWindowHelper: Current Display FreeFormTask is null
03-19 14:35:30.168 1549 1653 I sysui_multi_action: [319,11,322,60,325,4988,757,761,758,9,759,5,806,com.android.launcher3,871,com.android.launcher3.uioverrides.QuickstepLauncher,905,0,1320,4,1321,1]
01-01 09:23:11.163 0 0 E DTC_ETH,link_delay_work_func: 3003, SQI=0, link=0
03-19 14:35:30.364 1549 1725 I commit_sys_config_file: [settings-1-0,5]
03-19 14:35:30.464 1549 1667 I sysui_latency: [8,70]
03-19 14:35:30.789 1549 2821 W FreeFormWindowHelper: Current Display FreeFormTask is null
03-19 14:35:30.790 1549 2821 W FreeFormWindowHelper: Current Display FreeFormTask is null
03-19 14:35:30.800 1549 2026 I wm_task_moved: [1,1,9]
03-19 14:35:30.800 1549 2026 I wm_task_moved: [37,1,2147483647]
03-19 14:35:30.800 1549 2026 I wm_task_to_front: [0,37]
03-19 14:35:30.800 1549 2026 I wm_focused_root_task: [0,0,1,118,RecentsAnimation.onAnimationFinished()]
03-19 14:35:30.801 1549 2026 I wm_set_resumed_activity: [0,com.android.launcher3/.uioverrides.QuickstepLauncher,RecentsAnimation.onAnimationFinished()]
03-19 14:35:30.802 1549 2026 I wm_pause_activity: [0,17152677,com.android.settings/.Settings,userLeaving=true,pauseBackTasks]
03-19 14:35:30.802 1549 2026 I wm_add_to_stopping: [0,17152677,com.android.settings/.Settings,makeInvisible]
03-19 14:35:30.803 1549 2026 I ActivityTaskManager: FOREGROUND_APPLICATION_CHANGED to com.android.launcher3.uioverrides.QuickstepLauncher
03-19 14:35:30.803 1549 2026 I wm_set_resumed_activity: [0,com.android.launcher3/.uioverrides.QuickstepLauncher,resumeTopActivityInnerLocked]
03-19 14:35:30.805 1549 2026 I wm_resume_activity: [0,249239324,37,com.android.launcher3/.uioverrides.QuickstepLauncher]
03-19 14:35:30.805 2634 2634 I wm_on_resume_called: [249239324,com.android.launcher3.uioverrides.QuickstepLauncher,RESUME_ACTIVITY]
03-19 14:35:30.808 21017 21017 I wm_on_top_resumed_lost_called: [17152677,com.android.settings.Settings,topStateChangedWhenResumed]
03-19 14:35:30.810 1549 1657 I input_focus: [Focus request d92d39a com.android.launcher3/com.android.launcher3.uioverrides.QuickstepLauncher,reason=UpdateInputWindows]
03-19 14:35:30.816 21017 21017 I sysui_multi_action: [757,35,758,2,1089,1763]
03-19 14:35:30.816 21017 21017 I sysui_multi_action: [757,747,758,2,1089,1763]
03-19 14:35:30.817 21017 21017 I wm_on_paused_called: [17152677,com.android.settings.Settings,performPause]
03-19 14:35:30.817 1549 1656 I wm_stop_activity: [0,17152677,com.android.settings/.Settings]
03-19 14:35:30.818 1549 1656 I sysui_multi_action: [757,803,799,window_time_0,802,2]
03-19 14:35:30.820 1549 1656 I sysui_multi_action: [757,803,799,window_time_0,802,0]
03-19 14:35:30.824 1549 1741 I input_focus: [Focus leaving recents_animation_input_consumer (server),reason=NOT_VISIBLE]
03-19 14:35:30.827 1549 1741 I input_focus: [Focus entering d92d39a com.android.launcher3/com.android.launcher3.uioverrides.QuickstepLauncher (server),reason=setFocusedWindow]
03-19 14:35:30.840 2634 2634 I wm_on_top_resumed_gained_called: [249239324,com.android.launcher3.uioverrides.QuickstepLauncher,topStateChangedWhenResumed]
03-19 14:35:30.852 21017 21017 I wm_on_stop_called: [17152677,com.android.settings.Settings,STOP_ACTIVITY_ITEM]
03-19 14:35:30.917 1549 1858 W FreeFormWindowHelper: Current Display FreeFormTask is null
03-19 14:35:31.271 1549 1741 I input_interaction: Interaction with: d92d39a com.android.launcher3/com.android.launcher3.uioverrides.QuickstepLauncher (server), 274a106 com.android.systemui.ImageWallpaper (server), swipe-up (server), edge-swipe (server), PointerEventDispatcher0 (server),
03-19 14:35:31.267 871 871 I auditd : type=1400 audit(0.0:12341): avc: denied { add_name } for comm="perf@2.2-servic" name="min_freq" scontext=u:r:vendor_hal_perf_default:s0 tcontext=u:object_r:vendor_sysfs_devfreq:s0 tclass=dir permissive=1
03-19 14:35:31.267 871 871 I auditd : type=1400 audit(0.0:12342): avc: denied { create } for comm="perf@2.2-servic" name="min_freq" scontext=u:r:vendor_hal_perf_default:s0 tcontext=u:object_r:vendor_sysfs_devfreq:s0 tclass=file permissive=1
03-19 14:35:31.271 871 871 I auditd : type=1400 audit(0.0:12343): avc: denied { add_name } for comm="perf@2.2-servic" name="cpu_min_freq" scontext=u:r:vendor_hal_perf_default:s0 tcontext=u:object_r:vendor_sysfs_msm_perf:s0 tclass=dir permissive=1
03-19 14:35:31.271 871 871 I auditd : type=1400 audit(0.0:12344): avc: denied { create } for comm="perf@2.2-servic" name="cpu_min_freq" scontext=u:r:vendor_hal_perf_default:s0 tcontext=u:object_r:vendor_sysfs_msm_perf:s0 tclass=file permissive=1
03-19 14:35:32.334 1549 2026 I thunderperf: PlatormCompat.setOverrides: Uid1=10071 Pid1=2634 Uid2=10071 Pid2=2634
03-19 14:35:32.334 1549 2026 I thunderperf: PlatormCompat.setOverrides: needCheck:false
03-19 14:35:32.334 1549 2026 I thunderperf: CompatConfig.addOverrideUnsafe: bef-state=0
03-19 14:35:32.334 1549 2026 I thunderperf: CompatConfig.addOverrideUnsafe: aft-state=0
03-19 14:35:32.335 1549 2026 I thunderperf: CompatConfig.addOverrideUnsafe: bef-state=0
03-19 14:35:32.335 1549 2026 I thunderperf: CompatConfig.addOverrideUnsafe: aft-state=0
03-19 14:35:32.335 1549 2026 I thunderperf: CompatConfig.addOverrideUnsafe: bef-state=0
03-19 14:35:32.336 1549 2026 I thunderperf: CompatConfig.addOverrideUnsafe: aft-state=0
03-19 14:35:32.336 1549 2026 I thunderperf: CompatConfig.addOverrideUnsafe: bef-state=0
03-19 14:35:32.336 1549 2026 I thunderperf: CompatConfig.addOverrideUnsafe: aft-state=0
03-19 14:35:32.336 1549 2026 I thunderperf: CompatConfig.addOverrideUnsafe: bef-state=0
03-19 14:35:32.336 1549 2026 I thunderperf: CompatConfig.addOverrideUnsafe: aft-state=0
03-19 14:35:32.337 1549 2026 I thunderperf: CompatConfig.addOverrideUnsafe: bef-state=0
03-19 14:35:32.337 1549 2026 I thunderperf: CompatConfig.addOverrideUnsafe: aft-state=0
03-19 14:35:32.337 1549 2026 I thunderperf: CompatConfig.addOverrideUnsafe: bef-state=0
03-19 14:35:32.337 1549 2026 I thunderperf: CompatConfig.addOverrideUnsafe: aft-state=0
03-19 14:35:32.337 1549 2026 I thunderperf: CompatConfig.addOverrideUnsafe: bef-state=0
03-19 14:35:32.338 1549 2026 I thunderperf: CompatConfig.addOverrideUnsafe: aft-state=0
03-19 14:35:32.338 1549 2026 I thunderperf: CompatConfig.addOverrideUnsafe: bef-state=0
03-19 14:35:32.338 1549 2026 I thunderperf: CompatConfig.addOverrideUnsafe: aft-state=0
03-19 14:35:32.338 1549 2026 I thunderperf: CompatConfig.addOverrideUnsafe: bef-state=0
03-19 14:35:32.338 1549 2026 I thunderperf: CompatConfig.addOverrideUnsafe: aft-state=0
03-19 14:35:32.339 1549 2026 I thunderperf: CompatConfig.addOverrideUnsafe: bef-state=0
03-19 14:35:32.339 1549 2026 I thunderperf: CompatConfig.addOverrideUnsafe: aft-state=0
03-19 14:35:32.339 1549 2026 I thunderperf: CompatConfig.addOverrideUnsafe: bef-state=0
03-19 14:35:32.339 1549 2026 I thunderperf: CompatConfig.addOverrideUnsafe: aft-state=0
03-19 14:35:32.340 1549 2026 I thunderperf: CompatConfig.addOverrideUnsafe: bef-state=0
03-19 14:35:32.340 1549 2026 I thunderperf: CompatConfig.addOverrideUnsafe: aft-state=0
03-19 14:35:32.340 1549 2026 I thunderperf: CompatConfig.addOverrideUnsafe: bef-state=0
03-19 14:35:32.340 1549 2026 I thunderperf: CompatConfig.addOverrideUnsafe: aft-state=0
03-19 14:35:32.348 1549 2026 I ActivityTaskManager: START u0 {act=android.intent.action.MAIN cat=[android.intent.category.LAUNCHER] flg=0x10200000 cmp=com.android.music/.VideoBrowserActivity} from uid 10071
03-19 14:35:32.355 1549 2026 I wm_task_created: [124,-1]
03-19 14:35:32.355 1549 2026 W ActivityTaskManager: Can't find TaskDisplayArea to determine support for multi window. Task id=124 attached=false
03-19 14:35:32.356 1549 2026 D FreeFormWindowHelper: Add freeform task=Task{ae38991 #124 type=standard ?? U=0 visible=false mode=freeform translucent=true sz=0}
03-19 14:35:32.357 1549 2026 D CompatibilityChangeReporter: Compat change id reported: 174042980; UID 10085; state: DISABLED
03-19 14:35:32.357 1549 2026 D CompatibilityChangeReporter: Compat change id reported: 184838306; UID 10085; state: DISABLED
03-19 14:35:32.358 1549 2026 D CompatibilityChangeReporter: Compat change id reported: 185004937; UID 10085; state: DISABLED
03-19 14:35:32.358 1549 2026 D CompatibilityChangeReporter: Compat change id reported: 181136395; UID 10085; state: DISABLED
03-19 14:35:32.358 1549 2026 D CompatibilityChangeReporter: Compat change id reported: 174042936; UID 10085; state: DISABLED
03-19 14:35:32.359 1549 2026 I wm_task_moved: [124,1,10]
03-19 14:35:32.359 1549 2026 I wm_task_to_front: [0,124]
03-19 14:35:32.359 1549 2026 I wm_create_task: [0,124]
03-19 14:35:32.359 1549 2026 I wm_create_activity: [0,233959670,124,com.android.music/.VideoBrowserActivity,android.intent.action.MAIN,NULL,NULL,270532608]
03-19 14:35:32.359 1549 2026 I wm_task_moved: [124,1,10]
03-19 14:35:32.359 1549 2026 D CompatibilityChangeReporter: Compat change id reported: 168419799; UID 10085; state: DISABLED
03-19 14:35:32.360 1549 2026 I ActivityTaskManager: FOREGROUND_APPLICATION_CHANGED to com.android.music.VideoBrowserActivity
03-19 14:35:32.360 1549 2026 I ActivityTaskManager: The Process com.android.music Already Exists in BG. So sending its PID: 21041
03-19 14:35:32.360 1549 2026 I wm_restart_activity: [0,233959670,124,com.android.music/.VideoBrowserActivity]
03-19 14:35:32.361 1549 2026 I wm_set_resumed_activity: [0,com.android.music/.VideoBrowserActivity,minimalResumeActivityLocked]
03-19 14:35:32.362 1549 1656 I am_uid_active: 10085
03-19 14:35:32.363 2634 2634 I wm_on_top_resumed_lost_called: [249239324,com.android.launcher3.uioverrides.QuickstepLauncher,topStateChangedWhenResumed]
03-19 14:35:32.391 1549 10196 D CompatibilityChangeReporter: Compat change id reported: 149924527; UID 10085; state: ENABLED
03-19 14:35:32.391 1549 4687 D CompatibilityChangeReporter: Compat change id reported: 132649864; UID 10085; state: DISABLED
03-19 14:35:32.391 1549 4687 D CompatibilityChangeReporter: Compat change id reported: 182734110; UID 10085; state: ENABLED
03-19 14:35:32.393 21041 21041 I wm_on_create_called: [233959670,com.android.music.VideoBrowserActivity,performCreate]
03-19 14:35:32.394 21041 21041 I wm_on_start_called: [233959670,com.android.music.VideoBrowserActivity,handleStartActivity]
03-19 14:35:32.394 21041 21041 I wm_on_resume_called: [233959670,com.android.music.VideoBrowserActivity,RESUME_ACTIVITY]
03-19 14:35:32.397 21041 21041 I wm_on_top_resumed_gained_called: [233959670,com.android.music.VideoBrowserActivity,topStateChangedWhenResumed]
03-19 14:35:32.402 1549 4687 W WindowManager: updateScale : 0.8
03-19 14:35:32.404 1549 1657 I input_focus: [Focus request 2b6befc com.android.music/com.android.music.VideoBrowserActivity,reason=UpdateInputWindows]
01-01 09:23:13.255 0 0 I binder : 21041:23157 ioctl 40046210 71aad231f4 returned -22
03-19 14:35:32.427 1549 1741 I input_focus: [Focus leaving d92d39a com.android.launcher3/com.android.launcher3.uioverrides.QuickstepLauncher (server),reason=Waiting for window because NOT_VISIBLE]
01-01 09:23:13.263 0 0 E DTC_Display: screen not ready
03-19 14:35:32.428 1549 1657 W WindowManager: updateScale : 0.8
03-19 14:35:32.430 1549 1657 W WindowManager: updateScale : 0.8
03-19 14:35:32.431 1549 1657 W WindowManager: updateScale : 0.8
03-19 14:35:32.431 1549 1653 I sysui_multi_action: [319,82,322,81,325,4990,757,761,758,8,759,2,806,com.android.music,871,com.android.music.VideoBrowserActivity,904,com.android.launcher3,905,0,1320,4,1321,1]
03-19 14:35:32.431 1549 1653 I wm_activity_launch_time: [0,233959670,com.android.music/.VideoBrowserActivity,81]
03-19 14:35:32.444 1549 1741 I input_focus: [Focus entering 2b6befc com.android.music/com.android.music.VideoBrowserActivity (server),reason=Window became focusable. Previous reason: NOT_VISIBLE]
03-19 14:35:32.711 1549 1657 W WindowManager: updateScale : 0.8
03-19 14:35:33.355 0 0 I auditd : type=1400 audit(0.0:12345): avc: denied { kill } for comm="swapper/7" capability=5 scontext=u:r:kernel:s0 tcontext=u:r:kernel:s0 tclass=capability permissive=1
03-19 14:35:34.098 1549 2118 I ntp_failure: [time.android.com/216.239.35.4,java.net.SocketTimeoutException: Poll timed out]
01-01 09:23:16.284 0 0 E DTC_ETH,link_delay_work_func: 3003, SQI=0, link=0
01-01 09:23:16.835 0 0 E DTC_Display: screen not ready
01-01 09:23:17.693 0 0 I msm_vidc: err : ffffffff: .....: DBLP Set: status 0
01-01 09:23:19.208 0 0 I qcom_rpmh DRV: apps_rsc TCS Busy, retrying RPMH message send: addr=0x40d00
03-19 14:35:39.105 1549 2118 I ntp_failure: [time.android.com/216.239.35.8,java.net.SocketTimeoutException: Poll timed out]
01-01 09:23:20.315 0 0 E DTC_Display: screen not ready
01-01 09:23:21.403 0 0 E DTC_ETH,link_delay_work_func: 3003, SQI=0, link=0
01-01 09:23:23.496 0 0 E DTC_Display: screen not ready
03-19 14:35:44.115 1549 2118 I ntp_failure: [time.android.com/216.239.35.0,java.net.SocketTimeoutException: Poll timed out]
01-01 09:23:26.523 0 0 E DTC_ETH,link_delay_work_func: 3003, SQI=0, link=0
01-01 09:23:26.763 0 0 E DTC_Display: screen not ready
01-01 09:23:30.339 0 0 E DTC_Display: screen not ready
01-01 09:23:31.643 0 0 E DTC_ETH,link_delay_work_func: 3003, SQI=0, link=0
01-01 09:23:33.819 0 0 E DTC_Display: screen not ready
01-01 09:23:36.763 0 0 E DTC_ETH,link_delay_work_func: 3003, SQI=0, link=0
01-01 09:23:36.996 0 0 E DTC_Display: screen not ready
01-01 09:23:40.268 0 0 E DTC_Display: screen not ready
01-01 09:23:41.883 0 0 E DTC_ETH,link_delay_work_func: 3003, SQI=0, link=0
01-01 09:23:43.421 0 0 I msm_vidc: err : ffffffff: .....: DBLP Set: status 0
01-01 09:23:43.843 0 0 E DTC_Display: screen not ready
01-01 09:23:47.003 0 0 E DTC_ETH,link_delay_work_func: 3003, SQI=0, link=0
01-01 09:23:47.323 0 0 E DTC_Display: screen not ready
01-01 09:23:50.499 0 0 E DTC_Display: screen not ready
01-01 09:23:52.123 0 0 E DTC_ETH,link_delay_work_func: 3003, SQI=0, link=0
01-01 09:23:53.772 0 0 E DTC_Display: screen not ready
01-01 09:23:57.243 0 0 E DTC_ETH,link_delay_work_func: 3003, SQI=0, link=0
01-01 09:23:57.347 0 0 E DTC_Display: screen not ready
01-01 09:24:00.827 0 0 E DTC_Display: screen not ready
01-01 09:24:02.363 0 0 E DTC_ETH,link_delay_work_func: 3003, SQI=0, link=0
01-01 09:24:04.003 0 0 E DTC_Display: screen not ready
03-19 14:36:25.270 1549 1684 V DisplayPowerController[0]: Brightness [0.05] reason changing to: 'manual [ dim ]', previous reason: 'manual'.
03-19 14:36:25.270 1549 1684 I sysui_multi_action: [757,1696,758,6,759,2]
03-19 14:36:25.270 1549 1684 W PowerManagerService: Screen on took 56192 ms
03-19 14:36:25.285 1549 1967 E DisplayDeviceConfig: requesting nits when no mapping exists.
03-19 14:36:25.285 1549 1967 E DisplayDeviceConfig: requesting nits when no mapping exists.
03-19 14:36:25.285 1549 1668 I am_wtf : [0,1549,system_server,-1,DisplayDeviceConfig,requesting nits when no mapping exists.]
03-19 14:36:25.287 1549 1668 I DropBoxManagerService: add tag=system_server_wtf isTagEnabled=true flags=0x2
03-19 14:36:25.289 1549 1668 I am_wtf : [0,1549,system_server,-1,DisplayDeviceConfig,requesting nits when no mapping exists.]
03-19 14:36:25.290 1549 1668 I DropBoxManagerService: add tag=system_server_wtf isTagEnabled=true flags=0x2
03-19 14:36:25.301 1549 1967 E DisplayDeviceConfig: requesting nits when no mapping exists.
03-19 14:36:25.301 1549 1967 E DisplayDeviceConfig: requesting nits when no mapping exists.
03-19 14:36:25.301 1549 1668 I am_wtf : [0,1549,system_server,-1,DisplayDeviceConfig,requesting nits when no mapping exists.]
03-19 14:36:25.302 1549 1668 I DropBoxManagerService: add tag=system_server_wtf isTagEnabled=true flags=0x2
03-19 14:36:25.303 1549 1668 I am_wtf : [0,1549,system_server,-1,DisplayDeviceConfig,requesting nits when no mapping exists.]
03-19 14:36:25.304 1549 1668 I DropBoxManagerService: add tag=system_server_wtf isTagEnabled=true flags=0x2
03-19 14:36:25.318 1549 1967 E DisplayDeviceConfig: requesting nits when no mapping exists.
03-19 14:36:25.318 1549 1668 I am_wtf : [0,1549,system_server,-1,DisplayDeviceConfig,requesting nits when no mapping exists.]
03-19 14:36:25.318 1549 1967 E DisplayDeviceConfig: requesting nits when no mapping exists.
03-19 14:36:25.319 1549 1668 I DropBoxManagerService: add tag=system_server_wtf isTagEnabled=true flags=0x2
03-19 14:36:25.320 1549 1668 I am_wtf : [0,1549,system_server,-1,DisplayDeviceConfig,requesting nits when no mapping exists.]
03-19 14:36:25.334 1549 1967 E DisplayDeviceConfig: requesting nits when no mapping exists.
03-19 14:36:25.335 1549 1967 E DisplayDeviceConfig: requesting nits when no mapping exists.
03-19 14:36:25.335 1549 1668 I am_wtf : [0,1549,system_server,-1,DisplayDeviceConfig,requesting nits when no mapping exists.]
03-19 14:36:25.336 1549 1668 I am_wtf : [0,1549,system_server,-1,DisplayDeviceConfig,requesting nits when no mapping exists.]
03-19 14:36:25.351 1549 1967 E DisplayDeviceConfig: requesting nits when no mapping exists.
03-19 14:36:25.351 1549 1967 E DisplayDeviceConfig: requesting nits when no mapping exists.
03-19 14:36:25.352 1549 1668 I am_wtf : [0,1549,system_server,-1,DisplayDeviceConfig,requesting nits when no mapping exists.]
03-19 14:36:25.352 1549 1668 I am_wtf : [0,1549,system_server,-1,DisplayDeviceConfig,requesting nits when no mapping exists.]
03-19 14:36:25.368 1549 1967 E DisplayDeviceConfig: requesting nits when no mapping exists.
03-19 14:36:25.368 1549 1967 E DisplayDeviceConfig: requesting nits when no mapping exists.
03-19 14:36:25.368 1549 1668 I am_wtf : [0,1549,system_server,-1,DisplayDeviceConfig,requesting nits when no mapping exists.]
03-19 14:36:25.369 1549 1668 I am_wtf : [0,1549,system_server,-1,DisplayDeviceConfig,requesting nits when no mapping exists.]
03-19 14:36:25.385 1549 1967 E DisplayDeviceConfig: requesting nits when no mapping exists.
03-19 14:36:25.385 1549 1967 E DisplayDeviceConfig: requesting nits when no mapping exists.
03-19 14:36:25.385 1549 1668 I am_wtf : [0,1549,system_server,-1,DisplayDeviceConfig,requesting nits when no mapping exists.]
03-19 14:36:25.386 1549 1668 I am_wtf : [0,1549,system_server,-1,DisplayDeviceConfig,requesting nits when no mapping exists.]
03-19 14:36:25.401 1549 1967 E DisplayDeviceConfig: requesting nits when no mapping exists.
03-19 14:36:25.401 1549 1668 I am_wtf : [0,1549,system_server,-1,DisplayDeviceConfig,requesting nits when no mapping exists.]
03-19 14:36:25.402 1549 1967 E DisplayDeviceConfig: requesting nits when no mapping exists.
03-19 14:36:25.403 1549 1668 I am_wtf : [0,1549,system_server,-1,DisplayDeviceConfig,requesting nits when no mapping exists.]
