03-19 14:27:48.392 1549 4216 W FreeFormWindowHelper: Current Display FreeFormTask is null
03-19 14:27:48.496 1549 1582 W FreeFormWindowHelper: Current Display FreeFormTask is null
03-19 14:27:48.496 1549 1582 W FreeFormWindowHelper: Current Display FreeFormTask is null
03-19 14:27:48.504 1549 1582 W FreeFormWindowHelper: exitRecentTasks type=0
01-01 09:15:29.341 0 0 D cnss : Host time = 4529342210 us, device time = 4514726580 us, offset = 14615630 us
01-01 09:15:29.341 0 0 D cnss : Updated time sync regs [0x984] = 0xdf044e, [0x988] = 0x0
03-19 14:27:48.510 1549 1667 W UsageStatsService: Unexpected activity event reported! (com.android.launcher3/com.android.launcher3.uioverrides.QuickstepLauncher event : 23 instanceId : 50430139)
03-19 14:27:49.139 1549 1582 W FreeFormWindowHelper: Current Display FreeFormTask is null
03-19 14:27:49.141 1549 8362 W FreeFormWindowHelper: Current Display FreeFormTask is null
03-19 14:27:49.166 1549 1582 W FreeFormWindowHelper: Current Display FreeFormTask is null
03-19 14:27:49.166 1549 4216 W FreeFormWindowHelper: Current Display FreeFormTask is null
03-19 14:27:49.178 1549 4216 W ActivityTaskManager: getTaskSnapshot: taskId=-595 not found
03-19 14:27:49.185 1549 1582 W ActivityTaskManager: getTaskSnapshot: taskId=-594 not found
03-19 14:27:49.187 1549 4216 W ActivityTaskManager: getTaskSnapshot: taskId=-594 not found
03-19 14:27:49.187 1549 1582 W FreeFormWindowHelper: Current Display FreeFormTask is null
03-19 14:27:49.187 1549 1582 W FreeFormWindowHelper: Current Display FreeFormTask is null
03-19 14:27:49.193 1549 1653 D AutofillManagerService: Close system dialogs
03-19 14:27:49.195 1549 1582 W FreeFormWindowHelper: Current Display FreeFormTask is null
03-19 14:27:49.196 1549 1582 W FreeFormWindowHelper: Current Display FreeFormTask is null
03-19 14:27:49.198 1549 4216 W FreeFormWindowHelper: Current Display FreeFormTask is null
03-19 14:27:49.198 1549 4216 W FreeFormWindowHelper: Current Display FreeFormTask is null
03-19 14:27:49.201 1549 1582 W ActivityTaskManager: getTaskSnapshot: taskId=-540 not found
03-19 14:27:49.203 1549 1582 W ActivityTaskManager: getTaskSnapshot: taskId=-539 not found
03-19 14:27:49.205 1549 1582 W ActivityTaskManager: getTaskSnapshot: taskId=-539 not found
03-19 14:27:49.214 1549 1582 W FreeFormWindowHelper: Current Display FreeFormTask is null
03-19 14:27:49.214 1549 4216 W FreeFormWindowHelper: Current Display FreeFormTask is null
03-19 14:27:49.230 1549 1582 W FreeFormWindowHelper: Current Display FreeFormTask is null
03-19 14:27:49.230 1549 4216 W FreeFormWindowHelper: Current Display FreeFormTask is null
01-01 09:15:30.365 0 0 E DTC_ETH,link_delay_work_func: 3003, SQI=0, link=0
01-01 09:15:30.531 0 0 E DTC_Display: screen not ready
03-19 14:27:50.410 1549 1667 I ActivityManager: PendingStartActivityUids startActivity to updateOomAdj delay:1263ms, uid:10071
03-19 14:27:50.953 1549 2821 W FreeFormWindowHelper: Current Display FreeFormTask is null
03-19 14:27:50.954 1549 2821 W FreeFormWindowHelper: Current Display FreeFormTask is null
03-19 14:27:50.959 1549 2821 W FreeFormWindowHelper: Current Display FreeFormTask is null
03-19 14:27:50.959 1549 2821 W FreeFormWindowHelper: Current Display FreeFormTask is null
03-19 14:27:50.976 1549 4916 W FreeFormWindowHelper: Current Display FreeFormTask is null
03-19 14:27:50.976 1549 4916 W FreeFormWindowHelper: Current Display FreeFormTask is null
03-19 14:27:50.980 1549 4916 W FreeFormWindowHelper: exitRecentTasks type=0
03-19 14:27:50.987 1549 1667 W UsageStatsService: Unexpected activity event reported! (com.android.launcher3/com.android.launcher3.uioverrides.QuickstepLauncher event : 23 instanceId : 50430139)
01-01 09:15:31.824 0 0 I : [MAX975X:max96755x_drm_notifier_callback] *INFO* receives EARLY_BLANK:UNBLANK
01-01 09:15:31.824 0 0 I atmel_mxt_ts 0-004a: FB event:2,blank:0
01-01 09:15:31.824 0 0 I atmel_mxt_ts 0-004a: suspend: event = 2, blank = 0, not care
01-01 09:15:31.824 0 0 I [drm:dsi_display_set_mode] [msm-dsi-info]: mdp_transfer_time_us=0 us
01-01 09:15:31.824 0 0 I [drm:dsi_display_set_mode] [msm-dsi-info]: hactive= 2560,vactive= 1080,fps=30
01-01 09:15:31.825 0 0 I : [MAX975X:max96755x_drm_notifier_callback] *INFO* receives BLANK:UNBLANK
01-01 09:15:31.825 0 0 I atmel_mxt_ts 0-004a: FB event:1,blank:0
01-01 09:15:31.825 0 0 I atmel_mxt_ts 0-004a: drm_notifier_callback: UNBLANK! Resume by drm notifier.
03-19 14:27:51.044 1549 4216 W FreeFormWindowHelper: Current Display FreeFormTask is null
03-19 14:27:51.046 1549 1582 W FreeFormWindowHelper: Current Display FreeFormTask is null
03-19 14:27:51.056 1549 2821 W FreeFormWindowHelper: Current Display FreeFormTask is null
03-19 14:27:51.056 1549 1582 W FreeFormWindowHelper: Current Display FreeFormTask is null
03-19 14:27:51.067 1549 2215 W ActivityTaskManager: getTaskSnapshot: taskId=-690 not found
03-19 14:27:51.073 1549 4916 W ActivityTaskManager: getTaskSnapshot: taskId=-690 not found
03-19 14:27:51.074 1549 2215 W FreeFormWindowHelper: Current Display FreeFormTask is null
03-19 14:27:51.074 1549 2215 W FreeFormWindowHelper: Current Display FreeFormTask is null
03-19 14:27:51.074 1549 4916 W ActivityTaskManager: getTaskSnapshot: taskId=-690 not found
03-19 14:27:51.079 1549 1653 D AutofillManagerService: Close system dialogs
03-19 14:27:51.081 1549 8362 W FreeFormWindowHelper: Current Display FreeFormTask is null
03-19 14:27:51.081 1549 2215 W FreeFormWindowHelper: Current Display FreeFormTask is null
03-19 14:27:51.084 1549 2215 W ActivityTaskManager: getTaskSnapshot: taskId=-654 not found
03-19 14:27:51.085 1549 2215 W FreeFormWindowHelper: Current Display FreeFormTask is null
03-19 14:27:51.085 1549 2215 W FreeFormWindowHelper: Current Display FreeFormTask is null
03-19 14:27:51.087 1549 2215 W ActivityTaskManager: getTaskSnapshot: taskId=-654 not found
03-19 14:27:51.087 1549 2215 W ActivityTaskManager: getTaskSnapshot: taskId=-654 not found
01-01 09:15:31.928 0 0 I : [MAX975X:max96755x_drm_notifier_callback] *INFO* receives EARLY_BLANK:UNBLANK
01-01 09:15:31.928 0 0 I atmel_mxt_ts 0-004a: FB event:2,blank:0
01-01 09:15:31.928 0 0 I atmel_mxt_ts 0-004a: suspend: event = 2, blank = 0, not care
01-01 09:15:31.928 0 0 I [drm:dsi_display_set_mode] [msm-dsi-info]: mdp_transfer_time_us=0 us
01-01 09:15:31.928 0 0 I [drm:dsi_display_set_mode] [msm-dsi-info]: hactive= 2560,vactive= 1080,fps=60
01-01 09:15:31.929 0 0 I : [MAX975X:max96755x_drm_notifier_callback] *INFO* receives BLANK:UNBLANK
03-19 14:27:51.102 1549 2215 W FreeFormWindowHelper: Current Display FreeFormTask is null
03-19 14:27:51.102 1549 2215 W FreeFormWindowHelper: Current Display FreeFormTask is null
01-01 09:15:33.595 0 0 E DTC_Display: screen not ready
01-01 09:15:33.596 0 0 I atmel_mxt_ts 0-004a: FB event:1,blank:0
01-01 09:15:33.596 0 0 I atmel_mxt_ts 0-004a: drm_notifier_callback: UNBLANK! Resume by drm notifier.
03-19 14:27:52.783 1549 4916 W FreeFormWindowHelper: Current Display FreeFormTask is null
03-19 14:27:52.783 1549 4916 W FreeFormWindowHelper: Current Display FreeFormTask is null
03-19 14:27:52.785 1549 1653 D AutofillManagerService: Close system dialogs
03-19 14:27:52.805 1549 4916 W FreeFormWindowHelper: Current Display FreeFormTask is null
03-19 14:27:52.805 1549 4916 W FreeFormWindowHelper: Current Display FreeFormTask is null
03-19 14:27:52.891 1549 1656 I ActivityManager: PendingStartActivityUids startActivity to updateOomAdj delay:1839ms, uid:10071
03-19 14:27:52.903 1549 4916 W FreeFormWindowHelper: Current Display FreeFormTask is null
03-19 14:27:52.903 1549 4916 W FreeFormWindowHelper: Current Display FreeFormTask is null
03-19 14:27:52.905 1549 4916 W FreeFormWindowHelper: exitRecentTasks type=0
03-19 14:27:52.910 1549 1667 W UsageStatsService: Unexpected activity event reported! (com.android.launcher3/com.android.launcher3.uioverrides.QuickstepLauncher event : 23 instanceId : 50430139)
01-01 09:15:33.765 0 0 I : [MAX975X:max96755x_drm_notifier_callback] *INFO* receives EARLY_BLANK:UNBLANK
01-01 09:15:33.765 0 0 I atmel_mxt_ts 0-004a: FB event:2,blank:0
01-01 09:15:33.765 0 0 I atmel_mxt_ts 0-004a: suspend: event = 2, blank = 0, not care
01-01 09:15:33.765 0 0 I [drm:dsi_display_set_mode] [msm-dsi-info]: mdp_transfer_time_us=0 us
01-01 09:15:33.765 0 0 I [drm:dsi_display_set_mode] [msm-dsi-info]: hactive= 2560,vactive= 1080,fps=30
01-01 09:15:33.765 0 0 I : [MAX975X:max96755x_drm_notifier_callback] *INFO* receives BLANK:UNBLANK
01-01 09:15:35.259 0 0 E DTC_Display: screen not ready
01-01 09:15:35.260 0 0 I atmel_mxt_ts 0-004a: FB event:1,blank:0
01-01 09:15:35.260 0 0 I atmel_mxt_ts 0-004a: drm_notifier_callback: UNBLANK! Resume by drm notifier.
01-01 09:15:35.308 0 0 I : [MAX975X:max96755x_drm_notifier_callback] *INFO* receives EARLY_BLANK:UNBLANK
01-01 09:15:35.308 0 0 I atmel_mxt_ts 0-004a: FB event:2,blank:0
01-01 09:15:35.308 0 0 I atmel_mxt_ts 0-004a: suspend: event = 2, blank = 0, not care
01-01 09:15:35.308 0 0 I [drm:dsi_display_set_mode] [msm-dsi-info]: mdp_transfer_time_us=0 us
01-01 09:15:35.308 0 0 I [drm:dsi_display_set_mode] [msm-dsi-info]: hactive= 2560,vactive= 1080,fps=60
01-01 09:15:35.309 0 0 I : [MAX975X:max96755x_drm_notifier_callback] *INFO* receives BLANK:UNBLANK
01-01 09:15:35.483 0 0 E DTC_ETH,link_delay_work_func: 3003, SQI=0, link=0
01-01 09:15:36.716 0 0 E DTC_Display: screen not ready
01-01 09:15:36.716 0 0 I atmel_mxt_ts 0-004a: FB event:1,blank:0
01-01 09:15:36.716 0 0 I atmel_mxt_ts 0-004a: drm_notifier_callback: UNBLANK! Resume by drm notifier.
01-01 09:15:38.175 0 0 E DTC_Display: screen not ready
01-01 09:15:38.695 0 0 I : [MAX975X:max96755x_drm_notifier_callback] *INFO* receives EARLY_BLANK:UNBLANK
01-01 09:15:38.695 0 0 I atmel_mxt_ts 0-004a: FB event:2,blank:0
01-01 09:15:38.695 0 0 I atmel_mxt_ts 0-004a: suspend: event = 2, blank = 0, not care
01-01 09:15:38.695 0 0 I [drm:dsi_display_set_mode] [msm-dsi-info]: mdp_transfer_time_us=0 us
01-01 09:15:38.695 0 0 I [drm:dsi_display_set_mode] [msm-dsi-info]: hactive= 2560,vactive= 1080,fps=30
01-01 09:15:38.696 0 0 I : [MAX975X:max96755x_drm_notifier_callback] *INFO* receives BLANK:UNBLANK
01-01 09:15:38.697 0 0 I atmel_mxt_ts 0-004a: FB event:1,blank:0
01-01 09:15:38.697 0 0 I atmel_mxt_ts 0-004a: drm_notifier_callback: UNBLANK! Resume by drm notifier.
01-01 09:15:38.865 0 0 I : [MAX975X:max96755x_drm_notifier_callback] *INFO* receives EARLY_BLANK:UNBLANK
01-01 09:15:38.865 0 0 I atmel_mxt_ts 0-004a: FB event:2,blank:0
01-01 09:15:38.865 0 0 I atmel_mxt_ts 0-004a: suspend: event = 2, blank = 0, not care
01-01 09:15:38.865 0 0 I [drm:dsi_display_set_mode] [msm-dsi-info]: mdp_transfer_time_us=0 us
01-01 09:15:38.865 0 0 I [drm:dsi_display_set_mode] [msm-dsi-info]: hactive= 2560,vactive= 1080,fps=60
01-01 09:15:38.865 0 0 I : [MAX975X:max96755x_drm_notifier_callback] *INFO* receives BLANK:UNBLANK
01-01 09:15:40.464 0 0 E DTC_Display: screen not ready
01-01 09:15:40.464 0 0 I atmel_mxt_ts 0-004a: FB event:1,blank:0
01-01 09:15:40.464 0 0 I atmel_mxt_ts 0-004a: drm_notifier_callback: UNBLANK! Resume by drm notifier.
01-01 09:15:40.467 0 0 I : [MAX975X:max96755x_drm_notifier_callback] *INFO* receives EARLY_BLANK:UNBLANK
01-01 09:15:40.467 0 0 I atmel_mxt_ts 0-004a: FB event:2,blank:0
01-01 09:15:40.467 0 0 I atmel_mxt_ts 0-004a: suspend: event = 2, blank = 0, not care
01-01 09:15:40.467 0 0 I [drm:dsi_display_set_mode] [msm-dsi-info]: mdp_transfer_time_us=0 us
01-01 09:15:40.467 0 0 I [drm:dsi_display_set_mode] [msm-dsi-info]: hactive= 2560,vactive= 1080,fps=30
01-01 09:15:40.468 0 0 I : [MAX975X:max96755x_drm_notifier_callback] *INFO* receives BLANK:UNBLANK
01-01 09:15:40.603 0 0 E DTC_ETH,link_delay_work_func: 3003, SQI=0, link=0
03-19 14:28:00.027 1549 1653 W Looper : Slow dispatch took 1000ms android.fg h=android.os.Handler c=com.android.server.Watchdog$HandlerChecker@865388b m=0
01-01 09:15:40.890 0 0 I msm_vidc: high: 00000002: h264d: Closed video instance: 0000000000000000
03-19 14:28:00.066 1549 4916 I ActivityTaskManager: FOREGROUND_APPLICATION_CHANGED to com.android.gallery3d.app.GalleryActivity
03-19 14:28:00.172 1549 2215 W FreeFormWindowHelper: Current Display FreeFormTask is null
01-01 09:15:42.127 0 0 E DTC_Display: screen not ready
01-01 09:15:42.129 0 0 I atmel_mxt_ts 0-004a: FB event:1,blank:0
01-01 09:15:42.129 0 0 I atmel_mxt_ts 0-004a: drm_notifier_callback: UNBLANK! Resume by drm notifier.
01-01 09:15:42.131 0 0 I : [MAX975X:max96755x_drm_notifier_callback] *INFO* receives EARLY_BLANK:UNBLANK
01-01 09:15:42.131 0 0 I atmel_mxt_ts 0-004a: FB event:2,blank:0
01-01 09:15:42.131 0 0 I atmel_mxt_ts 0-004a: suspend: event = 2, blank = 0, not care
01-01 09:15:42.131 0 0 I [drm:dsi_display_set_mode] [msm-dsi-info]: mdp_transfer_time_us=0 us
01-01 09:15:42.131 0 0 I [drm:dsi_display_set_mode] [msm-dsi-info]: hactive= 2560,vactive= 1080,fps=60
01-01 09:15:42.132 0 0 I : [MAX975X:max96755x_drm_notifier_callback] *INFO* receives BLANK:UNBLANK
03-19 14:28:02.141 1549 2821 W FreeFormWindowHelper: Current Display FreeFormTask is null
03-19 14:28:02.146 1549 4916 W FreeFormWindowHelper: Current Display FreeFormTask is null
03-19 14:28:02.150 1549 4916 W FreeFormWindowHelper: Current Display FreeFormTask is null
03-19 14:28:02.150 1549 4916 W FreeFormWindowHelper: Current Display FreeFormTask is null
03-19 14:28:02.173 1549 2821 W FreeFormWindowHelper: Current Display FreeFormTask is null
03-19 14:28:02.173 1549 2821 W FreeFormWindowHelper: Current Display FreeFormTask is null
03-19 14:28:02.213 1549 2215 W ActivityTaskManager: getTaskSnapshot: taskId=-589 not found
03-19 14:28:02.215 1549 2821 W ActivityTaskManager: getTaskSnapshot: taskId=-588 not found
03-19 14:28:02.216 1549 2821 W ActivityTaskManager: getTaskSnapshot: taskId=-588 not found
03-19 14:28:02.220 1549 1653 D AutofillManagerService: Close system dialogs
03-19 14:28:02.228 1549 4916 W FreeFormWindowHelper: Current Display FreeFormTask is null
03-19 14:28:02.228 1549 4916 W FreeFormWindowHelper: Current Display FreeFormTask is null
01-01 09:15:43.583 0 0 E DTC_Display: screen not ready
01-01 09:15:43.584 0 0 I atmel_mxt_ts 0-004a: FB event:1,blank:0
01-01 09:15:43.584 0 0 I atmel_mxt_ts 0-004a: drm_notifier_callback: UNBLANK! Resume by drm notifier.
03-19 14:28:02.778 1549 4916 W FreeFormWindowHelper: exitRecentTasks type=0
03-19 14:28:02.785 1549 8362 W FreeFormWindowHelper: Current Display FreeFormTask is null
03-19 14:28:02.786 1549 2821 W FreeFormWindowHelper: Current Display FreeFormTask is null
03-19 14:28:02.788 1549 4916 W FreeFormWindowHelper: Current Display FreeFormTask is null
03-19 14:28:02.788 1549 4916 W FreeFormWindowHelper: Current Display FreeFormTask is null
03-19 14:28:02.797 1549 2821 W FreeFormWindowHelper: Current Display FreeFormTask is null
03-19 14:28:02.798 1549 2821 W FreeFormWindowHelper: Current Display FreeFormTask is null
03-19 14:28:02.798 1549 1653 D AutofillManagerService: Close system dialogs
03-19 14:28:02.799 1549 2821 W FreeFormWindowHelper: Current Display FreeFormTask is null
03-19 14:28:02.800 1549 2821 W FreeFormWindowHelper: Current Display FreeFormTask is null
03-19 14:28:02.804 1549 1582 I ActivityTaskManager: FOREGROUND_APPLICATION_CHANGED to com.android.launcher3.uioverrides.QuickstepLauncher
03-19 14:28:02.813 1549 2215 W FreeFormWindowHelper: Current Display FreeFormTask is null
03-19 14:28:02.813 1549 2215 W FreeFormWindowHelper: Current Display FreeFormTask is null
03-19 14:28:02.816 1549 2821 W ActivityTaskManager: getTaskSnapshot: taskId=-936 not found
03-19 14:28:02.821 1549 2821 W ActivityTaskManager: getTaskSnapshot: taskId=-935 not found
03-19 14:28:02.824 1549 2821 W ActivityTaskManager: getTaskSnapshot: taskId=-935 not found
03-19 14:28:02.830 1549 1582 W FreeFormWindowHelper: Current Display FreeFormTask is null
03-19 14:28:02.831 1549 1582 W FreeFormWindowHelper: Current Display FreeFormTask is null --------- beginning of events
03-19 14:28:02.844 20667 20667 I wm_on_stop_called: [100777084,com.android.gallery3d.app.GalleryActivity,STOP_ACTIVITY_ITEM]
03-19 14:28:02.848 1549 2821 W FreeFormWindowHelper: Current Display FreeFormTask is null
03-19 14:28:02.848 1549 2821 W FreeFormWindowHelper: Current Display FreeFormTask is null
03-19 14:28:02.860 1549 1549 I service_manager_stats: [100,54,26233]
03-19 14:28:02.914 1549 1582 W FreeFormWindowHelper: Current Display FreeFormTask is null
03-19 14:28:02.985 1549 1725 I commit_sys_config_file: [settings-1-0,4]
03-19 14:28:03.016 1549 4916 W FreeFormWindowHelper: Current Display FreeFormTask is null
03-19 14:28:03.016 1549 1582 W FreeFormWindowHelper: Current Display FreeFormTask is null
03-19 14:28:03.032 1549 2821 W FreeFormWindowHelper: Current Display FreeFormTask is null
03-19 14:28:03.033 1549 4916 W FreeFormWindowHelper: Current Display FreeFormTask is null
03-19 14:28:03.049 1549 4916 W FreeFormWindowHelper: Current Display FreeFormTask is null
03-19 14:28:03.049 1549 2821 W FreeFormWindowHelper: Current Display FreeFormTask is null
03-19 14:28:03.066 1549 8362 W FreeFormWindowHelper: Current Display FreeFormTask is null
03-19 14:28:03.066 1549 8362 W FreeFormWindowHelper: Current Display FreeFormTask is null
03-19 14:28:03.083 1549 2215 W FreeFormWindowHelper: Current Display FreeFormTask is null
03-19 14:28:03.083 1549 2215 W FreeFormWindowHelper: Current Display FreeFormTask is null
03-19 14:28:03.100 1549 8362 W FreeFormWindowHelper: Current Display FreeFormTask is null
03-19 14:28:03.100 1549 8362 W FreeFormWindowHelper: Current Display FreeFormTask is null
03-19 14:28:03.118 1549 8362 W FreeFormWindowHelper: Current Display FreeFormTask is null
03-19 14:28:03.118 1549 8362 W FreeFormWindowHelper: Current Display FreeFormTask is null
03-19 14:28:03.134 1549 8362 W FreeFormWindowHelper: Current Display FreeFormTask is null
03-19 14:28:03.134 1549 8362 W FreeFormWindowHelper: Current Display FreeFormTask is null
03-19 14:28:03.149 1549 2821 W FreeFormWindowHelper: Current Display FreeFormTask is null
03-19 14:28:03.149 1549 2821 W FreeFormWindowHelper: Current Display FreeFormTask is null
03-19 14:28:03.165 1549 2821 W FreeFormWindowHelper: Current Display FreeFormTask is null
03-19 14:28:03.165 1549 2821 W FreeFormWindowHelper: Current Display FreeFormTask is null
03-19 14:28:03.180 1549 2821 W FreeFormWindowHelper: Current Display FreeFormTask is null
03-19 14:28:03.180 1549 2821 W FreeFormWindowHelper: Current Display FreeFormTask is null
03-19 14:28:03.196 1549 8362 W FreeFormWindowHelper: Current Display FreeFormTask is null
03-19 14:28:03.197 1549 8362 W FreeFormWindowHelper: Current Display FreeFormTask is null
03-19 14:28:03.207 1549 1725 I commit_sys_config_file: [settings-1-0,4]
03-19 14:28:03.213 1549 1582 W FreeFormWindowHelper: Current Display FreeFormTask is null
03-19 14:28:03.213 1549 1582 W FreeFormWindowHelper: Current Display FreeFormTask is null
03-19 14:28:03.229 1549 1582 W FreeFormWindowHelper: Current Display FreeFormTask is null
03-19 14:28:03.229 1549 1582 W FreeFormWindowHelper: Current Display FreeFormTask is null
03-19 14:28:03.248 1549 1582 W FreeFormWindowHelper: Current Display FreeFormTask is null
03-19 14:28:03.248 1549 1582 W FreeFormWindowHelper: Current Display FreeFormTask is null
03-19 14:28:03.265 1549 2215 W FreeFormWindowHelper: Current Display FreeFormTask is null
03-19 14:28:03.265 1549 2215 W FreeFormWindowHelper: Current Display FreeFormTask is null
03-19 14:28:03.281 1549 4216 W FreeFormWindowHelper: Current Display FreeFormTask is null
03-19 14:28:03.282 1549 4216 W FreeFormWindowHelper: Current Display FreeFormTask is null
03-19 14:28:03.298 1549 1582 W FreeFormWindowHelper: Current Display FreeFormTask is null
03-19 14:28:03.298 1549 1582 W FreeFormWindowHelper: Current Display FreeFormTask is null
03-19 14:28:03.315 1549 8362 W FreeFormWindowHelper: Current Display FreeFormTask is null
03-19 14:28:03.315 1549 2821 W FreeFormWindowHelper: Current Display FreeFormTask is null
03-19 14:28:03.334 1549 8362 W FreeFormWindowHelper: Current Display FreeFormTask is null
03-19 14:28:03.334 1549 8362 W FreeFormWindowHelper: Current Display FreeFormTask is null
03-19 14:28:03.335 1549 8362 W FreeFormWindowHelper: Current Display FreeFormTask is null
03-19 14:28:03.361 1549 8362 W FreeFormWindowHelper: Current Display FreeFormTask is null
03-19 14:28:03.361 1549 8362 W FreeFormWindowHelper: Current Display FreeFormTask is null
01-01 09:15:44.940 0 0 E DTC_Display: screen not ready
03-19 14:28:04.371 1549 1741 I input_interaction: Interaction with: fc1131e com.android.launcher3/com.android.launcher3.uioverrides.QuickstepLauncher (server), 4353511 com.android.systemui.ImageWallpaper (server), swipe-up (server), edge-swipe (server), PointerEventDispatcher0 (server),
03-19 14:28:04.443 1549 8362 I wm_task_moved: [1,1,11]
03-19 14:28:04.443 1549 8362 I wm_set_resumed_activity: [0,com.android.launcher3/.uioverrides.QuickstepLauncher,positionChildAt]
03-19 14:28:04.444 1549 8362 I wm_task_moved: [115,1,11]
03-19 14:28:04.444 1549 8362 I wm_task_to_front: [0,115]
03-19 14:28:04.444 1549 8362 I wm_focused_root_task: [0,0,115,1,moveTaskToFront findTaskToMoveToFront]
03-19 14:28:04.445 1549 8362 I wm_set_resumed_activity: [0,com.android.gallery3d/.app.GalleryActivity,moveTaskToFront findTaskToMoveToFront]
03-19 14:28:04.446 1549 8362 I wm_pause_activity: [0,249239324,com.android.launcher3/.uioverrides.QuickstepLauncher,userLeaving=true,pauseBackTasks]
03-19 14:28:04.448 2018 2149 D PhoneStartingWindowTypeAlgorithm: preferredStartingWindowType newTask:false taskSwitch:true processRunning:true allowTaskSnapshot:true activityCreated:true useEmptySplashScreen:false legacySplashScreen:false topIsHome:false
03-19 14:28:04.449 2018 2149 D PhoneStartingWindowTypeAlgorithm: isSnapshotCompatible rotation 0 snapshot 0
03-19 14:28:04.451 2634 2634 I wm_on_top_resumed_lost_called: [249239324,com.android.launcher3.uioverrides.QuickstepLauncher,topStateChangedWhenResumed]
03-19 14:28:04.455 2634 2634 I wm_on_paused_called: [249239324,com.android.launcher3.uioverrides.QuickstepLauncher,performPause]
03-19 14:28:04.456 1549 8362 I ActivityTaskManager: FOREGROUND_APPLICATION_CHANGED to com.android.gallery3d.app.GalleryActivity
03-19 14:28:04.460 1549 8362 I wm_set_resumed_activity: [0,com.android.gallery3d/.app.GalleryActivity,resumeTopActivityInnerLocked]
03-19 14:28:04.461 1549 8362 I wm_add_to_stopping: [0,249239324,com.android.launcher3/.uioverrides.QuickstepLauncher,makeInvisible]
03-19 14:28:04.462 1549 8362 I wm_resume_activity: [0,100777084,115,com.android.gallery3d/.app.GalleryActivity]
03-19 14:28:04.463 20667 20667 I wm_on_restart_called: [100777084,com.android.gallery3d.app.GalleryActivity,performRestartActivity]
03-19 14:28:04.465 20667 20667 I wm_on_start_called: [100777084,com.android.gallery3d.app.GalleryActivity,handleStartActivity]
03-19 14:28:04.470 20667 20667 I wm_on_resume_called: [100777084,com.android.gallery3d.app.GalleryActivity,RESUME_ACTIVITY]
03-19 14:28:04.470 20667 20667 I wm_on_top_resumed_gained_called: [100777084,com.android.gallery3d.app.GalleryActivity,topWhenResuming]
03-19 14:28:04.487 1549 1741 I input_focus: [Focus leaving fc1131e com.android.launcher3/com.android.launcher3.uioverrides.QuickstepLauncher (server),reason=NO_WINDOW]
03-19 14:28:04.497 1549 1657 I input_focus: [Focus request 2551762 com.android.gallery3d/com.android.gallery3d.app.GalleryActivity,reason=UpdateInputWindows]
03-19 14:28:04.497 1549 1656 I sysui_multi_action: [757,803,799,window_time_0,802,2]
03-19 14:28:04.523 1549 1653 I sysui_multi_action: [319,33,321,29,322,76,325,4543,757,761,758,9,759,4,806,com.android.gallery3d,871,com.android.gallery3d.app.GalleryActivity,904,com.android.launcher3,905,0,1320,4,1321,1]
03-19 14:28:04.528 2018 2149 D StartingSurfaceDrawer: Task start finish, remove starting surface for task 115
03-19 14:28:04.535 1549 1741 I input_focus: [Focus entering 2551762 com.android.gallery3d/com.android.gallery3d.app.GalleryActivity (server),reason=Window became focusable. Previous reason: NOT_VISIBLE]
03-19 14:28:04.563 1549 4216 W FreeFormWindowHelper: Current Display FreeFormTask is null
01-01 09:15:45.408 0 0 I msm_vidc: high: 00000002: ....d: Opening video instance: 0000000000000000, 1
01-01 09:15:45.408 0 0 I msm_vidc: err : 00000002: ....d: Failed to create debugfs for msm_vidc
01-01 09:15:45.555 0 0 I msm_vidc: high: 00000002: h264d: Closed video instance: 0000000000000000
03-19 14:28:04.838 1549 1656 I wm_stop_activity: [0,249239324,com.android.launcher3/.uioverrides.QuickstepLauncher]
03-19 14:28:04.854 1549 1582 W FreeFormWindowHelper: exitRecentTasks type=0
03-19 14:28:04.862 2634 2634 I wm_on_stop_called: [249239324,com.android.launcher3.uioverrides.QuickstepLauncher,STOP_ACTIVITY_ITEM]
01-01 09:15:45.723 0 0 E DTC_ETH,link_delay_work_func: 3003, SQI=0, link=0
01-01 09:15:48.477 0 0 I msm_vidc: err : ffffffff: .....: DBLP Set: status 0
01-01 09:15:48.516 0 0 E DTC_Display: screen not ready
01-01 09:15:50.843 0 0 E DTC_ETH,link_delay_work_func: 3003, SQI=0, link=0
01-01 09:15:51.996 0 0 E DTC_Display: screen not ready
03-19 14:28:12.355 0 0 I auditd : type=1400 audit(0.0:12265): avc: denied { kill } for comm="swapper/2" capability=5 scontext=u:r:kernel:s0 tcontext=u:r:kernel:s0 tclass=capability permissive=1
01-01 09:15:55.280 0 0 E DTC_Display: screen not ready
01-01 09:15:55.963 0 0 E DTC_ETH,link_delay_work_func: 3003, SQI=0, link=0
01-01 09:15:58.436 0 0 E DTC_Display: screen not ready
01-01 09:16:01.083 0 0 E DTC_ETH,link_delay_work_func: 3003, SQI=0, link=0
01-01 09:16:02.128 0 0 E DTC_Display: screen not ready
03-19 14:28:23.276 1549 1549 I notification_enqueue: [10094,12961,com.tencent.android.qqdownloader,127,NULL,0,Notification(channel=channel_id_default_silent shortcut=null contentView=com.tencent.android.qqdownloader/0x7f0a01c2 vibrate=null sound=null defaults=0x0 flags=0x2a0 color=0x00000000 groupKey=com.tencent.android.qqdownloader vis=PRIVATE),1]
03-19 14:28:23.479 1549 1549 I GameModeConfig: isGameModeOn = false
01-01 09:16:05.595 0 0 E DTC_Display: screen not ready
01-01 09:16:06.203 0 0 E DTC_ETH,link_delay_work_func: 3003, SQI=0, link=0
01-01 09:16:08.566 0 0 I binder : 1549:1726 ioctl 400c620e 710f1335d8 returned -22
01-01 09:16:08.568 0 0 I binder : 1549:1726 ioctl c00c620f 710f1335b8 returned -22
03-19 14:28:27.729 1549 1726 D ActivityManager: freezing 16463 com.android.musicfx
03-19 14:28:27.730 1549 1726 E ActivityManager: Unable to freeze binder for 16463 com.android.musicfx
03-19 14:28:27.731 1549 1726 D ActivityManager: froze 16463 com.android.musicfx
03-19 14:28:27.731 1549 1726 I am_freeze: [16463,com.android.musicfx]
03-19 14:28:27.731 1549 1726 E ActivityManager: Unable to freeze binder for 16463 com.android.musicfx
03-19 14:28:27.734 1549 1726 I ActivityManager: Killing 16463:com.android.musicfx/u0a32 (adj 955): Unable to freeze binder interface
03-19 14:28:27.734 1549 1726 I am_kill : [0,16463,com.android.musicfx,955,Unable to freeze binder interface]
03-19 14:28:27.765 1549 8362 I am_proc_died: [0,16463,com.android.musicfx,955,19]
03-19 14:28:27.765 1549 8362 I am_uid_stopped: 10032
03-19 14:28:27.785 1549 1667 I am_pss : [2634,10071,com.android.launcher3,209149952,198524928,0,347779072,0,5,16]
01-01 09:16:08.884 0 0 E DTC_Display: screen not ready
01-01 09:16:11.323 0 0 E DTC_ETH,link_delay_work_func: 3003, SQI=0, link=0
01-01 09:16:12.036 0 0 E DTC_Display: screen not ready
01-01 09:16:14.499 0 0 I [dp_rx_][0x147319b4a1][14:28:33.663063] wlan: [3492:I:QDF] DHCP-R RX: SA:ca:83:90:35:5d:31 DA:ff:ff:ff:ff:ff:ff
01-01 09:16:15.619 0 0 E DTC_Display: screen not ready
01-01 09:16:16.443 0 0 E DTC_ETH,link_delay_work_func: 3003, SQI=0, link=0
01-01 09:16:19.099 0 0 E DTC_Display: screen not ready
01-01 09:16:21.563 0 0 E DTC_ETH,link_delay_work_func: 3003, SQI=0, link=0
01-01 09:16:22.380 0 0 E DTC_Display: screen not ready
01-01 09:16:25.539 0 0 E DTC_Display: screen not ready
01-01 09:16:26.683 0 0 E DTC_ETH,link_delay_work_func: 3003, SQI=0, link=0
01-01 09:16:29.123 0 0 E DTC_Display: screen not ready
01-01 09:16:31.803 0 0 E DTC_ETH,link_delay_work_func: 3003, SQI=0, link=0
01-01 09:16:32.603 0 0 E DTC_Display: screen not ready
01-01 09:16:35.884 0 0 E DTC_Display: screen not ready
01-01 09:16:36.923 0 0 E DTC_ETH,link_delay_work_func: 3003, SQI=0, link=0
03-19 14:28:57.386 1549 1684 V DisplayPowerController[0]: Brightness [0.05] reason changing to: 'manual [ dim ]', previous reason: 'manual'.
03-19 14:28:57.386 1549 1684 I sysui_multi_action: [757,1696,758,6,759,2]
03-19 14:28:57.400 1549 1967 E DisplayDeviceConfig: requesting nits when no mapping exists.
03-19 14:28:57.401 1549 1967 E DisplayDeviceConfig: requesting nits when no mapping exists.
03-19 14:28:57.402 1549 1668 I am_wtf : [0,1549,system_server,-1,DisplayDeviceConfig,requesting nits when no mapping exists.]
03-19 14:28:57.403 1549 1668 I DropBoxManagerService: add tag=system_server_wtf isTagEnabled=true flags=0x2
03-19 14:28:57.405 1549 1668 I am_wtf : [0,1549,system_server,-1,DisplayDeviceConfig,requesting nits when no mapping exists.]
03-19 14:28:57.406 1549 1668 I DropBoxManagerService: add tag=system_server_wtf isTagEnabled=true flags=0x2
03-19 14:28:57.416 1549 1967 E DisplayDeviceConfig: requesting nits when no mapping exists.
03-19 14:28:57.417 1549 1967 E DisplayDeviceConfig: requesting nits when no mapping exists.
03-19 14:28:57.417 1549 1668 I am_wtf : [0,1549,system_server,-1,DisplayDeviceConfig,requesting nits when no mapping exists.]
03-19 14:28:57.418 1549 1668 I DropBoxManagerService: add tag=system_server_wtf isTagEnabled=true flags=0x2
03-19 14:28:57.418 1549 1668 I am_wtf : [0,1549,system_server,-1,DisplayDeviceConfig,requesting nits when no mapping exists.]
03-19 14:28:57.419 1549 1668 I DropBoxManagerService: add tag=system_server_wtf isTagEnabled=true flags=0x2
03-19 14:28:57.433 1549 1967 E DisplayDeviceConfig: requesting nits when no mapping exists.
03-19 14:28:57.433 1549 1967 E DisplayDeviceConfig: requesting nits when no mapping exists.
03-19 14:28:57.434 1549 1668 I am_wtf : [0,1549,system_server,-1,DisplayDeviceConfig,requesting nits when no mapping exists.]
03-19 14:28:57.435 1549 1668 I DropBoxManagerService: add tag=system_server_wtf isTagEnabled=true flags=0x2
03-19 14:28:57.436 1549 1668 I am_wtf : [0,1549,system_server,-1,DisplayDeviceConfig,requesting nits when no mapping exists.]
03-19 14:28:57.450 1549 1967 E DisplayDeviceConfig: requesting nits when no mapping exists.
03-19 14:28:57.450 1549 1967 E DisplayDeviceConfig: requesting nits when no mapping exists.
03-19 14:28:57.450 1549 1668 I am_wtf : [0,1549,system_server,-1,DisplayDeviceConfig,requesting nits when no mapping exists.]
03-19 14:28:57.451 1549 1668 I am_wtf : [0,1549,system_server,-1,DisplayDeviceConfig,requesting nits when no mapping exists.]
03-19 14:28:57.467 1549 1967 E DisplayDeviceConfig: requesting nits when no mapping exists.
03-19 14:28:57.467 1549 1967 E DisplayDeviceConfig: requesting nits when no mapping exists.
03-19 14:28:57.467 1549 1668 I am_wtf : [0,1549,system_server,-1,DisplayDeviceConfig,requesting nits when no mapping exists.]
03-19 14:28:57.468 1549 1668 I am_wtf : [0,1549,system_server,-1,DisplayDeviceConfig,requesting nits when no mapping exists.]
03-19 14:28:57.483 1549 1967 E DisplayDeviceConfig: requesting nits when no mapping exists.
03-19 14:28:57.484 1549 1967 E DisplayDeviceConfig: requesting nits when no mapping exists.
03-19 14:28:57.484 1549 1668 I am_wtf : [0,1549,system_server,-1,DisplayDeviceConfig,requesting nits when no mapping exists.]
03-19 14:28:57.484 1549 1668 I am_wtf : [0,1549,system_server,-1,DisplayDeviceConfig,requesting nits when no mapping exists.]
03-19 14:28:57.500 1549 1967 E DisplayDeviceConfig: requesting nits when no mapping exists.
03-19 14:28:57.500 1549 1967 E DisplayDeviceConfig: requesting nits when no mapping exists.
03-19 14:28:57.501 1549 1668 I am_wtf : [0,1549,system_server,-1,DisplayDeviceConfig,requesting nits when no mapping exists.]
03-19 14:28:57.501 1549 1668 I am_wtf : [0,1549,system_server,-1,DisplayDeviceConfig,requesting nits when no mapping exists.]
03-19 14:28:57.516 1549 1967 E DisplayDeviceConfig: requesting nits when no mapping exists.
03-19 14:28:57.517 1549 1967 E DisplayDeviceConfig: requesting nits when no mapping exists.
03-19 14:28:57.517 1549 1668 I am_wtf : [0,1549,system_server,-1,DisplayDeviceConfig,requesting nits when no mapping exists.]
03-19 14:28:57.518 1549 1668 I am_wtf : [0,1549,system_server,-1,DisplayDeviceConfig,requesting nits when no mapping exists.]
03-19 14:28:57.534 1549 1967 E DisplayDeviceConfig: requesting nits when no mapping exists.
03-19 14:28:57.534 1549 1967 E DisplayDeviceConfig: requesting nits when no mapping exists.
03-19 14:28:57.534 1549 1668 I am_wtf : [0,1549,system_server,-1,DisplayDeviceConfig,requesting nits when no mapping exists.]
03-19 14:28:57.535 1549 1668 I am_wtf : [0,1549,system_server,-1,DisplayDeviceConfig,requesting nits when no mapping exists.]
03-19 14:28:57.550 1549 1967 E DisplayDeviceConfig: requesting nits when no mapping exists.
03-19 14:28:57.551 1549 1967 E DisplayDeviceConfig: requesting nits when no mapping exists.
03-19 14:28:57.551 1549 1668 I am_wtf : [0,1549,system_server,-1,DisplayDeviceConfig,requesting nits when no mapping exists.]
03-19 14:28:57.552 1549 1668 I am_wtf : [0,1549,system_server,-1,DisplayDeviceConfig,requesting nits when no mapping exists.]
03-19 14:28:57.567 1549 1967 E DisplayDeviceConfig: requesting nits when no mapping exists.
03-19 14:28:57.567 1549 1967 E DisplayDeviceConfig: requesting nits when no mapping exists.
03-19 14:28:57.567 1549 1668 I am_wtf : [0,1549,system_server,-1,DisplayDeviceConfig,requesting nits when no mapping exists.]
03-19 14:28:57.568 1549 1668 I am_wtf : [0,1549,system_server,-1,DisplayDeviceConfig,requesting nits when no mapping exists.]
03-19 14:28:57.584 1549 1967 E DisplayDeviceConfig: requesting nits when no mapping exists.
03-19 14:28:57.584 1549 1967 E DisplayDeviceConfig: requesting nits when no mapping exists.
03-19 14:28:57.584 1549 1668 I am_wtf : [0,1549,system_server,-1,DisplayDeviceConfig,requesting nits when no mapping exists.]
03-19 14:28:57.585 1549 1668 I am_wtf : [0,1549,system_server,-1,DisplayDeviceConfig,requesting nits when no mapping exists.]
03-19 14:28:57.600 1549 1967 E DisplayDeviceConfig: requesting nits when no mapping exists.
03-19 14:28:57.601 1549 1967 E DisplayDeviceConfig: requesting nits when no mapping exists.
03-19 14:28:57.601 1549 1668 I am_wtf : [0,1549,system_server,-1,DisplayDeviceConfig,requesting nits when no mapping exists.]
03-19 14:28:57.602 1549 1668 I am_wtf : [0,1549,system_server,-1,DisplayDeviceConfig,requesting nits when no mapping exists.]
03-19 14:28:57.617 1549 1967 E DisplayDeviceConfig: requesting nits when no mapping exists.
03-19 14:28:57.617 1549 1967 E DisplayDeviceConfig: requesting nits when no mapping exists.
03-19 14:28:57.617 1549 1668 I am_wtf : [0,1549,system_server,-1,DisplayDeviceConfig,requesting nits when no mapping exists.]
03-19 14:28:57.618 1549 1668 I am_wtf : [0,1549,system_server,-1,DisplayDeviceConfig,requesting nits when no mapping exists.]
03-19 14:28:57.633 1549 1967 E DisplayDeviceConfig: requesting nits when no mapping exists.
03-19 14:28:57.634 1549 1967 E DisplayDeviceConfig: requesting nits when no mapping exists.
03-19 14:28:57.634 1549 1668 I am_wtf : [0,1549,system_server,-1,DisplayDeviceConfig,requesting nits when no mapping exists.]
03-19 14:28:57.635 1549 1668 I am_wtf : [0,1549,system_server,-1,DisplayDeviceConfig,requesting nits when no mapping exists.]
03-19 14:28:57.651 1549 1967 E DisplayDeviceConfig: requesting nits when no mapping exists.
03-19 14:28:57.652 1549 1967 E DisplayDeviceConfig: requesting nits when no mapping exists.
03-19 14:28:57.652 1549 1668 I am_wtf : [0,1549,system_server,-1,DisplayDeviceConfig,requesting nits when no mapping exists.]
03-19 14:28:57.654 1549 1668 I am_wtf : [0,1549,system_server,-1,DisplayDeviceConfig,requesting nits when no mapping exists.]
03-19 14:28:57.667 1549 1967 E DisplayDeviceConfig: requesting nits when no mapping exists.
03-19 14:28:57.667 1549 1967 E DisplayDeviceConfig: requesting nits when no mapping exists.
03-19 14:28:57.667 1549 1668 I am_wtf : [0,1549,system_server,-1,DisplayDeviceConfig,requesting nits when no mapping exists.]
03-19 14:28:57.668 1549 1668 I am_wtf : [0,1549,system_server,-1,DisplayDeviceConfig,requesting nits when no mapping exists.]
03-19 14:28:57.684 1549 1967 E DisplayDeviceConfig: requesting nits when no mapping exists.
03-19 14:28:57.684 1549 1967 E DisplayDeviceConfig: requesting nits when no mapping exists.
03-19 14:28:57.684 1549 1668 I am_wtf : [0,1549,system_server,-1,DisplayDeviceConfig,requesting nits when no mapping exists.]
03-19 14:28:57.685 1549 1668 I am_wtf : [0,1549,system_server,-1,DisplayDeviceConfig,requesting nits when no mapping exists.]
03-19 14:28:57.700 1549 1967 E DisplayDeviceConfig: requesting nits when no mapping exists.
03-19 14:28:57.701 1549 1967 E DisplayDeviceConfig: requesting nits when no mapping exists.
03-19 14:28:57.701 1549 1668 I am_wtf : [0,1549,system_server,-1,DisplayDeviceConfig,requesting nits when no mapping exists.]
03-19 14:28:57.702 1549 1668 I am_wtf : [0,1549,system_server,-1,DisplayDeviceConfig,requesting nits when no mapping exists.]
03-19 14:28:57.717 1549 1967 E DisplayDeviceConfig: requesting nits when no mapping exists.
03-19 14:28:57.718 1549 1967 E DisplayDeviceConfig: requesting nits when no mapping exists.
03-19 14:28:57.718 1549 1668 I am_wtf : [0,1549,system_server,-1,DisplayDeviceConfig,requesting nits when no mapping exists.]
03-19 14:28:57.719 1549 1668 I am_wtf : [0,1549,system_server,-1,DisplayDeviceConfig,requesting nits when no mapping exists.]
03-19 14:28:57.734 1549 1967 E DisplayDeviceConfig: requesting nits when no mapping exists.
03-19 14:28:57.735 1549 1967 E DisplayDeviceConfig: requesting nits when no mapping exists.
03-19 14:28:57.735 1549 1668 I am_wtf : [0,1549,system_server,-1,DisplayDeviceConfig,requesting nits when no mapping exists.]
03-19 14:28:57.736 1549 1668 I am_wtf : [0,1549,system_server,-1,DisplayDeviceConfig,requesting nits when no mapping exists.]
03-19 14:28:57.750 1549 1967 E DisplayDeviceConfig: requesting nits when no mapping exists.
03-19 14:28:57.750 1549 1967 E DisplayDeviceConfig: requesting nits when no mapping exists.
03-19 14:28:57.750 1549 1668 I am_wtf : [0,1549,system_server,-1,DisplayDeviceConfig,requesting nits when no mapping exists.]
03-19 14:28:57.751 1549 1668 I am_wtf : [0,1549,system_server,-1,DisplayDeviceConfig,requesting nits when no mapping exists.]
03-19 14:28:57.767 1549 1967 E DisplayDeviceConfig: requesting nits when no mapping exists.
03-19 14:28:57.768 1549 1967 E DisplayDeviceConfig: requesting nits when no mapping exists.
03-19 14:28:57.768 1549 1668 I am_wtf : [0,1549,system_server,-1,DisplayDeviceConfig,requesting nits when no mapping exists.]
03-19 14:28:57.769 1549 1668 I am_wtf : [0,1549,system_server,-1,DisplayDeviceConfig,requesting nits when no mapping exists.]
03-19 14:28:57.784 1549 1967 E DisplayDeviceConfig: requesting nits when no mapping exists.
03-19 14:28:57.784 1549 1967 E DisplayDeviceConfig: requesting nits when no mapping exists.
03-19 14:28:57.784 1549 1668 I am_wtf : [0,1549,system_server,-1,DisplayDeviceConfig,requesting nits when no mapping exists.]
03-19 14:28:57.785 1549 1668 I am_wtf : [0,1549,system_server,-1,DisplayDeviceConfig,requesting nits when no mapping exists.]
03-19 14:28:57.800 1549 1967 E DisplayDeviceConfig: requesting nits when no mapping exists.
03-19 14:28:57.801 1549 1967 E DisplayDeviceConfig: requesting nits when no mapping exists.
03-19 14:28:57.801 1549 1668 I am_wtf : [0,1549,system_server,-1,DisplayDeviceConfig,requesting nits when no mapping exists.]
03-19 14:28:57.802 1549 1668 I am_wtf : [0,1549,system_server,-1,DisplayDeviceConfig,requesting nits when no mapping exists.]
03-19 14:28:57.817 1549 1967 E DisplayDeviceConfig: requesting nits when no mapping exists.
03-19 14:28:57.818 1549 1967 E DisplayDeviceConfig: requesting nits when no mapping exists.
03-19 14:28:57.818 1549 1668 I am_wtf : [0,1549,system_server,-1,DisplayDeviceConfig,requesting nits when no mapping exists.]
03-19 14:28:57.819 1549 1668 I am_wtf : [0,1549,system_server,-1,DisplayDeviceConfig,requesting nits when no mapping exists.]
03-19 14:28:57.834 1549 1967 E DisplayDeviceConfig: requesting nits when no mapping exists.
03-19 14:28:57.835 1549 1967 E DisplayDeviceConfig: requesting nits when no mapping exists.
03-19 14:28:57.835 1549 1668 I am_wtf : [0,1549,system_server,-1,DisplayDeviceConfig,requesting nits when no mapping exists.]
03-19 14:28:57.836 1549 1668 I am_wtf : [0,1549,system_server,-1,DisplayDeviceConfig,requesting nits when no mapping exists.]
03-19 14:28:57.851 1549 1967 E DisplayDeviceConfig: requesting nits when no mapping exists.
03-19 14:28:57.851 1549 1967 E DisplayDeviceConfig: requesting nits when no mapping exists.
03-19 14:28:57.851 1549 1668 I am_wtf : [0,1549,system_server,-1,DisplayDeviceConfig,requesting nits when no mapping exists.]
03-19 14:28:57.852 1549 1668 I am_wtf : [0,1549,system_server,-1,DisplayDeviceConfig,requesting nits when no mapping exists.]
03-19 14:28:57.867 1549 1967 E DisplayDeviceConfig: requesting nits when no mapping exists.
03-19 14:28:57.868 1549 1967 E DisplayDeviceConfig: requesting nits when no mapping exists.
03-19 14:28:57.868 1549 1668 I am_wtf : [0,1549,system_server,-1,DisplayDeviceConfig,requesting nits when no mapping exists.]
03-19 14:28:57.868 1549 1668 I am_wtf : [0,1549,system_server,-1,DisplayDeviceConfig,requesting nits when no mapping exists.]
03-19 14:28:57.884 1549 1967 E DisplayDeviceConfig: requesting nits when no mapping exists.
03-19 14:28:57.884 1549 1967 E DisplayDeviceConfig: requesting nits when no mapping exists.
03-19 14:28:57.885 1549 1668 I am_wtf : [0,1549,system_server,-1,DisplayDeviceConfig,requesting nits when no mapping exists.]
03-19 14:28:57.886 1549 1668 I am_wtf : [0,1549,system_server,-1,DisplayDeviceConfig,requesting nits when no mapping exists.]
03-19 14:28:57.901 1549 1967 E DisplayDeviceConfig: requesting nits when no mapping exists.
03-19 14:28:57.901 1549 1967 E DisplayDeviceConfig: requesting nits when no mapping exists.
03-19 14:28:57.901 1549 1668 I am_wtf : [0,1549,system_server,-1,DisplayDeviceConfig,requesting nits when no mapping exists.]
03-19 14:28:57.902 1549 1668 I am_wtf : [0,1549,system_server,-1,DisplayDeviceConfig,requesting nits when no mapping exists.]
03-19 14:28:57.918 1549 1967 E DisplayDeviceConfig: requesting nits when no mapping exists.
03-19 14:28:57.918 1549 1668 I am_wtf : [0,1549,system_server,-1,DisplayDeviceConfig,requesting nits when no mapping exists.]
03-19 14:28:57.918 1549 1967 E DisplayDeviceConfig: requesting nits when no mapping exists.
03-19 14:28:57.919 1549 1668 I am_wtf : [0,1549,system_server,-1,DisplayDeviceConfig,requesting nits when no mapping exists.]
03-19 14:28:57.934 1549 1967 E DisplayDeviceConfig: requesting nits when no mapping exists.
03-19 14:28:57.935 1549 1967 E DisplayDeviceConfig: requesting nits when no mapping exists.
03-19 14:28:57.935 1549 1668 I am_wtf : [0,1549,system_server,-1,DisplayDeviceConfig,requesting nits when no mapping exists.]
03-19 14:28:57.936 1549 1668 I am_wtf : [0,1549,system_server,-1,DisplayDeviceConfig,requesting nits when no mapping exists.]
03-19 14:28:57.951 1549 1967 E DisplayDeviceConfig: requesting nits when no mapping exists.
03-19 14:28:57.951 1549 1967 E DisplayDeviceConfig: requesting nits when no mapping exists.
03-19 14:28:57.952 1549 1668 I am_wtf : [0,1549,system_server,-1,DisplayDeviceConfig,requesting nits when no mapping exists.]
03-19 14:28:57.952 1549 1668 I am_wtf : [0,1549,system_server,-1,DisplayDeviceConfig,requesting nits when no mapping exists.]
03-19 14:28:57.968 1549 1967 E DisplayDeviceConfig: requesting nits when no mapping exists.
03-19 14:28:57.968 1549 1967 E DisplayDeviceConfig: requesting nits when no mapping exists.
03-19 14:28:57.968 1549 1668 I am_wtf : [0,1549,system_server,-1,DisplayDeviceConfig,requesting nits when no mapping exists.]
03-19 14:28:57.969 1549 1668 I am_wtf : [0,1549,system_server,-1,DisplayDeviceConfig,requesting nits when no mapping exists.]
03-19 14:28:57.984 1549 1967 E DisplayDeviceConfig: requesting nits when no mapping exists.
03-19 14:28:57.985 1549 1967 E DisplayDeviceConfig: requesting nits when no mapping exists.
03-19 14:28:57.985 1549 1668 I am_wtf : [0,1549,system_server,-1,DisplayDeviceConfig,requesting nits when no mapping exists.]
03-19 14:28:57.986 1549 1668 I am_wtf : [0,1549,system_server,-1,DisplayDeviceConfig,requesting nits when no mapping exists.]
03-19 14:28:58.001 1549 1967 E DisplayDeviceConfig: requesting nits when no mapping exists.
03-19 14:28:58.002 1549 1967 E DisplayDeviceConfig: requesting nits when no mapping exists.
03-19 14:28:58.002 1549 1668 I am_wtf : [0,1549,system_server,-1,DisplayDeviceConfig,requesting nits when no mapping exists.]
03-19 14:28:58.003 1549 1668 I am_wtf : [0,1549,system_server,-1,DisplayDeviceConfig,requesting nits when no mapping exists.]
03-19 14:28:58.024 1549 1967 E DisplayDeviceConfig: requesting nits when no mapping exists.
03-19 14:28:58.025 1549 1967 E DisplayDeviceConfig: requesting nits when no mapping exists.
03-19 14:28:58.025 1549 1668 I am_wtf : [0,1549,system_server,-1,DisplayDeviceConfig,requesting nits when no mapping exists.]
03-19 14:28:58.027 1549 1668 I am_wtf : [0,1549,system_server,-1,DisplayDeviceConfig,requesting nits when no mapping exists.]
03-19 14:28:58.038 1549 1967 E DisplayDeviceConfig: requesting nits when no mapping exists.
03-19 14:28:58.038 1549 1967 E DisplayDeviceConfig: requesting nits when no mapping exists.
03-19 14:28:58.038 1549 1668 I am_wtf : [0,1549,system_server,-1,DisplayDeviceConfig,requesting nits when no mapping exists.]
03-19 14:28:58.039 1549 1668 I am_wtf : [0,1549,system_server,-1,DisplayDeviceConfig,requesting nits when no mapping exists.]
03-19 14:28:58.052 1549 1967 E DisplayDeviceConfig: requesting nits when no mapping exists.
03-19 14:28:58.052 1549 1967 E DisplayDeviceConfig: requesting nits when no mapping exists.
03-19 14:28:58.052 1549 1668 I am_wtf : [0,1549,system_server,-1,DisplayDeviceConfig,requesting nits when no mapping exists.]
03-19 14:28:58.053 1549 1668 I am_wtf : [0,1549,system_server,-1,DisplayDeviceConfig,requesting nits when no mapping exists.]
03-19 14:28:58.068 1549 1967 E DisplayDeviceConfig: requesting nits when no mapping exists.
03-19 14:28:58.068 1549 1967 E DisplayDeviceConfig: requesting nits when no mapping exists.
03-19 14:28:58.068 1549 1668 I am_wtf : [0,1549,system_server,-1,DisplayDeviceConfig,requesting nits when no mapping exists.]
03-19 14:28:58.068 1549 1668 I am_wtf : [0,1549,system_server,-1,DisplayDeviceConfig,requesting nits when no mapping exists.]
03-19 14:28:58.085 1549 1967 E DisplayDeviceConfig: requesting nits when no mapping exists.
03-19 14:28:58.085 1549 1967 E DisplayDeviceConfig: requesting nits when no mapping exists.
03-19 14:28:58.085 1549 1668 I am_wtf : [0,1549,system_server,-1,DisplayDeviceConfig,requesting nits when no mapping exists.]
03-19 14:28:58.086 1549 1668 I am_wtf : [0,1549,system_server,-1,DisplayDeviceConfig,requesting nits when no mapping exists.]
03-19 14:28:58.101 1549 1967 E DisplayDeviceConfig: requesting nits when no mapping exists.
03-19 14:28:58.101 1549 1967 E DisplayDeviceConfig: requesting nits when no mapping exists.
03-19 14:28:58.101 1549 1668 I am_wtf : [0,1549,system_server,-1,DisplayDeviceConfig,requesting nits when no mapping exists.]
03-19 14:28:58.103 1549 1668 I am_wtf : [0,1549,system_server,-1,DisplayDeviceConfig,requesting nits when no mapping exists.]
03-19 14:28:58.118 1549 1967 E DisplayDeviceConfig: requesting nits when no mapping exists.
03-19 14:28:58.118 1549 1967 E DisplayDeviceConfig: requesting nits when no mapping exists.
03-19 14:28:58.119 1549 1668 I am_wtf : [0,1549,system_server,-1,DisplayDeviceConfig,requesting nits when no mapping exists.]
03-19 14:28:58.120 1549 1668 I am_wtf : [0,1549,system_server,-1,DisplayDeviceConfig,requesting nits when no mapping exists.]
03-19 14:28:58.140 1549 1967 E DisplayDeviceConfig: requesting nits when no mapping exists.
03-19 14:28:58.140 1549 1967 E DisplayDeviceConfig: requesting nits when no mapping exists.
03-19 14:28:58.140 1549 1668 I am_wtf : [0,1549,system_server,-1,DisplayDeviceConfig,requesting nits when no mapping exists.]
03-19 14:28:58.142 1549 1668 I am_wtf : [0,1549,system_server,-1,DisplayDeviceConfig,requesting nits when no mapping exists.]
03-19 14:28:58.153 1549 1967 E DisplayDeviceConfig: requesting nits when no mapping exists.
03-19 14:28:58.154 1549 1668 I am_wtf : [0,1549,system_server,-1,DisplayDeviceConfig,requesting nits when no mapping exists.]
03-19 14:28:58.154 1549 1967 E DisplayDeviceConfig: requesting nits when no mapping exists.
03-19 14:28:58.155 1549 1668 I am_wtf : [0,1549,system_server,-1,DisplayDeviceConfig,requesting nits when no mapping exists.]
03-19 14:28:58.168 1549 1967 E DisplayDeviceConfig: requesting nits when no mapping exists.
03-19 14:28:58.168 1549 1967 E DisplayDeviceConfig: requesting nits when no mapping exists.
03-19 14:28:58.168 1549 1668 I am_wtf : [0,1549,system_server,-1,DisplayDeviceConfig,requesting nits when no mapping exists.]
03-19 14:28:58.169 1549 1668 I am_wtf : [0,1549,system_server,-1,DisplayDeviceConfig,requesting nits when no mapping exists.]
03-19 14:28:58.185 1549 1967 E DisplayDeviceConfig: requesting nits when no mapping exists.
03-19 14:28:58.186 1549 1668 I am_wtf : [0,1549,system_server,-1,DisplayDeviceConfig,requesting nits when no mapping exists.]
03-19 14:28:58.186 1549 1967 E DisplayDeviceConfig: requesting nits when no mapping exists.
03-19 14:28:58.187 1549 1668 I am_wtf : [0,1549,system_server,-1,DisplayDeviceConfig,requesting nits when no mapping exists.]
