03-19 14:36:25.417 1549 1967 E DisplayDeviceConfig: requesting nits when no mapping exists.
03-19 14:36:25.418 1549 1967 E DisplayDeviceConfig: requesting nits when no mapping exists.
03-19 14:36:25.418 1549 1668 I am_wtf : [0,1549,system_server,-1,DisplayDeviceConfig,requesting nits when no mapping exists.]
03-19 14:36:25.419 1549 1668 I am_wtf : [0,1549,system_server,-1,DisplayDeviceConfig,requesting nits when no mapping exists.]
03-19 14:36:25.434 1549 1967 E DisplayDeviceConfig: requesting nits when no mapping exists.
03-19 14:36:25.435 1549 1967 E DisplayDeviceConfig: requesting nits when no mapping exists.
03-19 14:36:25.435 1549 1668 I am_wtf : [0,1549,system_server,-1,DisplayDeviceConfig,requesting nits when no mapping exists.]
03-19 14:36:25.436 1549 1668 I am_wtf : [0,1549,system_server,-1,DisplayDeviceConfig,requesting nits when no mapping exists.]
03-19 14:36:25.451 1549 1967 E DisplayDeviceConfig: requesting nits when no mapping exists.
03-19 14:36:25.452 1549 1668 I am_wtf : [0,1549,system_server,-1,DisplayDeviceConfig,requesting nits when no mapping exists.]
03-19 14:36:25.453 1549 1967 E DisplayDeviceConfig: requesting nits when no mapping exists.
03-19 14:36:25.453 1549 1668 I am_wtf : [0,1549,system_server,-1,DisplayDeviceConfig,requesting nits when no mapping exists.]
03-19 14:36:25.468 1549 1967 E DisplayDeviceConfig: requesting nits when no mapping exists.
03-19 14:36:25.468 1549 1668 I am_wtf : [0,1549,system_server,-1,DisplayDeviceConfig,requesting nits when no mapping exists.]
03-19 14:36:25.469 1549 1967 E DisplayDeviceConfig: requesting nits when no mapping exists.
03-19 14:36:25.470 1549 1668 I am_wtf : [0,1549,system_server,-1,DisplayDeviceConfig,requesting nits when no mapping exists.]
03-19 14:36:25.485 1549 1967 E DisplayDeviceConfig: requesting nits when no mapping exists.
03-19 14:36:25.485 1549 1967 E DisplayDeviceConfig: requesting nits when no mapping exists.
03-19 14:36:25.485 1549 1668 I am_wtf : [0,1549,system_server,-1,DisplayDeviceConfig,requesting nits when no mapping exists.]
03-19 14:36:25.486 1549 1668 I am_wtf : [0,1549,system_server,-1,DisplayDeviceConfig,requesting nits when no mapping exists.]
03-19 14:36:25.501 1549 1967 E DisplayDeviceConfig: requesting nits when no mapping exists.
03-19 14:36:25.502 1549 1668 I am_wtf : [0,1549,system_server,-1,DisplayDeviceConfig,requesting nits when no mapping exists.]
03-19 14:36:25.503 1549 1967 E DisplayDeviceConfig: requesting nits when no mapping exists.
03-19 14:36:25.503 1549 1668 I am_wtf : [0,1549,system_server,-1,DisplayDeviceConfig,requesting nits when no mapping exists.]
03-19 14:36:25.518 1549 1967 E DisplayDeviceConfig: requesting nits when no mapping exists.
03-19 14:36:25.519 1549 1967 E DisplayDeviceConfig: requesting nits when no mapping exists.
03-19 14:36:25.519 1549 1668 I am_wtf : [0,1549,system_server,-1,DisplayDeviceConfig,requesting nits when no mapping exists.]
03-19 14:36:25.520 1549 1668 I am_wtf : [0,1549,system_server,-1,DisplayDeviceConfig,requesting nits when no mapping exists.]
03-19 14:36:25.535 1549 1967 E DisplayDeviceConfig: requesting nits when no mapping exists.
03-19 14:36:25.536 1549 1967 E DisplayDeviceConfig: requesting nits when no mapping exists.
03-19 14:36:25.536 1549 1668 I am_wtf : [0,1549,system_server,-1,DisplayDeviceConfig,requesting nits when no mapping exists.]
03-19 14:36:25.537 1549 1668 I am_wtf : [0,1549,system_server,-1,DisplayDeviceConfig,requesting nits when no mapping exists.]
03-19 14:36:25.552 1549 1967 E DisplayDeviceConfig: requesting nits when no mapping exists.
03-19 14:36:25.552 1549 1967 E DisplayDeviceConfig: requesting nits when no mapping exists.
03-19 14:36:25.552 1549 1668 I am_wtf : [0,1549,system_server,-1,DisplayDeviceConfig,requesting nits when no mapping exists.]
03-19 14:36:25.553 1549 1668 I am_wtf : [0,1549,system_server,-1,DisplayDeviceConfig,requesting nits when no mapping exists.]
03-19 14:36:25.568 1549 1967 E DisplayDeviceConfig: requesting nits when no mapping exists.
03-19 14:36:25.569 1549 1967 E DisplayDeviceConfig: requesting nits when no mapping exists.
03-19 14:36:25.569 1549 1668 I am_wtf : [0,1549,system_server,-1,DisplayDeviceConfig,requesting nits when no mapping exists.]
03-19 14:36:25.570 1549 1668 I am_wtf : [0,1549,system_server,-1,DisplayDeviceConfig,requesting nits when no mapping exists.]
03-19 14:36:25.585 1549 1967 E DisplayDeviceConfig: requesting nits when no mapping exists.
03-19 14:36:25.585 1549 1967 E DisplayDeviceConfig: requesting nits when no mapping exists.
03-19 14:36:25.585 1549 1668 I am_wtf : [0,1549,system_server,-1,DisplayDeviceConfig,requesting nits when no mapping exists.]
03-19 14:36:25.586 1549 1668 I am_wtf : [0,1549,system_server,-1,DisplayDeviceConfig,requesting nits when no mapping exists.]
03-19 14:36:25.601 1549 1967 E DisplayDeviceConfig: requesting nits when no mapping exists.
03-19 14:36:25.602 1549 1967 E DisplayDeviceConfig: requesting nits when no mapping exists.
03-19 14:36:25.602 1549 1668 I am_wtf : [0,1549,system_server,-1,DisplayDeviceConfig,requesting nits when no mapping exists.]
03-19 14:36:25.603 1549 1668 I am_wtf : [0,1549,system_server,-1,DisplayDeviceConfig,requesting nits when no mapping exists.]
03-19 14:36:25.618 1549 1967 E DisplayDeviceConfig: requesting nits when no mapping exists.
03-19 14:36:25.619 1549 1967 E DisplayDeviceConfig: requesting nits when no mapping exists.
03-19 14:36:25.619 1549 1668 I am_wtf : [0,1549,system_server,-1,DisplayDeviceConfig,requesting nits when no mapping exists.]
03-19 14:36:25.620 1549 1668 I am_wtf : [0,1549,system_server,-1,DisplayDeviceConfig,requesting nits when no mapping exists.]
03-19 14:36:25.636 1549 1967 E DisplayDeviceConfig: requesting nits when no mapping exists.
03-19 14:36:25.636 1549 1967 E DisplayDeviceConfig: requesting nits when no mapping exists.
03-19 14:36:25.636 1549 1668 I am_wtf : [0,1549,system_server,-1,DisplayDeviceConfig,requesting nits when no mapping exists.]
03-19 14:36:25.637 1549 1668 I am_wtf : [0,1549,system_server,-1,DisplayDeviceConfig,requesting nits when no mapping exists.]
03-19 14:36:25.652 1549 1967 E DisplayDeviceConfig: requesting nits when no mapping exists.
03-19 14:36:25.653 1549 1967 E DisplayDeviceConfig: requesting nits when no mapping exists.
03-19 14:36:25.653 1549 1668 I am_wtf : [0,1549,system_server,-1,DisplayDeviceConfig,requesting nits when no mapping exists.]
03-19 14:36:25.653 1549 1668 I am_wtf : [0,1549,system_server,-1,DisplayDeviceConfig,requesting nits when no mapping exists.]
03-19 14:36:25.669 1549 1967 E DisplayDeviceConfig: requesting nits when no mapping exists.
03-19 14:36:25.669 1549 1668 I am_wtf : [0,1549,system_server,-1,DisplayDeviceConfig,requesting nits when no mapping exists.]
03-19 14:36:25.669 1549 1967 E DisplayDeviceConfig: requesting nits when no mapping exists.
03-19 14:36:25.670 1549 1668 I am_wtf : [0,1549,system_server,-1,DisplayDeviceConfig,requesting nits when no mapping exists.]
03-19 14:36:25.685 1549 1967 E DisplayDeviceConfig: requesting nits when no mapping exists.
03-19 14:36:25.685 1549 1967 E DisplayDeviceConfig: requesting nits when no mapping exists.
03-19 14:36:25.685 1549 1668 I am_wtf : [0,1549,system_server,-1,DisplayDeviceConfig,requesting nits when no mapping exists.]
03-19 14:36:25.686 1549 1668 I am_wtf : [0,1549,system_server,-1,DisplayDeviceConfig,requesting nits when no mapping exists.]
03-19 14:36:25.702 1549 1967 E DisplayDeviceConfig: requesting nits when no mapping exists.
03-19 14:36:25.703 1549 1967 E DisplayDeviceConfig: requesting nits when no mapping exists.
03-19 14:36:25.703 1549 1668 I am_wtf : [0,1549,system_server,-1,DisplayDeviceConfig,requesting nits when no mapping exists.]
03-19 14:36:25.704 1549 1668 I am_wtf : [0,1549,system_server,-1,DisplayDeviceConfig,requesting nits when no mapping exists.]
03-19 14:36:25.719 1549 1967 E DisplayDeviceConfig: requesting nits when no mapping exists.
03-19 14:36:25.719 1549 1967 E DisplayDeviceConfig: requesting nits when no mapping exists.
03-19 14:36:25.719 1549 1668 I am_wtf : [0,1549,system_server,-1,DisplayDeviceConfig,requesting nits when no mapping exists.]
03-19 14:36:25.720 1549 1668 I am_wtf : [0,1549,system_server,-1,DisplayDeviceConfig,requesting nits when no mapping exists.]
03-19 14:36:25.735 1549 1967 E DisplayDeviceConfig: requesting nits when no mapping exists.
03-19 14:36:25.736 1549 1967 E DisplayDeviceConfig: requesting nits when no mapping exists.
03-19 14:36:25.736 1549 1668 I am_wtf : [0,1549,system_server,-1,DisplayDeviceConfig,requesting nits when no mapping exists.]
03-19 14:36:25.736 1549 1668 I am_wtf : [0,1549,system_server,-1,DisplayDeviceConfig,requesting nits when no mapping exists.]
03-19 14:36:25.752 1549 1967 E DisplayDeviceConfig: requesting nits when no mapping exists.
03-19 14:36:25.753 1549 1967 E DisplayDeviceConfig: requesting nits when no mapping exists.
03-19 14:36:25.753 1549 1668 I am_wtf : [0,1549,system_server,-1,DisplayDeviceConfig,requesting nits when no mapping exists.]
03-19 14:36:25.754 1549 1668 I am_wtf : [0,1549,system_server,-1,DisplayDeviceConfig,requesting nits when no mapping exists.]
03-19 14:36:25.768 1549 1967 E DisplayDeviceConfig: requesting nits when no mapping exists.
03-19 14:36:25.769 1549 1967 E DisplayDeviceConfig: requesting nits when no mapping exists.
03-19 14:36:25.769 1549 1668 I am_wtf : [0,1549,system_server,-1,DisplayDeviceConfig,requesting nits when no mapping exists.]
03-19 14:36:25.770 1549 1668 I am_wtf : [0,1549,system_server,-1,DisplayDeviceConfig,requesting nits when no mapping exists.]
03-19 14:36:25.785 1549 1967 E DisplayDeviceConfig: requesting nits when no mapping exists.
03-19 14:36:25.786 1549 1967 E DisplayDeviceConfig: requesting nits when no mapping exists.
03-19 14:36:25.786 1549 1668 I am_wtf : [0,1549,system_server,-1,DisplayDeviceConfig,requesting nits when no mapping exists.]
03-19 14:36:25.786 1549 1668 I service_manager_stats: [100,53,66358]
03-19 14:36:25.787 1549 1668 I am_wtf : [0,1549,system_server,-1,DisplayDeviceConfig,requesting nits when no mapping exists.]
03-19 14:36:25.802 1549 1967 E DisplayDeviceConfig: requesting nits when no mapping exists.
03-19 14:36:25.803 1549 1668 I am_wtf : [0,1549,system_server,-1,DisplayDeviceConfig,requesting nits when no mapping exists.]
03-19 14:36:25.803 1549 1967 E DisplayDeviceConfig: requesting nits when no mapping exists.
03-19 14:36:25.803 1549 1668 I am_wtf : [0,1549,system_server,-1,DisplayDeviceConfig,requesting nits when no mapping exists.]
03-19 14:36:25.819 1549 1967 E DisplayDeviceConfig: requesting nits when no mapping exists.
03-19 14:36:25.819 1549 1967 E DisplayDeviceConfig: requesting nits when no mapping exists.
03-19 14:36:25.820 1549 1668 I am_wtf : [0,1549,system_server,-1,DisplayDeviceConfig,requesting nits when no mapping exists.]
03-19 14:36:25.820 1549 1668 I am_wtf : [0,1549,system_server,-1,DisplayDeviceConfig,requesting nits when no mapping exists.]
03-19 14:36:25.836 1549 1967 E DisplayDeviceConfig: requesting nits when no mapping exists.
03-19 14:36:25.836 1549 1967 E DisplayDeviceConfig: requesting nits when no mapping exists.
03-19 14:36:25.836 1549 1668 I am_wtf : [0,1549,system_server,-1,DisplayDeviceConfig,requesting nits when no mapping exists.]
03-19 14:36:25.837 1549 1668 I am_wtf : [0,1549,system_server,-1,DisplayDeviceConfig,requesting nits when no mapping exists.]
03-19 14:36:25.852 1549 1967 E DisplayDeviceConfig: requesting nits when no mapping exists.
03-19 14:36:25.853 1549 1967 E DisplayDeviceConfig: requesting nits when no mapping exists.
03-19 14:36:25.853 1549 1668 I am_wtf : [0,1549,system_server,-1,DisplayDeviceConfig,requesting nits when no mapping exists.]
03-19 14:36:25.854 1549 1668 I am_wtf : [0,1549,system_server,-1,DisplayDeviceConfig,requesting nits when no mapping exists.]
03-19 14:36:25.869 1549 1967 E DisplayDeviceConfig: requesting nits when no mapping exists.
03-19 14:36:25.869 1549 1967 E DisplayDeviceConfig: requesting nits when no mapping exists.
03-19 14:36:25.869 1549 1668 I am_wtf : [0,1549,system_server,-1,DisplayDeviceConfig,requesting nits when no mapping exists.]
03-19 14:36:25.870 1549 1668 I am_wtf : [0,1549,system_server,-1,DisplayDeviceConfig,requesting nits when no mapping exists.]
03-19 14:36:25.886 1549 1967 E DisplayDeviceConfig: requesting nits when no mapping exists.
03-19 14:36:25.886 1549 1967 E DisplayDeviceConfig: requesting nits when no mapping exists.
03-19 14:36:25.886 1549 1668 I am_wtf : [0,1549,system_server,-1,DisplayDeviceConfig,requesting nits when no mapping exists.]
03-19 14:36:25.887 1549 1668 I am_wtf : [0,1549,system_server,-1,DisplayDeviceConfig,requesting nits when no mapping exists.]
03-19 14:36:25.902 1549 1967 E DisplayDeviceConfig: requesting nits when no mapping exists.
03-19 14:36:25.903 1549 1967 E DisplayDeviceConfig: requesting nits when no mapping exists.
03-19 14:36:25.903 1549 1668 I am_wtf : [0,1549,system_server,-1,DisplayDeviceConfig,requesting nits when no mapping exists.]
03-19 14:36:25.904 1549 1668 I am_wtf : [0,1549,system_server,-1,DisplayDeviceConfig,requesting nits when no mapping exists.]
03-19 14:36:25.919 1549 1967 E DisplayDeviceConfig: requesting nits when no mapping exists.
03-19 14:36:25.920 1549 1967 E DisplayDeviceConfig: requesting nits when no mapping exists.
03-19 14:36:25.920 1549 1668 I am_wtf : [0,1549,system_server,-1,DisplayDeviceConfig,requesting nits when no mapping exists.]
03-19 14:36:25.921 1549 1668 I am_wtf : [0,1549,system_server,-1,DisplayDeviceConfig,requesting nits when no mapping exists.]
03-19 14:36:25.940 1549 1967 E DisplayDeviceConfig: requesting nits when no mapping exists.
03-19 14:36:25.941 1549 1967 E DisplayDeviceConfig: requesting nits when no mapping exists.
03-19 14:36:25.941 1549 1668 I am_wtf : [0,1549,system_server,-1,DisplayDeviceConfig,requesting nits when no mapping exists.]
03-19 14:36:25.942 1549 1668 I am_wtf : [0,1549,system_server,-1,DisplayDeviceConfig,requesting nits when no mapping exists.]
03-19 14:36:26.262 1549 1549 I notification_enqueue: [10094,12961,com.tencent.android.qqdownloader,127,NULL,0,Notification(channel=channel_id_default_silent shortcut=null contentView=com.tencent.android.qqdownloader/0x7f0a01c2 vibrate=null sound=null defaults=0x0 flags=0x2a0 color=0x00000000 groupKey=com.tencent.android.qqdownloader vis=PRIVATE),1]
03-19 14:36:26.466 1549 1549 I GameModeConfig: isGameModeOn = true
03-19 14:36:26.466 1549 1549 I GameModeConfig: isGaming = false
01-01 09:24:07.483 0 0 E DTC_ETH,link_delay_work_func: 3003, SQI=0, link=0
01-01 09:24:09.059 0 0 E DTC_Display: screen not ready
01-01 09:24:09.059 0 0 E DTC_Display: Backlight abnormal: 0x7c
01-01 09:24:09.917 0 0 I msm_vidc: err : ffffffff: .....: DBLP Set: status 0
03-19 14:36:29.639 1549 1668 I am_uid_idle: 10050
01-01 09:24:12.603 0 0 E DTC_ETH,link_delay_work_func: 3003, SQI=0, link=0
01-01 09:24:12.643 0 0 E DTC_Display: screen not ready
03-19 14:36:32.254 1549 1684 I PowerManagerService: Napping display group (groupId=0, uid=1000)...
03-19 14:36:32.254 1549 1684 I PowerManagerService: Nap time (uid 1000)...
03-19 14:36:32.256 1549 1684 I DreamManagerService: Entering dreamland.
03-19 14:36:32.257 1549 1684 I PowerManagerService: Dreaming...
03-19 14:36:32.261 1549 1653 I DreamController: Starting dream: name=ComponentInfo{com.thundercomm.screensaver/com.thundercomm.screensaver.service.SystemDream}, isTest=false, canDoze=false, userId=0
03-19 14:36:32.261 1549 1653 I sysui_multi_action: [757,222,758,1]
03-19 14:36:32.264 1549 1653 I am_uid_active: 10050
03-19 14:36:32.268 1549 1653 D AutofillManagerService: Close system dialogs
03-19 14:36:32.277 1549 1667 I am_pss : [21041,10085,com.android.music,31005696,23728128,3432448,115810304,0,2,11]
03-19 14:36:32.280 1549 8362 I ActivityTaskManager: START u0 {flg=0x10000000 pkg=com.thundercomm.screensaver cmp=com.thundercomm.screensaver/android.service.dreams.DreamActivity (has extras)} from uid 10050
03-19 14:36:32.284 1549 8362 I wm_task_created: [125,-1]
03-19 14:36:32.284 1549 8362 W ActivityTaskManager: Can't find TaskDisplayArea to determine support for multi window. Task id=125 attached=false
03-19 14:36:32.290 1549 8362 I wm_task_moved: [125,1,11]
03-19 14:36:32.290 1549 8362 I wm_task_to_front: [0,125]
03-19 14:36:32.290 1549 8362 I wm_create_task: [0,125]
03-19 14:36:32.290 1549 8362 I wm_create_activity: [0,9910376,125,com.thundercomm.screensaver/android.service.dreams.DreamActivity,NULL,NULL,NULL,276824064]
03-19 14:36:32.290 1549 8362 I wm_task_moved: [125,1,11]
03-19 14:36:32.291 21041 21041 I wm_on_top_resumed_lost_called: [233959670,com.android.music.VideoBrowserActivity,topStateChangedWhenResumed]
03-19 14:36:32.292 1549 8362 I wm_pause_activity: [0,249239324,com.android.launcher3/.uioverrides.QuickstepLauncher,userLeaving=true,pauseBackTasks]
03-19 14:36:32.293 2634 2634 I wm_on_paused_called: [249239324,com.android.launcher3.uioverrides.QuickstepLauncher,performPause]
03-19 14:36:32.293 1549 8362 W WindowManager: updateScale : 0.8
03-19 14:36:32.295 1549 4916 I ActivityTaskManager: FOREGROUND_APPLICATION_CHANGED to android.service.dreams.DreamActivity
03-19 14:36:32.296 1549 4916 I ActivityTaskManager: The Process com.thundercomm.screensaver Already Exists in BG. So sending its PID: 4239
03-19 14:36:32.296 1549 4916 W ActivityTaskManager: Tried to set launchTime (0) < mLastActivityLaunchTime (4977397)
03-19 14:36:32.296 1549 4916 I wm_add_to_stopping: [0,249239324,com.android.launcher3/.uioverrides.QuickstepLauncher,makeInvisible]
03-19 14:36:32.296 1549 4916 I wm_restart_activity: [0,9910376,125,com.thundercomm.screensaver/android.service.dreams.DreamActivity]
03-19 14:36:32.298 1549 4916 I wm_set_resumed_activity: [0,com.thundercomm.screensaver/android.service.dreams.DreamActivity,minimalResumeActivityLocked]
03-19 14:36:32.303 4239 4239 I wm_on_create_called: [9910376,android.service.dreams.DreamActivity,performCreate]
03-19 14:36:32.303 1549 1656 I sysui_multi_action: [757,803,799,window_time_0,802,61]
03-19 14:36:32.303 4239 4239 I wm_on_start_called: [9910376,android.service.dreams.DreamActivity,handleStartActivity]
03-19 14:36:32.304 4239 4239 I wm_on_resume_called: [9910376,android.service.dreams.DreamActivity,RESUME_ACTIVITY]
03-19 14:36:32.306 1549 4216 W WindowManager: Failed looking up window session=Session{13b15a0 4239:u0a10050} callers=com.android.server.wm.WindowManagerService.windowForClientLocked:5628 com.android.server.wm.Session.insetsModified:629 android.view.IWindowSession$Stub.onTransact:1151
03-19 14:36:32.307 4239 4239 I wm_on_top_resumed_gained_called: [9910376,android.service.dreams.DreamActivity,topStateChangedWhenResumed]
03-19 14:36:32.315 1549 1667 I am_pss : [21017,1000,com.android.settings,1041554432,1024528384,0,1197977600,0,15,34]
03-19 14:36:32.322 1549 8362 W WindowManager: updateScale : 0.8
03-19 14:36:32.324 1549 1657 I input_focus: [Focus request af847bd com.thundercomm.screensaver/android.service.dreams.DreamActivity,reason=UpdateInputWindows]
03-19 14:36:32.328 1549 1657 W WindowManager: updateScale : 0.8
03-19 14:36:32.334 1549 1657 W WindowManager: updateScale : 0.8
03-19 14:36:32.335 1549 1653 I sysui_multi_action: [319,53,322,52,325,5050,757,761,758,8,759,2,806,com.thundercomm.screensaver,871,android.service.dreams.DreamActivity,904,com.thundercomm.screensaver,905,0,1320,4,1321,2]
03-19 14:36:32.335 1549 1653 I wm_activity_launch_time: [0,9910376,com.thundercomm.screensaver/android.service.dreams.DreamActivity,52]
03-19 14:36:32.336 1549 1657 W WindowManager: updateScale : 0.8
03-19 14:36:32.336 1549 1684 V DisplayPowerController[0]: Brightness [0.7070707] reason changing to: 'manual', previous reason: 'manual [ dim ]'.
03-19 14:36:32.336 1549 1684 I sysui_multi_action: [757,1696,758,6,759,3]
03-19 14:36:32.331 871 871 I auditd : type=1400 audit(0.0:12346): avc: denied { add_name } for comm="perf@2.2-servic" name="clkscale_enable" scontext=u:r:vendor_hal_perf_default:s0 tcontext=u:object_r:sysfs:s0 tclass=dir permissive=1
03-19 14:36:32.331 871 871 I auditd : type=1400 audit(0.0:12347): avc: denied { create } for comm="perf@2.2-servic" name="clkscale_enable" scontext=u:r:vendor_hal_perf_default:s0 tcontext=u:object_r:sysfs:s0 tclass=file permissive=1
03-19 14:36:32.338 1549 1656 W WindowManager: updateScale : 0.8
03-19 14:36:32.338 1549 1741 I input_focus: [Focus leaving 2b6befc com.android.music/com.android.music.VideoBrowserActivity (server),reason=Waiting for window because NOT_VISIBLE]
03-19 14:36:32.341 1549 1656 W WindowManager: updateScale : 0.8
03-19 14:36:32.353 1549 1967 E DisplayDeviceConfig: requesting nits when no mapping exists.
03-19 14:36:32.353 1549 1668 I am_wtf : [0,1549,system_server,-1,DisplayDeviceConfig,requesting nits when no mapping exists.]
03-19 14:36:32.353 1549 1967 E DisplayDeviceConfig: requesting nits when no mapping exists.
03-19 14:36:32.353 1549 1668 I am_wtf : [0,1549,system_server,-1,DisplayDeviceConfig,requesting nits when no mapping exists.]
03-19 14:36:32.354 1549 1741 I input_focus: [Focus entering af847bd com.thundercomm.screensaver/android.service.dreams.DreamActivity (server),reason=Window became focusable. Previous reason: NOT_VISIBLE]
03-19 14:36:32.370 1549 1967 E DisplayDeviceConfig: requesting nits when no mapping exists.
03-19 14:36:32.370 1549 1967 E DisplayDeviceConfig: requesting nits when no mapping exists.
03-19 14:36:32.370 1549 1668 I am_wtf : [0,1549,system_server,-1,DisplayDeviceConfig,requesting nits when no mapping exists.]
03-19 14:36:32.370 1549 1668 I am_wtf : [0,1549,system_server,-1,DisplayDeviceConfig,requesting nits when no mapping exists.]
03-19 14:36:32.386 1549 1967 E DisplayDeviceConfig: requesting nits when no mapping exists.
03-19 14:36:32.387 1549 1967 E DisplayDeviceConfig: requesting nits when no mapping exists.
03-19 14:36:32.387 1549 1668 I am_wtf : [0,1549,system_server,-1,DisplayDeviceConfig,requesting nits when no mapping exists.]
03-19 14:36:32.387 1549 1668 I am_wtf : [0,1549,system_server,-1,DisplayDeviceConfig,requesting nits when no mapping exists.]
03-19 14:36:32.399 1549 10196 W FreeFormWindowHelper: Current Display FreeFormTask is Task{ae38991 #124 type=standard A=10085:android.task.video U=0 visible=false mode=freeform translucent=true sz=1}
03-19 14:36:32.399 1549 10196 W FreeFormWindowHelper: Current Display FreeFormTask is Task{ae38991 #124 type=standard A=10085:android.task.video U=0 visible=false mode=freeform translucent=true sz=1}
03-19 14:36:32.403 1549 1967 E DisplayDeviceConfig: requesting nits when no mapping exists.
03-19 14:36:32.403 1549 1967 E DisplayDeviceConfig: requesting nits when no mapping exists.
03-19 14:36:32.403 1549 1668 I am_wtf : [0,1549,system_server,-1,DisplayDeviceConfig,requesting nits when no mapping exists.]
03-19 14:36:32.403 1549 1668 I am_wtf : [0,1549,system_server,-1,DisplayDeviceConfig,requesting nits when no mapping exists.]
03-19 14:36:32.421 1549 1967 E DisplayDeviceConfig: requesting nits when no mapping exists.
03-19 14:36:32.421 1549 1967 E DisplayDeviceConfig: requesting nits when no mapping exists.
03-19 14:36:32.421 1549 1668 I am_wtf : [0,1549,system_server,-1,DisplayDeviceConfig,requesting nits when no mapping exists.]
03-19 14:36:32.421 1549 1668 I am_wtf : [0,1549,system_server,-1,DisplayDeviceConfig,requesting nits when no mapping exists.]
03-19 14:36:32.437 1549 1967 E DisplayDeviceConfig: requesting nits when no mapping exists.
03-19 14:36:32.437 1549 1967 E DisplayDeviceConfig: requesting nits when no mapping exists.
03-19 14:36:32.437 1549 1668 I am_wtf : [0,1549,system_server,-1,DisplayDeviceConfig,requesting nits when no mapping exists.]
03-19 14:36:32.437 1549 1668 I am_wtf : [0,1549,system_server,-1,DisplayDeviceConfig,requesting nits when no mapping exists.]
03-19 14:36:32.454 1549 1967 E DisplayDeviceConfig: requesting nits when no mapping exists.
03-19 14:36:32.454 1549 1967 E DisplayDeviceConfig: requesting nits when no mapping exists.
03-19 14:36:32.454 1549 1668 I am_wtf : [0,1549,system_server,-1,DisplayDeviceConfig,requesting nits when no mapping exists.]
03-19 14:36:32.455 1549 1668 I am_wtf : [0,1549,system_server,-1,DisplayDeviceConfig,requesting nits when no mapping exists.]
03-19 14:36:32.470 1549 1967 E DisplayDeviceConfig: requesting nits when no mapping exists.
03-19 14:36:32.470 1549 1967 E DisplayDeviceConfig: requesting nits when no mapping exists.
03-19 14:36:32.470 1549 1668 I am_wtf : [0,1549,system_server,-1,DisplayDeviceConfig,requesting nits when no mapping exists.]
03-19 14:36:32.471 1549 1668 I am_wtf : [0,1549,system_server,-1,DisplayDeviceConfig,requesting nits when no mapping exists.]
03-19 14:36:32.487 1549 1967 E DisplayDeviceConfig: requesting nits when no mapping exists.
03-19 14:36:32.488 1549 1967 E DisplayDeviceConfig: requesting nits when no mapping exists.
03-19 14:36:32.488 1549 1668 I am_wtf : [0,1549,system_server,-1,DisplayDeviceConfig,requesting nits when no mapping exists.]
03-19 14:36:32.488 1549 1668 I am_wtf : [0,1549,system_server,-1,DisplayDeviceConfig,requesting nits when no mapping exists.]
03-19 14:36:32.504 1549 1967 E DisplayDeviceConfig: requesting nits when no mapping exists.
03-19 14:36:32.504 1549 1967 E DisplayDeviceConfig: requesting nits when no mapping exists.
03-19 14:36:32.504 1549 1668 I am_wtf : [0,1549,system_server,-1,DisplayDeviceConfig,requesting nits when no mapping exists.]
03-19 14:36:32.505 1549 1668 I am_wtf : [0,1549,system_server,-1,DisplayDeviceConfig,requesting nits when no mapping exists.]
03-19 14:36:32.520 1549 1967 E DisplayDeviceConfig: requesting nits when no mapping exists.
03-19 14:36:32.520 1549 1967 E DisplayDeviceConfig: requesting nits when no mapping exists.
03-19 14:36:32.520 1549 1668 I am_wtf : [0,1549,system_server,-1,DisplayDeviceConfig,requesting nits when no mapping exists.]
03-19 14:36:32.521 1549 1668 I am_wtf : [0,1549,system_server,-1,DisplayDeviceConfig,requesting nits when no mapping exists.]
03-19 14:36:32.537 1549 1967 E DisplayDeviceConfig: requesting nits when no mapping exists.
03-19 14:36:32.537 1549 1967 E DisplayDeviceConfig: requesting nits when no mapping exists.
03-19 14:36:32.537 1549 1668 I am_wtf : [0,1549,system_server,-1,DisplayDeviceConfig,requesting nits when no mapping exists.]
03-19 14:36:32.537 1549 1668 I am_wtf : [0,1549,system_server,-1,DisplayDeviceConfig,requesting nits when no mapping exists.]
03-19 14:36:32.553 1549 1967 E DisplayDeviceConfig: requesting nits when no mapping exists.
03-19 14:36:32.554 1549 1967 E DisplayDeviceConfig: requesting nits when no mapping exists.
03-19 14:36:32.554 1549 1668 I am_wtf : [0,1549,system_server,-1,DisplayDeviceConfig,requesting nits when no mapping exists.]
03-19 14:36:32.554 1549 1668 I am_wtf : [0,1549,system_server,-1,DisplayDeviceConfig,requesting nits when no mapping exists.]
03-19 14:36:32.570 1549 1967 E DisplayDeviceConfig: requesting nits when no mapping exists.
03-19 14:36:32.570 1549 1967 E DisplayDeviceConfig: requesting nits when no mapping exists.
03-19 14:36:32.570 1549 1668 I am_wtf : [0,1549,system_server,-1,DisplayDeviceConfig,requesting nits when no mapping exists.]
03-19 14:36:32.571 1549 1668 I am_wtf : [0,1549,system_server,-1,DisplayDeviceConfig,requesting nits when no mapping exists.]
03-19 14:36:32.587 1549 1967 E DisplayDeviceConfig: requesting nits when no mapping exists.
03-19 14:36:32.587 1549 1967 E DisplayDeviceConfig: requesting nits when no mapping exists.
03-19 14:36:32.587 1549 1668 I am_wtf : [0,1549,system_server,-1,DisplayDeviceConfig,requesting nits when no mapping exists.]
03-19 14:36:32.588 1549 1668 I am_wtf : [0,1549,system_server,-1,DisplayDeviceConfig,requesting nits when no mapping exists.]
03-19 14:36:32.604 1549 1967 E DisplayDeviceConfig: requesting nits when no mapping exists.
03-19 14:36:32.604 1549 1967 E DisplayDeviceConfig: requesting nits when no mapping exists.
03-19 14:36:32.604 1549 1668 I am_wtf : [0,1549,system_server,-1,DisplayDeviceConfig,requesting nits when no mapping exists.]
03-19 14:36:32.604 1549 1668 I am_wtf : [0,1549,system_server,-1,DisplayDeviceConfig,requesting nits when no mapping exists.]
03-19 14:36:32.621 1549 1656 I wm_stop_activity: [0,249239324,com.android.launcher3/.uioverrides.QuickstepLauncher]
03-19 14:36:32.621 1549 1967 E DisplayDeviceConfig: requesting nits when no mapping exists.
03-19 14:36:32.621 1549 1967 E DisplayDeviceConfig: requesting nits when no mapping exists.
03-19 14:36:32.621 1549 1668 I am_wtf : [0,1549,system_server,-1,DisplayDeviceConfig,requesting nits when no mapping exists.]
03-19 14:36:32.622 1549 1668 I am_wtf : [0,1549,system_server,-1,DisplayDeviceConfig,requesting nits when no mapping exists.]
03-19 14:36:32.622 1549 1657 W WindowManager: updateScale : 0.8
03-19 14:36:32.637 1549 1967 E DisplayDeviceConfig: requesting nits when no mapping exists.
03-19 14:36:32.637 1549 1967 E DisplayDeviceConfig: requesting nits when no mapping exists.
03-19 14:36:32.637 1549 1668 I am_wtf : [0,1549,system_server,-1,DisplayDeviceConfig,requesting nits when no mapping exists.]
03-19 14:36:32.637 1549 1668 I am_wtf : [0,1549,system_server,-1,DisplayDeviceConfig,requesting nits when no mapping exists.]
03-19 14:36:32.640 1549 4687 W WindowManager: updateScale : 0.8
03-19 14:36:32.641 2634 2634 I wm_on_stop_called: [249239324,com.android.launcher3.uioverrides.QuickstepLauncher,STOP_ACTIVITY_ITEM]
03-19 14:36:32.653 1549 1967 E DisplayDeviceConfig: requesting nits when no mapping exists.
03-19 14:36:32.654 1549 1668 I am_wtf : [0,1549,system_server,-1,DisplayDeviceConfig,requesting nits when no mapping exists.]
03-19 14:36:32.654 1549 1967 E DisplayDeviceConfig: requesting nits when no mapping exists.
03-19 14:36:32.654 1549 1668 I am_wtf : [0,1549,system_server,-1,DisplayDeviceConfig,requesting nits when no mapping exists.]
03-19 14:36:32.670 1549 1967 E DisplayDeviceConfig: requesting nits when no mapping exists.
03-19 14:36:32.671 1549 1967 E DisplayDeviceConfig: requesting nits when no mapping exists.
03-19 14:36:32.671 1549 1668 I am_wtf : [0,1549,system_server,-1,DisplayDeviceConfig,requesting nits when no mapping exists.]
03-19 14:36:32.671 1549 1668 I am_wtf : [0,1549,system_server,-1,DisplayDeviceConfig,requesting nits when no mapping exists.]
03-19 14:36:32.687 1549 1967 E DisplayDeviceConfig: requesting nits when no mapping exists.
03-19 14:36:32.687 1549 1967 E DisplayDeviceConfig: requesting nits when no mapping exists.
03-19 14:36:32.687 1549 1668 I am_wtf : [0,1549,system_server,-1,DisplayDeviceConfig,requesting nits when no mapping exists.]
03-19 14:36:32.687 1549 1668 I am_wtf : [0,1549,system_server,-1,DisplayDeviceConfig,requesting nits when no mapping exists.]
03-19 14:36:32.701 1549 1967 E DisplayDeviceConfig: requesting nits when no mapping exists.
03-19 14:36:32.701 1549 1967 E DisplayDeviceConfig: requesting nits when no mapping exists.
03-19 14:36:32.701 1549 1668 I am_wtf : [0,1549,system_server,-1,DisplayDeviceConfig,requesting nits when no mapping exists.]
03-19 14:36:32.702 1549 1668 I am_wtf : [0,1549,system_server,-1,DisplayDeviceConfig,requesting nits when no mapping exists.]
03-19 14:36:32.718 1549 1967 E DisplayDeviceConfig: requesting nits when no mapping exists.
03-19 14:36:32.718 1549 1967 E DisplayDeviceConfig: requesting nits when no mapping exists.
03-19 14:36:32.718 1549 1668 I am_wtf : [0,1549,system_server,-1,DisplayDeviceConfig,requesting nits when no mapping exists.]
03-19 14:36:32.718 1549 1668 I am_wtf : [0,1549,system_server,-1,DisplayDeviceConfig,requesting nits when no mapping exists.]
03-19 14:36:32.735 1549 1967 E DisplayDeviceConfig: requesting nits when no mapping exists.
03-19 14:36:32.735 1549 1668 I am_wtf : [0,1549,system_server,-1,DisplayDeviceConfig,requesting nits when no mapping exists.]
03-19 14:36:32.735 1549 1967 E DisplayDeviceConfig: requesting nits when no mapping exists.
03-19 14:36:32.735 1549 1668 I am_wtf : [0,1549,system_server,-1,DisplayDeviceConfig,requesting nits when no mapping exists.]
03-19 14:36:32.751 1549 1967 E DisplayDeviceConfig: requesting nits when no mapping exists.
03-19 14:36:32.751 1549 1967 E DisplayDeviceConfig: requesting nits when no mapping exists.
03-19 14:36:32.751 1549 1668 I am_wtf : [0,1549,system_server,-1,DisplayDeviceConfig,requesting nits when no mapping exists.]
03-19 14:36:32.752 1549 1668 I am_wtf : [0,1549,system_server,-1,DisplayDeviceConfig,requesting nits when no mapping exists.]
03-19 14:36:32.768 1549 1967 E DisplayDeviceConfig: requesting nits when no mapping exists.
03-19 14:36:32.768 1549 1668 I am_wtf : [0,1549,system_server,-1,DisplayDeviceConfig,requesting nits when no mapping exists.]
03-19 14:36:32.768 1549 1967 E DisplayDeviceConfig: requesting nits when no mapping exists.
03-19 14:36:32.768 1549 1668 I am_wtf : [0,1549,system_server,-1,DisplayDeviceConfig,requesting nits when no mapping exists.]
03-19 14:36:32.785 1549 1967 E DisplayDeviceConfig: requesting nits when no mapping exists.
03-19 14:36:32.785 1549 1668 I am_wtf : [0,1549,system_server,-1,DisplayDeviceConfig,requesting nits when no mapping exists.]
03-19 14:36:32.785 1549 1967 E DisplayDeviceConfig: requesting nits when no mapping exists.
03-19 14:36:32.785 1549 1668 I am_wtf : [0,1549,system_server,-1,DisplayDeviceConfig,requesting nits when no mapping exists.]
03-19 14:36:32.801 1549 1967 E DisplayDeviceConfig: requesting nits when no mapping exists.
03-19 14:36:32.802 1549 1967 E DisplayDeviceConfig: requesting nits when no mapping exists.
03-19 14:36:32.802 1549 1668 I am_wtf : [0,1549,system_server,-1,DisplayDeviceConfig,requesting nits when no mapping exists.]
03-19 14:36:32.802 1549 1668 I am_wtf : [0,1549,system_server,-1,DisplayDeviceConfig,requesting nits when no mapping exists.]
03-19 14:36:32.818 1549 1967 E DisplayDeviceConfig: requesting nits when no mapping exists.
03-19 14:36:32.818 1549 1668 I am_wtf : [0,1549,system_server,-1,DisplayDeviceConfig,requesting nits when no mapping exists.]
03-19 14:36:32.818 1549 1967 E DisplayDeviceConfig: requesting nits when no mapping exists.
03-19 14:36:32.819 1549 1668 I am_wtf : [0,1549,system_server,-1,DisplayDeviceConfig,requesting nits when no mapping exists.]
03-19 14:36:32.835 1549 1967 E DisplayDeviceConfig: requesting nits when no mapping exists.
03-19 14:36:32.835 1549 1668 I am_wtf : [0,1549,system_server,-1,DisplayDeviceConfig,requesting nits when no mapping exists.]
03-19 14:36:32.835 1549 1967 E DisplayDeviceConfig: requesting nits when no mapping exists.
03-19 14:36:32.835 1549 1668 I am_wtf : [0,1549,system_server,-1,DisplayDeviceConfig,requesting nits when no mapping exists.]
03-19 14:36:32.852 1549 1967 E DisplayDeviceConfig: requesting nits when no mapping exists.
03-19 14:36:32.852 1549 1668 I am_wtf : [0,1549,system_server,-1,DisplayDeviceConfig,requesting nits when no mapping exists.]
03-19 14:36:32.852 1549 1967 E DisplayDeviceConfig: requesting nits when no mapping exists.
03-19 14:36:32.852 1549 1668 I am_wtf : [0,1549,system_server,-1,DisplayDeviceConfig,requesting nits when no mapping exists.]
03-19 14:36:32.868 1549 1967 E DisplayDeviceConfig: requesting nits when no mapping exists.
03-19 14:36:32.868 1549 1668 I am_wtf : [0,1549,system_server,-1,DisplayDeviceConfig,requesting nits when no mapping exists.]
03-19 14:36:32.868 1549 1967 E DisplayDeviceConfig: requesting nits when no mapping exists.
03-19 14:36:32.869 1549 1668 I am_wtf : [0,1549,system_server,-1,DisplayDeviceConfig,requesting nits when no mapping exists.]
03-19 14:36:32.885 1549 1967 E DisplayDeviceConfig: requesting nits when no mapping exists.
03-19 14:36:32.885 1549 1967 E DisplayDeviceConfig: requesting nits when no mapping exists.
03-19 14:36:32.885 1549 1668 I am_wtf : [0,1549,system_server,-1,DisplayDeviceConfig,requesting nits when no mapping exists.]
03-19 14:36:32.885 1549 1668 I am_wtf : [0,1549,system_server,-1,DisplayDeviceConfig,requesting nits when no mapping exists.]
03-19 14:36:32.902 1549 1967 E DisplayDeviceConfig: requesting nits when no mapping exists.
03-19 14:36:32.902 1549 1668 I am_wtf : [0,1549,system_server,-1,DisplayDeviceConfig,requesting nits when no mapping exists.]
03-19 14:36:32.902 1549 1967 E DisplayDeviceConfig: requesting nits when no mapping exists.
03-19 14:36:32.902 1549 1668 I am_wtf : [0,1549,system_server,-1,DisplayDeviceConfig,requesting nits when no mapping exists.]
03-19 14:36:32.918 1549 1967 E DisplayDeviceConfig: requesting nits when no mapping exists.
03-19 14:36:32.918 1549 1668 I am_wtf : [0,1549,system_server,-1,DisplayDeviceConfig,requesting nits when no mapping exists.]
03-19 14:36:32.918 1549 1967 E DisplayDeviceConfig: requesting nits when no mapping exists.
03-19 14:36:32.919 1549 1668 I am_wtf : [0,1549,system_server,-1,DisplayDeviceConfig,requesting nits when no mapping exists.]
03-19 14:36:32.935 1549 1967 E DisplayDeviceConfig: requesting nits when no mapping exists.
03-19 14:36:32.935 1549 1668 I am_wtf : [0,1549,system_server,-1,DisplayDeviceConfig,requesting nits when no mapping exists.]
03-19 14:36:32.935 1549 1967 E DisplayDeviceConfig: requesting nits when no mapping exists.
03-19 14:36:32.935 1549 1668 I am_wtf : [0,1549,system_server,-1,DisplayDeviceConfig,requesting nits when no mapping exists.]
03-19 14:36:32.952 1549 1967 E DisplayDeviceConfig: requesting nits when no mapping exists.
03-19 14:36:32.952 1549 1967 E DisplayDeviceConfig: requesting nits when no mapping exists.
03-19 14:36:32.952 1549 1668 I am_wtf : [0,1549,system_server,-1,DisplayDeviceConfig,requesting nits when no mapping exists.]
03-19 14:36:32.952 1549 1668 I am_wtf : [0,1549,system_server,-1,DisplayDeviceConfig,requesting nits when no mapping exists.]
03-19 14:36:32.968 1549 1967 E DisplayDeviceConfig: requesting nits when no mapping exists.
03-19 14:36:32.969 1549 1967 E DisplayDeviceConfig: requesting nits when no mapping exists.
03-19 14:36:32.969 1549 1668 I am_wtf : [0,1549,system_server,-1,DisplayDeviceConfig,requesting nits when no mapping exists.]
03-19 14:36:32.969 1549 1668 I service_manager_stats: [100,24,7182]
03-19 14:36:32.969 1549 1668 I am_wtf : [0,1549,system_server,-1,DisplayDeviceConfig,requesting nits when no mapping exists.]
03-19 14:36:32.985 1549 1967 E DisplayDeviceConfig: requesting nits when no mapping exists.
03-19 14:36:32.985 1549 1668 I am_wtf : [0,1549,system_server,-1,DisplayDeviceConfig,requesting nits when no mapping exists.]
03-19 14:36:32.985 1549 1967 E DisplayDeviceConfig: requesting nits when no mapping exists.
03-19 14:36:32.985 1549 1668 I am_wtf : [0,1549,system_server,-1,DisplayDeviceConfig,requesting nits when no mapping exists.]
03-19 14:36:33.002 1549 1967 E DisplayDeviceConfig: requesting nits when no mapping exists.
03-19 14:36:33.002 1549 1668 I am_wtf : [0,1549,system_server,-1,DisplayDeviceConfig,requesting nits when no mapping exists.]
03-19 14:36:33.002 1549 1967 E DisplayDeviceConfig: requesting nits when no mapping exists.
03-19 14:36:33.002 1549 1668 I am_wtf : [0,1549,system_server,-1,DisplayDeviceConfig,requesting nits when no mapping exists.]
03-19 14:36:34.303 871 871 I auditd : type=1400 audit(0.0:12348): avc: denied { add_name } for comm="perf@2.2-servic" name="force_rail_on" scontext=u:r:vendor_hal_perf_default:s0 tcontext=u:object_r:vendor_sysfs_kgsl:s0 tclass=dir permissive=1
03-19 14:36:34.303 871 871 I auditd : type=1400 audit(0.0:12349): avc: denied { create } for comm="perf@2.2-servic" name="force_rail_on" scontext=u:r:vendor_hal_perf_default:s0 tcontext=u:object_r:vendor_sysfs_kgsl:s0 tclass=file permissive=1
03-19 14:36:34.303 871 871 I auditd : type=1400 audit(0.0:12350): avc: denied { add_name } for comm="perf@2.2-servic" name="min_freq" scontext=u:r:vendor_hal_perf_default:s0 tcontext=u:object_r:vendor_sysfs_devfreq:s0 tclass=dir permissive=1
03-19 14:36:34.303 871 871 I auditd : type=1400 audit(0.0:12351): avc: denied { create } for comm="perf@2.2-servic" name="min_freq" scontext=u:r:vendor_hal_perf_default:s0 tcontext=u:object_r:vendor_sysfs_devfreq:s0 tclass=file permissive=1
03-19 14:36:34.303 871 871 I auditd : type=1400 audit(0.0:12352): avc: denied { create } for comm="perf@2.2-servic" name="cpu_min_freq" scontext=u:r:vendor_hal_perf_default:s0 tcontext=u:object_r:vendor_sysfs_msm_perf:s0 tclass=file permissive=1
01-01 09:24:16.335 0 0 E DTC_Display: screen not ready
01-01 09:24:17.723 0 0 E DTC_ETH,link_delay_work_func: 3003, SQI=0, link=0
01-01 09:24:19.803 0 0 E DTC_Display: screen not ready
01-01 09:24:22.843 0 0 E DTC_ETH,link_delay_work_func: 3003, SQI=0, link=0
01-01 09:24:23.088 0 0 E DTC_Display: screen not ready
01-01 09:24:26.663 0 0 E DTC_Display: screen not ready
01-01 09:24:27.963 0 0 E DTC_ETH,link_delay_work_func: 3003, SQI=0, link=0
01-01 09:24:29.832 0 0 E DTC_Display: screen not ready
01-01 09:24:33.083 0 0 E DTC_ETH,link_delay_work_func: 3003, SQI=0, link=0
01-01 09:24:33.311 0 0 E DTC_Display: screen not ready
01-01 09:24:36.588 0 0 E DTC_Display: screen not ready
01-01 09:24:38.203 0 0 E DTC_ETH,link_delay_work_func: 3003, SQI=0, link=0
01-01 09:24:40.163 0 0 E DTC_Display: screen not ready
01-01 09:24:43.323 0 0 E DTC_ETH,link_delay_work_func: 3003, SQI=0, link=0
01-01 09:24:43.339 0 0 E DTC_Display: screen not ready
01-01 09:24:46.812 0 0 E DTC_Display: screen not ready
01-01 09:24:48.443 0 0 E DTC_ETH,link_delay_work_func: 3003, SQI=0, link=0
01-01 09:24:50.091 0 0 E DTC_Display: screen not ready
01-01 09:24:53.563 0 0 E DTC_ETH,link_delay_work_func: 3003, SQI=0, link=0
01-01 09:24:53.667 0 0 E DTC_Display: screen not ready
03-19 14:37:14.093 1549 1668 W BroadcastQueue: Background execution not allowed: receiving Intent { act=com.tencent.assistant.st.report.PluginLogProcessorReceiver.TIME flg=0x14 (has extras) } to com.tencent.android.qqdownloader/com.tencent.assistant.st.report.PluginLogProcessorReceiver
01-01 09:24:56.836 0 0 E DTC_Display: screen not ready
01-01 09:24:58.683 0 0 E DTC_ETH,link_delay_work_func: 3003, SQI=0, link=0
03-19 14:37:18.937 1549 1667 I am_pss : [18102,10093,com.yibasan.lizhifm,108402688,59985920,3829760,261455872,0,19,20]
01-01 09:25:00.315 0 0 E DTC_Display: screen not ready
01-01 09:25:03.596 0 0 E DTC_Display: screen not ready
01-01 09:25:03.803 0 0 E DTC_ETH,link_delay_work_func: 3003, SQI=0, link=0
01-01 09:25:07.171 0 0 E DTC_Display: screen not ready
03-19 14:37:27.780 1549 1549 I notification_enqueue: [10094,12961,com.tencent.android.qqdownloader,127,NULL,0,Notification(channel=channel_id_default_silent shortcut=null contentView=com.tencent.android.qqdownloader/0x7f0a01c2 vibrate=null sound=null defaults=0x0 flags=0x2a0 color=0x00000000 groupKey=com.tencent.android.qqdownloader vis=PRIVATE),1]
03-19 14:37:27.984 1549 1549 I GameModeConfig: isGameModeOn = true
03-19 14:37:27.984 1549 1549 I GameModeConfig: isGaming = false
01-01 09:25:08.923 0 0 E DTC_ETH,link_delay_work_func: 3003, SQI=0, link=0
01-01 09:25:10.339 0 0 E DTC_Display: screen not ready
01-01 09:25:13.820 0 0 E DTC_Display: screen not ready
01-01 09:25:14.043 0 0 E DTC_ETH,link_delay_work_func: 3003, SQI=0, link=0
03-19 14:37:34.355 0 0 I auditd : type=1400 audit(0.0:12353): avc: denied { kill } for comm="swapper/0" capability=5 scontext=u:r:kernel:s0 tcontext=u:r:kernel:s0 tclass=capability permissive=1
01-01 09:25:17.099 0 0 E DTC_Display: screen not ready
03-19 14:37:38.316 1549 1668 I am_uid_idle: 10061
01-01 09:25:19.163 0 0 E DTC_ETH,link_delay_work_func: 3003, SQI=0, link=0
01-01 09:25:20.675 0 0 E DTC_Display: screen not ready
01-01 09:25:23.843 0 0 E DTC_Display: screen not ready
01-01 09:25:24.283 0 0 E DTC_ETH,link_delay_work_func: 3003, SQI=0, link=0
01-01 09:25:27.323 0 0 E DTC_Display: screen not ready
01-01 09:25:29.403 0 0 E DTC_ETH,link_delay_work_func: 3003, SQI=0, link=0
01-01 09:25:30.603 0 0 E DTC_Display: screen not ready
01-01 09:25:34.180 0 0 E DTC_Display: screen not ready
01-01 09:25:34.523 0 0 E DTC_ETH,link_delay_work_func: 3003, SQI=0, link=0
01-01 09:25:37.347 0 0 E DTC_Display: screen not ready
01-01 09:25:39.643 0 0 E DTC_ETH,link_delay_work_func: 3003, SQI=0, link=0
01-01 09:25:40.827 0 0 E DTC_Display: screen not ready
01-01 09:25:44.108 0 0 E DTC_Display: screen not ready
01-01 09:25:44.763 0 0 E DTC_ETH,link_delay_work_func: 3003, SQI=0, link=0
01-01 09:25:47.684 0 0 E DTC_Display: screen not ready
01-01 09:25:49.883 0 0 E DTC_ETH,link_delay_work_func: 3003, SQI=0, link=0
01-01 09:25:50.852 0 0 E DTC_Display: screen not ready
01-01 09:25:54.331 0 0 E DTC_Display: screen not ready
01-01 09:25:55.003 0 0 E DTC_ETH,link_delay_work_func: 3003, SQI=0, link=0
01-01 09:25:57.612 0 0 E DTC_Display: screen not ready
01-01 09:26:00.123 0 0 E DTC_ETH,link_delay_work_func: 3003, SQI=0, link=0
01-01 09:26:01.187 0 0 E DTC_Display: screen not ready
01-01 09:26:04.356 0 0 E DTC_Display: screen not ready
01-01 09:26:05.243 0 0 E DTC_ETH,link_delay_work_func: 3003, SQI=0, link=0
01-01 09:26:07.835 0 0 E DTC_Display: screen not ready
03-19 14:38:29.262 1549 1549 I notification_enqueue: [10094,12961,com.tencent.android.qqdownloader,127,NULL,0,Notification(channel=channel_id_default_silent shortcut=null contentView=com.tencent.android.qqdownloader/0x7f0a01c2 vibrate=null sound=null defaults=0x0 flags=0x2a0 color=0x00000000 groupKey=com.tencent.android.qqdownloader vis=PRIVATE),1]
03-19 14:38:29.465 1549 1549 I GameModeConfig: isGameModeOn = true
03-19 14:38:29.465 1549 1549 I GameModeConfig: isGaming = false
01-01 09:26:10.363 0 0 E DTC_ETH,link_delay_work_func: 3003, SQI=0, link=0
01-01 09:26:11.012 0 0 E DTC_Display: screen not ready
01-01 09:26:14.699 0 0 E DTC_Display: screen not ready
01-01 09:26:15.483 0 0 E DTC_ETH,link_delay_work_func: 3003, SQI=0, link=0
01-01 09:26:17.963 0 0 E DTC_Display: screen not ready
01-01 09:26:20.611 0 0 E DTC_ETH,link_delay_work_func: 3003, SQI=0, link=0
01-01 09:26:21.436 0 0 E DTC_Display: screen not ready
01-01 09:26:24.715 0 0 E DTC_Display: screen not ready
01-01 09:26:25.723 0 0 E DTC_ETH,link_delay_work_func: 3003, SQI=0, link=0
01-01 09:26:28.292 0 0 E DTC_Display: screen not ready
01-01 09:26:30.843 0 0 E DTC_ETH,link_delay_work_func: 3003, SQI=0, link=0
01-01 09:26:31.564 0 0 E DTC_Display: screen not ready
01-01 09:26:35.036 0 0 E DTC_Display: screen not ready
01-01 09:26:35.963 0 0 E DTC_ETH,link_delay_work_func: 3003, SQI=0, link=0
01-01 09:26:38.212 0 0 E DTC_Display: screen not ready
01-01 09:26:41.083 0 0 E DTC_ETH,link_delay_work_func: 3003, SQI=0, link=0
01-01 09:26:41.796 0 0 E DTC_Display: screen not ready
01-01 09:26:45.072 0 0 E DTC_Display: screen not ready
01-01 09:26:46.203 0 0 E DTC_ETH,link_delay_work_func: 3003, SQI=0, link=0
01-01 09:26:48.544 0 0 E DTC_Display: screen not ready
01-01 09:26:51.323 0 0 E DTC_ETH,link_delay_work_func: 3003, SQI=0, link=0
01-01 09:26:51.715 0 0 E DTC_Display: screen not ready
03-19 14:39:13.520 1549 10196 I netstats_mobile_sample: [0,0,0,0,0,0,0,0,0,0,0,0,1679207953519]
03-19 14:39:13.520 1549 10196 I netstats_wifi_sample: [362092127,302044,23507590,126263,362092127,302044,23507590,126263,379552896,349433,17049474,110310,1679207953519]
01-01 09:26:55.300 0 0 E DTC_Display: screen not ready
01-01 09:26:56.443 0 0 E DTC_ETH,link_delay_work_func: 3003, SQI=0, link=0
01-01 09:26:58.572 0 0 E DTC_Display: screen not ready
01-01 09:27:01.563 0 0 E DTC_ETH,link_delay_work_func: 3003, SQI=0, link=0
01-01 09:27:02.043 0 0 E DTC_Display: screen not ready
01-01 09:27:05.219 0 0 E DTC_Display: screen not ready
01-01 09:27:06.683 0 0 E DTC_ETH,link_delay_work_func: 3003, SQI=0, link=0
01-01 09:27:08.804 0 0 E DTC_Display: screen not ready
03-19 14:39:30.761 1549 1549 I notification_enqueue: [10094,12961,com.tencent.android.qqdownloader,127,NULL,0,Notification(channel=channel_id_default_silent shortcut=null contentView=com.tencent.android.qqdownloader/0x7f0a01c2 vibrate=null sound=null defaults=0x0 flags=0x2a0 color=0x00000000 groupKey=com.tencent.android.qqdownloader vis=PRIVATE),1]
03-19 14:39:30.964 1549 1549 I GameModeConfig: isGameModeOn = true
03-19 14:39:30.964 1549 1549 I GameModeConfig: isGaming = false
01-01 09:27:11.806 0 0 E DTC_ETH,link_delay_work_func: 3003, SQI=0, link=0
01-01 09:27:12.076 0 0 E DTC_Display: screen not ready
01-01 09:27:15.547 0 0 E DTC_Display: screen not ready
01-01 09:27:16.923 0 0 E DTC_ETH,link_delay_work_func: 3003, SQI=0, link=0
01-01 09:27:18.723 0 0 E DTC_Display: screen not ready
01-01 09:27:22.043 0 0 E DTC_ETH,link_delay_work_func: 3003, SQI=0, link=0
01-01 09:27:22.308 0 0 E DTC_Display: screen not ready
01-01 09:27:25.583 0 0 E DTC_Display: screen not ready
01-01 09:27:27.163 0 0 E DTC_ETH,link_delay_work_func: 3003, SQI=0, link=0
01-01 09:27:29.051 0 0 E DTC_Display: screen not ready
01-01 09:27:32.227 0 0 E DTC_Display: screen not ready
01-01 09:27:32.283 0 0 E DTC_ETH,link_delay_work_func: 3003, SQI=0, link=0
03-19 14:39:53.355 654 654 I auditd : type=1400 audit(0.0:12354): avc: denied { kill } for comm="vendor.ts.uart@" capability=5 scontext=u:r:uart_service_deamon:s0 tcontext=u:r:uart_service_deamon:s0 tclass=capability permissive=1
01-01 09:27:35.811 0 0 E DTC_Display: screen not ready
03-19 14:39:56.022 1549 1766 I netstats_mobile_sample: [0,0,0,0,0,0,0,0,0,0,0,0,1679207996021]
03-19 14:39:56.022 1549 1766 I netstats_wifi_sample: [362242989,302422,23678527,126710,362242989,302422,23678527,126710,379829449,350121,17139443,110565,1679207996021]
03-19 14:39:56.019 677 677 I auditd : type=1400 audit(0.0:12355): avc: denied { add_name } for comm="Binder:677_3" name="globalAlert" scontext=u:r:netd:s0 tcontext=u:object_r:proc_net:s0 tclass=dir permissive=1
03-19 14:39:56.019 677 677 I auditd : type=1400 audit(0.0:12356): avc: denied { create } for comm="Binder:677_3" name="globalAlert" scontext=u:r:netd:s0 tcontext=u:object_r:proc_net:s0 tclass=file permissive=1
01-01 09:27:37.403 0 0 E DTC_ETH,link_delay_work_func: 3003, SQI=0, link=0
01-01 09:27:39.084 0 0 E DTC_Display: screen not ready
01-01 09:27:42.523 0 0 E DTC_ETH,link_delay_work_func: 3003, SQI=0, link=0
