03-19 14:44:59.202 1549 5959 I sysui_multi_action: [757,128,758,2,793,5547786,794,7059,795,5547786,796,32,798,1,806,android,857,USB,858,1,947,0,1395,2,1500,5547736,1688,1]
03-19 14:44:59.202 1549 5959 I notification_visibility: [-1|android|32|null|1000,0,5547786,5547786,0,1]
03-19 14:44:59.204 1549 8362 I sysui_multi_action: [757,127,758,2]
03-19 14:44:59.204 1549 8362 I notification_panel_hidden:
03-19 14:44:59.224 1549 1741 I input_focus: [Focus leaving 8e3e934 NotificationShade (server),reason=NO_WINDOW]
03-19 14:44:59.225 1549 1741 I input_focus: [Focus entering d92d39a com.android.launcher3/com.android.launcher3.uioverrides.QuickstepLauncher (server),reason=setFocusedWindow]
01-01 09:32:40.103 0 0 E DTC_Display: screen not ready
03-19 14:44:59.514 1549 1741 I input_interaction: Interaction with: b43c859 StatusBar (server), swipe-up (server), edge-swipe (server), PointerEventDispatcher0 (server),
03-19 14:44:59.520 2018 2018 I sysui_multi_action: [757,803,799,panel_open,802,1]
03-19 14:44:59.522 2018 2018 I sysui_multi_action: [757,1328,758,4,1326,66,1327,2,1329,0]
03-19 14:44:59.536 1549 1793 I GameModeConfig: isGameModeOn = true
03-19 14:44:59.536 1549 1793 I GameModeConfig: isGaming = false
03-19 14:44:59.557 1549 8362 I sysui_multi_action: [757,127,758,1]
03-19 14:44:59.557 1549 8362 I sysui_multi_action: [757,804,799,note_load,801,2,802,1]
03-19 14:44:59.557 1549 8362 I notification_panel_revealed: 2
03-19 14:44:59.566 1549 1657 I input_focus: [Focus request 8e3e934 NotificationShade,reason=UpdateInputWindows]
03-19 14:44:59.581 1549 8362 I sysui_multi_action: [757,128,758,1,793,5547369,794,0,795,5547369,796,26,798,0,806,android,857,DEVELOPER_IMPORTANT,858,4,947,0,1395,2,1500,5546990,1688,1]
03-19 14:44:59.581 1549 8362 I sysui_multi_action: [757,804,799,note_freshness,801,5547369,802,1]
03-19 14:44:59.581 1549 8362 I notification_visibility: [-1|android|26|null|1000,1,5547369,5547369,0,0]
03-19 14:44:59.581 1549 8362 I sysui_multi_action: [757,128,758,1,793,5548165,794,0,795,5548165,796,32,798,1,806,android,857,USB,858,1,947,0,1395,2,1500,5548115,1688,1]
03-19 14:44:59.581 1549 8362 I sysui_multi_action: [757,804,799,note_freshness,801,5548165,802,1]
03-19 14:44:59.581 1549 8362 I notification_visibility: [-1|android|32|null|1000,1,5548165,5548165,0,1]
03-19 14:44:59.593 1549 1741 I input_focus: [Focus leaving d92d39a com.android.launcher3/com.android.launcher3.uioverrides.QuickstepLauncher (server),reason=setFocusedWindow]
03-19 14:44:59.593 1549 1741 I input_focus: [Focus entering 8e3e934 NotificationShade (server),reason=setFocusedWindow]
03-19 14:44:59.603 2018 2018 I sysui_multi_action: [757,111,758,1]
03-19 14:44:59.603 2018 2018 I sysui_multi_action: [757,126,758,1,759,126,927,0,928,1,1593,0]
03-19 14:44:59.603 2018 2018 I sysui_multi_action: [757,113,758,1,759,113,927,1,928,1,1593,0]
03-19 14:44:59.603 2018 2018 I sysui_multi_action: [757,0,758,1,759,0,927,2,928,0,1593,0]
03-19 14:44:59.603 2018 2018 I sysui_multi_action: [757,0,758,1,759,0,927,3,928,0,1593,0]
03-19 14:44:59.604 2018 2018 I sysui_multi_action: [757,491,758,1,759,491,927,4,928,0,1311,-1,1593,0]
03-19 14:44:59.604 2018 2018 I sysui_multi_action: [757,0,758,1,759,0,927,5,928,0,1593,0]
03-19 14:44:59.604 2018 2018 I sysui_multi_action: [757,122,758,1,759,122,927,6,928,1,1593,0]
03-19 14:44:59.604 2018 2018 I sysui_multi_action: [757,0,758,1,759,0,927,7,1593,0]
03-19 14:44:59.604 2018 2018 I sysui_multi_action: [757,111,758,1]
03-19 14:44:59.604 2018 2018 I sysui_multi_action: [757,126,758,1,759,126,927,0,928,1,1593,0]
03-19 14:44:59.604 2018 2018 I sysui_multi_action: [757,113,758,1,759,113,927,1,928,1,1593,0]
03-19 14:44:59.604 2018 2018 I sysui_multi_action: [757,0,758,1,759,0,927,2,928,0,1593,0]
03-19 14:44:59.604 2018 2018 I sysui_multi_action: [757,0,758,1,759,0,927,3,928,0,1593,0]
01-01 09:32:40.963 0 0 E msm_pcm_playback_close: CMD_EOS failed, cmd_pending 0x8
01-01 09:32:40.986 0 0 I afe_close: port_id = 0x9000
01-01 09:32:41.013 0 0 I afe_find_cal_topo_id_by_port: port id: 0x9000, dev_acdb_id: 0
01-01 09:32:41.013 0 0 I afe_find_cal_topo_id_by_port: top_id:112fc acdb_id:7 afe_port:0x9000
01-01 09:32:41.013 0 0 I afe_get_cal_topology_id: port_id = 0x9000 acdb_id = 7 topology_id = 0x112fc cal_type_index=8 ret=0
01-01 09:32:41.013 0 0 I afe_send_port_topology_id: AFE set topology id 0x112fc enable for port 0x9000 ret 0
01-01 09:32:41.013 0 0 I send_afe_cal_type: cal_index is 0
01-01 09:32:41.013 0 0 I send_afe_cal_type: dev_acdb_id[55] is 0
01-01 09:32:41.013 0 0 I send_afe_cal_type: Sending cal_index cal 0
01-01 09:32:41.013 0 0 E send_afe_cal_type: No cal sent for cal_index 0, port_id = 0x9000! ret -22
01-01 09:32:41.013 0 0 I afe_send_hw_delay: port_id 0x9000 rate 48000 delay_usec 474 status 0
03-19 14:45:00.181 1549 1741 I input_interaction: Interaction with: 8e3e934 NotificationShade (server), swipe-up (server), edge-swipe (server), PointerEventDispatcher0 (server),
03-19 14:45:00.457 1549 1793 I GameModeConfig: isGameModeOn = true
03-19 14:45:00.457 1549 1793 I GameModeConfig: isGaming = false
03-19 14:45:00.457 1549 1793 I GameModeConfig: isGameModeOn = true
03-19 14:45:00.457 1549 1793 I GameModeConfig: isGaming = false
03-19 14:45:00.457 1549 1793 I GameModeConfig: isGameModeOn = true
03-19 14:45:00.457 1549 1793 I GameModeConfig: isGaming = false
03-19 14:45:00.457 1549 1793 I GameModeConfig: isGameModeOn = true
03-19 14:45:00.457 1549 1793 I GameModeConfig: isGaming = false
03-19 14:45:00.457 1549 1793 I GameModeConfig: isGameModeOn = true
03-19 14:45:00.457 1549 1793 I GameModeConfig: isGaming = false
03-19 14:45:00.458 1549 1793 I GameModeConfig: isGameModeOn = true
03-19 14:45:00.458 1549 1793 I GameModeConfig: isGaming = false
03-19 14:45:00.458 1549 1793 I GameModeConfig: isGameModeOn = true
03-19 14:45:00.458 1549 1793 I GameModeConfig: isGaming = false
03-19 14:45:00.460 2018 2018 I sysui_multi_action: [757,111,758,2]
03-19 14:45:00.461 2018 2018 I sysui_multi_action: [757,111,758,2]
03-19 14:45:00.461 1549 1549 I notification_enqueue: [10078,2018,com.android.systemui,2048,NULL,0,Notification(channel=updateNotification shortcut=null contentView=null vibrate=null sound=null defaults=0x0 flags=0x0 color=0x00000000 vis=PRIVATE),1]
03-19 14:45:00.547 1549 1657 I input_focus: [Focus request d92d39a com.android.launcher3/com.android.launcher3.uioverrides.QuickstepLauncher,reason=UpdateInputWindows]
03-19 14:45:00.550 1549 5959 I sysui_multi_action: [757,128,758,2,793,5548338,794,969,795,5548338,796,26,798,0,806,android,857,DEVELOPER_IMPORTANT,858,4,947,0,1395,2,1500,5547959,1688,1]
03-19 14:45:00.550 1549 5959 I notification_visibility: [-1|android|26|null|1000,0,5548338,5548338,0,0]
03-19 14:45:00.551 1549 5959 I sysui_multi_action: [757,128,758,2,793,5549134,794,969,795,5549134,796,32,798,1,806,android,857,USB,858,1,947,0,1395,2,1500,5549084,1688,1]
03-19 14:45:00.551 1549 5959 I notification_visibility: [-1|android|32|null|1000,0,5549134,5549134,0,1]
03-19 14:45:00.554 1549 10380 I sysui_multi_action: [757,127,758,2]
03-19 14:45:00.554 1549 10380 I notification_panel_hidden:
03-19 14:45:00.578 1549 1741 I input_focus: [Focus leaving 8e3e934 NotificationShade (server),reason=NO_WINDOW]
03-19 14:45:00.579 1549 1741 I input_focus: [Focus entering d92d39a com.android.launcher3/com.android.launcher3.uioverrides.QuickstepLauncher (server),reason=setFocusedWindow]
03-19 14:45:00.663 1549 1549 I GameModeConfig: isGameModeOn = true
03-19 14:45:00.663 1549 1549 I GameModeConfig: isGaming = false
03-19 14:45:00.721 1549 1741 I input_interaction: Interaction with: d92d39a com.android.launcher3/com.android.launcher3.uioverrides.QuickstepLauncher (server), 274a106 com.android.systemui.ImageWallpaper (server), swipe-up (server), edge-swipe (server), PointerEventDispatcher0 (server),
03-19 14:45:00.740 2634 2634 I view_enqueue_input_event: [Motion - Cancel,com.android.launcher3/com.android.launcher3.uioverrides.QuickstepLauncher]
03-19 14:45:00.742 1549 1653 D AutofillManagerService: Close system dialogs
03-19 14:45:00.747 1549 1741 I input_interaction: Interaction with: swipe-up (server), edge-swipe (server), PointerEventDispatcher0 (server),
03-19 14:45:01.016 1549 10380 W FreeFormWindowHelper: exitRecentTasks type=0
03-19 14:45:01.023 1549 1653 D AutofillManagerService: Close system dialogs
03-19 14:45:01.425 1549 1741 I input_interaction: Interaction with: d92d39a com.android.launcher3/com.android.launcher3.uioverrides.QuickstepLauncher (server), 274a106 com.android.systemui.ImageWallpaper (server), swipe-up (server), edge-swipe (server), PointerEventDispatcher0 (server),
03-19 14:45:01.907 1549 1741 I input_interaction: Interaction with: b43c859 StatusBar (server), swipe-up (server), edge-swipe (server), PointerEventDispatcher0 (server),
03-19 14:45:01.911 2018 2018 I sysui_multi_action: [757,803,799,panel_open,802,1]
03-19 14:45:01.913 2018 2018 I sysui_multi_action: [757,1328,758,4,1326,65,1327,1,1329,0]
03-19 14:45:01.981 1549 10380 I sysui_multi_action: [757,127,758,1]
03-19 14:45:01.981 1549 10380 I sysui_multi_action: [757,804,799,note_load,801,2,802,1]
03-19 14:45:01.981 1549 10380 I notification_panel_revealed: 2
03-19 14:45:01.994 1549 1657 I input_focus: [Focus request 8e3e934 NotificationShade,reason=UpdateInputWindows]
03-19 14:45:02.007 1549 10380 I sysui_multi_action: [757,128,758,1,793,5549795,794,0,795,5549795,796,26,798,0,806,android,857,DEVELOPER_IMPORTANT,858,4,947,0,1395,2,1500,5549416,1688,1]
03-19 14:45:02.007 1549 10380 I sysui_multi_action: [757,804,799,note_freshness,801,5549795,802,1]
03-19 14:45:02.007 1549 10380 I notification_visibility: [-1|android|26|null|1000,1,5549795,5549795,0,0]
03-19 14:45:02.008 1549 10380 I sysui_multi_action: [757,128,758,1,793,5550591,794,0,795,5550591,796,32,798,1,806,android,857,USB,858,1,947,0,1395,2,1500,5550541,1688,1]
03-19 14:45:02.008 1549 10380 I sysui_multi_action: [757,804,799,note_freshness,801,5550591,802,1]
03-19 14:45:02.008 1549 10380 I notification_visibility: [-1|android|32|null|1000,1,5550591,5550591,0,1]
03-19 14:45:02.017 1549 1741 I input_focus: [Focus leaving d92d39a com.android.launcher3/com.android.launcher3.uioverrides.QuickstepLauncher (server),reason=setFocusedWindow]
03-19 14:45:02.018 1549 1741 I input_focus: [Focus entering 8e3e934 NotificationShade (server),reason=setFocusedWindow]
03-19 14:45:02.024 2018 2018 I sysui_multi_action: [757,111,758,1]
03-19 14:45:02.025 2018 2018 I sysui_multi_action: [757,126,758,1,759,126,927,0,928,1,1593,0]
03-19 14:45:02.025 2018 2018 I sysui_multi_action: [757,113,758,1,759,113,927,1,928,1,1593,0]
03-19 14:45:02.025 2018 2018 I sysui_multi_action: [757,0,758,1,759,0,927,2,928,0,1593,0]
03-19 14:45:02.025 2018 2018 I sysui_multi_action: [757,0,758,1,759,0,927,3,928,0,1593,0]
03-19 14:45:02.025 2018 2018 I sysui_multi_action: [757,491,758,1,759,491,927,4,928,0,1311,-1,1593,0]
03-19 14:45:02.025 2018 2018 I sysui_multi_action: [757,0,758,1,759,0,927,5,928,0,1593,0]
03-19 14:45:02.025 2018 2018 I sysui_multi_action: [757,122,758,1,759,122,927,6,928,1,1593,0]
03-19 14:45:02.025 2018 2018 I sysui_multi_action: [757,0,758,1,759,0,927,7,1593,0]
03-19 14:45:02.025 2018 2018 I sysui_multi_action: [757,111,758,1]
03-19 14:45:02.026 2018 2018 I sysui_multi_action: [757,126,758,1,759,126,927,0,928,1,1593,0]
03-19 14:45:02.026 2018 2018 I sysui_multi_action: [757,113,758,1,759,113,927,1,928,1,1593,0]
03-19 14:45:02.026 2018 2018 I sysui_multi_action: [757,0,758,1,759,0,927,2,928,0,1593,0]
03-19 14:45:02.026 2018 2018 I sysui_multi_action: [757,0,758,1,759,0,927,3,928,0,1593,0]
03-19 14:45:02.330 1549 1793 I GameModeConfig: isGameModeOn = true
03-19 14:45:02.330 1549 1793 I GameModeConfig: isGaming = false
03-19 14:45:02.417 1549 1793 I GameModeConfig: isGameModeOn = true
03-19 14:45:02.417 1549 1793 I GameModeConfig: isGaming = false
01-01 09:32:43.483 0 0 E DTC_Display: screen not ready
03-19 14:45:02.840 1549 1741 I input_interaction: Interaction with: 8e3e934 NotificationShade (server), swipe-up (server), edge-swipe (server), PointerEventDispatcher0 (server),
03-19 14:45:02.843 1549 1549 I service_manager_stats: [100,79,75912]
03-19 14:45:03.213 1549 1793 I GameModeConfig: isGameModeOn = true
03-19 14:45:03.213 1549 1793 I GameModeConfig: isGaming = false
03-19 14:45:03.213 1549 1793 I GameModeConfig: isGameModeOn = true
03-19 14:45:03.213 1549 1793 I GameModeConfig: isGaming = false
03-19 14:45:03.213 1549 1793 I GameModeConfig: isGameModeOn = true
03-19 14:45:03.214 1549 1793 I GameModeConfig: isGaming = false
03-19 14:45:03.214 1549 1793 I GameModeConfig: isGameModeOn = true
03-19 14:45:03.214 1549 1793 I GameModeConfig: isGaming = false
03-19 14:45:03.214 1549 1793 I GameModeConfig: isGameModeOn = true
03-19 14:45:03.214 1549 1793 I GameModeConfig: isGaming = false
03-19 14:45:03.220 1549 1793 I GameModeConfig: isGameModeOn = true
03-19 14:45:03.220 1549 1793 I GameModeConfig: isGaming = false
03-19 14:45:03.220 1549 1793 I GameModeConfig: isGameModeOn = true
03-19 14:45:03.220 1549 1793 I GameModeConfig: isGaming = false
03-19 14:45:03.222 2018 2018 I sysui_multi_action: [757,111,758,2]
03-19 14:45:03.222 1549 1549 I notification_enqueue: [10078,2018,com.android.systemui,2048,NULL,0,Notification(channel=updateNotification shortcut=null contentView=null vibrate=null sound=null defaults=0x0 flags=0x0 color=0x00000000 vis=PRIVATE),1]
03-19 14:45:03.222 2018 2018 I sysui_multi_action: [757,111,758,2]
03-19 14:45:03.346 1549 1657 I input_focus: [Focus request d92d39a com.android.launcher3/com.android.launcher3.uioverrides.QuickstepLauncher,reason=UpdateInputWindows]
03-19 14:45:03.349 1549 10380 I sysui_multi_action: [757,128,758,2,793,5551137,794,1342,795,5551137,796,26,798,0,806,android,857,DEVELOPER_IMPORTANT,858,4,947,0,1395,2,1500,5550758,1688,1]
03-19 14:45:03.350 1549 10380 I notification_visibility: [-1|android|26|null|1000,0,5551137,5551137,0,0]
03-19 14:45:03.350 1549 10380 I sysui_multi_action: [757,128,758,2,793,5551934,794,1343,795,5551934,796,32,798,1,806,android,857,USB,858,1,947,0,1395,2,1500,5551884,1688,1]
03-19 14:45:03.350 1549 10380 I notification_visibility: [-1|android|32|null|1000,0,5551934,5551934,0,1]
03-19 14:45:03.350 1549 5959 I sysui_multi_action: [757,127,758,2]
03-19 14:45:03.350 1549 5959 I notification_panel_hidden:
03-19 14:45:03.369 1549 1741 I input_focus: [Focus leaving 8e3e934 NotificationShade (server),reason=NO_WINDOW]
03-19 14:45:03.369 1549 1741 I input_focus: [Focus entering d92d39a com.android.launcher3/com.android.launcher3.uioverrides.QuickstepLauncher (server),reason=setFocusedWindow]
03-19 14:45:03.424 1549 1549 I GameModeConfig: isGameModeOn = true
03-19 14:45:03.425 1549 1549 I GameModeConfig: isGaming = false
03-19 14:45:03.495 1549 1741 I input_interaction: Interaction with: d92d39a com.android.launcher3/com.android.launcher3.uioverrides.QuickstepLauncher (server), 274a106 com.android.systemui.ImageWallpaper (server), swipe-up (server), edge-swipe (server), PointerEventDispatcher0 (server),
03-19 14:45:03.505 1549 10380 W FreeFormWindowHelper: Current Display FreeFormTask is null
03-19 14:45:03.517 1549 4685 W FreeFormWindowHelper: Current Display FreeFormTask is null
03-19 14:45:03.518 1549 1653 D AutofillManagerService: Close system dialogs
03-19 14:45:03.520 2634 2634 I view_enqueue_input_event: [Motion - Cancel,com.android.launcher3/com.android.launcher3.uioverrides.QuickstepLauncher]
03-19 14:45:03.521 1549 2174 W FreeFormWindowHelper: Current Display FreeFormTask is null
03-19 14:45:03.521 1549 1741 I input_interaction: Interaction with: swipe-up (server), edge-swipe (server), PointerEventDispatcher0 (server),
03-19 14:45:03.521 1549 4685 W FreeFormWindowHelper: Current Display FreeFormTask is null
03-19 14:45:03.711 1549 1725 I commit_sys_config_file: [settings-1-0,7]
01-01 09:32:44.603 0 0 E DTC_ETH,link_delay_work_func: 3003, SQI=0, link=0
03-19 14:45:03.859 1549 5959 W FreeFormWindowHelper: Current Display FreeFormTask is null
03-19 14:45:03.860 1549 5959 W FreeFormWindowHelper: Current Display FreeFormTask is null
03-19 14:45:03.861 1549 5959 W FreeFormWindowHelper: Current Display FreeFormTask is null
03-19 14:45:03.863 1549 5959 W FreeFormWindowHelper: Current Display FreeFormTask is null
03-19 14:45:03.864 1549 5959 W FreeFormWindowHelper: Current Display FreeFormTask is null
03-19 14:45:03.880 1549 4685 W FreeFormWindowHelper: Current Display FreeFormTask is null
03-19 14:45:03.896 1549 4685 W FreeFormWindowHelper: Current Display FreeFormTask is null
03-19 14:45:03.913 1549 4685 W FreeFormWindowHelper: Current Display FreeFormTask is null
03-19 14:45:03.930 1549 4685 W FreeFormWindowHelper: Current Display FreeFormTask is null
03-19 14:45:03.948 1549 4685 W FreeFormWindowHelper: Current Display FreeFormTask is null
03-19 14:45:03.964 1549 5959 W FreeFormWindowHelper: Current Display FreeFormTask is null
03-19 14:45:03.980 1549 4685 W FreeFormWindowHelper: Current Display FreeFormTask is null
03-19 14:45:03.998 1549 5959 W FreeFormWindowHelper: Current Display FreeFormTask is null
03-19 14:45:04.017 1549 5959 W FreeFormWindowHelper: Current Display FreeFormTask is null
03-19 14:45:04.030 1549 5959 W FreeFormWindowHelper: Current Display FreeFormTask is null
03-19 14:45:04.047 1549 5959 W FreeFormWindowHelper: Current Display FreeFormTask is null
03-19 14:45:04.064 1549 5959 W FreeFormWindowHelper: Current Display FreeFormTask is null
03-19 14:45:04.071 1549 1725 I commit_sys_config_file: [settings-1-0,12]
03-19 14:45:04.081 1549 5959 W FreeFormWindowHelper: Current Display FreeFormTask is null
03-19 14:45:04.097 1549 5959 W FreeFormWindowHelper: Current Display FreeFormTask is null
03-19 14:45:04.114 1549 5959 W FreeFormWindowHelper: Current Display FreeFormTask is null
03-19 14:45:04.131 1549 5959 W FreeFormWindowHelper: Current Display FreeFormTask is null
03-19 14:45:04.148 1549 5959 W FreeFormWindowHelper: Current Display FreeFormTask is null
03-19 14:45:04.165 1549 5959 W FreeFormWindowHelper: Current Display FreeFormTask is null
03-19 14:45:04.167 1549 5959 W FreeFormWindowHelper: Current Display FreeFormTask is null
03-19 14:45:04.187 1549 4685 W FreeFormWindowHelper: Current Display FreeFormTask is null
03-19 14:45:04.189 1549 2174 W FreeFormWindowHelper: Current Display FreeFormTask is null
03-19 14:45:04.549 1549 1741 I input_interaction: Interaction with: d92d39a com.android.launcher3/com.android.launcher3.uioverrides.QuickstepLauncher (server), 274a106 com.android.systemui.ImageWallpaper (server), swipe-up (server), edge-swipe (server), PointerEventDispatcher0 (server),
03-19 14:45:04.685 1549 4685 W FreeFormWindowHelper: exitRecentTasks type=0
03-19 14:45:05.343 1549 1741 I input_interaction: Interaction with: b43c859 StatusBar (server), swipe-up (server), edge-swipe (server), PointerEventDispatcher0 (server),
03-19 14:45:05.347 2018 2018 I sysui_multi_action: [757,803,799,panel_open,802,1]
03-19 14:45:05.349 2018 2018 I sysui_multi_action: [757,1328,758,4,1326,63,1327,0,1329,0]
03-19 14:45:05.389 1549 4685 I sysui_multi_action: [757,127,758,1]
03-19 14:45:05.389 1549 4685 I sysui_multi_action: [757,804,799,note_load,801,2,802,1]
03-19 14:45:05.389 1549 4685 I notification_panel_revealed: 2
03-19 14:45:05.402 1549 1657 I input_focus: [Focus request 8e3e934 NotificationShade,reason=UpdateInputWindows]
03-19 14:45:05.415 1549 4685 I sysui_multi_action: [757,128,758,1,793,5553203,794,0,795,5553203,796,26,798,0,806,android,857,DEVELOPER_IMPORTANT,858,4,947,0,1395,2,1500,5552824,1688,1]
03-19 14:45:05.415 1549 4685 I sysui_multi_action: [757,804,799,note_freshness,801,5553203,802,1]
03-19 14:45:05.415 1549 4685 I notification_visibility: [-1|android|26|null|1000,1,5553203,5553203,0,0]
03-19 14:45:05.416 1549 4685 I sysui_multi_action: [757,128,758,1,793,5553999,794,0,795,5553999,796,32,798,1,806,android,857,USB,858,1,947,0,1395,2,1500,5553949,1688,1]
03-19 14:45:05.416 1549 4685 I sysui_multi_action: [757,804,799,note_freshness,801,5553999,802,1]
03-19 14:45:05.416 1549 4685 I notification_visibility: [-1|android|32|null|1000,1,5553999,5553999,0,1]
03-19 14:45:05.416 2018 2018 I sysui_multi_action: [757,111,758,1]
03-19 14:45:05.416 2018 2018 I sysui_multi_action: [757,126,758,1,759,126,927,0,928,1,1593,0]
03-19 14:45:05.416 2018 2018 I sysui_multi_action: [757,113,758,1,759,113,927,1,928,1,1593,0]
03-19 14:45:05.416 2018 2018 I sysui_multi_action: [757,0,758,1,759,0,927,2,928,0,1593,0]
03-19 14:45:05.416 2018 2018 I sysui_multi_action: [757,0,758,1,759,0,927,3,928,0,1593,0]
03-19 14:45:05.416 2018 2018 I sysui_multi_action: [757,491,758,1,759,491,927,4,928,0,1311,-1,1593,0]
03-19 14:45:05.416 2018 2018 I sysui_multi_action: [757,0,758,1,759,0,927,5,928,0,1593,0]
03-19 14:45:05.417 2018 2018 I sysui_multi_action: [757,122,758,1,759,122,927,6,928,1,1593,0]
03-19 14:45:05.417 2018 2018 I sysui_multi_action: [757,0,758,1,759,0,927,7,1593,0]
03-19 14:45:05.417 2018 2018 I sysui_multi_action: [757,111,758,1]
03-19 14:45:05.417 2018 2018 I sysui_multi_action: [757,126,758,1,759,126,927,0,928,1,1593,0]
03-19 14:45:05.417 2018 2018 I sysui_multi_action: [757,113,758,1,759,113,927,1,928,1,1593,0]
03-19 14:45:05.417 2018 2018 I sysui_multi_action: [757,0,758,1,759,0,927,2,928,0,1593,0]
03-19 14:45:05.417 2018 2018 I sysui_multi_action: [757,0,758,1,759,0,927,3,928,0,1593,0]
03-19 14:45:05.423 1549 1741 I input_focus: [Focus leaving d92d39a com.android.launcher3/com.android.launcher3.uioverrides.QuickstepLauncher (server),reason=setFocusedWindow]
03-19 14:45:05.424 1549 1741 I input_focus: [Focus entering 8e3e934 NotificationShade (server),reason=setFocusedWindow]
03-19 14:45:05.939 1549 1741 I input_interaction: Interaction with: 8e3e934 NotificationShade (server), swipe-up (server), edge-swipe (server), PointerEventDispatcher0 (server),
03-19 14:45:06.194 1549 1793 I GameModeConfig: isGameModeOn = true
03-19 14:45:06.194 1549 1793 I GameModeConfig: isGaming = false
03-19 14:45:06.195 1549 1793 I GameModeConfig: isGameModeOn = true
03-19 14:45:06.195 1549 1793 I GameModeConfig: isGaming = false
03-19 14:45:06.195 1549 1793 I GameModeConfig: isGameModeOn = true
03-19 14:45:06.195 1549 1793 I GameModeConfig: isGaming = false
03-19 14:45:06.195 1549 1793 I GameModeConfig: isGameModeOn = true
03-19 14:45:06.195 1549 1793 I GameModeConfig: isGaming = false
03-19 14:45:06.195 1549 1793 I GameModeConfig: isGameModeOn = true
03-19 14:45:06.195 1549 1793 I GameModeConfig: isGaming = false
03-19 14:45:06.196 1549 1793 I GameModeConfig: isGameModeOn = true
03-19 14:45:06.196 1549 1793 I GameModeConfig: isGaming = false
03-19 14:45:06.196 1549 1793 I GameModeConfig: isGameModeOn = true
03-19 14:45:06.196 1549 1793 I GameModeConfig: isGaming = false
03-19 14:45:06.197 2018 2018 I sysui_multi_action: [757,111,758,2]
03-19 14:45:06.197 1549 1549 I notification_enqueue: [10078,2018,com.android.systemui,2048,NULL,0,Notification(channel=updateNotification shortcut=null contentView=null vibrate=null sound=null defaults=0x0 flags=0x0 color=0x00000000 vis=PRIVATE),1]
03-19 14:45:06.198 2018 2018 I sysui_multi_action: [757,111,758,2]
01-01 09:32:47.075 0 0 E DTC_Display: screen not ready
03-19 14:45:06.295 1549 1657 I input_focus: [Focus request d92d39a com.android.launcher3/com.android.launcher3.uioverrides.QuickstepLauncher,reason=UpdateInputWindows]
03-19 14:45:06.298 1549 4685 I sysui_multi_action: [757,128,758,2,793,5554086,794,883,795,5554086,796,26,798,0,806,android,857,DEVELOPER_IMPORTANT,858,4,947,0,1395,2,1500,5553707,1688,1]
03-19 14:45:06.298 1549 4685 I notification_visibility: [-1|android|26|null|1000,0,5554086,5554086,0,0]
03-19 14:45:06.299 1549 4685 I sysui_multi_action: [757,128,758,2,793,5554883,794,884,795,5554883,796,32,798,1,806,android,857,USB,858,1,947,0,1395,2,1500,5554833,1688,1]
03-19 14:45:06.299 1549 4685 I notification_visibility: [-1|android|32|null|1000,0,5554883,5554883,0,1]
03-19 14:45:06.299 1549 2174 I sysui_multi_action: [757,127,758,2]
03-19 14:45:06.300 1549 2174 I notification_panel_hidden:
03-19 14:45:06.326 1549 1741 I input_focus: [Focus leaving 8e3e934 NotificationShade (server),reason=NO_WINDOW]
03-19 14:45:06.326 1549 1741 I input_focus: [Focus entering d92d39a com.android.launcher3/com.android.launcher3.uioverrides.QuickstepLauncher (server),reason=setFocusedWindow]
03-19 14:45:06.401 1549 1549 I GameModeConfig: isGameModeOn = true
03-19 14:45:06.401 1549 1549 I GameModeConfig: isGaming = false
01-01 09:32:49.723 0 0 E DTC_ETH,link_delay_work_func: 3003, SQI=0, link=0
03-19 14:45:08.983 1549 1793 I GameModeConfig: isGameModeOn = true
03-19 14:45:08.983 1549 1793 I GameModeConfig: isGaming = false
03-19 14:45:09.177 1549 1793 I GameModeConfig: isGameModeOn = true
03-19 14:45:09.177 1549 1793 I GameModeConfig: isGaming = false
01-01 09:32:50.109 0 0 I msm_vidc: err : ffffffff: .....: DBLP Set: status 0
01-01 09:32:50.347 0 0 E DTC_Display: screen not ready
03-19 14:45:10.462 1549 1793 I GameModeConfig: isGameModeOn = true
03-19 14:45:10.462 1549 1793 I GameModeConfig: isGaming = false
01-01 09:32:51.459 0 0 E msm_pcm_playback_close: CMD_EOS failed, cmd_pending 0x8
03-19 14:45:10.664 1549 1793 I GameModeConfig: isGameModeOn = true
03-19 14:45:10.664 1549 1793 I GameModeConfig: isGaming = false
01-01 09:32:53.923 0 0 E DTC_Display: screen not ready
03-19 14:45:13.222 1549 1793 I GameModeConfig: isGameModeOn = true
03-19 14:45:13.222 1549 1793 I GameModeConfig: isGaming = false
03-19 14:45:13.426 1549 1793 I GameModeConfig: isGameModeOn = true
03-19 14:45:13.426 1549 1793 I GameModeConfig: isGaming = false
01-01 09:32:54.843 0 0 E DTC_ETH,link_delay_work_func: 3003, SQI=0, link=0
03-19 14:45:16.200 1549 1793 I GameModeConfig: isGameModeOn = true
03-19 14:45:16.200 1549 1793 I GameModeConfig: isGaming = false
01-01 09:32:57.091 0 0 E DTC_Display: screen not ready
03-19 14:45:16.401 1549 1793 I GameModeConfig: isGameModeOn = true
03-19 14:45:16.401 1549 1793 I GameModeConfig: isGaming = false
01-01 09:32:59.837 0 0 I msm_vidc: err : ffffffff: .....: DBLP Set: status 0
01-01 09:32:59.963 0 0 E DTC_ETH,link_delay_work_func: 3003, SQI=0, link=0
01-01 09:33:00.675 0 0 E DTC_Display: screen not ready
01-01 09:33:01.699 0 0 E msm_pcm_playback_close: CMD_EOS failed, cmd_pending 0x8
03-19 14:45:21.264 1549 1668 I am_uid_idle: 10050
03-19 14:45:22.624 1549 1741 I input_interaction: Interaction with: b43c859 StatusBar (server), swipe-up (server), edge-swipe (server), PointerEventDispatcher0 (server),
03-19 14:45:22.628 2018 2018 I sysui_multi_action: [757,803,799,panel_open,802,1]
03-19 14:45:22.630 2018 2018 I sysui_multi_action: [757,1328,758,4,1326,64,1327,1,1329,0]
03-19 14:45:22.671 1549 5959 I sysui_multi_action: [757,127,758,1]
03-19 14:45:22.671 1549 5959 I sysui_multi_action: [757,804,799,note_load,801,2,802,1]
03-19 14:45:22.671 1549 5959 I notification_panel_revealed: 2
03-19 14:45:22.685 1549 1657 I input_focus: [Focus request 8e3e934 NotificationShade,reason=UpdateInputWindows]
03-19 14:45:22.697 1549 4685 I sysui_multi_action: [757,128,758,1,793,5570485,794,0,795,5570485,796,26,798,0,806,android,857,DEVELOPER_IMPORTANT,858,4,947,0,1395,2,1500,5570106,1688,1]
03-19 14:45:22.699 1549 4685 I sysui_multi_action: [757,804,799,note_freshness,801,5570485,802,1]
03-19 14:45:22.699 1549 4685 I notification_visibility: [-1|android|26|null|1000,1,5570485,5570485,0,0]
03-19 14:45:22.699 1549 4685 I sysui_multi_action: [757,128,758,1,793,5571283,794,0,795,5571283,796,32,798,1,806,android,857,USB,858,1,947,0,1395,2,1500,5571233,1688,1]
03-19 14:45:22.699 1549 4685 I sysui_multi_action: [757,804,799,note_freshness,801,5571283,802,1]
03-19 14:45:22.699 1549 4685 I notification_visibility: [-1|android|32|null|1000,1,5571283,5571283,0,1]
03-19 14:45:22.713 2018 2018 I sysui_multi_action: [757,111,758,1]
03-19 14:45:22.713 2018 2018 I sysui_multi_action: [757,126,758,1,759,126,927,0,928,1,1593,0]
03-19 14:45:22.713 2018 2018 I sysui_multi_action: [757,113,758,1,759,113,927,1,928,1,1593,0]
03-19 14:45:22.713 2018 2018 I sysui_multi_action: [757,0,758,1,759,0,927,2,928,0,1593,0]
03-19 14:45:22.713 2018 2018 I sysui_multi_action: [757,0,758,1,759,0,927,3,928,0,1593,0]
03-19 14:45:22.714 2018 2018 I sysui_multi_action: [757,491,758,1,759,491,927,4,928,0,1311,-1,1593,0]
03-19 14:45:22.714 2018 2018 I sysui_multi_action: [757,0,758,1,759,0,927,5,928,0,1593,0]
03-19 14:45:22.714 2018 2018 I sysui_multi_action: [757,122,758,1,759,122,927,6,928,1,1593,0]
03-19 14:45:22.714 2018 2018 I sysui_multi_action: [757,0,758,1,759,0,927,7,1593,0]
03-19 14:45:22.714 2018 2018 I sysui_multi_action: [757,111,758,1]
03-19 14:45:22.714 2018 2018 I sysui_multi_action: [757,126,758,1,759,126,927,0,928,1,1593,0]
03-19 14:45:22.714 2018 2018 I sysui_multi_action: [757,113,758,1,759,113,927,1,928,1,1593,0]
03-19 14:45:22.714 2018 2018 I sysui_multi_action: [757,0,758,1,759,0,927,2,928,0,1593,0]
03-19 14:45:22.714 2018 2018 I sysui_multi_action: [757,0,758,1,759,0,927,3,928,0,1593,0]
03-19 14:45:22.716 1549 1741 I input_focus: [Focus leaving d92d39a com.android.launcher3/com.android.launcher3.uioverrides.QuickstepLauncher (server),reason=setFocusedWindow]
03-19 14:45:22.716 1549 1741 I input_focus: [Focus entering 8e3e934 NotificationShade (server),reason=setFocusedWindow]
01-01 09:33:03.947 0 0 E DTC_Display: screen not ready
01-01 09:33:05.083 0 0 E DTC_ETH,link_delay_work_func: 3003, SQI=0, link=0
01-01 09:33:07.423 0 0 E DTC_Display: screen not ready
03-19 14:45:27.887 1549 1741 I input_interaction: Interaction with: 8e3e934 NotificationShade (server), swipe-up (server), edge-swipe (server), PointerEventDispatcher0 (server),
03-19 14:45:28.290 1549 1793 I GameModeConfig: isGameModeOn = true
03-19 14:45:28.291 1549 1793 I GameModeConfig: isGaming = false
03-19 14:45:28.291 1549 1793 I GameModeConfig: isGameModeOn = true
03-19 14:45:28.291 1549 1793 I GameModeConfig: isGaming = false
03-19 14:45:28.291 1549 1793 I GameModeConfig: isGameModeOn = true
03-19 14:45:28.291 1549 1793 I GameModeConfig: isGaming = false
03-19 14:45:28.291 1549 1793 I GameModeConfig: isGameModeOn = true
03-19 14:45:28.291 1549 1793 I GameModeConfig: isGaming = false
03-19 14:45:28.292 1549 1793 I GameModeConfig: isGameModeOn = true
03-19 14:45:28.292 1549 1793 I GameModeConfig: isGaming = false
03-19 14:45:28.293 1549 1793 I GameModeConfig: isGameModeOn = true
03-19 14:45:28.293 1549 1793 I GameModeConfig: isGaming = false
03-19 14:45:28.293 1549 1793 I GameModeConfig: isGameModeOn = true
03-19 14:45:28.293 1549 1793 I GameModeConfig: isGaming = false
03-19 14:45:28.297 2018 2018 I sysui_multi_action: [757,111,758,2]
03-19 14:45:28.297 2018 2018 I sysui_multi_action: [757,111,758,2]
03-19 14:45:28.308 1549 1549 I notification_enqueue: [10078,2018,com.android.systemui,2048,NULL,0,Notification(channel=updateNotification shortcut=null contentView=null vibrate=null sound=null defaults=0x0 flags=0x0 color=0x00000000 vis=PRIVATE),1]
03-19 14:45:28.510 1549 1549 I GameModeConfig: isGameModeOn = true
03-19 14:45:28.511 1549 1549 I GameModeConfig: isGaming = false
03-19 14:45:28.519 1549 1657 I input_focus: [Focus request d92d39a com.android.launcher3/com.android.launcher3.uioverrides.QuickstepLauncher,reason=UpdateInputWindows]
03-19 14:45:28.526 1549 5959 I sysui_multi_action: [757,128,758,2,793,5576314,794,5829,795,5576314,796,26,798,0,806,android,857,DEVELOPER_IMPORTANT,858,4,947,0,1395,2,1500,5575935,1688,1]
03-19 14:45:28.526 1549 5959 I notification_visibility: [-1|android|26|null|1000,0,5576314,5576314,0,0]
03-19 14:45:28.527 1549 5959 I sysui_multi_action: [757,128,758,2,793,5577111,794,5828,795,5577111,796,32,798,1,806,android,857,USB,858,1,947,0,1395,2,1500,5577061,1688,1]
03-19 14:45:28.527 1549 5959 I notification_visibility: [-1|android|32|null|1000,0,5577111,5577111,0,1]
03-19 14:45:28.528 1549 2174 I sysui_multi_action: [757,127,758,2]
03-19 14:45:28.528 1549 2174 I notification_panel_hidden:
03-19 14:45:28.546 1549 1741 I input_focus: [Focus leaving 8e3e934 NotificationShade (server),reason=NO_WINDOW]
03-19 14:45:28.546 1549 1741 I input_focus: [Focus entering d92d39a com.android.launcher3/com.android.launcher3.uioverrides.QuickstepLauncher (server),reason=setFocusedWindow]
01-01 09:33:10.203 0 0 E DTC_ETH,link_delay_work_func: 3003, SQI=0, link=0
01-01 09:33:10.595 0 0 E DTC_Display: screen not ready
03-19 14:45:29.926 1549 1741 I input_interaction: Interaction with: d92d39a com.android.launcher3/com.android.launcher3.uioverrides.QuickstepLauncher (server), 274a106 com.android.systemui.ImageWallpaper (server), swipe-up (server), edge-swipe (server), PointerEventDispatcher0 (server),
03-19 14:45:30.036 1549 2174 I thunderperf: PlatormCompat.setOverrides: Uid1=10071 Pid1=2634 Uid2=10071 Pid2=2634
03-19 14:45:30.036 1549 2174 I thunderperf: PlatormCompat.setOverrides: needCheck:false
03-19 14:45:30.036 1549 2174 I thunderperf: CompatConfig.addOverrideUnsafe: bef-state=0
03-19 14:45:30.036 1549 2174 I thunderperf: CompatConfig.addOverrideUnsafe: aft-state=0
03-19 14:45:30.037 1549 2174 I thunderperf: CompatConfig.addOverrideUnsafe: bef-state=0
03-19 14:45:30.037 1549 2174 I thunderperf: CompatConfig.addOverrideUnsafe: aft-state=0
03-19 14:45:30.037 1549 2174 I thunderperf: CompatConfig.addOverrideUnsafe: bef-state=0
03-19 14:45:30.037 1549 2174 I thunderperf: CompatConfig.addOverrideUnsafe: aft-state=0
03-19 14:45:30.038 1549 2174 I thunderperf: CompatConfig.addOverrideUnsafe: bef-state=0
03-19 14:45:30.038 1549 2174 I thunderperf: CompatConfig.addOverrideUnsafe: aft-state=0
03-19 14:45:30.038 1549 2174 I thunderperf: CompatConfig.addOverrideUnsafe: bef-state=0
03-19 14:45:30.038 1549 2174 I thunderperf: CompatConfig.addOverrideUnsafe: aft-state=0
03-19 14:45:30.039 1549 2174 I thunderperf: CompatConfig.addOverrideUnsafe: bef-state=0
03-19 14:45:30.039 1549 2174 I thunderperf: CompatConfig.addOverrideUnsafe: aft-state=0
03-19 14:45:30.039 1549 2174 I thunderperf: CompatConfig.addOverrideUnsafe: bef-state=0
03-19 14:45:30.039 1549 2174 I thunderperf: CompatConfig.addOverrideUnsafe: aft-state=0
03-19 14:45:30.039 1549 2174 I thunderperf: CompatConfig.addOverrideUnsafe: bef-state=0
03-19 14:45:30.039 1549 2174 I thunderperf: CompatConfig.addOverrideUnsafe: aft-state=0
03-19 14:45:30.040 1549 2174 I thunderperf: CompatConfig.addOverrideUnsafe: bef-state=0
03-19 14:45:30.040 1549 2174 I thunderperf: CompatConfig.addOverrideUnsafe: aft-state=0
03-19 14:45:30.040 1549 2174 I thunderperf: CompatConfig.addOverrideUnsafe: bef-state=0
03-19 14:45:30.040 1549 2174 I thunderperf: CompatConfig.addOverrideUnsafe: aft-state=0
03-19 14:45:30.041 1549 2174 I thunderperf: CompatConfig.addOverrideUnsafe: bef-state=0
03-19 14:45:30.041 1549 2174 I thunderperf: CompatConfig.addOverrideUnsafe: aft-state=0
03-19 14:45:30.041 1549 2174 I thunderperf: CompatConfig.addOverrideUnsafe: bef-state=0
03-19 14:45:30.041 1549 2174 I thunderperf: CompatConfig.addOverrideUnsafe: aft-state=0
03-19 14:45:30.042 1549 2174 I thunderperf: CompatConfig.addOverrideUnsafe: bef-state=0
03-19 14:45:30.042 1549 2174 I thunderperf: CompatConfig.addOverrideUnsafe: aft-state=0
03-19 14:45:30.042 1549 2174 I thunderperf: CompatConfig.addOverrideUnsafe: bef-state=0
03-19 14:45:30.042 1549 2174 I thunderperf: CompatConfig.addOverrideUnsafe: aft-state=0
03-19 14:45:30.050 1549 2174 I ActivityTaskManager: START u0 {act=android.intent.action.MAIN cat=[android.intent.category.LAUNCHER] flg=0x10200000 cmp=com.android.music/.MusicBrowserActivity bnds=[1926,388][2226,680]} from uid 10071
03-19 14:45:30.047 871 871 I auditd : type=1400 audit(0.0:13763): avc: denied { add_name } for comm="perf@2.2-servic" name="cpu_max_freq" scontext=u:r:vendor_hal_perf_default:s0 tcontext=u:object_r:vendor_sysfs_msm_perf:s0 tclass=dir permissive=1
03-19 14:45:30.047 871 871 I auditd : type=1400 audit(0.0:13764): avc: denied { create } for comm="perf@2.2-servic" name="cpu_max_freq" scontext=u:r:vendor_hal_perf_default:s0 tcontext=u:object_r:vendor_sysfs_msm_perf:s0 tclass=file permissive=1
03-19 14:45:30.055 1549 2174 I wm_task_created: [129,-1]
03-19 14:45:30.055 1549 2174 W ActivityTaskManager: Can't find TaskDisplayArea to determine support for multi window. Task id=129 attached=false
03-19 14:45:30.056 1549 2174 D CompatibilityChangeReporter: Compat change id reported: 174042980; UID 10085; state: DISABLED
03-19 14:45:30.057 1549 2174 D CompatibilityChangeReporter: Compat change id reported: 184838306; UID 10085; state: DISABLED
03-19 14:45:30.057 1549 2174 D CompatibilityChangeReporter: Compat change id reported: 185004937; UID 10085; state: DISABLED
03-19 14:45:30.057 1549 2174 D CompatibilityChangeReporter: Compat change id reported: 181136395; UID 10085; state: DISABLED
03-19 14:45:30.057 1549 2174 D CompatibilityChangeReporter: Compat change id reported: 174042936; UID 10085; state: DISABLED
03-19 14:45:30.058 1549 2174 I wm_task_moved: [129,1,9]
03-19 14:45:30.058 1549 2174 I wm_task_to_front: [0,129]
03-19 14:45:30.058 1549 2174 I wm_create_task: [0,129]
03-19 14:45:30.058 1549 2174 I wm_create_activity: [0,210362676,129,com.android.music/.MusicBrowserActivity,android.intent.action.MAIN,NULL,NULL,270532608]
03-19 14:45:30.058 1549 2174 I wm_task_moved: [129,1,9]
03-19 14:45:30.059 1549 2174 D CompatibilityChangeReporter: Compat change id reported: 168419799; UID 10085; state: DISABLED
03-19 14:45:30.059 1549 2174 I wm_pause_activity: [0,249239324,com.android.launcher3/.uioverrides.QuickstepLauncher,userLeaving=true,pauseBackTasks]
03-19 14:45:30.060 2018 2149 D PhoneStartingWindowTypeAlgorithm: preferredStartingWindowType newTask:true taskSwitch:true processRunning:true allowTaskSnapshot:true activityCreated:false useEmptySplashScreen:false legacySplashScreen:false topIsHome:false
03-19 14:45:30.060 2018 2149 D StartingSurfaceDrawer: addSplashScreen com.android.music theme=7f110009 task=129 suggestType=1
03-19 14:45:30.061 2018 2150 D StartingSurfaceDrawer: window attributes color: 0 icon null duration 0 brandImage null
03-19 14:45:30.061 1549 4685 W FreeFormWindowHelper: Current Display FreeFormTask is null
03-19 14:45:30.062 2634 2634 I wm_on_top_resumed_lost_called: [249239324,com.android.launcher3.uioverrides.QuickstepLauncher,topStateChangedWhenResumed]
03-19 14:45:30.063 2634 2634 I wm_on_paused_called: [249239324,com.android.launcher3.uioverrides.QuickstepLauncher,performPause]
03-19 14:45:30.063 2018 2150 D StartingSurfaceDrawer: FgMainColor=ff000000 BgMainColor=0 IsBgComplex=false FromCache=true ThemeColor=fffafafa
03-19 14:45:30.063 2018 2150 D StartingSurfaceDrawer: isRgbSimilarInHsv a: fffafafa b 0 contrast ratio: 20.119467
03-19 14:45:30.063 1549 4685 I ActivityTaskManager: FOREGROUND_APPLICATION_CHANGED to com.android.music.MusicBrowserActivity
03-19 14:45:30.063 2018 2150 D StartingSurfaceDrawer: hsvDiff 0 ah 0.0 bh 0.0 as 0.0 bs 0.0 av 0.98039216 bv 0.0 sqH 0.0 sqS 0.0 sqV 0.9611687835295903 root 0.5660296763508637
03-19 14:45:30.063 2018 2150 D StartingSurfaceDrawer: isRgbSimilarInHsv a: fffafafa b ff000000 contrast ratio: 20.119467
03-19 14:45:30.063 2018 2150 D StartingSurfaceDrawer: hsvDiff 0 ah 0.0 bh 0.0 as 0.0 bs 0.0 av 0.98039216 bv 0.0 sqH 0.0 sqS 0.0 sqV 0.9611687835295903 root 0.5660296763508637
03-19 14:45:30.063 2018 2150 D StartingSurfaceDrawer: makeSplashScreenContentView: choose fg icon
03-19 14:45:30.063 1549 4685 I ActivityTaskManager: The Process com.android.music Already Exists in BG. So sending its PID: 24594
03-19 14:45:30.064 1549 4685 I wm_add_to_stopping: [0,249239324,com.android.launcher3/.uioverrides.QuickstepLauncher,makeInvisible]
03-19 14:45:30.064 1549 4685 I wm_restart_activity: [0,210362676,129,com.android.music/.MusicBrowserActivity]
03-19 14:45:30.065 1549 4685 I wm_set_resumed_activity: [0,com.android.music/.MusicBrowserActivity,minimalResumeActivityLocked]
03-19 14:45:30.065 2018 2150 D StartingSurfaceDrawer: fillViewWithIcon surfaceWindowView android.window.SplashScreenView{1679b2 V.E...... ......ID 0,0-0,0}
03-19 14:45:30.067 1549 1656 I sysui_multi_action: [757,803,799,window_time_0,802,38]
03-19 14:45:30.074 1549 1667 I am_pss : [24594,10085,com.android.music,10678272,7561216,0,105742336,0,2,5]
03-19 14:45:30.078 1549 4687 D CompatibilityChangeReporter: Compat change id reported: 149924527; UID 10085; state: ENABLED
03-19 14:45:30.078 1549 4687 D CompatibilityChangeReporter: Compat change id reported: 132649864; UID 10085; state: DISABLED
03-19 14:45:30.078 1549 4687 D CompatibilityChangeReporter: Compat change id reported: 182734110; UID 10085; state: ENABLED
03-19 14:45:30.079 1549 1741 I input_focus: [Focus leaving d92d39a com.android.launcher3/com.android.launcher3.uioverrides.QuickstepLauncher (server),reason=NO_WINDOW]
03-19 14:45:30.079 1549 1667 I am_pss : [24543,10032,com.android.musicfx,8658944,3792896,3366912,69513216,0,19,5]
03-19 14:45:30.088 1549 1667 I am_pss : [23881,10093,com.yibasan.lizhifm:player,57483264,31809536,0,188649472,0,4,8]
03-19 14:45:30.099 24594 24594 I wm_on_create_called: [210362676,com.android.music.MusicBrowserActivity,performCreate]
03-19 14:45:30.107 24594 24594 I wm_on_start_called: [210362676,com.android.music.MusicBrowserActivity,handleStartActivity]
03-19 14:45:30.107 24594 24594 I wm_on_resume_called: [210362676,com.android.music.MusicBrowserActivity,RESUME_ACTIVITY]
03-19 14:45:30.110 24594 24594 I wm_on_top_resumed_gained_called: [210362676,com.android.music.MusicBrowserActivity,topStateChangedWhenResumed]
03-19 14:45:30.110 1549 1793 I GameModeConfig: isGameModeOn = true
03-19 14:45:30.110 1549 1793 I GameModeConfig: isGaming = false
03-19 14:45:30.110 1549 1793 I GameModeConfig: isGameModeOn = true
03-19 14:45:30.110 1549 1793 I GameModeConfig: isGaming = false
03-19 14:45:30.110 1549 1793 I GameModeConfig: isGameModeOn = true
03-19 14:45:30.110 1549 1793 I GameModeConfig: isGaming = false
03-19 14:45:30.110 1549 1793 I GameModeConfig: isGameModeOn = true
03-19 14:45:30.110 1549 1793 I GameModeConfig: isGaming = false
03-19 14:45:30.111 1549 1793 I GameModeConfig: isGameModeOn = true
03-19 14:45:30.111 1549 1793 I GameModeConfig: isGaming = false
03-19 14:45:30.111 1549 1793 I GameModeConfig: isGameModeOn = true
03-19 14:45:30.111 1549 1793 I GameModeConfig: isGaming = false
03-19 14:45:30.111 1549 1793 I GameModeConfig: isGameModeOn = true
03-19 14:45:30.111 1549 1793 I GameModeConfig: isGaming = false
03-19 14:45:30.117 1549 1549 I notification_enqueue: [10085,24594,com.android.music,1,NULL,0,Notification(channel=Channel-music shortcut=null contentView=null vibrate=null sound=null defaults=0x0 flags=0x40 color=0x00000000 category=transport actions=5 vis=PRIVATE),1]
03-19 14:45:30.118 1549 1549 I notification_enqueue: [10085,24594,com.android.music,1,NULL,0,Notification(channel=Channel-music shortcut=null contentView=null vibrate=null sound=null defaults=0x0 flags=0x40 color=0x00000000 category=transport actions=5 vis=PRIVATE),1]
03-19 14:45:30.122 1549 1793 I GameModeConfig: isGameModeOn = true
03-19 14:45:30.122 1549 1793 I GameModeConfig: isGaming = false
03-19 14:45:30.122 1549 1793 I GameModeConfig: isGameModeOn = true
03-19 14:45:30.122 1549 1793 I GameModeConfig: isGaming = false
03-19 14:45:30.123 1549 1793 I GameModeConfig: isGameModeOn = true
03-19 14:45:30.123 1549 1793 I GameModeConfig: isGaming = false
03-19 14:45:30.123 1549 1793 I GameModeConfig: isGameModeOn = true
03-19 14:45:30.123 1549 1793 I GameModeConfig: isGaming = false
03-19 14:45:30.123 1549 1793 I GameModeConfig: isGameModeOn = true
03-19 14:45:30.123 1549 1793 I GameModeConfig: isGaming = false
03-19 14:45:30.123 1549 1793 I GameModeConfig: isGameModeOn = true
03-19 14:45:30.123 1549 1793 I GameModeConfig: isGaming = false
03-19 14:45:30.124 1549 1793 I GameModeConfig: isGameModeOn = true
03-19 14:45:30.124 1549 1793 I GameModeConfig: isGaming = false
03-19 14:45:30.127 1549 1549 I notification_enqueue: [10085,24594,com.android.music,1,NULL,0,Notification(channel=Channel-music shortcut=null contentView=null vibrate=null sound=null defaults=0x0 flags=0x40 color=0x00000000 category=transport actions=5 vis=PRIVATE),1]
03-19 14:45:30.128 1549 1549 I notification_enqueue: [10085,24594,com.android.music,1,NULL,0,Notification(channel=Channel-music shortcut=null contentView=null vibrate=null sound=null defaults=0x0 flags=0x40 color=0x00000000 category=transport actions=5 vis=PRIVATE),1]
03-19 14:45:30.134 1549 1657 I input_focus: [Focus request ff92506 com.android.music/com.android.music.MusicBrowserActivity,reason=UpdateInputWindows]
01-01 09:33:10.983 0 0 I binder : 24594:24679 ioctl 40046210 71aad121f4 returned -22
03-19 14:45:30.165 1549 1653 I sysui_multi_action: [319,40,321,37,322,113,325,5588,757,761,758,8,759,1,806,com.android.music,871,com.android.music.MusicBrowserActivity,904,com.android.launcher3,905,0,1320,4,1321,1]
03-19 14:45:30.165 1549 1653 I wm_activity_launch_time: [0,210362676,com.android.music/.MusicBrowserActivity,113]
03-19 14:45:30.165 2018 2149 D StartingSurfaceDrawer: Task start finish, remove starting surface for task 129
03-19 14:45:30.165 2018 2149 V StartingSurfaceDrawer: Removing splash screen window for task: 129
03-19 14:45:30.167 1549 5959 W FreeFormWindowHelper: Current Display FreeFormTask is null
03-19 14:45:30.180 1549 1741 I input_focus: [Focus entering ff92506 com.android.music/com.android.music.MusicBrowserActivity (server),reason=Window became focusable. Previous reason: NOT_VISIBLE]
03-19 14:45:30.316 1549 1549 I GameModeConfig: isGameModeOn = true
03-19 14:45:30.316 1549 1549 I GameModeConfig: isGaming = false
03-19 14:45:30.318 1549 1549 I GameModeConfig: isGameModeOn = true
03-19 14:45:30.318 1549 1549 I GameModeConfig: isGaming = false
03-19 14:45:30.328 1549 1549 I GameModeConfig: isGameModeOn = true
03-19 14:45:30.328 1549 1549 I GameModeConfig: isGaming = false
03-19 14:45:30.328 1549 1549 I GameModeConfig: isGameModeOn = true
03-19 14:45:30.328 1549 1549 I GameModeConfig: isGaming = false
03-19 14:45:30.614 1549 1656 I wm_stop_activity: [0,249239324,com.android.launcher3/.uioverrides.QuickstepLauncher]
03-19 14:45:30.633 2634 2634 I wm_on_stop_called: [249239324,com.android.launcher3.uioverrides.QuickstepLauncher,STOP_ACTIVITY_ITEM]
01-01 09:33:11.939 0 0 E msm_pcm_playback_close: CMD_EOS failed, cmd_pending 0x8
03-19 14:45:31.503 1549 1741 I input_interaction: Interaction with: ff92506 com.android.music/com.android.music.MusicBrowserActivity (server), swipe-up (server), edge-swipe (server), PointerEventDispatcher0 (server),
03-19 14:45:31.632 1549 1793 I GameModeConfig: isGameModeOn = true
03-19 14:45:31.632 1549 1793 I GameModeConfig: isGaming = false
03-19 14:45:31.633 1549 1793 I GameModeConfig: isGameModeOn = true
03-19 14:45:31.633 1549 1793 I GameModeConfig: isGaming = false
03-19 14:45:31.633 1549 1793 I GameModeConfig: isGameModeOn = true
03-19 14:45:31.633 1549 1793 I GameModeConfig: isGaming = false
03-19 14:45:31.633 1549 1793 I GameModeConfig: isGameModeOn = true
03-19 14:45:31.633 1549 1793 I GameModeConfig: isGaming = false
03-19 14:45:31.633 1549 1793 I GameModeConfig: isGameModeOn = true
03-19 14:45:31.633 1549 1793 I GameModeConfig: isGaming = false
03-19 14:45:31.633 1549 1793 I GameModeConfig: isGameModeOn = true
03-19 14:45:31.633 1549 1793 I GameModeConfig: isGaming = false
03-19 14:45:31.633 1549 1793 I GameModeConfig: isGameModeOn = true
03-19 14:45:31.633 1549 1793 I GameModeConfig: isGaming = false
03-19 14:45:31.639 1549 1549 I notification_enqueue: [10085,24594,com.android.music,1,NULL,0,Notification(channel=Channel-music shortcut=null contentView=null vibrate=null sound=null defaults=0x0 flags=0x42 color=0x00000000 category=transport actions=5 vis=PRIVATE),1]
01-01 09:33:12.541 0 0 I afe_close: port_id = 0x9000
01-01 09:33:12.561 0 0 I afe_find_cal_topo_id_by_port: port id: 0x9000, dev_acdb_id: 0
01-01 09:33:12.561 0 0 I afe_find_cal_topo_id_by_port: top_id:112fc acdb_id:15 afe_port:0x9000
01-01 09:33:12.561 0 0 I afe_get_cal_topology_id: port_id = 0x9000 acdb_id = 15 topology_id = 0x112fc cal_type_index=8 ret=0
01-01 09:33:12.561 0 0 I afe_send_port_topology_id: AFE set topology id 0x112fc enable for port 0x9000 ret 0
01-01 09:33:12.561 0 0 I send_afe_cal_type: cal_index is 0
01-01 09:33:12.561 0 0 I send_afe_cal_type: dev_acdb_id[55] is 0
01-01 09:33:12.561 0 0 I send_afe_cal_type: Sending cal_index cal 0
01-01 09:33:12.561 0 0 E send_afe_cal_type: No cal sent for cal_index 0, port_id = 0x9000! ret -22
01-01 09:33:12.561 0 0 I afe_send_hw_delay: port_id 0x9000 rate 48000 delay_usec 474 status 0
03-19 14:45:31.833 1549 1725 I commit_sys_config_file: [settings-2-0,1]
03-19 14:45:31.840 1549 1549 I GameModeConfig: isGameModeOn = true
03-19 14:45:31.840 1549 1549 I GameModeConfig: isGaming = false
03-19 14:45:32.079 1549 5959 W FreeFormWindowHelper: Current Display FreeFormTask is null
03-19 14:45:32.081 1549 5959 W FreeFormWindowHelper: Current Display FreeFormTask is null
03-19 14:45:32.082 1549 5959 W FreeFormWindowHelper: Current Display FreeFormTask is null
03-19 14:45:32.084 1549 5959 W FreeFormWindowHelper: Current Display FreeFormTask is null
03-19 14:45:32.084 1549 8362 W FreeFormWindowHelper: Current Display FreeFormTask is null
03-19 14:45:32.085 1549 5959 I wm_task_moved: [1,0,0]
03-19 14:45:32.085 1549 5959 I wm_task_moved: [1,0,8]
03-19 14:45:32.097 2634 2634 I wm_on_restart_called: [249239324,com.android.launcher3.uioverrides.QuickstepLauncher,performRestartActivity]
03-19 14:45:32.098 1549 4685 W FreeFormWindowHelper: Current Display FreeFormTask is null
03-19 14:45:32.099 1549 4685 W FreeFormWindowHelper: Current Display FreeFormTask is null
03-19 14:45:32.099 1549 4685 W FreeFormWindowHelper: Current Display FreeFormTask is null
03-19 14:45:32.115 2634 2634 I wm_on_start_called: [249239324,com.android.launcher3.uioverrides.QuickstepLauncher,handleStartActivity]
03-19 14:45:32.120 1549 8362 W ActivityTaskManager: getTaskSnapshot: taskId=-651 not found
