03-19 14:41:20.020 1549 1657 I input_focus: [Focus request 2b6befc com.android.music/com.android.music.VideoBrowserActivity,reason=UpdateInputWindows]
03-19 14:41:20.022 1549 4829 W WindowManager: updateScale : 0.6302158
03-19 14:41:20.024 21041 21041 I wm_on_resume_called: [233959670,com.android.music.VideoBrowserActivity,RESUME_ACTIVITY]
03-19 14:41:20.024 21041 21041 I wm_on_top_resumed_gained_called: [233959670,com.android.music.VideoBrowserActivity,topWhenResuming]
03-19 14:41:20.028 1549 1658 I ActivityTaskManager: clear resize flag in freeform mode
03-19 14:41:20.029 1549 1658 W WindowManager: updateScale : 0.6647482
03-19 14:41:20.030 1549 1741 I input_focus: [Focus entering 2b6befc com.android.music/com.android.music.VideoBrowserActivity (server),reason=setFocusedWindow]
03-19 14:41:20.032 1549 4916 W WindowManager: updateScale : 0.6647482
03-19 14:41:20.045 1549 1658 I ActivityTaskManager: clear resize flag in freeform mode
03-19 14:41:20.045 1549 1658 W WindowManager: updateScale : 0.6964029
03-19 14:41:20.047 1549 4916 W WindowManager: updateScale : 0.6964029
03-19 14:41:20.063 1549 4916 W WindowManager: updateScale : 0.7208633
03-19 14:41:20.065 1549 1658 I ActivityTaskManager: clear resize flag in freeform mode
03-19 14:41:20.066 1549 1658 W WindowManager: updateScale : 0.7208633
03-19 14:41:20.079 1549 1658 I ActivityTaskManager: clear resize flag in freeform mode
03-19 14:41:20.079 1549 1658 W WindowManager: updateScale : 0.73956835
03-19 14:41:20.081 1549 4829 W WindowManager: updateScale : 0.73956835
03-19 14:41:20.096 1549 1658 I ActivityTaskManager: clear resize flag in freeform mode
03-19 14:41:20.096 1549 1658 W WindowManager: updateScale : 0.7553957
03-19 14:41:20.098 1549 4829 W WindowManager: updateScale : 0.7553957
03-19 14:41:20.112 1549 2215 W FreeFormWindowHelper: Current Display FreeFormTask is Task{ae38991 #124 type=standard A=10085:android.task.video U=0 visible=true mode=freeform translucent=false sz=2}
03-19 14:41:20.112 1549 1658 I ActivityTaskManager: clear resize flag in freeform mode
03-19 14:41:20.112 1549 1658 W WindowManager: updateScale : 0.7683453
03-19 14:41:20.113 1549 4916 W WindowManager: updateScale : 0.7683453
03-19 14:41:20.129 1549 1658 I ActivityTaskManager: clear resize flag in freeform mode
03-19 14:41:20.129 1549 1658 W WindowManager: updateScale : 0.77697843
03-19 14:41:20.131 1549 4687 W WindowManager: updateScale : 0.77697843
03-19 14:41:20.146 1549 1658 I ActivityTaskManager: clear resize flag in freeform mode
03-19 14:41:20.147 1549 1658 W WindowManager: updateScale : 0.78417265
03-19 14:41:20.149 1549 4687 W WindowManager: updateScale : 0.78417265
03-19 14:41:20.163 1549 1658 I ActivityTaskManager: clear resize flag in freeform mode
03-19 14:41:20.163 1549 1658 W WindowManager: updateScale : 0.7899281
03-19 14:41:20.165 1549 4687 W WindowManager: updateScale : 0.7899281
03-19 14:41:20.180 1549 1658 I ActivityTaskManager: clear resize flag in freeform mode
03-19 14:41:20.180 1549 1658 W WindowManager: updateScale : 0.79280573
03-19 14:41:20.183 1549 2210 W WindowManager: updateScale : 0.79280573
03-19 14:41:20.195 1549 2210 W WindowManager: updateScale : 0.79568344
03-19 14:41:20.199 1549 1658 I ActivityTaskManager: clear resize flag in freeform mode
03-19 14:41:20.200 1549 1658 W WindowManager: updateScale : 0.79568344
03-19 14:41:20.213 1549 1658 I ActivityTaskManager: clear resize flag in freeform mode
03-19 14:41:20.213 1549 1658 W WindowManager: updateScale : 0.7971223
03-19 14:41:20.229 1549 1658 I ActivityTaskManager: clear resize flag in freeform mode
03-19 14:41:20.230 1549 1658 W WindowManager: updateScale : 0.79856116
03-19 14:41:20.232 1549 2210 W WindowManager: updateScale : 0.79856116
03-19 14:41:20.246 1549 1658 I ActivityTaskManager: clear resize flag in freeform mode
03-19 14:41:20.247 1549 1658 W WindowManager: updateScale : 0.79856116
03-19 14:41:20.249 1549 4687 W WindowManager: updateScale : 0.79856116
03-19 14:41:20.263 1549 1658 I ActivityTaskManager: clear resize flag in freeform mode
03-19 14:41:20.263 1549 1658 W WindowManager: updateScale : 0.8
03-19 14:41:20.265 1549 2210 W WindowManager: updateScale : 0.8
03-19 14:41:20.279 1549 2210 W WindowManager: updateScale : 0.8
03-19 14:41:20.285 1549 2210 I wm_destroy_activity: [0,23142364,124,com.android.gallery3d/.app.MovieActivity,finish-idle]
03-19 14:41:20.298 1549 1657 W WindowManager: updateScale : 0.8
03-19 14:41:20.307 23265 23265 I wm_on_stop_called: [23142364,com.android.gallery3d.app.MovieActivity,LIFECYCLER_STOP_ACTIVITY]
03-19 14:41:20.310 23265 23265 I wm_on_destroy_called: [23142364,com.android.gallery3d.app.MovieActivity,performDestroy]
03-19 14:41:20.314 1549 4687 W WindowManager: updateScale : 0.8
03-19 14:41:22.068 1549 1741 I input_interaction: Interaction with: 2b6befc com.android.music/com.android.music.VideoBrowserActivity (server), swipe-up (server), edge-swipe (server), PointerEventDispatcher0 (server),
03-19 14:41:22.281 1549 2210 I ActivityTaskManager: START u0 {act=android.intent.action.VIEW dat=content://media/external/video/media/385 typ=video/mp4 cmp=com.android.gallery3d/.app.MovieActivity (has extras)} from uid 10085
03-19 14:41:22.286 1549 2210 D CompatibilityChangeReporter: Compat change id reported: 174042980; UID 10063; state: DISABLED
03-19 14:41:22.287 1549 2210 I wm_task_moved: [124,1,10]
03-19 14:41:22.287 1549 2210 I wm_set_resumed_activity: [0,com.android.music/.VideoBrowserActivity,positionChildAt]
03-19 14:41:22.287 1549 2210 I wm_create_activity: [0,59515736,124,com.android.gallery3d/.app.MovieActivity,android.intent.action.VIEW,video/mp4,content://media/external/video/media/385,0]
03-19 14:41:22.288 1549 2210 D CompatibilityChangeReporter: Compat change id reported: 168419799; UID 10063; state: DISABLED
03-19 14:41:22.289 1549 2210 I wm_pause_activity: [0,233959670,com.android.music/.VideoBrowserActivity,userLeaving=true,resumeTopActivityInnerLocked]
03-19 14:41:22.289 1549 2210 W WindowManager: updateScale : 0.8
03-19 14:41:22.293 21041 21041 I wm_on_top_resumed_lost_called: [233959670,com.android.music.VideoBrowserActivity,topStateChangedWhenResumed]
03-19 14:41:22.293 21041 21041 I wm_on_paused_called: [233959670,com.android.music.VideoBrowserActivity,performPause]
03-19 14:41:22.293 1549 4687 I ActivityTaskManager: FOREGROUND_APPLICATION_CHANGED to com.android.gallery3d.app.MovieActivity
03-19 14:41:22.293 1549 4687 I ActivityTaskManager: The Process com.android.gallery3d Already Exists in BG. So sending its PID: 23265
03-19 14:41:22.293 1549 4687 W ActivityTaskManager: Tried to set launchTime (0) < mLastActivityLaunchTime (5336179)
03-19 14:41:22.294 1549 4687 I wm_restart_activity: [0,59515736,124,com.android.gallery3d/.app.MovieActivity]
03-19 14:41:22.295 1549 4687 I wm_set_resumed_activity: [0,com.android.gallery3d/.app.MovieActivity,minimalResumeActivityLocked]
03-19 14:41:22.297 1549 1656 I sysui_multi_action: [757,803,799,window_time_2,802,2]
03-19 14:41:22.303 23265 23265 I wm_on_create_called: [59515736,com.android.gallery3d.app.MovieActivity,performCreate]
03-19 14:41:22.304 23265 23265 I wm_on_start_called: [59515736,com.android.gallery3d.app.MovieActivity,handleStartActivity]
03-19 14:41:22.305 23265 23265 I wm_on_resume_called: [59515736,com.android.gallery3d.app.MovieActivity,RESUME_ACTIVITY]
03-19 14:41:22.306 1549 4916 W WindowManager: Failed looking up window session=Session{6f65bee 23265:u0a10063} callers=com.android.server.wm.WindowManagerService.windowForClientLocked:5628 com.android.server.wm.Session.insetsModified:629 android.view.IWindowSession$Stub.onTransact:1151
03-19 14:41:22.307 23265 23265 I wm_on_top_resumed_gained_called: [59515736,com.android.gallery3d.app.MovieActivity,topStateChangedWhenResumed]
03-19 14:41:22.318 1549 2210 W WindowManager: updateScale : 0.8
03-19 14:41:22.318 1549 2210 W WindowManager: updateScale : 0.8
03-19 14:41:22.319 1549 1657 I input_focus: [Focus request f7aa0e9 com.android.gallery3d/com.android.gallery3d.app.MovieActivity,reason=UpdateInputWindows]
03-19 14:41:22.333 1549 1657 W WindowManager: updateScale : 0.8
03-19 14:41:22.333 1549 1657 W WindowManager: updateScale : 0.8
03-19 14:41:22.340 1549 1657 W WindowManager: updateScale : 0.8
03-19 14:41:22.340 1549 1657 W WindowManager: updateScale : 0.8
03-19 14:41:22.343 1549 1657 W WindowManager: updateScale : 0.8
03-19 14:41:22.343 1549 1657 W WindowManager: updateScale : 0.8
03-19 14:41:22.343 1549 1653 I sysui_multi_action: [319,62,322,62,325,5340,757,761,758,8,759,2,806,com.android.gallery3d,871,com.android.gallery3d.app.MovieActivity,904,com.android.music,905,0,1320,4,1321,1]
03-19 14:41:22.344 1549 1653 I wm_activity_launch_time: [0,59515736,com.android.gallery3d/.app.MovieActivity,62]
03-19 14:41:22.352 1549 1741 I input_focus: [Focus leaving 2b6befc com.android.music/com.android.music.VideoBrowserActivity (server),reason=setFocusedWindow]
03-19 14:41:22.352 1549 1741 I input_focus: [Focus entering f7aa0e9 com.android.gallery3d/com.android.gallery3d.app.MovieActivity (server),reason=setFocusedWindow]
03-19 14:41:22.367 1549 4687 W WindowManager: updateScale : 0.8
03-19 14:41:22.367 1549 4687 W WindowManager: updateScale : 0.8
01-01 09:29:03.204 0 0 I msm_vidc: high: 00000002: ....d: Opening video instance: 0000000000000000, 1
01-01 09:29:03.204 0 0 I msm_vidc: err : 00000002: ....d: Failed to create debugfs for msm_vidc
03-19 14:41:22.399 1549 4916 W FreeFormWindowHelper: Current Display FreeFormTask is Task{ae38991 #124 type=standard A=10085:android.task.video U=0 visible=true mode=freeform translucent=false sz=2}
03-19 14:41:22.621 1549 1657 W WindowManager: updateScale : 0.8
03-19 14:41:22.621 1549 1657 W WindowManager: updateScale : 0.8
01-01 09:29:03.903 0 0 E DTC_Display: screen not ready
01-01 09:29:04.446 0 0 E DTC_ETH,link_delay_work_func: 3003, SQI=0, link=0
03-19 14:41:23.691 1549 1741 I input_interaction: Interaction with: f7aa0e9 com.android.gallery3d/com.android.gallery3d.app.MovieActivity (server), swipe-up (server), edge-swipe (server), PointerEventDispatcher0 (server),
03-19 14:41:23.825 1549 1658 I ActivityTaskManager: clear resize flag in freeform mode
03-19 14:41:23.826 1549 1658 I ActivityTaskManager: clear resize flag in freeform mode
03-19 14:41:23.827 1549 1658 W WindowManager: updateScale : 0.73669064
03-19 14:41:23.827 1549 1658 W WindowManager: updateScale : 0.73669064
03-19 14:41:23.843 1549 1658 I ActivityTaskManager: clear resize flag in freeform mode
03-19 14:41:23.844 1549 1658 I ActivityTaskManager: clear resize flag in freeform mode
03-19 14:41:23.844 1549 1658 W WindowManager: updateScale : 0.68489206
03-19 14:41:23.844 1549 1658 W WindowManager: updateScale : 0.68489206
03-19 14:41:23.855 1549 2210 W WindowManager: updateScale : 0.68489206
03-19 14:41:23.856 1549 2210 W WindowManager: updateScale : 0.68489206
03-19 14:41:23.860 1549 1658 I ActivityTaskManager: clear resize flag in freeform mode
03-19 14:41:23.861 1549 1658 I ActivityTaskManager: clear resize flag in freeform mode
03-19 14:41:23.861 1549 1658 W WindowManager: updateScale : 0.64028776
03-19 14:41:23.862 1549 1658 W WindowManager: updateScale : 0.64028776
03-19 14:41:23.867 1549 4829 W WindowManager: updateScale : 0.64028776
03-19 14:41:23.867 1549 4829 W WindowManager: updateScale : 0.64028776
03-19 14:41:23.876 1549 1658 I ActivityTaskManager: clear resize flag in freeform mode
03-19 14:41:23.876 1549 1658 I ActivityTaskManager: clear resize flag in freeform mode
03-19 14:41:23.878 1549 1658 W WindowManager: updateScale : 0.60719424
03-19 14:41:23.879 1549 1658 W WindowManager: updateScale : 0.60719424
03-19 14:41:23.891 1549 1658 I ActivityTaskManager: clear resize flag in freeform mode
03-19 14:41:23.891 1549 1658 I ActivityTaskManager: clear resize flag in freeform mode
03-19 14:41:23.891 1549 1658 W WindowManager: updateScale : 0.57697845
03-19 14:41:23.892 1549 1658 W WindowManager: updateScale : 0.57697845
03-19 14:41:23.903 1549 4829 W WindowManager: updateScale : 0.57697845
03-19 14:41:23.903 1549 4829 W WindowManager: updateScale : 0.57697845
03-19 14:41:23.908 1549 1658 I ActivityTaskManager: clear resize flag in freeform mode
03-19 14:41:23.908 1549 1658 I ActivityTaskManager: clear resize flag in freeform mode
03-19 14:41:23.909 1549 1658 W WindowManager: updateScale : 0.552518
03-19 14:41:23.909 1549 1658 W WindowManager: updateScale : 0.552518
03-19 14:41:23.922 1549 4829 W WindowManager: updateScale : 0.552518
03-19 14:41:23.922 1549 4829 W WindowManager: updateScale : 0.552518
03-19 14:41:23.926 1549 1658 I ActivityTaskManager: clear resize flag in freeform mode
03-19 14:41:23.926 1549 1658 I ActivityTaskManager: clear resize flag in freeform mode
03-19 14:41:23.927 1549 1658 W WindowManager: updateScale : 0.5352518
03-19 14:41:23.927 1549 1658 W WindowManager: updateScale : 0.5352518
03-19 14:41:23.936 1549 4829 W WindowManager: updateScale : 0.5352518
03-19 14:41:23.936 1549 4829 W WindowManager: updateScale : 0.5352518
03-19 14:41:23.940 1549 1658 I ActivityTaskManager: clear resize flag in freeform mode
03-19 14:41:23.941 1549 1658 I ActivityTaskManager: clear resize flag in freeform mode
03-19 14:41:23.941 1549 1658 W WindowManager: updateScale : 0.51942444
03-19 14:41:23.941 1549 1658 W WindowManager: updateScale : 0.51942444
03-19 14:41:23.951 1549 4687 W WindowManager: updateScale : 0.51942444
03-19 14:41:23.952 1549 4687 W WindowManager: updateScale : 0.51942444
03-19 14:41:23.954 1549 4829 W WindowManager: updateScale : 0.51942444
03-19 14:41:23.954 1549 4829 W WindowManager: updateScale : 0.51942444
03-19 14:41:23.957 1549 1658 I ActivityTaskManager: clear resize flag in freeform mode
03-19 14:41:23.957 1549 1658 I ActivityTaskManager: clear resize flag in freeform mode
03-19 14:41:23.958 1549 1658 W WindowManager: updateScale : 0.50791365
03-19 14:41:23.958 1549 1658 W WindowManager: updateScale : 0.50791365
03-19 14:41:23.968 1549 4829 W WindowManager: updateScale : 0.50791365
03-19 14:41:23.968 1549 4829 W WindowManager: updateScale : 0.50791365
03-19 14:41:23.974 1549 1658 I ActivityTaskManager: clear resize flag in freeform mode
03-19 14:41:23.974 1549 1658 I ActivityTaskManager: clear resize flag in freeform mode
03-19 14:41:23.975 1549 1658 W WindowManager: updateScale : 0.49928057
03-19 14:41:23.975 1549 1658 W WindowManager: updateScale : 0.49928057
03-19 14:41:23.985 1549 4829 W WindowManager: updateScale : 0.49928057
03-19 14:41:23.985 1549 4829 W WindowManager: updateScale : 0.49928057
03-19 14:41:23.991 1549 1658 I ActivityTaskManager: clear resize flag in freeform mode
03-19 14:41:23.991 1549 1658 I ActivityTaskManager: clear resize flag in freeform mode
03-19 14:41:23.991 1549 1658 W WindowManager: updateScale : 0.49208632
03-19 14:41:23.991 1549 1658 W WindowManager: updateScale : 0.49208632
03-19 14:41:24.002 1549 4829 W WindowManager: updateScale : 0.49208632
03-19 14:41:24.002 1549 4829 W WindowManager: updateScale : 0.49208632
03-19 14:41:24.004 1549 4687 W WindowManager: updateScale : 0.49208632
03-19 14:41:24.004 1549 4687 W WindowManager: updateScale : 0.49208632
03-19 14:41:24.010 1549 1658 I ActivityTaskManager: clear resize flag in freeform mode
03-19 14:41:24.011 1549 1658 I ActivityTaskManager: clear resize flag in freeform mode
03-19 14:41:24.011 1549 1658 W WindowManager: updateScale : 0.48776978
03-19 14:41:24.011 1549 1658 W WindowManager: updateScale : 0.48776978
03-19 14:41:24.019 1549 4687 W WindowManager: updateScale : 0.48776978
03-19 14:41:24.019 1549 4687 W WindowManager: updateScale : 0.48776978
03-19 14:41:24.024 1549 1658 I ActivityTaskManager: clear resize flag in freeform mode
03-19 14:41:24.024 1549 1658 I ActivityTaskManager: clear resize flag in freeform mode
03-19 14:41:24.025 1549 1658 W WindowManager: updateScale : 0.48345324
03-19 14:41:24.025 1549 1658 W WindowManager: updateScale : 0.48345324
03-19 14:41:24.035 1549 4687 W WindowManager: updateScale : 0.48345324
03-19 14:41:24.035 1549 4687 W WindowManager: updateScale : 0.48345324
03-19 14:41:24.037 1549 4829 W WindowManager: updateScale : 0.48345324
03-19 14:41:24.037 1549 4829 W WindowManager: updateScale : 0.48345324
03-19 14:41:24.041 1549 1658 I ActivityTaskManager: clear resize flag in freeform mode
03-19 14:41:24.041 1549 1658 I ActivityTaskManager: clear resize flag in freeform mode
03-19 14:41:24.042 1549 1658 W WindowManager: updateScale : 0.4820144
03-19 14:41:24.042 1549 1658 W WindowManager: updateScale : 0.4820144
03-19 14:41:24.052 1549 4829 W WindowManager: updateScale : 0.4820144
03-19 14:41:24.052 1549 4829 W WindowManager: updateScale : 0.4820144
03-19 14:41:24.057 1549 1658 I ActivityTaskManager: clear resize flag in freeform mode
03-19 14:41:24.057 1549 1658 I ActivityTaskManager: clear resize flag in freeform mode
03-19 14:41:24.058 1549 1658 W WindowManager: updateScale : 0.48057553
03-19 14:41:24.058 1549 1658 W WindowManager: updateScale : 0.48057553
03-19 14:41:24.069 1549 4829 W WindowManager: updateScale : 0.48057553
03-19 14:41:24.069 1549 4829 W WindowManager: updateScale : 0.48057553
03-19 14:41:24.071 1549 4687 W WindowManager: updateScale : 0.48057553
03-19 14:41:24.071 1549 4687 W WindowManager: updateScale : 0.48057553
03-19 14:41:24.074 1549 1658 I ActivityTaskManager: clear resize flag in freeform mode
03-19 14:41:24.075 1549 1658 I ActivityTaskManager: clear resize flag in freeform mode
03-19 14:41:24.075 1549 1658 W WindowManager: updateScale : 0.4791367
03-19 14:41:24.075 1549 1658 W WindowManager: updateScale : 0.4791367
03-19 14:41:24.085 1549 4687 W WindowManager: updateScale : 0.4791367
03-19 14:41:24.085 1549 4687 W WindowManager: updateScale : 0.4791367
03-19 14:41:24.089 1549 4687 W WindowManager: updateScale : 0.4791367
03-19 14:41:24.089 1549 4687 W WindowManager: updateScale : 0.4791367
03-19 14:41:24.092 1549 1658 I ActivityTaskManager: clear resize flag in freeform mode
03-19 14:41:24.092 1549 1658 I ActivityTaskManager: clear resize flag in freeform mode
03-19 14:41:24.093 1549 1658 W WindowManager: updateScale : 0.47769785
03-19 14:41:24.093 1549 1658 W WindowManager: updateScale : 0.47769785
03-19 14:41:24.102 1549 4829 W WindowManager: updateScale : 0.47769785
03-19 14:41:24.102 1549 4829 W WindowManager: updateScale : 0.47769785
03-19 14:41:24.105 1549 4829 W WindowManager: updateScale : 0.47769785
03-19 14:41:24.105 1549 4829 W WindowManager: updateScale : 0.47769785
03-19 14:41:24.109 1549 1658 I ActivityTaskManager: clear resize flag in freeform mode
03-19 14:41:24.109 1549 1658 I ActivityTaskManager: clear resize flag in freeform mode
03-19 14:41:24.109 1549 1658 W WindowManager: updateScale : 0.47769785
03-19 14:41:24.110 1549 1658 W WindowManager: updateScale : 0.47769785
03-19 14:41:24.119 1549 4687 W WindowManager: updateScale : 0.47769785
03-19 14:41:24.119 1549 4687 W WindowManager: updateScale : 0.47769785
03-19 14:41:24.121 1549 4829 W WindowManager: updateScale : 0.47769785
03-19 14:41:24.121 1549 4829 W WindowManager: updateScale : 0.47769785
03-19 14:41:24.135 1549 4687 W WindowManager: updateScale : 0.47769785
03-19 14:41:24.135 1549 4687 W WindowManager: updateScale : 0.47769785
03-19 14:41:24.137 1549 4829 W WindowManager: updateScale : 0.47769785
03-19 14:41:24.137 1549 4829 W WindowManager: updateScale : 0.47769785
03-19 14:41:24.930 1549 1658 I ActivityTaskManager: clear resize flag in freeform mode
03-19 14:41:24.931 1549 1658 I ActivityTaskManager: clear resize flag in freeform mode
03-19 14:41:24.932 1549 1658 W WindowManager: updateScale : 0.5410072
03-19 14:41:24.932 1549 1658 W WindowManager: updateScale : 0.5410072
03-19 14:41:24.944 1549 1658 I ActivityTaskManager: clear resize flag in freeform mode
03-19 14:41:24.944 1549 1658 I ActivityTaskManager: clear resize flag in freeform mode
03-19 14:41:24.945 1549 1658 W WindowManager: updateScale : 0.58992803
03-19 14:41:24.945 1549 1658 W WindowManager: updateScale : 0.58992803
03-19 14:41:24.956 1549 4687 W WindowManager: updateScale : 0.58992803
03-19 14:41:24.956 1549 4687 W WindowManager: updateScale : 0.58992803
03-19 14:41:24.960 1549 1658 I ActivityTaskManager: clear resize flag in freeform mode
03-19 14:41:24.960 1549 1658 I ActivityTaskManager: clear resize flag in freeform mode
03-19 14:41:24.961 1549 1658 W WindowManager: updateScale : 0.6345324
03-19 14:41:24.961 1549 1658 W WindowManager: updateScale : 0.6345324
03-19 14:41:24.965 1549 4829 W WindowManager: updateScale : 0.6345324
03-19 14:41:24.965 1549 4829 W WindowManager: updateScale : 0.6345324
03-19 14:41:24.977 1549 1658 I ActivityTaskManager: clear resize flag in freeform mode
03-19 14:41:24.977 1549 1658 I ActivityTaskManager: clear resize flag in freeform mode
03-19 14:41:24.978 1549 1658 W WindowManager: updateScale : 0.6705036
03-19 14:41:24.979 1549 1658 W WindowManager: updateScale : 0.6705036
03-19 14:41:24.988 1549 4829 W WindowManager: updateScale : 0.6705036
03-19 14:41:24.988 1549 4829 W WindowManager: updateScale : 0.6705036
03-19 14:41:24.995 1549 1658 I ActivityTaskManager: clear resize flag in freeform mode
03-19 14:41:24.996 1549 1658 I ActivityTaskManager: clear resize flag in freeform mode
03-19 14:41:24.996 1549 1658 W WindowManager: updateScale : 0.7007194
03-19 14:41:24.996 1549 1658 W WindowManager: updateScale : 0.7007194
03-19 14:41:25.006 1549 4829 W WindowManager: updateScale : 0.7007194
03-19 14:41:25.006 1549 4829 W WindowManager: updateScale : 0.7007194
03-19 14:41:25.010 1549 1658 I ActivityTaskManager: clear resize flag in freeform mode
03-19 14:41:25.010 1549 1658 I ActivityTaskManager: clear resize flag in freeform mode
03-19 14:41:25.010 1549 1658 W WindowManager: updateScale : 0.723741
03-19 14:41:25.010 1549 1658 W WindowManager: updateScale : 0.723741
03-19 14:41:25.013 1549 4829 W WindowManager: updateScale : 0.723741
03-19 14:41:25.013 1549 4829 W WindowManager: updateScale : 0.723741
03-19 14:41:25.026 1549 1658 I ActivityTaskManager: clear resize flag in freeform mode
03-19 14:41:25.026 1549 1658 I ActivityTaskManager: clear resize flag in freeform mode
03-19 14:41:25.027 1549 1658 W WindowManager: updateScale : 0.74244606
03-19 14:41:25.027 1549 1658 W WindowManager: updateScale : 0.74244606
03-19 14:41:25.043 1549 1658 I ActivityTaskManager: clear resize flag in freeform mode
03-19 14:41:25.043 1549 1658 I ActivityTaskManager: clear resize flag in freeform mode
03-19 14:41:25.044 1549 1658 W WindowManager: updateScale : 0.75827336
03-19 14:41:25.044 1549 1658 W WindowManager: updateScale : 0.75827336
03-19 14:41:25.060 1549 1658 I ActivityTaskManager: clear resize flag in freeform mode
03-19 14:41:25.060 1549 1658 I ActivityTaskManager: clear resize flag in freeform mode
03-19 14:41:25.061 1549 1658 W WindowManager: updateScale : 0.76978415
03-19 14:41:25.061 1549 1658 W WindowManager: updateScale : 0.76978415
03-19 14:41:25.077 1549 1658 I ActivityTaskManager: clear resize flag in freeform mode
03-19 14:41:25.077 1549 1658 I ActivityTaskManager: clear resize flag in freeform mode
03-19 14:41:25.078 1549 1658 W WindowManager: updateScale : 0.7784173
03-19 14:41:25.078 1549 1658 W WindowManager: updateScale : 0.7784173
03-19 14:41:25.080 1549 4829 W WindowManager: updateScale : 0.7784173
03-19 14:41:25.080 1549 4829 W WindowManager: updateScale : 0.7784173
03-19 14:41:25.093 1549 1658 I ActivityTaskManager: clear resize flag in freeform mode
03-19 14:41:25.094 1549 1658 I ActivityTaskManager: clear resize flag in freeform mode
03-19 14:41:25.094 1549 1658 W WindowManager: updateScale : 0.7856115
03-19 14:41:25.094 1549 1658 W WindowManager: updateScale : 0.7856115
03-19 14:41:25.097 1549 4829 W WindowManager: updateScale : 0.7856115
03-19 14:41:25.097 1549 4829 W WindowManager: updateScale : 0.7856115
03-19 14:41:25.098 1549 4687 W WindowManager: updateScale : 0.7856115
03-19 14:41:25.098 1549 4687 W WindowManager: updateScale : 0.7856115
03-19 14:41:25.107 1549 4829 W WindowManager: updateScale : 0.7856115
03-19 14:41:25.107 1549 4829 W WindowManager: updateScale : 0.7856115
03-19 14:41:25.111 1549 1658 I ActivityTaskManager: clear resize flag in freeform mode
03-19 14:41:25.111 1549 1658 I ActivityTaskManager: clear resize flag in freeform mode
03-19 14:41:25.112 1549 1658 W WindowManager: updateScale : 0.7899281
03-19 14:41:25.112 1549 1658 W WindowManager: updateScale : 0.7899281
03-19 14:41:25.114 1549 4829 W WindowManager: updateScale : 0.7899281
03-19 14:41:25.114 1549 4829 W WindowManager: updateScale : 0.7899281
03-19 14:41:25.122 1549 4829 W WindowManager: updateScale : 0.7899281
03-19 14:41:25.122 1549 4829 W WindowManager: updateScale : 0.7899281
03-19 14:41:25.127 1549 1658 I ActivityTaskManager: clear resize flag in freeform mode
03-19 14:41:25.127 1549 1658 I ActivityTaskManager: clear resize flag in freeform mode
03-19 14:41:25.127 1549 1658 W WindowManager: updateScale : 0.7942446
03-19 14:41:25.127 1549 1658 W WindowManager: updateScale : 0.7942446
03-19 14:41:25.129 1549 4829 W WindowManager: updateScale : 0.7942446
03-19 14:41:25.129 1549 4829 W WindowManager: updateScale : 0.7942446
03-19 14:41:25.144 1549 1658 I ActivityTaskManager: clear resize flag in freeform mode
03-19 14:41:25.144 1549 1658 I ActivityTaskManager: clear resize flag in freeform mode
03-19 14:41:25.144 1549 1658 W WindowManager: updateScale : 0.79568344
03-19 14:41:25.144 1549 1658 W WindowManager: updateScale : 0.79568344
03-19 14:41:25.147 1549 4829 W WindowManager: updateScale : 0.79568344
03-19 14:41:25.147 1549 4829 W WindowManager: updateScale : 0.79568344
03-19 14:41:25.156 1549 4829 W WindowManager: updateScale : 0.79568344
03-19 14:41:25.156 1549 4829 W WindowManager: updateScale : 0.79568344
03-19 14:41:25.160 1549 1658 I ActivityTaskManager: clear resize flag in freeform mode
03-19 14:41:25.160 1549 1658 I ActivityTaskManager: clear resize flag in freeform mode
03-19 14:41:25.161 1549 1658 W WindowManager: updateScale : 0.7971223
03-19 14:41:25.161 1549 1658 W WindowManager: updateScale : 0.7971223
03-19 14:41:25.163 1549 4829 W WindowManager: updateScale : 0.7971223
03-19 14:41:25.163 1549 4829 W WindowManager: updateScale : 0.7971223
03-19 14:41:25.171 1549 4829 W WindowManager: updateScale : 0.7971223
03-19 14:41:25.171 1549 4829 W WindowManager: updateScale : 0.7971223
03-19 14:41:25.177 1549 1658 I ActivityTaskManager: clear resize flag in freeform mode
03-19 14:41:25.177 1549 1658 I ActivityTaskManager: clear resize flag in freeform mode
03-19 14:41:25.178 1549 1658 W WindowManager: updateScale : 0.79856116
03-19 14:41:25.178 1549 1658 W WindowManager: updateScale : 0.79856116
03-19 14:41:25.180 1549 4829 W WindowManager: updateScale : 0.79856116
03-19 14:41:25.180 1549 4829 W WindowManager: updateScale : 0.79856116
03-19 14:41:25.188 1549 4829 W WindowManager: updateScale : 0.79856116
03-19 14:41:25.188 1549 4829 W WindowManager: updateScale : 0.79856116
03-19 14:41:25.194 1549 1658 I ActivityTaskManager: clear resize flag in freeform mode
03-19 14:41:25.194 1549 1658 I ActivityTaskManager: clear resize flag in freeform mode
03-19 14:41:25.195 1549 1658 W WindowManager: updateScale : 0.8
03-19 14:41:25.195 1549 1658 W WindowManager: updateScale : 0.8
03-19 14:41:25.197 1549 4829 W WindowManager: updateScale : 0.8
03-19 14:41:25.197 1549 4829 W WindowManager: updateScale : 0.8
03-19 14:41:25.204 1549 4829 W WindowManager: updateScale : 0.8
03-19 14:41:25.205 1549 4829 W WindowManager: updateScale : 0.8
03-19 14:41:25.210 1549 1658 I ActivityTaskManager: clear resize flag in freeform mode
03-19 14:41:25.210 1549 1658 I ActivityTaskManager: clear resize flag in freeform mode
03-19 14:41:25.211 1549 1658 W WindowManager: updateScale : 0.8
03-19 14:41:25.211 1549 1658 W WindowManager: updateScale : 0.8
03-19 14:41:25.213 1549 4829 W WindowManager: updateScale : 0.8
03-19 14:41:25.213 1549 4829 W WindowManager: updateScale : 0.8
03-19 14:41:25.221 1549 4829 W WindowManager: updateScale : 0.8
03-19 14:41:25.221 1549 4829 W WindowManager: updateScale : 0.8
03-19 14:41:25.228 1549 4829 W WindowManager: updateScale : 0.8
03-19 14:41:25.228 1549 4829 W WindowManager: updateScale : 0.8
03-19 14:41:25.238 1549 4829 W WindowManager: updateScale : 0.8
03-19 14:41:25.238 1549 4829 W WindowManager: updateScale : 0.8
01-01 09:29:07.075 0 0 E DTC_Display: screen not ready
03-19 14:41:26.428 1549 4687 I wm_finish_activity: [0,59515736,124,com.android.gallery3d/.app.MovieActivity,app-request]
03-19 14:41:26.438 1549 4687 I wm_pause_activity: [0,59515736,com.android.gallery3d/.app.MovieActivity,userLeaving=false,finish]
03-19 14:41:26.445 23265 23265 I wm_on_top_resumed_lost_called: [59515736,com.android.gallery3d.app.MovieActivity,topStateChangedWhenResumed]
03-19 14:41:26.466 1549 1741 I input_focus: [Focus leaving f7aa0e9 com.android.gallery3d/com.android.gallery3d.app.MovieActivity (server),reason=NO_WINDOW]
01-01 09:29:07.316 0 0 I msm_vidc: high: 00000002: h264d: Closed video instance: 0000000000000000
03-19 14:41:26.488 23265 23265 I wm_on_paused_called: [59515736,com.android.gallery3d.app.MovieActivity,performPause]
03-19 14:41:26.490 1549 4829 I ActivityTaskManager: FOREGROUND_APPLICATION_CHANGED to com.android.music.VideoBrowserActivity
03-19 14:41:26.491 1549 4829 I wm_set_resumed_activity: [0,com.android.music/.VideoBrowserActivity,resumeTopActivityInnerLocked]
03-19 14:41:26.493 1549 4829 I wm_resume_activity: [0,233959670,124,com.android.music/.VideoBrowserActivity]
03-19 14:41:26.493 21041 21041 I wm_on_resume_called: [233959670,com.android.music.VideoBrowserActivity,RESUME_ACTIVITY]
03-19 14:41:26.493 21041 21041 I wm_on_top_resumed_gained_called: [233959670,com.android.music.VideoBrowserActivity,topWhenResuming]
03-19 14:41:26.494 1549 4829 W WindowManager: updateScale : 0.8
03-19 14:41:26.498 1549 4829 W WindowManager: updateScale : 0.8
03-19 14:41:26.499 1549 1657 I input_focus: [Focus request 2b6befc com.android.music/com.android.music.VideoBrowserActivity,reason=UpdateInputWindows]
03-19 14:41:26.500 1549 1656 I sysui_multi_action: [757,803,799,window_time_2,802,5]
03-19 14:41:26.500 1549 4687 W WindowManager: updateScale : 0.8
03-19 14:41:26.510 1549 4829 W WindowManager: updateScale : 0.8
03-19 14:41:26.512 1549 1741 I input_focus: [Focus entering 2b6befc com.android.music/com.android.music.VideoBrowserActivity (server),reason=setFocusedWindow]
03-19 14:41:26.527 1549 4829 I wm_destroy_activity: [0,59515736,124,com.android.gallery3d/.app.MovieActivity,finish-idle]
03-19 14:41:26.536 23265 23265 I wm_on_stop_called: [59515736,com.android.gallery3d.app.MovieActivity,LIFECYCLER_STOP_ACTIVITY]
03-19 14:41:26.537 23265 23265 I wm_on_destroy_called: [59515736,com.android.gallery3d.app.MovieActivity,performDestroy]
03-19 14:41:26.540 1549 4916 W WindowManager: updateScale : 0.8
03-19 14:41:26.596 1549 2210 W FreeFormWindowHelper: Current Display FreeFormTask is Task{ae38991 #124 type=standard A=10085:android.task.video U=0 visible=true mode=freeform translucent=false sz=2}
03-19 14:41:26.781 1549 1657 W WindowManager: updateScale : 0.8
03-19 14:41:26.784 1549 1657 W WindowManager: updateScale : 0.8
03-19 14:41:26.796 1549 1657 W WindowManager: updateScale : 0.8
01-01 09:29:09.563 0 0 E DTC_ETH,link_delay_work_func: 3003, SQI=0, link=0
03-19 14:41:28.853 1549 1741 I input_interaction: Interaction with: 2b6befc com.android.music/com.android.music.VideoBrowserActivity (server), swipe-up (server), edge-swipe (server), PointerEventDispatcher0 (server),
03-19 14:41:29.033 1549 4829 I ActivityTaskManager: START u0 {act=android.intent.action.VIEW dat=content://media/external/video/media/383 typ=video/mp4 cmp=com.android.gallery3d/.app.MovieActivity (has extras)} from uid 10085
03-19 14:41:29.038 1549 4829 I wm_task_moved: [124,1,10]
03-19 14:41:29.038 1549 4829 I wm_set_resumed_activity: [0,com.android.music/.VideoBrowserActivity,positionChildAt]
03-19 14:41:29.038 1549 4829 I wm_create_activity: [0,219313384,124,com.android.gallery3d/.app.MovieActivity,android.intent.action.VIEW,video/mp4,content://media/external/video/media/383,0]
03-19 14:41:29.040 1549 4829 I wm_pause_activity: [0,233959670,com.android.music/.VideoBrowserActivity,userLeaving=true,resumeTopActivityInnerLocked]
03-19 14:41:29.040 1549 4829 W WindowManager: updateScale : 0.8
03-19 14:41:29.048 21041 21041 I wm_on_top_resumed_lost_called: [233959670,com.android.music.VideoBrowserActivity,topStateChangedWhenResumed]
03-19 14:41:29.048 21041 21041 I wm_on_paused_called: [233959670,com.android.music.VideoBrowserActivity,performPause]
03-19 14:41:29.049 1549 4916 I ActivityTaskManager: FOREGROUND_APPLICATION_CHANGED to com.android.gallery3d.app.MovieActivity
03-19 14:41:29.049 1549 4916 I ActivityTaskManager: The Process com.android.gallery3d Already Exists in BG. So sending its PID: 23265
03-19 14:41:29.049 1549 4916 W ActivityTaskManager: Tried to set launchTime (0) < mLastActivityLaunchTime (5340863)
03-19 14:41:29.050 1549 4916 I wm_restart_activity: [0,219313384,124,com.android.gallery3d/.app.MovieActivity]
03-19 14:41:29.050 1549 4916 I wm_set_resumed_activity: [0,com.android.gallery3d/.app.MovieActivity,minimalResumeActivityLocked]
03-19 14:41:29.052 1549 1656 I sysui_multi_action: [757,803,799,window_time_2,802,2]
03-19 14:41:29.060 23265 23265 I wm_on_create_called: [219313384,com.android.gallery3d.app.MovieActivity,performCreate]
03-19 14:41:29.061 23265 23265 I wm_on_start_called: [219313384,com.android.gallery3d.app.MovieActivity,handleStartActivity]
03-19 14:41:29.062 23265 23265 I wm_on_resume_called: [219313384,com.android.gallery3d.app.MovieActivity,RESUME_ACTIVITY]
03-19 14:41:29.063 1549 4687 W WindowManager: Failed looking up window session=Session{6f65bee 23265:u0a10063} callers=com.android.server.wm.WindowManagerService.windowForClientLocked:5628 com.android.server.wm.Session.insetsModified:629 android.view.IWindowSession$Stub.onTransact:1151
03-19 14:41:29.064 23265 23265 I wm_on_top_resumed_gained_called: [219313384,com.android.gallery3d.app.MovieActivity,topStateChangedWhenResumed]
03-19 14:41:29.067 1549 4687 W WindowManager: updateScale : 0.8
03-19 14:41:29.067 1549 4687 W WindowManager: updateScale : 0.8
03-19 14:41:29.068 1549 1657 I input_focus: [Focus request b43539 com.android.gallery3d/com.android.gallery3d.app.MovieActivity,reason=UpdateInputWindows]
03-19 14:41:29.083 1549 1657 W WindowManager: updateScale : 0.8
03-19 14:41:29.083 1549 1657 W WindowManager: updateScale : 0.8
03-19 14:41:29.090 1549 1657 W WindowManager: updateScale : 0.8
03-19 14:41:29.090 1549 1657 W WindowManager: updateScale : 0.8
03-19 14:41:29.092 1549 1657 W WindowManager: updateScale : 0.8
03-19 14:41:29.092 1549 1657 W WindowManager: updateScale : 0.8
03-19 14:41:29.093 1549 1653 I sysui_multi_action: [319,59,322,59,325,5347,757,761,758,8,759,2,806,com.android.gallery3d,871,com.android.gallery3d.app.MovieActivity,904,com.android.music,905,0,1320,4,1321,1]
03-19 14:41:29.094 1549 1653 I wm_activity_launch_time: [0,219313384,com.android.gallery3d/.app.MovieActivity,59]
03-19 14:41:29.101 1549 1741 I input_focus: [Focus leaving 2b6befc com.android.music/com.android.music.VideoBrowserActivity (server),reason=setFocusedWindow]
03-19 14:41:29.101 1549 1741 I input_focus: [Focus entering b43539 com.android.gallery3d/com.android.gallery3d.app.MovieActivity (server),reason=setFocusedWindow]
01-01 09:29:09.967 0 0 I msm_vidc: high: 00000002: ....d: Opening video instance: 0000000000000000, 1
01-01 09:29:09.967 0 0 I msm_vidc: err : 00000002: ....d: Failed to create debugfs for msm_vidc
03-19 14:41:29.154 1549 2210 W FreeFormWindowHelper: Current Display FreeFormTask is Task{ae38991 #124 type=standard A=10085:android.task.video U=0 visible=true mode=freeform translucent=false sz=2}
03-19 14:41:29.322 1549 4687 W WindowManager: updateScale : 0.8
03-19 14:41:29.322 1549 4687 W WindowManager: updateScale : 0.8
03-19 14:41:29.370 1549 1657 W WindowManager: updateScale : 0.8
03-19 14:41:29.370 1549 1657 W WindowManager: updateScale : 0.8
01-01 09:29:10.663 0 0 E DTC_Display: screen not ready
01-01 09:29:14.039 0 0 E DTC_Display: screen not ready
03-19 14:41:33.761 1549 1549 I notification_enqueue: [10094,12961,com.tencent.android.qqdownloader,127,NULL,0,Notification(channel=channel_id_default_silent shortcut=null contentView=com.tencent.android.qqdownloader/0x7f0a01c2 vibrate=null sound=null defaults=0x0 flags=0x2a0 color=0x00000000 groupKey=com.tencent.android.qqdownloader vis=PRIVATE),1]
01-01 09:29:14.683 0 0 E DTC_ETH,link_delay_work_func: 3003, SQI=0, link=0
03-19 14:41:33.964 1549 1549 I GameModeConfig: isGameModeOn = true
03-19 14:41:33.964 1549 1549 I GameModeConfig: isGaming = false
03-19 14:41:34.190 1549 2210 I wm_finish_activity: [0,219313384,124,com.android.gallery3d/.app.MovieActivity,app-request]
03-19 14:41:34.200 1549 2210 I wm_pause_activity: [0,219313384,com.android.gallery3d/.app.MovieActivity,userLeaving=false,finish]
03-19 14:41:34.205 23265 23265 I wm_on_top_resumed_lost_called: [219313384,com.android.gallery3d.app.MovieActivity,topStateChangedWhenResumed]
03-19 14:41:34.218 1549 1741 I input_focus: [Focus leaving b43539 com.android.gallery3d/com.android.gallery3d.app.MovieActivity (server),reason=NO_WINDOW]
01-01 09:29:15.075 0 0 I msm_vidc: high: 00000002: h264d: Closed video instance: 0000000000000000
03-19 14:41:34.247 23265 23265 I wm_on_paused_called: [219313384,com.android.gallery3d.app.MovieActivity,performPause]
03-19 14:41:34.248 1549 4829 I ActivityTaskManager: FOREGROUND_APPLICATION_CHANGED to com.android.music.VideoBrowserActivity
03-19 14:41:34.251 1549 4829 I wm_set_resumed_activity: [0,com.android.music/.VideoBrowserActivity,resumeTopActivityInnerLocked]
03-19 14:41:34.253 1549 4829 I wm_resume_activity: [0,233959670,124,com.android.music/.VideoBrowserActivity]
03-19 14:41:34.254 21041 21041 I wm_on_resume_called: [233959670,com.android.music.VideoBrowserActivity,RESUME_ACTIVITY]
03-19 14:41:34.254 21041 21041 I wm_on_top_resumed_gained_called: [233959670,com.android.music.VideoBrowserActivity,topWhenResuming]
03-19 14:41:34.255 1549 4829 W WindowManager: updateScale : 0.8
03-19 14:41:34.263 1549 4829 W WindowManager: updateScale : 0.8
03-19 14:41:34.265 1549 1657 I input_focus: [Focus request 2b6befc com.android.music/com.android.music.VideoBrowserActivity,reason=UpdateInputWindows]
03-19 14:41:34.265 1549 4916 W WindowManager: updateScale : 0.8
03-19 14:41:34.270 1549 1656 I sysui_multi_action: [757,803,799,window_time_2,802,5]
01-01 09:29:15.105 0 0 I : [MAX975X:max96755x_drm_notifier_callback] *INFO* receives EARLY_BLANK:UNBLANK
01-01 09:29:15.105 0 0 I atmel_mxt_ts 0-004a: FB event:2,blank:0
01-01 09:29:15.105 0 0 I atmel_mxt_ts 0-004a: suspend: event = 2, blank = 0, not care
01-01 09:29:15.105 0 0 I [drm:dsi_display_set_mode] [msm-dsi-info]: mdp_transfer_time_us=0 us
01-01 09:29:15.105 0 0 I [drm:dsi_display_set_mode] [msm-dsi-info]: hactive= 2560,vactive= 1080,fps=30
01-01 09:29:15.105 0 0 I : [MAX975X:max96755x_drm_notifier_callback] *INFO* receives BLANK:UNBLANK
01-01 09:29:15.106 0 0 I atmel_mxt_ts 0-004a: FB event:1,blank:0
01-01 09:29:15.106 0 0 I atmel_mxt_ts 0-004a: drm_notifier_callback: UNBLANK! Resume by drm notifier.
03-19 14:41:34.274 1549 2215 I wm_destroy_activity: [0,219313384,124,com.android.gallery3d/.app.MovieActivity,finish-idle]
03-19 14:41:34.275 1549 2210 W WindowManager: updateScale : 0.8
03-19 14:41:34.281 1549 1741 I input_focus: [Focus entering 2b6befc com.android.music/com.android.music.VideoBrowserActivity (server),reason=setFocusedWindow]
01-01 09:29:15.124 0 0 I : [MAX975X:max96755x_drm_notifier_callback] *INFO* receives EARLY_BLANK:UNBLANK
01-01 09:29:15.124 0 0 I atmel_mxt_ts 0-004a: FB event:2,blank:0
01-01 09:29:15.124 0 0 I atmel_mxt_ts 0-004a: suspend: event = 2, blank = 0, not care
01-01 09:29:15.124 0 0 I [drm:dsi_display_set_mode] [msm-dsi-info]: mdp_transfer_time_us=0 us
01-01 09:29:15.124 0 0 I [drm:dsi_display_set_mode] [msm-dsi-info]: hactive= 2560,vactive= 1080,fps=60
01-01 09:29:15.125 0 0 I : [MAX975X:max96755x_drm_notifier_callback] *INFO* receives BLANK:UNBLANK
03-19 14:41:34.295 23265 23265 I wm_on_stop_called: [219313384,com.android.gallery3d.app.MovieActivity,LIFECYCLER_STOP_ACTIVITY]
03-19 14:41:34.296 23265 23265 I wm_on_destroy_called: [219313384,com.android.gallery3d.app.MovieActivity,performDestroy]
03-19 14:41:34.302 1549 4687 W WindowManager: updateScale : 0.8
03-19 14:41:34.359 1549 4916 W FreeFormWindowHelper: Current Display FreeFormTask is Task{ae38991 #124 type=standard A=10085:android.task.video U=0 visible=true mode=freeform translucent=false sz=2}
03-19 14:41:34.549 1549 1657 W WindowManager: updateScale : 0.8
03-19 14:41:34.553 1549 1657 W WindowManager: updateScale : 0.8
03-19 14:41:34.564 1549 1657 W WindowManager: updateScale : 0.8
01-01 09:29:16.875 0 0 E DTC_Display: screen not ready
01-01 09:29:16.876 0 0 I atmel_mxt_ts 0-004a: FB event:1,blank:0
01-01 09:29:16.876 0 0 I atmel_mxt_ts 0-004a: drm_notifier_callback: UNBLANK! Resume by drm notifier.
01-01 09:29:17.034 0 0 I binder : 1549:1726 ioctl 400c620e 710f1335d8 returned -22
03-19 14:41:36.197 1549 1726 D ActivityManager: freezing 21379 com.android.permissioncontroller
03-19 14:41:36.197 1549 1726 E ActivityManager: Unable to freeze binder for 21379 com.android.permissioncontroller
03-19 14:41:36.199 1549 1726 D ActivityManager: froze 21379 com.android.permissioncontroller
03-19 14:41:36.199 1549 1726 I am_freeze: [21379,com.android.permissioncontroller]
03-19 14:41:36.199 1549 1726 E ActivityManager: Unable to freeze binder for 21379 com.android.permissioncontroller
01-01 09:29:17.036 0 0 I binder : 1549:1726 ioctl c00c620f 710f1335b8 returned -22
03-19 14:41:36.202 1549 1726 I ActivityManager: Killing 21379:com.android.permissioncontroller/u0a90 (adj 955): Unable to freeze binder interface
03-19 14:41:36.202 1549 1726 I am_kill : [0,21379,com.android.permissioncontroller,955,Unable to freeze binder interface]
03-19 14:41:36.240 1549 4916 I am_proc_died: [0,21379,com.android.permissioncontroller,955,19]
03-19 14:41:36.241 1549 4916 I am_uid_stopped: 10090
01-01 09:29:18.227 0 0 E DTC_Display: screen not ready
03-19 14:41:38.277 1549 4916 D FreeFormWindowHelper: Remove freefrom task=Task{ae38991 #124 type=standard A=10085:android.task.video U=0 visible=true mode=fullscreen translucent=false sz=1}
03-19 14:41:38.321 1549 4916 I wm_relaunch_resume_activity: [0,233959670,124,com.android.music/.VideoBrowserActivity]
03-19 14:41:38.323 1549 4916 I wm_add_to_stopping: [0,249239324,com.android.launcher3/.uioverrides.QuickstepLauncher,makeInvisible]
03-19 14:41:38.356 1549 4916 I WindowManager: finishDrawing of relaunch: Window{2b6befc u0 com.android.music/com.android.music.VideoBrowserActivity} 35ms
03-19 14:41:38.357 21041 21041 I wm_on_top_resumed_lost_called: [233959670,com.android.music.VideoBrowserActivity,pausing]
03-19 14:41:38.357 21041 21041 I wm_on_paused_called: [233959670,com.android.music.VideoBrowserActivity,performPause]
03-19 14:41:38.357 21041 21041 I wm_on_stop_called: [233959670,com.android.music.VideoBrowserActivity,handleRelaunchActivity]
03-19 14:41:38.360 21041 21041 I wm_on_destroy_called: [233959670,com.android.music.VideoBrowserActivity,performDestroy]
03-19 14:41:38.389 21041 21041 I wm_on_create_called: [233959670,com.android.music.VideoBrowserActivity,performCreate]
03-19 14:41:38.391 21041 21041 I wm_on_start_called: [233959670,com.android.music.VideoBrowserActivity,handleStartActivity]
03-19 14:41:38.395 21041 21041 I wm_on_resume_called: [233959670,com.android.music.VideoBrowserActivity,RESUME_ACTIVITY]
03-19 14:41:38.395 21041 21041 I wm_on_top_resumed_gained_called: [233959670,com.android.music.VideoBrowserActivity,topWhenResuming]
03-19 14:41:38.742 1549 1656 I wm_stop_activity: [0,249239324,com.android.launcher3/.uioverrides.QuickstepLauncher]
03-19 14:41:38.767 2634 2634 I wm_on_paused_called: [249239324,com.android.launcher3.uioverrides.QuickstepLauncher,performPause]
03-19 14:41:38.769 2634 2634 I wm_on_stop_called: [249239324,com.android.launcher3.uioverrides.QuickstepLauncher,STOP_ACTIVITY_ITEM]
01-01 09:29:19.803 0 0 E DTC_ETH,link_delay_work_func: 3003, SQI=0, link=0
03-19 14:41:39.355 0 0 I auditd : type=1400 audit(0.0:12362): avc: denied { kill } for comm="swapper/3" capability=5 scontext=u:r:kernel:s0 tcontext=u:r:kernel:s0 tclass=capability permissive=1
03-19 14:41:39.952 1549 1582 W FreeFormWindowHelper: Current Display FreeFormTask is null
03-19 14:41:39.954 1549 1582 W FreeFormWindowHelper: Current Display FreeFormTask is null
03-19 14:41:39.959 1549 1582 I wm_task_moved: [1,0,0]
03-19 14:41:39.959 1549 4916 W FreeFormWindowHelper: Current Display FreeFormTask is null
03-19 14:41:39.959 1549 1582 I wm_task_moved: [1,0,9]
03-19 14:41:39.961 1549 4916 W FreeFormWindowHelper: Current Display FreeFormTask is null
03-19 14:41:39.975 2634 2634 I wm_on_restart_called: [249239324,com.android.launcher3.uioverrides.QuickstepLauncher,performRestartActivity]
03-19 14:41:39.976 1549 2174 W FreeFormWindowHelper: Current Display FreeFormTask is null
03-19 14:41:39.977 1549 2174 W FreeFormWindowHelper: Current Display FreeFormTask is null
03-19 14:41:40.017 2634 2634 I wm_on_start_called: [249239324,com.android.launcher3.uioverrides.QuickstepLauncher,handleStartActivity]
03-19 14:41:40.025 1549 2174 W FreeFormWindowHelper: Current Display FreeFormTask is null
03-19 14:41:40.025 1549 2174 W FreeFormWindowHelper: Current Display FreeFormTask is null
03-19 14:41:40.039 1549 1653 I sysui_multi_action: [319,18,322,71,325,5358,757,761,758,9,759,5,806,com.android.launcher3,871,com.android.launcher3.uioverrides.QuickstepLauncher,905,0,1320,4,1321,1]
03-19 14:41:40.049 1549 4217 W ActivityTaskManager: getTaskSnapshot: taskId=-775 not found
03-19 14:41:40.051 1549 4217 W ActivityTaskManager: getTaskSnapshot: taskId=-774 not found
03-19 14:41:40.052 1549 4217 W ActivityTaskManager: getTaskSnapshot: taskId=-774 not found
03-19 14:41:40.053 1549 4217 W ActivityTaskManager: getTaskSnapshot: taskId=-774 not found
03-19 14:41:40.055 21041 21041 I view_enqueue_input_event: [Motion - Cancel,com.android.music/com.android.music.VideoBrowserActivity]
03-19 14:41:40.056 1549 1653 D AutofillManagerService: Close system dialogs
03-19 14:41:40.056 2634 2634 I sysui_latency: [1,93]
03-19 14:41:40.058 1549 1657 I input_focus: [Focus request recents_animation_input_consumer,reason=UpdateInputWindows]
03-19 14:41:40.059 1549 4217 W FreeFormWindowHelper: Current Display FreeFormTask is null
03-19 14:41:40.059 1549 4217 W FreeFormWindowHelper: Current Display FreeFormTask is null
03-19 14:41:40.062 1549 1741 I input_interaction: Interaction with: swipe-up (server), edge-swipe (server), PointerEventDispatcher0 (server),
03-19 14:41:40.066 1549 4217 W FreeFormWindowHelper: Current Display FreeFormTask is null
03-19 14:41:40.067 1549 2174 W FreeFormWindowHelper: Current Display FreeFormTask is null
03-19 14:41:40.077 1549 2174 W FreeFormWindowHelper: Current Display FreeFormTask is null
03-19 14:41:40.077 1549 2174 W FreeFormWindowHelper: Current Display FreeFormTask is null
03-19 14:41:40.077 1549 1741 I input_focus: [Focus leaving 2b6befc com.android.music/com.android.music.VideoBrowserActivity (server),reason=NOT_FOCUSABLE]
03-19 14:41:40.078 1549 1741 I input_focus: [Focus entering recents_animation_input_consumer (server),reason=setFocusedWindow]
03-19 14:41:40.085 1549 4217 W ActivityTaskManager: getTaskSnapshot: taskId=-669 not found
03-19 14:41:40.086 1549 4217 W ActivityTaskManager: getTaskSnapshot: taskId=-669 not found
03-19 14:41:40.087 1549 4217 W ActivityTaskManager: getTaskSnapshot: taskId=-669 not found
03-19 14:41:40.087 1549 4217 W ActivityTaskManager: getTaskSnapshot: taskId=-669 not found
03-19 14:41:40.093 1549 4217 W FreeFormWindowHelper: Current Display FreeFormTask is null
03-19 14:41:40.093 1549 4217 W FreeFormWindowHelper: Current Display FreeFormTask is null
03-19 14:41:40.112 1549 2174 W FreeFormWindowHelper: exitRecentTasks type=0
03-19 14:41:40.117 1549 4217 W FreeFormWindowHelper: Current Display FreeFormTask is null
03-19 14:41:40.117 1549 2174 W FreeFormWindowHelper: Current Display FreeFormTask is null
03-19 14:41:40.219 1549 1725 I commit_sys_config_file: [settings-1-0,4]
03-19 14:41:40.331 1549 1667 I sysui_latency: [8,92]
03-19 14:41:40.492 1549 1655 W NotifHistoryProto: notification package name (com.android.systemui) not found in string cache
03-19 14:41:40.492 1549 1655 W NotifHistoryProto: notification channel name (屏幕录制器) not found in string cache
03-19 14:41:40.493 1549 1655 W NotifHistoryProto: notification channel id (screen_record) not found in string cache
03-19 14:41:40.493 1549 1655 W NotifHistoryProto: notification package name (com.android.systemui) not found in string cache
03-19 14:41:40.493 1549 1655 W NotifHistoryProto: notification channel name (屏幕录制器) not found in string cache
03-19 14:41:40.493 1549 1655 W NotifHistoryProto: notification channel id (screen_record) not found in string cache
03-19 14:41:40.777 1549 4217 W FreeFormWindowHelper: Current Display FreeFormTask is null
03-19 14:41:40.777 1549 4217 W FreeFormWindowHelper: Current Display FreeFormTask is null
03-19 14:41:40.784 1549 2174 I wm_task_moved: [1,1,10]
03-19 14:41:40.787 1549 2174 I wm_task_moved: [37,1,2147483647]
03-19 14:41:40.787 1549 2174 I wm_task_to_front: [0,37]
03-19 14:41:40.787 1549 2174 I wm_focused_root_task: [0,0,1,124,RecentsAnimation.onAnimationFinished()]
03-19 14:41:40.787 21041 21041 I wm_on_top_resumed_lost_called: [233959670,com.android.music.VideoBrowserActivity,topStateChangedWhenResumed]
03-19 14:41:40.787 1549 2174 I wm_set_resumed_activity: [0,com.android.launcher3/.uioverrides.QuickstepLauncher,RecentsAnimation.onAnimationFinished()]
03-19 14:41:40.788 1549 2174 I wm_pause_activity: [0,233959670,com.android.music/.VideoBrowserActivity,userLeaving=true,pauseBackTasks]
03-19 14:41:40.788 1549 2174 I wm_add_to_stopping: [0,233959670,com.android.music/.VideoBrowserActivity,makeInvisible]
