03-19 14:23:57.620 1549 13201 W ActivityTaskManager: getTaskSnapshot: taskId=-120 not found
03-19 14:23:57.624 1549 13201 W FreeFormWindowHelper: Current Display FreeFormTask is null
03-19 14:23:57.624 1549 13201 W FreeFormWindowHelper: Current Display FreeFormTask is null
03-19 14:23:57.641 1549 13201 W FreeFormWindowHelper: Current Display FreeFormTask is null
03-19 14:23:57.641 1549 13201 W FreeFormWindowHelper: Current Display FreeFormTask is null
03-19 14:23:59.070 1549 1582 W FreeFormWindowHelper: Current Display FreeFormTask is null
03-19 14:23:59.071 1549 12818 W FreeFormWindowHelper: Current Display FreeFormTask is null
03-19 14:23:59.072 1549 12818 W FreeFormWindowHelper: Current Display FreeFormTask is null
01-01 09:11:39.963 0 0 E DTC_ETH,link_delay_work_func: 3003, SQI=0, link=0
03-19 14:23:59.441 1549 13201 I ActivityTaskManager: FOREGROUND_APPLICATION_CHANGED to com.android.launcher3.uioverrides.QuickstepLauncher
03-19 14:23:59.458 1549 12817 W FreeFormWindowHelper: Current Display FreeFormTask is null
03-19 14:23:59.458 1549 12817 W FreeFormWindowHelper: Current Display FreeFormTask is null
03-19 14:23:59.458 1549 12817 W FreeFormWindowHelper: Current Display FreeFormTask is null
03-19 14:23:59.463 1549 1656 I ActivityManager: PendingStartActivityUids startActivity to updateOomAdj delay:1911ms, uid:10071
03-19 14:23:59.486 1549 1582 W FreeFormWindowHelper: Current Display FreeFormTask is null
03-19 14:23:59.486 1549 1582 W FreeFormWindowHelper: Current Display FreeFormTask is null
01-01 09:11:40.323 0 0 I msm_vidc: high: 00000002: h264d: Closed video instance: 0000000000000000
03-19 14:23:59.556 1549 10380 W FreeFormWindowHelper: Current Display FreeFormTask is null
03-19 14:24:00.197 2018 2149 D PhoneStartingWindowTypeAlgorithm: preferredStartingWindowType newTask:false taskSwitch:true processRunning:true allowTaskSnapshot:true activityCreated:true useEmptySplashScreen:false legacySplashScreen:false topIsHome:false
03-19 14:24:00.198 2018 2149 D PhoneStartingWindowTypeAlgorithm: isSnapshotCompatible rotation 0 snapshot 0
03-19 14:24:00.208 1549 13201 I ActivityTaskManager: FOREGROUND_APPLICATION_CHANGED to com.android.gallery3d.app.MovieActivity
03-19 14:24:00.293 2018 2149 D StartingSurfaceDrawer: Task start finish, remove starting surface for task 111
03-19 14:24:00.313 1549 10380 W FreeFormWindowHelper: Current Display FreeFormTask is null
01-01 09:11:41.156 0 0 I msm_vidc: high: 00000002: ....d: Opening video instance: 0000000000000000, 1
01-01 09:11:41.156 0 0 I msm_vidc: err : 00000002: ....d: Failed to create debugfs for msm_vidc
01-01 09:11:41.359 0 0 E DTC_Display: screen not ready
03-19 14:24:00.594 1549 1582 W FreeFormWindowHelper: exitRecentTasks type=0
03-19 14:24:00.712 1549 2210 W FreeFormWindowHelper: Current Display FreeFormTask is null
03-19 14:24:00.714 1549 1582 W FreeFormWindowHelper: Current Display FreeFormTask is null
03-19 14:24:00.732 1549 4829 W FreeFormWindowHelper: Current Display FreeFormTask is null
03-19 14:24:00.732 1549 4829 W FreeFormWindowHelper: Current Display FreeFormTask is null
03-19 14:24:00.732 1549 4829 W FreeFormWindowHelper: Current Display FreeFormTask is null
03-19 14:24:00.749 1549 4829 W ActivityTaskManager: getTaskSnapshot: taskId=-21 not found
03-19 14:24:00.753 1549 2210 W ActivityTaskManager: getTaskSnapshot: taskId=-21 not found
03-19 14:24:00.753 1549 2210 W ActivityTaskManager: getTaskSnapshot: taskId=-21 not found
03-19 14:24:00.756 1549 2210 W FreeFormWindowHelper: Current Display FreeFormTask is null
03-19 14:24:00.756 1549 2210 W FreeFormWindowHelper: Current Display FreeFormTask is null
03-19 14:24:00.765 1549 2210 W FreeFormWindowHelper: Current Display FreeFormTask is null
03-19 14:24:00.765 1549 2210 W FreeFormWindowHelper: Current Display FreeFormTask is null
03-19 14:24:00.789 1549 2210 W FreeFormWindowHelper: Current Display FreeFormTask is null
03-19 14:24:00.790 1549 1653 D AutofillManagerService: Close system dialogs
03-19 14:24:00.791 1549 4829 W FreeFormWindowHelper: Current Display FreeFormTask is null
03-19 14:24:00.793 1549 4829 W ActivityTaskManager: getTaskSnapshot: taskId=-945 not found
03-19 14:24:00.795 1549 4829 W ActivityTaskManager: getTaskSnapshot: taskId=-945 not found
03-19 14:24:00.795 1549 4829 W ActivityTaskManager: getTaskSnapshot: taskId=-945 not found
03-19 14:24:00.798 1549 4829 W FreeFormWindowHelper: Current Display FreeFormTask is null
03-19 14:24:00.798 1549 4829 W FreeFormWindowHelper: Current Display FreeFormTask is null
03-19 14:24:00.815 1549 1582 W FreeFormWindowHelper: Current Display FreeFormTask is null
03-19 14:24:00.815 1549 1582 W FreeFormWindowHelper: Current Display FreeFormTask is null
03-19 14:24:01.592 1549 10380 W FreeFormWindowHelper: Current Display FreeFormTask is null
03-19 14:24:01.592 1549 10380 W FreeFormWindowHelper: Current Display FreeFormTask is null
03-19 14:24:01.603 1549 10380 W FreeFormWindowHelper: exitRecentTasks type=0
03-19 14:24:01.611 1549 1667 W UsageStatsService: Unexpected activity event reported! (com.android.launcher3/com.android.launcher3.uioverrides.QuickstepLauncher event : 23 instanceId : 50430139)
03-19 14:24:01.897 1549 1582 W FreeFormWindowHelper: Current Display FreeFormTask is null
03-19 14:24:01.911 1549 13201 W FreeFormWindowHelper: Current Display FreeFormTask is null
03-19 14:24:01.914 1549 12817 W FreeFormWindowHelper: Current Display FreeFormTask is null
03-19 14:24:01.914 1549 12817 W FreeFormWindowHelper: Current Display FreeFormTask is null
03-19 14:24:01.931 1549 10380 W ActivityTaskManager: getTaskSnapshot: taskId=-825 not found
03-19 14:24:01.933 1549 1653 D AutofillManagerService: Close system dialogs
03-19 14:24:01.934 1549 10380 W ActivityTaskManager: getTaskSnapshot: taskId=-824 not found
03-19 14:24:01.937 1549 12817 W ActivityTaskManager: getTaskSnapshot: taskId=-824 not found
03-19 14:24:01.938 1549 12817 W FreeFormWindowHelper: Current Display FreeFormTask is null
03-19 14:24:01.938 1549 12817 W FreeFormWindowHelper: Current Display FreeFormTask is null
03-19 14:24:01.945 1549 12817 W FreeFormWindowHelper: Current Display FreeFormTask is null
03-19 14:24:01.945 1549 12817 W FreeFormWindowHelper: Current Display FreeFormTask is null
03-19 14:24:01.947 1549 12817 W FreeFormWindowHelper: Current Display FreeFormTask is null
03-19 14:24:01.947 1549 12817 W FreeFormWindowHelper: Current Display FreeFormTask is null
03-19 14:24:01.947 1549 12817 W ActivityTaskManager: getTaskSnapshot: taskId=-791 not found
03-19 14:24:01.948 1549 10380 W ActivityTaskManager: getTaskSnapshot: taskId=-790 not found
03-19 14:24:01.950 1549 10380 W ActivityTaskManager: getTaskSnapshot: taskId=-790 not found
03-19 14:24:01.951 1549 12817 W FreeFormWindowHelper: Current Display FreeFormTask is null
03-19 14:24:01.952 1549 12817 W FreeFormWindowHelper: Current Display FreeFormTask is null
03-19 14:24:01.968 1549 13201 W FreeFormWindowHelper: Current Display FreeFormTask is null
03-19 14:24:01.968 1549 13201 W FreeFormWindowHelper: Current Display FreeFormTask is null
03-19 14:24:02.959 1549 10380 W FreeFormWindowHelper: Current Display FreeFormTask is null
03-19 14:24:02.960 1549 10380 W FreeFormWindowHelper: Current Display FreeFormTask is null
03-19 14:24:02.965 1549 13201 W FreeFormWindowHelper: Current Display FreeFormTask is null
03-19 14:24:02.965 1549 13201 W FreeFormWindowHelper: Current Display FreeFormTask is null
03-19 14:24:02.970 1549 1656 I ActivityManager: PendingStartActivityUids startActivity to updateOomAdj delay:1068ms, uid:10071
03-19 14:24:02.977 1549 12818 W FreeFormWindowHelper: Current Display FreeFormTask is null
03-19 14:24:02.977 1549 12818 W FreeFormWindowHelper: Current Display FreeFormTask is null
03-19 14:24:02.981 1549 12818 W FreeFormWindowHelper: exitRecentTasks type=0
03-19 14:24:02.994 1549 1667 W UsageStatsService: Unexpected activity event reported! (com.android.launcher3/com.android.launcher3.uioverrides.QuickstepLauncher event : 23 instanceId : 50430139)
03-19 14:24:03.299 1549 12817 W FreeFormWindowHelper: Current Display FreeFormTask is null
03-19 14:24:03.301 1549 4217 W FreeFormWindowHelper: Current Display FreeFormTask is null
03-19 14:24:03.322 1549 1653 D AutofillManagerService: Close system dialogs
03-19 14:24:03.326 1549 12818 W FreeFormWindowHelper: Current Display FreeFormTask is null
03-19 14:24:03.326 1549 12818 W FreeFormWindowHelper: Current Display FreeFormTask is null
03-19 14:24:03.338 1549 12817 W ActivityTaskManager: getTaskSnapshot: taskId=-435 not found
03-19 14:24:03.339 1549 2210 W FreeFormWindowHelper: Current Display FreeFormTask is null
03-19 14:24:03.340 1549 2210 W FreeFormWindowHelper: Current Display FreeFormTask is null
03-19 14:24:03.342 1549 2210 W ActivityTaskManager: getTaskSnapshot: taskId=-396 not found
03-19 14:24:03.345 1549 12817 W ActivityTaskManager: getTaskSnapshot: taskId=-396 not found
03-19 14:24:03.345 1549 12817 W ActivityTaskManager: getTaskSnapshot: taskId=-396 not found
03-19 14:24:03.348 1549 12817 W FreeFormWindowHelper: Current Display FreeFormTask is null
03-19 14:24:03.348 1549 12817 W FreeFormWindowHelper: Current Display FreeFormTask is null
03-19 14:24:03.358 1549 12818 W FreeFormWindowHelper: Current Display FreeFormTask is null
03-19 14:24:03.358 1549 12818 W FreeFormWindowHelper: Current Display FreeFormTask is null
01-01 09:11:44.624 0 0 E DTC_Display: screen not ready
03-19 14:24:04.150 1549 1549 W WindowManager: removeWindowToken: Attempted to remove non-existing token: android.os.Binder@501669e
03-19 14:24:04.233 1549 2210 W FreeFormWindowHelper: Current Display FreeFormTask is null
03-19 14:24:04.233 1549 2210 W FreeFormWindowHelper: Current Display FreeFormTask is null
03-19 14:24:04.239 1549 10380 W FreeFormWindowHelper: Current Display FreeFormTask is null
03-19 14:24:04.239 1549 10380 W FreeFormWindowHelper: Current Display FreeFormTask is null
01-01 09:11:45.083 0 0 E DTC_ETH,link_delay_work_func: 3003, SQI=0, link=0
03-19 14:24:04.257 1549 12818 W FreeFormWindowHelper: Current Display FreeFormTask is null
03-19 14:24:04.257 1549 12818 W FreeFormWindowHelper: Current Display FreeFormTask is null
03-19 14:24:04.258 1549 12817 W FreeFormWindowHelper: exitRecentTasks type=0
03-19 14:24:04.263 1549 1667 W UsageStatsService: Unexpected activity event reported! (com.android.launcher3/com.android.launcher3.uioverrides.QuickstepLauncher event : 23 instanceId : 50430139)
03-19 14:24:04.498 1549 12818 W FreeFormWindowHelper: Current Display FreeFormTask is null
03-19 14:24:04.500 1549 12817 W FreeFormWindowHelper: Current Display FreeFormTask is null
03-19 14:24:04.527 1549 4217 W FreeFormWindowHelper: Current Display FreeFormTask is null
03-19 14:24:04.528 1549 12818 W FreeFormWindowHelper: Current Display FreeFormTask is null
03-19 14:24:04.544 1549 4217 W ActivityTaskManager: getTaskSnapshot: taskId=-236 not found
03-19 14:24:04.552 1549 12818 W ActivityTaskManager: getTaskSnapshot: taskId=-235 not found
03-19 14:24:04.554 1549 12818 W FreeFormWindowHelper: Current Display FreeFormTask is null
03-19 14:24:04.554 1549 12818 W FreeFormWindowHelper: Current Display FreeFormTask is null
03-19 14:24:04.555 1549 12818 W ActivityTaskManager: getTaskSnapshot: taskId=-235 not found
03-19 14:24:04.564 1549 1653 D AutofillManagerService: Close system dialogs
03-19 14:24:04.567 1549 12818 W FreeFormWindowHelper: Current Display FreeFormTask is null
03-19 14:24:04.567 1549 12817 W FreeFormWindowHelper: Current Display FreeFormTask is null
03-19 14:24:04.571 1549 12818 W FreeFormWindowHelper: Current Display FreeFormTask is null
03-19 14:24:04.572 1549 4217 W FreeFormWindowHelper: Current Display FreeFormTask is null
03-19 14:24:04.575 1549 12817 W FreeFormWindowHelper: Current Display FreeFormTask is null
03-19 14:24:04.575 1549 12817 W FreeFormWindowHelper: Current Display FreeFormTask is null
03-19 14:24:04.576 1549 12818 W ActivityTaskManager: getTaskSnapshot: taskId=-164 not found
03-19 14:24:04.579 1549 4217 W ActivityTaskManager: getTaskSnapshot: taskId=-163 not found
03-19 14:24:04.581 1549 4217 W ActivityTaskManager: getTaskSnapshot: taskId=-163 not found
03-19 14:24:04.591 1549 4217 W FreeFormWindowHelper: Current Display FreeFormTask is null
03-19 14:24:04.591 1549 4217 W FreeFormWindowHelper: Current Display FreeFormTask is null
03-19 14:24:04.608 1549 4217 W FreeFormWindowHelper: Current Display FreeFormTask is null
03-19 14:24:04.608 1549 12818 W FreeFormWindowHelper: Current Display FreeFormTask is null
03-19 14:24:05.468 1549 4217 W FreeFormWindowHelper: Current Display FreeFormTask is null
03-19 14:24:05.468 1549 12818 W FreeFormWindowHelper: Current Display FreeFormTask is null
03-19 14:24:05.469 1549 2210 W FreeFormWindowHelper: Current Display FreeFormTask is null
03-19 14:24:05.841 1549 4217 I ActivityTaskManager: FOREGROUND_APPLICATION_CHANGED to com.android.launcher3.uioverrides.QuickstepLauncher
03-19 14:24:05.872 1549 1656 I ActivityManager: PendingStartActivityUids startActivity to updateOomAdj delay:1368ms, uid:10071
03-19 14:24:05.873 1549 2210 W FreeFormWindowHelper: Current Display FreeFormTask is null
03-19 14:24:05.873 1549 2210 W FreeFormWindowHelper: Current Display FreeFormTask is null
03-19 14:24:05.874 1549 10380 W FreeFormWindowHelper: Current Display FreeFormTask is null
01-01 09:11:46.733 0 0 I msm_vidc: high: 00000002: h264d: Closed video instance: 0000000000000000
03-19 14:24:05.915 1549 2210 W FreeFormWindowHelper: Current Display FreeFormTask is null
03-19 14:24:05.915 1549 2210 W FreeFormWindowHelper: Current Display FreeFormTask is null
03-19 14:24:05.958 1549 4829 W FreeFormWindowHelper: Current Display FreeFormTask is null
03-19 14:24:06.351 2018 2149 D PhoneStartingWindowTypeAlgorithm: preferredStartingWindowType newTask:false taskSwitch:true processRunning:true allowTaskSnapshot:true activityCreated:true useEmptySplashScreen:false legacySplashScreen:false topIsHome:false
03-19 14:24:06.351 2018 2149 D PhoneStartingWindowTypeAlgorithm: isSnapshotCompatible rotation 0 snapshot 0
03-19 14:24:06.354 1549 4217 I ActivityTaskManager: FOREGROUND_APPLICATION_CHANGED to com.android.gallery3d.app.MovieActivity
03-19 14:24:06.376 1549 1793 I GameModeConfig: isGameModeOn = false
03-19 14:24:06.426 2018 2149 D StartingSurfaceDrawer: Task start finish, remove starting surface for task 111
01-01 09:11:47.286 0 0 I msm_vidc: high: 00000002: ....d: Opening video instance: 0000000000000000, 1
01-01 09:11:47.286 0 0 I msm_vidc: err : 00000002: ....d: Failed to create debugfs for msm_vidc
03-19 14:24:06.461 1549 4217 W FreeFormWindowHelper: Current Display FreeFormTask is null
03-19 14:24:06.752 1549 4217 W FreeFormWindowHelper: exitRecentTasks type=0
01-01 09:11:47.587 0 0 E msm_pcm_playback_close: CMD_EOS failed, cmd_pending 0x8
01-01 09:11:47.787 0 0 E DTC_Display: screen not ready
03-19 14:24:07.011 1549 10380 W FreeFormWindowHelper: Current Display FreeFormTask is null
03-19 14:24:07.013 1549 4829 W FreeFormWindowHelper: Current Display FreeFormTask is null
03-19 14:24:07.031 1549 2210 W FreeFormWindowHelper: Current Display FreeFormTask is null
03-19 14:24:07.031 1549 4217 W FreeFormWindowHelper: Current Display FreeFormTask is null
03-19 14:24:07.031 1549 4829 W FreeFormWindowHelper: Current Display FreeFormTask is null
03-19 14:24:07.056 1549 4829 W FreeFormWindowHelper: Current Display FreeFormTask is null
03-19 14:24:07.056 1549 4217 W ActivityTaskManager: getTaskSnapshot: taskId=-723 not found
03-19 14:24:07.056 1549 2210 W FreeFormWindowHelper: Current Display FreeFormTask is null
03-19 14:24:07.062 1549 4217 W ActivityTaskManager: getTaskSnapshot: taskId=-722 not found
03-19 14:24:07.068 1549 2210 W ActivityTaskManager: getTaskSnapshot: taskId=-722 not found
03-19 14:24:07.080 1549 2210 W FreeFormWindowHelper: Current Display FreeFormTask is null
03-19 14:24:07.080 1549 2210 W FreeFormWindowHelper: Current Display FreeFormTask is null
03-19 14:24:07.095 1549 1653 D AutofillManagerService: Close system dialogs
03-19 14:24:07.097 1549 2210 W FreeFormWindowHelper: Current Display FreeFormTask is null
03-19 14:24:07.097 1549 2210 W FreeFormWindowHelper: Current Display FreeFormTask is null
03-19 14:24:07.103 1549 2210 W FreeFormWindowHelper: Current Display FreeFormTask is null
03-19 14:24:07.104 1549 4217 W FreeFormWindowHelper: Current Display FreeFormTask is null
03-19 14:24:07.107 1549 4217 W ActivityTaskManager: getTaskSnapshot: taskId=-632 not found
03-19 14:24:07.109 1549 4217 W ActivityTaskManager: getTaskSnapshot: taskId=-631 not found
03-19 14:24:07.111 1549 4217 W ActivityTaskManager: getTaskSnapshot: taskId=-631 not found
03-19 14:24:07.114 1549 2210 W FreeFormWindowHelper: Current Display FreeFormTask is null
03-19 14:24:07.114 1549 2210 W FreeFormWindowHelper: Current Display FreeFormTask is null
03-19 14:24:07.130 1549 4217 W FreeFormWindowHelper: Current Display FreeFormTask is null
03-19 14:24:07.130 1549 4217 W FreeFormWindowHelper: Current Display FreeFormTask is null
03-19 14:24:07.509 1549 10380 W FreeFormWindowHelper: Current Display FreeFormTask is null
03-19 14:24:07.509 1549 10380 W FreeFormWindowHelper: Current Display FreeFormTask is null
03-19 14:24:07.516 1549 4217 W FreeFormWindowHelper: Current Display FreeFormTask is null
03-19 14:24:07.516 1549 4217 W FreeFormWindowHelper: Current Display FreeFormTask is null
03-19 14:24:07.536 1549 4217 W FreeFormWindowHelper: Current Display FreeFormTask is null
03-19 14:24:07.536 1549 4217 W FreeFormWindowHelper: Current Display FreeFormTask is null
03-19 14:24:07.537 1549 2210 W FreeFormWindowHelper: exitRecentTasks type=0
03-19 14:24:07.548 1549 1667 W UsageStatsService: Unexpected activity event reported! (com.android.launcher3/com.android.launcher3.uioverrides.QuickstepLauncher event : 23 instanceId : 50430139)
03-19 14:24:07.831 1549 4829 W FreeFormWindowHelper: Current Display FreeFormTask is null
03-19 14:24:07.831 1549 4829 W FreeFormWindowHelper: Current Display FreeFormTask is null
03-19 14:24:07.833 1549 4217 W FreeFormWindowHelper: Current Display FreeFormTask is null
03-19 14:24:07.834 1549 4217 W FreeFormWindowHelper: Current Display FreeFormTask is null
03-19 14:24:07.842 1549 1653 D AutofillManagerService: Close system dialogs
03-19 14:24:07.853 1549 4829 W FreeFormWindowHelper: Current Display FreeFormTask is null
03-19 14:24:07.853 1549 4829 W FreeFormWindowHelper: Current Display FreeFormTask is null
03-19 14:24:07.862 1549 4217 W ActivityTaskManager: getTaskSnapshot: taskId=-902 not found
03-19 14:24:07.863 1549 4217 W ActivityTaskManager: getTaskSnapshot: taskId=-902 not found
03-19 14:24:07.863 1549 4217 W ActivityTaskManager: getTaskSnapshot: taskId=-902 not found
03-19 14:24:07.873 1549 4829 W FreeFormWindowHelper: Current Display FreeFormTask is null
03-19 14:24:07.874 1549 4829 W FreeFormWindowHelper: Current Display FreeFormTask is null
03-19 14:24:07.884 1549 2210 W FreeFormWindowHelper: Current Display FreeFormTask is null
03-19 14:24:07.884 1549 2210 W FreeFormWindowHelper: Current Display FreeFormTask is null
03-19 14:24:08.502 1549 12818 W FreeFormWindowHelper: Current Display FreeFormTask is null
03-19 14:24:08.502 1549 12818 W FreeFormWindowHelper: Current Display FreeFormTask is null
03-19 14:24:08.508 1549 4217 W FreeFormWindowHelper: exitRecentTasks type=0
03-19 14:24:08.516 1549 1667 W UsageStatsService: Unexpected activity event reported! (com.android.launcher3/com.android.launcher3.uioverrides.QuickstepLauncher event : 23 instanceId : 50430139)
01-01 09:11:50.203 0 0 E DTC_ETH,link_delay_work_func: 3003, SQI=0, link=0
03-19 14:24:09.751 1549 4829 W FreeFormWindowHelper: Current Display FreeFormTask is null
03-19 14:24:09.757 1549 2210 W FreeFormWindowHelper: Current Display FreeFormTask is null
03-19 14:24:09.772 1549 4217 W FreeFormWindowHelper: Current Display FreeFormTask is null
03-19 14:24:09.772 1549 4217 W FreeFormWindowHelper: Current Display FreeFormTask is null
03-19 14:24:09.782 1549 10380 W ActivityTaskManager: getTaskSnapshot: taskId=-979 not found
03-19 14:24:09.785 1549 1653 D AutofillManagerService: Close system dialogs
03-19 14:24:09.786 1549 10380 W ActivityTaskManager: getTaskSnapshot: taskId=-975 not found
03-19 14:24:09.790 1549 4217 W ActivityTaskManager: getTaskSnapshot: taskId=-974 not found
03-19 14:24:09.791 1549 4217 W FreeFormWindowHelper: Current Display FreeFormTask is null
03-19 14:24:09.791 1549 4217 W FreeFormWindowHelper: Current Display FreeFormTask is null
03-19 14:24:09.801 1549 10380 W FreeFormWindowHelper: Current Display FreeFormTask is null
03-19 14:24:09.802 1549 10380 W FreeFormWindowHelper: Current Display FreeFormTask is null
03-19 14:24:09.804 1549 4217 W FreeFormWindowHelper: Current Display FreeFormTask is null
03-19 14:24:09.804 1549 4217 W FreeFormWindowHelper: Current Display FreeFormTask is null
03-19 14:24:09.806 1549 4217 W ActivityTaskManager: getTaskSnapshot: taskId=-934 not found
03-19 14:24:09.808 1549 10380 W ActivityTaskManager: getTaskSnapshot: taskId=-933 not found
03-19 14:24:09.809 1549 10380 W ActivityTaskManager: getTaskSnapshot: taskId=-933 not found
03-19 14:24:09.820 1549 4217 W FreeFormWindowHelper: Current Display FreeFormTask is null
03-19 14:24:09.820 1549 4217 W FreeFormWindowHelper: Current Display FreeFormTask is null
03-19 14:24:09.837 1549 2210 W FreeFormWindowHelper: Current Display FreeFormTask is null
03-19 14:24:09.837 1549 2210 W FreeFormWindowHelper: Current Display FreeFormTask is null
03-19 14:24:10.465 1549 4829 W FreeFormWindowHelper: Current Display FreeFormTask is null
03-19 14:24:10.466 1549 4829 W FreeFormWindowHelper: Current Display FreeFormTask is null
03-19 14:24:10.472 1549 12818 W FreeFormWindowHelper: Current Display FreeFormTask is null
03-19 14:24:10.472 1549 12818 W FreeFormWindowHelper: Current Display FreeFormTask is null
03-19 14:24:10.491 1549 4217 W FreeFormWindowHelper: Current Display FreeFormTask is null
03-19 14:24:10.491 1549 4217 W FreeFormWindowHelper: Current Display FreeFormTask is null
03-19 14:24:10.493 1549 4217 W FreeFormWindowHelper: exitRecentTasks type=0
03-19 14:24:10.495 1549 1667 W UsageStatsService: Unexpected activity event reported! (com.android.launcher3/com.android.launcher3.uioverrides.QuickstepLauncher event : 23 instanceId : 50430139)
01-01 09:11:51.367 0 0 E DTC_Display: screen not ready
03-19 14:24:10.867 1549 12818 W FreeFormWindowHelper: Current Display FreeFormTask is null
03-19 14:24:10.868 1549 12818 W FreeFormWindowHelper: Current Display FreeFormTask is null
03-19 14:24:10.883 1549 12818 W FreeFormWindowHelper: Current Display FreeFormTask is null
03-19 14:24:10.883 1549 12818 W FreeFormWindowHelper: Current Display FreeFormTask is null
03-19 14:24:10.895 1549 2210 W ActivityTaskManager: getTaskSnapshot: taskId=-868 not found
03-19 14:24:10.899 1549 4829 W ActivityTaskManager: getTaskSnapshot: taskId=-867 not found
03-19 14:24:10.901 1549 4829 W FreeFormWindowHelper: Current Display FreeFormTask is null
03-19 14:24:10.901 1549 4829 W FreeFormWindowHelper: Current Display FreeFormTask is null
03-19 14:24:10.904 1549 4829 W ActivityTaskManager: getTaskSnapshot: taskId=-867 not found
03-19 14:24:10.909 1549 4829 W FreeFormWindowHelper: Current Display FreeFormTask is null
03-19 14:24:10.909 1549 4829 W FreeFormWindowHelper: Current Display FreeFormTask is null
03-19 14:24:10.910 1549 4829 W FreeFormWindowHelper: Current Display FreeFormTask is null
03-19 14:24:10.911 1549 4217 W FreeFormWindowHelper: Current Display FreeFormTask is null
03-19 14:24:10.917 1549 1653 D AutofillManagerService: Close system dialogs
03-19 14:24:10.917 1549 4829 W ActivityTaskManager: getTaskSnapshot: taskId=-825 not found
03-19 14:24:10.919 1549 12818 W ActivityTaskManager: getTaskSnapshot: taskId=-824 not found
03-19 14:24:10.920 1549 12818 W ActivityTaskManager: getTaskSnapshot: taskId=-824 not found
03-19 14:24:10.923 1549 4217 W FreeFormWindowHelper: Current Display FreeFormTask is null
03-19 14:24:10.923 1549 4217 W FreeFormWindowHelper: Current Display FreeFormTask is null
03-19 14:24:10.940 1549 12818 W FreeFormWindowHelper: Current Display FreeFormTask is null
03-19 14:24:10.940 1549 12818 W FreeFormWindowHelper: Current Display FreeFormTask is null
03-19 14:24:11.557 1549 2210 W FreeFormWindowHelper: Current Display FreeFormTask is null
03-19 14:24:11.557 1549 2210 W FreeFormWindowHelper: Current Display FreeFormTask is null
03-19 14:24:11.561 1549 2210 W FreeFormWindowHelper: exitRecentTasks type=0
03-19 14:24:11.568 1549 1667 W UsageStatsService: Unexpected activity event reported! (com.android.launcher3/com.android.launcher3.uioverrides.QuickstepLauncher event : 23 instanceId : 50430139)
01-01 09:11:54.258 0 0 I msm_vidc: high: 00000002: h264d: Closed video instance: 0000000000000000
03-19 14:24:13.433 1549 4829 I ActivityTaskManager: FOREGROUND_APPLICATION_CHANGED to com.android.launcher3.uioverrides.QuickstepLauncher
03-19 14:24:13.468 1549 10380 W FreeFormWindowHelper: Current Display FreeFormTask is null
03-19 14:24:13.468 1549 4829 W FreeFormWindowHelper: Current Display FreeFormTask is null
03-19 14:24:13.537 1549 10380 W FreeFormWindowHelper: Current Display FreeFormTask is null
01-01 09:11:54.531 0 0 E DTC_Display: screen not ready
03-19 14:24:13.850 1549 1657 W ActivityTaskManager: Can't find TaskDisplayArea to determine support for multi window. Task id=111 attached=false
03-19 14:24:13.850 1549 1657 W ActivityTaskManager: Can't find TaskDisplayArea to determine support for multi window. Task id=111 attached=false
03-19 14:24:13.865 1549 10380 W FreeFormWindowHelper: Current Display FreeFormTask is null
03-19 14:24:13.865 1549 10380 W FreeFormWindowHelper: Current Display FreeFormTask is null
03-19 14:24:13.885 1549 4829 W FreeFormWindowHelper: Current Display FreeFormTask is null
03-19 14:24:13.885 1549 1653 D AutofillManagerService: Close system dialogs
03-19 14:24:13.885 1549 4829 W FreeFormWindowHelper: Current Display FreeFormTask is null
03-19 14:24:13.889 1549 4829 W FreeFormWindowHelper: Current Display FreeFormTask is null
03-19 14:24:13.890 1549 2210 W FreeFormWindowHelper: Current Display FreeFormTask is null
03-19 14:24:13.892 1549 10380 W FreeFormWindowHelper: Current Display FreeFormTask is null
03-19 14:24:13.892 1549 10380 W FreeFormWindowHelper: Current Display FreeFormTask is null
03-19 14:24:13.942 1549 2210 W ActivityTaskManager: getTaskSnapshot: taskId=-846 not found
03-19 14:24:13.944 1549 2210 W ActivityTaskManager: getTaskSnapshot: taskId=-846 not found
03-19 14:24:13.945 1549 4829 W FreeFormWindowHelper: Current Display FreeFormTask is null
03-19 14:24:13.945 1549 2210 W ActivityTaskManager: getTaskSnapshot: taskId=-846 not found
03-19 14:24:13.945 1549 10380 W FreeFormWindowHelper: Current Display FreeFormTask is null
03-19 14:24:13.961 1549 4829 W FreeFormWindowHelper: Current Display FreeFormTask is null
03-19 14:24:13.962 1549 4829 W FreeFormWindowHelper: Current Display FreeFormTask is null
03-19 14:24:14.191 1549 10380 W FreeFormWindowHelper: Current Display FreeFormTask is null
03-19 14:24:14.192 1549 2210 W FreeFormWindowHelper: Current Display FreeFormTask is null
03-19 14:24:14.202 1549 1583 W FreeFormWindowHelper: exitRecentTasks type=0
03-19 14:24:14.205 1549 2103 W FreeFormWindowHelper: Current Display FreeFormTask is null
03-19 14:24:14.205 1549 1858 W FreeFormWindowHelper: Current Display FreeFormTask is null
01-01 09:11:55.323 0 0 E DTC_ETH,link_delay_work_func: 3003, SQI=0, link=0
03-19 14:24:15.634 1549 10380 W FreeFormWindowHelper: Current Display FreeFormTask is null
03-19 14:24:15.635 1549 10380 W FreeFormWindowHelper: Current Display FreeFormTask is null
03-19 14:24:15.644 1549 1653 D AutofillManagerService: Close system dialogs
03-19 14:24:15.644 1549 4829 W FreeFormWindowHelper: Current Display FreeFormTask is null
03-19 14:24:15.644 1549 1583 W FreeFormWindowHelper: Current Display FreeFormTask is null
03-19 14:24:15.646 1549 1583 W FreeFormWindowHelper: Current Display FreeFormTask is null
03-19 14:24:15.647 1549 4829 W FreeFormWindowHelper: Current Display FreeFormTask is null
03-19 14:24:15.649 1549 1583 W FreeFormWindowHelper: Current Display FreeFormTask is null
03-19 14:24:15.649 1549 10380 W FreeFormWindowHelper: Current Display FreeFormTask is null
03-19 14:24:15.649 1549 10380 W ActivityTaskManager: getTaskSnapshot: taskId=-89 not found
03-19 14:24:15.653 1549 10380 W ActivityTaskManager: getTaskSnapshot: taskId=-88 not found
03-19 14:24:15.654 1549 10380 W ActivityTaskManager: getTaskSnapshot: taskId=-88 not found
03-19 14:24:15.665 1549 10380 W FreeFormWindowHelper: Current Display FreeFormTask is null
03-19 14:24:15.666 1549 10380 W FreeFormWindowHelper: Current Display FreeFormTask is null
03-19 14:24:15.682 1549 1583 W FreeFormWindowHelper: Current Display FreeFormTask is null
03-19 14:24:15.683 1549 10380 W FreeFormWindowHelper: Current Display FreeFormTask is null
03-19 14:24:15.972 1549 2214 W FreeFormWindowHelper: Current Display FreeFormTask is null
03-19 14:24:15.972 1549 2214 W FreeFormWindowHelper: Current Display FreeFormTask is null
03-19 14:24:15.985 1549 2214 W FreeFormWindowHelper: Current Display FreeFormTask is null
03-19 14:24:15.985 1549 2214 W FreeFormWindowHelper: Current Display FreeFormTask is null
03-19 14:24:16.001 1549 10380 W FreeFormWindowHelper: Current Display FreeFormTask is null
03-19 14:24:16.001 1549 10380 W FreeFormWindowHelper: Current Display FreeFormTask is null
03-19 14:24:16.018 1549 4829 W FreeFormWindowHelper: Current Display FreeFormTask is null
03-19 14:24:16.018 1549 4829 W FreeFormWindowHelper: Current Display FreeFormTask is null
03-19 14:24:16.036 1549 2214 W FreeFormWindowHelper: Current Display FreeFormTask is null
03-19 14:24:16.036 1549 2214 W FreeFormWindowHelper: Current Display FreeFormTask is null
03-19 14:24:16.055 1549 4829 W FreeFormWindowHelper: Current Display FreeFormTask is null
03-19 14:24:16.055 1549 4829 W FreeFormWindowHelper: Current Display FreeFormTask is null
03-19 14:24:16.072 1549 2214 W FreeFormWindowHelper: Current Display FreeFormTask is null
03-19 14:24:16.072 1549 2214 W FreeFormWindowHelper: Current Display FreeFormTask is null
03-19 14:24:16.088 1549 10380 W FreeFormWindowHelper: Current Display FreeFormTask is null
03-19 14:24:16.089 1549 10380 W FreeFormWindowHelper: Current Display FreeFormTask is null
03-19 14:24:16.104 1549 10380 W FreeFormWindowHelper: Current Display FreeFormTask is null
03-19 14:24:16.105 1549 10380 W FreeFormWindowHelper: Current Display FreeFormTask is null
03-19 14:24:16.122 1549 2214 W FreeFormWindowHelper: Current Display FreeFormTask is null
03-19 14:24:16.122 1549 2214 W FreeFormWindowHelper: Current Display FreeFormTask is null
03-19 14:24:16.137 1549 2214 W FreeFormWindowHelper: Current Display FreeFormTask is null
03-19 14:24:16.138 1549 2214 W FreeFormWindowHelper: Current Display FreeFormTask is null
03-19 14:24:16.153 1549 2214 W FreeFormWindowHelper: Current Display FreeFormTask is null
03-19 14:24:16.154 1549 2214 W FreeFormWindowHelper: Current Display FreeFormTask is null
03-19 14:24:16.170 1549 10380 W FreeFormWindowHelper: Current Display FreeFormTask is null
03-19 14:24:16.171 1549 10380 W FreeFormWindowHelper: Current Display FreeFormTask is null
03-19 14:24:16.186 1549 2214 W FreeFormWindowHelper: Current Display FreeFormTask is null
03-19 14:24:16.186 1549 4829 W FreeFormWindowHelper: Current Display FreeFormTask is null
03-19 14:24:16.203 1549 10380 W FreeFormWindowHelper: Current Display FreeFormTask is null
03-19 14:24:16.203 1549 10380 W FreeFormWindowHelper: Current Display FreeFormTask is null
03-19 14:24:16.219 1549 2214 W FreeFormWindowHelper: Current Display FreeFormTask is null
03-19 14:24:16.220 1549 2214 W FreeFormWindowHelper: Current Display FreeFormTask is null
03-19 14:24:16.236 1549 4829 W FreeFormWindowHelper: Current Display FreeFormTask is null
03-19 14:24:16.236 1549 10380 W FreeFormWindowHelper: Current Display FreeFormTask is null
03-19 14:24:16.253 1549 10380 W FreeFormWindowHelper: Current Display FreeFormTask is null
03-19 14:24:16.253 1549 10380 W FreeFormWindowHelper: Current Display FreeFormTask is null
03-19 14:24:16.270 1549 1582 W FreeFormWindowHelper: Current Display FreeFormTask is null
03-19 14:24:16.271 1549 1582 W FreeFormWindowHelper: Current Display FreeFormTask is null
03-19 14:24:16.271 1549 10380 W FreeFormWindowHelper: Current Display FreeFormTask is null
03-19 14:24:16.291 1549 4829 W FreeFormWindowHelper: Current Display FreeFormTask is null
03-19 14:24:16.292 1549 4829 W FreeFormWindowHelper: Current Display FreeFormTask is null
03-19 14:24:16.882 1549 4829 E ContentProviderHelper: Unable to check Uri permission because caller is holding WM lock; assuming permission denied
03-19 14:24:16.882 1549 4829 E ContentProviderHelper: java.lang.IllegalStateException: Unable to check Uri permission because caller is holding WM lock; assuming permission denied
03-19 14:24:16.882 1549 4829 E ContentProviderHelper: at com.android.server.am.ContentProviderHelper.checkContentProviderUriPermission(ContentProviderHelper.java:1069)
03-19 14:24:16.882 1549 4829 E ContentProviderHelper: at com.android.server.am.ActivityManagerService$LocalService.checkContentProviderUriPermission(ActivityManagerService.java:15435)
03-19 14:24:16.882 1549 4829 E ContentProviderHelper: at com.android.server.uri.UriGrantsManagerService.checkHoldingPermissionsInternalUnlocked(UriGrantsManagerService.java:1005)
03-19 14:24:16.882 1549 4829 E ContentProviderHelper: at com.android.server.uri.UriGrantsManagerService.checkHoldingPermissionsUnlocked(UriGrantsManagerService.java:915)
03-19 14:24:16.882 1549 4829 E ContentProviderHelper: at com.android.server.uri.UriGrantsManagerService.checkGrantUriPermissionUnlocked(UriGrantsManagerService.java:1135)
03-19 14:24:16.882 1549 4829 E ContentProviderHelper: at com.android.server.uri.UriGrantsManagerService.checkGrantUriPermissionFromIntentUnlocked(UriGrantsManagerService.java:621)
03-19 14:24:16.882 1549 4829 E ContentProviderHelper: at com.android.server.uri.UriGrantsManagerService.access$1000(UriGrantsManagerService.java:107)
03-19 14:24:16.882 1549 4829 E ContentProviderHelper: at com.android.server.uri.UriGrantsManagerService$LocalService.checkGrantUriPermissionFromIntent(UriGrantsManagerService.java:1410)
03-19 14:24:16.882 1549 4829 E ContentProviderHelper: at com.android.server.wm.ActivityStarter$Request.resolveActivity(ActivityStarter.java:538)
03-19 14:24:16.882 1549 4829 E ContentProviderHelper: at com.android.server.wm.ActivityStarter.execute(ActivityStarter.java:637)
03-19 14:24:16.882 1549 4829 E ContentProviderHelper: at com.android.server.wm.ActivityStartController.startActivityInPackage(ActivityStartController.java:281)
03-19 14:24:16.882 1549 4829 E ContentProviderHelper: at com.android.server.wm.ActivityTaskSupervisor.startActivityFromRecents(ActivityTaskSupervisor.java:2770)
03-19 14:24:16.882 1549 4829 E ContentProviderHelper: at com.android.server.wm.ActivityTaskManagerService.startActivityFromRecents(ActivityTaskManagerService.java:1749)
03-19 14:24:16.882 1549 4829 E ContentProviderHelper: at android.app.IActivityTaskManager$Stub.onTransact(IActivityTaskManager.java:1291)
03-19 14:24:16.882 1549 4829 E ContentProviderHelper: at com.android.server.wm.ActivityTaskManagerService.onTransact(ActivityTaskManagerService.java:5072)
03-19 14:24:16.882 1549 4829 E ContentProviderHelper: at android.os.Binder.execTransactInternal(Binder.java:1179)
03-19 14:24:16.882 1549 4829 E ContentProviderHelper: at android.os.Binder.execTransact(Binder.java:1143)
03-19 14:24:16.883 1549 4829 E ContentProviderHelper: Unable to check Uri permission because caller is holding WM lock; assuming permission denied
03-19 14:24:16.883 1549 4829 E ContentProviderHelper: java.lang.IllegalStateException: Unable to check Uri permission because caller is holding WM lock; assuming permission denied
03-19 14:24:16.883 1549 4829 E ContentProviderHelper: at com.android.server.am.ContentProviderHelper.checkContentProviderUriPermission(ContentProviderHelper.java:1069)
03-19 14:24:16.883 1549 4829 E ContentProviderHelper: at com.android.server.am.ActivityManagerService$LocalService.checkContentProviderUriPermission(ActivityManagerService.java:15435)
03-19 14:24:16.883 1549 4829 E ContentProviderHelper: at com.android.server.uri.UriGrantsManagerService.checkHoldingPermissionsInternalUnlocked(UriGrantsManagerService.java:1005)
03-19 14:24:16.883 1549 4829 E ContentProviderHelper: at com.android.server.uri.UriGrantsManagerService.checkHoldingPermissionsUnlocked(UriGrantsManagerService.java:915)
03-19 14:24:16.883 1549 4829 E ContentProviderHelper: at com.android.server.uri.UriGrantsManagerService.checkGrantUriPermissionUnlocked(UriGrantsManagerService.java:1241)
03-19 14:24:16.883 1549 4829 E ContentProviderHelper: at com.android.server.uri.UriGrantsManagerService.checkGrantUriPermissionFromIntentUnlocked(UriGrantsManagerService.java:621)
03-19 14:24:16.883 1549 4829 E ContentProviderHelper: at com.android.server.uri.UriGrantsManagerService.access$1000(UriGrantsManagerService.java:107)
03-19 14:24:16.883 1549 4829 E ContentProviderHelper: at com.android.server.uri.UriGrantsManagerService$LocalService.checkGrantUriPermissionFromIntent(UriGrantsManagerService.java:1410)
03-19 14:24:16.883 1549 4829 E ContentProviderHelper: at com.android.server.wm.ActivityStarter$Request.resolveActivity(ActivityStarter.java:538)
03-19 14:24:16.883 1549 4829 E ContentProviderHelper: at com.android.server.wm.ActivityStarter.execute(ActivityStarter.java:637)
03-19 14:24:16.883 1549 4829 E ContentProviderHelper: at com.android.server.wm.ActivityStartController.startActivityInPackage(ActivityStartController.java:281)
03-19 14:24:16.883 1549 4829 E ContentProviderHelper: at com.android.server.wm.ActivityTaskSupervisor.startActivityFromRecents(ActivityTaskSupervisor.java:2770)
03-19 14:24:16.883 1549 4829 E ContentProviderHelper: at com.android.server.wm.ActivityTaskManagerService.startActivityFromRecents(ActivityTaskManagerService.java:1749)
03-19 14:24:16.883 1549 4829 E ContentProviderHelper: at android.app.IActivityTaskManager$Stub.onTransact(IActivityTaskManager.java:1291)
03-19 14:24:16.883 1549 4829 E ContentProviderHelper: at com.android.server.wm.ActivityTaskManagerService.onTransact(ActivityTaskManagerService.java:5072)
03-19 14:24:16.883 1549 4829 E ContentProviderHelper: at android.os.Binder.execTransactInternal(Binder.java:1179)
03-19 14:24:16.883 1549 4829 E ContentProviderHelper: at android.os.Binder.execTransact(Binder.java:1143)
03-19 14:24:16.883 1549 1668 I DropBoxManagerService: add tag=system_server_wtf isTagEnabled=true flags=0x2
03-19 14:24:16.886 1549 1668 I DropBoxManagerService: add tag=system_server_wtf isTagEnabled=true flags=0x2
01-01 09:11:57.803 0 0 E DTC_Display: screen not ready
01-01 09:11:57.827 0 0 E msm_pcm_playback_close: CMD_EOS failed, cmd_pending 0x8
03-19 14:24:17.469 1549 1549 I GameModeConfig: isGameModeOn = false
03-19 14:24:17.722 1549 4829 E ContentProviderHelper: Unable to check Uri permission because caller is holding WM lock; assuming permission denied
03-19 14:24:17.722 1549 4829 E ContentProviderHelper: java.lang.IllegalStateException: Unable to check Uri permission because caller is holding WM lock; assuming permission denied
03-19 14:24:17.722 1549 4829 E ContentProviderHelper: at com.android.server.am.ContentProviderHelper.checkContentProviderUriPermission(ContentProviderHelper.java:1069)
03-19 14:24:17.722 1549 4829 E ContentProviderHelper: at com.android.server.am.ActivityManagerService$LocalService.checkContentProviderUriPermission(ActivityManagerService.java:15435)
03-19 14:24:17.722 1549 4829 E ContentProviderHelper: at com.android.server.uri.UriGrantsManagerService.checkHoldingPermissionsInternalUnlocked(UriGrantsManagerService.java:1005)
03-19 14:24:17.722 1549 4829 E ContentProviderHelper: at com.android.server.uri.UriGrantsManagerService.checkHoldingPermissionsUnlocked(UriGrantsManagerService.java:915)
03-19 14:24:17.722 1549 4829 E ContentProviderHelper: at com.android.server.uri.UriGrantsManagerService.checkGrantUriPermissionUnlocked(UriGrantsManagerService.java:1135)
03-19 14:24:17.722 1549 4829 E ContentProviderHelper: at com.android.server.uri.UriGrantsManagerService.checkGrantUriPermissionFromIntentUnlocked(UriGrantsManagerService.java:621)
03-19 14:24:17.722 1549 4829 E ContentProviderHelper: at com.android.server.uri.UriGrantsManagerService.access$1000(UriGrantsManagerService.java:107)
03-19 14:24:17.722 1549 4829 E ContentProviderHelper: at com.android.server.uri.UriGrantsManagerService$LocalService.checkGrantUriPermissionFromIntent(UriGrantsManagerService.java:1410)
03-19 14:24:17.722 1549 4829 E ContentProviderHelper: at com.android.server.wm.ActivityStarter$Request.resolveActivity(ActivityStarter.java:538)
03-19 14:24:17.722 1549 4829 E ContentProviderHelper: at com.android.server.wm.ActivityStarter.execute(ActivityStarter.java:637)
03-19 14:24:17.722 1549 4829 E ContentProviderHelper: at com.android.server.wm.ActivityStartController.startActivityInPackage(ActivityStartController.java:281)
03-19 14:24:17.722 1549 4829 E ContentProviderHelper: at com.android.server.wm.ActivityTaskSupervisor.startActivityFromRecents(ActivityTaskSupervisor.java:2770)
03-19 14:24:17.722 1549 4829 E ContentProviderHelper: at com.android.server.wm.ActivityTaskManagerService.startActivityFromRecents(ActivityTaskManagerService.java:1749)
03-19 14:24:17.722 1549 4829 E ContentProviderHelper: at android.app.IActivityTaskManager$Stub.onTransact(IActivityTaskManager.java:1291)
03-19 14:24:17.722 1549 4829 E ContentProviderHelper: at com.android.server.wm.ActivityTaskManagerService.onTransact(ActivityTaskManagerService.java:5072)
03-19 14:24:17.722 1549 4829 E ContentProviderHelper: at android.os.Binder.execTransactInternal(Binder.java:1179)
03-19 14:24:17.722 1549 4829 E ContentProviderHelper: at android.os.Binder.execTransact(Binder.java:1143)
03-19 14:24:17.723 1549 4829 E ContentProviderHelper: Unable to check Uri permission because caller is holding WM lock; assuming permission denied
03-19 14:24:17.723 1549 4829 E ContentProviderHelper: java.lang.IllegalStateException: Unable to check Uri permission because caller is holding WM lock; assuming permission denied
03-19 14:24:17.723 1549 4829 E ContentProviderHelper: at com.android.server.am.ContentProviderHelper.checkContentProviderUriPermission(ContentProviderHelper.java:1069)
03-19 14:24:17.723 1549 4829 E ContentProviderHelper: at com.android.server.am.ActivityManagerService$LocalService.checkContentProviderUriPermission(ActivityManagerService.java:15435)
03-19 14:24:17.723 1549 4829 E ContentProviderHelper: at com.android.server.uri.UriGrantsManagerService.checkHoldingPermissionsInternalUnlocked(UriGrantsManagerService.java:1005)
03-19 14:24:17.723 1549 4829 E ContentProviderHelper: at com.android.server.uri.UriGrantsManagerService.checkHoldingPermissionsUnlocked(UriGrantsManagerService.java:915)
03-19 14:24:17.723 1549 4829 E ContentProviderHelper: at com.android.server.uri.UriGrantsManagerService.checkGrantUriPermissionUnlocked(UriGrantsManagerService.java:1241)
03-19 14:24:17.723 1549 4829 E ContentProviderHelper: at com.android.server.uri.UriGrantsManagerService.checkGrantUriPermissionFromIntentUnlocked(UriGrantsManagerService.java:621)
03-19 14:24:17.723 1549 4829 E ContentProviderHelper: at com.android.server.uri.UriGrantsManagerService.access$1000(UriGrantsManagerService.java:107)
03-19 14:24:17.723 1549 4829 E ContentProviderHelper: at com.android.server.uri.UriGrantsManagerService$LocalService.checkGrantUriPermissionFromIntent(UriGrantsManagerService.java:1410)
03-19 14:24:17.723 1549 4829 E ContentProviderHelper: at com.android.server.wm.ActivityStarter$Request.resolveActivity(ActivityStarter.java:538)
03-19 14:24:17.723 1549 4829 E ContentProviderHelper: at com.android.server.wm.ActivityStarter.execute(ActivityStarter.java:637)
03-19 14:24:17.723 1549 4829 E ContentProviderHelper: at com.android.server.wm.ActivityStartController.startActivityInPackage(ActivityStartController.java:281)
03-19 14:24:17.723 1549 4829 E ContentProviderHelper: at com.android.server.wm.ActivityTaskSupervisor.startActivityFromRecents(ActivityTaskSupervisor.java:2770)
03-19 14:24:17.723 1549 4829 E ContentProviderHelper: at com.android.server.wm.ActivityTaskManagerService.startActivityFromRecents(ActivityTaskManagerService.java:1749)
03-19 14:24:17.723 1549 4829 E ContentProviderHelper: at android.app.IActivityTaskManager$Stub.onTransact(IActivityTaskManager.java:1291)
03-19 14:24:17.723 1549 4829 E ContentProviderHelper: at com.android.server.wm.ActivityTaskManagerService.onTransact(ActivityTaskManagerService.java:5072)
03-19 14:24:17.723 1549 4829 E ContentProviderHelper: at android.os.Binder.execTransactInternal(Binder.java:1179)
03-19 14:24:17.723 1549 4829 E ContentProviderHelper: at android.os.Binder.execTransact(Binder.java:1143)
03-19 14:24:17.723 1549 1668 I DropBoxManagerService: add tag=system_server_wtf isTagEnabled=true flags=0x2
03-19 14:24:17.725 1549 1668 I DropBoxManagerService: add tag=system_server_wtf isTagEnabled=true flags=0x2
03-19 14:24:19.501 1549 10380 W NotificationService: Toast already killed. pkg=com.android.launcher3 token=android.os.BinderProxy@3c0a853
01-01 09:12:00.443 0 0 E DTC_ETH,link_delay_work_func: 3003, SQI=0, link=0
01-01 09:12:00.967 0 0 E DTC_Display: screen not ready
03-19 14:24:21.588 1549 4829 W FreeFormWindowHelper: Current Display FreeFormTask is null
03-19 14:24:21.588 1549 4829 W FreeFormWindowHelper: Current Display FreeFormTask is null
03-19 14:24:21.683 1549 1656 I ActivityManager: Killing 20166:com.android.gallery3d/u0a63 (adj 900): remove task
03-19 14:24:21.687 1549 4829 W FreeFormWindowHelper: Current Display FreeFormTask is null
03-19 14:24:21.695 1549 4829 W ActivityTaskManager: getTaskSnapshot: taskId=-48 not found
03-19 14:24:21.697 1549 4829 W FreeFormWindowHelper: Current Display FreeFormTask is null
03-19 14:24:21.697 1549 4829 W FreeFormWindowHelper: Current Display FreeFormTask is null
03-19 14:24:21.725 1549 1656 W ActivityManager: setHasOverlayUi called on unknown pid: 20166
03-19 14:24:21.729 1549 1656 D CompatibilityChangeReporter: Compat change id reported: 135634846; UID 10063; state: DISABLED
03-19 14:24:21.729 1549 1656 D CompatibilityChangeReporter: Compat change id reported: 177438394; UID 10063; state: DISABLED
03-19 14:24:21.729 1549 1656 D CompatibilityChangeReporter: Compat change id reported: 135772972; UID 10063; state: DISABLED
03-19 14:24:21.729 1549 1656 D CompatibilityChangeReporter: Compat change id reported: 135754954; UID 10063; state: DISABLED
03-19 14:24:21.729 1549 1669 D CompatibilityChangeReporter: Compat change id reported: 143937733; UID 10063; state: DISABLED
03-19 14:24:21.737 1549 1669 I ActivityManager: Start proc 20421:com.android.gallery3d/u0a63 for null
01-01 09:12:02.586 0 0 I binder : 20421:20421 ioctl 40046210 7fe518c534 returned -22
03-19 14:24:21.783 1549 12818 W FreeFormWindowHelper: Current Display FreeFormTask is null
03-19 14:24:22.089 1549 4829 W NotificationService: Toast already killed. pkg=com.android.launcher3 token=android.os.BinderProxy@1144c43
03-19 14:24:22.369 1549 4829 W FreeFormWindowHelper: exitRecentTasks type=0
01-01 09:12:04.547 0 0 E DTC_Display: screen not ready
01-01 09:12:05.563 0 0 E DTC_ETH,link_delay_work_func: 3003, SQI=0, link=0
01-01 09:12:07.727 0 0 E DTC_Display: screen not ready
01-01 09:12:08.067 0 0 E msm_pcm_playback_close: CMD_EOS failed, cmd_pending 0x8
01-01 09:12:10.683 0 0 E DTC_ETH,link_delay_work_func: 3003, SQI=0, link=0
01-01 09:12:10.987 0 0 E DTC_Display: screen not ready
03-19 14:24:30.231 1549 1549 W WindowManager: removeWindowToken: Attempted to remove non-existing token: android.os.Binder@1c11ec7
03-19 14:24:32.818 1549 1549 W WindowManager: removeWindowToken: Attempted to remove non-existing token: android.os.Binder@194eeb6
03-19 14:24:32.964 1549 1582 I thunderperf: PlatormCompat.setOverrides: Uid1=10078 Pid1=2018 Uid2=10078 Pid2=2018
03-19 14:24:32.964 1549 1582 I thunderperf: PlatormCompat.setOverrides: needCheck:false
03-19 14:24:32.964 1549 1582 I thunderperf: CompatConfig.addOverrideUnsafe: bef-state=0
03-19 14:24:32.964 1549 1582 I thunderperf: CompatConfig.addOverrideUnsafe: aft-state=0
03-19 14:24:32.966 1549 1582 I thunderperf: CompatConfig.addOverrideUnsafe: bef-state=0
03-19 14:24:32.967 1549 1582 I thunderperf: CompatConfig.addOverrideUnsafe: aft-state=0
03-19 14:24:32.967 1549 1582 I thunderperf: CompatConfig.addOverrideUnsafe: bef-state=0
03-19 14:24:32.967 1549 1582 I thunderperf: CompatConfig.addOverrideUnsafe: aft-state=0
03-19 14:24:32.967 1549 1582 I thunderperf: CompatConfig.addOverrideUnsafe: bef-state=0
03-19 14:24:32.967 1549 1582 I thunderperf: CompatConfig.addOverrideUnsafe: aft-state=0
03-19 14:24:32.968 1549 1582 I thunderperf: CompatConfig.addOverrideUnsafe: bef-state=0
03-19 14:24:32.968 1549 1582 I thunderperf: CompatConfig.addOverrideUnsafe: aft-state=0
03-19 14:24:32.968 1549 1582 I thunderperf: CompatConfig.addOverrideUnsafe: bef-state=0
03-19 14:24:32.968 1549 1582 I thunderperf: CompatConfig.addOverrideUnsafe: aft-state=0
03-19 14:24:32.968 1549 1582 I thunderperf: CompatConfig.addOverrideUnsafe: bef-state=0
03-19 14:24:32.968 1549 1582 I thunderperf: CompatConfig.addOverrideUnsafe: aft-state=0
03-19 14:24:32.969 1549 1582 I thunderperf: CompatConfig.addOverrideUnsafe: bef-state=0
03-19 14:24:32.969 1549 1582 I thunderperf: CompatConfig.addOverrideUnsafe: aft-state=0
03-19 14:24:32.969 1549 1582 I thunderperf: CompatConfig.addOverrideUnsafe: bef-state=0
03-19 14:24:32.969 1549 1582 I thunderperf: CompatConfig.addOverrideUnsafe: aft-state=0
03-19 14:24:32.969 1549 1582 I thunderperf: CompatConfig.addOverrideUnsafe: bef-state=0
03-19 14:24:32.969 1549 1582 I thunderperf: CompatConfig.addOverrideUnsafe: aft-state=0
