03-19 14:31:41.995 1549 22230 I DropBoxManagerService: add tag=system_app_wtf isTagEnabled=true flags=0x2
03-19 14:31:41.998 1549 4216 I am_wtf : [0,21017,com.android.settings,952647173,ContrastColorUtil,background can not be translucent: #0]
03-19 14:31:42.002 1549 4216 I am_wtf : [0,21017,com.android.settings,952647173,ContrastColorUtil,background can not be translucent: #0]
03-19 14:31:42.003 1549 22231 I DropBoxManagerService: add tag=system_app_wtf isTagEnabled=true flags=0x2
03-19 14:31:42.003 1549 22232 I DropBoxManagerService: add tag=system_app_wtf isTagEnabled=true flags=0x2
03-19 14:31:42.004 1549 4216 I am_wtf : [0,21017,com.android.settings,952647173,ContrastColorUtil,background can not be translucent: #0]
03-19 14:31:42.005 1549 22233 I DropBoxManagerService: add tag=system_app_wtf isTagEnabled=true flags=0x2
03-19 14:31:42.005 1549 4216 I am_wtf : [0,21017,com.android.settings,952647173,ContrastColorUtil,background can not be translucent: #0]
03-19 14:31:42.006 1549 22234 I DropBoxManagerService: add tag=system_app_wtf isTagEnabled=true flags=0x2
03-19 14:31:42.006 1549 4216 I am_wtf : [0,21017,com.android.settings,952647173,ContrastColorUtil,background can not be translucent: #0]
03-19 14:31:42.009 1549 4216 I am_wtf : [0,21017,com.android.settings,952647173,ContrastColorUtil,background can not be translucent: #0]
03-19 14:31:42.010 1549 4216 I am_wtf : [0,21017,com.android.settings,952647173,ContrastColorUtil,background can not be translucent: #0]
03-19 14:31:42.011 1549 4829 I am_wtf : [0,21017,com.android.settings,952647173,ContrastColorUtil,background can not be translucent: #0]
03-19 14:31:42.013 1549 4829 I am_wtf : [0,21017,com.android.settings,952647173,ContrastColorUtil,background can not be translucent: #0]
03-19 14:31:42.014 1549 4829 I am_wtf : [0,21017,com.android.settings,952647173,ContrastColorUtil,background can not be translucent: #0]
03-19 14:31:42.014 1549 4829 I am_wtf : [0,21017,com.android.settings,952647173,ContrastColorUtil,background can not be translucent: #0]
03-19 14:31:42.015 1549 4829 I am_wtf : [0,21017,com.android.settings,952647173,ContrastColorUtil,background can not be translucent: #0]
03-19 14:31:42.016 1549 4829 I am_wtf : [0,21017,com.android.settings,952647173,ContrastColorUtil,background can not be translucent: #0]
03-19 14:31:42.016 1549 4829 I am_wtf : [0,21017,com.android.settings,952647173,ContrastColorUtil,background can not be translucent: #0]
03-19 14:31:42.017 1549 4829 I am_wtf : [0,21017,com.android.settings,952647173,ContrastColorUtil,background can not be translucent: #0]
03-19 14:31:42.018 1549 4829 I am_wtf : [0,21017,com.android.settings,952647173,ContrastColorUtil,background can not be translucent: #0]
03-19 14:31:42.018 1549 4829 I am_wtf : [0,21017,com.android.settings,952647173,ContrastColorUtil,background can not be translucent: #0]
03-19 14:31:42.022 1549 4829 I am_wtf : [0,21017,com.android.settings,952647173,ContrastColorUtil,background can not be translucent: #0]
03-19 14:31:42.026 1549 4829 I am_wtf : [0,21017,com.android.settings,952647173,ContrastColorUtil,background can not be translucent: #0]
03-19 14:31:42.030 1549 4829 I am_wtf : [0,21017,com.android.settings,952647173,ContrastColorUtil,background can not be translucent: #0]
03-19 14:31:42.031 1549 4829 I am_wtf : [0,21017,com.android.settings,952647173,ContrastColorUtil,background can not be translucent: #0]
03-19 14:31:42.031 1549 4829 I am_wtf : [0,21017,com.android.settings,952647173,ContrastColorUtil,background can not be translucent: #0]
03-19 14:31:42.032 1549 4829 I am_wtf : [0,21017,com.android.settings,952647173,ContrastColorUtil,background can not be translucent: #0]
03-19 14:31:42.033 1549 4829 I am_wtf : [0,21017,com.android.settings,952647173,ContrastColorUtil,background can not be translucent: #0]
03-19 14:31:42.033 1549 4829 I am_wtf : [0,21017,com.android.settings,952647173,ContrastColorUtil,background can not be translucent: #0]
03-19 14:31:42.036 1549 4829 I am_wtf : [0,21017,com.android.settings,952647173,ContrastColorUtil,background can not be translucent: #0]
03-19 14:31:42.037 1549 4829 I am_wtf : [0,21017,com.android.settings,952647173,ContrastColorUtil,background can not be translucent: #0]
03-19 14:31:42.037 1549 4829 I am_wtf : [0,21017,com.android.settings,952647173,ContrastColorUtil,background can not be translucent: #0]
03-19 14:31:42.038 1549 4829 I am_wtf : [0,21017,com.android.settings,952647173,ContrastColorUtil,background can not be translucent: #0]
03-19 14:31:42.039 1549 4829 I am_wtf : [0,21017,com.android.settings,952647173,ContrastColorUtil,background can not be translucent: #0]
03-19 14:31:42.040 1549 4829 I am_wtf : [0,21017,com.android.settings,952647173,ContrastColorUtil,background can not be translucent: #0]
03-19 14:31:42.041 1549 4829 I am_wtf : [0,21017,com.android.settings,952647173,ContrastColorUtil,background can not be translucent: #0]
03-19 14:31:42.041 1549 4829 I am_wtf : [0,21017,com.android.settings,952647173,ContrastColorUtil,background can not be translucent: #0]
03-19 14:31:42.042 1549 4829 I am_wtf : [0,21017,com.android.settings,952647173,ContrastColorUtil,background can not be translucent: #0]
03-19 14:31:42.043 1549 4829 I am_wtf : [0,21017,com.android.settings,952647173,ContrastColorUtil,background can not be translucent: #0]
03-19 14:31:42.056 1549 4829 W FreeFormWindowHelper: Current Display FreeFormTask is null
03-19 14:31:42.072 1549 8360 I wm_destroy_activity: [0,827071,118,com.android.settings/.SubSettings,finish-imm:idle]
03-19 14:31:42.073 21017 21017 I wm_on_destroy_called: [827071,com.android.settings.SubSettings,performDestroy]
03-19 14:31:42.172 1549 8360 D NotificationListeners: Removing active service ComponentInfo{com.android.settings/com.android.settings.homepage.SettingsHomepageActivity}
03-19 14:31:42.178 1549 8360 E UserRestrictionsUtils: Unknown restriction queried by uid 1000 (com.android.settings et al): null
03-19 14:31:42.178 1549 8360 E UserRestrictionsUtils: Unknown restriction queried by uid 1000 (com.android.settings et al): null
03-19 14:31:42.178 1549 8360 E UserRestrictionsUtils: Unknown restriction queried by uid 1000 (com.android.settings et al): null
03-19 14:31:42.179 1549 8360 E UserRestrictionsUtils: Unknown restriction queried by uid 1000 (com.android.settings et al): null
03-19 14:31:42.179 1549 8360 E UserRestrictionsUtils: Unknown restriction queried by uid 1000 (com.android.settings et al): null
03-19 14:31:42.179 1549 8360 E UserRestrictionsUtils: Unknown restriction queried by uid 1000 (com.android.settings et al): null
03-19 14:31:42.180 1549 8360 E UserRestrictionsUtils: Unknown restriction queried by uid 1000 (com.android.settings et al): null
03-19 14:31:42.180 1549 8360 E UserRestrictionsUtils: Unknown restriction queried by uid 1000 (com.android.settings et al): null
03-19 14:31:42.180 1549 8360 E UserRestrictionsUtils: Unknown restriction queried by uid 1000 (com.android.settings et al): null
03-19 14:31:42.187 21017 21017 I sysui_multi_action: [757,265,758,1,833,265,1089,13]
03-19 14:31:42.188 21017 21017 I sysui_multi_action: [757,1729,758,4,854,isParalleledControllers:false,1089,14]
03-19 14:31:42.194 21017 21017 I sysui_multi_action: [757,853,758,4,854,null/switch_bar,1089,1]
03-19 14:31:43.248 21017 21017 I sysui_multi_action: [757,265,758,2,1089,1062]
03-19 14:31:43.274 1549 8360 I am_wtf : [0,21017,com.android.settings,952647173,ContrastColorUtil,background can not be translucent: #0]
03-19 14:31:43.278 1549 8360 I am_wtf : [0,21017,com.android.settings,952647173,ContrastColorUtil,background can not be translucent: #0]
03-19 14:31:43.280 1549 8360 I am_wtf : [0,21017,com.android.settings,952647173,ContrastColorUtil,background can not be translucent: #0]
03-19 14:31:43.281 1549 8360 I am_wtf : [0,21017,com.android.settings,952647173,ContrastColorUtil,background can not be translucent: #0]
03-19 14:31:43.282 1549 8360 I am_wtf : [0,21017,com.android.settings,952647173,ContrastColorUtil,background can not be translucent: #0]
03-19 14:31:43.282 1549 8360 I am_wtf : [0,21017,com.android.settings,952647173,ContrastColorUtil,background can not be translucent: #0]
03-19 14:31:43.283 1549 8360 I am_wtf : [0,21017,com.android.settings,952647173,ContrastColorUtil,background can not be translucent: #0]
03-19 14:31:43.283 1549 8360 I am_wtf : [0,21017,com.android.settings,952647173,ContrastColorUtil,background can not be translucent: #0]
03-19 14:31:43.284 1549 8360 I am_wtf : [0,21017,com.android.settings,952647173,ContrastColorUtil,background can not be translucent: #0]
03-19 14:31:43.284 1549 8360 I am_wtf : [0,21017,com.android.settings,952647173,ContrastColorUtil,background can not be translucent: #0]
03-19 14:31:43.285 1549 8360 I am_wtf : [0,21017,com.android.settings,952647173,ContrastColorUtil,background can not be translucent: #0]
03-19 14:31:43.285 1549 8360 I am_wtf : [0,21017,com.android.settings,952647173,ContrastColorUtil,background can not be translucent: #0]
03-19 14:31:43.286 1549 8360 I am_wtf : [0,21017,com.android.settings,952647173,ContrastColorUtil,background can not be translucent: #0]
03-19 14:31:43.286 1549 8360 I am_wtf : [0,21017,com.android.settings,952647173,ContrastColorUtil,background can not be translucent: #0]
03-19 14:31:43.287 1549 8360 I am_wtf : [0,21017,com.android.settings,952647173,ContrastColorUtil,background can not be translucent: #0]
03-19 14:31:43.287 1549 8360 I am_wtf : [0,21017,com.android.settings,952647173,ContrastColorUtil,background can not be translucent: #0]
03-19 14:31:43.287 1549 8360 I am_wtf : [0,21017,com.android.settings,952647173,ContrastColorUtil,background can not be translucent: #0]
03-19 14:31:43.288 1549 8360 I am_wtf : [0,21017,com.android.settings,952647173,ContrastColorUtil,background can not be translucent: #0]
03-19 14:31:43.291 1549 8360 I am_wtf : [0,21017,com.android.settings,952647173,ContrastColorUtil,background can not be translucent: #0]
01-01 09:19:24.127 0 0 E DTC_Display: screen not ready
03-19 14:31:43.293 1549 8360 I am_wtf : [0,21017,com.android.settings,952647173,ContrastColorUtil,background can not be translucent: #0]
03-19 14:31:43.294 1549 8360 I service_manager_stats: [100,35,13175]
03-19 14:31:43.296 1549 8360 I am_wtf : [0,21017,com.android.settings,952647173,ContrastColorUtil,background can not be translucent: #0]
03-19 14:31:43.296 1549 8360 I am_wtf : [0,21017,com.android.settings,952647173,ContrastColorUtil,background can not be translucent: #0]
03-19 14:31:43.297 1549 8360 I am_wtf : [0,21017,com.android.settings,952647173,ContrastColorUtil,background can not be translucent: #0]
03-19 14:31:43.297 1549 8360 I am_wtf : [0,21017,com.android.settings,952647173,ContrastColorUtil,background can not be translucent: #0]
03-19 14:31:43.298 1549 8360 I am_wtf : [0,21017,com.android.settings,952647173,ContrastColorUtil,background can not be translucent: #0]
03-19 14:31:43.298 1549 8360 I am_wtf : [0,21017,com.android.settings,952647173,ContrastColorUtil,background can not be translucent: #0]
03-19 14:31:43.299 1549 8360 I am_wtf : [0,21017,com.android.settings,952647173,ContrastColorUtil,background can not be translucent: #0]
03-19 14:31:43.299 1549 8360 I am_wtf : [0,21017,com.android.settings,952647173,ContrastColorUtil,background can not be translucent: #0]
03-19 14:31:43.300 1549 8360 I am_wtf : [0,21017,com.android.settings,952647173,ContrastColorUtil,background can not be translucent: #0]
03-19 14:31:43.300 1549 8360 I am_wtf : [0,21017,com.android.settings,952647173,ContrastColorUtil,background can not be translucent: #0]
03-19 14:31:43.301 1549 8360 I am_wtf : [0,21017,com.android.settings,952647173,ContrastColorUtil,background can not be translucent: #0]
03-19 14:31:43.301 1549 8360 I am_wtf : [0,21017,com.android.settings,952647173,ContrastColorUtil,background can not be translucent: #0]
03-19 14:31:43.302 1549 8360 I am_wtf : [0,21017,com.android.settings,952647173,ContrastColorUtil,background can not be translucent: #0]
03-19 14:31:43.302 1549 8360 I am_wtf : [0,21017,com.android.settings,952647173,ContrastColorUtil,background can not be translucent: #0]
03-19 14:31:43.303 1549 8360 I am_wtf : [0,21017,com.android.settings,952647173,ContrastColorUtil,background can not be translucent: #0]
03-19 14:31:43.303 1549 8360 I am_wtf : [0,21017,com.android.settings,952647173,ContrastColorUtil,background can not be translucent: #0]
03-19 14:31:44.032 21017 21017 I sysui_multi_action: [757,830,758,4,833,0,854,top_level_storage,1089,0]
03-19 14:31:44.135 1549 8360 D NotificationListeners: Removing active service ComponentInfo{com.android.settings/com.android.settings.homepage.SettingsHomepageActivity}
03-19 14:31:44.150 1549 8360 E UserRestrictionsUtils: Unknown restriction queried by uid 1000 (com.android.settings et al): null
03-19 14:31:44.169 21017 21017 I sysui_multi_action: [757,745,758,1,833,265,1089,27]
03-19 14:31:44.170 21017 21017 I sysui_multi_action: [757,1729,758,4,854,isParalleledControllers:false,1089,28]
03-19 14:31:44.263 1549 4216 D CompatibilityChangeReporter: Compat change id reported: 149924527; UID 1000; state: ENABLED
03-19 14:31:44.263 1549 4216 D CompatibilityChangeReporter: Compat change id reported: 132649864; UID 1000; state: DISABLED
03-19 14:31:44.264 1549 4216 D CompatibilityChangeReporter: Compat change id reported: 182734110; UID 1000; state: ENABLED
03-19 14:31:44.264 1549 4216 D CompatibilityChangeReporter: Compat change id reported: 182734110; UID 1000; state: DISABLED
01-01 09:19:25.883 0 0 E DTC_ETH,link_delay_work_func: 3003, SQI=0, link=0
03-19 14:31:45.201 21017 21017 I sysui_multi_action: [757,830,758,4,833,0,854,pref_system,1089,0]
03-19 14:31:45.229 21017 21017 I sysui_multi_action: [757,565,758,1,833,0,1089,25]
03-19 14:31:45.238 1549 1657 I input_focus: [Focus request 3680987 com.android.settings/com.android.settings.Settings,reason=UpdateInputWindows]
03-19 14:31:45.251 1549 1741 I input_focus: [Focus leaving e3ad60b com.android.settings/com.android.settings.Settings (server),reason=Waiting for window because NOT_VISIBLE]
03-19 14:31:45.269 1549 1741 I input_focus: [Focus entering 3680987 com.android.settings/com.android.settings.Settings (server),reason=Window became focusable. Previous reason: NOT_VISIBLE]
01-01 09:19:27.408 0 0 E DTC_Display: screen not ready
03-19 14:31:46.593 1549 1741 I input_interaction: Interaction with: 3680987 com.android.settings/com.android.settings.Settings (server), swipe-up (server), edge-swipe (server), PointerEventDispatcher0 (server),
03-19 14:31:46.760 21017 21017 I sysui_multi_action: [757,565,758,2,1089,1530]
03-19 14:31:46.767 1549 1657 I input_focus: [Focus request e3ad60b com.android.settings/com.android.settings.Settings,reason=UpdateInputWindows]
03-19 14:31:46.788 1549 1741 I input_focus: [Focus entering e3ad60b com.android.settings/com.android.settings.Settings (server),reason=setFocusedWindow]
03-19 14:31:47.338 1549 1741 I input_interaction: Interaction with: e3ad60b com.android.settings/com.android.settings.Settings (server), swipe-up (server), edge-swipe (server), PointerEventDispatcher0 (server),
03-19 14:31:47.455 21017 21017 I sysui_multi_action: [757,830,758,4,833,0,854,toggle_asm,1089,0]
03-19 14:31:47.559 21017 21017 I sysui_multi_action: [757,745,758,2,1089,3390]
03-19 14:31:47.586 21017 21017 I sysui_multi_action: [757,458,758,1,833,265,1089,23]
03-19 14:31:47.586 21017 21017 I sysui_multi_action: [757,1729,758,4,854,isParalleledControllers:false,1089,24]
03-19 14:31:48.944 21017 21017 I sysui_multi_action: [757,830,758,4,833,0,854,top_level_sound,1089,0]
03-19 14:31:49.053 21017 21017 I sysui_multi_action: [757,458,758,2,1089,1467]
03-19 14:31:49.104 1549 4216 E UserRestrictionsUtils: Unknown restriction queried by uid 1000 (com.android.settings et al): null
03-19 14:31:49.105 1549 4216 E UserRestrictionsUtils: Unknown restriction queried by uid 1000 (com.android.settings et al): null
03-19 14:31:49.106 1549 4216 E UserRestrictionsUtils: Unknown restriction queried by uid 1000 (com.android.settings et al): null
03-19 14:31:49.107 1549 4216 E UserRestrictionsUtils: Unknown restriction queried by uid 1000 (com.android.settings et al): null
03-19 14:31:49.107 1549 4216 E UserRestrictionsUtils: Unknown restriction queried by uid 1000 (com.android.settings et al): null
03-19 14:31:49.108 1549 4216 E UserRestrictionsUtils: Unknown restriction queried by uid 1000 (com.android.settings et al): null
03-19 14:31:49.109 1549 4216 E UserRestrictionsUtils: Unknown restriction queried by uid 1000 (com.android.settings et al): null
03-19 14:31:49.148 21017 21017 I sysui_multi_action: [757,336,758,1,833,265,1089,80]
03-19 14:31:49.151 21017 21017 I sysui_multi_action: [757,1729,758,4,854,isParalleledControllers:false,1089,84]
01-01 09:19:31.004 0 0 E DTC_ETH,link_delay_work_func: 3003, SQI=0, link=0
03-19 14:31:50.181 1549 4216 I volume_changed: [3,18,9,39,com.android.settings]
03-19 14:31:50.204 1549 8360 I volume_changed: [3,9,8,39,com.android.settings]
03-19 14:31:50.216 1549 8360 I volume_changed: [3,8,7,39,com.android.settings]
03-19 14:31:50.220 1549 4217 I volume_changed: [3,7,6,39,com.android.settings]
03-19 14:31:50.235 1549 4928 I volume_changed: [3,6,5,39,com.android.settings]
03-19 14:31:50.245 1549 12818 I volume_changed: [3,5,4,39,com.android.settings]
01-01 09:19:31.187 0 0 E DTC_Display: screen not ready
03-19 14:31:50.916 1549 1725 I commit_sys_config_file: [settings-1-0,14]
03-19 14:31:51.500 21017 21017 I sysui_multi_action: [757,830,758,4,833,0,854,top_level_display,1089,0]
03-19 14:31:51.612 21017 21017 I sysui_multi_action: [757,336,758,2,1089,2463]
03-19 14:31:51.645 1549 12818 E UserRestrictionsUtils: Unknown restriction queried by uid 1000 (com.android.settings et al): null
03-19 14:31:51.647 1549 12818 E UserRestrictionsUtils: Unknown restriction queried by uid 1000 (com.android.settings et al): null
03-19 14:31:51.647 1549 12818 E UserRestrictionsUtils: Unknown restriction queried by uid 1000 (com.android.settings et al): null
03-19 14:31:51.649 1549 12818 E UserRestrictionsUtils: Unknown restriction queried by uid 1000 (com.android.settings et al): null
03-19 14:31:51.651 1549 12818 E UserRestrictionsUtils: Unknown restriction queried by uid 1000 (com.android.settings et al): null
03-19 14:31:51.669 21017 21017 I sysui_multi_action: [757,46,758,1,833,265,1089,43]
03-19 14:31:51.678 21017 21017 I sysui_multi_action: [757,1729,758,4,854,isParalleledControllers:false,1089,51]
01-01 09:19:34.555 0 0 E DTC_Display: screen not ready
03-19 14:31:53.803 21017 21017 I sysui_multi_action: [757,830,758,4,833,0,854,auto_brightness_entry,1089,0]
03-19 14:31:53.804 1549 1684 W PowerManagerService: Screen on took 128812 ms
03-19 14:31:54.009 1549 1725 I commit_sys_config_file: [settings-1-0,6]
03-19 14:31:54.440 21017 21017 I sysui_multi_action: [757,830,758,4,833,0,854,auto_brightness_entry,1089,0]
03-19 14:31:54.645 1549 1725 I commit_sys_config_file: [settings-1-0,5]
03-19 14:31:55.069 21017 21017 I sysui_multi_action: [757,830,758,4,833,0,854,auto_brightness_entry,1089,0]
03-19 14:31:55.275 1549 1725 I commit_sys_config_file: [settings-1-0,5]
01-01 09:19:36.123 0 0 E DTC_ETH,link_delay_work_func: 3003, SQI=0, link=0
03-19 14:31:55.734 1549 1741 I input_interaction: Interaction with: b43c859 StatusBar (server), swipe-up (server), edge-swipe (server), PointerEventDispatcher0 (server),
03-19 14:31:55.737 2018 2018 I sysui_multi_action: [757,803,799,panel_open,802,1]
03-19 14:31:55.741 2018 2018 I sysui_multi_action: [757,1328,758,4,1326,61,1327,0,1329,0]
03-19 14:31:55.779 1549 12818 I sysui_multi_action: [757,127,758,1]
03-19 14:31:55.779 1549 12818 I sysui_multi_action: [757,804,799,note_load,801,2,802,1]
03-19 14:31:55.779 1549 12818 I notification_panel_revealed: 2
03-19 14:31:55.791 1549 1657 I input_focus: [Focus request 8e3e934 NotificationShade,reason=UpdateInputWindows]
03-19 14:31:55.802 1549 12818 I sysui_multi_action: [757,128,758,1,793,4763589,794,0,795,4763589,796,26,798,0,806,android,857,DEVELOPER_IMPORTANT,858,4,947,0,1395,2,1500,4763210,1688,1]
03-19 14:31:55.802 1549 12818 I sysui_multi_action: [757,804,799,note_freshness,801,4763589,802,1]
03-19 14:31:55.802 1549 12818 I notification_visibility: [-1|android|26|null|1000,1,4763589,4763589,0,0]
03-19 14:31:55.802 1549 12818 I sysui_multi_action: [757,128,758,1,793,4764386,794,0,795,4764386,796,32,798,1,806,android,857,USB,858,1,947,0,1395,2,1500,4764336,1688,1]
03-19 14:31:55.802 1549 12818 I sysui_multi_action: [757,804,799,note_freshness,801,4764386,802,1]
03-19 14:31:55.802 1549 12818 I notification_visibility: [-1|android|32|null|1000,1,4764386,4764386,0,1]
03-19 14:31:55.812 1549 1741 I input_focus: [Focus leaving e3ad60b com.android.settings/com.android.settings.Settings (server),reason=setFocusedWindow]
03-19 14:31:55.812 1549 1741 I input_focus: [Focus entering 8e3e934 NotificationShade (server),reason=setFocusedWindow]
03-19 14:31:55.820 2018 2018 I sysui_multi_action: [757,111,758,1]
03-19 14:31:55.820 2018 2018 I sysui_multi_action: [757,126,758,1,759,126,927,0,928,1,1593,0]
03-19 14:31:55.820 2018 2018 I sysui_multi_action: [757,113,758,1,759,113,927,1,928,1,1593,0]
03-19 14:31:55.820 2018 2018 I sysui_multi_action: [757,0,758,1,759,0,927,2,928,0,1593,0]
03-19 14:31:55.820 2018 2018 I sysui_multi_action: [757,0,758,1,759,0,927,3,928,0,1593,0]
03-19 14:31:55.821 2018 2018 I sysui_multi_action: [757,491,758,1,759,491,927,4,928,0,1311,-1,1593,0]
03-19 14:31:55.821 2018 2018 I sysui_multi_action: [757,0,758,1,759,0,927,5,928,0,1593,0]
03-19 14:31:55.821 2018 2018 I sysui_multi_action: [757,122,758,1,759,122,927,6,928,1,1593,0]
03-19 14:31:55.821 2018 2018 I sysui_multi_action: [757,0,758,1,759,0,927,7,1593,0]
03-19 14:31:55.821 2018 2018 I sysui_multi_action: [757,111,758,1]
03-19 14:31:55.821 2018 2018 I sysui_multi_action: [757,126,758,1,759,126,927,0,928,1,1593,0]
03-19 14:31:55.821 2018 2018 I sysui_multi_action: [757,113,758,1,759,113,927,1,928,1,1593,0]
03-19 14:31:55.821 2018 2018 I sysui_multi_action: [757,0,758,1,759,0,927,2,928,0,1593,0]
03-19 14:31:55.821 2018 2018 I sysui_multi_action: [757,0,758,1,759,0,927,3,928,0,1593,0]
03-19 14:31:56.698 1549 1741 I input_interaction: Interaction with: 8e3e934 NotificationShade (server), swipe-up (server), edge-swipe (server), PointerEventDispatcher0 (server),
01-01 09:19:37.627 0 0 E DTC_Display: screen not ready
03-19 14:31:56.957 1549 1793 I GameModeConfig: isGameModeOn = false
03-19 14:31:56.957 1549 1793 I GameModeConfig: isGameModeOn = false
03-19 14:31:56.957 1549 1793 I GameModeConfig: isGameModeOn = false
03-19 14:31:56.957 1549 1793 I GameModeConfig: isGameModeOn = false
03-19 14:31:56.958 1549 1793 I GameModeConfig: isGameModeOn = false
03-19 14:31:56.958 1549 1793 I GameModeConfig: isGameModeOn = false
03-19 14:31:56.959 1549 1549 I notification_enqueue: [10078,2018,com.android.systemui,2048,NULL,0,Notification(channel=updateNotification shortcut=null contentView=null vibrate=null sound=null defaults=0x0 flags=0x0 color=0x00000000 vis=PRIVATE),1]
03-19 14:31:56.959 2018 2018 I sysui_multi_action: [757,111,758,2]
03-19 14:31:56.959 2018 2018 I sysui_multi_action: [757,111,758,2]
03-19 14:31:57.033 1549 1657 I input_focus: [Focus request e3ad60b com.android.settings/com.android.settings.Settings,reason=UpdateInputWindows]
03-19 14:31:57.036 1549 12818 I sysui_multi_action: [757,128,758,2,793,4764824,794,1235,795,4764824,796,26,798,0,806,android,857,DEVELOPER_IMPORTANT,858,4,947,0,1395,2,1500,4764445,1688,1]
03-19 14:31:57.037 1549 12818 I notification_visibility: [-1|android|26|null|1000,0,4764824,4764824,0,0]
03-19 14:31:57.038 1549 12818 I sysui_multi_action: [757,128,758,2,793,4765621,794,1235,795,4765621,796,32,798,1,806,android,857,USB,858,1,947,0,1395,2,1500,4765571,1688,1]
03-19 14:31:57.038 1549 12818 I notification_visibility: [-1|android|32|null|1000,0,4765621,4765621,0,1]
03-19 14:31:57.039 1549 4829 I sysui_multi_action: [757,127,758,2]
03-19 14:31:57.039 1549 4829 I notification_panel_hidden:
03-19 14:31:57.063 1549 1741 I input_focus: [Focus leaving 8e3e934 NotificationShade (server),reason=NO_WINDOW]
03-19 14:31:57.064 1549 1741 I input_focus: [Focus entering e3ad60b com.android.settings/com.android.settings.Settings (server),reason=setFocusedWindow]
03-19 14:31:57.167 1549 1549 I GameModeConfig: isGameModeOn = false
03-19 14:31:57.302 1549 1741 I input_interaction: Interaction with: e3ad60b com.android.settings/com.android.settings.Settings (server), swipe-up (server), edge-swipe (server), PointerEventDispatcher0 (server),
03-19 14:31:57.397 21017 21017 I sysui_multi_action: [757,830,758,4,833,0,854,auto_brightness_entry,1089,0]
03-19 14:31:57.608 1549 1725 I commit_sys_config_file: [settings-1-0,5]
03-19 14:31:57.871 1549 1741 I input_interaction: Interaction with: b43c859 StatusBar (server), swipe-up (server), edge-swipe (server), PointerEventDispatcher0 (server),
03-19 14:31:57.879 2018 2018 I sysui_multi_action: [757,803,799,panel_open,802,1]
03-19 14:31:57.880 2018 2018 I sysui_multi_action: [757,1328,758,4,1326,69,1327,0,1329,0]
03-19 14:31:57.892 1549 8360 I sysui_multi_action: [757,127,758,1]
03-19 14:31:57.892 1549 8360 I sysui_multi_action: [757,804,799,note_load,801,2,802,1]
03-19 14:31:57.892 1549 8360 I notification_panel_revealed: 2
03-19 14:31:57.900 1549 1657 I input_focus: [Focus request 8e3e934 NotificationShade,reason=UpdateInputWindows]
03-19 14:31:57.909 1549 8360 I sysui_multi_action: [757,128,758,1,793,4765697,794,0,795,4765697,796,26,798,0,806,android,857,DEVELOPER_IMPORTANT,858,4,947,0,1395,2,1500,4765318,1688,1]
03-19 14:31:57.909 1549 8360 I sysui_multi_action: [757,804,799,note_freshness,801,4765697,802,1]
03-19 14:31:57.909 1549 8360 I notification_visibility: [-1|android|26|null|1000,1,4765697,4765697,0,0]
03-19 14:31:57.909 1549 8360 I sysui_multi_action: [757,128,758,1,793,4766493,794,0,795,4766493,796,32,798,1,806,android,857,USB,858,1,947,0,1395,2,1500,4766443,1688,1]
03-19 14:31:57.909 1549 8360 I sysui_multi_action: [757,804,799,note_freshness,801,4766493,802,1]
03-19 14:31:57.909 1549 8360 I notification_visibility: [-1|android|32|null|1000,1,4766493,4766493,0,1]
03-19 14:31:57.918 1549 1741 I input_focus: [Focus leaving e3ad60b com.android.settings/com.android.settings.Settings (server),reason=setFocusedWindow]
03-19 14:31:57.918 1549 1741 I input_focus: [Focus entering 8e3e934 NotificationShade (server),reason=setFocusedWindow]
03-19 14:31:57.925 2018 2018 I sysui_multi_action: [757,111,758,1]
03-19 14:31:57.925 2018 2018 I sysui_multi_action: [757,126,758,1,759,126,927,0,928,1,1593,0]
03-19 14:31:57.925 2018 2018 I sysui_multi_action: [757,113,758,1,759,113,927,1,928,1,1593,0]
03-19 14:31:57.925 2018 2018 I sysui_multi_action: [757,0,758,1,759,0,927,2,928,0,1593,0]
03-19 14:31:57.925 2018 2018 I sysui_multi_action: [757,0,758,1,759,0,927,3,928,0,1593,0]
03-19 14:31:57.926 2018 2018 I sysui_multi_action: [757,491,758,1,759,491,927,4,928,0,1311,-1,1593,0]
03-19 14:31:57.926 2018 2018 I sysui_multi_action: [757,0,758,1,759,0,927,5,928,0,1593,0]
03-19 14:31:57.926 2018 2018 I sysui_multi_action: [757,122,758,1,759,122,927,6,928,1,1593,0]
03-19 14:31:57.926 2018 2018 I sysui_multi_action: [757,0,758,1,759,0,927,7,1593,0]
03-19 14:31:57.926 2018 2018 I sysui_multi_action: [757,111,758,1]
03-19 14:31:57.926 2018 2018 I sysui_multi_action: [757,126,758,1,759,126,927,0,928,1,1593,0]
03-19 14:31:57.926 2018 2018 I sysui_multi_action: [757,113,758,1,759,113,927,1,928,1,1593,0]
03-19 14:31:57.926 2018 2018 I sysui_multi_action: [757,0,758,1,759,0,927,2,928,0,1593,0]
03-19 14:31:57.926 2018 2018 I sysui_multi_action: [757,0,758,1,759,0,927,3,928,0,1593,0]
03-19 14:31:58.969 1549 1741 I input_interaction: Interaction with: 8e3e934 NotificationShade (server), swipe-up (server), edge-swipe (server), PointerEventDispatcher0 (server),
03-19 14:31:59.066 1549 1668 W BroadcastQueue: Background execution not allowed: receiving Intent { act=com.tencent.assistant.st.report.PluginLogProcessorReceiver.TIME flg=0x14 (has extras) } to com.tencent.android.qqdownloader/com.tencent.assistant.st.report.PluginLogProcessorReceiver
03-19 14:31:59.092 1549 1667 I am_pss : [21017,1000,com.android.settings,210563072,191213568,0,369041408,0,2,19]
03-19 14:31:59.247 2018 2018 I sysui_multi_action: [757,111,758,2]
03-19 14:31:59.247 1549 1549 I notification_enqueue: [10078,2018,com.android.systemui,2048,NULL,0,Notification(channel=updateNotification shortcut=null contentView=null vibrate=null sound=null defaults=0x0 flags=0x0 color=0x00000000 vis=PRIVATE),1]
03-19 14:31:59.247 2018 2018 I sysui_multi_action: [757,111,758,2]
03-19 14:31:59.248 1549 1793 I GameModeConfig: isGameModeOn = false
03-19 14:31:59.252 1549 1793 I GameModeConfig: isGameModeOn = false
03-19 14:31:59.253 1549 1793 I GameModeConfig: isGameModeOn = false
03-19 14:31:59.253 1549 1793 I GameModeConfig: isGameModeOn = false
03-19 14:31:59.253 1549 1793 I GameModeConfig: isGameModeOn = false
03-19 14:31:59.253 1549 1793 I GameModeConfig: isGameModeOn = false
03-19 14:31:59.338 1549 1657 I input_focus: [Focus request e3ad60b com.android.settings/com.android.settings.Settings,reason=UpdateInputWindows]
03-19 14:31:59.341 1549 12818 I sysui_multi_action: [757,128,758,2,793,4767129,794,1432,795,4767129,796,26,798,0,806,android,857,DEVELOPER_IMPORTANT,858,4,947,0,1395,2,1500,4766750,1688,1]
03-19 14:31:59.343 1549 12818 I notification_visibility: [-1|android|26|null|1000,0,4767129,4767129,0,0]
03-19 14:31:59.346 1549 12818 I sysui_multi_action: [757,128,758,2,793,4767930,794,1437,795,4767930,796,32,798,1,806,android,857,USB,858,1,947,0,1395,2,1500,4767880,1688,1]
03-19 14:31:59.346 1549 12818 I notification_visibility: [-1|android|32|null|1000,0,4767930,4767930,0,1]
03-19 14:31:59.347 1549 4829 I sysui_multi_action: [757,127,758,2]
03-19 14:31:59.347 1549 4829 I notification_panel_hidden:
03-19 14:31:59.352 1549 1741 I input_focus: [Focus leaving 8e3e934 NotificationShade (server),reason=NO_WINDOW]
03-19 14:31:59.369 1549 1741 I input_focus: [Focus entering e3ad60b com.android.settings/com.android.settings.Settings (server),reason=setFocusedWindow]
03-19 14:31:59.449 1549 1549 I GameModeConfig: isGameModeOn = false
03-19 14:31:59.740 1549 1741 I input_interaction: Interaction with: e3ad60b com.android.settings/com.android.settings.Settings (server), swipe-up (server), edge-swipe (server), PointerEventDispatcher0 (server),
03-19 14:31:59.859 1549 4829 I ActivityTaskManager: START u0 {act=com.android.intent.action.SHOW_BRIGHTNESS_DIALOG cmp=com.android.systemui/.settings.brightness.BrightnessDialog (has extras)} from uid 1000
03-19 14:31:59.863 1549 4829 I wm_task_created: [120,-1]
03-19 14:31:59.863 1549 4829 W ActivityTaskManager: Can't find TaskDisplayArea to determine support for multi window. Task id=120 attached=false
03-19 14:31:59.868 1549 4829 I wm_task_moved: [120,1,10]
03-19 14:31:59.868 1549 4829 I wm_task_to_front: [0,120]
03-19 14:31:59.868 1549 4829 I wm_create_task: [0,120]
03-19 14:31:59.868 1549 4829 I wm_create_activity: [0,161561517,120,com.android.systemui/.settings.brightness.BrightnessDialog,com.android.intent.action.SHOW_BRIGHTNESS_DIALOG,NULL,NULL,276824064]
03-19 14:31:59.868 1549 4829 I wm_task_moved: [120,1,10]
03-19 14:31:59.869 1549 4829 I wm_pause_activity: [0,17152677,com.android.settings/.Settings,userLeaving=true,pauseBackTasks]
03-19 14:31:59.870 21017 21017 I sysui_multi_action: [757,830,758,4,833,0,854,brightness,1089,0]
03-19 14:31:59.877 21017 21017 I wm_on_top_resumed_lost_called: [17152677,com.android.settings.Settings,topStateChangedWhenResumed]
03-19 14:31:59.878 21017 21017 I sysui_multi_action: [757,35,758,2,1089,17919]
03-19 14:31:59.878 21017 21017 I sysui_multi_action: [757,46,758,2,1089,8208]
03-19 14:31:59.878 21017 21017 I wm_on_paused_called: [17152677,com.android.settings.Settings,performPause]
03-19 14:31:59.879 1549 12818 I ActivityTaskManager: FOREGROUND_APPLICATION_CHANGED to com.android.systemui.settings.brightness.BrightnessDialog
03-19 14:31:59.879 1549 12818 I ActivityTaskManager: The Process com.android.systemui Already Exists in BG. So sending its PID: 2018
03-19 14:31:59.879 1549 12818 W ActivityTaskManager: Tried to set launchTime (0) < mLastActivityLaunchTime (4492817)
03-19 14:31:59.879 1549 12818 I wm_restart_activity: [0,161561517,120,com.android.systemui/.settings.brightness.BrightnessDialog]
03-19 14:31:59.880 1549 12818 I wm_set_resumed_activity: [0,com.android.systemui/.settings.brightness.BrightnessDialog,minimalResumeActivityLocked]
03-19 14:31:59.882 1549 1656 I sysui_multi_action: [757,803,799,window_time_0,802,18]
03-19 14:31:59.888 2018 2018 I wm_on_create_called: [161561517,com.android.systemui.settings.brightness.BrightnessDialog,performCreate]
03-19 14:31:59.889 2018 2018 I sysui_multi_action: [757,220,758,1]
03-19 14:31:59.889 2018 2018 I wm_on_start_called: [161561517,com.android.systemui.settings.brightness.BrightnessDialog,handleStartActivity]
03-19 14:31:59.889 2018 2018 I wm_on_resume_called: [161561517,com.android.systemui.settings.brightness.BrightnessDialog,RESUME_ACTIVITY]
03-19 14:31:59.891 2018 2018 I wm_on_top_resumed_gained_called: [161561517,com.android.systemui.settings.brightness.BrightnessDialog,topStateChangedWhenResumed]
03-19 14:31:59.901 1549 1657 I input_focus: [Focus request ae5f2cf com.android.systemui/com.android.systemui.settings.brightness.BrightnessDialog,reason=UpdateInputWindows]
03-19 14:31:59.908 1549 1653 I sysui_multi_action: [319,48,322,48,325,4778,757,761,758,8,759,2,806,com.android.systemui,871,com.android.systemui.settings.brightness.BrightnessDialog,904,com.android.settings,905,0,1320,4,1321,1]
03-19 14:31:59.908 1549 1653 I wm_activity_launch_time: [0,161561517,com.android.systemui/.settings.brightness.BrightnessDialog,48]
03-19 14:31:59.917 1549 1741 I input_focus: [Focus leaving e3ad60b com.android.settings/com.android.settings.Settings (server),reason=Waiting for window because NOT_VISIBLE]
03-19 14:31:59.924 1549 1667 I am_pss : [21379,10090,com.android.permissioncontroller,16041984,13479936,0,106815488,0,19,5]
03-19 14:31:59.933 1549 1741 I input_focus: [Focus entering ae5f2cf com.android.systemui/com.android.systemui.settings.brightness.BrightnessDialog (server),reason=Window became focusable. Previous reason: NOT_VISIBLE]
03-19 14:31:59.936 1549 1667 I am_pss : [12961,10094,com.tencent.android.qqdownloader:daemon,150587392,118067200,0,281985024,0,4,10]
03-19 14:31:59.980 1549 8360 W FreeFormWindowHelper: Current Display FreeFormTask is null
01-01 09:19:40.911 0 0 E DTC_Display: screen not ready
03-19 14:32:00.355 0 0 I auditd : type=1400 audit(0.0:12313): avc: denied { kill } for comm="swapper/2" capability=5 scontext=u:r:kernel:s0 tcontext=u:r:kernel:s0 tclass=capability permissive=1
01-01 09:19:41.244 0 0 E DTC_ETH,link_delay_work_func: 3003, SQI=0, link=0
03-19 14:32:00.412 1549 1741 I input_interaction: Interaction with: ae5f2cf com.android.systemui/com.android.systemui.settings.brightness.BrightnessDialog (server), swipe-up (server), edge-swipe (server), PointerEventDispatcher0 (server),
03-19 14:32:00.413 1549 1684 V DisplayPowerController[0]: Brightness [1.0] reason changing to: 'temporary', previous reason: 'manual'.
03-19 14:32:00.413 1549 1967 E DisplayDeviceConfig: requesting nits when no mapping exists.
03-19 14:32:00.413 1549 1967 E DisplayDeviceConfig: requesting nits when no mapping exists.
03-19 14:32:00.413 1549 1668 I am_wtf : [0,1549,system_server,-1,DisplayDeviceConfig,requesting nits when no mapping exists.]
03-19 14:32:00.414 1549 1668 I DropBoxManagerService: add tag=system_server_wtf isTagEnabled=true flags=0x2
03-19 14:32:00.414 1549 1668 I am_wtf : [0,1549,system_server,-1,DisplayDeviceConfig,requesting nits when no mapping exists.]
03-19 14:32:00.414 1549 1668 I DropBoxManagerService: add tag=system_server_wtf isTagEnabled=true flags=0x2
03-19 14:32:00.450 1549 1967 E DisplayDeviceConfig: requesting nits when no mapping exists.
03-19 14:32:00.450 1549 1967 E DisplayDeviceConfig: requesting nits when no mapping exists.
03-19 14:32:00.450 1549 1668 I am_wtf : [0,1549,system_server,-1,DisplayDeviceConfig,requesting nits when no mapping exists.]
03-19 14:32:00.450 1549 1668 I DropBoxManagerService: add tag=system_server_wtf isTagEnabled=true flags=0x2
03-19 14:32:00.451 1549 1668 I am_wtf : [0,1549,system_server,-1,DisplayDeviceConfig,requesting nits when no mapping exists.]
03-19 14:32:00.451 1549 1668 I DropBoxManagerService: add tag=system_server_wtf isTagEnabled=true flags=0x2
03-19 14:32:00.481 1549 1967 E DisplayDeviceConfig: requesting nits when no mapping exists.
03-19 14:32:00.482 1549 1967 E DisplayDeviceConfig: requesting nits when no mapping exists.
03-19 14:32:00.482 1549 1668 I am_wtf : [0,1549,system_server,-1,DisplayDeviceConfig,requesting nits when no mapping exists.]
03-19 14:32:00.482 1549 1668 I DropBoxManagerService: add tag=system_server_wtf isTagEnabled=true flags=0x2
03-19 14:32:00.482 1549 1668 I am_wtf : [0,1549,system_server,-1,DisplayDeviceConfig,requesting nits when no mapping exists.]
03-19 14:32:00.498 1549 1967 E DisplayDeviceConfig: requesting nits when no mapping exists.
03-19 14:32:00.498 1549 1967 E DisplayDeviceConfig: requesting nits when no mapping exists.
03-19 14:32:00.498 1549 1668 I am_wtf : [0,1549,system_server,-1,DisplayDeviceConfig,requesting nits when no mapping exists.]
03-19 14:32:00.499 1549 1668 I am_wtf : [0,1549,system_server,-1,DisplayDeviceConfig,requesting nits when no mapping exists.]
03-19 14:32:00.515 1549 1967 E DisplayDeviceConfig: requesting nits when no mapping exists.
03-19 14:32:00.515 1549 1967 E DisplayDeviceConfig: requesting nits when no mapping exists.
03-19 14:32:00.515 1549 1668 I am_wtf : [0,1549,system_server,-1,DisplayDeviceConfig,requesting nits when no mapping exists.]
03-19 14:32:00.515 1549 1668 I am_wtf : [0,1549,system_server,-1,DisplayDeviceConfig,requesting nits when no mapping exists.]
03-19 14:32:00.535 2018 2018 I sysui_multi_action: [757,219,758,4,759,64]
03-19 14:32:00.537 1549 12818 I commit_sys_config_file: [display-state,1]
03-19 14:32:00.538 1549 1684 V DisplayPowerController[0]: Brightness [0.6363636] reason changing to: 'manual', previous reason: 'temporary'.
03-19 14:32:00.740 1549 1725 I commit_sys_config_file: [settings-1-0,1]
03-19 14:32:00.858 1549 1741 I input_interaction: Interaction with: b43c859 StatusBar (server), swipe-up (server), edge-swipe (server), PointerEventDispatcher0 (server),
03-19 14:32:00.858 2018 2018 I sysui_multi_action: [757,803,799,panel_open,802,1]
03-19 14:32:00.859 2018 2018 I sysui_multi_action: [757,1328,758,4,1326,70,1327,1,1329,0]
03-19 14:32:00.906 1549 4829 I sysui_multi_action: [757,127,758,1]
03-19 14:32:00.906 1549 4829 I sysui_multi_action: [757,804,799,note_load,801,2,802,1]
03-19 14:32:00.906 1549 4829 I notification_panel_revealed: 2
03-19 14:32:00.910 1549 1657 I input_focus: [Focus request 8e3e934 NotificationShade,reason=UpdateInputWindows]
03-19 14:32:00.914 1549 12818 I sysui_multi_action: [757,128,758,1,793,4768702,794,0,795,4768702,796,26,798,0,806,android,857,DEVELOPER_IMPORTANT,858,4,947,0,1395,2,1500,4768323,1688,1]
03-19 14:32:00.914 1549 12818 I sysui_multi_action: [757,804,799,note_freshness,801,4768702,802,1]
03-19 14:32:00.914 1549 12818 I notification_visibility: [-1|android|26|null|1000,1,4768702,4768702,0,0]
03-19 14:32:00.914 1549 12818 I sysui_multi_action: [757,128,758,1,793,4769498,794,0,795,4769498,796,32,798,1,806,android,857,USB,858,1,947,0,1395,2,1500,4769448,1688,1]
03-19 14:32:00.914 1549 12818 I sysui_multi_action: [757,804,799,note_freshness,801,4769498,802,1]
03-19 14:32:00.914 1549 12818 I notification_visibility: [-1|android|32|null|1000,1,4769498,4769498,0,1]
03-19 14:32:00.922 1549 1741 I input_focus: [Focus leaving ae5f2cf com.android.systemui/com.android.systemui.settings.brightness.BrightnessDialog (server),reason=setFocusedWindow]
03-19 14:32:00.922 1549 1741 I input_focus: [Focus entering 8e3e934 NotificationShade (server),reason=setFocusedWindow]
03-19 14:32:00.949 2018 2018 I sysui_multi_action: [757,111,758,1]
03-19 14:32:00.949 2018 2018 I sysui_multi_action: [757,126,758,1,759,126,927,0,928,1,1593,0]
03-19 14:32:00.949 2018 2018 I sysui_multi_action: [757,113,758,1,759,113,927,1,928,1,1593,0]
03-19 14:32:00.949 2018 2018 I sysui_multi_action: [757,0,758,1,759,0,927,2,928,0,1593,0]
03-19 14:32:00.949 2018 2018 I sysui_multi_action: [757,0,758,1,759,0,927,3,928,0,1593,0]
03-19 14:32:00.949 2018 2018 I sysui_multi_action: [757,491,758,1,759,491,927,4,928,0,1311,-1,1593,0]
03-19 14:32:00.949 2018 2018 I sysui_multi_action: [757,0,758,1,759,0,927,5,928,0,1593,0]
03-19 14:32:00.949 2018 2018 I sysui_multi_action: [757,122,758,1,759,122,927,6,928,1,1593,0]
03-19 14:32:00.949 2018 2018 I sysui_multi_action: [757,0,758,1,759,0,927,7,1593,0]
03-19 14:32:00.949 2018 2018 I sysui_multi_action: [757,111,758,1]
03-19 14:32:00.949 2018 2018 I sysui_multi_action: [757,126,758,1,759,126,927,0,928,1,1593,0]
03-19 14:32:00.949 2018 2018 I sysui_multi_action: [757,113,758,1,759,113,927,1,928,1,1593,0]
03-19 14:32:00.950 2018 2018 I sysui_multi_action: [757,0,758,1,759,0,927,2,928,0,1593,0]
03-19 14:32:00.950 2018 2018 I sysui_multi_action: [757,0,758,1,759,0,927,3,928,0,1593,0]
03-19 14:32:01.693 1549 1741 I input_interaction: Interaction with: 8e3e934 NotificationShade (server), swipe-up (server), edge-swipe (server), PointerEventDispatcher0 (server),
03-19 14:32:01.986 1549 1793 I GameModeConfig: isGameModeOn = false
03-19 14:32:01.987 1549 1793 I GameModeConfig: isGameModeOn = false
03-19 14:32:01.987 1549 1793 I GameModeConfig: isGameModeOn = false
03-19 14:32:01.987 1549 1793 I GameModeConfig: isGameModeOn = false
03-19 14:32:01.987 1549 1793 I GameModeConfig: isGameModeOn = false
03-19 14:32:01.987 1549 1793 I GameModeConfig: isGameModeOn = false
03-19 14:32:01.988 1549 1549 I notification_enqueue: [10078,2018,com.android.systemui,2048,NULL,0,Notification(channel=updateNotification shortcut=null contentView=null vibrate=null sound=null defaults=0x0 flags=0x0 color=0x00000000 vis=PRIVATE),1]
03-19 14:32:01.989 2018 2018 I sysui_multi_action: [757,111,758,2]
03-19 14:32:01.990 2018 2018 I sysui_multi_action: [757,111,758,2]
03-19 14:32:02.078 1549 1657 I input_focus: [Focus request ae5f2cf com.android.systemui/com.android.systemui.settings.brightness.BrightnessDialog,reason=UpdateInputWindows]
03-19 14:32:02.082 1549 4829 I sysui_multi_action: [757,128,758,2,793,4769869,794,1167,795,4769869,796,26,798,0,806,android,857,DEVELOPER_IMPORTANT,858,4,947,0,1395,2,1500,4769490,1688,1]
03-19 14:32:02.082 1549 4829 I notification_visibility: [-1|android|26|null|1000,0,4769869,4769869,0,0]
03-19 14:32:02.083 1549 4829 I sysui_multi_action: [757,128,758,2,793,4770666,794,1168,795,4770666,796,32,798,1,806,android,857,USB,858,1,947,0,1395,2,1500,4770616,1688,1]
03-19 14:32:02.083 1549 4829 I notification_visibility: [-1|android|32|null|1000,0,4770666,4770666,0,1]
03-19 14:32:02.083 1549 8360 I sysui_multi_action: [757,127,758,2]
03-19 14:32:02.084 1549 8360 I notification_panel_hidden:
03-19 14:32:02.109 1549 1741 I input_focus: [Focus leaving 8e3e934 NotificationShade (server),reason=NO_WINDOW]
03-19 14:32:02.109 1549 1741 I input_focus: [Focus entering ae5f2cf com.android.systemui/com.android.systemui.settings.brightness.BrightnessDialog (server),reason=setFocusedWindow]
03-19 14:32:02.190 1549 1549 I GameModeConfig: isGameModeOn = false
03-19 14:32:03.740 1549 1741 I input_interaction: Interaction with: ae5f2cf com.android.systemui/com.android.systemui.settings.brightness.BrightnessDialog (server), swipe-up (server), edge-swipe (server), PointerEventDispatcher0 (server),
01-01 09:19:44.591 0 0 E DTC_Display: screen not ready
03-19 14:32:04.120 1549 2118 I ntp_failure: [time.android.com/216.239.35.4,java.net.SocketTimeoutException: Poll timed out]
01-01 09:19:45.885 0 0 I msm_vidc: err : ffffffff: .....: DBLP Set: status 0
01-01 09:19:46.363 0 0 E DTC_ETH,link_delay_work_func: 3003, SQI=0, link=0
03-19 14:32:05.663 1549 8360 I wm_finish_activity: [0,161561517,120,com.android.systemui/.settings.brightness.BrightnessDialog,app-request]
03-19 14:32:05.664 1549 8360 I wm_task_moved: [118,1,10]
03-19 14:32:05.664 1549 8360 I wm_task_to_front: [0,118]
03-19 14:32:05.669 1549 8360 I wm_focused_root_task: [0,0,118,120,finish-top adjustFocusToNextFocusableTask]
03-19 14:32:05.681 1549 8360 I wm_pause_activity: [0,161561517,com.android.systemui/.settings.brightness.BrightnessDialog,userLeaving=false,finish]
03-19 14:32:05.686 1549 1657 I input_focus: [Focus request e3ad60b com.android.settings/com.android.settings.Settings,reason=UpdateInputWindows]
03-19 14:32:05.686 2018 2018 I wm_on_top_resumed_lost_called: [161561517,com.android.systemui.settings.brightness.BrightnessDialog,topStateChangedWhenResumed]
03-19 14:32:05.687 2018 2018 I wm_on_paused_called: [161561517,com.android.systemui.settings.brightness.BrightnessDialog,performPause]
03-19 14:32:05.688 1549 12818 I ActivityTaskManager: FOREGROUND_APPLICATION_CHANGED to com.android.settings.homepage.SettingsHomepageActivity
03-19 14:32:05.689 1549 12818 I wm_set_resumed_activity: [0,com.android.settings/.Settings,resumeTopActivityInnerLocked]
03-19 14:32:05.690 1549 12818 I wm_resume_activity: [0,17152677,118,com.android.settings/.Settings]
03-19 14:32:05.691 21017 21017 I wm_on_resume_called: [17152677,com.android.settings.Settings,RESUME_ACTIVITY]
03-19 14:32:05.693 21017 21017 I sysui_multi_action: [757,35,758,1,833,20,1089,0]
03-19 14:32:05.700 1549 1741 I input_focus: [Focus leaving ae5f2cf com.android.systemui/com.android.systemui.settings.brightness.BrightnessDialog (server),reason=NO_WINDOW]
03-19 14:32:05.701 21017 21017 I sysui_multi_action: [757,46,758,1,833,265,1089,0]
03-19 14:32:05.703 1549 1741 I input_focus: [Focus entering e3ad60b com.android.settings/com.android.settings.Settings (server),reason=setFocusedWindow]
03-19 14:32:05.709 1549 1656 I sysui_multi_action: [757,803,799,window_time_0,802,6]
03-19 14:32:05.715 21017 21017 I wm_on_top_resumed_gained_called: [17152677,com.android.settings.Settings,topWhenResuming]
03-19 14:32:05.764 1549 4829 I wm_destroy_activity: [0,161561517,120,com.android.systemui/.settings.brightness.BrightnessDialog,finish-idle]
03-19 14:32:05.769 2018 2018 I sysui_multi_action: [757,220,758,2]
03-19 14:32:05.769 2018 2018 I wm_on_stop_called: [161561517,com.android.systemui.settings.brightness.BrightnessDialog,LIFECYCLER_STOP_ACTIVITY]
03-19 14:32:05.769 2018 2018 I wm_on_destroy_called: [161561517,com.android.systemui.settings.brightness.BrightnessDialog,performDestroy]
03-19 14:32:05.788 1549 1667 I am_pss : [13158,10094,com.tencent.android.qqdownloader,135615488,111349760,0,259682304,0,4,14]
03-19 14:32:05.792 1549 4829 W FreeFormWindowHelper: Current Display FreeFormTask is null
03-19 14:32:05.801 1549 1667 I am_pss : [18341,10093,com.yibasan.lizhifm:player,44783616,18100224,0,171646976,0,4,9]
03-19 14:32:05.808 1549 1667 I am_pss : [13159,10094,com.tencent.android.qqdownloader:cloud,29037568,18927616,0,111591424,0,4,7]
03-19 14:32:05.963 1549 1657 I wm_task_removed: [120,removeChild:removeChild last r=ActivityRecord{9a13bad u0 com.android.systemui/.settings.brightness.BrightnessDialog t-1 f}} in t=Task{830a0e1 #120 type=standard A=10078:com.android.systemui U=0 visible=false mode=fullscreen translucent=true sz=0}]
03-19 14:32:05.964 1549 1657 I wm_task_removed: [120,removeChild]
03-19 14:32:05.966 1549 1657 W ActivityTaskManager: Can't find TaskDisplayArea to determine support for multi window. Task id=120 attached=false
03-19 14:32:05.966 1549 1657 W ActivityTaskManager: Can't find TaskDisplayArea to determine support for multi window. Task id=120 attached=false
03-19 14:32:06.508 1549 1741 I input_interaction: Interaction with: b43c859 StatusBar (server), swipe-up (server), edge-swipe (server), PointerEventDispatcher0 (server),
03-19 14:32:06.512 2018 2018 I sysui_multi_action: [757,803,799,panel_open,802,1]
03-19 14:32:06.514 2018 2018 I sysui_multi_action: [757,1328,758,4,1326,70,1327,0,1329,0]
03-19 14:32:06.638 1549 4829 I sysui_multi_action: [757,127,758,1]
03-19 14:32:06.638 1549 4829 I sysui_multi_action: [757,804,799,note_load,801,2,802,1]
03-19 14:32:06.638 1549 4829 I notification_panel_revealed: 2
03-19 14:32:06.654 1549 1657 I input_focus: [Focus request 8e3e934 NotificationShade,reason=UpdateInputWindows]
03-19 14:32:06.665 1549 4829 I sysui_multi_action: [757,128,758,1,793,4774453,794,0,795,4774453,796,26,798,0,806,android,857,DEVELOPER_IMPORTANT,858,4,947,0,1395,2,1500,4774074,1688,1]
03-19 14:32:06.665 1549 4829 I sysui_multi_action: [757,804,799,note_freshness,801,4774453,802,1]
03-19 14:32:06.666 1549 4829 I notification_visibility: [-1|android|26|null|1000,1,4774453,4774453,0,0]
03-19 14:32:06.666 1549 4829 I sysui_multi_action: [757,128,758,1,793,4775250,794,0,795,4775250,796,32,798,1,806,android,857,USB,858,1,947,0,1395,2,1500,4775200,1688,1]
03-19 14:32:06.666 1549 4829 I sysui_multi_action: [757,804,799,note_freshness,801,4775250,802,1]
03-19 14:32:06.666 1549 4829 I notification_visibility: [-1|android|32|null|1000,1,4775250,4775250,0,1]
03-19 14:32:06.690 1549 1741 I input_focus: [Focus leaving e3ad60b com.android.settings/com.android.settings.Settings (server),reason=setFocusedWindow]
03-19 14:32:06.690 1549 1741 I input_focus: [Focus entering 8e3e934 NotificationShade (server),reason=setFocusedWindow]
03-19 14:32:06.746 2018 2018 I sysui_multi_action: [757,111,758,1]
03-19 14:32:06.747 2018 2018 I sysui_multi_action: [757,126,758,1,759,126,927,0,928,1,1593,0]
03-19 14:32:06.747 2018 2018 I sysui_multi_action: [757,113,758,1,759,113,927,1,928,1,1593,0]
03-19 14:32:06.747 2018 2018 I sysui_multi_action: [757,0,758,1,759,0,927,2,928,0,1593,0]
03-19 14:32:06.747 2018 2018 I sysui_multi_action: [757,0,758,1,759,0,927,3,928,0,1593,0]
