11-11 03:39:26.844 I/auditd ( 1950): type=1400 audit(0.0:1644699358): avc: denied { read } for comm="event_loop" lport=13400 scontext=u:r:hht_ota_mgr:s0 tcontext=u:r:hht_ota_mgr:s0 tclass=udp_socket permissive=0
11-11 03:39:26.848 I/auditd ( 1950): type=1400 audit(0.0:1644699359): avc: denied { read } for comm="event_loop" lport=13400 scontext=u:r:hht_ota_mgr:s0 tcontext=u:r:hht_ota_mgr:s0 tclass=udp_socket permissive=0
11-11 03:39:26.848 I/auditd ( 1950): type=1400 audit(0.0:1644699360): avc: denied { read } for comm="event_loop" lport=13400 scontext=u:r:hht_ota_mgr:s0 tcontext=u:r:hht_ota_mgr:s0 tclass=udp_socket permissive=0
11-11 03:39:26.848 I/auditd ( 1950): type=1400 audit(0.0:1644699361): avc: denied { read } for comm="event_loop" lport=13400 scontext=u:r:hht_ota_mgr:s0 tcontext=u:r:hht_ota_mgr:s0 tclass=udp_socket permissive=0
11-11 03:39:26.848 I/auditd ( 1950): type=1400 audit(0.0:1644699362): avc: denied { read } for comm="event_loop" lport=13400 scontext=u:r:hht_ota_mgr:s0 tcontext=u:r:hht_ota_mgr:s0 tclass=udp_socket permissive=0
11-11 03:39:27.852 I/auditd ( 1950): type=1400 audit(0.0:1644967733): avc: denied { read } for comm="event_loop" lport=13400 scontext=u:r:hht_ota_mgr:s0 tcontext=u:r:hht_ota_mgr:s0 tclass=udp_socket permissive=0
11-11 03:39:27.852 I/auditd ( 1950): type=1400 audit(0.0:1644967734): avc: denied { read } for comm="event_loop" lport=13400 scontext=u:r:hht_ota_mgr:s0 tcontext=u:r:hht_ota_mgr:s0 tclass=udp_socket permissive=0
11-11 03:39:27.852 I/auditd ( 1950): type=1400 audit(0.0:1644967735): avc: denied { read } for comm="event_loop" lport=13400 scontext=u:r:hht_ota_mgr:s0 tcontext=u:r:hht_ota_mgr:s0 tclass=udp_socket permissive=0
11-11 03:39:27.852 I/auditd ( 1950): type=1400 audit(0.0:1644967736): avc: denied { read } for comm="event_loop" lport=13400 scontext=u:r:hht_ota_mgr:s0 tcontext=u:r:hht_ota_mgr:s0 tclass=udp_socket permissive=0
11-11 03:39:27.852 I/auditd ( 1950): type=1400 audit(0.0:1644967737): avc: denied { read } for comm="event_loop" lport=13400 scontext=u:r:hht_ota_mgr:s0 tcontext=u:r:hht_ota_mgr:s0 tclass=udp_socket permissive=0
11-11 03:39:28.852 I/auditd ( 1950): type=1400 audit(0.0:1645236053): avc: denied { read } for comm="event_loop" lport=13400 scontext=u:r:hht_ota_mgr:s0 tcontext=u:r:hht_ota_mgr:s0 tclass=udp_socket permissive=0
11-11 03:39:28.856 I/auditd ( 1950): type=1400 audit(0.0:1645236054): avc: denied { read } for comm="event_loop" lport=13400 scontext=u:r:hht_ota_mgr:s0 tcontext=u:r:hht_ota_mgr:s0 tclass=udp_socket permissive=0
11-11 03:39:28.856 I/auditd ( 1950): type=1400 audit(0.0:1645236055): avc: denied { read } for comm="event_loop" lport=13400 scontext=u:r:hht_ota_mgr:s0 tcontext=u:r:hht_ota_mgr:s0 tclass=udp_socket permissive=0
11-11 03:39:28.856 I/auditd ( 1950): type=1400 audit(0.0:1645236056): avc: denied { read } for comm="event_loop" lport=13400 scontext=u:r:hht_ota_mgr:s0 tcontext=u:r:hht_ota_mgr:s0 tclass=udp_socket permissive=0
11-11 03:39:28.856 I/auditd ( 1950): type=1400 audit(0.0:1645236057): avc: denied { read } for comm="event_loop" lport=13400 scontext=u:r:hht_ota_mgr:s0 tcontext=u:r:hht_ota_mgr:s0 tclass=udp_socket permissive=0
11-11 03:39:29.860 I/auditd ( 1950): type=1400 audit(0.0:1645504079): avc: denied { read } for comm="event_loop" lport=13400 scontext=u:r:hht_ota_mgr:s0 tcontext=u:r:hht_ota_mgr:s0 tclass=udp_socket permissive=0
11-11 03:39:29.860 I/auditd ( 1950): type=1400 audit(0.0:1645504080): avc: denied { read } for comm="event_loop" lport=13400 scontext=u:r:hht_ota_mgr:s0 tcontext=u:r:hht_ota_mgr:s0 tclass=udp_socket permissive=0
11-11 03:39:29.860 I/auditd ( 1950): type=1400 audit(0.0:1645504081): avc: denied { read } for comm="event_loop" lport=13400 scontext=u:r:hht_ota_mgr:s0 tcontext=u:r:hht_ota_mgr:s0 tclass=udp_socket permissive=0
11-11 03:39:29.860 I/auditd ( 1950): type=1400 audit(0.0:1645504082): avc: denied { read } for comm="event_loop" lport=13400 scontext=u:r:hht_ota_mgr:s0 tcontext=u:r:hht_ota_mgr:s0 tclass=udp_socket permissive=0
11-11 03:39:29.860 I/auditd ( 1950): type=1400 audit(0.0:1645504083): avc: denied { read } for comm="event_loop" lport=13400 scontext=u:r:hht_ota_mgr:s0 tcontext=u:r:hht_ota_mgr:s0 tclass=udp_socket permissive=0
11-11 03:39:30.864 I/auditd ( 1950): type=1400 audit(0.0:1645772711): avc: denied { read } for comm="event_loop" lport=13400 scontext=u:r:hht_ota_mgr:s0 tcontext=u:r:hht_ota_mgr:s0 tclass=udp_socket permissive=0
11-11 03:39:30.864 I/auditd ( 1950): type=1400 audit(0.0:1645772712): avc: denied { read } for comm="event_loop" lport=13400 scontext=u:r:hht_ota_mgr:s0 tcontext=u:r:hht_ota_mgr:s0 tclass=udp_socket permissive=0
11-11 03:39:30.864 I/auditd ( 1950): type=1400 audit(0.0:1645772713): avc: denied { read } for comm="event_loop" lport=13400 scontext=u:r:hht_ota_mgr:s0 tcontext=u:r:hht_ota_mgr:s0 tclass=udp_socket permissive=0
11-11 03:39:30.864 I/auditd ( 1950): type=1400 audit(0.0:1645772714): avc: denied { read } for comm="event_loop" lport=13400 scontext=u:r:hht_ota_mgr:s0 tcontext=u:r:hht_ota_mgr:s0 tclass=udp_socket permissive=0
11-11 03:39:30.864 I/auditd ( 1950): type=1400 audit(0.0:1645772715): avc: denied { read } for comm="event_loop" lport=13400 scontext=u:r:hht_ota_mgr:s0 tcontext=u:r:hht_ota_mgr:s0 tclass=udp_socket permissive=0
11-11 03:39:31.864 I/auditd ( 1950): type=1400 audit(0.0:1646041059): avc: denied { read } for comm="event_loop" lport=13400 scontext=u:r:hht_ota_mgr:s0 tcontext=u:r:hht_ota_mgr:s0 tclass=udp_socket permissive=0
11-11 03:39:31.868 I/auditd ( 1950): type=1400 audit(0.0:1646041060): avc: denied { read } for comm="event_loop" lport=13400 scontext=u:r:hht_ota_mgr:s0 tcontext=u:r:hht_ota_mgr:s0 tclass=udp_socket permissive=0
11-11 03:39:31.868 I/auditd ( 1950): type=1400 audit(0.0:1646041061): avc: denied { read } for comm="event_loop" lport=13400 scontext=u:r:hht_ota_mgr:s0 tcontext=u:r:hht_ota_mgr:s0 tclass=udp_socket permissive=0
11-11 03:39:31.868 I/auditd ( 1950): type=1400 audit(0.0:1646041062): avc: denied { read } for comm="event_loop" lport=13400 scontext=u:r:hht_ota_mgr:s0 tcontext=u:r:hht_ota_mgr:s0 tclass=udp_socket permissive=0
11-11 03:39:31.868 I/auditd ( 1950): type=1400 audit(0.0:1646041063): avc: denied { read } for comm="event_loop" lport=13400 scontext=u:r:hht_ota_mgr:s0 tcontext=u:r:hht_ota_mgr:s0 tclass=udp_socket permissive=0
11-11 03:39:32.872 I/auditd ( 1950): type=1400 audit(0.0:1646309576): avc: denied { read } for comm="event_loop" lport=13400 scontext=u:r:hht_ota_mgr:s0 tcontext=u:r:hht_ota_mgr:s0 tclass=udp_socket permissive=0
11-11 03:39:32.872 I/auditd ( 1950): type=1400 audit(0.0:1646309577): avc: denied { read } for comm="event_loop" lport=13400 scontext=u:r:hht_ota_mgr:s0 tcontext=u:r:hht_ota_mgr:s0 tclass=udp_socket permissive=0
11-11 03:39:32.872 I/auditd ( 1950): type=1400 audit(0.0:1646309578): avc: denied { read } for comm="event_loop" lport=13400 scontext=u:r:hht_ota_mgr:s0 tcontext=u:r:hht_ota_mgr:s0 tclass=udp_socket permissive=0
11-11 03:39:32.872 I/auditd ( 1950): type=1400 audit(0.0:1646309579): avc: denied { read } for comm="event_loop" lport=13400 scontext=u:r:hht_ota_mgr:s0 tcontext=u:r:hht_ota_mgr:s0 tclass=udp_socket permissive=0
11-11 03:39:32.872 I/auditd ( 1950): type=1400 audit(0.0:1646309580): avc: denied { read } for comm="event_loop" lport=13400 scontext=u:r:hht_ota_mgr:s0 tcontext=u:r:hht_ota_mgr:s0 tclass=udp_socket permissive=0
11-11 03:39:33.872 I/auditd ( 1950): type=1400 audit(0.0:1646577204): avc: denied { read } for comm="event_loop" lport=13400 scontext=u:r:hht_ota_mgr:s0 tcontext=u:r:hht_ota_mgr:s0 tclass=udp_socket permissive=0
11-11 03:39:33.876 I/auditd ( 1950): type=1400 audit(0.0:1646577205): avc: denied { read } for comm="event_loop" lport=13400 scontext=u:r:hht_ota_mgr:s0 tcontext=u:r:hht_ota_mgr:s0 tclass=udp_socket permissive=0
11-11 03:39:33.876 I/auditd ( 1950): type=1400 audit(0.0:1646577206): avc: denied { read } for comm="event_loop" lport=13400 scontext=u:r:hht_ota_mgr:s0 tcontext=u:r:hht_ota_mgr:s0 tclass=udp_socket permissive=0
11-11 03:39:33.876 I/auditd ( 1950): type=1400 audit(0.0:1646577207): avc: denied { read } for comm="event_loop" lport=13400 scontext=u:r:hht_ota_mgr:s0 tcontext=u:r:hht_ota_mgr:s0 tclass=udp_socket permissive=0
11-11 03:39:33.876 I/auditd ( 1950): type=1400 audit(0.0:1646577208): avc: denied { read } for comm="event_loop" lport=13400 scontext=u:r:hht_ota_mgr:s0 tcontext=u:r:hht_ota_mgr:s0 tclass=udp_socket permissive=0
11-11 03:39:34.876 I/auditd ( 1950): type=1400 audit(0.0:1646845664): avc: denied { read } for comm="event_loop" lport=13400 scontext=u:r:hht_ota_mgr:s0 tcontext=u:r:hht_ota_mgr:s0 tclass=udp_socket permissive=0
11-11 03:39:34.880 I/auditd ( 1950): type=1400 audit(0.0:1646845665): avc: denied { read } for comm="event_loop" lport=13400 scontext=u:r:hht_ota_mgr:s0 tcontext=u:r:hht_ota_mgr:s0 tclass=udp_socket permissive=0
11-11 03:39:34.880 I/auditd ( 1950): type=1400 audit(0.0:1646845666): avc: denied { read } for comm="event_loop" lport=13400 scontext=u:r:hht_ota_mgr:s0 tcontext=u:r:hht_ota_mgr:s0 tclass=udp_socket permissive=0
11-11 03:39:34.880 I/auditd ( 1950): type=1400 audit(0.0:1646845667): avc: denied { read } for comm="event_loop" lport=13400 scontext=u:r:hht_ota_mgr:s0 tcontext=u:r:hht_ota_mgr:s0 tclass=udp_socket permissive=0
11-11 03:39:34.880 I/auditd ( 1950): type=1400 audit(0.0:1646845668): avc: denied { read } for comm="event_loop" lport=13400 scontext=u:r:hht_ota_mgr:s0 tcontext=u:r:hht_ota_mgr:s0 tclass=udp_socket permissive=0
11-11 03:39:35.880 I/auditd ( 1950): type=1400 audit(0.0:1647113473): avc: denied { read } for comm="event_loop" lport=13400 scontext=u:r:hht_ota_mgr:s0 tcontext=u:r:hht_ota_mgr:s0 tclass=udp_socket permissive=0
11-11 03:39:35.884 I/auditd ( 1950): type=1400 audit(0.0:1647113474): avc: denied { read } for comm="event_loop" lport=13400 scontext=u:r:hht_ota_mgr:s0 tcontext=u:r:hht_ota_mgr:s0 tclass=udp_socket permissive=0
11-11 03:39:35.884 I/auditd ( 1950): type=1400 audit(0.0:1647113475): avc: denied { read } for comm="event_loop" lport=13400 scontext=u:r:hht_ota_mgr:s0 tcontext=u:r:hht_ota_mgr:s0 tclass=udp_socket permissive=0
11-11 03:39:35.884 I/auditd ( 1950): type=1400 audit(0.0:1647113476): avc: denied { read } for comm="event_loop" lport=13400 scontext=u:r:hht_ota_mgr:s0 tcontext=u:r:hht_ota_mgr:s0 tclass=udp_socket permissive=0
11-11 03:39:35.884 I/auditd ( 1950): type=1400 audit(0.0:1647113477): avc: denied { read } for comm="event_loop" lport=13400 scontext=u:r:hht_ota_mgr:s0 tcontext=u:r:hht_ota_mgr:s0 tclass=udp_socket permissive=0
11-11 03:39:36.888 I/auditd ( 1950): type=1400 audit(0.0:1647382392): avc: denied { read } for comm="event_loop" lport=13400 scontext=u:r:hht_ota_mgr:s0 tcontext=u:r:hht_ota_mgr:s0 tclass=udp_socket permissive=0
11-11 03:39:36.888 I/auditd ( 1950): type=1400 audit(0.0:1647382393): avc: denied { read } for comm="event_loop" lport=13400 scontext=u:r:hht_ota_mgr:s0 tcontext=u:r:hht_ota_mgr:s0 tclass=udp_socket permissive=0
11-11 03:39:36.888 I/auditd ( 1950): type=1400 audit(0.0:1647382394): avc: denied { read } for comm="event_loop" lport=13400 scontext=u:r:hht_ota_mgr:s0 tcontext=u:r:hht_ota_mgr:s0 tclass=udp_socket permissive=0
11-11 03:39:36.888 I/auditd ( 1950): type=1400 audit(0.0:1647382395): avc: denied { read } for comm="event_loop" lport=13400 scontext=u:r:hht_ota_mgr:s0 tcontext=u:r:hht_ota_mgr:s0 tclass=udp_socket permissive=0
11-11 03:39:36.888 I/auditd ( 1950): type=1400 audit(0.0:1647382396): avc: denied { read } for comm="event_loop" lport=13400 scontext=u:r:hht_ota_mgr:s0 tcontext=u:r:hht_ota_mgr:s0 tclass=udp_socket permissive=0
11-11 03:39:37.892 I/auditd ( 1950): type=1400 audit(0.0:1647650702): avc: denied { read } for comm="event_loop" lport=13400 scontext=u:r:hht_ota_mgr:s0 tcontext=u:r:hht_ota_mgr:s0 tclass=udp_socket permissive=0
11-11 03:39:37.892 I/auditd ( 1950): type=1400 audit(0.0:1647650703): avc: denied { read } for comm="event_loop" lport=13400 scontext=u:r:hht_ota_mgr:s0 tcontext=u:r:hht_ota_mgr:s0 tclass=udp_socket permissive=0
11-11 03:39:37.892 I/auditd ( 1950): type=1400 audit(0.0:1647650704): avc: denied { read } for comm="event_loop" lport=13400 scontext=u:r:hht_ota_mgr:s0 tcontext=u:r:hht_ota_mgr:s0 tclass=udp_socket permissive=0
11-11 03:39:37.892 I/auditd ( 1950): type=1400 audit(0.0:1647650705): avc: denied { read } for comm="event_loop" lport=13400 scontext=u:r:hht_ota_mgr:s0 tcontext=u:r:hht_ota_mgr:s0 tclass=udp_socket permissive=0
11-11 03:39:37.892 I/auditd ( 1950): type=1400 audit(0.0:1647650706): avc: denied { read } for comm="event_loop" lport=13400 scontext=u:r:hht_ota_mgr:s0 tcontext=u:r:hht_ota_mgr:s0 tclass=udp_socket permissive=0
11-11 03:39:38.892 I/auditd ( 1950): type=1400 audit(0.0:1647919832): avc: denied { read } for comm="event_loop" lport=13400 scontext=u:r:hht_ota_mgr:s0 tcontext=u:r:hht_ota_mgr:s0 tclass=udp_socket permissive=0
11-11 03:39:38.896 I/auditd ( 1950): type=1400 audit(0.0:1647919833): avc: denied { read } for comm="event_loop" lport=13400 scontext=u:r:hht_ota_mgr:s0 tcontext=u:r:hht_ota_mgr:s0 tclass=udp_socket permissive=0
11-11 03:39:38.896 I/auditd ( 1950): type=1400 audit(0.0:1647919834): avc: denied { read } for comm="event_loop" lport=13400 scontext=u:r:hht_ota_mgr:s0 tcontext=u:r:hht_ota_mgr:s0 tclass=udp_socket permissive=0
11-11 03:39:38.896 I/auditd ( 1950): type=1400 audit(0.0:1647919835): avc: denied { read } for comm="event_loop" lport=13400 scontext=u:r:hht_ota_mgr:s0 tcontext=u:r:hht_ota_mgr:s0 tclass=udp_socket permissive=0
11-11 03:39:38.896 I/auditd ( 1950): type=1400 audit(0.0:1647919836): avc: denied { read } for comm="event_loop" lport=13400 scontext=u:r:hht_ota_mgr:s0 tcontext=u:r:hht_ota_mgr:s0 tclass=udp_socket permissive=0
11-11 03:39:39.896 I/auditd ( 1950): type=1400 audit(0.0:1648187797): avc: denied { read } for comm="event_loop" lport=13400 scontext=u:r:hht_ota_mgr:s0 tcontext=u:r:hht_ota_mgr:s0 tclass=udp_socket permissive=0
11-11 03:39:39.900 I/auditd ( 1950): type=1400 audit(0.0:1648187798): avc: denied { read } for comm="event_loop" lport=13400 scontext=u:r:hht_ota_mgr:s0 tcontext=u:r:hht_ota_mgr:s0 tclass=udp_socket permissive=0
11-11 03:39:39.900 I/auditd ( 1950): type=1400 audit(0.0:1648187799): avc: denied { read } for comm="event_loop" lport=13400 scontext=u:r:hht_ota_mgr:s0 tcontext=u:r:hht_ota_mgr:s0 tclass=udp_socket permissive=0
11-11 03:39:39.900 I/auditd ( 1950): type=1400 audit(0.0:1648187800): avc: denied { read } for comm="event_loop" lport=13400 scontext=u:r:hht_ota_mgr:s0 tcontext=u:r:hht_ota_mgr:s0 tclass=udp_socket permissive=0
11-11 03:39:39.900 I/auditd ( 1950): type=1400 audit(0.0:1648187801): avc: denied { read } for comm="event_loop" lport=13400 scontext=u:r:hht_ota_mgr:s0 tcontext=u:r:hht_ota_mgr:s0 tclass=udp_socket permissive=0
11-11 03:39:40.904 I/auditd ( 1950): type=1400 audit(0.0:1648456384): avc: denied { read } for comm="event_loop" lport=13400 scontext=u:r:hht_ota_mgr:s0 tcontext=u:r:hht_ota_mgr:s0 tclass=udp_socket permissive=0
11-11 03:39:40.904 I/auditd ( 1950): type=1400 audit(0.0:1648456385): avc: denied { read } for comm="event_loop" lport=13400 scontext=u:r:hht_ota_mgr:s0 tcontext=u:r:hht_ota_mgr:s0 tclass=udp_socket permissive=0
11-11 03:39:40.904 I/auditd ( 1950): type=1400 audit(0.0:1648456386): avc: denied { read } for comm="event_loop" lport=13400 scontext=u:r:hht_ota_mgr:s0 tcontext=u:r:hht_ota_mgr:s0 tclass=udp_socket permissive=0
11-11 03:39:40.904 I/auditd ( 1950): type=1400 audit(0.0:1648456387): avc: denied { read } for comm="event_loop" lport=13400 scontext=u:r:hht_ota_mgr:s0 tcontext=u:r:hht_ota_mgr:s0 tclass=udp_socket permissive=0
11-11 03:39:40.904 I/auditd ( 1950): type=1400 audit(0.0:1648456388): avc: denied { read } for comm="event_loop" lport=13400 scontext=u:r:hht_ota_mgr:s0 tcontext=u:r:hht_ota_mgr:s0 tclass=udp_socket permissive=0
11-11 03:39:41.904 I/auditd ( 1950): type=1400 audit(0.0:1648724810): avc: denied { read } for comm="event_loop" lport=13400 scontext=u:r:hht_ota_mgr:s0 tcontext=u:r:hht_ota_mgr:s0 tclass=udp_socket permissive=0
11-11 03:39:41.908 I/auditd ( 1950): type=1400 audit(0.0:1648724811): avc: denied { read } for comm="event_loop" lport=13400 scontext=u:r:hht_ota_mgr:s0 tcontext=u:r:hht_ota_mgr:s0 tclass=udp_socket permissive=0
11-11 03:39:41.908 I/auditd ( 1950): type=1400 audit(0.0:1648724812): avc: denied { read } for comm="event_loop" lport=13400 scontext=u:r:hht_ota_mgr:s0 tcontext=u:r:hht_ota_mgr:s0 tclass=udp_socket permissive=0
11-11 03:39:41.908 I/auditd ( 1950): type=1400 audit(0.0:1648724813): avc: denied { read } for comm="event_loop" lport=13400 scontext=u:r:hht_ota_mgr:s0 tcontext=u:r:hht_ota_mgr:s0 tclass=udp_socket permissive=0
11-11 03:39:41.908 I/auditd ( 1950): type=1400 audit(0.0:1648724814): avc: denied { read } for comm="event_loop" lport=13400 scontext=u:r:hht_ota_mgr:s0 tcontext=u:r:hht_ota_mgr:s0 tclass=udp_socket permissive=0
11-11 03:39:42.912 I/auditd ( 1950): type=1400 audit(0.0:1648993794): avc: denied { read } for comm="event_loop" lport=13400 scontext=u:r:hht_ota_mgr:s0 tcontext=u:r:hht_ota_mgr:s0 tclass=udp_socket permissive=0
11-11 03:39:42.912 I/auditd ( 1950): type=1400 audit(0.0:1648993795): avc: denied { read } for comm="event_loop" lport=13400 scontext=u:r:hht_ota_mgr:s0 tcontext=u:r:hht_ota_mgr:s0 tclass=udp_socket permissive=0
11-11 03:39:42.912 I/auditd ( 1950): type=1400 audit(0.0:1648993796): avc: denied { read } for comm="event_loop" lport=13400 scontext=u:r:hht_ota_mgr:s0 tcontext=u:r:hht_ota_mgr:s0 tclass=udp_socket permissive=0
11-11 03:39:42.912 I/auditd ( 1950): type=1400 audit(0.0:1648993797): avc: denied { read } for comm="event_loop" lport=13400 scontext=u:r:hht_ota_mgr:s0 tcontext=u:r:hht_ota_mgr:s0 tclass=udp_socket permissive=0
11-11 03:39:42.912 I/auditd ( 1950): type=1400 audit(0.0:1648993798): avc: denied { read } for comm="event_loop" lport=13400 scontext=u:r:hht_ota_mgr:s0 tcontext=u:r:hht_ota_mgr:s0 tclass=udp_socket permissive=0
11-11 03:39:43.916 I/auditd ( 1950): type=1400 audit(0.0:1649261770): avc: denied { read } for comm="event_loop" lport=13400 scontext=u:r:hht_ota_mgr:s0 tcontext=u:r:hht_ota_mgr:s0 tclass=udp_socket permissive=0
11-11 03:39:43.916 I/auditd ( 1950): type=1400 audit(0.0:1649261771): avc: denied { read } for comm="event_loop" lport=13400 scontext=u:r:hht_ota_mgr:s0 tcontext=u:r:hht_ota_mgr:s0 tclass=udp_socket permissive=0
11-11 03:39:43.916 I/auditd ( 1950): type=1400 audit(0.0:1649261772): avc: denied { read } for comm="event_loop" lport=13400 scontext=u:r:hht_ota_mgr:s0 tcontext=u:r:hht_ota_mgr:s0 tclass=udp_socket permissive=0
11-11 03:39:43.916 I/auditd ( 1950): type=1400 audit(0.0:1649261773): avc: denied { read } for comm="event_loop" lport=13400 scontext=u:r:hht_ota_mgr:s0 tcontext=u:r:hht_ota_mgr:s0 tclass=udp_socket permissive=0
11-11 03:39:43.916 I/auditd ( 1950): type=1400 audit(0.0:1649261774): avc: denied { read } for comm="event_loop" lport=13400 scontext=u:r:hht_ota_mgr:s0 tcontext=u:r:hht_ota_mgr:s0 tclass=udp_socket permissive=0
11-11 03:39:44.920 I/auditd ( 1950): type=1400 audit(0.0:1649530502): avc: denied { read } for comm="event_loop" lport=13400 scontext=u:r:hht_ota_mgr:s0 tcontext=u:r:hht_ota_mgr:s0 tclass=udp_socket permissive=0
11-11 03:39:44.920 I/auditd ( 1950): type=1400 audit(0.0:1649530503): avc: denied { read } for comm="event_loop" lport=13400 scontext=u:r:hht_ota_mgr:s0 tcontext=u:r:hht_ota_mgr:s0 tclass=udp_socket permissive=0
11-11 03:39:44.920 I/auditd ( 1950): type=1400 audit(0.0:1649530504): avc: denied { read } for comm="event_loop" lport=13400 scontext=u:r:hht_ota_mgr:s0 tcontext=u:r:hht_ota_mgr:s0 tclass=udp_socket permissive=0
11-11 03:39:44.920 I/auditd ( 1950): type=1400 audit(0.0:1649530505): avc: denied { read } for comm="event_loop" lport=13400 scontext=u:r:hht_ota_mgr:s0 tcontext=u:r:hht_ota_mgr:s0 tclass=udp_socket permissive=0
11-11 03:39:44.920 I/auditd ( 1950): type=1400 audit(0.0:1649530506): avc: denied { read } for comm="event_loop" lport=13400 scontext=u:r:hht_ota_mgr:s0 tcontext=u:r:hht_ota_mgr:s0 tclass=udp_socket permissive=0
11-11 03:39:45.924 I/auditd ( 1950): type=1400 audit(0.0:1649798704): avc: denied { read } for comm="event_loop" lport=13400 scontext=u:r:hht_ota_mgr:s0 tcontext=u:r:hht_ota_mgr:s0 tclass=udp_socket permissive=0
11-11 03:39:45.924 I/auditd ( 1950): type=1400 audit(0.0:1649798705): avc: denied { read } for comm="event_loop" lport=13400 scontext=u:r:hht_ota_mgr:s0 tcontext=u:r:hht_ota_mgr:s0 tclass=udp_socket permissive=0
11-11 03:39:45.924 I/auditd ( 1950): type=1400 audit(0.0:1649798706): avc: denied { read } for comm="event_loop" lport=13400 scontext=u:r:hht_ota_mgr:s0 tcontext=u:r:hht_ota_mgr:s0 tclass=udp_socket permissive=0
11-11 03:39:45.924 I/auditd ( 1950): type=1400 audit(0.0:1649798707): avc: denied { read } for comm="event_loop" lport=13400 scontext=u:r:hht_ota_mgr:s0 tcontext=u:r:hht_ota_mgr:s0 tclass=udp_socket permissive=0
11-11 03:39:45.924 I/auditd ( 1950): type=1400 audit(0.0:1649798708): avc: denied { read } for comm="event_loop" lport=13400 scontext=u:r:hht_ota_mgr:s0 tcontext=u:r:hht_ota_mgr:s0 tclass=udp_socket permissive=0
11-11 03:39:46.928 I/auditd ( 1950): type=1400 audit(0.0:1650067591): avc: denied { read } for comm="event_loop" lport=13400 scontext=u:r:hht_ota_mgr:s0 tcontext=u:r:hht_ota_mgr:s0 tclass=udp_socket permissive=0
11-11 03:39:46.928 I/auditd ( 1950): type=1400 audit(0.0:1650067592): avc: denied { read } for comm="event_loop" lport=13400 scontext=u:r:hht_ota_mgr:s0 tcontext=u:r:hht_ota_mgr:s0 tclass=udp_socket permissive=0
11-11 03:39:46.928 I/auditd ( 1950): type=1400 audit(0.0:1650067593): avc: denied { read } for comm="event_loop" lport=13400 scontext=u:r:hht_ota_mgr:s0 tcontext=u:r:hht_ota_mgr:s0 tclass=udp_socket permissive=0
11-11 03:39:46.928 I/auditd ( 1950): type=1400 audit(0.0:1650067594): avc: denied { read } for comm="event_loop" lport=13400 scontext=u:r:hht_ota_mgr:s0 tcontext=u:r:hht_ota_mgr:s0 tclass=udp_socket permissive=0
11-11 03:39:46.928 I/auditd ( 1950): type=1400 audit(0.0:1650067595): avc: denied { read } for comm="event_loop" lport=13400 scontext=u:r:hht_ota_mgr:s0 tcontext=u:r:hht_ota_mgr:s0 tclass=udp_socket permissive=0
11-11 03:39:47.928 I/auditd ( 1950): type=1400 audit(0.0:1650335763): avc: denied { read } for comm="event_loop" lport=13400 scontext=u:r:hht_ota_mgr:s0 tcontext=u:r:hht_ota_mgr:s0 tclass=udp_socket permissive=0
11-11 03:39:47.932 I/auditd ( 1950): type=1400 audit(0.0:1650335764): avc: denied { read } for comm="event_loop" lport=13400 scontext=u:r:hht_ota_mgr:s0 tcontext=u:r:hht_ota_mgr:s0 tclass=udp_socket permissive=0
11-11 03:39:47.932 I/auditd ( 1950): type=1400 audit(0.0:1650335765): avc: denied { read } for comm="event_loop" lport=13400 scontext=u:r:hht_ota_mgr:s0 tcontext=u:r:hht_ota_mgr:s0 tclass=udp_socket permissive=0
11-11 03:39:47.932 I/auditd ( 1950): type=1400 audit(0.0:1650335766): avc: denied { read } for comm="event_loop" lport=13400 scontext=u:r:hht_ota_mgr:s0 tcontext=u:r:hht_ota_mgr:s0 tclass=udp_socket permissive=0
11-11 03:39:47.932 I/auditd ( 1950): type=1400 audit(0.0:1650335767): avc: denied { read } for comm="event_loop" lport=13400 scontext=u:r:hht_ota_mgr:s0 tcontext=u:r:hht_ota_mgr:s0 tclass=udp_socket permissive=0
11-11 03:39:48.936 I/auditd ( 1950): type=1400 audit(0.0:1650604476): avc: denied { read } for comm="event_loop" lport=13400 scontext=u:r:hht_ota_mgr:s0 tcontext=u:r:hht_ota_mgr:s0 tclass=udp_socket permissive=0
11-11 03:39:48.936 I/auditd ( 1950): type=1400 audit(0.0:1650604477): avc: denied { read } for comm="event_loop" lport=13400 scontext=u:r:hht_ota_mgr:s0 tcontext=u:r:hht_ota_mgr:s0 tclass=udp_socket permissive=0
11-11 03:39:48.936 I/auditd ( 1950): type=1400 audit(0.0:1650604478): avc: denied { read } for comm="event_loop" lport=13400 scontext=u:r:hht_ota_mgr:s0 tcontext=u:r:hht_ota_mgr:s0 tclass=udp_socket permissive=0
11-11 03:39:48.936 I/auditd ( 1950): type=1400 audit(0.0:1650604479): avc: denied { read } for comm="event_loop" lport=13400 scontext=u:r:hht_ota_mgr:s0 tcontext=u:r:hht_ota_mgr:s0 tclass=udp_socket permissive=0
11-11 03:39:48.936 I/auditd ( 1950): type=1400 audit(0.0:1650604480): avc: denied { read } for comm="event_loop" lport=13400 scontext=u:r:hht_ota_mgr:s0 tcontext=u:r:hht_ota_mgr:s0 tclass=udp_socket permissive=0
11-11 03:39:49.940 I/auditd ( 1950): type=1400 audit(0.0:1650872151): avc: denied { read } for comm="event_loop" lport=13400 scontext=u:r:hht_ota_mgr:s0 tcontext=u:r:hht_ota_mgr:s0 tclass=udp_socket permissive=0
11-11 03:39:49.940 I/auditd ( 1950): type=1400 audit(0.0:1650872152): avc: denied { read } for comm="event_loop" lport=13400 scontext=u:r:hht_ota_mgr:s0 tcontext=u:r:hht_ota_mgr:s0 tclass=udp_socket permissive=0
11-11 03:39:49.940 I/auditd ( 1950): type=1400 audit(0.0:1650872153): avc: denied { read } for comm="event_loop" lport=13400 scontext=u:r:hht_ota_mgr:s0 tcontext=u:r:hht_ota_mgr:s0 tclass=udp_socket permissive=0
11-11 03:39:49.940 I/auditd ( 1950): type=1400 audit(0.0:1650872154): avc: denied { read } for comm="event_loop" lport=13400 scontext=u:r:hht_ota_mgr:s0 tcontext=u:r:hht_ota_mgr:s0 tclass=udp_socket permissive=0
11-11 03:39:49.940 I/auditd ( 1950): type=1400 audit(0.0:1650872155): avc: denied { read } for comm="event_loop" lport=13400 scontext=u:r:hht_ota_mgr:s0 tcontext=u:r:hht_ota_mgr:s0 tclass=udp_socket permissive=0
11-11 03:39:50.944 I/auditd ( 1950): type=1400 audit(0.0:1651141216): avc: denied { read } for comm="event_loop" lport=13400 scontext=u:r:hht_ota_mgr:s0 tcontext=u:r:hht_ota_mgr:s0 tclass=udp_socket permissive=0
11-11 03:39:50.944 I/auditd ( 1950): type=1400 audit(0.0:1651141217): avc: denied { read } for comm="event_loop" lport=13400 scontext=u:r:hht_ota_mgr:s0 tcontext=u:r:hht_ota_mgr:s0 tclass=udp_socket permissive=0
11-11 03:39:50.944 I/auditd ( 1950): type=1400 audit(0.0:1651141218): avc: denied { read } for comm="event_loop" lport=13400 scontext=u:r:hht_ota_mgr:s0 tcontext=u:r:hht_ota_mgr:s0 tclass=udp_socket permissive=0
11-11 03:39:50.944 I/auditd ( 1950): type=1400 audit(0.0:1651141219): avc: denied { read } for comm="event_loop" lport=13400 scontext=u:r:hht_ota_mgr:s0 tcontext=u:r:hht_ota_mgr:s0 tclass=udp_socket permissive=0
11-11 03:39:50.944 I/auditd ( 1950): type=1400 audit(0.0:1651141220): avc: denied { read } for comm="event_loop" lport=13400 scontext=u:r:hht_ota_mgr:s0 tcontext=u:r:hht_ota_mgr:s0 tclass=udp_socket permissive=0
11-11 03:39:51.948 I/auditd ( 1950): type=1400 audit(0.0:1651409162): avc: denied { read } for comm="event_loop" lport=13400 scontext=u:r:hht_ota_mgr:s0 tcontext=u:r:hht_ota_mgr:s0 tclass=udp_socket permissive=0
11-11 03:39:51.948 I/auditd ( 1950): type=1400 audit(0.0:1651409163): avc: denied { read } for comm="event_loop" lport=13400 scontext=u:r:hht_ota_mgr:s0 tcontext=u:r:hht_ota_mgr:s0 tclass=udp_socket permissive=0
11-11 03:39:51.948 I/auditd ( 1950): type=1400 audit(0.0:1651409164): avc: denied { read } for comm="event_loop" lport=13400 scontext=u:r:hht_ota_mgr:s0 tcontext=u:r:hht_ota_mgr:s0 tclass=udp_socket permissive=0
11-11 03:39:51.948 I/auditd ( 1950): type=1400 audit(0.0:1651409165): avc: denied { read } for comm="event_loop" lport=13400 scontext=u:r:hht_ota_mgr:s0 tcontext=u:r:hht_ota_mgr:s0 tclass=udp_socket permissive=0
11-11 03:39:51.948 I/auditd ( 1950): type=1400 audit(0.0:1651409166): avc: denied { read } for comm="event_loop" lport=13400 scontext=u:r:hht_ota_mgr:s0 tcontext=u:r:hht_ota_mgr:s0 tclass=udp_socket permissive=0
11-11 03:39:52.952 I/auditd ( 1950): type=1400 audit(0.0:1651677458): avc: denied { read } for comm="event_loop" lport=13400 scontext=u:r:hht_ota_mgr:s0 tcontext=u:r:hht_ota_mgr:s0 tclass=udp_socket permissive=0
11-11 03:39:52.952 I/auditd ( 1950): type=1400 audit(0.0:1651677459): avc: denied { read } for comm="event_loop" lport=13400 scontext=u:r:hht_ota_mgr:s0 tcontext=u:r:hht_ota_mgr:s0 tclass=udp_socket permissive=0
11-11 03:39:52.952 I/auditd ( 1950): type=1400 audit(0.0:1651677460): avc: denied { read } for comm="event_loop" lport=13400 scontext=u:r:hht_ota_mgr:s0 tcontext=u:r:hht_ota_mgr:s0 tclass=udp_socket permissive=0
11-11 03:39:52.952 I/auditd ( 1950): type=1400 audit(0.0:1651677461): avc: denied { read } for comm="event_loop" lport=13400 scontext=u:r:hht_ota_mgr:s0 tcontext=u:r:hht_ota_mgr:s0 tclass=udp_socket permissive=0
11-11 03:39:52.952 I/auditd ( 1950): type=1400 audit(0.0:1651677462): avc: denied { read } for comm="event_loop" lport=13400 scontext=u:r:hht_ota_mgr:s0 tcontext=u:r:hht_ota_mgr:s0 tclass=udp_socket permissive=0
11-11 03:39:53.952 I/auditd ( 1950): type=1400 audit(0.0:1651945248): avc: denied { read } for comm="event_loop" lport=13400 scontext=u:r:hht_ota_mgr:s0 tcontext=u:r:hht_ota_mgr:s0 tclass=udp_socket permissive=0
11-11 03:39:53.956 I/auditd ( 1950): type=1400 audit(0.0:1651945249): avc: denied { read } for comm="event_loop" lport=13400 scontext=u:r:hht_ota_mgr:s0 tcontext=u:r:hht_ota_mgr:s0 tclass=udp_socket permissive=0
11-11 03:39:53.956 I/auditd ( 1950): type=1400 audit(0.0:1651945250): avc: denied { read } for comm="event_loop" lport=13400 scontext=u:r:hht_ota_mgr:s0 tcontext=u:r:hht_ota_mgr:s0 tclass=udp_socket permissive=0
11-11 03:39:53.956 I/auditd ( 1950): type=1400 audit(0.0:1651945251): avc: denied { read } for comm="event_loop" lport=13400 scontext=u:r:hht_ota_mgr:s0 tcontext=u:r:hht_ota_mgr:s0 tclass=udp_socket permissive=0
11-11 03:39:53.956 I/auditd ( 1950): type=1400 audit(0.0:1651945252): avc: denied { read } for comm="event_loop" lport=13400 scontext=u:r:hht_ota_mgr:s0 tcontext=u:r:hht_ota_mgr:s0 tclass=udp_socket permissive=0
11-11 03:39:54.956 I/auditd ( 1950): type=1400 audit(0.0:1652213721): avc: denied { read } for comm="event_loop" lport=13400 scontext=u:r:hht_ota_mgr:s0 tcontext=u:r:hht_ota_mgr:s0 tclass=udp_socket permissive=0
11-11 03:39:54.960 I/auditd ( 1950): type=1400 audit(0.0:1652213722): avc: denied { read } for comm="event_loop" lport=13400 scontext=u:r:hht_ota_mgr:s0 tcontext=u:r:hht_ota_mgr:s0 tclass=udp_socket permissive=0
11-11 03:39:54.960 I/auditd ( 1950): type=1400 audit(0.0:1652213723): avc: denied { read } for comm="event_loop" lport=13400 scontext=u:r:hht_ota_mgr:s0 tcontext=u:r:hht_ota_mgr:s0 tclass=udp_socket permissive=0
11-11 03:39:54.960 I/auditd ( 1950): type=1400 audit(0.0:1652213724): avc: denied { read } for comm="event_loop" lport=13400 scontext=u:r:hht_ota_mgr:s0 tcontext=u:r:hht_ota_mgr:s0 tclass=udp_socket permissive=0
11-11 03:39:54.960 I/auditd ( 1950): type=1400 audit(0.0:1652213725): avc: denied { read } for comm="event_loop" lport=13400 scontext=u:r:hht_ota_mgr:s0 tcontext=u:r:hht_ota_mgr:s0 tclass=udp_socket permissive=0
11-11 03:39:55.964 I/auditd ( 1950): type=1400 audit(0.0:1652480888): avc: denied { read } for comm="event_loop" lport=13400 scontext=u:r:hht_ota_mgr:s0 tcontext=u:r:hht_ota_mgr:s0 tclass=udp_socket permissive=0
11-11 03:39:55.964 I/auditd ( 1950): type=1400 audit(0.0:1652480889): avc: denied { read } for comm="event_loop" lport=13400 scontext=u:r:hht_ota_mgr:s0 tcontext=u:r:hht_ota_mgr:s0 tclass=udp_socket permissive=0
11-11 03:39:55.964 I/auditd ( 1950): type=1400 audit(0.0:1652480890): avc: denied { read } for comm="event_loop" lport=13400 scontext=u:r:hht_ota_mgr:s0 tcontext=u:r:hht_ota_mgr:s0 tclass=udp_socket permissive=0
11-11 03:39:55.964 I/auditd ( 1950): type=1400 audit(0.0:1652480891): avc: denied { read } for comm="event_loop" lport=13400 scontext=u:r:hht_ota_mgr:s0 tcontext=u:r:hht_ota_mgr:s0 tclass=udp_socket permissive=0
11-11 03:39:55.964 I/auditd ( 1950): type=1400 audit(0.0:1652480892): avc: denied { read } for comm="event_loop" lport=13400 scontext=u:r:hht_ota_mgr:s0 tcontext=u:r:hht_ota_mgr:s0 tclass=udp_socket permissive=0
11-11 03:39:56.077 I/input_interaction( 1523): Interaction with: bf1c0c3 com.thundercomm.screensaver/android.service.dreams.DreamActivity (server), edge-swipe (server), swipe-up (server), PointerEventDispatcher0 (server),
11-11 03:39:56.080 I/wm_finish_activity( 1523): [0,217889063,27,com.thundercomm.screensaver/android.service.dreams.DreamActivity,finish-activity]
11-11 03:39:56.080 I/wm_task_moved( 1523): [1,1,6]
11-11 03:39:56.081 I/wm_task_moved( 1523): [10,1,2147483647]
11-11 03:39:56.081 I/wm_task_to_front( 1523): [0,10]
11-11 03:39:56.081 I/wm_focused_root_task( 1523): [0,0,1,27,finish-top adjustFocusToNextFocusableTask]
11-11 03:39:56.081 I/wm_set_resumed_activity( 1523): [0,com.android.launcher3/.uioverrides.QuickstepLauncher,finish-top adjustFocusToNextFocusableTask]
11-11 03:39:56.082 I/wm_pause_activity( 1523): [0,217889063,com.thundercomm.screensaver/android.service.dreams.DreamActivity,userLeaving=false,finish]
11-11 03:39:56.088 I/sysui_multi_action( 1523): [757,803,799,window_time_0,802,5817]
11-11 03:39:56.088 I/wm_on_top_resumed_lost_called( 5199): [217889063,android.service.dreams.DreamActivity,topStateChangedWhenResumed]
11-11 03:39:56.089 I/wm_on_paused_called( 5199): [217889063,android.service.dreams.DreamActivity,performPause]
11-11 03:39:56.089 I/wm_add_to_stopping( 1523): [0,217889063,com.thundercomm.screensaver/android.service.dreams.DreamActivity,completeFinishing]
11-11 03:39:56.091 I/wm_set_resumed_activity( 1523): [0,com.android.launcher3/.uioverrides.QuickstepLauncher,resumeTopActivityInnerLocked]
11-11 03:39:56.092 I/wm_resume_activity( 1523): [0,5960070,10,com.android.launcher3/.uioverrides.QuickstepLauncher]
11-11 03:39:56.095 I/sysui_multi_action( 1523): [757,803,799,window_time_0,802,0]
11-11 03:39:56.101 I/view_enqueue_input_event( 5199): [Motion - Cancel,com.thundercomm.screensaver/android.service.dreams.DreamActivity]
11-11 03:39:56.101 I/input_focus( 1523): [Focus leaving bf1c0c3 com.thundercomm.screensaver/android.service.dreams.DreamActivity (server),reason=NO_WINDOW]
11-11 03:39:56.101 I/input_interaction( 1523): Interaction with: edge-swipe (server), swipe-up (server), PointerEventDispatcher0 (server),
11-11 03:39:56.103 I/wm_on_restart_called( 2851): [5960070,com.android.launcher3.uioverrides.QuickstepLauncher,performRestartActivity]
11-11 03:39:56.103 I/wm_on_start_called( 2851): [5960070,com.android.launcher3.uioverrides.QuickstepLauncher,handleStartActivity]
11-11 03:39:56.103 I/wm_on_resume_called( 2851): [5960070,com.android.launcher3.uioverrides.QuickstepLauncher,RESUME_ACTIVITY]
11-11 03:39:56.103 I/wm_on_top_resumed_gained_called( 2851): [5960070,com.android.launcher3.uioverrides.QuickstepLauncher,topWhenResuming]
11-11 03:39:56.104 I/am_pss ( 1523): [6716,1000,com.qti.diagservices,6404096,3801088,0,94130176,0,10,5]
11-11 03:39:56.109 I/am_uid_running( 1523): 10064
11-11 03:39:56.109 I/am_pss ( 1523): [4934,2000,com.android.shell,6583296,4255744,0,92315648,0,19,5]
11-11 03:39:56.113 I/am_proc_start( 1523): [0,7308,10064,com.thundercomm.gamemode.provider,content provider,{com.thundercomm.gamemode.provider/com.thundercomm.gamemode.provider.SettingsProvider}]
11-11 03:39:56.114 I/am_pss ( 1523): [4143,10023,com.android.packageinstaller,7740416,5595136,0,91324416,0,19,4]
11-11 03:39:56.119 I/am_pss ( 1523): [3708,10021,com.android.managedprovisioning,9793536,7507968,0,95604736,0,19,4]
11-11 03:39:56.123 I/input_focus( 1523): [Focus request de84a7a com.android.launcher3/com.android.launcher3.uioverrides.QuickstepLauncher,reason=UpdateInputWindows]
11-11 03:39:56.124 I/am_proc_bound( 1523): [0,7308,com.thundercomm.gamemode.provider]
11-11 03:39:56.125 I/am_pss ( 1523): [3408,10055,.pasr,5857280,3682304,0,89546752,0,0,5]
11-11 03:39:56.126 I/am_uid_active( 1523): 10064
11-11 03:39:56.131 I/am_pss ( 1523): [3441,10079,com.qualcomm.qti.qccnetstat,6626304,4345856,0,91906048,0,0,5]
11-11 03:39:56.136 I/input_focus( 1523): [Focus entering de84a7a com.android.launcher3/com.android.launcher3.uioverrides.QuickstepLauncher (server),reason=setFocusedWindow]
11-11 03:39:56.138 I/am_pss ( 1523): [3426,10071,com.qualcomm.qti.services.systemhelper:systemhelper_service,6797312,4485120,0,93900800,0,0,6]
11-11 03:39:56.145 I/am_pss ( 1523): [3459,10084,com.qualcomm.qti.workloadclassifier,12198912,9064448,0,104222720,0,0,6]
11-11 03:39:56.151 I/am_pss ( 1523): [3405,1000,com.hryt.hiphishowfsecontrol,15033344,12402688,0,105906176,0,0,5]
11-11 03:39:56.156 I/am_pss ( 1523): [3379,10058,ts.car.uart,6625280,4460544,0,90595328,0,0,5]
11-11 03:39:56.161 I/am_pss ( 1523): [3338,10086,com.hht.lebocast,38820864,17207296,0,101969920,0,0,4]
11-11 03:39:56.166 I/am_pss ( 1523): [2808,1000,com.qualcomm.qti.qdma,10149888,6709248,0,105869312,0,0,5]
11-11 03:39:56.172 I/am_pss ( 1523): [2788,1000,com.thundercomm.tcservice,14223360,11718656,0,103194624,0,0,5]
11-11 03:39:56.177 I/am_pss ( 1523): [3890,10062,com.qualcomm.qti.devicestatisticsservice,5723136,3563520,0,89092096,0,0,5]
11-11 03:39:56.181 I/am_pss ( 1523): [2787,1000,com.thundercomm.remotecontrolservice,11382784,8552448,0,102735872,0,0,4]
11-11 03:39:56.186 I/am_pss ( 1523): [2782,1068,com.android.se,6250496,4026368,0,91607040,0,0,4]
11-11 03:39:56.191 I/am_pss ( 1523): [2754,10080,com.qti.qualcomm.mstatssystemservice,5926912,3764224,0,89911296,0,0,4]
11-11 03:39:56.196 I/am_pss ( 1523): [2699,1000,vendor.qti.qesdk.sysservice,6007808,3796992,0,91160576,0,0,4]
11-11 03:39:56.201 I/am_pss ( 1523): [2656,1000,com.tc.logclient,8034304,5525504,0,98193408,0,0,5]
11-11 03:39:56.209 I/am_pss ( 1523): [2689,1000,com.thundercomm.tcsetupwizard,46568448,39481344,0,168947712,0,0,6]
11-11 03:39:56.214 I/am_pss ( 1523): [2621,10053,.qtidataservices,6299648,4091904,0,91496448,0,0,4]
11-11 03:39:56.218 I/am_pss ( 1523): [2650,1000,com.thundercomm.tchttpserver,8259584,5963776,0,94318592,0,0,4]
11-11 03:39:56.223 I/am_pss ( 1523): [2596,1000,com.thundercomm.microsettings,27203584,23810048,0,115998720,0,0,5]
11-11 03:39:56.228 I/am_pss ( 1523): [2589,1000,com.thundercomm.microservice,15242240,12763136,0,103665664,0,0,4]
11-11 03:39:56.234 I/am_pss ( 1523): [2572,1000,com.thundercomm.gamemode,30193664,22454272,0,139104256,0,0,5]
11-11 03:39:56.372 I/wm_destroy_activity( 1523): [0,217889063,27,com.thundercomm.screensaver/android.service.dreams.DreamActivity,finish-imm:idle]
11-11 03:39:56.391 I/wm_on_stop_called( 5199): [217889063,android.service.dreams.DreamActivity,LIFECYCLER_STOP_ACTIVITY]
11-11 03:39:56.392 I/wm_on_destroy_called( 5199): [217889063,android.service.dreams.DreamActivity,performDestroy]
11-11 03:39:56.394 I/sysui_multi_action( 1523): [757,222,758,2]
11-11 03:39:56.394 I/sysui_multi_action( 1523): [757,804,799,dreaming_minutes,801,96,802,1]
11-11 03:39:56.399 I/wm_task_removed( 1523): [27,removeChild:removeChild last r=ActivityRecord{cfcb927 u0 com.thundercomm.screensaver/android.service.dreams.DreamActivity t-1 f}} in t=Task{959df35 #27 type=dream A=10047:android:com.thundercomm.screensaver/dream U=0 visible=false mode=fullscreen translucent=true sz=0}]
11-11 03:39:56.399 I/wm_task_removed( 1523): [27,removeChild]
11-11 03:39:56.964 I/auditd ( 1950): type=1400 audit(0.0:1652749289): avc: denied { read } for comm="event_loop" lport=13400 scontext=u:r:hht_ota_mgr:s0 tcontext=u:r:hht_ota_mgr:s0 tclass=udp_socket permissive=0
11-11 03:39:56.968 I/auditd ( 1950): type=1400 audit(0.0:1652749290): avc: denied { read } for comm="event_loop" lport=13400 scontext=u:r:hht_ota_mgr:s0 tcontext=u:r:hht_ota_mgr:s0 tclass=udp_socket permissive=0
11-11 03:39:56.968 I/auditd ( 1950): type=1400 audit(0.0:1652749291): avc: denied { read } for comm="event_loop" lport=13400 scontext=u:r:hht_ota_mgr:s0 tcontext=u:r:hht_ota_mgr:s0 tclass=udp_socket permissive=0
11-11 03:39:56.968 I/auditd ( 1950): type=1400 audit(0.0:1652749292): avc: denied { read } for comm="event_loop" lport=13400 scontext=u:r:hht_ota_mgr:s0 tcontext=u:r:hht_ota_mgr:s0 tclass=udp_socket permissive=0
11-11 03:39:56.968 I/auditd ( 1950): type=1400 audit(0.0:1652749293): avc: denied { read } for comm="event_loop" lport=13400 scontext=u:r:hht_ota_mgr:s0 tcontext=u:r:hht_ota_mgr:s0 tclass=udp_socket permissive=0
11-11 03:39:57.446 I/input_interaction( 1523): Interaction with: de84a7a com.android.launcher3/com.android.launcher3.uioverrides.QuickstepLauncher (server), ae0a5d2 com.android.systemui.ImageWallpaper (server), edge-swipe (server), swipe-up (server), PointerEventDispatcher0 (server),
11-11 03:39:57.512 I/sysui_multi_action( 1523): [757,127,758,1]
11-11 03:39:57.512 I/sysui_multi_action( 1523): [757,804,799,note_load,801,3,802,1]
11-11 03:39:57.512 I/notification_panel_revealed( 1523): 3
11-11 03:39:57.515 I/sysui_multi_action( 1523): [757,128,758,1,793,1647930086,794,0,795,1647930086,796,26,798,0,806,android,857,DEVELOPER_IMPORTANT,858,4,947,0,1395,3,1500,1647929883,1688,1]
11-11 03:39:57.515 I/sysui_multi_action( 1523): [757,804,799,note_freshness,801,1647930086,802,1]
11-11 03:39:57.515 I/notification_visibility( 1523): [-1|android|26|null|1000,1,1647930086,1647930086,0,0]
11-11 03:39:57.515 I/sysui_multi_action( 1523): [757,128,758,1,793,1648005771,794,0,795,1489578,796,17303299,797,com.android.wifi,798,1,806,android,857,NETWORK_AVAILABLE,858,2,947,0,1395,3,1500,1489376,1688,1]
11-11 03:39:57.515 I/sysui_multi_action( 1523): [757,1501,758,1,793,1648005771,794,0,795,1489578,796,17303299,797,com.android.wifi,806,android,857,NETWORK_AVAILABLE,858,2,947,0,1500,0,1688,1]
11-11 03:39:57.515 I/sysui_multi_action( 1523): [757,804,799,note_interruptive,801,0,802,1]
11-11 03:39:57.515 I/sysui_multi_action( 1523): [757,804,799,note_freshness,801,1489578,802,1]
11-11 03:39:57.516 I/notification_visibility( 1523): [0|android|17303299|com.android.wifi|1000,1,1648005771,1489578,0,1]
11-11 03:39:57.516 I/sysui_multi_action( 1523): [757,128,758,1,793,1648006422,794,0,795,1648006422,796,32,798,2,806,android,857,USB,858,1,947,0,1395,3,1500,1648006134,1688,1]
11-11 03:39:57.516 I/sysui_multi_action( 1523): [757,804,799,note_freshness,801,1648006422,802,1]
11-11 03:39:57.516 I/notification_visibility( 1523): [-1|android|32|null|1000,1,1648006422,1648006422,0,2]
11-11 03:39:57.527 I/input_focus( 1523): [Focus request 10757b2 NotificationShade,reason=UpdateInputWindows]
11-11 03:39:57.556 I/input_focus( 1523): [Focus leaving de84a7a com.android.launcher3/com.android.launcher3.uioverrides.QuickstepLauncher (server),reason=setFocusedWindow]
11-11 03:39:57.556 I/input_focus( 1523): [Focus entering 10757b2 NotificationShade (server),reason=setFocusedWindow]
11-11 03:39:57.566 I/input_interaction( 1523): Interaction with: de84a7a com.android.launcher3/com.android.launcher3.uioverrides.QuickstepLauncher (server), ae0a5d2 com.android.systemui.ImageWallpaper (server), 10757b2 NotificationShade (server), edge-swipe (server), swipe-up (server), PointerEventDispatcher0 (server),
11-11 03:39:57.566 I/view_enqueue_input_event( 2851): [Motion - Cancel,com.android.launcher3/com.android.launcher3.uioverrides.QuickstepLauncher]
11-11 03:39:57.567 I/sysui_multi_action( 2380): [757,803,799,panel_open,802,1]
11-11 03:39:57.568 I/sysui_multi_action( 2380): [757,1328,758,4,1326,48,1327,25,1329,0]
11-11 03:39:57.580 I/input_interaction( 1523): Interaction with: ae0a5d2 com.android.systemui.ImageWallpaper (server), 10757b2 NotificationShade (server), edge-swipe (server), swipe-up (server), PointerEventDispatcher0 (server),
11-11 03:39:57.622 I/sysui_multi_action( 2380): [757,111,758,1]
11-11 03:39:57.622 I/sysui_multi_action( 2380): [757,126,758,1,759,126,927,0,928,1,1593,0]
11-11 03:39:57.622 I/sysui_multi_action( 2380): [757,113,758,1,759,113,927,1,928,1,1593,0]
11-11 03:39:57.622 I/sysui_multi_action( 2380): [757,0,758,1,759,0,927,2,928,0,1593,0]
11-11 03:39:57.622 I/sysui_multi_action( 2380): [757,0,758,1,759,0,927,3,928,0,1593,0]
11-11 03:39:57.623 I/sysui_multi_action( 2380): [757,491,758,1,759,491,927,4,928,0,1311,-1,1593,0]
11-11 03:39:57.623 I/sysui_multi_action( 2380): [757,0,758,1,759,0,927,5,928,0,1593,0]
11-11 03:39:57.623 I/sysui_multi_action( 2380): [757,111,758,1]
11-11 03:39:57.623 I/sysui_multi_action( 2380): [757,126,758,1,759,126,927,0,928,1,1593,0]
11-11 03:39:57.623 I/sysui_multi_action( 2380): [757,113,758,1,759,113,927,1,928,1,1593,0]
11-11 03:39:57.623 I/sysui_multi_action( 2380): [757,0,758,1,759,0,927,2,928,0,1593,0]
11-11 03:39:57.623 I/sysui_multi_action( 2380): [757,0,758,1,759,0,927,3,928,0,1593,0]
11-11 03:39:57.972 I/auditd ( 1950): type=1400 audit(0.0:1653017323): avc: denied { read } for comm="event_loop" lport=13400 scontext=u:r:hht_ota_mgr:s0 tcontext=u:r:hht_ota_mgr:s0 tclass=udp_socket permissive=0
11-11 03:39:57.972 I/auditd ( 1950): type=1400 audit(0.0:1653017324): avc: denied { read } for comm="event_loop" lport=13400 scontext=u:r:hht_ota_mgr:s0 tcontext=u:r:hht_ota_mgr:s0 tclass=udp_socket permissive=0
11-11 03:39:57.972 I/auditd ( 1950): type=1400 audit(0.0:1653017325): avc: denied { read } for comm="event_loop" lport=13400 scontext=u:r:hht_ota_mgr:s0 tcontext=u:r:hht_ota_mgr:s0 tclass=udp_socket permissive=0
11-11 03:39:57.972 I/auditd ( 1950): type=1400 audit(0.0:1653017326): avc: denied { read } for comm="event_loop" lport=13400 scontext=u:r:hht_ota_mgr:s0 tcontext=u:r:hht_ota_mgr:s0 tclass=udp_socket permissive=0
11-11 03:39:57.972 I/auditd ( 1950): type=1400 audit(0.0:1653017327): avc: denied { read } for comm="event_loop" lport=13400 scontext=u:r:hht_ota_mgr:s0 tcontext=u:r:hht_ota_mgr:s0 tclass=udp_socket permissive=0
11-11 03:39:58.897 I/input_interaction( 1523): Interaction with: 10757b2 NotificationShade (server), edge-swipe (server), swipe-up (server), PointerEventDispatcher0 (server),
11-11 03:39:58.976 I/auditd ( 1950): type=1400 audit(0.0:1653286004): avc: denied { read } for comm="event_loop" lport=13400 scontext=u:r:hht_ota_mgr:s0 tcontext=u:r:hht_ota_mgr:s0 tclass=udp_socket permissive=0
11-11 03:39:58.976 I/auditd ( 1950): type=1400 audit(0.0:1653286005): avc: denied { read } for comm="event_loop" lport=13400 scontext=u:r:hht_ota_mgr:s0 tcontext=u:r:hht_ota_mgr:s0 tclass=udp_socket permissive=0
11-11 03:39:58.976 I/auditd ( 1950): type=1400 audit(0.0:1653286006): avc: denied { read } for comm="event_loop" lport=13400 scontext=u:r:hht_ota_mgr:s0 tcontext=u:r:hht_ota_mgr:s0 tclass=udp_socket permissive=0
11-11 03:39:58.976 I/auditd ( 1950): type=1400 audit(0.0:1653286007): avc: denied { read } for comm="event_loop" lport=13400 scontext=u:r:hht_ota_mgr:s0 tcontext=u:r:hht_ota_mgr:s0 tclass=udp_socket permissive=0
11-11 03:39:58.976 I/auditd ( 1950): type=1400 audit(0.0:1653286008): avc: denied { read } for comm="event_loop" lport=13400 scontext=u:r:hht_ota_mgr:s0 tcontext=u:r:hht_ota_mgr:s0 tclass=udp_socket permissive=0
11-11 03:39:59.321 I/volume_changed( 1523): [3,13,24,39,com.android.systemui]
11-11 03:39:59.980 I/auditd ( 1950): type=1400 audit(0.0:1653554916): avc: denied { read } for comm="event_loop" lport=13400 scontext=u:r:hht_ota_mgr:s0 tcontext=u:r:hht_ota_mgr:s0 tclass=udp_socket permissive=0
11-11 03:39:59.980 I/auditd ( 1950): type=1400 audit(0.0:1653554917): avc: denied { read } for comm="event_loop" lport=13400 scontext=u:r:hht_ota_mgr:s0 tcontext=u:r:hht_ota_mgr:s0 tclass=udp_socket permissive=0
11-11 03:39:59.980 I/auditd ( 1950): type=1400 audit(0.0:1653554918): avc: denied { read } for comm="event_loop" lport=13400 scontext=u:r:hht_ota_mgr:s0 tcontext=u:r:hht_ota_mgr:s0 tclass=udp_socket permissive=0
11-11 03:39:59.980 I/auditd ( 1950): type=1400 audit(0.0:1653554919): avc: denied { read } for comm="event_loop" lport=13400 scontext=u:r:hht_ota_mgr:s0 tcontext=u:r:hht_ota_mgr:s0 tclass=udp_socket permissive=0
11-11 03:39:59.980 I/auditd ( 1950): type=1400 audit(0.0:1653554920): avc: denied { read } for comm="event_loop" lport=13400 scontext=u:r:hht_ota_mgr:s0 tcontext=u:r:hht_ota_mgr:s0 tclass=udp_socket permissive=0
11-11 03:40:00.039 I/commit_sys_config_file( 1523): [settings-1-0,6]
11-11 03:40:00.980 I/auditd ( 1950): type=1400 audit(0.0:1653823519): avc: denied { read } for comm="event_loop" lport=13400 scontext=u:r:hht_ota_mgr:s0 tcontext=u:r:hht_ota_mgr:s0 tclass=udp_socket permissive=0
11-11 03:40:00.984 I/auditd ( 1950): type=1400 audit(0.0:1653823520): avc: denied { read } for comm="event_loop" lport=13400 scontext=u:r:hht_ota_mgr:s0 tcontext=u:r:hht_ota_mgr:s0 tclass=udp_socket permissive=0
11-11 03:40:00.984 I/auditd ( 1950): type=1400 audit(0.0:1653823521): avc: denied { read } for comm="event_loop" lport=13400 scontext=u:r:hht_ota_mgr:s0 tcontext=u:r:hht_ota_mgr:s0 tclass=udp_socket permissive=0
11-11 03:40:00.984 I/auditd ( 1950): type=1400 audit(0.0:1653823522): avc: denied { read } for comm="event_loop" lport=13400 scontext=u:r:hht_ota_mgr:s0 tcontext=u:r:hht_ota_mgr:s0 tclass=udp_socket permissive=0
11-11 03:40:00.984 I/auditd ( 1950): type=1400 audit(0.0:1653823523): avc: denied { read } for comm="event_loop" lport=13400 scontext=u:r:hht_ota_mgr:s0 tcontext=u:r:hht_ota_mgr:s0 tclass=udp_socket permissive=0
11-11 03:40:01.670 I/notification_enqueue( 1523): [10078,2380,com.android.systemui,2048,NULL,0,Notification(channel=updateNotification shortcut=null contentView=null vibrate=null sound=null defaults=0x0 flags=0x0 color=0x00000000 vis=PRIVATE),1]
11-11 03:40:01.671 I/sysui_multi_action( 2380): [757,111,758,2]
11-11 03:40:01.672 I/sysui_multi_action( 2380): [757,111,758,2]
11-11 03:40:01.889 I/input_focus( 1523): [Focus request de84a7a com.android.launcher3/com.android.launcher3.uioverrides.QuickstepLauncher,reason=UpdateInputWindows]
11-11 03:40:01.896 I/sysui_multi_action( 1523): [757,128,758,2,793,1647934467,794,4381,795,1647934467,796,26,798,0,806,android,857,DEVELOPER_IMPORTANT,858,4,947,0,1395,3,1500,1647934264,1688,1]
11-11 03:40:01.896 I/notification_visibility( 1523): [-1|android|26|null|1000,0,1647934467,1647934467,0,0]
11-11 03:40:01.897 I/sysui_multi_action( 1523): [757,128,758,2,793,1648010153,794,4382,795,1493960,796,17303299,797,com.android.wifi,798,1,806,android,857,NETWORK_AVAILABLE,858,2,947,0,1395,3,1500,4382,1688,1]
11-11 03:40:01.897 I/notification_visibility( 1523): [0|android|17303299|com.android.wifi|1000,0,1648010153,1493960,0,1]
