11-11 03:40:47.168 I/auditd ( 1950): type=1400 audit(0.0:1666174569): avc: denied { read } for comm="event_loop" lport=13400 scontext=u:r:hht_ota_mgr:s0 tcontext=u:r:hht_ota_mgr:s0 tclass=udp_socket permissive=0
11-11 03:40:47.168 I/auditd ( 1950): type=1400 audit(0.0:1666174570): avc: denied { read } for comm="event_loop" lport=13400 scontext=u:r:hht_ota_mgr:s0 tcontext=u:r:hht_ota_mgr:s0 tclass=udp_socket permissive=0
11-11 03:40:47.168 I/auditd ( 1950): type=1400 audit(0.0:1666174571): avc: denied { read } for comm="event_loop" lport=13400 scontext=u:r:hht_ota_mgr:s0 tcontext=u:r:hht_ota_mgr:s0 tclass=udp_socket permissive=0
11-11 03:40:48.168 I/auditd ( 1950): type=1400 audit(0.0:1666443175): avc: denied { read } for comm="event_loop" lport=13400 scontext=u:r:hht_ota_mgr:s0 tcontext=u:r:hht_ota_mgr:s0 tclass=udp_socket permissive=0
11-11 03:40:48.172 I/auditd ( 1950): type=1400 audit(0.0:1666443176): avc: denied { read } for comm="event_loop" lport=13400 scontext=u:r:hht_ota_mgr:s0 tcontext=u:r:hht_ota_mgr:s0 tclass=udp_socket permissive=0
11-11 03:40:48.172 I/auditd ( 1950): type=1400 audit(0.0:1666443177): avc: denied { read } for comm="event_loop" lport=13400 scontext=u:r:hht_ota_mgr:s0 tcontext=u:r:hht_ota_mgr:s0 tclass=udp_socket permissive=0
11-11 03:40:48.172 I/auditd ( 1950): type=1400 audit(0.0:1666443178): avc: denied { read } for comm="event_loop" lport=13400 scontext=u:r:hht_ota_mgr:s0 tcontext=u:r:hht_ota_mgr:s0 tclass=udp_socket permissive=0
11-11 03:40:48.172 I/auditd ( 1950): type=1400 audit(0.0:1666443179): avc: denied { read } for comm="event_loop" lport=13400 scontext=u:r:hht_ota_mgr:s0 tcontext=u:r:hht_ota_mgr:s0 tclass=udp_socket permissive=0
11-11 03:40:49.176 I/auditd ( 1950): type=1400 audit(0.0:1666711224): avc: denied { read } for comm="event_loop" lport=13400 scontext=u:r:hht_ota_mgr:s0 tcontext=u:r:hht_ota_mgr:s0 tclass=udp_socket permissive=0
11-11 03:40:49.176 I/auditd ( 1950): type=1400 audit(0.0:1666711225): avc: denied { read } for comm="event_loop" lport=13400 scontext=u:r:hht_ota_mgr:s0 tcontext=u:r:hht_ota_mgr:s0 tclass=udp_socket permissive=0
11-11 03:40:49.176 I/auditd ( 1950): type=1400 audit(0.0:1666711226): avc: denied { read } for comm="event_loop" lport=13400 scontext=u:r:hht_ota_mgr:s0 tcontext=u:r:hht_ota_mgr:s0 tclass=udp_socket permissive=0
11-11 03:40:49.176 I/auditd ( 1950): type=1400 audit(0.0:1666711227): avc: denied { read } for comm="event_loop" lport=13400 scontext=u:r:hht_ota_mgr:s0 tcontext=u:r:hht_ota_mgr:s0 tclass=udp_socket permissive=0
11-11 03:40:49.176 I/auditd ( 1950): type=1400 audit(0.0:1666711228): avc: denied { read } for comm="event_loop" lport=13400 scontext=u:r:hht_ota_mgr:s0 tcontext=u:r:hht_ota_mgr:s0 tclass=udp_socket permissive=0
11-11 03:40:50.176 I/auditd ( 1950): type=1400 audit(0.0:1666979720): avc: denied { read } for comm="event_loop" lport=13400 scontext=u:r:hht_ota_mgr:s0 tcontext=u:r:hht_ota_mgr:s0 tclass=udp_socket permissive=0
11-11 03:40:50.180 I/auditd ( 1950): type=1400 audit(0.0:1666979721): avc: denied { read } for comm="event_loop" lport=13400 scontext=u:r:hht_ota_mgr:s0 tcontext=u:r:hht_ota_mgr:s0 tclass=udp_socket permissive=0
11-11 03:40:50.180 I/auditd ( 1950): type=1400 audit(0.0:1666979722): avc: denied { read } for comm="event_loop" lport=13400 scontext=u:r:hht_ota_mgr:s0 tcontext=u:r:hht_ota_mgr:s0 tclass=udp_socket permissive=0
11-11 03:40:50.180 I/auditd ( 1950): type=1400 audit(0.0:1666979723): avc: denied { read } for comm="event_loop" lport=13400 scontext=u:r:hht_ota_mgr:s0 tcontext=u:r:hht_ota_mgr:s0 tclass=udp_socket permissive=0
11-11 03:40:50.180 I/auditd ( 1950): type=1400 audit(0.0:1666979724): avc: denied { read } for comm="event_loop" lport=13400 scontext=u:r:hht_ota_mgr:s0 tcontext=u:r:hht_ota_mgr:s0 tclass=udp_socket permissive=0
11-11 03:40:51.184 I/auditd ( 1950): type=1400 audit(0.0:1667248066): avc: denied { read } for comm="event_loop" lport=13400 scontext=u:r:hht_ota_mgr:s0 tcontext=u:r:hht_ota_mgr:s0 tclass=udp_socket permissive=0
11-11 03:40:51.184 I/auditd ( 1950): type=1400 audit(0.0:1667248067): avc: denied { read } for comm="event_loop" lport=13400 scontext=u:r:hht_ota_mgr:s0 tcontext=u:r:hht_ota_mgr:s0 tclass=udp_socket permissive=0
11-11 03:40:51.184 I/auditd ( 1950): type=1400 audit(0.0:1667248068): avc: denied { read } for comm="event_loop" lport=13400 scontext=u:r:hht_ota_mgr:s0 tcontext=u:r:hht_ota_mgr:s0 tclass=udp_socket permissive=0
11-11 03:40:51.184 I/auditd ( 1950): type=1400 audit(0.0:1667248069): avc: denied { read } for comm="event_loop" lport=13400 scontext=u:r:hht_ota_mgr:s0 tcontext=u:r:hht_ota_mgr:s0 tclass=udp_socket permissive=0
11-11 03:40:51.184 I/auditd ( 1950): type=1400 audit(0.0:1667248070): avc: denied { read } for comm="event_loop" lport=13400 scontext=u:r:hht_ota_mgr:s0 tcontext=u:r:hht_ota_mgr:s0 tclass=udp_socket permissive=0
11-11 03:40:52.184 I/auditd ( 1950): type=1400 audit(0.0:1667516796): avc: denied { read } for comm="event_loop" lport=13400 scontext=u:r:hht_ota_mgr:s0 tcontext=u:r:hht_ota_mgr:s0 tclass=udp_socket permissive=0
11-11 03:40:52.188 I/auditd ( 1950): type=1400 audit(0.0:1667516797): avc: denied { read } for comm="event_loop" lport=13400 scontext=u:r:hht_ota_mgr:s0 tcontext=u:r:hht_ota_mgr:s0 tclass=udp_socket permissive=0
11-11 03:40:52.188 I/auditd ( 1950): type=1400 audit(0.0:1667516798): avc: denied { read } for comm="event_loop" lport=13400 scontext=u:r:hht_ota_mgr:s0 tcontext=u:r:hht_ota_mgr:s0 tclass=udp_socket permissive=0
11-11 03:40:52.188 I/auditd ( 1950): type=1400 audit(0.0:1667516799): avc: denied { read } for comm="event_loop" lport=13400 scontext=u:r:hht_ota_mgr:s0 tcontext=u:r:hht_ota_mgr:s0 tclass=udp_socket permissive=0
11-11 03:40:52.188 I/auditd ( 1950): type=1400 audit(0.0:1667516800): avc: denied { read } for comm="event_loop" lport=13400 scontext=u:r:hht_ota_mgr:s0 tcontext=u:r:hht_ota_mgr:s0 tclass=udp_socket permissive=0
11-11 03:40:53.188 I/auditd ( 1950): type=1400 audit(0.0:1667785326): avc: denied { read } for comm="event_loop" lport=13400 scontext=u:r:hht_ota_mgr:s0 tcontext=u:r:hht_ota_mgr:s0 tclass=udp_socket permissive=0
11-11 03:40:53.192 I/auditd ( 1950): type=1400 audit(0.0:1667785327): avc: denied { read } for comm="event_loop" lport=13400 scontext=u:r:hht_ota_mgr:s0 tcontext=u:r:hht_ota_mgr:s0 tclass=udp_socket permissive=0
11-11 03:40:53.192 I/auditd ( 1950): type=1400 audit(0.0:1667785328): avc: denied { read } for comm="event_loop" lport=13400 scontext=u:r:hht_ota_mgr:s0 tcontext=u:r:hht_ota_mgr:s0 tclass=udp_socket permissive=0
11-11 03:40:53.192 I/auditd ( 1950): type=1400 audit(0.0:1667785329): avc: denied { read } for comm="event_loop" lport=13400 scontext=u:r:hht_ota_mgr:s0 tcontext=u:r:hht_ota_mgr:s0 tclass=udp_socket permissive=0
11-11 03:40:53.192 I/auditd ( 1950): type=1400 audit(0.0:1667785330): avc: denied { read } for comm="event_loop" lport=13400 scontext=u:r:hht_ota_mgr:s0 tcontext=u:r:hht_ota_mgr:s0 tclass=udp_socket permissive=0
11-11 03:40:54.192 I/auditd ( 1950): type=1400 audit(0.0:1668053999): avc: denied { read } for comm="event_loop" lport=13400 scontext=u:r:hht_ota_mgr:s0 tcontext=u:r:hht_ota_mgr:s0 tclass=udp_socket permissive=0
11-11 03:40:54.196 I/auditd ( 1950): type=1400 audit(0.0:1668054000): avc: denied { read } for comm="event_loop" lport=13400 scontext=u:r:hht_ota_mgr:s0 tcontext=u:r:hht_ota_mgr:s0 tclass=udp_socket permissive=0
11-11 03:40:54.196 I/auditd ( 1950): type=1400 audit(0.0:1668054001): avc: denied { read } for comm="event_loop" lport=13400 scontext=u:r:hht_ota_mgr:s0 tcontext=u:r:hht_ota_mgr:s0 tclass=udp_socket permissive=0
11-11 03:40:54.196 I/auditd ( 1950): type=1400 audit(0.0:1668054002): avc: denied { read } for comm="event_loop" lport=13400 scontext=u:r:hht_ota_mgr:s0 tcontext=u:r:hht_ota_mgr:s0 tclass=udp_socket permissive=0
11-11 03:40:54.196 I/auditd ( 1950): type=1400 audit(0.0:1668054003): avc: denied { read } for comm="event_loop" lport=13400 scontext=u:r:hht_ota_mgr:s0 tcontext=u:r:hht_ota_mgr:s0 tclass=udp_socket permissive=0
11-11 03:40:55.196 I/auditd ( 1950): type=1400 audit(0.0:1668322229): avc: denied { read } for comm="event_loop" lport=13400 scontext=u:r:hht_ota_mgr:s0 tcontext=u:r:hht_ota_mgr:s0 tclass=udp_socket permissive=0
11-11 03:40:55.200 I/auditd ( 1950): type=1400 audit(0.0:1668322230): avc: denied { read } for comm="event_loop" lport=13400 scontext=u:r:hht_ota_mgr:s0 tcontext=u:r:hht_ota_mgr:s0 tclass=udp_socket permissive=0
11-11 03:40:55.200 I/auditd ( 1950): type=1400 audit(0.0:1668322231): avc: denied { read } for comm="event_loop" lport=13400 scontext=u:r:hht_ota_mgr:s0 tcontext=u:r:hht_ota_mgr:s0 tclass=udp_socket permissive=0
11-11 03:40:55.200 I/auditd ( 1950): type=1400 audit(0.0:1668322232): avc: denied { read } for comm="event_loop" lport=13400 scontext=u:r:hht_ota_mgr:s0 tcontext=u:r:hht_ota_mgr:s0 tclass=udp_socket permissive=0
11-11 03:40:55.200 I/auditd ( 1950): type=1400 audit(0.0:1668322233): avc: denied { read } for comm="event_loop" lport=13400 scontext=u:r:hht_ota_mgr:s0 tcontext=u:r:hht_ota_mgr:s0 tclass=udp_socket permissive=0
11-11 03:40:56.204 I/auditd ( 1950): type=1400 audit(0.0:1668590694): avc: denied { read } for comm="event_loop" lport=13400 scontext=u:r:hht_ota_mgr:s0 tcontext=u:r:hht_ota_mgr:s0 tclass=udp_socket permissive=0
11-11 03:40:56.204 I/auditd ( 1950): type=1400 audit(0.0:1668590695): avc: denied { read } for comm="event_loop" lport=13400 scontext=u:r:hht_ota_mgr:s0 tcontext=u:r:hht_ota_mgr:s0 tclass=udp_socket permissive=0
11-11 03:40:56.204 I/auditd ( 1950): type=1400 audit(0.0:1668590696): avc: denied { read } for comm="event_loop" lport=13400 scontext=u:r:hht_ota_mgr:s0 tcontext=u:r:hht_ota_mgr:s0 tclass=udp_socket permissive=0
11-11 03:40:56.204 I/auditd ( 1950): type=1400 audit(0.0:1668590697): avc: denied { read } for comm="event_loop" lport=13400 scontext=u:r:hht_ota_mgr:s0 tcontext=u:r:hht_ota_mgr:s0 tclass=udp_socket permissive=0
11-11 03:40:56.204 I/auditd ( 1950): type=1400 audit(0.0:1668590698): avc: denied { read } for comm="event_loop" lport=13400 scontext=u:r:hht_ota_mgr:s0 tcontext=u:r:hht_ota_mgr:s0 tclass=udp_socket permissive=0
11-11 03:40:56.425 I/am_uid_idle( 1523): 10047
11-11 03:40:57.206 I/sysui_multi_action( 1523): [757,1696,758,6,759,2]
11-11 03:40:57.204 I/auditd ( 1950): type=1400 audit(0.0:1668859756): avc: denied { read } for comm="event_loop" lport=13400 scontext=u:r:hht_ota_mgr:s0 tcontext=u:r:hht_ota_mgr:s0 tclass=udp_socket permissive=0
11-11 03:40:57.208 I/auditd ( 1950): type=1400 audit(0.0:1668859757): avc: denied { read } for comm="event_loop" lport=13400 scontext=u:r:hht_ota_mgr:s0 tcontext=u:r:hht_ota_mgr:s0 tclass=udp_socket permissive=0
11-11 03:40:57.208 I/auditd ( 1950): type=1400 audit(0.0:1668859758): avc: denied { read } for comm="event_loop" lport=13400 scontext=u:r:hht_ota_mgr:s0 tcontext=u:r:hht_ota_mgr:s0 tclass=udp_socket permissive=0
11-11 03:40:57.208 I/auditd ( 1950): type=1400 audit(0.0:1668859759): avc: denied { read } for comm="event_loop" lport=13400 scontext=u:r:hht_ota_mgr:s0 tcontext=u:r:hht_ota_mgr:s0 tclass=udp_socket permissive=0
11-11 03:40:57.208 I/auditd ( 1950): type=1400 audit(0.0:1668859760): avc: denied { read } for comm="event_loop" lport=13400 scontext=u:r:hht_ota_mgr:s0 tcontext=u:r:hht_ota_mgr:s0 tclass=udp_socket permissive=0
11-11 03:40:57.224 I/am_wtf ( 1523): [0,1523,system_server,-1,DisplayDeviceConfig,requesting nits when no mapping exists.]
11-11 03:40:57.228 I/am_wtf ( 1523): [0,1523,system_server,-1,DisplayDeviceConfig,requesting nits when no mapping exists.]
11-11 03:40:57.240 I/am_wtf ( 1523): [0,1523,system_server,-1,DisplayDeviceConfig,requesting nits when no mapping exists.]
11-11 03:40:57.242 I/am_wtf ( 1523): [0,1523,system_server,-1,DisplayDeviceConfig,requesting nits when no mapping exists.]
11-11 03:40:57.249 I/am_wtf ( 1523): [0,1523,system_server,-1,DisplayDeviceConfig,requesting nits when no mapping exists.]
11-11 03:40:57.250 I/am_wtf ( 1523): [0,1523,system_server,-1,DisplayDeviceConfig,requesting nits when no mapping exists.]
11-11 03:40:57.265 I/am_wtf ( 1523): [0,1523,system_server,-1,DisplayDeviceConfig,requesting nits when no mapping exists.]
11-11 03:40:57.265 I/am_wtf ( 1523): [0,1523,system_server,-1,DisplayDeviceConfig,requesting nits when no mapping exists.]
11-11 03:40:57.282 I/am_wtf ( 1523): [0,1523,system_server,-1,DisplayDeviceConfig,requesting nits when no mapping exists.]
11-11 03:40:57.283 I/am_wtf ( 1523): [0,1523,system_server,-1,DisplayDeviceConfig,requesting nits when no mapping exists.]
11-11 03:40:57.299 I/am_wtf ( 1523): [0,1523,system_server,-1,DisplayDeviceConfig,requesting nits when no mapping exists.]
11-11 03:40:57.300 I/am_wtf ( 1523): [0,1523,system_server,-1,DisplayDeviceConfig,requesting nits when no mapping exists.]
11-11 03:40:57.315 I/am_wtf ( 1523): [0,1523,system_server,-1,DisplayDeviceConfig,requesting nits when no mapping exists.]
11-11 03:40:57.316 I/am_wtf ( 1523): [0,1523,system_server,-1,DisplayDeviceConfig,requesting nits when no mapping exists.]
11-11 03:40:57.332 I/am_wtf ( 1523): [0,1523,system_server,-1,DisplayDeviceConfig,requesting nits when no mapping exists.]
11-11 03:40:57.333 I/am_wtf ( 1523): [0,1523,system_server,-1,DisplayDeviceConfig,requesting nits when no mapping exists.]
11-11 03:40:57.349 I/am_wtf ( 1523): [0,1523,system_server,-1,DisplayDeviceConfig,requesting nits when no mapping exists.]
11-11 03:40:57.350 I/am_wtf ( 1523): [0,1523,system_server,-1,DisplayDeviceConfig,requesting nits when no mapping exists.]
11-11 03:40:57.366 I/am_wtf ( 1523): [0,1523,system_server,-1,DisplayDeviceConfig,requesting nits when no mapping exists.]
11-11 03:40:57.367 I/am_wtf ( 1523): [0,1523,system_server,-1,DisplayDeviceConfig,requesting nits when no mapping exists.]
11-11 03:40:57.383 I/am_wtf ( 1523): [0,1523,system_server,-1,DisplayDeviceConfig,requesting nits when no mapping exists.]
11-11 03:40:57.384 I/am_wtf ( 1523): [0,1523,system_server,-1,DisplayDeviceConfig,requesting nits when no mapping exists.]
11-11 03:40:57.399 I/am_wtf ( 1523): [0,1523,system_server,-1,DisplayDeviceConfig,requesting nits when no mapping exists.]
11-11 03:40:57.400 I/am_wtf ( 1523): [0,1523,system_server,-1,DisplayDeviceConfig,requesting nits when no mapping exists.]
11-11 03:40:57.416 I/am_wtf ( 1523): [0,1523,system_server,-1,DisplayDeviceConfig,requesting nits when no mapping exists.]
11-11 03:40:57.417 I/am_wtf ( 1523): [0,1523,system_server,-1,DisplayDeviceConfig,requesting nits when no mapping exists.]
11-11 03:40:57.433 I/am_wtf ( 1523): [0,1523,system_server,-1,DisplayDeviceConfig,requesting nits when no mapping exists.]
11-11 03:40:57.433 I/am_wtf ( 1523): [0,1523,system_server,-1,DisplayDeviceConfig,requesting nits when no mapping exists.]
11-11 03:40:57.449 I/am_wtf ( 1523): [0,1523,system_server,-1,DisplayDeviceConfig,requesting nits when no mapping exists.]
11-11 03:40:57.450 I/am_wtf ( 1523): [0,1523,system_server,-1,DisplayDeviceConfig,requesting nits when no mapping exists.]
11-11 03:40:57.467 I/am_wtf ( 1523): [0,1523,system_server,-1,DisplayDeviceConfig,requesting nits when no mapping exists.]
11-11 03:40:57.467 I/am_wtf ( 1523): [0,1523,system_server,-1,DisplayDeviceConfig,requesting nits when no mapping exists.]
11-11 03:40:57.483 I/am_wtf ( 1523): [0,1523,system_server,-1,DisplayDeviceConfig,requesting nits when no mapping exists.]
11-11 03:40:57.483 I/am_wtf ( 1523): [0,1523,system_server,-1,DisplayDeviceConfig,requesting nits when no mapping exists.]
11-11 03:40:57.499 I/am_wtf ( 1523): [0,1523,system_server,-1,DisplayDeviceConfig,requesting nits when no mapping exists.]
11-11 03:40:57.500 I/am_wtf ( 1523): [0,1523,system_server,-1,DisplayDeviceConfig,requesting nits when no mapping exists.]
11-11 03:40:57.516 I/am_wtf ( 1523): [0,1523,system_server,-1,DisplayDeviceConfig,requesting nits when no mapping exists.]
11-11 03:40:57.517 I/am_wtf ( 1523): [0,1523,system_server,-1,DisplayDeviceConfig,requesting nits when no mapping exists.]
11-11 03:40:57.532 I/am_wtf ( 1523): [0,1523,system_server,-1,DisplayDeviceConfig,requesting nits when no mapping exists.]
11-11 03:40:57.533 I/am_wtf ( 1523): [0,1523,system_server,-1,DisplayDeviceConfig,requesting nits when no mapping exists.]
11-11 03:40:57.549 I/am_wtf ( 1523): [0,1523,system_server,-1,DisplayDeviceConfig,requesting nits when no mapping exists.]
11-11 03:40:57.550 I/am_wtf ( 1523): [0,1523,system_server,-1,DisplayDeviceConfig,requesting nits when no mapping exists.]
11-11 03:40:57.566 I/am_wtf ( 1523): [0,1523,system_server,-1,DisplayDeviceConfig,requesting nits when no mapping exists.]
11-11 03:40:57.567 I/am_wtf ( 1523): [0,1523,system_server,-1,DisplayDeviceConfig,requesting nits when no mapping exists.]
11-11 03:40:57.583 I/am_wtf ( 1523): [0,1523,system_server,-1,DisplayDeviceConfig,requesting nits when no mapping exists.]
11-11 03:40:57.584 I/am_wtf ( 1523): [0,1523,system_server,-1,DisplayDeviceConfig,requesting nits when no mapping exists.]
11-11 03:40:57.599 I/am_wtf ( 1523): [0,1523,system_server,-1,DisplayDeviceConfig,requesting nits when no mapping exists.]
11-11 03:40:57.600 I/am_wtf ( 1523): [0,1523,system_server,-1,DisplayDeviceConfig,requesting nits when no mapping exists.]
11-11 03:40:57.617 I/am_wtf ( 1523): [0,1523,system_server,-1,DisplayDeviceConfig,requesting nits when no mapping exists.]
11-11 03:40:57.618 I/am_wtf ( 1523): [0,1523,system_server,-1,DisplayDeviceConfig,requesting nits when no mapping exists.]
11-11 03:40:57.633 I/am_wtf ( 1523): [0,1523,system_server,-1,DisplayDeviceConfig,requesting nits when no mapping exists.]
11-11 03:40:57.634 I/am_wtf ( 1523): [0,1523,system_server,-1,DisplayDeviceConfig,requesting nits when no mapping exists.]
11-11 03:40:57.650 I/am_wtf ( 1523): [0,1523,system_server,-1,DisplayDeviceConfig,requesting nits when no mapping exists.]
11-11 03:40:57.650 I/am_wtf ( 1523): [0,1523,system_server,-1,DisplayDeviceConfig,requesting nits when no mapping exists.]
11-11 03:40:57.666 I/am_wtf ( 1523): [0,1523,system_server,-1,DisplayDeviceConfig,requesting nits when no mapping exists.]
11-11 03:40:57.668 I/am_wtf ( 1523): [0,1523,system_server,-1,DisplayDeviceConfig,requesting nits when no mapping exists.]
11-11 03:40:57.683 I/am_wtf ( 1523): [0,1523,system_server,-1,DisplayDeviceConfig,requesting nits when no mapping exists.]
11-11 03:40:57.684 I/am_wtf ( 1523): [0,1523,system_server,-1,DisplayDeviceConfig,requesting nits when no mapping exists.]
11-11 03:40:57.700 I/am_wtf ( 1523): [0,1523,system_server,-1,DisplayDeviceConfig,requesting nits when no mapping exists.]
11-11 03:40:57.700 I/am_wtf ( 1523): [0,1523,system_server,-1,DisplayDeviceConfig,requesting nits when no mapping exists.]
11-11 03:40:57.717 I/am_wtf ( 1523): [0,1523,system_server,-1,DisplayDeviceConfig,requesting nits when no mapping exists.]
11-11 03:40:57.717 I/am_wtf ( 1523): [0,1523,system_server,-1,DisplayDeviceConfig,requesting nits when no mapping exists.]
11-11 03:40:57.733 I/am_wtf ( 1523): [0,1523,system_server,-1,DisplayDeviceConfig,requesting nits when no mapping exists.]
11-11 03:40:57.734 I/am_wtf ( 1523): [0,1523,system_server,-1,DisplayDeviceConfig,requesting nits when no mapping exists.]
11-11 03:40:57.750 I/am_wtf ( 1523): [0,1523,system_server,-1,DisplayDeviceConfig,requesting nits when no mapping exists.]
11-11 03:40:57.751 I/am_wtf ( 1523): [0,1523,system_server,-1,DisplayDeviceConfig,requesting nits when no mapping exists.]
11-11 03:40:57.767 I/am_wtf ( 1523): [0,1523,system_server,-1,DisplayDeviceConfig,requesting nits when no mapping exists.]
11-11 03:40:57.768 I/am_wtf ( 1523): [0,1523,system_server,-1,DisplayDeviceConfig,requesting nits when no mapping exists.]
11-11 03:40:57.783 I/am_wtf ( 1523): [0,1523,system_server,-1,DisplayDeviceConfig,requesting nits when no mapping exists.]
11-11 03:40:57.784 I/am_wtf ( 1523): [0,1523,system_server,-1,DisplayDeviceConfig,requesting nits when no mapping exists.]
11-11 03:40:57.800 I/am_wtf ( 1523): [0,1523,system_server,-1,DisplayDeviceConfig,requesting nits when no mapping exists.]
11-11 03:40:57.801 I/am_wtf ( 1523): [0,1523,system_server,-1,DisplayDeviceConfig,requesting nits when no mapping exists.]
11-11 03:40:57.817 I/am_wtf ( 1523): [0,1523,system_server,-1,DisplayDeviceConfig,requesting nits when no mapping exists.]
11-11 03:40:57.818 I/am_wtf ( 1523): [0,1523,system_server,-1,DisplayDeviceConfig,requesting nits when no mapping exists.]
11-11 03:40:57.833 I/am_wtf ( 1523): [0,1523,system_server,-1,DisplayDeviceConfig,requesting nits when no mapping exists.]
11-11 03:40:57.834 I/am_wtf ( 1523): [0,1523,system_server,-1,DisplayDeviceConfig,requesting nits when no mapping exists.]
11-11 03:40:57.850 I/am_wtf ( 1523): [0,1523,system_server,-1,DisplayDeviceConfig,requesting nits when no mapping exists.]
11-11 03:40:57.851 I/am_wtf ( 1523): [0,1523,system_server,-1,DisplayDeviceConfig,requesting nits when no mapping exists.]
11-11 03:40:57.867 I/am_wtf ( 1523): [0,1523,system_server,-1,DisplayDeviceConfig,requesting nits when no mapping exists.]
11-11 03:40:57.868 I/am_wtf ( 1523): [0,1523,system_server,-1,DisplayDeviceConfig,requesting nits when no mapping exists.]
11-11 03:40:57.884 I/am_wtf ( 1523): [0,1523,system_server,-1,DisplayDeviceConfig,requesting nits when no mapping exists.]
11-11 03:40:57.884 I/am_wtf ( 1523): [0,1523,system_server,-1,DisplayDeviceConfig,requesting nits when no mapping exists.]
11-11 03:40:57.900 I/am_wtf ( 1523): [0,1523,system_server,-1,DisplayDeviceConfig,requesting nits when no mapping exists.]
11-11 03:40:57.901 I/am_wtf ( 1523): [0,1523,system_server,-1,DisplayDeviceConfig,requesting nits when no mapping exists.]
11-11 03:40:57.917 I/am_wtf ( 1523): [0,1523,system_server,-1,DisplayDeviceConfig,requesting nits when no mapping exists.]
11-11 03:40:57.918 I/am_wtf ( 1523): [0,1523,system_server,-1,DisplayDeviceConfig,requesting nits when no mapping exists.]
11-11 03:40:57.934 I/am_wtf ( 1523): [0,1523,system_server,-1,DisplayDeviceConfig,requesting nits when no mapping exists.]
11-11 03:40:57.935 I/am_wtf ( 1523): [0,1523,system_server,-1,DisplayDeviceConfig,requesting nits when no mapping exists.]
11-11 03:40:57.951 I/am_wtf ( 1523): [0,1523,system_server,-1,DisplayDeviceConfig,requesting nits when no mapping exists.]
11-11 03:40:57.952 I/am_wtf ( 1523): [0,1523,system_server,-1,DisplayDeviceConfig,requesting nits when no mapping exists.]
11-11 03:40:57.967 I/am_wtf ( 1523): [0,1523,system_server,-1,DisplayDeviceConfig,requesting nits when no mapping exists.]
11-11 03:40:57.968 I/am_wtf ( 1523): [0,1523,system_server,-1,DisplayDeviceConfig,requesting nits when no mapping exists.]
11-11 03:40:57.984 I/am_wtf ( 1523): [0,1523,system_server,-1,DisplayDeviceConfig,requesting nits when no mapping exists.]
11-11 03:40:57.985 I/am_wtf ( 1523): [0,1523,system_server,-1,DisplayDeviceConfig,requesting nits when no mapping exists.]
11-11 03:40:58.001 I/am_wtf ( 1523): [0,1523,system_server,-1,DisplayDeviceConfig,requesting nits when no mapping exists.]
11-11 03:40:58.002 I/am_wtf ( 1523): [0,1523,system_server,-1,DisplayDeviceConfig,requesting nits when no mapping exists.]
11-11 03:40:58.002 I/service_manager_stats( 1523): [100,49,55293]
11-11 03:40:58.017 I/am_wtf ( 1523): [0,1523,system_server,-1,DisplayDeviceConfig,requesting nits when no mapping exists.]
11-11 03:40:58.018 I/am_wtf ( 1523): [0,1523,system_server,-1,DisplayDeviceConfig,requesting nits when no mapping exists.]
11-11 03:40:58.034 I/am_wtf ( 1523): [0,1523,system_server,-1,DisplayDeviceConfig,requesting nits when no mapping exists.]
11-11 03:40:58.035 I/am_wtf ( 1523): [0,1523,system_server,-1,DisplayDeviceConfig,requesting nits when no mapping exists.]
11-11 03:40:58.051 I/am_wtf ( 1523): [0,1523,system_server,-1,DisplayDeviceConfig,requesting nits when no mapping exists.]
11-11 03:40:58.051 I/am_wtf ( 1523): [0,1523,system_server,-1,DisplayDeviceConfig,requesting nits when no mapping exists.]
11-11 03:40:58.068 I/am_wtf ( 1523): [0,1523,system_server,-1,DisplayDeviceConfig,requesting nits when no mapping exists.]
11-11 03:40:58.068 I/am_wtf ( 1523): [0,1523,system_server,-1,DisplayDeviceConfig,requesting nits when no mapping exists.]
11-11 03:40:58.084 I/am_wtf ( 1523): [0,1523,system_server,-1,DisplayDeviceConfig,requesting nits when no mapping exists.]
11-11 03:40:58.085 I/am_wtf ( 1523): [0,1523,system_server,-1,DisplayDeviceConfig,requesting nits when no mapping exists.]
11-11 03:40:58.101 I/am_wtf ( 1523): [0,1523,system_server,-1,DisplayDeviceConfig,requesting nits when no mapping exists.]
11-11 03:40:58.101 I/am_wtf ( 1523): [0,1523,system_server,-1,DisplayDeviceConfig,requesting nits when no mapping exists.]
11-11 03:40:58.117 I/am_wtf ( 1523): [0,1523,system_server,-1,DisplayDeviceConfig,requesting nits when no mapping exists.]
11-11 03:40:58.118 I/am_wtf ( 1523): [0,1523,system_server,-1,DisplayDeviceConfig,requesting nits when no mapping exists.]
11-11 03:40:58.134 I/am_wtf ( 1523): [0,1523,system_server,-1,DisplayDeviceConfig,requesting nits when no mapping exists.]
11-11 03:40:58.135 I/am_wtf ( 1523): [0,1523,system_server,-1,DisplayDeviceConfig,requesting nits when no mapping exists.]
11-11 03:40:58.151 I/am_wtf ( 1523): [0,1523,system_server,-1,DisplayDeviceConfig,requesting nits when no mapping exists.]
11-11 03:40:58.152 I/am_wtf ( 1523): [0,1523,system_server,-1,DisplayDeviceConfig,requesting nits when no mapping exists.]
11-11 03:40:58.168 I/am_wtf ( 1523): [0,1523,system_server,-1,DisplayDeviceConfig,requesting nits when no mapping exists.]
11-11 03:40:58.169 I/am_wtf ( 1523): [0,1523,system_server,-1,DisplayDeviceConfig,requesting nits when no mapping exists.]
11-11 03:40:58.208 I/auditd ( 1950): type=1400 audit(0.0:1669127953): avc: denied { read } for comm="event_loop" lport=13400 scontext=u:r:hht_ota_mgr:s0 tcontext=u:r:hht_ota_mgr:s0 tclass=udp_socket permissive=0
11-11 03:40:58.212 I/auditd ( 1950): type=1400 audit(0.0:1669127954): avc: denied { read } for comm="event_loop" lport=13400 scontext=u:r:hht_ota_mgr:s0 tcontext=u:r:hht_ota_mgr:s0 tclass=udp_socket permissive=0
11-11 03:40:58.212 I/auditd ( 1950): type=1400 audit(0.0:1669127955): avc: denied { read } for comm="event_loop" lport=13400 scontext=u:r:hht_ota_mgr:s0 tcontext=u:r:hht_ota_mgr:s0 tclass=udp_socket permissive=0
11-11 03:40:58.212 I/auditd ( 1950): type=1400 audit(0.0:1669127956): avc: denied { read } for comm="event_loop" lport=13400 scontext=u:r:hht_ota_mgr:s0 tcontext=u:r:hht_ota_mgr:s0 tclass=udp_socket permissive=0
11-11 03:40:58.212 I/auditd ( 1950): type=1400 audit(0.0:1669127957): avc: denied { read } for comm="event_loop" lport=13400 scontext=u:r:hht_ota_mgr:s0 tcontext=u:r:hht_ota_mgr:s0 tclass=udp_socket permissive=0
11-11 03:40:59.216 I/auditd ( 1950): type=1400 audit(0.0:1669396713): avc: denied { read } for comm="event_loop" lport=13400 scontext=u:r:hht_ota_mgr:s0 tcontext=u:r:hht_ota_mgr:s0 tclass=udp_socket permissive=0
11-11 03:40:59.216 I/auditd ( 1950): type=1400 audit(0.0:1669396714): avc: denied { read } for comm="event_loop" lport=13400 scontext=u:r:hht_ota_mgr:s0 tcontext=u:r:hht_ota_mgr:s0 tclass=udp_socket permissive=0
11-11 03:40:59.216 I/auditd ( 1950): type=1400 audit(0.0:1669396715): avc: denied { read } for comm="event_loop" lport=13400 scontext=u:r:hht_ota_mgr:s0 tcontext=u:r:hht_ota_mgr:s0 tclass=udp_socket permissive=0
11-11 03:40:59.216 I/auditd ( 1950): type=1400 audit(0.0:1669396716): avc: denied { read } for comm="event_loop" lport=13400 scontext=u:r:hht_ota_mgr:s0 tcontext=u:r:hht_ota_mgr:s0 tclass=udp_socket permissive=0
11-11 03:40:59.216 I/auditd ( 1950): type=1400 audit(0.0:1669396717): avc: denied { read } for comm="event_loop" lport=13400 scontext=u:r:hht_ota_mgr:s0 tcontext=u:r:hht_ota_mgr:s0 tclass=udp_socket permissive=0
11-11 03:41:00.220 I/auditd ( 1950): type=1400 audit(0.0:1669664942): avc: denied { read } for comm="event_loop" lport=13400 scontext=u:r:hht_ota_mgr:s0 tcontext=u:r:hht_ota_mgr:s0 tclass=udp_socket permissive=0
11-11 03:41:00.220 I/auditd ( 1950): type=1400 audit(0.0:1669664943): avc: denied { read } for comm="event_loop" lport=13400 scontext=u:r:hht_ota_mgr:s0 tcontext=u:r:hht_ota_mgr:s0 tclass=udp_socket permissive=0
11-11 03:41:00.220 I/auditd ( 1950): type=1400 audit(0.0:1669664944): avc: denied { read } for comm="event_loop" lport=13400 scontext=u:r:hht_ota_mgr:s0 tcontext=u:r:hht_ota_mgr:s0 tclass=udp_socket permissive=0
11-11 03:41:00.220 I/auditd ( 1950): type=1400 audit(0.0:1669664945): avc: denied { read } for comm="event_loop" lport=13400 scontext=u:r:hht_ota_mgr:s0 tcontext=u:r:hht_ota_mgr:s0 tclass=udp_socket permissive=0
11-11 03:41:00.220 I/auditd ( 1950): type=1400 audit(0.0:1669664946): avc: denied { read } for comm="event_loop" lport=13400 scontext=u:r:hht_ota_mgr:s0 tcontext=u:r:hht_ota_mgr:s0 tclass=udp_socket permissive=0
11-11 03:41:01.224 I/auditd ( 1950): type=1400 audit(0.0:1669933310): avc: denied { read } for comm="event_loop" lport=13400 scontext=u:r:hht_ota_mgr:s0 tcontext=u:r:hht_ota_mgr:s0 tclass=udp_socket permissive=0
11-11 03:41:01.224 I/auditd ( 1950): type=1400 audit(0.0:1669933311): avc: denied { read } for comm="event_loop" lport=13400 scontext=u:r:hht_ota_mgr:s0 tcontext=u:r:hht_ota_mgr:s0 tclass=udp_socket permissive=0
11-11 03:41:01.224 I/auditd ( 1950): type=1400 audit(0.0:1669933312): avc: denied { read } for comm="event_loop" lport=13400 scontext=u:r:hht_ota_mgr:s0 tcontext=u:r:hht_ota_mgr:s0 tclass=udp_socket permissive=0
11-11 03:41:01.224 I/auditd ( 1950): type=1400 audit(0.0:1669933313): avc: denied { read } for comm="event_loop" lport=13400 scontext=u:r:hht_ota_mgr:s0 tcontext=u:r:hht_ota_mgr:s0 tclass=udp_socket permissive=0
11-11 03:41:01.224 I/auditd ( 1950): type=1400 audit(0.0:1669933314): avc: denied { read } for comm="event_loop" lport=13400 scontext=u:r:hht_ota_mgr:s0 tcontext=u:r:hht_ota_mgr:s0 tclass=udp_socket permissive=0
11-11 03:41:02.164 I/am_uid_idle( 1523): 10064
11-11 03:41:02.228 I/auditd ( 1950): type=1400 audit(0.0:1670201481): avc: denied { read } for comm="event_loop" lport=13400 scontext=u:r:hht_ota_mgr:s0 tcontext=u:r:hht_ota_mgr:s0 tclass=udp_socket permissive=0
11-11 03:41:02.228 I/auditd ( 1950): type=1400 audit(0.0:1670201482): avc: denied { read } for comm="event_loop" lport=13400 scontext=u:r:hht_ota_mgr:s0 tcontext=u:r:hht_ota_mgr:s0 tclass=udp_socket permissive=0
11-11 03:41:02.228 I/auditd ( 1950): type=1400 audit(0.0:1670201483): avc: denied { read } for comm="event_loop" lport=13400 scontext=u:r:hht_ota_mgr:s0 tcontext=u:r:hht_ota_mgr:s0 tclass=udp_socket permissive=0
11-11 03:41:02.228 I/auditd ( 1950): type=1400 audit(0.0:1670201484): avc: denied { read } for comm="event_loop" lport=13400 scontext=u:r:hht_ota_mgr:s0 tcontext=u:r:hht_ota_mgr:s0 tclass=udp_socket permissive=0
11-11 03:41:02.228 I/auditd ( 1950): type=1400 audit(0.0:1670201485): avc: denied { read } for comm="event_loop" lport=13400 scontext=u:r:hht_ota_mgr:s0 tcontext=u:r:hht_ota_mgr:s0 tclass=udp_socket permissive=0
11-11 03:41:03.228 I/auditd ( 1950): type=1400 audit(0.0:1670469614): avc: denied { read } for comm="event_loop" lport=13400 scontext=u:r:hht_ota_mgr:s0 tcontext=u:r:hht_ota_mgr:s0 tclass=udp_socket permissive=0
11-11 03:41:03.232 I/auditd ( 1950): type=1400 audit(0.0:1670469615): avc: denied { read } for comm="event_loop" lport=13400 scontext=u:r:hht_ota_mgr:s0 tcontext=u:r:hht_ota_mgr:s0 tclass=udp_socket permissive=0
11-11 03:41:03.232 I/auditd ( 1950): type=1400 audit(0.0:1670469616): avc: denied { read } for comm="event_loop" lport=13400 scontext=u:r:hht_ota_mgr:s0 tcontext=u:r:hht_ota_mgr:s0 tclass=udp_socket permissive=0
11-11 03:41:03.232 I/auditd ( 1950): type=1400 audit(0.0:1670469617): avc: denied { read } for comm="event_loop" lport=13400 scontext=u:r:hht_ota_mgr:s0 tcontext=u:r:hht_ota_mgr:s0 tclass=udp_socket permissive=0
11-11 03:41:03.232 I/auditd ( 1950): type=1400 audit(0.0:1670469618): avc: denied { read } for comm="event_loop" lport=13400 scontext=u:r:hht_ota_mgr:s0 tcontext=u:r:hht_ota_mgr:s0 tclass=udp_socket permissive=0
11-11 03:41:04.216 I/sysui_multi_action( 1523): [757,222,758,1]
11-11 03:41:04.219 I/am_uid_active( 1523): 10047
11-11 03:41:04.229 I/wm_task_created( 1523): [28,-1]
11-11 03:41:04.232 I/wm_task_moved( 1523): [28,1,7]
11-11 03:41:04.232 I/wm_task_to_front( 1523): [0,28]
11-11 03:41:04.232 I/am_pss ( 1523): [7308,10064,com.thundercomm.gamemode.provider,8200192,5763072,0,95432704,0,19,9]
11-11 03:41:04.232 I/wm_create_task( 1523): [0,28]
11-11 03:41:04.232 I/wm_create_activity( 1523): [0,48256968,28,com.thundercomm.screensaver/android.service.dreams.DreamActivity,NULL,NULL,NULL,276824064]
11-11 03:41:04.232 I/wm_task_moved( 1523): [28,1,7]
11-11 03:41:04.232 I/wm_on_top_resumed_lost_called( 2851): [5960070,com.android.launcher3.uioverrides.QuickstepLauncher,topStateChangedWhenResumed]
11-11 03:41:04.234 I/wm_pause_activity( 1523): [0,5960070,com.android.launcher3/.uioverrides.QuickstepLauncher,userLeaving=true,pauseBackTasks]
11-11 03:41:04.235 I/wm_on_paused_called( 2851): [5960070,com.android.launcher3.uioverrides.QuickstepLauncher,performPause]
11-11 03:41:04.237 I/wm_add_to_stopping( 1523): [0,5960070,com.android.launcher3/.uioverrides.QuickstepLauncher,makeInvisible]
11-11 03:41:04.237 I/wm_restart_activity( 1523): [0,48256968,28,com.thundercomm.screensaver/android.service.dreams.DreamActivity]
11-11 03:41:04.238 I/wm_set_resumed_activity( 1523): [0,com.thundercomm.screensaver/android.service.dreams.DreamActivity,minimalResumeActivityLocked]
11-11 03:41:04.236 I/auditd ( 1950): type=1400 audit(0.0:1670737738): avc: denied { read } for comm="event_loop" lport=13400 scontext=u:r:hht_ota_mgr:s0 tcontext=u:r:hht_ota_mgr:s0 tclass=udp_socket permissive=0
11-11 03:41:04.236 I/auditd ( 1950): type=1400 audit(0.0:1670737739): avc: denied { read } for comm="event_loop" lport=13400 scontext=u:r:hht_ota_mgr:s0 tcontext=u:r:hht_ota_mgr:s0 tclass=udp_socket permissive=0
11-11 03:41:04.236 I/auditd ( 1950): type=1400 audit(0.0:1670737740): avc: denied { read } for comm="event_loop" lport=13400 scontext=u:r:hht_ota_mgr:s0 tcontext=u:r:hht_ota_mgr:s0 tclass=udp_socket permissive=0
11-11 03:41:04.236 I/auditd ( 1950): type=1400 audit(0.0:1670737741): avc: denied { read } for comm="event_loop" lport=13400 scontext=u:r:hht_ota_mgr:s0 tcontext=u:r:hht_ota_mgr:s0 tclass=udp_socket permissive=0
11-11 03:41:04.236 I/auditd ( 1950): type=1400 audit(0.0:1670737742): avc: denied { read } for comm="event_loop" lport=13400 scontext=u:r:hht_ota_mgr:s0 tcontext=u:r:hht_ota_mgr:s0 tclass=udp_socket permissive=0
11-11 03:41:04.240 I/sysui_multi_action( 1523): [757,803,799,window_time_0,802,69]
11-11 03:41:04.242 I/wm_on_create_called( 5199): [48256968,android.service.dreams.DreamActivity,performCreate]
11-11 03:41:04.242 I/wm_on_start_called( 5199): [48256968,android.service.dreams.DreamActivity,handleStartActivity]
11-11 03:41:04.243 I/wm_on_resume_called( 5199): [48256968,android.service.dreams.DreamActivity,RESUME_ACTIVITY]
11-11 03:41:04.244 I/am_uid_active( 1523): 10064
11-11 03:41:04.245 I/wm_on_top_resumed_gained_called( 5199): [48256968,android.service.dreams.DreamActivity,topStateChangedWhenResumed]
11-11 03:41:04.259 I/input_focus( 1523): [Focus request 1872874 com.thundercomm.screensaver/android.service.dreams.DreamActivity,reason=UpdateInputWindows]
11-11 03:41:04.267 I/sysui_multi_action( 1523): [319,38,322,38,325,9390,757,761,758,8,759,2,806,com.thundercomm.screensaver,871,android.service.dreams.DreamActivity,904,com.thundercomm.screensaver,905,0,1320,4,1321,2]
11-11 03:41:04.267 I/wm_activity_launch_time( 1523): [0,48256968,com.thundercomm.screensaver/android.service.dreams.DreamActivity,38]
11-11 03:41:04.268 I/sysui_multi_action( 1523): [757,1696,758,6,759,3]
11-11 03:41:04.268 I/input_focus( 1523): [Focus leaving de84a7a com.android.launcher3/com.android.launcher3.uioverrides.QuickstepLauncher (server),reason=NO_WINDOW]
11-11 03:41:04.281 I/am_wtf ( 1523): [0,1523,system_server,-1,DisplayDeviceConfig,requesting nits when no mapping exists.]
11-11 03:41:04.281 I/am_wtf ( 1523): [0,1523,system_server,-1,DisplayDeviceConfig,requesting nits when no mapping exists.]
11-11 03:41:04.282 I/input_focus( 1523): [Focus entering 1872874 com.thundercomm.screensaver/android.service.dreams.DreamActivity (server),reason=Window became focusable. Previous reason: NOT_VISIBLE]
11-11 03:41:04.298 I/am_wtf ( 1523): [0,1523,system_server,-1,DisplayDeviceConfig,requesting nits when no mapping exists.]
11-11 03:41:04.298 I/am_wtf ( 1523): [0,1523,system_server,-1,DisplayDeviceConfig,requesting nits when no mapping exists.]
11-11 03:41:04.314 I/am_wtf ( 1523): [0,1523,system_server,-1,DisplayDeviceConfig,requesting nits when no mapping exists.]
11-11 03:41:04.315 I/am_wtf ( 1523): [0,1523,system_server,-1,DisplayDeviceConfig,requesting nits when no mapping exists.]
11-11 03:41:04.331 I/am_wtf ( 1523): [0,1523,system_server,-1,DisplayDeviceConfig,requesting nits when no mapping exists.]
11-11 03:41:04.332 I/am_wtf ( 1523): [0,1523,system_server,-1,DisplayDeviceConfig,requesting nits when no mapping exists.]
11-11 03:41:04.348 I/am_wtf ( 1523): [0,1523,system_server,-1,DisplayDeviceConfig,requesting nits when no mapping exists.]
11-11 03:41:04.348 I/am_wtf ( 1523): [0,1523,system_server,-1,DisplayDeviceConfig,requesting nits when no mapping exists.]
11-11 03:41:04.365 I/am_wtf ( 1523): [0,1523,system_server,-1,DisplayDeviceConfig,requesting nits when no mapping exists.]
11-11 03:41:04.365 I/am_wtf ( 1523): [0,1523,system_server,-1,DisplayDeviceConfig,requesting nits when no mapping exists.]
11-11 03:41:04.382 I/am_wtf ( 1523): [0,1523,system_server,-1,DisplayDeviceConfig,requesting nits when no mapping exists.]
11-11 03:41:04.382 I/am_wtf ( 1523): [0,1523,system_server,-1,DisplayDeviceConfig,requesting nits when no mapping exists.]
11-11 03:41:04.398 I/am_wtf ( 1523): [0,1523,system_server,-1,DisplayDeviceConfig,requesting nits when no mapping exists.]
11-11 03:41:04.398 I/am_wtf ( 1523): [0,1523,system_server,-1,DisplayDeviceConfig,requesting nits when no mapping exists.]
11-11 03:41:04.415 I/am_wtf ( 1523): [0,1523,system_server,-1,DisplayDeviceConfig,requesting nits when no mapping exists.]
11-11 03:41:04.415 I/am_wtf ( 1523): [0,1523,system_server,-1,DisplayDeviceConfig,requesting nits when no mapping exists.]
11-11 03:41:04.431 I/am_wtf ( 1523): [0,1523,system_server,-1,DisplayDeviceConfig,requesting nits when no mapping exists.]
11-11 03:41:04.432 I/am_wtf ( 1523): [0,1523,system_server,-1,DisplayDeviceConfig,requesting nits when no mapping exists.]
11-11 03:41:04.448 I/am_wtf ( 1523): [0,1523,system_server,-1,DisplayDeviceConfig,requesting nits when no mapping exists.]
11-11 03:41:04.448 I/am_wtf ( 1523): [0,1523,system_server,-1,DisplayDeviceConfig,requesting nits when no mapping exists.]
11-11 03:41:04.465 I/am_wtf ( 1523): [0,1523,system_server,-1,DisplayDeviceConfig,requesting nits when no mapping exists.]
11-11 03:41:04.465 I/am_wtf ( 1523): [0,1523,system_server,-1,DisplayDeviceConfig,requesting nits when no mapping exists.]
11-11 03:41:04.482 I/am_wtf ( 1523): [0,1523,system_server,-1,DisplayDeviceConfig,requesting nits when no mapping exists.]
11-11 03:41:04.482 I/am_wtf ( 1523): [0,1523,system_server,-1,DisplayDeviceConfig,requesting nits when no mapping exists.]
11-11 03:41:04.498 I/am_wtf ( 1523): [0,1523,system_server,-1,DisplayDeviceConfig,requesting nits when no mapping exists.]
11-11 03:41:04.498 I/am_wtf ( 1523): [0,1523,system_server,-1,DisplayDeviceConfig,requesting nits when no mapping exists.]
11-11 03:41:04.515 I/am_wtf ( 1523): [0,1523,system_server,-1,DisplayDeviceConfig,requesting nits when no mapping exists.]
11-11 03:41:04.515 I/am_wtf ( 1523): [0,1523,system_server,-1,DisplayDeviceConfig,requesting nits when no mapping exists.]
11-11 03:41:04.531 I/am_wtf ( 1523): [0,1523,system_server,-1,DisplayDeviceConfig,requesting nits when no mapping exists.]
11-11 03:41:04.532 I/am_wtf ( 1523): [0,1523,system_server,-1,DisplayDeviceConfig,requesting nits when no mapping exists.]
11-11 03:41:04.548 I/am_wtf ( 1523): [0,1523,system_server,-1,DisplayDeviceConfig,requesting nits when no mapping exists.]
11-11 03:41:04.548 I/am_wtf ( 1523): [0,1523,system_server,-1,DisplayDeviceConfig,requesting nits when no mapping exists.]
11-11 03:41:04.566 I/am_wtf ( 1523): [0,1523,system_server,-1,DisplayDeviceConfig,requesting nits when no mapping exists.]
11-11 03:41:04.566 I/am_wtf ( 1523): [0,1523,system_server,-1,DisplayDeviceConfig,requesting nits when no mapping exists.]
11-11 03:41:04.567 I/wm_stop_activity( 1523): [0,5960070,com.android.launcher3/.uioverrides.QuickstepLauncher]
11-11 03:41:04.582 I/am_wtf ( 1523): [0,1523,system_server,-1,DisplayDeviceConfig,requesting nits when no mapping exists.]
11-11 03:41:04.582 I/am_wtf ( 1523): [0,1523,system_server,-1,DisplayDeviceConfig,requesting nits when no mapping exists.]
11-11 03:41:04.585 I/wm_on_stop_called( 2851): [5960070,com.android.launcher3.uioverrides.QuickstepLauncher,STOP_ACTIVITY_ITEM]
11-11 03:41:04.599 I/am_wtf ( 1523): [0,1523,system_server,-1,DisplayDeviceConfig,requesting nits when no mapping exists.]
11-11 03:41:04.599 I/am_wtf ( 1523): [0,1523,system_server,-1,DisplayDeviceConfig,requesting nits when no mapping exists.]
11-11 03:41:04.615 I/am_wtf ( 1523): [0,1523,system_server,-1,DisplayDeviceConfig,requesting nits when no mapping exists.]
11-11 03:41:04.616 I/am_wtf ( 1523): [0,1523,system_server,-1,DisplayDeviceConfig,requesting nits when no mapping exists.]
11-11 03:41:04.632 I/am_wtf ( 1523): [0,1523,system_server,-1,DisplayDeviceConfig,requesting nits when no mapping exists.]
11-11 03:41:04.632 I/am_wtf ( 1523): [0,1523,system_server,-1,DisplayDeviceConfig,requesting nits when no mapping exists.]
11-11 03:41:04.648 I/am_wtf ( 1523): [0,1523,system_server,-1,DisplayDeviceConfig,requesting nits when no mapping exists.]
11-11 03:41:04.649 I/am_wtf ( 1523): [0,1523,system_server,-1,DisplayDeviceConfig,requesting nits when no mapping exists.]
11-11 03:41:04.665 I/am_wtf ( 1523): [0,1523,system_server,-1,DisplayDeviceConfig,requesting nits when no mapping exists.]
11-11 03:41:04.666 I/am_wtf ( 1523): [0,1523,system_server,-1,DisplayDeviceConfig,requesting nits when no mapping exists.]
11-11 03:41:04.682 I/am_wtf ( 1523): [0,1523,system_server,-1,DisplayDeviceConfig,requesting nits when no mapping exists.]
11-11 03:41:04.682 I/am_wtf ( 1523): [0,1523,system_server,-1,DisplayDeviceConfig,requesting nits when no mapping exists.]
11-11 03:41:04.699 I/am_wtf ( 1523): [0,1523,system_server,-1,DisplayDeviceConfig,requesting nits when no mapping exists.]
11-11 03:41:04.699 I/am_wtf ( 1523): [0,1523,system_server,-1,DisplayDeviceConfig,requesting nits when no mapping exists.]
11-11 03:41:04.716 I/am_wtf ( 1523): [0,1523,system_server,-1,DisplayDeviceConfig,requesting nits when no mapping exists.]
11-11 03:41:04.716 I/am_wtf ( 1523): [0,1523,system_server,-1,DisplayDeviceConfig,requesting nits when no mapping exists.]
11-11 03:41:04.732 I/am_wtf ( 1523): [0,1523,system_server,-1,DisplayDeviceConfig,requesting nits when no mapping exists.]
11-11 03:41:04.732 I/am_wtf ( 1523): [0,1523,system_server,-1,DisplayDeviceConfig,requesting nits when no mapping exists.]
11-11 03:41:04.749 I/am_wtf ( 1523): [0,1523,system_server,-1,DisplayDeviceConfig,requesting nits when no mapping exists.]
11-11 03:41:04.749 I/am_wtf ( 1523): [0,1523,system_server,-1,DisplayDeviceConfig,requesting nits when no mapping exists.]
11-11 03:41:04.766 I/am_wtf ( 1523): [0,1523,system_server,-1,DisplayDeviceConfig,requesting nits when no mapping exists.]
11-11 03:41:04.766 I/am_wtf ( 1523): [0,1523,system_server,-1,DisplayDeviceConfig,requesting nits when no mapping exists.]
11-11 03:41:04.782 I/am_wtf ( 1523): [0,1523,system_server,-1,DisplayDeviceConfig,requesting nits when no mapping exists.]
11-11 03:41:04.783 I/am_wtf ( 1523): [0,1523,system_server,-1,DisplayDeviceConfig,requesting nits when no mapping exists.]
11-11 03:41:04.799 I/am_wtf ( 1523): [0,1523,system_server,-1,DisplayDeviceConfig,requesting nits when no mapping exists.]
11-11 03:41:04.799 I/am_wtf ( 1523): [0,1523,system_server,-1,DisplayDeviceConfig,requesting nits when no mapping exists.]
11-11 03:41:04.816 I/am_wtf ( 1523): [0,1523,system_server,-1,DisplayDeviceConfig,requesting nits when no mapping exists.]
11-11 03:41:04.816 I/am_wtf ( 1523): [0,1523,system_server,-1,DisplayDeviceConfig,requesting nits when no mapping exists.]
11-11 03:41:04.832 I/am_wtf ( 1523): [0,1523,system_server,-1,DisplayDeviceConfig,requesting nits when no mapping exists.]
11-11 03:41:04.833 I/am_wtf ( 1523): [0,1523,system_server,-1,DisplayDeviceConfig,requesting nits when no mapping exists.]
11-11 03:41:04.849 I/am_wtf ( 1523): [0,1523,system_server,-1,DisplayDeviceConfig,requesting nits when no mapping exists.]
11-11 03:41:04.849 I/am_wtf ( 1523): [0,1523,system_server,-1,DisplayDeviceConfig,requesting nits when no mapping exists.]
11-11 03:41:04.866 I/am_wtf ( 1523): [0,1523,system_server,-1,DisplayDeviceConfig,requesting nits when no mapping exists.]
11-11 03:41:04.866 I/am_wtf ( 1523): [0,1523,system_server,-1,DisplayDeviceConfig,requesting nits when no mapping exists.]
11-11 03:41:04.883 I/am_wtf ( 1523): [0,1523,system_server,-1,DisplayDeviceConfig,requesting nits when no mapping exists.]
11-11 03:41:04.883 I/am_wtf ( 1523): [0,1523,system_server,-1,DisplayDeviceConfig,requesting nits when no mapping exists.]
11-11 03:41:04.899 I/am_wtf ( 1523): [0,1523,system_server,-1,DisplayDeviceConfig,requesting nits when no mapping exists.]
11-11 03:41:04.899 I/am_wtf ( 1523): [0,1523,system_server,-1,DisplayDeviceConfig,requesting nits when no mapping exists.]
11-11 03:41:04.916 I/am_wtf ( 1523): [0,1523,system_server,-1,DisplayDeviceConfig,requesting nits when no mapping exists.]
11-11 03:41:04.916 I/am_wtf ( 1523): [0,1523,system_server,-1,DisplayDeviceConfig,requesting nits when no mapping exists.]
11-11 03:41:04.933 I/am_wtf ( 1523): [0,1523,system_server,-1,DisplayDeviceConfig,requesting nits when no mapping exists.]
11-11 03:41:04.933 I/am_wtf ( 1523): [0,1523,system_server,-1,DisplayDeviceConfig,requesting nits when no mapping exists.]
11-11 03:41:04.933 I/service_manager_stats( 1523): [100,24,6930]
11-11 03:41:04.949 I/am_wtf ( 1523): [0,1523,system_server,-1,DisplayDeviceConfig,requesting nits when no mapping exists.]
11-11 03:41:04.950 I/am_wtf ( 1523): [0,1523,system_server,-1,DisplayDeviceConfig,requesting nits when no mapping exists.]
11-11 03:41:04.966 I/am_wtf ( 1523): [0,1523,system_server,-1,DisplayDeviceConfig,requesting nits when no mapping exists.]
11-11 03:41:04.966 I/am_wtf ( 1523): [0,1523,system_server,-1,DisplayDeviceConfig,requesting nits when no mapping exists.]
11-11 03:41:04.983 I/am_wtf ( 1523): [0,1523,system_server,-1,DisplayDeviceConfig,requesting nits when no mapping exists.]
11-11 03:41:04.983 I/am_wtf ( 1523): [0,1523,system_server,-1,DisplayDeviceConfig,requesting nits when no mapping exists.]
11-11 03:41:05.000 I/am_wtf ( 1523): [0,1523,system_server,-1,DisplayDeviceConfig,requesting nits when no mapping exists.]
11-11 03:41:05.000 I/am_wtf ( 1523): [0,1523,system_server,-1,DisplayDeviceConfig,requesting nits when no mapping exists.]
11-11 03:41:05.016 I/am_wtf ( 1523): [0,1523,system_server,-1,DisplayDeviceConfig,requesting nits when no mapping exists.]
11-11 03:41:05.016 I/am_wtf ( 1523): [0,1523,system_server,-1,DisplayDeviceConfig,requesting nits when no mapping exists.]
11-11 03:41:05.033 I/am_wtf ( 1523): [0,1523,system_server,-1,DisplayDeviceConfig,requesting nits when no mapping exists.]
11-11 03:41:05.033 I/am_wtf ( 1523): [0,1523,system_server,-1,DisplayDeviceConfig,requesting nits when no mapping exists.]
11-11 03:41:05.050 I/am_wtf ( 1523): [0,1523,system_server,-1,DisplayDeviceConfig,requesting nits when no mapping exists.]
11-11 03:41:05.050 I/am_wtf ( 1523): [0,1523,system_server,-1,DisplayDeviceConfig,requesting nits when no mapping exists.]
11-11 03:41:05.067 I/am_wtf ( 1523): [0,1523,system_server,-1,DisplayDeviceConfig,requesting nits when no mapping exists.]
11-11 03:41:05.067 I/am_wtf ( 1523): [0,1523,system_server,-1,DisplayDeviceConfig,requesting nits when no mapping exists.]
11-11 03:41:05.083 I/am_wtf ( 1523): [0,1523,system_server,-1,DisplayDeviceConfig,requesting nits when no mapping exists.]
11-11 03:41:05.084 I/am_wtf ( 1523): [0,1523,system_server,-1,DisplayDeviceConfig,requesting nits when no mapping exists.]
11-11 03:41:05.100 I/am_wtf ( 1523): [0,1523,system_server,-1,DisplayDeviceConfig,requesting nits when no mapping exists.]
11-11 03:41:05.100 I/am_wtf ( 1523): [0,1523,system_server,-1,DisplayDeviceConfig,requesting nits when no mapping exists.]
11-11 03:41:05.116 I/am_wtf ( 1523): [0,1523,system_server,-1,DisplayDeviceConfig,requesting nits when no mapping exists.]
11-11 03:41:05.117 I/am_wtf ( 1523): [0,1523,system_server,-1,DisplayDeviceConfig,requesting nits when no mapping exists.]
11-11 03:41:05.133 I/am_wtf ( 1523): [0,1523,system_server,-1,DisplayDeviceConfig,requesting nits when no mapping exists.]
11-11 03:41:05.133 I/am_wtf ( 1523): [0,1523,system_server,-1,DisplayDeviceConfig,requesting nits when no mapping exists.]
11-11 03:41:05.150 I/am_wtf ( 1523): [0,1523,system_server,-1,DisplayDeviceConfig,requesting nits when no mapping exists.]
11-11 03:41:05.150 I/am_wtf ( 1523): [0,1523,system_server,-1,DisplayDeviceConfig,requesting nits when no mapping exists.]
11-11 03:41:05.167 I/am_wtf ( 1523): [0,1523,system_server,-1,DisplayDeviceConfig,requesting nits when no mapping exists.]
11-11 03:41:05.167 I/am_wtf ( 1523): [0,1523,system_server,-1,DisplayDeviceConfig,requesting nits when no mapping exists.]
11-11 03:41:05.183 I/am_wtf ( 1523): [0,1523,system_server,-1,DisplayDeviceConfig,requesting nits when no mapping exists.]
