03-22 02:41:26.098 1206 1206 V WallpaperManagerService: bindWallpaperComponentLocked: componentName=ComponentInfo{com.android.systemui/com.android.systemui.ImageWallpaper}
03-22 02:41:26.100 1206 1206 D CompatibilityChangeReporter: Compat change id reported: 135634846; UID 10084; state: DISABLED
03-22 02:41:26.100 1206 1206 D CompatibilityChangeReporter: Compat change id reported: 177438394; UID 10084; state: DISABLED
03-22 02:41:26.101 1206 1206 D CompatibilityChangeReporter: Compat change id reported: 135772972; UID 10084; state: DISABLED
03-22 02:41:26.101 1206 1206 D CompatibilityChangeReporter: Compat change id reported: 135754954; UID 10084; state: ENABLED
03-22 02:41:26.101 1206 1554 D CompatibilityChangeReporter: Compat change id reported: 143937733; UID 10084; state: ENABLED
03-22 02:41:26.103 1206 1221 D CompatibilityChangeReporter: Compat change id reported: 168419799; UID 1002; state: DISABLED
03-22 02:41:26.104 1206 1206 W WallpaperManagerService: Invalid wallpaper data
03-22 02:41:26.104 1206 1206 E WallpaperManagerService: Unable to apply new wallpaper
03-22 02:41:26.112 1206 1554 I ActivityManager: Start proc 2002:com.android.systemui/u0a84 for service {com.android.systemui/com.android.systemui.ImageWallpaper}
03-22 02:41:26.112 1206 1206 I SystemServerTiming: OnBootPhase_550_com.android.server.audio.AudioService$Lifecycle
03-22 02:41:26.112 1206 1206 I SystemServerTiming: OnBootPhase_550_com.android.server.soundtrigger_middleware.SoundTriggerMiddlewareService$Lifecycle
03-22 02:41:26.112 1206 1206 I SystemServerTiming: OnBootPhase_550_com.android.server.DockObserver
03-22 02:41:26.112 1206 1206 I SystemServerTiming: OnBootPhase_550_com.android.server.midi.MidiService$Lifecycle
03-22 02:41:26.112 1206 1206 I SystemServerTiming: OnBootPhase_550_com.android.server.adb.AdbService$Lifecycle
03-22 02:41:26.112 1206 1206 I SystemServerTiming: OnBootPhase_550_com.android.server.usb.UsbService$Lifecycle
03-22 02:41:26.112 1206 1206 I SystemServerTiming: OnBootPhase_550_com.android.server.twilight.TwilightService
03-22 02:41:26.112 1206 1206 I SystemServerTiming: OnBootPhase_550_com.android.server.display.color.ColorDisplayService
03-22 02:41:26.112 1206 1206 I SystemServerTiming: OnBootPhase_550_com.android.server.job.JobSchedulerService
03-22 02:41:26.113 1206 1541 I SystemServerTimingAsync: InitThreadPoolExec:UsbService$Lifecycle#onBootPhase
03-22 02:41:26.113 1206 1206 I SystemServerTiming: OnBootPhase_550_com.android.server.soundtrigger.SoundTriggerService
03-22 02:41:26.113 1206 1206 D SoundTriggerService: onBootPhase: 550 : false
03-22 02:41:26.113 1206 1206 I SystemServerTiming: OnBootPhase_550_com.android.server.trust.TrustManagerService
03-22 02:41:26.113 1206 1206 I SystemServerTiming: OnBootPhase_550_com.android.server.backup.BackupManagerService$Lifecycle
03-22 02:41:26.113 1206 1206 I SystemServerTiming: OnBootPhase_550_com.android.server.appwidget.AppWidgetService
03-22 02:41:26.113 1206 1206 I SystemServerTiming: OnBootPhase_550_com.android.server.voiceinteraction.VoiceInteractionManagerService
03-22 02:41:26.113 1206 1206 I SystemServerTiming: OnBootPhase_550_com.android.server.apphibernation.AppHibernationService
03-22 02:41:26.113 1206 1206 I SystemServerTiming: OnBootPhase_550_com.android.server.SensorNotificationService
03-22 02:41:26.113 1206 1206 I SystemServerTiming: OnBootPhase_550_com.android.server.emergency.EmergencyAffordanceService
03-22 02:41:26.113 1206 1206 I SystemServerTiming: OnBootPhase_550_com.android.server.blob.BlobStoreManagerService
03-22 02:41:26.113 1206 1206 I SystemServerTiming: OnBootPhase_550_com.android.server.dreams.DreamManagerService
03-22 02:41:26.113 1206 1206 I SystemServerTiming: OnBootPhase_550_com.android.server.companion.CompanionDeviceManagerService
03-22 02:41:26.113 1206 1206 I SystemServerTiming: OnBootPhase_550_com.android.server.restrictions.RestrictionsManagerService
03-22 02:41:26.113 1206 1206 I SystemServerTiming: OnBootPhase_550_com.android.server.media.MediaSessionService
03-22 02:41:26.113 1206 1206 I SystemServerTiming: OnBootPhase_550_com.android.server.media.MediaResourceMonitorService
03-22 02:41:26.113 1206 1206 I SystemServerTiming: OnBootPhase_550_com.android.server.biometrics.sensors.fingerprint.FingerprintService
03-22 02:41:26.113 1206 1206 I SystemServerTiming: OnBootPhase_550_com.android.server.biometrics.BiometricService
03-22 02:41:26.113 1206 1206 I SystemServerTiming: OnBootPhase_550_com.android.server.biometrics.AuthService
03-22 02:41:26.113 1206 1206 I SystemServerTiming: OnBootPhase_550_com.android.server.pm.ShortcutService$Lifecycle
03-22 02:41:26.113 1206 1206 I SystemServerTiming: OnBootPhase_550_com.android.server.pm.LauncherAppsService
03-22 02:41:26.114 1206 1206 I SystemServerTiming: OnBootPhase_550_com.android.server.pm.CrossProfileAppsService
03-22 02:41:26.114 1206 1206 I SystemServerTiming: OnBootPhase_550_com.android.server.people.PeopleService
03-22 02:41:26.114 1206 1206 I SystemServerTiming: OnBootPhase_550_com.android.server.media.metrics.MediaMetricsManagerService
03-22 02:41:26.114 1206 1206 I SystemServerTiming: OnBootPhase_550_com.android.server.media.projection.MediaProjectionManagerService
03-22 02:41:26.114 1206 1206 I SystemServerTiming: OnBootPhase_550_com.android.server.slice.SliceManagerService$Lifecycle
03-22 02:41:26.114 1206 1206 I SystemServerTiming: OnBootPhase_550_com.android.server.stats.StatsCompanion$Lifecycle
03-22 02:41:26.114 1206 1206 I SystemServerTiming: OnBootPhase_550_com.android.server.scheduling.RebootReadinessManagerService$Lifecycle
03-22 02:41:26.114 1206 1206 I SystemServerTiming: OnBootPhase_550_com.android.server.stats.pull.StatsPullAtomService
03-22 02:41:26.114 1206 1206 I SystemServerTiming: OnBootPhase_550_com.android.server.incident.IncidentCompanionService
03-22 02:41:26.114 1206 1206 I SystemServerTiming: OnBootPhase_550_com.android.server.MmsServiceBroker
03-22 02:41:26.114 1206 1206 I SystemServerTiming: OnBootPhase_550_com.android.server.autofill.AutofillManagerService
03-22 02:41:26.114 1206 1206 I SystemServerTiming: OnBootPhase_550_com.android.server.clipboard.ClipboardService
03-22 02:41:26.114 1206 1206 I SystemServerTiming: OnBootPhase_550_com.android.server.appbinding.AppBindingService$Lifecycle
03-22 02:41:26.114 1206 1756 I UsbPortManager: ClientCallback V1_2:
03-22 02:41:26.115 1206 1206 I AppBindingService: Updating constants with: null
03-22 02:41:26.115 1206 1206 I SystemServerTiming: OnBootPhase_550_com.android.server.tracing.TracingServiceProxy
03-22 02:41:26.115 1206 1206 I SystemServerTiming: OnBootPhase_550_com.android.server.policy.PermissionPolicyService
03-22 02:41:26.115 1206 1534 I UsbPortManager: USB port added: port=UsbPort{id=, supportedModes=nonesupportedContaminantProtectionModes=0supportsEnableContaminantPresenceProtection=falsesupportsEnableContaminantPresenceDetection=false, status=UsbPortStatus{connected=false, currentMode=none, currentPowerRole=no-power, currentDataRole=no-data, supportedRoleCombinations=[no-power:no-data], contaminantDetectionStatus=0, contaminantProtectionStatus=0}, canChangeMode=false, canChangePowerRole=false, canChangeDataRole=false, connectedAtMillis=0, lastConnectDurationMillis=0
01-01 08:00:12.776 0 0 I binder : 2002:2002 ioctl 40046210 7fe6919f64 returned -22
03-22 02:41:26.132 1206 1221 D CompatibilityChangeReporter: Compat change id reported: 168419799; UID 10084; state: DISABLED
03-22 02:41:26.135 1206 1206 I PackageManager: Permission ownership changed. Updating all permissions.
03-22 02:41:26.152 1206 1206 I SystemServerTiming: OnBootPhase_550_com.android.server.pm.StagingManager$Lifecycle
03-22 02:41:26.152 1206 1206 I SystemServerTiming: OnBootPhase_550_com.android.server.app.GameManagerService$Lifecycle
03-22 02:41:26.152 1206 1206 I SystemServerTiming: OnBootPhase_550_com.android.server.appsearch.AppSearchManagerService
03-22 02:41:26.152 1206 1206 I SystemServerTiming: OnBootPhase_550_com.android.server.media.MediaCommunicationService
03-22 02:41:26.152 1206 1206 I SystemServerTiming: StartObservingNativeCrashes
03-22 02:41:26.153 1206 1206 I SystemServerTiming: RegisterAppOpsPolicy
03-22 02:41:26.159 1206 1206 I SystemServerTiming: MakeNetworkManagementServiceReady
03-22 02:41:26.159 1206 1691 I SystemServerTimingAsync: InitThreadPoolExec:WebViewFactoryPreparation
03-22 02:41:26.159 1206 1691 I SystemServer: WebViewFactoryPreparation
03-22 02:41:26.159 1206 1691 I SystemServerTimingAsync: WebViewFactoryPreparation
03-22 02:41:26.160 1206 1206 I SystemServerTiming: MakeIpSecServiceReady
03-22 02:41:26.160 1206 1206 D IpSecService: IpSecService is ready
03-22 02:41:26.160 1206 1206 I SystemServerTiming: MakeNetworkStatsServiceReady
03-22 02:41:26.161 1206 1691 D CompatibilityChangeReporter: Compat change id reported: 135634846; UID 1000; state: DISABLED
03-22 02:41:26.161 1206 1691 D CompatibilityChangeReporter: Compat change id reported: 177438394; UID 1000; state: DISABLED
03-22 02:41:26.161 1206 1691 D CompatibilityChangeReporter: Compat change id reported: 135772972; UID 1000; state: DISABLED
03-22 02:41:26.161 1206 1691 D CompatibilityChangeReporter: Compat change id reported: 178038272; UID 1000; state: DISABLED
03-22 02:41:26.164 1206 1814 W NetworkPolicy: setRestrictBackgroundUL: already false
03-22 02:41:26.170 1206 1206 I SystemServerTiming: MakeConnectivityServiceReady
03-22 02:41:26.188 1206 1971 W StorageManagerService: No primary storage defined yet; hacking together a stub
03-22 02:41:26.196 1206 1206 I SystemServerTiming: MakeVpnManagerServiceReady
03-22 02:41:26.203 1206 1206 I SystemServerTiming: MakeVcnManagementServiceReady
03-22 02:41:26.206 1206 1206 I SystemServerTiming: MakeNetworkPolicyServiceReady
03-22 02:41:26.206 1206 1206 I SystemServerTiming: PhaseThirdPartyAppsCanStart
03-22 02:41:26.206 1206 1206 I SystemServiceManager: Starting phase 600
03-22 02:41:26.207 1206 1206 I SystemServerTiming: OnBootPhase_600
03-22 02:41:26.207 1206 1206 I SystemServerTiming: OnBootPhase_600_com.android.server.security.FileIntegrityService
03-22 02:41:26.207 1206 1206 I SystemServerTiming: OnBootPhase_600_com.android.server.pm.Installer
03-22 02:41:26.207 1206 1206 I SystemServerTiming: OnBootPhase_600_com.android.server.os.DeviceIdentifiersPolicyService
03-22 02:41:26.207 1206 1206 I SystemServerTiming: OnBootPhase_600_com.android.server.uri.UriGrantsManagerService$Lifecycle
03-22 02:41:26.207 1206 1206 I SystemServerTiming: OnBootPhase_600_com.android.server.powerstats.PowerStatsService
03-22 02:41:26.207 1206 1206 I SystemServerTiming: OnBootPhase_600_com.android.server.wm.ActivityTaskManagerService$Lifecycle
03-22 02:41:26.207 1206 1206 I SystemServerTiming: OnBootPhase_600_com.android.server.am.ActivityManagerService$Lifecycle
03-22 02:41:26.207 1206 1206 I ExplicitHealthCheckController: Explicit health checks enabled.
03-22 02:41:26.207 1206 1206 I PackageWatchdog: Syncing state, reason: health check state enabled
03-22 02:41:26.207 1206 1206 I PackageWatchdog: Not pruning observers, elapsed time: 0ms
03-22 02:41:26.207 1206 1206 I PackageWatchdog: Cancelling state sync, nothing to sync
03-22 02:41:26.207 1206 1552 I PackageWatchdog: Saving observer state to file
03-22 02:41:26.207 1206 1206 I SystemServerTiming: OnBootPhase_600_com.android.server.pm.DataLoaderManagerService
03-22 02:41:26.207 1206 1206 I SystemServerTiming: OnBootPhase_600_com.android.server.power.PowerManagerService
03-22 02:41:26.209 1206 1206 I SystemServerTiming: OnBootPhase_600_com.android.server.power.ThermalManagerService
03-22 02:41:26.209 1206 1206 I SystemServerTiming: OnBootPhase_600_com.android.server.power.hint.HintManagerService
03-22 02:41:26.209 1206 1206 I SystemServerTiming: OnBootPhase_600_com.android.server.recoverysystem.RecoverySystemService$Lifecycle
03-22 02:41:26.209 1206 1206 I SystemServerTiming: OnBootPhase_600_com.android.server.lights.LightsService
03-22 02:41:26.209 1206 1206 I SystemServerTiming: OnBootPhase_600_com.android.server.display.DisplayManagerService
03-22 02:41:26.210 1206 1206 I SystemServerTiming: OnBootPhase_600_com.android.server.pm.verify.domain.DomainVerificationService
03-22 02:41:26.210 1206 1206 I SystemServerTiming: OnBootPhase_600_com.android.server.pm.PackageInstallerService$Lifecycle
03-22 02:41:26.210 1206 1206 I SystemServerTiming: OnBootPhase_600_com.android.server.pm.UserManagerService$LifeCycle
03-22 02:41:26.210 1206 1206 I SystemServerTiming: OnBootPhase_600_com.android.server.om.OverlayManagerService
03-22 02:41:26.210 1206 1206 I SystemServerTiming: OnBootPhase_600_com.android.server.SensorPrivacyService
03-22 02:41:26.210 1206 1206 I SystemServerTiming: OnBootPhase_600_com.android.server.thunderperf.ThunderBoostPerfService
03-22 02:41:26.210 1206 1206 I SystemServerTiming: OnBootPhase_600_com.android.server.sensors.SensorService
03-22 02:41:26.210 1206 1206 I SystemServerTiming: OnBootPhase_600_com.android.server.SystemConfigService
03-22 02:41:26.210 1206 1206 I SystemServerTiming: OnBootPhase_600_com.android.server.BatteryService
03-22 02:41:26.210 1206 1206 I SystemServerTiming: OnBootPhase_600_com.android.server.usage.UsageStatsService
03-22 02:41:26.210 1206 1206 I SystemServerTiming: OnBootPhase_600_com.android.server.webkit.WebViewUpdateService
03-22 02:41:26.210 1206 1206 I SystemServerTiming: OnBootPhase_600_com.android.server.CachedDeviceStateService
03-22 02:41:26.210 1206 1206 I SystemServerTiming: OnBootPhase_600_com.android.server.BinderCallsStatsService$LifeCycle
03-22 02:41:26.210 1206 1206 I SystemServerTiming: OnBootPhase_600_com.android.server.LooperStatsService$Lifecycle
03-22 02:41:26.210 1206 1206 I SystemServerTiming: OnBootPhase_600_com.android.server.rollback.RollbackManagerService
03-22 02:41:26.210 1206 1206 I SystemServerTiming: OnBootPhase_600_com.android.server.os.NativeTombstoneManagerService
03-22 02:41:26.210 1206 1206 I SystemServerTiming: OnBootPhase_600_com.android.server.os.BugreportManagerService
03-22 02:41:26.210 1206 1206 I SystemServerTiming: OnBootPhase_600_com.android.server.gpu.GpuService
03-22 02:41:26.210 1206 1206 I SystemServerTiming: OnBootPhase_600_com.android.server.security.KeyChainSystemService
03-22 02:41:26.210 1206 1206 I SystemServerTiming: OnBootPhase_600_com.android.server.telecom.TelecomLoaderService
03-22 02:41:26.210 1206 1206 I SystemServerTiming: OnBootPhase_600_com.android.server.accounts.AccountManagerService$Lifecycle
03-22 02:41:26.210 1206 1206 I SystemServerTiming: OnBootPhase_600_com.android.server.content.ContentService$Lifecycle
03-22 02:41:26.210 1206 1206 I SystemServerTiming: OnBootPhase_600_com.android.server.DropBoxManagerService
03-22 02:41:26.210 1206 1206 I SystemServerTiming: OnBootPhase_600_com.android.role.RoleService
03-22 02:41:26.210 1206 1206 I SystemServerTiming: OnBootPhase_600_com.android.server.vibrator.VibratorManagerService$Lifecycle
03-22 02:41:26.210 1206 1206 I SystemServerTiming: OnBootPhase_600_com.android.server.alarm.AlarmManagerService
03-22 02:41:26.210 1206 1206 I SystemServerTiming: OnBootPhase_600_com.android.server.devicestate.DeviceStateManagerService
03-22 02:41:26.210 1206 1206 I SystemServerTiming: OnBootPhase_600_com.android.server.camera.CameraServiceProxy
03-22 02:41:26.210 1206 1206 I SystemServerTiming: OnBootPhase_600_com.android.server.BluetoothService
03-22 02:41:26.210 1206 1206 I SystemServerTiming: OnBootPhase_600_com.android.server.connectivity.IpConnectivityMetrics
03-22 02:41:26.210 1206 1206 I SystemServerTiming: OnBootPhase_600_com.android.server.net.watchlist.NetworkWatchlistService$Lifecycle
03-22 02:41:26.210 1206 1206 I SystemServerTiming: OnBootPhase_600_com.android.server.PinnerService
03-22 02:41:26.211 1206 1206 I SystemServerTiming: OnBootPhase_600_com.google.android.startop.iorap.IorapForwardingService
03-22 02:41:26.211 1206 1206 I SystemServerTiming: OnBootPhase_600_com.android.server.ActivityTriggerService
03-22 02:41:26.211 1206 1206 I SystemServerTiming: OnBootPhase_600_com.android.server.integrity.AppIntegrityManagerService
03-22 02:41:26.211 1206 1206 I SystemServerTiming: OnBootPhase_600_com.android.server.inputmethod.InputMethodManagerService$Lifecycle
03-22 02:41:26.211 1206 1206 I SystemServerTiming: OnBootPhase_600_com.android.server.accessibility.AccessibilityManagerService$Lifecycle
03-22 02:41:26.211 1206 1206 I SystemServerTiming: OnBootPhase_600_com.android.server.StorageManagerService$Lifecycle
03-22 02:41:26.211 1206 1206 I SystemServerTiming: OnBootPhase_600_com.android.server.usage.StorageStatsService$Lifecycle
03-22 02:41:26.211 1206 1206 I SystemServerTiming: OnBootPhase_600_com.android.server.UiModeManagerService
03-22 02:41:26.211 1206 1206 I SystemServerTiming: OnBootPhase_600_com.android.server.locksettings.LockSettingsService$Lifecycle
03-22 02:41:26.211 1206 1206 I SystemServerTiming: OnBootPhase_600_com.android.server.PersistentDataBlockService
03-22 02:41:26.211 1206 1206 I SystemServerTiming: OnBootPhase_600_com.android.server.testharness.TestHarnessModeService
03-22 02:41:26.211 1206 1206 I SystemServerTiming: OnBootPhase_600_com.android.server.oemlock.OemLockService
03-22 02:41:26.211 1206 1206 I SystemServerTiming: OnBootPhase_600_com.android.server.DeviceIdleController
03-22 02:41:26.211 1206 1206 I SystemServerTiming: OnBootPhase_600_com.android.server.devicepolicy.DevicePolicyManagerService$Lifecycle
03-22 02:41:26.211 1206 1206 I SystemServerTiming: OnBootPhase_600_com.android.server.texttospeech.TextToSpeechManagerService
03-22 02:41:26.211 1206 1206 I SystemServerTiming: OnBootPhase_600_com.android.server.speech.SpeechRecognitionManagerService
03-22 02:41:26.211 1206 1206 I SystemServerTiming: OnBootPhase_600_com.android.server.searchui.SearchUiManagerService
03-22 02:41:26.218 1206 1924 W BluetoothManagerService: bindBluetoothProfileService:Trying to bind to profile: 1, while Bluetooth is disabled
03-22 02:41:26.218 1206 1206 I SystemServerTiming: OnBootPhase_600_com.android.server.smartspace.SmartspaceManagerService
03-22 02:41:26.219 1206 1206 I SystemServerTiming: OnBootPhase_600_com.android.server.graphics.fonts.FontManagerService$Lifecycle
03-22 02:41:26.219 1206 1206 I SystemServerTiming: OnBootPhase_600_com.android.server.textservices.TextServicesManagerService$Lifecycle
03-22 02:41:26.219 1206 1206 I SystemServerTiming: OnBootPhase_600_com.android.server.textclassifier.TextClassificationManagerService$Lifecycle
03-22 02:41:26.219 1206 1206 I SystemServerTiming: OnBootPhase_600_com.android.server.NetworkScoreService$Lifecycle
03-22 02:41:26.219 1206 1206 I SystemServerTiming: OnBootPhase_600_com.android.server.wifi.WifiService
03-22 02:41:26.219 1206 1206 I SystemServerTiming: OnBootPhase_600_com.android.server.wifi.scanner.WifiScanningService
03-22 02:41:26.219 1206 1206 I SystemServerTiming: OnBootPhase_600_com.android.server.wifi.rtt.RttService
03-22 02:41:26.219 1206 1206 I SystemServerTiming: OnBootPhase_600_com.android.server.wifi.aware.WifiAwareService
03-22 02:41:26.219 1206 1206 I SystemServerTiming: OnBootPhase_600_com.android.server.wifi.p2p.WifiP2pService
03-22 02:41:26.219 1206 1206 I SystemServerTiming: OnBootPhase_600_com.android.server.ethernet.EthernetService
03-22 02:41:26.219 1206 1206 I SystemServerTiming: OnBootPhase_600_com.android.server.ConnectivityServiceInitializer
03-22 02:41:26.219 1206 1206 I SystemServerTiming: OnBootPhase_600_com.android.server.notification.NotificationManagerService
03-22 02:41:26.223 1206 1206 I SystemServerTiming: OnBootPhase_600_com.android.server.storage.DeviceStorageMonitorService
03-22 02:41:26.223 1206 1206 I SystemServerTiming: OnBootPhase_600_com.android.server.location.LocationManagerService$Lifecycle
03-22 02:41:26.254 1206 1206 I SystemServerTiming: OnBootPhase_600_com.android.server.timedetector.TimeDetectorService$Lifecycle
03-22 02:41:26.254 1206 1206 I SystemServerTiming: OnBootPhase_600_com.android.server.timezonedetector.TimeZoneDetectorService$Lifecycle
03-22 02:41:26.254 1206 1206 I SystemServerTiming: OnBootPhase_600_com.android.server.timezonedetector.location.LocationTimeZoneManagerService$Lifecycle
03-22 02:41:26.254 1206 1206 I SystemServerTiming: OnBootPhase_600_com.android.server.search.SearchManagerService$Lifecycle
03-22 02:41:26.254 1206 1206 I SystemServerTiming: OnBootPhase_600_com.android.server.wallpaper.WallpaperManagerService$Lifecycle
03-22 02:41:26.254 1206 1206 I WallpaperManagerService: switch-user-0
03-22 02:41:26.255 1206 1206 V WallpaperManagerService: bindWallpaperComponentLocked: componentName=ComponentInfo{com.android.systemui/com.android.systemui.ImageWallpaper}
03-22 02:41:26.255 1206 1206 I SystemServerTiming: OnBootPhase_600_com.android.server.audio.AudioService$Lifecycle
03-22 02:41:26.255 1206 1206 I SystemServerTiming: OnBootPhase_600_com.android.server.soundtrigger_middleware.SoundTriggerMiddlewareService$Lifecycle
03-22 02:41:26.255 1206 1206 I SystemServerTiming: OnBootPhase_600_com.android.server.DockObserver
03-22 02:41:26.255 1206 1206 I SystemServerTiming: OnBootPhase_600_com.android.server.midi.MidiService$Lifecycle
03-22 02:41:26.255 1206 1206 I SystemServerTiming: OnBootPhase_600_com.android.server.adb.AdbService$Lifecycle
03-22 02:41:26.255 1206 1206 I SystemServerTiming: OnBootPhase_600_com.android.server.usb.UsbService$Lifecycle
03-22 02:41:26.255 1206 1206 I SystemServerTiming: OnBootPhase_600_com.android.server.twilight.TwilightService
03-22 02:41:26.255 1206 1206 I SystemServerTiming: OnBootPhase_600_com.android.server.display.color.ColorDisplayService
03-22 02:41:26.255 1206 1206 I SystemServerTiming: OnBootPhase_600_com.android.server.job.JobSchedulerService
03-22 02:41:26.258 1206 1554 W ActivityManager: Slow operation: 97ms so far, now at startProcess: returned from zygote!
03-22 02:41:26.258 1206 1534 D CompatibilityChangeReporter: Compat change id reported: 168936375; UID 1000; state: ENABLED
03-22 02:41:26.258 1206 1206 I SystemServerTiming: OnBootPhase_600_com.android.server.soundtrigger.SoundTriggerService
03-22 02:41:26.258 1206 1206 D SoundTriggerService: onBootPhase: 600 : false
03-22 02:41:26.258 1206 1206 I SystemServerTiming: OnBootPhase_600_com.android.server.trust.TrustManagerService
03-22 02:41:26.259 1206 1534 D CompatibilityChangeReporter: Compat change id reported: 168936375; UID 1000; state: DISABLED
03-22 02:41:26.259 1206 1554 W ActivityManager: Slow operation: 98ms so far, now at startProcess: done updating battery stats
03-22 02:41:26.259 1206 1554 W ActivityManager: Slow operation: 98ms so far, now at startProcess: building log message
03-22 02:41:26.259 1206 1554 I ActivityManager: Start proc 2034:WebViewLoader-armeabi-v7a/1037 [android.webkit.WebViewLibraryLoader$RelroFileCreator] for null
03-22 02:41:26.259 1206 1206 D BiometricService: Sensor ID(0), oemStrength: 15, updatedStrength: 15, modality 2, state: 0, cookie: 0, props: ID: 0, Strength: 2, Type: 1, sensorId 0, hasEnrollments: false cannot participate in Keystore operations
03-22 02:41:26.259 1206 1554 W ActivityManager: Slow operation: 98ms so far, now at startProcess: starting to update pids map
03-22 02:41:26.259 1206 1554 W ActivityManager: Slow operation: 98ms so far, now at startProcess: done updating pids map
03-22 02:41:26.259 1206 1554 W ActivityManager: Slow operation: 98ms so far, now at startProcess: asking zygote to start proc
03-22 02:41:26.260 1206 1206 I SystemServerTiming: OnBootPhase_600_com.android.server.backup.BackupManagerService$Lifecycle
03-22 02:41:26.260 1206 1206 I SystemServerTiming: OnBootPhase_600_com.android.server.appwidget.AppWidgetService
03-22 02:41:26.260 1206 1206 I SystemServerTiming: OnBootPhase_600_com.android.server.voiceinteraction.VoiceInteractionManagerService
03-22 02:41:26.261 1206 1206 I SystemServerTiming: OnBootPhase_600_com.android.server.apphibernation.AppHibernationService
03-22 02:41:26.261 1206 1206 I SystemServerTiming: OnBootPhase_600_com.android.server.SensorNotificationService
03-22 02:41:26.261 1206 1206 I SystemServerTiming: OnBootPhase_600_com.android.server.emergency.EmergencyAffordanceService
03-22 02:41:26.261 1206 1206 I SystemServerTiming: OnBootPhase_600_com.android.server.blob.BlobStoreManagerService
03-22 02:41:26.262 1206 1206 I SystemServerTiming: OnBootPhase_600_com.android.server.dreams.DreamManagerService
03-22 02:41:26.263 1206 1206 I SystemServerTiming: OnBootPhase_600_com.android.server.companion.CompanionDeviceManagerService
03-22 02:41:26.263 1206 1206 I SystemServerTiming: OnBootPhase_600_com.android.server.restrictions.RestrictionsManagerService
03-22 02:41:26.263 1206 1206 I SystemServerTiming: OnBootPhase_600_com.android.server.media.MediaSessionService
03-22 02:41:26.263 1206 1206 I SystemServerTiming: OnBootPhase_600_com.android.server.media.MediaResourceMonitorService
03-22 02:41:26.263 1206 1206 I SystemServerTiming: OnBootPhase_600_com.android.server.biometrics.sensors.fingerprint.FingerprintService
03-22 02:41:26.263 1206 1206 I SystemServerTiming: OnBootPhase_600_com.android.server.biometrics.BiometricService
03-22 02:41:26.263 1206 1206 I SystemServerTiming: OnBootPhase_600_com.android.server.biometrics.AuthService
03-22 02:41:26.263 1206 1206 I SystemServerTiming: OnBootPhase_600_com.android.server.pm.ShortcutService$Lifecycle
03-22 02:41:26.263 1206 1206 I SystemServerTiming: OnBootPhase_600_com.android.server.pm.LauncherAppsService
03-22 02:41:26.263 1206 1206 I SystemServerTiming: OnBootPhase_600_com.android.server.pm.CrossProfileAppsService
03-22 02:41:26.263 1206 1206 I SystemServerTiming: OnBootPhase_600_com.android.server.people.PeopleService
03-22 02:41:26.263 1206 1206 I SystemServerTiming: OnBootPhase_600_com.android.server.media.metrics.MediaMetricsManagerService
03-22 02:41:26.263 1206 1206 I SystemServerTiming: OnBootPhase_600_com.android.server.media.projection.MediaProjectionManagerService
03-22 02:41:26.263 1206 1206 I SystemServerTiming: OnBootPhase_600_com.android.server.slice.SliceManagerService$Lifecycle
03-22 02:41:26.263 1206 1206 I SystemServerTiming: OnBootPhase_600_com.android.server.stats.StatsCompanion$Lifecycle
03-22 02:41:26.264 1206 1206 I SystemServerTiming: OnBootPhase_600_com.android.server.scheduling.RebootReadinessManagerService$Lifecycle
03-22 02:41:26.264 1206 1206 I SystemServerTiming: OnBootPhase_600_com.android.server.stats.pull.StatsPullAtomService
03-22 02:41:26.264 1206 1206 I SystemServerTiming: OnBootPhase_600_com.android.server.incident.IncidentCompanionService
03-22 02:41:26.264 1206 1206 I SystemServerTiming: OnBootPhase_600_com.android.server.MmsServiceBroker
03-22 02:41:26.264 1206 1206 I SystemServerTiming: OnBootPhase_600_com.android.server.autofill.AutofillManagerService
03-22 02:41:26.264 1206 1552 D StatsPullAtomService: Registering NetworkStats pullers with statsd
03-22 02:41:26.265 1206 1206 I SystemServerTiming: OnBootPhase_600_com.android.server.clipboard.ClipboardService
03-22 02:41:26.265 1206 1206 I SystemServerTiming: OnBootPhase_600_com.android.server.appbinding.AppBindingService$Lifecycle
03-22 02:41:26.266 1206 1206 I SystemServerTiming: OnBootPhase_600_com.android.server.tracing.TracingServiceProxy
03-22 02:41:26.266 1206 1206 I SystemServerTiming: OnBootPhase_600_com.android.server.policy.PermissionPolicyService
03-22 02:41:26.266 1206 1206 I SystemServerTiming: OnBootPhase_600_com.android.server.pm.StagingManager$Lifecycle
03-22 02:41:26.266 1206 1206 I SystemServerTiming: OnBootPhase_600_com.android.server.app.GameManagerService$Lifecycle
03-22 02:41:26.266 1206 1206 I SystemServerTiming: OnBootPhase_600_com.android.server.appsearch.AppSearchManagerService
03-22 02:41:26.266 1206 1206 I SystemServerTiming: OnBootPhase_600_com.android.server.media.MediaCommunicationService
03-22 02:41:26.266 1206 1206 I SystemServerTiming: StartNetworkStack
03-22 02:41:26.266 1206 1554 W ActivityManager: Slow operation: 105ms so far, now at startProcess: returned from zygote!
03-22 02:41:26.266 1206 1554 W ActivityManager: Slow operation: 106ms so far, now at startProcess: done updating battery stats
03-22 02:41:26.266 1206 1206 D ConnectivityModuleConnector: Starting networking module android.net.INetworkStackConnector
03-22 02:41:26.267 1206 1554 W ActivityManager: Slow operation: 106ms so far, now at startProcess: building log message
03-22 02:41:26.267 1206 1554 I ActivityManager: Start proc 2040:WebViewLoader-arm64-v8a/1037 [android.webkit.WebViewLibraryLoader$RelroFileCreator] for null
03-22 02:41:26.267 1206 1554 W ActivityManager: Slow operation: 106ms so far, now at startProcess: starting to update pids map
03-22 02:41:26.267 1206 1554 W ActivityManager: Slow operation: 106ms so far, now at startProcess: done updating pids map
03-22 02:41:26.267 1206 1206 D ConnectivityModuleConnector: Starting networking module in network_stack process
03-22 02:41:26.272 1206 1206 D CompatibilityChangeReporter: Compat change id reported: 135634846; UID 1073; state: DISABLED
03-22 02:41:26.272 1206 1206 D CompatibilityChangeReporter: Compat change id reported: 177438394; UID 1073; state: DISABLED
03-22 02:41:26.272 1206 1206 D CompatibilityChangeReporter: Compat change id reported: 135772972; UID 1073; state: DISABLED
03-22 02:41:26.272 1206 1206 D CompatibilityChangeReporter: Compat change id reported: 135754954; UID 1073; state: ENABLED
03-22 02:41:26.277 1206 1206 D ConnectivityModuleConnector: Networking module service start requested
03-22 02:41:26.277 1206 1206 I SystemServerTiming: StartTethering
03-22 02:41:26.277 1206 1206 D ConnectivityModuleConnector: Starting networking module android.net.ITetheringConnector
03-22 02:41:26.282 1206 1554 I ActivityManager: Start proc 2044:com.android.networkstack.process/1073 for service {com.android.networkstack/com.android.server.NetworkStackService}
03-22 02:41:26.282 1206 1206 D ConnectivityModuleConnector: Starting networking module in network_stack process
01-01 08:00:12.940 0 0 I binder : 1265:1293 ioctl 40046210 70bd22efc4 returned -22
03-22 02:41:26.285 1206 1206 D ConnectivityModuleConnector: Networking module service start requested
03-22 02:41:26.285 1206 1206 I SystemServerTiming: MakeCountryDetectionServiceReady
03-22 02:41:26.285 1206 1206 I SystemServerTiming: MakeNetworkTimeUpdateReady
03-22 02:41:26.286 1206 1206 I SystemServerTiming: MakeInputManagerServiceReady
01-01 08:00:12.941 0 0 I binder : 2034:2034 ioctl 40046210 ffcbf088 returned -22
03-22 02:41:26.288 1206 1206 I ActivityTaskManager: Config changes=4000 {1.0 ?mcc?mnc [zh_CN] ldltr sw720dp w1706dp h652dp 240dpi lrg long hdr land finger -keyb/v/h -nav/h winConfig={ mBounds=Rect(0, 0 - 2560, 1080) mAppBounds=Rect(0, 0 - 2560, 1014) mMaxBounds=Rect(0, 0 - 2560, 1080) mWindowingMode=fullscreen mDisplayWindowingMode=fullscreen mActivityType=undefined mAlwaysOnTop=undefined mRotation=ROTATION_0} s.10 fontWeightAdjustment=0}
01-01 08:00:12.944 0 0 E init : Control message: Could not find 'vendor.qti.hardware.iop@2.0::IIop/default' for ctl.interface_start from pid: 509 (/system/bin/hwservicemanager)
03-22 02:41:26.291 1206 1206 I WindowManager: Override config changes=4000 {1.0 ?mcc?mnc [zh_CN] ldltr sw720dp w1706dp h652dp 240dpi lrg long hdr land finger -keyb/v/h -nav/h winConfig={ mBounds=Rect(0, 0 - 2560, 1080) mAppBounds=Rect(0, 0 - 2560, 1014) mMaxBounds=Rect(0, 0 - 2560, 1080) mWindowingMode=fullscreen mDisplayWindowingMode=fullscreen mActivityType=undefined mAlwaysOnTop=undefined mRotation=ROTATION_0} s.10 fontWeightAdjustment=0} for displayId=0
01-01 08:00:12.947 0 0 I binder : 2040:2040 ioctl 40046210 7fe6919f64 returned -22
03-22 02:41:26.300 1206 1206 I SystemServerTiming: MakeTelephonyRegistryReady
03-22 02:41:26.301 1206 1206 I SystemServerTiming: MakeMediaRouterServiceReady
03-22 02:41:26.301 1206 1206 I SystemServerTiming: MakeMmsServiceReady
03-22 02:41:26.301 1206 1206 I MmsServiceBroker: Delay connecting to MmsService until an API is called
03-22 02:41:26.301 1206 1206 I SystemServerTiming: IncidentDaemonReady
03-22 02:41:26.302 1206 1206 I SystemServerTiming: MakeIncrementalServiceReady
03-22 02:41:26.302 1206 1206 I SystemServerTiming: getCurrentUser
03-22 02:41:26.302 1206 1206 I ActivityManager: Current user:0
03-22 02:41:26.302 1206 1206 I SystemServerTiming: ActivityManagerStartApps
03-22 02:41:26.303 1206 1206 I SystemServerTiming: ssm.StartUser-0
03-22 02:41:26.303 1206 1206 I SystemServiceManager: Calling onStartUser 0
03-22 02:41:26.303 1206 1206 I SystemServerTiming: ssm.onStartUser-0_com.android.server.security.FileIntegrityService
03-22 02:41:26.303 1206 1206 I SystemServerTiming: ssm.onStartUser-0_com.android.server.pm.Installer
03-22 02:41:26.303 1206 1206 I SystemServerTiming: ssm.onStartUser-0_com.android.server.os.DeviceIdentifiersPolicyService
03-22 02:41:26.303 1206 1206 I SystemServerTiming: ssm.onStartUser-0_com.android.server.uri.UriGrantsManagerService$Lifecycle
03-22 02:41:26.303 1206 1206 I SystemServerTiming: ssm.onStartUser-0_com.android.server.powerstats.PowerStatsService
03-22 02:41:26.303 1206 1206 I SystemServerTiming: ssm.onStartUser-0_com.android.server.wm.ActivityTaskManagerService$Lifecycle
03-22 02:41:26.303 1206 1206 I SystemServerTiming: ssm.onStartUser-0_com.android.server.am.ActivityManagerService$Lifecycle
03-22 02:41:26.303 1206 1206 I SystemServerTiming: ssm.onStartUser-0_com.android.server.pm.DataLoaderManagerService
03-22 02:41:26.303 1206 1206 I SystemServerTiming: ssm.onStartUser-0_com.android.server.power.PowerManagerService
03-22 02:41:26.304 1206 1206 I SystemServerTiming: ssm.onStartUser-0_com.android.server.power.ThermalManagerService
03-22 02:41:26.304 1206 1206 I SystemServerTiming: ssm.onStartUser-0_com.android.server.power.hint.HintManagerService
03-22 02:41:26.304 1206 1206 I SystemServerTiming: ssm.onStartUser-0_com.android.server.recoverysystem.RecoverySystemService$Lifecycle
03-22 02:41:26.304 1206 1206 I SystemServerTiming: ssm.onStartUser-0_com.android.server.lights.LightsService
03-22 02:41:26.304 1206 1206 I SystemServerTiming: ssm.onStartUser-0_com.android.server.display.DisplayManagerService
03-22 02:41:26.304 1206 1206 I SystemServerTiming: ssm.onStartUser-0_com.android.server.pm.verify.domain.DomainVerificationService
03-22 02:41:26.304 1206 1206 I SystemServerTiming: ssm.onStartUser-0_com.android.server.pm.PackageInstallerService$Lifecycle
03-22 02:41:26.304 1206 1206 I SystemServerTiming: ssm.onStartUser-0_com.android.server.pm.UserManagerService$LifeCycle
03-22 02:41:26.304 1206 1206 I SystemServerTiming: ssm.onStartUser-0_com.android.server.om.OverlayManagerService
03-22 02:41:26.304 1206 1206 I SystemServerTiming: ssm.onStartUser-0_com.android.server.SensorPrivacyService
03-22 02:41:26.304 1206 1206 I SystemServerTiming: ssm.onStartUser-0_com.android.server.thunderperf.ThunderBoostPerfService
03-22 02:41:26.304 1206 1206 I SystemServerTiming: ssm.onStartUser-0_com.android.server.sensors.SensorService
03-22 02:41:26.304 1206 1206 I SystemServerTiming: ssm.onStartUser-0_com.android.server.SystemConfigService
03-22 02:41:26.304 1206 1206 I SystemServerTiming: ssm.onStartUser-0_com.android.server.BatteryService
03-22 02:41:26.304 1206 1206 I SystemServerTiming: ssm.onStartUser-0_com.android.server.usage.UsageStatsService
03-22 02:41:26.304 1206 1206 I SystemServerTiming: ssm.onStartUser-0_com.android.server.webkit.WebViewUpdateService
03-22 02:41:26.304 1206 1206 I SystemServerTiming: ssm.onStartUser-0_com.android.server.CachedDeviceStateService
03-22 02:41:26.304 1206 1206 I SystemServerTiming: ssm.onStartUser-0_com.android.server.BinderCallsStatsService$LifeCycle
03-22 02:41:26.304 1206 1206 I SystemServerTiming: ssm.onStartUser-0_com.android.server.LooperStatsService$Lifecycle
03-22 02:41:26.304 1206 1206 I SystemServerTiming: ssm.onStartUser-0_com.android.server.rollback.RollbackManagerService
03-22 02:41:26.304 1206 1206 I SystemServerTiming: ssm.onStartUser-0_com.android.server.os.NativeTombstoneManagerService
03-22 02:41:26.304 1206 1206 I SystemServerTiming: ssm.onStartUser-0_com.android.server.os.BugreportManagerService
03-22 02:41:26.304 1206 1206 I SystemServerTiming: ssm.onStartUser-0_com.android.server.gpu.GpuService
03-22 02:41:26.304 1206 1206 I SystemServerTiming: ssm.onStartUser-0_com.android.server.security.KeyChainSystemService
03-22 02:41:26.304 1206 1206 I SystemServerTiming: ssm.onStartUser-0_com.android.server.telecom.TelecomLoaderService
03-22 02:41:26.304 1206 1206 I SystemServerTiming: ssm.onStartUser-0_com.android.server.accounts.AccountManagerService$Lifecycle
03-22 02:41:26.305 1206 1206 I SystemServerTiming: ssm.onStartUser-0_com.android.server.content.ContentService$Lifecycle
03-22 02:41:26.306 1206 1206 I SystemServerTiming: ssm.onStartUser-0_com.android.server.DropBoxManagerService
03-22 02:41:26.306 1206 1206 I SystemServerTiming: ssm.onStartUser-0_com.android.role.RoleService
03-22 02:41:26.311 1206 1206 I SystemServerTiming: ssm.onStartUser-0_com.android.server.vibrator.VibratorManagerService$Lifecycle
03-22 02:41:26.311 1206 1206 I SystemServerTiming: ssm.onStartUser-0_com.android.server.alarm.AlarmManagerService
03-22 02:41:26.311 1206 1206 I SystemServerTiming: ssm.onStartUser-0_com.android.server.devicestate.DeviceStateManagerService
03-22 02:41:26.312 1206 1206 I SystemServerTiming: ssm.onStartUser-0_com.android.server.camera.CameraServiceProxy
01-01 08:00:12.966 0 0 I binder : 2044:2044 ioctl 40046210 7fe6919f64 returned -22
03-22 02:41:26.313 1206 1206 I SystemServerTiming: ssm.onStartUser-0_com.android.server.BluetoothService
03-22 02:41:26.313 1206 1206 I SystemServerTiming: ssm.onStartUser-0_com.android.server.connectivity.IpConnectivityMetrics
03-22 02:41:26.313 1206 1206 I SystemServerTiming: ssm.onStartUser-0_com.android.server.net.watchlist.NetworkWatchlistService$Lifecycle
03-22 02:41:26.313 1206 1206 I SystemServerTiming: ssm.onStartUser-0_com.android.server.PinnerService
03-22 02:41:26.313 1206 1206 I SystemServerTiming: ssm.onStartUser-0_com.google.android.startop.iorap.IorapForwardingService
03-22 02:41:26.313 1206 1206 I SystemServerTiming: ssm.onStartUser-0_com.android.server.ActivityTriggerService
03-22 02:41:26.313 1206 1206 I SystemServerTiming: ssm.onStartUser-0_com.android.server.integrity.AppIntegrityManagerService
03-22 02:41:26.313 1206 1206 I SystemServerTiming: ssm.onStartUser-0_com.android.server.inputmethod.InputMethodManagerService$Lifecycle
03-22 02:41:26.313 1206 1206 I SystemServerTiming: ssm.onStartUser-0_com.android.server.accessibility.AccessibilityManagerService$Lifecycle
03-22 02:41:26.313 1206 1206 I SystemServerTiming: ssm.onStartUser-0_com.android.server.StorageManagerService$Lifecycle
03-22 02:41:26.315 1206 1971 W PackageManager: Loading a package that does not exist for the calling user. package=null, user=0
03-22 02:41:26.315 1206 1206 V StorageManagerService: Package com.sohu.inputmethod.sogou.car has legacy storage
03-22 02:41:26.315 1206 1206 V StorageManagerService: Package android.frameworkres.overlay does not have legacy storage
03-22 02:41:26.315 1206 1206 V StorageManagerService: Package com.android.cts.priv.ctsshim does not have legacy storage
03-22 02:41:26.315 1206 1206 V StorageManagerService: Package com.thundercomm.gamemode.provider does not have legacy storage
03-22 02:41:26.315 1206 1206 V StorageManagerService: Package com.thundercomm.gamemode does not have legacy storage
03-22 02:41:26.315 1206 1206 V StorageManagerService: Package com.thundercomm.microservice does not have legacy storage
03-22 02:41:26.315 1206 1206 V StorageManagerService: Package com.android.dynsystem does not have legacy storage
03-22 02:41:26.315 1206 1206 V StorageManagerService: Package com.hht.lebocast does not have legacy storage
03-22 02:41:26.315 1206 1206 V StorageManagerService: Package com.android.providers.calendar does not have legacy storage
03-22 02:41:26.316 1206 1206 V StorageManagerService: Package com.android.providers.media does not have legacy storage
03-22 02:41:26.316 1206 1206 V StorageManagerService: Package com.android.internal.systemui.navbar.gestural_wide_back does not have legacy storage
03-22 02:41:26.316 1206 1206 V StorageManagerService: Package com.android.wallpapercropper does not have legacy storage
03-22 02:41:26.316 1206 1206 V StorageManagerService: Package com.thundercomm.microsettings does not have legacy storage
03-22 02:41:26.316 1206 1206 V StorageManagerService: Package com.qualcomm.qti.gpudrivers.kona.api30 does not have legacy storage
03-22 02:41:26.316 1206 1206 V StorageManagerService: Package com.android.documentsui does not have legacy storage
03-22 02:41:26.316 1206 1206 V StorageManagerService: Package com.android.externalstorage does not have legacy storage
03-22 02:41:26.316 1206 1206 V StorageManagerService: Package com.android.htmlviewer does not have legacy storage
03-22 02:41:26.316 1206 1206 V StorageManagerService: Package com.qualcomm.qti.uceShimService does not have legacy storage
03-22 02:41:26.316 1206 1206 V StorageManagerService: Package com.android.companiondevicemanager does not have legacy storage
03-22 02:41:26.316 1206 1206 V StorageManagerService: Package com.qualcomm.qti.qms.service.connectionsecurity does not have legacy storage
03-22 02:41:26.316 1206 1206 V StorageManagerService: Package com.android.providers.downloads does not have legacy storage
03-22 02:41:26.316 1206 1206 V StorageManagerService: Package com.android.internal.systemui.onehanded.gestural does not have legacy storage
03-22 02:41:26.316 1206 1206 V StorageManagerService: Package vendor.qti.hardware.cacert.server does not have legacy storage
03-22 02:41:26.316 1206 1206 V StorageManagerService: Package com.thundercomm.tchttpserver does not have legacy storage
03-22 02:41:26.317 1206 1206 V StorageManagerService: Package vendor.qti.iwlan does not have legacy storage
03-22 02:41:26.317 1206 1206 V StorageManagerService: Package com.tc.logclient does not have legacy storage
03-22 02:41:26.317 1206 1206 V StorageManagerService: Package android.qvaoverlay.common does not have legacy storage
03-22 02:41:26.317 1206 1206 V StorageManagerService: Package com.android.providers.downloads.ui does not have legacy storage
03-22 02:41:26.317 1206 1206 V StorageManagerService: Package com.android.pacprocessor does not have legacy storage
03-22 02:41:26.317 1206 1206 V StorageManagerService: Package com.android.networkstack does not have legacy storage
03-22 02:41:26.317 1206 1206 V StorageManagerService: Package android.overlay.common does not have legacy storage
03-22 02:41:26.317 1206 1206 V StorageManagerService: Package com.android.connectivity.resources does not have legacy storage
03-22 02:41:26.317 1206 1206 V StorageManagerService: Package com.android.modulemetadata does not have legacy storage
03-22 02:41:26.317 1206 1206 V StorageManagerService: Package com.android.certinstaller does not have legacy storage
03-22 02:41:26.317 1206 1206 V StorageManagerService: Package android does not have legacy storage
03-22 02:41:26.317 1206 1206 V StorageManagerService: Package com.qualcomm.wfd.service does not have legacy storage
03-22 02:41:26.317 1206 1206 V StorageManagerService: Package com.thundercomm.tcsetupwizard does not have legacy storage
03-22 02:41:26.317 1206 1206 V StorageManagerService: Package ts.car.uart does not have legacy storage
03-22 02:41:26.317 1206 1206 V StorageManagerService: Package com.android.egg does not have legacy storage
03-22 02:41:26.317 1206 1206 V StorageManagerService: Package com.android.mtp does not have legacy storage
03-22 02:41:26.317 1206 1206 V StorageManagerService: Package com.android.nfc does not have legacy storage
03-22 02:41:26.317 1206 1206 V StorageManagerService: Package com.android.launcher3 does not have legacy storage
03-22 02:41:26.317 1206 1206 V StorageManagerService: Package com.android.backupconfirm does not have legacy storage
03-22 02:41:26.317 1206 1206 V StorageManagerService: Package vendor.qti.qesdk.sysservice does not have legacy storage
03-22 02:41:26.317 1206 1206 V StorageManagerService: Package com.hryt.hiphishowfsecontrol does not have legacy storage
03-22 02:41:26.317 1206 1206 V StorageManagerService: Package com.android.provision does not have legacy storage
03-22 02:41:26.318 1206 1206 V StorageManagerService: Package com.thundercomm.debugtools does not have legacy storage
03-22 02:41:26.318 1206 1206 V StorageManagerService: Package android.overlay.target does not have legacy storage
03-22 02:41:26.319 1206 1206 V StorageManagerService: Package com.microsoft.emmx does not have legacy storage
03-22 02:41:26.319 1206 1206 V StorageManagerService: Package com.qti.pasrservice does not have legacy storage
03-22 02:41:26.319 1206 1206 V StorageManagerService: Package com.android.settings.intelligence does not have legacy storage
03-22 02:41:26.319 1206 1206 V StorageManagerService: Package com.android.internal.systemui.navbar.gestural_extra_wide_back does not have legacy storage
03-22 02:41:26.319 1206 1206 V StorageManagerService: Package com.qualcomm.qti.dynamicddsservice does not have legacy storage
03-22 02:41:26.319 1206 1206 V StorageManagerService: Package com.qualcomm.qti.xrvd.service does not have legacy storage
03-22 02:41:26.319 1206 1206 V StorageManagerService: Package com.android.providers.settings does not have legacy storage
03-22 02:41:26.319 1206 1206 V StorageManagerService: Package com.android.sharedstoragebackup does not have legacy storage
03-22 02:41:26.319 1206 1206 V StorageManagerService: Package com.android.printspooler does not have legacy storage
03-22 02:41:26.319 1206 1206 V StorageManagerService: Package com.qti.qualcomm.mstatssystemservice does not have legacy storage
03-22 02:41:26.319 1206 1971 W PackageManager: Loading a package that does not exist for the calling user. package=null, user=0
03-22 02:41:26.319 1206 1206 V StorageManagerService: Package com.qualcomm.qti.services.systemhelper does not have legacy storage
03-22 02:41:26.319 1206 1206 V StorageManagerService: Package com.android.wifi.resources.overlay.common does not have legacy storage
03-22 02:41:26.320 1206 1206 V StorageManagerService: Package com.android.dreams.basic does not have legacy storage
03-22 02:41:26.320 1206 1206 V StorageManagerService: Package com.android.webview does not have legacy storage
03-22 02:41:26.320 1206 1206 V StorageManagerService: Package com.android.se does not have legacy storage
03-22 02:41:26.320 1206 1206 V StorageManagerService: Package com.android.inputdevices does not have legacy storage
03-22 02:41:26.320 1206 1206 V StorageManagerService: Package com.android.bips does not have legacy storage
03-22 02:41:26.320 1206 1206 V StorageManagerService: Package com.qti.dpmserviceapp does not have legacy storage
03-22 02:41:26.320 1206 1206 V StorageManagerService: Package com.thundercomm.remotecontrolservice does not have legacy storage
03-22 02:41:26.321 1206 1206 V StorageManagerService: Package com.android.musicfx does not have legacy storage
03-22 02:41:26.321 1206 1206 V StorageManagerService: Package com.android.settings.overlay.common does not have legacy storage
03-22 02:41:26.321 1206 1206 V StorageManagerService: Package com.qualcomm.qti.qccnetstat does not have legacy storage
03-22 02:41:26.321 1206 1206 V StorageManagerService: Package android.ext.shared does not have legacy storage
03-22 02:41:26.321 1206 1206 V StorageManagerService: Package com.android.onetimeinitializer does not have legacy storage
03-22 02:41:26.321 1206 1206 V StorageManagerService: Package com.android.server.telecom does not have legacy storage
03-22 02:41:26.321 1206 1206 V StorageManagerService: Package com.android.keychain does not have legacy storage
03-22 02:41:26.321 1206 1206 V StorageManagerService: Package com.qti.snapdragon.qdcm_ff does not have legacy storage
03-22 02:41:26.321 1206 1206 V StorageManagerService: Package com.android.wifi.resources.overlay.target does not have legacy storage
03-22 02:41:26.321 1206 1206 V StorageManagerService: Package com.android.printservice.recommendation does not have legacy storage
03-22 02:41:26.322 1206 1206 V StorageManagerService: Package com.android.gallery3d has legacy storage
03-22 02:41:26.322 1206 1206 V StorageManagerService: Package android.ext.services does not have legacy storage
03-22 02:41:26.322 1206 1206 V StorageManagerService: Package com.android.wifi.resources does not have legacy storage
03-22 02:41:26.322 1206 1206 V StorageManagerService: Package com.baidu.input does not have legacy storage
03-22 02:41:26.322 1206 1206 V StorageManagerService: Package com.android.systemui.overlay.common does not have legacy storage
03-22 02:41:26.322 1206 1206 V StorageManagerService: Package com.android.cameraextensions does not have legacy storage
03-22 02:41:26.322 1206 1206 V StorageManagerService: Package com.thundercomm.tcservice does not have legacy storage
03-22 02:41:26.322 1206 1206 V StorageManagerService: Package com.android.localtransport does not have legacy storage
03-22 02:41:26.322 1206 1206 V StorageManagerService: Package com.android.packageinstaller does not have legacy storage
03-22 02:41:26.322 1206 1206 V StorageManagerService: Package com.qualcomm.qti.devicestatisticsservice does not have legacy storage
03-22 02:41:26.322 1206 1206 V StorageManagerService: Package com.android.theme.font.notoserifsource does not have legacy storage
03-22 02:41:26.322 1206 1206 V StorageManagerService: Package com.android.proxyhandler does not have legacy storage
03-22 02:41:26.323 1206 1206 V StorageManagerService: Package com.android.internal.display.cutout.emulation.waterfall does not have legacy storage
03-22 02:41:26.323 1206 1206 V StorageManagerService: Package com.qualcomm.qti.workloadclassifier does not have legacy storage
03-22 02:41:26.323 1206 1206 V StorageManagerService: Package com.android.inputmethod.latin does not have legacy storage
03-22 02:41:26.323 1206 1206 V StorageManagerService: Package com.android.providers.settings.overlay does not have legacy storage
