03-22 02:44:03.438 4125 4202 I CCodecBufferChannel: [c2.android.vorbis.decoder#567] Created output block pool with allocatorID 16 => poolID 29 - OK
03-22 02:44:03.438 4125 4202 D CCodecBufferChannel: [c2.android.vorbis.decoder#567] Configured output block pool ids 29 => OK
03-22 02:44:03.439 4125 4202 D CCodecBufferChannel: [c2.android.vorbis.decoder#567] start: updating output delay 0
03-22 02:44:03.439 4125 4202 I CCodecBufferChannel: pipelineRoom(3) is <= numClientBuffers(3). Not signalling any more buffers to client
03-22 02:44:03.440 1247 2125 D MediaBufferGroup: creating MemoryDealer
03-22 02:44:03.440 4125 4202 I CCodecBufferChannel: pipelineRoom(2) is <= numClientBuffers(2). Not signalling any more buffers to client
03-22 02:44:03.440 1309 4203 D SimpleC2Component: Using output block pool with poolID 29 => got 29 - 0
03-22 02:44:03.440 4125 4202 I CCodecBufferChannel: pipelineRoom(1) is <= numClientBuffers(1). Not signalling any more buffers to client
03-22 02:44:03.440 4125 4125 D NavigationModeController: getCurrentInteractionMode: mode=2 contextUser=0
03-22 02:44:03.441 2566 2612 D BaseIconFactory: normalizeAndWrapToAdaptiveIcon: scale=0.8096529
03-22 02:44:03.444 4199 4199 E com.baidu.inpu: Not starting debugger since process cannot load the jdwp agent.
03-22 02:44:03.445 2566 2612 D LoaderTask: load widgets
03-22 02:44:03.445 4125 4125 I TetheringManager: registerTetheringEventCallback:com.android.systemui
03-22 02:44:03.445 4125 4125 I TetheringManager: registerTetheringEventCallback caller:com.android.systemui
03-22 02:44:03.446 1206 2165 W ActivityManager: Receiver with filter android.content.IntentFilter@cb60075 already registered for pid 4125, callerPackage is com.android.systemui
03-22 02:44:03.447 4199 4199 D ProcessState: Binder ioctl to enable oneway spam detection failed: Invalid argument
01-01 08:02:50.101 0 0 I binder : 4199:4199 ioctl 40046210 7fe6919f64 returned -22
03-22 02:44:03.449 2566 2612 I WidgetsModel: found whitelist widget: com.android.settings, label: 璁剧疆蹇嵎鏂瑰紡, sectionName:S
03-22 02:44:03.450 2566 2612 I WidgetsModel: found whitelist widget: com.android.gallery3d, label: 鐓х墖, sectionName:T
03-22 02:44:03.450 2566 2612 I WidgetsModel: found whitelist widget: com.android.systemui, label: 瀵硅瘽, sectionName:D
03-22 02:44:03.450 2566 2612 I WidgetsModel: found whitelist widget: com.android.music, label: 闊充箰, sectionName:Y
03-22 02:44:03.451 2566 2612 D LoaderTask: bindWidgets
03-22 02:44:03.451 1206 2165 D CompatibilityChangeReporter: Compat change id reported: 168419799; UID 10030; state: DISABLED
03-22 02:44:03.451 1206 2165 D CompatibilityInfo: mCompatibilityFlags - 4
03-22 02:44:03.451 2566 2612 D LoaderTask: save widgets in icon cache
03-22 02:44:03.451 2566 2612 D LoaderTask: finish icon update
03-22 02:44:03.451 1206 2165 D CompatibilityInfo: applicationDensity - 240
03-22 02:44:03.451 1206 2165 D CompatibilityInfo: applicationScale - 1.0
03-22 02:44:03.453 1206 2165 D CompatibilityInfo: mCompatibilityFlags - 4
03-22 02:44:03.453 1206 2165 D CompatibilityInfo: applicationDensity - 240
03-22 02:44:03.453 1206 2165 D CompatibilityInfo: applicationScale - 1.0
03-22 02:44:03.454 2566 2612 D LauncherProvider: call: method=new_db_transaction,arg=null,extras=null
03-22 02:44:03.455 4125 4202 D CCodecBufferChannel: [c2.android.vorbis.decoder#567] MediaCodec discarded an unknown buffer
03-22 02:44:03.455 4125 4202 D CCodecBufferChannel: [c2.android.vorbis.decoder#567] MediaCodec discarded an unknown buffer
03-22 02:44:03.455 4125 4202 D CCodecBufferChannel: [c2.android.vorbis.decoder#567] MediaCodec discarded an unknown buffer
03-22 02:44:03.455 4199 4199 D CompatibilityChangeReporter: Compat change id reported: 171979766; UID 10030; state: DISABLED
03-22 02:44:03.456 4125 4125 V KeyguardUpdateMonitor: *** register callback for com.android.systemui.statusbar.KeyguardIndicationController$BaseKeyguardCallback@1b96f4
03-22 02:44:03.456 4125 4125 V KeyguardUpdateMonitor: *** unregister callback for null
03-22 02:44:03.456 1309 2042 I hw-BpHwBinder: onLastStrongRef automatically unlinking death recipients
03-22 02:44:03.456 4125 4125 V KeyguardUpdateMonitor: *** register callback for com.android.systemui.statusbar.KeyguardIndicationController$4@663c892
03-22 02:44:03.457 4125 4125 V KeyguardUpdateMonitor: *** unregister callback for null
03-22 02:44:03.457 4125 4219 I hw-BpHwBinder: onLastStrongRef automatically unlinking death recipients
03-22 02:44:03.457 1309 2042 V C2Store : in ~ComponentModule
03-22 02:44:03.457 1309 2042 V C2Store : unloading dll
03-22 02:44:03.458 4125 4125 D StatusBar: disable disable2
03-22 02:44:03.458 2566 2612 D BaseIconFactory: normalizeAndWrapToAdaptiveIcon: scale=0.8096529
03-22 02:44:03.459 1206 1220 I StatusBarManagerService: registerStatusBar bar=com.android.internal.statusbar.IStatusBar$Stub$Proxy@7e7cb29
03-22 02:44:03.459 1206 1206 W Binder : Outgoing transactions from this process must be FLAG_ONEWAY
03-22 02:44:03.459 1206 1206 W Binder : java.lang.Throwable
03-22 02:44:03.459 1206 1206 W Binder : at android.os.BinderProxy.transact(BinderProxy.java:532)
03-22 02:44:03.459 1206 1206 W Binder : at com.android.internal.statusbar.IStatusBar$Stub$Proxy.setUdfpsHbmListener(IStatusBar.java:2371)
03-22 02:44:03.459 1206 1206 W Binder : at com.android.server.statusbar.StatusBarManagerService.setUdfpsHbmListener(StatusBarManagerService.java:851)
03-22 02:44:03.459 1206 1206 W Binder : at com.android.server.statusbar.StatusBarManagerService.lambda$notifyBarAttachChanged$3$StatusBarManagerService(StatusBarManagerService.java:1266)
03-22 02:44:03.459 1206 1206 W Binder : at com.android.server.statusbar.StatusBarManagerService$$ExternalSyntheticLambda1.run(Unknown Source:2)
03-22 02:44:03.459 1206 1206 W Binder : at android.os.Handler.handleCallback(Handler.java:938)
03-22 02:44:03.459 1206 1206 W Binder : at android.os.Handler.dispatchMessage(Handler.java:99)
03-22 02:44:03.459 1206 1206 W Binder : at android.os.Looper.loopOnce(Looper.java:201)
03-22 02:44:03.459 1206 1206 W Binder : at android.os.Looper.loop(Looper.java:288)
03-22 02:44:03.459 1206 1206 W Binder : at com.android.server.SystemServer.run(SystemServer.java:909)
03-22 02:44:03.459 1206 1206 W Binder : at com.android.server.SystemServer.main(SystemServer.java:616)
03-22 02:44:03.459 1206 1206 W Binder : at java.lang.reflect.Method.invoke(Native Method)
03-22 02:44:03.459 1206 1206 W Binder : at com.android.internal.os.RuntimeInit$MethodAndArgsCaller.run(RuntimeInit.java:548)
03-22 02:44:03.459 1206 1206 W Binder : at com.android.internal.os.ZygoteInit.main(ZygoteInit.java:987)
03-22 02:44:03.460 4199 4199 D ApplicationLoaders: Returning zygote-cached class loader: /system/framework/android.test.base.jar
03-22 02:44:03.464 2566 2612 D BaseIconFactory: normalizeAndWrapToAdaptiveIcon: scale=0.8096529
03-22 02:44:03.470 2566 2612 D BaseIconFactory: normalizeAndWrapToAdaptiveIcon: scale=0.8096529
03-22 02:44:03.480 2566 2612 D BaseIconFactory: normalizeAndWrapToAdaptiveIcon: scale=0.8096529
03-22 02:44:03.484 2566 2612 D BaseIconFactory: normalizeAndWrapToAdaptiveIcon: scale=0.8096529
03-22 02:44:03.489 2566 2612 D BaseIconFactory: normalizeAndWrapToAdaptiveIcon: scale=0.91217864
03-22 02:44:03.490 4199 4199 I Perf : Connecting to perf service.
03-22 02:44:03.493 4199 4199 V GraphicsEnvironment: ANGLE Developer option for 'com.baidu.input' set to: 'default'
03-22 02:44:03.493 4199 4199 V GraphicsEnvironment: ANGLE GameManagerService for com.baidu.input: false
03-22 02:44:03.494 4199 4199 D NetworkSecurityConfig: Using Network Security Config from resource network_security_config debugBuild: false
03-22 02:44:03.494 2566 2612 D BaseIconFactory: normalizeAndWrapToAdaptiveIcon: scale=0.8096529
03-22 02:44:03.494 4199 4199 D NetworkSecurityConfig: Using Network Security Config from resource network_security_config debugBuild: false
03-22 02:44:03.498 2566 2612 D BaseIconFactory: normalizeAndWrapToAdaptiveIcon: scale=0.8096529
03-22 02:44:03.502 2566 2612 D BaseIconFactory: normalizeAndWrapToAdaptiveIcon: scale=0.8096529
03-22 02:44:03.509 4199 4199 I MultiDex: VM with version 2.1.0 has multidex support
03-22 02:44:03.509 4199 4199 I MultiDex: Installing application
03-22 02:44:03.509 4199 4199 I MultiDex: VM has multidex support, MultiDex support library is disabled.
03-22 02:44:03.510 4199 4199 I MultiDex: Installing application
03-22 02:44:03.510 4199 4199 I MultiDex: VM has multidex support, MultiDex support library is disabled.
03-22 02:44:03.512 2566 2612 D BaseIconFactory: normalizeAndWrapToAdaptiveIcon: scale=0.8096529
03-22 02:44:03.512 1206 1206 I GameModeConfig: isGameModeOn = false
03-22 02:44:03.538 4125 4125 I CameraManagerGlobal: Connecting to camera service
03-22 02:44:03.540 4125 4125 E ThemeUtils: View class com.airbnb.lottie.LottieAnimationView is an AppCompat widget that can only be used with a Theme.AppCompat theme (or descendant).
03-22 02:44:03.547 4125 4125 D CompatibilityChangeReporter: Compat change id reported: 170233598; UID 10084; state: DISABLED
03-22 02:44:03.555 4199 4221 I MMKV : page size:4096
03-22 02:44:03.556 4199 4221 I MMKV : root dir: /data/user/0/com.baidu.input/files/mmkv
03-22 02:44:03.556 4199 4221 I MMKV : loading [mmkv.default] with 792 size in total, file size is 4096
03-22 02:44:03.556 4199 4221 I MMKV : loading [mmkv.default] with crc 1886611210 sequence 2
03-22 02:44:03.556 4199 4221 I MMKV : loaded [mmkv.default] with 25 values
03-22 02:44:03.584 4125 4125 D NavigationModeController: getCurrentInteractionMode: mode=2 contextUser=0
03-22 02:44:03.591 4125 4125 D QAWController: QuickAccessWallet feature is not available.
03-22 02:44:03.592 4125 4125 D ControlsListingControllerImpl: Initializing
03-22 02:44:03.593 4125 4154 D ControlsListingControllerImpl: Subscribing callback, service count: 0
03-22 02:44:03.594 4199 4199 I Helios : provider onCreate
03-22 02:44:03.601 4125 4125 D NavigationModeController: getCurrentInteractionMode: mode=2 contextUser=0
03-22 02:44:03.602 4125 4125 D NavigationModeController: getCurrentInteractionMode: mode=2 contextUser=0
03-22 02:44:03.608 4125 4125 D NavigationModeController: getCurrentUserContext: contextUser=0 currentUser=0
03-22 02:44:03.609 4125 4125 D NavigationModeController: getCurrentInteractionMode: mode=2 contextUser=0
03-22 02:44:03.622 2566 2566 D EditModeHelper: setHotseatVisibility: 0
03-22 02:44:03.627 4199 4199 W UnsafeUtil: platform method missing - proto runtime falling back to safer methods: java.lang.NoSuchMethodException: sun.misc.Unsafe.copyMemory [class java.lang.Object, long, class java.lang.Object, long, long]
03-22 02:44:03.628 4125 4125 D StatusBar: disable disable2
03-22 02:44:03.632 4125 4125 V KeyguardUpdateMonitor: *** register callback for com.android.systemui.statusbar.phone.ScrimController$KeyguardVisibilityCallback@b524cb3
03-22 02:44:03.632 4125 4125 V KeyguardUpdateMonitor: *** unregister callback for null
03-22 02:44:03.636 1206 1220 W FreeFormWindowHelper: Current Display FreeFormTask is null
03-22 02:44:03.638 1206 1538 W ActivityTaskManager: Can't find TaskDisplayArea to determine support for multi window. Task id=8 attached=false
03-22 02:44:03.638 1206 1538 W ActivityTaskManager: Can't find TaskDisplayArea to determine support for multi window. Task id=8 attached=false
03-22 02:44:03.643 4125 4125 D StatusBar: mUserSetupObserver - DeviceProvisionedListener called for user 0
03-22 02:44:03.643 4125 4125 D StatusBar: mUserSetupObserver - DeviceProvisionedListener called for user 0
03-22 02:44:03.643 4125 4149 D OpenGLRenderer: profile bars disabled
03-22 02:44:03.643 4125 4149 D OpenGLRenderer: ambientRatio = 1.50
03-22 02:44:03.654 4125 4125 V KeyguardUpdateMonitor: *** register callback for com.android.systemui.statusbar.notification.collection.coordinator.KeyguardCoordinator$6@7fd6473
03-22 02:44:03.654 4125 4125 V KeyguardUpdateMonitor: *** unregister callback for null
03-22 02:44:03.655 4125 4125 D NotifPipeline: Notif pipeline initialized
03-22 02:44:03.660 4125 4125 V WifiManager: registerSoftApCallback: callback=com.android.systemui.statusbar.policy.HotspotControllerImpl@7953e92, executor=android.os.HandlerExecutor@a885063
03-22 02:44:03.661 4125 4201 V WifiManager: SoftApCallbackProxy: send InfoChanged, newInfo: SoftApInfo{bandwidth= 0, frequency= 0, wifiStandard= 0, mApInstanceIdentifier= null, mIdleShutdownTimeoutMillis= 0}
03-22 02:44:03.661 4125 4201 V WifiManager: SoftApCallbackProxy: send InfoChanged, changedInfoList: []
03-22 02:44:03.661 4125 4201 V WifiManager: SoftApCallbackProxy: send onConnectedClientsChanged(clients): []
03-22 02:44:03.663 4125 4125 V KeyguardUpdateMonitor: *** register callback for com.android.systemui.statusbar.phone.KeyguardBouncer$1@ac69d19
03-22 02:44:03.663 4125 4125 V KeyguardUpdateMonitor: *** unregister callback for null
03-22 02:44:03.663 4125 4125 V KeyguardUpdateMonitor: *** register callback for com.android.systemui.statusbar.phone.StatusBarKeyguardViewManager$3@4c4b1de
03-22 02:44:03.663 4125 4125 V KeyguardUpdateMonitor: *** unregister callback for null
03-22 02:44:03.664 4125 4125 D KeyguardViewMediator: adjustStatusBarLocked: mShowing=false mOccluded=false isSecure=false force=false --> flags=0x0
03-22 02:44:03.664 4125 4125 D NavigationModeController: getCurrentInteractionMode: mode=2 contextUser=0
03-22 02:44:03.664 4125 4125 V KeyguardUpdateMonitor: *** register callback for com.android.systemui.statusbar.phone.StatusBar$5@5a58fbf
03-22 02:44:03.664 4125 4125 V KeyguardUpdateMonitor: *** unregister callback for null
03-22 02:44:03.667 4199 4253 I MMKV : loading [noti_center_version] with 0 size in total, file size is 4096
03-22 02:44:03.667 4199 4253 I MMKV : loaded [noti_center_version] with 0 values
03-22 02:44:03.670 4199 4253 I MMKV : loading [noti_center_md5] with 0 size in total, file size is 4096
03-22 02:44:03.670 4199 4253 I MMKV : loaded [noti_center_md5] with 0 values
03-22 02:44:03.671 4125 4125 D StorageNotification: Notifying about private volume: VolumeInfo{private}:
03-22 02:44:03.671 4125 4125 D StorageNotification: type=PRIVATE diskId=null partGuid=null mountFlags=0 mountUserId=-10000
03-22 02:44:03.671 4125 4125 D StorageNotification: state=MOUNTED
03-22 02:44:03.671 4125 4125 D StorageNotification: fsType=null fsUuid=null fsLabel=null
03-22 02:44:03.671 4125 4125 D StorageNotification: path=/data internalPath=null
03-22 02:44:03.672 1337 1453 E tlogd : [TzLogger](isPathReadable) file /sys/kernel/debug/tzdbg/qsee_log isn't exist or no permission, err: No such file or directory
03-22 02:44:03.672 1337 1453 E tlogd : [TzLogger](saveTzlogAsync) /sys/kernel/debug/tzdbg/qsee_log can not read.
03-22 02:44:03.672 1337 1453 E tlogd : [TzLogger](isPathReadable) file /sys/kernel/debug/tzdbg/log isn't exist or no permission, err: No such file or directory
03-22 02:44:03.672 1337 1453 E tlogd : [TzLogger](saveTzlogAsync) /sys/kernel/debug/tzdbg/log can not read.
03-22 02:44:03.679 4125 4201 D AuthController: onFingerprintProvidersAvailable | sensors: [ID: 0, Strength: 2, Type: 1]
03-22 02:44:03.679 4125 4138 D AuthController: onEnrollmentsChanged, userId: 0, sensorId: 0, hasEnrollments: false
03-22 02:44:03.679 4125 4138 W Binder : Caught a RuntimeException from the binder stub implementation.
03-22 02:44:03.679 4125 4138 W Binder : java.lang.NullPointerException: Attempt to invoke interface method 'java.util.Iterator java.util.List.iterator()' on a null object reference
03-22 02:44:03.679 4125 4138 W Binder : at com.android.systemui.biometrics.AuthController$1.onEnrollmentsChanged(AuthController.java:139)
03-22 02:44:03.679 4125 4138 W Binder : at android.hardware.fingerprint.IFingerprintStateListener$Stub.onTransact(IFingerprintStateListener.java:107)
03-22 02:44:03.679 4125 4138 W Binder : at android.os.Binder.execTransactInternal(Binder.java:1184)
03-22 02:44:03.679 4125 4138 W Binder : at android.os.Binder.execTransact(Binder.java:1143)
03-22 02:44:03.682 4125 4125 D ThemeOverlayController: Start
03-22 02:44:03.685 4125 4125 V KeyguardUpdateMonitor: *** register callback for com.android.systemui.wmshell.WMShell$2@525d99f
03-22 02:44:03.685 4125 4125 V KeyguardUpdateMonitor: *** unregister callback for null
03-22 02:44:03.686 4125 4125 V KeyguardUpdateMonitor: *** register callback for com.android.systemui.wmshell.WMShell$4@93ac94a
03-22 02:44:03.686 4125 4125 V KeyguardUpdateMonitor: *** unregister callback for null
03-22 02:44:03.686 4125 4125 D ShowWindowUtil: start and showTipWindow
03-22 02:44:03.704 4199 4263 W linker : Warning: "/system/priv-app/baidu_ime-mainLine-release/baidu_ime-mainLine-release.apk!/lib/arm64-v8a/libpaddle_light_api_shared.so" unused DT entry: DT_RPATH (type 0xf arg 0xb01e) (ignoring)
03-22 02:44:03.706 4125 4125 D StatusBar: disable disable2
03-22 02:44:03.709 1206 1206 W WindowManager: addWindowToken: Attempted to add binder token: android.os.Binder@8fb5c60 for already created window token: WallpaperWindowToken{b6bc519 token=android.os.Binder@8fb5c60} displayId=0
03-22 02:44:03.710 4125 4138 D KeyguardViewMediator: onStartedWakingUp, seq = 1
03-22 02:44:03.710 4125 4138 D KeyguardViewMediator: notifyStartedWakingUp
03-22 02:44:03.710 4125 4138 D KeyguardViewMediator: notifyScreenOn
03-22 02:44:03.710 4125 4138 D KeyguardViewMediator: notifyScreenTurnedOn
03-22 02:44:03.711 4125 4138 D KeyguardViewMediator: adjustStatusBarLocked: mShowing=false mOccluded=false isSecure=false force=false --> flags=0x0
03-22 02:44:03.718 4125 4125 I DepthController: Won't set zoom. Window not attached com.android.systemui.statusbar.phone.NotificationShadeWindowView{adb6270 I.E...... ......I. 0,0-0,0}
03-22 02:44:03.728 1206 4116 W FreeFormWindowHelper: Current Display FreeFormTask is null
03-22 02:44:03.729 1206 1220 I InputDispatcher: Created monitor edge-swipe for display 0, gesture=true, pid=4125
03-22 02:44:03.732 4125 4125 D NavigationModeController: getCurrentUserContext: contextUser=0 currentUser=0
03-22 02:44:03.732 4199 4262 D MicroMsg.PaySdk.WXFactory: createWXAPI, appId = wxb42cca62c3f838b9, checkSignature = false
03-22 02:44:03.732 4199 4262 D MicroMsg.SDK.WXApiImplV10: , appId = wxb42cca62c3f838b9, checkSignature = false
03-22 02:44:03.733 4199 4262 D MicroMsg.SDK.WXMsgImplComm: ignore wechat app signature validation
03-22 02:44:03.733 4199 4262 D MicroMsg.SDK.WXApiImplV10: registerApp, appId = wxb42cca62c3f838b9
03-22 02:44:03.733 4199 4262 D MicroMsg.SDK.WXApiImplV10: registerApp, appId = wxb42cca62c3f838b9
03-22 02:44:03.733 4199 4262 D MicroMsg.SDK.WXApiImplV10: register app com.baidu.input
03-22 02:44:03.733 4199 4262 D MicroMsg.SDK.MMessage: send mm message, intent=Intent { act=com.tencent.mm.plugin.openapi.Intent.ACTION_HANDLE_APP_REGISTER (has extras) }, perm=com.tencent.mm.permission.MM_MESSAGE
03-22 02:44:03.737 4125 4149 I AdrenoGLES-0: QUALCOMM build : 47421dbee6, I139f36ad46
03-22 02:44:03.737 4125 4149 I AdrenoGLES-0: Build Date : 02/18/22
03-22 02:44:03.737 4125 4149 I AdrenoGLES-0: OpenGL ES Shader Compiler Version: EV031.32.02.17
03-22 02:44:03.737 4125 4149 I AdrenoGLES-0: Local Branch :
03-22 02:44:03.737 4125 4149 I AdrenoGLES-0: Remote Branch :
03-22 02:44:03.737 4125 4149 I AdrenoGLES-0: Remote Branch :
03-22 02:44:03.737 4125 4149 I AdrenoGLES-0: Reconstruct Branch :
03-22 02:44:03.737 4125 4149 I AdrenoGLES-0: Build Config : S P 10.0.7 AArch64
03-22 02:44:03.737 4125 4149 I AdrenoGLES-0: Driver Path : /vendor/lib64/egl/libGLESv2_adreno.so
03-22 02:44:03.738 509 509 I hwservicemanager: getTransport: Cannot find entry android.hardware.graphics.mapper@4.0::IMapper/default in either framework or device VINTF manifest.
03-22 02:44:03.739 4199 4199 E ThemeUtils: View class androidx.appcompat.widget.SwitchCompat is an AppCompat widget that can only be used with a Theme.AppCompat theme (or descendant).
03-22 02:44:03.741 4125 4149 I AdrenoGLES-0: PFP: 0x016dd093, ME: 0x00000000
03-22 02:44:03.745 4125 4149 D libEGL : MSAA-->msaa:0 gamemode:0 4x_msaa:0
03-22 02:44:03.745 4125 4149 D libEGL : MSAA-->msaa:0 gamemode:0 4x_msaa:0
03-22 02:44:03.745 4125 4149 D libEGL : MSAA-->msaa:0 gamemode:0 4x_msaa:0
03-22 02:44:03.748 4199 4199 E ThemeUtils: View class com.baidu.input.ime.cand.view.MinorWordTextView is an AppCompat widget that can only be used with a Theme.AppCompat theme (or descendant).
03-22 02:44:03.748 857 857 I SDM : HWCDisplay::GetColorModeCount: Supported color mode count = 1
03-22 02:44:03.748 857 857 I SDM : HWCDisplay::GetColorModes: Color mode = 0 is supported
03-22 02:44:03.749 1007 2770 E HWComposer: getSupportedContentTypes: getSupportedContentTypes failed for display 4630946816427681409: Unsupported (8)
03-22 02:44:03.750 509 509 I hwservicemanager: getTransport: Cannot find entry android.hardware.graphics.mapper@4.0::IMapper/default in either framework or device VINTF manifest.
03-22 02:44:03.750 4125 4125 I Gralloc4: mapper 4.x is not supported
03-22 02:44:03.751 509 509 I hwservicemanager: getTransport: Cannot find entry android.hardware.graphics.allocator@4.0::IAllocator/default in either framework or device VINTF manifest.
03-22 02:44:03.751 4125 4125 W Gralloc4: allocator 4.x is not supported
03-22 02:44:03.753 4125 4269 D libEGL : MSAA-->msaa:0 gamemode:0 4x_msaa:0
03-22 02:44:03.756 4125 4269 D libEGL : MSAA-->msaa:0 gamemode:0 4x_msaa:0
03-22 02:44:03.756 4125 4269 D libEGL : MSAA-->msaa:0 gamemode:0 4x_msaa:0
03-22 02:44:03.772 4125 4125 D QAWController: QuickAccessWallet feature is not available.
03-22 02:44:03.772 4125 4154 D ControlsListingControllerImpl: Subscribing callback, service count: 0
03-22 02:44:03.775 4125 4125 V KeyguardUpdateMonitor: *** register callback for com.android.systemui.statusbar.phone.NotificationPanelViewController$1@a97e875
03-22 02:44:03.775 4125 4125 V KeyguardUpdateMonitor: *** unregister callback for null
03-22 02:44:03.778 4125 4125 V KeyguardUpdateMonitor: *** register callback for com.android.systemui.statusbar.phone.KeyguardBottomAreaView$9@b3bdc44
03-22 02:44:03.778 4125 4125 V KeyguardUpdateMonitor: *** unregister callback for null
03-22 02:44:03.779 4125 4125 V KeyguardUpdateMonitor: *** register callback for com.android.keyguard.EmergencyButtonController$1@631b12d
03-22 02:44:03.779 4125 4125 V KeyguardUpdateMonitor: *** unregister callback for null
03-22 02:44:03.780 4125 4125 D CompatibilityChangeReporter: Compat change id reported: 182185642; UID 10084; state: ENABLED
03-22 02:44:03.780 4125 4125 E EmergencyButton: Fail to call TelephonyManager.requestCellInfoUpdate
03-22 02:44:03.780 4125 4125 E EmergencyButton: java.lang.IllegalStateException: Telephony is null
03-22 02:44:03.780 4125 4125 E EmergencyButton: at android.telephony.TelephonyManager.requestCellInfoUpdate(TelephonyManager.java:6362)
03-22 02:44:03.780 4125 4125 E EmergencyButton: at com.android.keyguard.EmergencyButtonController.requestCellInfoUpdate(EmergencyButtonController.java:182)
03-22 02:44:03.780 4125 4125 E EmergencyButton: at com.android.keyguard.EmergencyButtonController.access$100(EmergencyButtonController.java:51)
03-22 02:44:03.780 4125 4125 E EmergencyButton: at com.android.keyguard.EmergencyButtonController$1.onPhoneStateChanged(EmergencyButtonController.java:77)
03-22 02:44:03.780 4125 4125 E EmergencyButton: at com.android.keyguard.KeyguardUpdateMonitor.sendUpdates(KeyguardUpdateMonitor.java:3085)
03-22 02:44:03.780 4125 4125 E EmergencyButton: at com.android.keyguard.KeyguardUpdateMonitor.registerCallback(KeyguardUpdateMonitor.java:3062)
03-22 02:44:03.780 4125 4125 E EmergencyButton: at com.android.keyguard.EmergencyButtonController.onViewAttached(EmergencyButtonController.java:119)
03-22 02:44:03.780 4125 4125 E EmergencyButton: at com.android.systemui.util.ViewController$1.onViewAttachedToWindow(ViewController.java:52)
03-22 02:44:03.780 4125 4125 E EmergencyButton: at android.view.View.dispatchAttachedToWindow(View.java:20768)
03-22 02:44:03.780 4125 4125 E EmergencyButton: at android.view.ViewGroup.dispatchAttachedToWindow(ViewGroup.java:3497)
03-22 02:44:03.780 4125 4125 E EmergencyButton: at android.view.ViewGroup.dispatchAttachedToWindow(ViewGroup.java:3497)
03-22 02:44:03.780 4125 4125 E EmergencyButton: at android.view.ViewGroup.dispatchAttachedToWindow(ViewGroup.java:3497)
03-22 02:44:03.780 4125 4125 E EmergencyButton: at android.view.ViewGroup.dispatchAttachedToWindow(ViewGroup.java:3497)
03-22 02:44:03.780 4125 4125 E EmergencyButton: at android.view.ViewRootImpl.performTraversals(ViewRootImpl.java:2633)
03-22 02:44:03.780 4125 4125 E EmergencyButton: at android.view.ViewRootImpl.doTraversal(ViewRootImpl.java:2146)
03-22 02:44:03.780 4125 4125 E EmergencyButton: at android.view.ViewRootImpl$TraversalRunnable.run(ViewRootImpl.java:8676)
03-22 02:44:03.780 4125 4125 E EmergencyButton: at android.view.Choreographer$CallbackRecord.run(Choreographer.java:1120)
03-22 02:44:03.780 4125 4125 E EmergencyButton: at android.view.Choreographer.doCallbacks(Choreographer.java:926)
03-22 02:44:03.780 4125 4125 E EmergencyButton: at android.view.Choreographer.doFrame(Choreographer.java:859)
03-22 02:44:03.780 4125 4125 E EmergencyButton: at android.view.Choreographer$FrameDisplayEventReceiver.run(Choreographer.java:1105)
03-22 02:44:03.780 4125 4125 E EmergencyButton: at android.os.Handler.handleCallback(Handler.java:938)
03-22 02:44:03.780 4125 4125 E EmergencyButton: at android.os.Handler.dispatchMessage(Handler.java:99)
03-22 02:44:03.780 4125 4125 E EmergencyButton: at android.os.Looper.loopOnce(Looper.java:201)
03-22 02:44:03.780 4125 4125 E EmergencyButton: at android.os.Looper.loop(Looper.java:288)
03-22 02:44:03.780 4125 4125 E EmergencyButton: at android.app.ActivityThread.main(ActivityThread.java:7880)
03-22 02:44:03.780 4125 4125 E EmergencyButton: at java.lang.reflect.Method.invoke(Native Method)
03-22 02:44:03.780 4125 4125 E EmergencyButton: at com.android.internal.os.RuntimeInit$MethodAndArgsCaller.run(RuntimeInit.java:548)
03-22 02:44:03.780 4125 4125 E EmergencyButton: at com.android.internal.os.ZygoteInit.main(ZygoteInit.java:1009)
03-22 02:44:03.780 4125 4125 V KeyguardUpdateMonitor: *** register callback for com.android.keyguard.LockIconViewController$3@93c78b0
03-22 02:44:03.780 4125 4125 V KeyguardUpdateMonitor: *** unregister callback for null
03-22 02:44:03.781 4125 4125 V KeyguardUpdateMonitor: *** register callback for com.android.keyguard.KeyguardStatusViewController$2@3a53329
03-22 02:44:03.781 4125 4125 V KeyguardUpdateMonitor: *** unregister callback for null
03-22 02:44:03.785 4125 4125 V KeyguardUpdateMonitor: *** register callback for com.android.keyguard.AnimatableClockController$4@46cce6b
03-22 02:44:03.785 4125 4125 V KeyguardUpdateMonitor: *** unregister callback for null
03-22 02:44:03.786 4125 4125 V KeyguardUpdateMonitor: *** register callback for com.android.keyguard.AnimatableClockController$4@c87e647
03-22 02:44:03.786 4125 4125 V KeyguardUpdateMonitor: *** unregister callback for null
03-22 02:44:03.807 4125 4125 V KeyguardUpdateMonitor: *** register callback for com.android.systemui.biometrics.AuthRippleController$keyguardUpdateMonitorCallback$1@de072a5
03-22 02:44:03.807 4125 4125 V KeyguardUpdateMonitor: *** unregister callback for null
03-22 02:44:03.853 4125 4125 D KeyguardUpdateMonitor: handleServiceStateChange(subId=-1, serviceState=null
03-22 02:44:03.853 4125 4125 W KeyguardUpdateMonitor: invalid subId in handleServiceStateChange()
03-22 02:44:03.854 4125 4125 E EmergencyButton: Fail to call TelephonyManager.requestCellInfoUpdate
03-22 02:44:03.854 4125 4125 E EmergencyButton: java.lang.IllegalStateException: Telephony is null
03-22 02:44:03.854 4125 4125 E EmergencyButton: at android.telephony.TelephonyManager.requestCellInfoUpdate(TelephonyManager.java:6362)
03-22 02:44:03.854 4125 4125 E EmergencyButton: at com.android.keyguard.EmergencyButtonController.requestCellInfoUpdate(EmergencyButtonController.java:182)
03-22 02:44:03.854 4125 4125 E EmergencyButton: at com.android.keyguard.EmergencyButtonController.access$100(EmergencyButtonController.java:51)
03-22 02:44:03.854 4125 4125 E EmergencyButton: at com.android.keyguard.EmergencyButtonController$1.onServiceStateChanged(EmergencyButtonController.java:84)
03-22 02:44:03.854 4125 4125 E EmergencyButton: at com.android.keyguard.KeyguardUpdateMonitor.handleServiceStateChange(KeyguardUpdateMonitor.java:2851)
03-22 02:44:03.854 4125 4125 E EmergencyButton: at com.android.keyguard.KeyguardUpdateMonitor$15.handleMessage(KeyguardUpdateMonitor.java:1839)
03-22 02:44:03.854 4125 4125 E EmergencyButton: at android.os.Handler.dispatchMessage(Handler.java:106)
03-22 02:44:03.854 4125 4125 E EmergencyButton: at android.os.Looper.loopOnce(Looper.java:201)
03-22 02:44:03.854 4125 4125 E EmergencyButton: at android.os.Looper.loop(Looper.java:288)
03-22 02:44:03.854 4125 4125 E EmergencyButton: at android.app.ActivityThread.main(ActivityThread.java:7880)
03-22 02:44:03.854 4125 4125 E EmergencyButton: at java.lang.reflect.Method.invoke(Native Method)
03-22 02:44:03.854 4125 4125 E EmergencyButton: at com.android.internal.os.RuntimeInit$MethodAndArgsCaller.run(RuntimeInit.java:548)
03-22 02:44:03.854 4125 4125 E EmergencyButton: at com.android.internal.os.ZygoteInit.main(ZygoteInit.java:1009)
03-22 02:44:03.860 4125 4125 D KeyguardUpdateMonitor: handleLockScreenMode(1)
03-22 02:44:03.860 4125 4125 D BluetoothA2dp: Proxy object connected
03-22 02:44:03.861 4125 4125 D BluetoothMap: Proxy object connected
03-22 02:44:03.861 4125 4125 D BluetoothMap: getConnectedDevices()
03-22 02:44:03.861 4125 4125 D BluetoothHearingAid: Proxy object connected
03-22 02:44:03.864 4125 4125 D BluetoothHidHost: Proxy object connected
03-22 02:44:03.865 1988 2000 D BluetoothHidHostService: getDevicesMatchingConnectionStates()
03-22 02:44:03.865 4125 4125 D BluetoothPan: Proxy object connected
03-22 02:44:03.865 4125 4125 D BluetoothSap: Proxy object connected
03-22 02:44:03.865 4125 4125 D BluetoothSap: getConnectedDevices()
03-22 02:44:03.865 1988 2000 V SapService: getConnectedDevices()
03-22 02:44:03.866 4125 4125 D Tonal : Tonal Palette - index: 3. Main color: ff242935
03-22 02:44:03.866 4125 4125 D Tonal : Colors: ff030304, ff0d0f14, ff181b23, ff242935, ff333c4c, ff434a62, ff525b79, ff81838a, ff868cac, ff989db9, ffadb0c8, ffcccddc, ffe1e2ea
03-22 02:44:03.866 4125 4125 D Tonal : Gradients:
03-22 02:44:03.866 4125 4125 D Tonal : Normal GradientColors(ff242935, ff242935)
03-22 02:44:03.866 4125 4125 D Tonal : Dark GradientColors(ff242935, ff242935)
03-22 02:44:03.866 4125 4125 D Tonal : Extra dark: GradientColors(ff181b23, ff181b23)
03-22 02:44:03.866 4125 4125 D Tonal : Tonal Palette - index: 3. Main color: ff242935
03-22 02:44:03.866 4125 4125 D Tonal : Colors: ff030304, ff0d0f14, ff181b23, ff242935, ff333c4c, ff434a62, ff525b79, ff81838a, ff868cac, ff989db9, ffadb0c8, ffcccddc, ffe1e2ea
03-22 02:44:03.866 4125 4125 D Tonal : Gradients:
03-22 02:44:03.866 4125 4125 D Tonal : Normal GradientColors(ff242935, ff242935)
03-22 02:44:03.866 4125 4125 D Tonal : Dark GradientColors(ff242935, ff242935)
03-22 02:44:03.866 4125 4125 D Tonal : Extra dark: GradientColors(ff181b23, ff181b23)
03-22 02:44:03.868 1206 1736 I InputDispatcher: Erasing monitor swipe-up (server) on display 0, pid=2566
03-22 02:44:03.868 1206 2164 I InputDispatcher: Created monitor swipe-up for display 0, gesture=true, pid=2566
03-22 02:44:03.895 4125 4125 D QSTileHost: Recreating tiles
03-22 02:44:03.895 4125 4125 D QSTileHost: Creating tile: internet
03-22 02:44:03.896 4125 4125 D QSTileHost: Creating tile: bt
03-22 02:44:03.897 4125 4125 D QSTileHost: Creating tile: screenshot
03-22 02:44:03.898 4125 4125 D QSTileHost: Creating tile: screenrecord
03-22 02:44:03.898 4125 4125 D QSTileHost: Creating tile: night
03-22 02:44:03.899 4125 4125 D QSTileHost: Creating tile: gamemode
03-22 02:44:03.899 4125 4125 D GameModeIF_GameModeSettings: getUriFor setting_content_uri_root = content://com.thundercomm.gamemode.api/gamemode_settings , name = gamemode_enable
03-22 02:44:03.899 4125 4125 D GameModeIF_GameModeSettings: getUriFor setting_content_uri_root = content://com.thundercomm.gamemode.api/gamemode_settings , name = gamemode_dnd_voice
03-22 02:44:03.900 4125 4125 D GameModeIF_GameModeSettings: getUriFor setting_content_uri_root = content://com.thundercomm.gamemode.api/gamemode_settings , name = gamemode_dnd_notification
03-22 02:44:03.900 4125 4125 D GameModeIF_GameModeSettings: getUriFor setting_content_uri_root = content://com.thundercomm.gamemode.api/gamemode_settings , name = gamemode_gpu_standard_enable
03-22 02:44:03.900 4125 4125 D GameModeIF_GameModeSettings: getUriFor setting_content_uri_root = content://com.thundercomm.gamemode.api/gamemode_settings , name = gamemode_gpu_standard_value
03-22 02:44:03.900 4125 4125 D GameModeIF_GameModeSettings: getUriFor setting_content_uri_root = content://com.thundercomm.gamemode.api/gamemode_settings , name = gamemode_gpu_custom_enable
03-22 02:44:03.900 4125 4125 D GameModeIF_GameModeSettings: getUriFor setting_content_uri_root = content://com.thundercomm.gamemode.api/gamemode_settings , name = gamemode_gpu_custom_fps
03-22 02:44:03.900 4125 4125 D GameModeIF_GameModeSettings: getUriFor setting_content_uri_root = content://com.thundercomm.gamemode.api/gamemode_settings , name = gamemode_gpu_custom_dpi
03-22 02:44:03.900 4125 4125 D GameModeIF_GameModeSettings: getUriFor setting_content_uri_root = content://com.thundercomm.gamemode.api/gamemode_settings , name = gamemode_gpu_custom_aliasing
03-22 02:44:03.900 4125 4125 D GameModeIF_GameModeSettings: getUriFor setting_content_uri_root = content://com.thundercomm.gamemode.api/gamemode_settings , name = gamemode_isgaming
03-22 02:44:03.900 4125 4125 D GameModeIF_GameModeSettings: getUriFor setting_content_uri_root = content://com.thundercomm.gamemode.api/gamemode_settings , name = gamemode_bulletscreen
03-22 02:44:03.900 4125 4125 D GameModeIF_GameModeSettings: getUriFor setting_content_uri_root = content://com.thundercomm.gamemode.api/gamemode_settings , name = gamemode_enable
03-22 02:44:03.902 4125 4125 D QSTileHost: Creating tile: dbg:mem
03-22 02:44:03.902 4125 4125 W QSFactory: No stock tile spec: dbg:mem
03-22 02:44:03.918 1206 1218 W System : A resource failed to call release.
03-22 02:44:03.918 1206 1218 W System : A resource failed to call release.
03-22 02:44:03.918 1206 1218 W System : A resource failed to call release.
03-22 02:44:03.918 1206 1218 W System : A resource failed to call release.
03-22 02:44:03.918 1206 1218 W System : A resource failed to call release.
03-22 02:44:03.918 1206 1218 W System : A resource failed to call close.
03-22 02:44:03.918 1206 1218 W System : A resource failed to call close.
03-22 02:44:03.999 4125 4125 D QSPanel : setHorizontalContentContainer
03-22 02:44:04.007 4125 4125 D QSPanel : setHorizontalContentContainer
03-22 02:44:04.008 4125 4125 D QSPanel : setHorizontalContentContainer
03-22 02:44:04.008 4125 4125 D QSPanel : setHorizontalContentContainer
03-22 02:44:04.008 4125 4125 D QSPanel : qs brightness view is null
03-22 02:44:04.011 4125 4125 D QSPanel : setHorizontalContentContainer
03-22 02:44:04.011 4125 4125 D QSPanel : qs brightness view is null
03-22 02:44:04.015 4125 4125 D ControlsFavoritePersistenceWrapper: No favorites, returning empty list
03-22 02:44:04.015 4125 4154 D ControlsListingControllerImpl: Subscribing callback, service count: 0
03-22 02:44:04.031 4125 4125 W DepthController: Invalid qs expansion
03-22 02:44:04.036 4125 4125 V ShadeControllerImpl: NotificationShadeWindow: com.android.systemui.statusbar.phone.NotificationShadeWindowView{adb6270 I.E...... ......ID 0,0-2560,1080} canPanelBeCollapsed(): false
03-22 02:44:04.036 4125 4125 D KeyguardViewMediator: onSystemReady
03-22 02:44:04.036 4125 4125 D KeyguardViewMediator: doKeyguard: not showing because device isn't provisioned and the sim is not locked or missing
03-22 02:44:04.036 4125 4125 V KeyguardUpdateMonitor: *** register callback for com.android.systemui.keyguard.KeyguardViewMediator$2@16f0064
03-22 02:44:04.036 4125 4125 V KeyguardUpdateMonitor: *** unregister callback for null
03-22 02:44:04.036 4125 4125 D KeyguardViewMediator: adjustStatusBarLocked: mShowing=false mOccluded=false isSecure=false force=false --> flags=0x0
03-22 02:44:04.037 4125 4125 D KeyguardViewMediator: handleNotifyWakingUp
03-22 02:44:04.038 1206 1553 W BroadcastQueue: Background execution not allowed: receiving Intent { act=android.intent.action.USER_PRESENT flg=0x24200010 } to com.microsoft.emmx/org.chromium.chrome.browser.sharing.click_to_call.ClickToCallMessageHandler$PhoneUnlockedReceiver
03-22 02:44:04.039 2817 2817 D SYS_EVENT: send event 64 notification to client
03-22 02:44:04.041 4125 4125 W DepthController: Invalid qs expansion
03-22 02:44:04.042 4125 4125 W DepthController: Invalid qs expansion
03-22 02:44:04.042 4125 4125 D StatusBar: updateQsExpansionEnabled - QS Expand enabled: false
03-22 02:44:04.043 4125 4125 D KeyguardViewMediator: handleNotifyScreenTurningOn
03-22 02:44:04.045 4125 4125 D KeyguardViewMediator: handleNotifyScreenTurnedOn
03-22 02:44:04.051 4125 4125 V WallpaperService: Setting wallpaper dimming: 0
03-22 02:44:04.051 4125 4266 D libEGL : MSAA-->msaa:0 gamemode:0 4x_msaa:0
03-22 02:44:04.051 4125 4266 D EglHelper: createEglContext start
03-22 02:44:04.052 4125 4266 D EglHelper: createEglContext done
03-22 02:44:04.052 4125 4266 D EglHelper: createEglSurface start
03-22 02:44:04.052 4125 4266 D EglHelper: createEglSurface done
03-22 02:44:04.070 4125 4125 W View : requestLayout() improperly called by com.android.keyguard.AlphaOptimizedLinearLayout{123ec89 V.E...... ......ID 4,0-34,33 #7f0b069b app:id/wifi_group} during layout: running second layout pass
03-22 02:44:04.078 4125 4125 W View : requestLayout() improperly called by com.android.keyguard.AlphaOptimizedLinearLayout{95e6369 V.E...... ......ID 4,0-34,33 #7f0b069b app:id/wifi_group} during layout: running second layout pass
03-22 02:44:04.085 4125 4125 W AudioManager: attempt to call registerAudioRecordingCallback() on a previouslyregistered callback
03-22 02:44:04.088 4125 4125 D KeyguardUpdateMonitor: handleRingerModeChange(2)
03-22 02:44:04.094 4125 4125 W System : ClassLoader referenced unknown path:
03-22 02:44:04.098 4125 4125 D InterruptionStateProvider: No alerting: filtered notification: 0|com.android.systemui|1|empty_media|10084
03-22 02:44:04.099 4125 4125 D InterruptionStateProvider: No alerting: filtered notification: 0|com.android.systemui|1|empty_media|10084
03-22 02:44:04.099 4125 4154 D PeopleSpaceWidgetMgr: Sbn doesn't contain valid PeopleTileKey: null/0/com.android.systemui
03-22 02:44:04.102 1268 3903 I OMX-VENC: venc_dev: stats: avg. fps 44.90, bitrate 887652
03-22 02:44:04.105 4125 4125 D InterruptionStateProvider: No alerting: filtered notification: -1|android|26|null|1000
03-22 02:44:04.105 4125 4125 D InterruptionStateProvider: No alerting: filtered notification: -1|android|26|null|1000
03-22 02:44:04.106 4125 4154 D PeopleSpaceWidgetMgr: Sbn doesn't contain valid PeopleTileKey: null/-1/android
03-22 02:44:04.109 4125 4125 D InterruptionStateProvider: No alerting: filtered notification: -1|android|32|null|1000
03-22 02:44:04.109 4125 4125 D InterruptionStateProvider: No alerting: filtered notification: -1|android|32|null|1000
03-22 02:44:04.109 4125 4154 D PeopleSpaceWidgetMgr: Sbn doesn't contain valid PeopleTileKey: null/-1/android
03-22 02:44:04.125 4125 4125 V MediaTimeout: processState 0|com.android.systemui|1|empty_media|10084: null
03-22 02:44:04.125 4125 4125 V MediaTimeout: schedule timeout for 0|com.android.systemui|1|empty_media|10084 playing false, false
03-22 02:44:04.125 4125 4125 D MediaResumeListener: Checking for service component for com.android.systemui
03-22 02:44:04.128 4125 4125 D WallpaperService: Wallpaper has updated the surface:null
03-22 02:44:04.140 1988 2000 D BluetoothDatabase: getBondedDevicesOrdered: Invalid address for device LocalStorage
03-22 02:44:04.163 4125 4125 W ConstraintSet: id unknown center_vertical_guideline
03-22 02:44:04.163 4125 4125 W ConstraintSet: id unknown center_horizontal_guideline
03-22 02:44:04.163 4125 4125 W ConstraintSet: id unknown media_action_barrier
03-22 02:44:04.164 4125 4125 W ConstraintSet: id unknown remove_text
03-22 02:44:04.164 4125 4125 W ConstraintSet: id unknown settings
03-22 02:44:04.164 4125 4125 W ConstraintSet: id unknown cancel
03-22 02:44:04.164 4125 4125 W ConstraintSet: id unknown dismiss
03-22 02:44:04.170 2566 2566 D EditModeHelper: setHotseatVisibility: 0
03-22 02:44:04.173 1206 4116 W FreeFormWindowHelper: Current Display FreeFormTask is null
03-22 02:44:04.174 2566 2566 W View : requestLayout() improperly called by com.android.launcher3.views.NoInsetView{45f98ad V.ED..... ......I. 2218,0-2560,1080 #7f09007c app:id/bg_hotseat} during layout: running second layout pass
03-22 02:44:04.187 2566 2566 D EditModeHelper: setHotseatVisibility: 0
03-22 02:44:04.189 1206 4116 W FreeFormWindowHelper: Current Display FreeFormTask is null
03-22 02:44:04.189 2566 2566 W View : requestLayout() improperly called by com.android.launcher3.views.NoInsetView{45f98ad V.ED..... ......I. 2218,0-2560,1080 #7f09007c app:id/bg_hotseat} during layout: running second layout pass
03-22 02:44:04.224 2757 2757 W hpplay-java: [main]:IPManager:getActiveNets invalid networkInfo:null
03-22 02:44:04.224 2757 2757 I hpplay-java: [main]:IPManager:getActiveNets eth0:false wifi:false mobile:false ap:false
03-22 02:44:04.224 2757 2757 I hpplay-java: [main]:ServerTaskManager:get local ip:null
03-22 02:44:04.340 645 660 I mpu_uart: [MSG-P:RECV]:No message received in 1000 ms
03-22 02:44:05.170 1268 3903 I OMX-VENC: venc_dev: stats: avg. fps 31.85, bitrate 965975
03-22 02:44:05.180 4125 4135 W System : A resource failed to call release.
03-22 02:44:05.226 2757 2757 W hpplay-java: [main]:IPManager:getActiveNets invalid networkInfo:null
03-22 02:44:05.226 2757 2757 I hpplay-java: [main]:IPManager:getActiveNets eth0:false wifi:false mobile:false ap:false
03-22 02:44:05.226 2757 2757 I hpplay-java: [main]:ServerTaskManager:get local ip:null
03-22 02:44:05.340 645 660 I mpu_uart: [MSG-P:RECV]:No message received in 1000 ms
03-22 02:44:05.429 645 659 I mpu_uart: [MSG-P:R]:recv sync frame timeout
03-22 02:44:05.448 1237 1237 I CNSS : cnss_open_log_file: create directory /data/vendor/wifi/wlan_logs/ ret = -1 errno= 17
03-22 02:44:05.443 1237 1237 W cnss_diag: type=1400 audit(0.0:484): avc: denied { getattr } for path="/data/vendor/wifi/wlan_logs" dev="dm-10" ino=384 scontext=u:r:vendor_wcnss_service:s0 tcontext=u:object_r:vendor_wifi_vendor_log_data_file:s0 tclass=dir permissive=0
03-22 02:44:05.443 1237 1237 W cnss_diag: type=1400 audit(0.0:485): avc: denied { read } for name="wlan_logs" dev="dm-10" ino=384 scontext=u:r:vendor_wcnss_service:s0 tcontext=u:object_r:vendor_wifi_vendor_log_data_file:s0 tclass=dir permissive=0
03-22 02:44:05.448 1237 1237 I CNSS : Failed to open file /data/vendor/wifi/wlan_logs/cnss_fw_logs_current.txt: 13
03-22 02:44:05.443 1237 1237 W cnss_diag: type=1400 audit(0.0:486): avc: denied { search } for name="wlan_logs" dev="dm-10" ino=384 scontext=u:r:vendor_wcnss_service:s0 tcontext=u:object_r:vendor_wifi_vendor_log_data_file:s0 tclass=dir permissive=0
03-22 02:44:06.175 1268 3903 I OMX-VENC: venc_dev: stats: avg. fps 35.80, bitrate 769392
03-22 02:44:06.228 2757 2757 W hpplay-java: [main]:IPManager:getActiveNets invalid networkInfo:null
03-22 02:44:06.228 2757 2757 I hpplay-java: [main]:IPManager:getActiveNets eth0:false wifi:false mobile:false ap:false
03-22 02:44:06.228 2757 2757 I hpplay-java: [main]:ServerTaskManager:get local ip:null
03-22 02:44:06.341 645 660 I mpu_uart: [MSG-P:RECV]:No message received in 1000 ms
03-22 02:44:07.051 2315 2315 D RemoteControlService: startVlanDispatchThread
03-22 02:44:07.177 1268 3903 I OMX-VENC: venc_dev: stats: avg. fps 54.90, bitrate 1281407
03-22 02:44:07.229 2757 2757 W hpplay-java: [main]:IPManager:getActiveNets invalid networkInfo:null
03-22 02:44:07.229 2757 2757 I hpplay-java: [main]:IPManager:getActiveNets eth0:false wifi:false mobile:false ap:false
03-22 02:44:07.229 2757 2757 I hpplay-java: [main]:ServerTaskManager:get local ip:null
03-22 02:44:07.341 645 660 I mpu_uart: [MSG-P:RECV]:No message received in 1000 ms
01-01 08:02:53.993 0 0 E DTC_ETH,link_delay_work_func: 3003, SQI=0, link=0
01-01 08:02:54.571 0 0 I init : starting service 'hht_ota_mgr_service'...
03-22 02:44:07.955 4305 4305 E vota : [c223f4f8]: [vota]: init: ..
03-22 02:44:07.956 4305 4305 E vota : [c223f4f8]: [vota]: [warning]: the java machine be not inited, please pass it to the tb_init function! at tb_android_init_env(): 43, src/vota/platform/android/android.c
03-22 02:44:07.957 4305 4305 E vota : [c223f4f8]: [vota]: version: tbox_v1_6_7_202302251411_arm64-v8a_elf by Android (8481493, based on r416183c2) Clang 12.0.9 (https://android.googlesource.com/toolchain/llvm-project c935d99d7cf2016289302412d708641d52d2f7ee)
03-22 02:44:07.957 4305 4305 E vota : [c223f4f8]: [vota]: init: ok
03-22 02:44:07.957 4305 4305 E vota : [c223f4f8]: [vota]: [scheduler]: start ..
03-22 02:44:07.957 4305 4305 E vota : [c223f4f8]: [vota]: [coroutine]: init 0x75c0c41158
03-22 02:44:07.957 4305 4305 E vota : [c223f4f8]: [vota]: [scheduler]: start ok
03-22 02:44:07.957 4305 4305 E vota : [c223f4f8]: [vota]: [scheduler]: switch to coroutine(0x75c0c41158) from coroutine(0x75c0d4fca0)
03-22 02:44:07.957 4305 4305 E vota : [c223f4f8]: [vota]: [coroutine]: entry: 0x75c0c41158 stack: 0x75c0c411b8 - 0x75c0c811b8 from coroutine(0x75c0d4fca0)
03-22 02:44:07.957 4305 4305 I hiphi_update_api: Hh_GetVersion calling ......
03-22 02:44:07.957 4305 4305 I hiphi_update_api: get version:01.00.C101_20230322_private_user烁K鮝
03-22 02:44:07.957 4305 4305 I hiphi_update_api: Hh_GetVersion ret:0
03-22 02:44:08.001 4305 4305 E vota : [c223f4f8]: [vota]: [scheduler]: finish coroutine(0x75c0c41158)
03-22 02:44:08.001 4305 4305 E vota : [c223f4f8]: [vota]: [scheduler]: switch to original coroutine
03-22 02:44:08.001 4305 4305 E vota : [c223f4f8]: [vota]: [scheduler]: switch to coroutine(0x75c0d4fca0) from coroutine(0x75c0c41158)
03-22 02:44:08.001 4305 4305 E vota : [c223f4f8]: [vota]: [scheduler]: [loop]: ready 0
03-22 02:44:08.001 4305 4305 E vota : [c223f4f8]: [vota]: [coroutine]: exit: 0x75c0c41158
03-22 02:44:08.001 4305 4305 E vota : [c223f4f8]: [vota]: [lock_profiler]:
03-22 02:44:08.001 4305 4305 E vota : [c223f4f8]: [vota]: [lock_profiler]: lock: 0xb400007363290a0c, name: allocator, occupied: 0
03-22 02:44:08.001 4305 4305 E vota : [c223f4f8]: [vota]: [lock_profiler]: lock: 0xb4000073532922f4, name: native_large_allocator, occupied: 0
03-22 02:44:08.001 4305 4305 E vota : [c223f4f8]: [vota]: [small_allocator]:
03-22 02:44:08.001 4305 4305 E vota : [c223f4f8]: [vota]: [static_fixed_pool]: [16]: peak_size: 288, wast_rate: 4074/10000, pred_failed: 0, item_maxn: 245, free_count: 18, malloc_count: 18
03-22 02:44:08.001 4305 4305 E vota : [c223f4f8]: [vota]: [static_fixed_pool]: [96]: peak_size: 2208, wast_rate: 1028/10000, pred_failed: 0, item_maxn: 248, free_count: 23, malloc_count: 23
03-22 02:44:08.001 4305 4305 E vota : [c223f4f8]: [vota]: [static_fixed_pool]: [128]: peak_size: 9216, wast_rate: 791/10000, pred_failed: 0, item_maxn: 249, free_count: 72, malloc_count: 72
03-22 02:44:08.001 4305 4305 E vota : [c223f4f8]: [vota]: [static_fixed_pool]: [192]: peak_size: 2112, wast_rate: 541/10000, pred_failed: 0, item_maxn: 250, free_count: 11, malloc_count: 11
03-22 02:44:08.001 4305 4305 E vota : [c223f4f8]: [vota]: [static_fixed_pool]: [256]: peak_size: 256, wast_rate: 411/10000, pred_failed: 0, item_maxn: 251, free_count: 1, malloc_count: 1
03-22 02:44:08.001 4305 4305 E vota : [c223f4f8]: [vota]: [static_fixed_pool]: [384]: peak_size: 5376, wast_rate: 278/10000, pred_failed: 0, item_maxn: 252, free_count: 14, malloc_count: 14
03-22 02:44:08.001 4305 4305 E vota : [c223f4f8]: [vota]: [static_fixed_pool]: [512]: peak_size: 5632, wast_rate: 210/10000, pred_failed: 0, item_maxn: 253, free_count: 11, malloc_count: 11
03-22 02:44:08.001 4305 4305 E vota : [c223f4f8]: [vota]: [static_fixed_pool]: [1024]: peak_size: 2048, wast_rate: 106/10000, pred_failed: 0, item_maxn: 254, free_count: 2, malloc_count: 2
03-22 02:44:08.001 4305 4305 E vota : [c223f4f8]: [vota]: [native_large_allocator]:
03-22 02:44:08.001 4305 4305 E vota : [c223f4f8]: [vota]: [native_large_allocator]: peak_size: 3373986
03-22 02:44:08.001 4305 4305 E vota : [c223f4f8]: [vota]: [native_large_allocator]: wast_rate: 4/10000
03-22 02:44:08.001 4305 4305 E vota : [c223f4f8]: [vota]: [native_large_allocator]: free_count: 52
03-22 02:44:08.001 4305 4305 E vota : [c223f4f8]: [vota]: [native_large_allocator]: malloc_count: 52
03-22 02:44:08.001 4305 4305 E vota : [c223f4f8]: [vota]: [native_large_allocator]: ralloc_count: 0
03-22 02:44:08.001 4305 4305 E vota : [c223f4f8]: [vota]: exit: ok
03-22 02:44:07.995 4305 4305 W hht_ota_mgr: type=1400 audit(0.0:487): avc: denied { read append } for name="NvmSim_yy.dat" dev="dm-10" ino=391 scontext=u:r:hht_ota_mgr:s0 tcontext=u:object_r:system_data_file:s0 tclass=file permissive=0
01-01 08:02:54.658 0 0 I init : Service 'hht_ota_mgr_service' (pid 4305) exited with status 0
01-01 08:02:54.659 0 0 I init : Sending signal 9 to service 'hht_ota_mgr_service' (pid 4305) process group...
01-01 08:02:54.659 0 0 I libprocessgroup: Successfully killed process cgroup uid 0 pid 4305 in 0ms
03-22 02:44:08.106 1309 1752 D BufferPoolAccessor2.0: evictor expired: 3, evicted: 0
03-22 02:44:08.182 1268 3903 I OMX-VENC: venc_dev: stats: avg. fps 59.75, bitrate 1365089
03-22 02:44:08.231 2757 2757 W hpplay-java: [main]:IPManager:getActiveNets invalid networkInfo:null
03-22 02:44:08.231 2757 2757 I hpplay-java: [main]:IPManager:getActiveNets eth0:false wifi:false mobile:false ap:false
03-22 02:44:08.231 2757 2757 I hpplay-java: [main]:ServerTaskManager:get local ip:null
