03-22 02:41:28.502 1988 1988 I a2dp_codec: init: updated aptX-adaptive codec priority to -1
03-22 02:41:28.503 1988 1988 D a2dp_codec: createCodec: codec aptX-TWS
03-22 02:41:28.503 1988 1988 D a2dp_codec: setCodecPriority: codec_priority_: -1
03-22 02:41:28.503 1988 1988 D a2dp_codec: A2dpCodecConfig: init all codec caps info
03-22 02:41:28.503 1988 1988 E a2dp_vendor_aptx_tws: init: APTX-Tws enabled in HW mode
03-22 02:41:28.503 1988 1988 I a2dp_codec: init: updated aptX-TWS codec priority to -1
03-22 02:41:28.503 1988 1988 D a2dp_codec: createCodec: codec SBC SINK
03-22 02:41:28.503 1988 1988 D a2dp_codec: setDefaultCodecPriority: default_codec_priority_: 0
03-22 02:41:28.503 1988 1988 D a2dp_codec: setDefaultCodecPriority: Compute the default codec priority
03-22 02:41:28.503 1988 1988 D a2dp_codec: setDefaultCodecPriority: codec_priority_: 8001
03-22 02:41:28.503 1988 1988 D a2dp_codec: setCodecPriority: codec_priority_: 8001
03-22 02:41:28.503 1988 1988 D a2dp_codec: A2dpCodecConfig: init all codec caps info
03-22 02:41:28.503 1988 1988 D a2dp_codec: createCodec: codec UNKNOWN CODEC INDEX
03-22 02:41:28.503 1988 1988 D a2dp_codec: createCodec: codec UNKNOWN CODEC INDEX
03-22 02:41:28.503 1988 1988 I a2dp_codec: init: initialized Source codec AAC
03-22 02:41:28.503 1988 1988 I a2dp_codec: init: initialized Source codec SBC
03-22 02:41:28.503 1988 1988 I a2dp_codec: init: initialized Sink codec SBC(Sink)
03-22 02:41:28.503 1988 1988 D a2dp_codec: init
03-22 02:41:28.503 1988 1988 D a2dp_codec: createCodec: codec SBC
03-22 02:41:28.503 1988 1988 D a2dp_codec: setCodecPriority: codec_priority_: 1001
03-22 02:41:28.503 1988 1988 D a2dp_codec: A2dpCodecConfig: init all codec caps info
03-22 02:41:28.503 1988 1988 D a2dp_sbc: A2dpCodecConfigSbc
03-22 02:41:28.503 1988 1988 D a2dp_sbc: init: SBC enabled in HW mode
03-22 02:41:28.503 1988 1988 I a2dp_codec: init: updated SBC codec priority to 1001
03-22 02:41:28.503 1988 1988 D a2dp_codec: createCodec: codec AAC
03-22 02:41:28.503 1988 1988 D a2dp_codec: setCodecPriority: codec_priority_: 2001
03-22 02:41:28.503 1988 1988 D a2dp_codec: A2dpCodecConfig: init all codec caps info
03-22 02:41:28.503 1988 1988 D a2dp_aac: A2dpCodecConfigAac: AAC VBR is enabled for this target
03-22 02:41:28.503 1988 1988 D a2dp_aac: init: AAC enabled in HW mode
03-22 02:41:28.503 1988 1988 I a2dp_codec: init: updated AAC codec priority to 2001
03-22 02:41:28.503 1988 1988 D a2dp_codec: createCodec: codec aptX
03-22 02:41:28.503 1988 1988 D a2dp_codec: setCodecPriority: codec_priority_: -1
03-22 02:41:28.503 1988 1988 D a2dp_codec: A2dpCodecConfig: init all codec caps info
03-22 02:41:28.503 1988 1988 D a2dp_vendor_aptx: init: APTX enabled in HW mode
03-22 02:41:28.503 1988 1988 I a2dp_codec: init: updated aptX codec priority to -1
03-22 02:41:28.503 1988 1988 D a2dp_codec: createCodec: codec aptX-HD
03-22 02:41:28.503 1988 1988 D a2dp_codec: setCodecPriority: codec_priority_: -1
03-22 02:41:28.503 1988 1988 D a2dp_codec: A2dpCodecConfig: init all codec caps info
03-22 02:41:28.503 1988 1988 D a2dp_vendor_aptx_hd: init: APTX-HD enabled in HW mode
03-22 02:41:28.503 1988 1988 I a2dp_codec: init: updated aptX-HD codec priority to -1
03-22 02:41:28.503 1988 1988 D a2dp_codec: createCodec: codec LDAC
03-22 02:41:28.503 1988 1988 D a2dp_codec: setCodecPriority: codec_priority_: -1
03-22 02:41:28.503 1988 1988 D a2dp_codec: A2dpCodecConfig: init all codec caps info
03-22 02:41:28.503 1988 1988 D a2dp_vendor_ldac: init: LDAC enabled in HW mode
03-22 02:41:28.503 1988 1988 I a2dp_codec: init: updated LDAC codec priority to -1
03-22 02:41:28.503 1988 1988 D a2dp_codec: createCodec: codec aptX-adaptive
03-22 02:41:28.503 1988 1988 D a2dp_codec: setCodecPriority: codec_priority_: -1
03-22 02:41:28.503 1988 1988 D a2dp_codec: A2dpCodecConfig: init all codec caps info
03-22 02:41:28.503 1988 1988 I a2dp_vendor_aptx_adaptive: A2dpCodecConfigAptxAdaptive: Using Aptx Adaptive R1 config
03-22 02:41:28.503 1988 1988 D a2dp_vendor_aptx_adaptive: init: APTX-Adaptive enabled in HW mode
03-22 02:41:28.503 1988 1988 I a2dp_codec: init: updated aptX-adaptive codec priority to -1
03-22 02:41:28.503 1988 1988 D a2dp_codec: createCodec: codec aptX-TWS
03-22 02:41:28.503 1988 1988 D a2dp_codec: setCodecPriority: codec_priority_: -1
03-22 02:41:28.503 1988 1988 D a2dp_codec: A2dpCodecConfig: init all codec caps info
03-22 02:41:28.503 1988 1988 E a2dp_vendor_aptx_tws: init: APTX-Tws enabled in HW mode
03-22 02:41:28.503 1988 1988 I a2dp_codec: init: updated aptX-TWS codec priority to -1
03-22 02:41:28.503 1988 1988 D a2dp_codec: createCodec: codec SBC SINK
03-22 02:41:28.503 1988 1988 D a2dp_codec: setDefaultCodecPriority: default_codec_priority_: 0
03-22 02:41:28.503 1988 1988 D a2dp_codec: setDefaultCodecPriority: Compute the default codec priority
03-22 02:41:28.503 1988 1988 D a2dp_codec: setDefaultCodecPriority: codec_priority_: 8001
03-22 02:41:28.503 1988 1988 D a2dp_codec: setCodecPriority: codec_priority_: 8001
03-22 02:41:28.503 1988 1988 D a2dp_codec: A2dpCodecConfig: init all codec caps info
03-22 02:41:28.503 1988 1988 D a2dp_codec: createCodec: codec UNKNOWN CODEC INDEX
03-22 02:41:28.503 1988 1988 D a2dp_codec: createCodec: codec UNKNOWN CODEC INDEX
03-22 02:41:28.503 1988 1988 I a2dp_codec: init: initialized Source codec AAC
03-22 02:41:28.503 1988 1988 I a2dp_codec: init: initialized Source codec SBC
03-22 02:41:28.503 1988 1988 I a2dp_codec: init: initialized Sink codec SBC(Sink)
03-22 02:41:28.503 1988 1988 D bt_btif : btif_dispatch_sm_event: event: 36, len: 6
03-22 02:41:28.503 1988 1988 D bt_btif : btif_dispatch_sm_event: event 36 sent
03-22 02:41:28.503 1988 1988 D bt_btif : btif_av_state_idle_handler: event:BTIF_SM_ENTER_EVT flags: 0 on index: 0, codec_cfg_change: 0
03-22 02:41:28.503 1988 2113 D bt_btif : ignore updating BTIF_AV_SOURCE_CONFIG_UPDATED_EVT
03-22 02:41:28.503 1988 1988 I btif_av : isBATEnabled: 0
03-22 02:41:28.503 1988 1988 E bt_btif : bta_av_co_get_active_peer: peer index out of bounds: 5
03-22 02:41:28.503 1988 1988 E bt_btif : btif_av_is_split_a2dp_enabled: No active peer codec config found, by default splitmode
03-22 02:41:28.503 1988 1988 D a2dp_codec: init
03-22 02:41:28.503 1988 1988 D a2dp_codec: createCodec: codec SBC
03-22 02:41:28.503 1988 1988 D a2dp_codec: setCodecPriority: codec_priority_: 1001
03-22 02:41:28.503 1988 1988 D a2dp_codec: A2dpCodecConfig: init all codec caps info
03-22 02:41:28.503 1988 1988 D a2dp_sbc: A2dpCodecConfigSbc
03-22 02:41:28.503 1988 1988 D a2dp_sbc: init: SBC enabled in HW mode
03-22 02:41:28.503 1988 1988 I a2dp_codec: init: updated SBC codec priority to 1001
03-22 02:41:28.503 1988 1988 D a2dp_codec: createCodec: codec AAC
03-22 02:41:28.503 1988 1988 D a2dp_codec: setCodecPriority: codec_priority_: 2001
03-22 02:41:28.503 1988 1988 D a2dp_codec: A2dpCodecConfig: init all codec caps info
03-22 02:41:28.503 1988 1988 D a2dp_aac: A2dpCodecConfigAac: AAC VBR is enabled for this target
03-22 02:41:28.503 1988 1988 D a2dp_aac: init: AAC enabled in HW mode
03-22 02:41:28.503 1988 1988 I a2dp_codec: init: updated AAC codec priority to 2001
03-22 02:41:28.503 1988 1988 D a2dp_codec: createCodec: codec aptX
03-22 02:41:28.503 1988 1988 D a2dp_codec: setCodecPriority: codec_priority_: -1
03-22 02:41:28.503 1988 1988 D a2dp_codec: A2dpCodecConfig: init all codec caps info
03-22 02:41:28.503 1988 1988 D a2dp_vendor_aptx: init: APTX enabled in HW mode
03-22 02:41:28.503 1988 1988 I a2dp_codec: init: updated aptX codec priority to -1
03-22 02:41:28.503 1988 1988 D a2dp_codec: createCodec: codec aptX-HD
03-22 02:41:28.503 1988 1988 D a2dp_codec: setCodecPriority: codec_priority_: -1
03-22 02:41:28.503 1988 1988 D a2dp_codec: A2dpCodecConfig: init all codec caps info
03-22 02:41:28.503 1988 1988 D a2dp_vendor_aptx_hd: init: APTX-HD enabled in HW mode
03-22 02:41:28.503 1988 1988 I a2dp_codec: init: updated aptX-HD codec priority to -1
03-22 02:41:28.503 1988 1988 D a2dp_codec: createCodec: codec LDAC
03-22 02:41:28.503 1988 1988 D a2dp_codec: setCodecPriority: codec_priority_: -1
03-22 02:41:28.503 1988 1988 D a2dp_codec: A2dpCodecConfig: init all codec caps info
03-22 02:41:28.503 1988 1988 D a2dp_vendor_ldac: init: LDAC enabled in HW mode
03-22 02:41:28.503 1988 1988 I a2dp_codec: init: updated LDAC codec priority to -1
03-22 02:41:28.503 1988 1988 D a2dp_codec: createCodec: codec aptX-adaptive
03-22 02:41:28.503 1988 1988 D a2dp_codec: setCodecPriority: codec_priority_: -1
03-22 02:41:28.503 1988 1988 D a2dp_codec: A2dpCodecConfig: init all codec caps info
03-22 02:41:28.503 1988 1988 I a2dp_vendor_aptx_adaptive: A2dpCodecConfigAptxAdaptive: Using Aptx Adaptive R1 config
03-22 02:41:28.503 1988 1988 D a2dp_vendor_aptx_adaptive: init: APTX-Adaptive enabled in HW mode
03-22 02:41:28.503 1988 1988 I a2dp_codec: init: updated aptX-adaptive codec priority to -1
03-22 02:41:28.503 1988 1988 D a2dp_codec: createCodec: codec aptX-TWS
03-22 02:41:28.503 1988 1988 D a2dp_codec: setCodecPriority: codec_priority_: -1
03-22 02:41:28.503 1988 1988 D a2dp_codec: A2dpCodecConfig: init all codec caps info
03-22 02:41:28.503 1988 1988 E a2dp_vendor_aptx_tws: init: APTX-Tws enabled in HW mode
03-22 02:41:28.503 1988 1988 I a2dp_codec: init: updated aptX-TWS codec priority to -1
03-22 02:41:28.503 1988 1988 D a2dp_codec: createCodec: codec SBC SINK
03-22 02:41:28.503 1988 1988 D a2dp_codec: setDefaultCodecPriority: default_codec_priority_: 0
03-22 02:41:28.503 1988 1988 D a2dp_codec: setDefaultCodecPriority: Compute the default codec priority
03-22 02:41:28.503 1988 1988 D a2dp_codec: setDefaultCodecPriority: codec_priority_: 8001
03-22 02:41:28.503 1988 1988 D a2dp_codec: setCodecPriority: codec_priority_: 8001
03-22 02:41:28.503 1988 1988 D a2dp_codec: A2dpCodecConfig: init all codec caps info
03-22 02:41:28.503 1988 1988 D a2dp_codec: createCodec: codec UNKNOWN CODEC INDEX
03-22 02:41:28.503 1988 1988 D a2dp_codec: createCodec: codec UNKNOWN CODEC INDEX
03-22 02:41:28.503 1988 1988 I a2dp_codec: init: initialized Source codec AAC
03-22 02:41:28.503 1988 1988 I a2dp_codec: init: initialized Source codec SBC
03-22 02:41:28.503 1988 1988 I a2dp_codec: init: initialized Sink codec SBC(Sink)
03-22 02:41:28.503 1988 1988 E bt_btif : btif_sm_get_state : Invalid handle
03-22 02:41:28.503 1988 1988 E bt_btif : btif_sm_get_state : Invalid handle
03-22 02:41:28.503 1988 1988 E bt_btif : btif_sm_get_state : Invalid handle
03-22 02:41:28.503 1988 1988 E bt_btif : btif_sm_get_state : Invalid handle
03-22 02:41:28.503 1988 1988 E bt_btif : btif_sm_get_state : Invalid handle
03-22 02:41:28.503 1988 1988 E bt_btif : btif_media_send_reset_vendor_state:
03-22 02:41:28.503 1988 1988 E bt_btif : btif_sm_get_state : Invalid handle
03-22 02:41:28.503 1988 1988 E bt_btif : btif_sm_get_state : Invalid handle
03-22 02:41:28.503 1988 1988 E bt_btif : btif_sm_get_state : Invalid handle
03-22 02:41:28.503 1988 1988 E bt_btif : btif_sm_get_state : Invalid handle
03-22 02:41:28.503 1988 3210 D bt_btif_a2dp_source: btif_a2dp_source_command_ready: event: 7 BTIF_MEDIA_RESET_VS_STATE
03-22 02:41:28.503 1988 1988 I btif_av : isBATEnabled: 0
03-22 02:41:28.503 1988 1988 E bt_btif : bta_av_co_get_active_peer: peer index out of bounds: 5
03-22 02:41:28.503 1988 3210 D bt_btif_a2dp_source: btif_a2dp_source_command_ready: event: 2 BTIF_MEDIA_AUDIO_TX_STOP
03-22 02:41:28.503 1988 1988 E bt_btif : btif_av_is_split_a2dp_enabled: No active peer codec config found, by default splitmode
03-22 02:41:28.503 1988 1988 E bt_btif : btif_media_send_reset_vendor_state:
03-22 02:41:28.503 1988 1988 D bt_btif : btif_av_state_idle_handler: event:BTIF_SM_ENTER_EVT flags: 0 on index: 1, codec_cfg_change: 0
03-22 02:41:28.503 1988 1988 I btif_av : isBATEnabled: 0
03-22 02:41:28.503 1988 1988 E bt_btif : bta_av_co_get_active_peer: peer index out of bounds: 5
03-22 02:41:28.503 1988 3210 E bt_stack: [ERROR:a2dp_encoding.cc(2718)] read: BluetoothAudio HAL is not enabled
03-22 02:41:28.503 1988 1988 E bt_btif : btif_av_is_split_a2dp_enabled: No active peer codec config found, by default splitmode
03-22 02:41:28.503 1988 1988 D a2dp_codec: init
03-22 02:41:28.503 1988 1988 D a2dp_codec: createCodec: codec SBC
03-22 02:41:28.503 1988 1988 D a2dp_codec: setCodecPriority: codec_priority_: 1001
03-22 02:41:28.503 1988 1988 D a2dp_codec: A2dpCodecConfig: init all codec caps info
03-22 02:41:28.503 1988 1988 D a2dp_sbc: A2dpCodecConfigSbc
03-22 02:41:28.503 1988 3210 E bt_btif : Invalid cmd pending for ack
03-22 02:41:28.503 1988 1988 D a2dp_sbc: init: SBC enabled in HW mode
03-22 02:41:28.503 1988 1988 I a2dp_codec: init: updated SBC codec priority to 1001
03-22 02:41:28.503 1988 1988 D a2dp_codec: createCodec: codec AAC
03-22 02:41:28.503 1988 3210 D bt_btif_a2dp_source: btif_a2dp_source_command_ready: event: 7 BTIF_MEDIA_RESET_VS_STATE
03-22 02:41:28.504 1988 1988 D a2dp_codec: setCodecPriority: codec_priority_: 2001
03-22 02:41:28.504 1988 1988 D a2dp_codec: A2dpCodecConfig: init all codec caps info
03-22 02:41:28.504 1988 1988 D a2dp_aac: A2dpCodecConfigAac: AAC VBR is enabled for this target
03-22 02:41:28.504 1988 1988 D a2dp_aac: init: AAC enabled in HW mode
03-22 02:41:28.504 1988 1988 I a2dp_codec: init: updated AAC codec priority to 2001
03-22 02:41:28.504 1988 1988 D a2dp_codec: createCodec: codec aptX
03-22 02:41:28.504 1988 1988 D a2dp_codec: setCodecPriority: codec_priority_: -1
03-22 02:41:28.504 812 2526 D vendor.qti.bluetooth@1.0-wake_lock: Release wakelock is released
03-22 02:41:28.504 1988 1988 D a2dp_codec: A2dpCodecConfig: init all codec caps info
03-22 02:41:28.504 1988 1988 D a2dp_vendor_aptx: init: APTX enabled in HW mode
03-22 02:41:28.504 1988 1988 I a2dp_codec: init: updated aptX codec priority to -1
03-22 02:41:28.504 1988 1988 D a2dp_codec: createCodec: codec aptX-HD
03-22 02:41:28.504 1988 1988 D a2dp_codec: setCodecPriority: codec_priority_: -1
03-22 02:41:28.504 1988 1988 D a2dp_codec: A2dpCodecConfig: init all codec caps info
03-22 02:41:28.504 1988 1988 D a2dp_vendor_aptx_hd: init: APTX-HD enabled in HW mode
03-22 02:41:28.504 1988 1988 I a2dp_codec: init: updated aptX-HD codec priority to -1
03-22 02:41:28.504 1988 1988 D a2dp_codec: createCodec: codec LDAC
03-22 02:41:28.504 1988 1988 D a2dp_codec: setCodecPriority: codec_priority_: -1
03-22 02:41:28.504 1988 1988 D a2dp_codec: A2dpCodecConfig: init all codec caps info
03-22 02:41:28.504 1988 1988 D a2dp_vendor_ldac: init: LDAC enabled in HW mode
03-22 02:41:28.504 1988 1988 I a2dp_codec: init: updated LDAC codec priority to -1
03-22 02:41:28.504 1988 1988 D a2dp_codec: createCodec: codec aptX-adaptive
03-22 02:41:28.504 1988 1988 D a2dp_codec: setCodecPriority: codec_priority_: -1
03-22 02:41:28.504 1988 1988 D a2dp_codec: A2dpCodecConfig: init all codec caps info
03-22 02:41:28.504 1988 1988 I a2dp_vendor_aptx_adaptive: A2dpCodecConfigAptxAdaptive: Using Aptx Adaptive R1 config
03-22 02:41:28.504 1988 1988 D a2dp_vendor_aptx_adaptive: init: APTX-Adaptive enabled in HW mode
03-22 02:41:28.504 1988 1988 I a2dp_codec: init: updated aptX-adaptive codec priority to -1
03-22 02:41:28.504 1988 1988 D a2dp_codec: createCodec: codec aptX-TWS
03-22 02:41:28.504 1988 1988 D a2dp_codec: setCodecPriority: codec_priority_: -1
03-22 02:41:28.504 1988 1988 D a2dp_codec: A2dpCodecConfig: init all codec caps info
03-22 02:41:28.504 1988 1988 E a2dp_vendor_aptx_tws: init: APTX-Tws enabled in HW mode
03-22 02:41:28.504 1988 1988 I a2dp_codec: init: updated aptX-TWS codec priority to -1
03-22 02:41:28.504 1988 1988 D a2dp_codec: createCodec: codec SBC SINK
03-22 02:41:28.504 1988 1988 D a2dp_codec: setDefaultCodecPriority: default_codec_priority_: 0
03-22 02:41:28.504 1988 1988 D a2dp_codec: setDefaultCodecPriority: Compute the default codec priority
03-22 02:41:28.504 1988 1988 D a2dp_codec: setDefaultCodecPriority: codec_priority_: 8001
03-22 02:41:28.504 1988 1988 D a2dp_codec: setCodecPriority: codec_priority_: 8001
03-22 02:41:28.504 1988 1988 D a2dp_codec: A2dpCodecConfig: init all codec caps info
03-22 02:41:28.504 1988 1988 D a2dp_codec: createCodec: codec UNKNOWN CODEC INDEX
03-22 02:41:28.504 1988 1988 D a2dp_codec: createCodec: codec UNKNOWN CODEC INDEX
03-22 02:41:28.504 1988 1988 I a2dp_codec: init: initialized Source codec AAC
03-22 02:41:28.504 1988 1988 I a2dp_codec: init: initialized Source codec SBC
03-22 02:41:28.504 1988 1988 I a2dp_codec: init: initialized Sink codec SBC(Sink)
03-22 02:41:28.504 1988 1988 E bt_btif : btif_sm_get_state : Invalid handle
03-22 02:41:28.504 1988 1988 E bt_btif : btif_sm_get_state : Invalid handle
03-22 02:41:28.504 1988 1988 E bt_btif : btif_sm_get_state : Invalid handle
03-22 02:41:28.504 1988 1988 E bt_btif : btif_sm_get_state : Invalid handle
03-22 02:41:28.504 1988 1988 E bt_btif : btif_media_send_reset_vendor_state:
03-22 02:41:28.504 1988 1988 E bt_btif : btif_sm_get_state : Invalid handle
03-22 02:41:28.504 1988 1988 E bt_btif : btif_sm_get_state : Invalid handle
03-22 02:41:28.504 1988 1988 E bt_btif : btif_sm_get_state : Invalid handle
03-22 02:41:28.504 1988 1988 I btif_av : isBATEnabled: 0
03-22 02:41:28.504 1988 1988 E bt_btif : bta_av_co_get_active_peer: peer index out of bounds: 5
03-22 02:41:28.504 1988 1988 E bt_btif : btif_av_is_split_a2dp_enabled: No active peer codec config found, by default splitmode
03-22 02:41:28.504 1988 1988 E bt_btif : btif_media_send_reset_vendor_state:
03-22 02:41:28.504 1988 3210 D bt_btif_a2dp_source: btif_a2dp_source_command_ready: event: 7 BTIF_MEDIA_RESET_VS_STATE
03-22 02:41:28.504 1988 1988 D bt_btif : btif_av_state_idle_handler: event:BTIF_SM_ENTER_EVT flags: 0 on index: 2, codec_cfg_change: 0
03-22 02:41:28.504 1988 3210 D bt_btif_a2dp_source: btif_a2dp_source_command_ready: event: 2 BTIF_MEDIA_AUDIO_TX_STOP
03-22 02:41:28.504 1988 1988 I btif_av : isBATEnabled: 0
03-22 02:41:28.504 1988 1988 E bt_btif : bta_av_co_get_active_peer: peer index out of bounds: 5
03-22 02:41:28.504 1988 1988 E bt_btif : btif_av_is_split_a2dp_enabled: No active peer codec config found, by default splitmode
03-22 02:41:28.504 1988 1988 D a2dp_codec: init
03-22 02:41:28.504 1988 3210 E bt_stack: [ERROR:a2dp_encoding.cc(2718)] read: BluetoothAudio HAL is not enabled
03-22 02:41:28.504 1988 1988 D a2dp_codec: createCodec: codec SBC
03-22 02:41:28.504 1988 3210 E bt_btif : Invalid cmd pending for ack
03-22 02:41:28.504 1988 1988 D a2dp_codec: setCodecPriority: codec_priority_: 1001
03-22 02:41:28.504 1988 1988 D a2dp_codec: A2dpCodecConfig: init all codec caps info
03-22 02:41:28.504 1988 1988 D a2dp_sbc: A2dpCodecConfigSbc
03-22 02:41:28.504 3130 3130 E ThermalEngine: thermal_monitor_init_data: ERROR Uknown device
03-22 02:41:28.504 3130 3130 E ThermalEngine: ss_init_data: ERROR Uknown device
03-22 02:41:28.504 1988 3210 D bt_btif_a2dp_source: btif_a2dp_source_command_ready: event: 7 BTIF_MEDIA_RESET_VS_STATE
03-22 02:41:28.504 3130 3130 I ThermalEngine: Loading config file for virtual sensor
03-22 02:41:28.504 3130 3130 I ThermalEngine: Loading configuration file /vendor/etc/thermal-engine.conf
03-22 02:41:28.504 1988 1988 D a2dp_sbc: init: SBC enabled in HW mode
03-22 02:41:28.504 1988 1988 I a2dp_codec: init: updated SBC codec priority to 1001
03-22 02:41:28.504 1988 1988 D a2dp_codec: createCodec: codec AAC
03-22 02:41:28.504 1988 1988 D a2dp_codec: setCodecPriority: codec_priority_: 2001
03-22 02:41:28.504 1988 1988 D a2dp_codec: A2dpCodecConfig: init all codec caps info
03-22 02:41:28.504 1988 1988 D a2dp_aac: A2dpCodecConfigAac: AAC VBR is enabled for this target
03-22 02:41:28.504 1988 1988 D a2dp_aac: init: AAC enabled in HW mode
03-22 02:41:28.504 1988 1988 I a2dp_codec: init: updated AAC codec priority to 2001
03-22 02:41:28.504 1988 1988 D a2dp_codec: createCodec: codec aptX
03-22 02:41:28.504 1988 1988 D a2dp_codec: setCodecPriority: codec_priority_: -1
03-22 02:41:28.504 1988 1988 D a2dp_codec: A2dpCodecConfig: init all codec caps info
03-22 02:41:28.504 1988 1988 D a2dp_vendor_aptx: init: APTX enabled in HW mode
03-22 02:41:28.504 1988 1988 I a2dp_codec: init: updated aptX codec priority to -1
03-22 02:41:28.504 1988 1988 D a2dp_codec: createCodec: codec aptX-HD
03-22 02:41:28.504 1988 1988 D a2dp_codec: setCodecPriority: codec_priority_: -1
03-22 02:41:28.504 1988 1988 D a2dp_codec: A2dpCodecConfig: init all codec caps info
03-22 02:41:28.504 1988 1988 D a2dp_vendor_aptx_hd: init: APTX-HD enabled in HW mode
03-22 02:41:28.504 1988 1988 I a2dp_codec: init: updated aptX-HD codec priority to -1
03-22 02:41:28.504 1988 1988 D a2dp_codec: createCodec: codec LDAC
03-22 02:41:28.504 1988 1988 D a2dp_codec: setCodecPriority: codec_priority_: -1
03-22 02:41:28.504 1988 1988 D a2dp_codec: A2dpCodecConfig: init all codec caps info
03-22 02:41:28.504 3130 3130 I ThermalEngine: Parsing section global
03-22 02:41:28.504 1988 1988 D a2dp_vendor_ldac: init: LDAC enabled in HW mode
03-22 02:41:28.504 3130 3130 E ThermalEngine: virtual_sensors_init: Error getting virtual sensors set
03-22 02:41:28.504 3130 3130 I ThermalEngine: Loading configuration file /vendor/etc/thermal-engine.conf
03-22 02:41:28.504 1988 1988 I a2dp_codec: init: updated LDAC codec priority to -1
03-22 02:41:28.504 1988 1988 D a2dp_codec: createCodec: codec aptX-adaptive
03-22 02:41:28.504 1988 1988 D a2dp_codec: setCodecPriority: codec_priority_: -1
03-22 02:41:28.504 1988 1988 D a2dp_codec: A2dpCodecConfig: init all codec caps info
03-22 02:41:28.504 1988 1988 I a2dp_vendor_aptx_adaptive: A2dpCodecConfigAptxAdaptive: Using Aptx Adaptive R1 config
03-22 02:41:28.504 1988 1988 D a2dp_vendor_aptx_adaptive: init: APTX-Adaptive enabled in HW mode
03-22 02:41:28.504 3130 3130 I ThermalEngine: Parsing section global
03-22 02:41:28.504 1988 1988 I a2dp_codec: init: updated aptX-adaptive codec priority to -1
03-22 02:41:28.504 1988 1988 D a2dp_codec: createCodec: codec aptX-TWS
03-22 02:41:28.504 1988 1988 D a2dp_codec: setCodecPriority: codec_priority_: -1
03-22 02:41:28.504 1988 1988 D a2dp_codec: A2dpCodecConfig: init all codec caps info
03-22 02:41:28.504 1988 1988 E a2dp_vendor_aptx_tws: init: APTX-Tws enabled in HW mode
03-22 02:41:28.504 1988 1988 I a2dp_codec: init: updated aptX-TWS codec priority to -1
03-22 02:41:28.504 1988 1988 D a2dp_codec: createCodec: codec SBC SINK
03-22 02:41:28.504 1988 1988 D a2dp_codec: setDefaultCodecPriority: default_codec_priority_: 0
03-22 02:41:28.504 1988 1988 D a2dp_codec: setDefaultCodecPriority: Compute the default codec priority
03-22 02:41:28.504 1988 1988 D a2dp_codec: setDefaultCodecPriority: codec_priority_: 8001
03-22 02:41:28.504 1988 1988 D a2dp_codec: setCodecPriority: codec_priority_: 8001
03-22 02:41:28.504 1988 1988 D a2dp_codec: A2dpCodecConfig: init all codec caps info
03-22 02:41:28.504 1988 1988 D a2dp_codec: createCodec: codec UNKNOWN CODEC INDEX
03-22 02:41:28.504 1988 1988 D a2dp_codec: createCodec: codec UNKNOWN CODEC INDEX
03-22 02:41:28.504 1988 1988 I a2dp_codec: init: initialized Source codec AAC
03-22 02:41:28.504 1988 1988 I a2dp_codec: init: initialized Source codec SBC
03-22 02:41:28.504 1988 1988 I a2dp_codec: init: initialized Sink codec SBC(Sink)
03-22 02:41:28.504 1988 1988 E bt_btif : btif_sm_get_state : Invalid handle
03-22 02:41:28.504 1988 1988 E bt_btif : btif_sm_get_state : Invalid handle
03-22 02:41:28.504 1988 1988 E bt_btif : btif_sm_get_state : Invalid handle
03-22 02:41:28.504 1988 1988 E bt_btif : btif_media_send_reset_vendor_state:
03-22 02:41:28.504 1988 1988 E bt_btif : btif_sm_get_state : Invalid handle
03-22 02:41:28.504 1988 1988 E bt_btif : btif_sm_get_state : Invalid handle
03-22 02:41:28.504 1988 3210 D bt_btif_a2dp_source: btif_a2dp_source_command_ready: event: 7 BTIF_MEDIA_RESET_VS_STATE
03-22 02:41:28.504 1988 1988 I btif_av : isBATEnabled: 0
03-22 02:41:28.504 1988 1988 E bt_btif : bta_av_co_get_active_peer: peer index out of bounds: 5
03-22 02:41:28.504 1988 1988 E bt_btif : btif_av_is_split_a2dp_enabled: No active peer codec config found, by default splitmode
03-22 02:41:28.504 1988 1988 E bt_btif : btif_media_send_reset_vendor_state:
03-22 02:41:28.504 1988 3210 D bt_btif_a2dp_source: btif_a2dp_source_command_ready: event: 2 BTIF_MEDIA_AUDIO_TX_STOP
03-22 02:41:28.504 1988 1988 D bt_btif : btif_av_state_idle_handler: event:BTIF_SM_ENTER_EVT flags: 0 on index: 3, codec_cfg_change: 0
03-22 02:41:28.504 1988 1988 I btif_av : isBATEnabled: 0
03-22 02:41:28.504 1988 1988 E bt_btif : bta_av_co_get_active_peer: peer index out of bounds: 5
03-22 02:41:28.504 1988 1988 E bt_btif : btif_av_is_split_a2dp_enabled: No active peer codec config found, by default splitmode
03-22 02:41:28.504 1988 1988 D a2dp_codec: init
03-22 02:41:28.504 1988 3210 E bt_stack: [ERROR:a2dp_encoding.cc(2718)] read: BluetoothAudio HAL is not enabled
03-22 02:41:28.504 1988 1988 D a2dp_codec: createCodec: codec SBC
03-22 02:41:28.504 1988 3210 E bt_btif : Invalid cmd pending for ack
03-22 02:41:28.505 1988 1988 D a2dp_codec: setCodecPriority: codec_priority_: 1001
03-22 02:41:28.505 1988 3210 D bt_btif_a2dp_source: btif_a2dp_source_command_ready: event: 7 BTIF_MEDIA_RESET_VS_STATE
03-22 02:41:28.505 1988 1988 D a2dp_codec: A2dpCodecConfig: init all codec caps info
03-22 02:41:28.505 1988 1988 D a2dp_sbc: A2dpCodecConfigSbc
03-22 02:41:28.505 1988 1988 D a2dp_sbc: init: SBC enabled in HW mode
03-22 02:41:28.505 1988 1988 I a2dp_codec: init: updated SBC codec priority to 1001
03-22 02:41:28.505 1988 1988 D a2dp_codec: createCodec: codec AAC
03-22 02:41:28.505 1988 1988 D a2dp_codec: setCodecPriority: codec_priority_: 2001
03-22 02:41:28.505 1988 1988 D a2dp_codec: A2dpCodecConfig: init all codec caps info
03-22 02:41:28.505 1988 1988 D a2dp_aac: A2dpCodecConfigAac: AAC VBR is enabled for this target
03-22 02:41:28.505 1988 1988 D a2dp_aac: init: AAC enabled in HW mode
03-22 02:41:28.505 1988 1988 I a2dp_codec: init: updated AAC codec priority to 2001
03-22 02:41:28.505 1988 1988 D a2dp_codec: createCodec: codec aptX
03-22 02:41:28.505 1988 1988 D a2dp_codec: setCodecPriority: codec_priority_: -1
03-22 02:41:28.505 1988 1988 D a2dp_codec: A2dpCodecConfig: init all codec caps info
03-22 02:41:28.505 1988 1988 D a2dp_vendor_aptx: init: APTX enabled in HW mode
03-22 02:41:28.505 1988 1988 I a2dp_codec: init: updated aptX codec priority to -1
03-22 02:41:28.505 1988 1988 D a2dp_codec: createCodec: codec aptX-HD
03-22 02:41:28.505 1988 1988 D a2dp_codec: setCodecPriority: codec_priority_: -1
03-22 02:41:28.505 1988 1988 D a2dp_codec: A2dpCodecConfig: init all codec caps info
03-22 02:41:28.505 1988 1988 D a2dp_vendor_aptx_hd: init: APTX-HD enabled in HW mode
03-22 02:41:28.505 1988 1988 I a2dp_codec: init: updated aptX-HD codec priority to -1
03-22 02:41:28.505 1988 1988 D a2dp_codec: createCodec: codec LDAC
03-22 02:41:28.505 1988 1988 D a2dp_codec: setCodecPriority: codec_priority_: -1
03-22 02:41:28.505 1988 1988 D a2dp_codec: A2dpCodecConfig: init all codec caps info
03-22 02:41:28.505 1988 1988 D a2dp_vendor_ldac: init: LDAC enabled in HW mode
03-22 02:41:28.505 1988 1988 I a2dp_codec: init: updated LDAC codec priority to -1
03-22 02:41:28.505 1988 1988 D a2dp_codec: createCodec: codec aptX-adaptive
03-22 02:41:28.505 1988 1988 D a2dp_codec: setCodecPriority: codec_priority_: -1
03-22 02:41:28.505 1988 1988 D a2dp_codec: A2dpCodecConfig: init all codec caps info
03-22 02:41:28.505 1988 1988 I a2dp_vendor_aptx_adaptive: A2dpCodecConfigAptxAdaptive: Using Aptx Adaptive R1 config
03-22 02:41:28.505 1988 1988 D a2dp_vendor_aptx_adaptive: init: APTX-Adaptive enabled in HW mode
03-22 02:41:28.505 1988 1988 I a2dp_codec: init: updated aptX-adaptive codec priority to -1
03-22 02:41:28.505 1988 1988 D a2dp_codec: createCodec: codec aptX-TWS
03-22 02:41:28.505 1988 1988 D a2dp_codec: setCodecPriority: codec_priority_: -1
03-22 02:41:28.505 1988 1988 D a2dp_codec: A2dpCodecConfig: init all codec caps info
03-22 02:41:28.505 1988 1988 E a2dp_vendor_aptx_tws: init: APTX-Tws enabled in HW mode
03-22 02:41:28.505 1988 1988 I a2dp_codec: init: updated aptX-TWS codec priority to -1
03-22 02:41:28.505 1988 1988 D a2dp_codec: createCodec: codec SBC SINK
03-22 02:41:28.505 1988 1988 D a2dp_codec: setDefaultCodecPriority: default_codec_priority_: 0
03-22 02:41:28.505 1988 1988 D a2dp_codec: setDefaultCodecPriority: Compute the default codec priority
03-22 02:41:28.505 1988 1988 D a2dp_codec: setDefaultCodecPriority: codec_priority_: 8001
03-22 02:41:28.505 1988 1988 D a2dp_codec: setCodecPriority: codec_priority_: 8001
03-22 02:41:28.505 1988 1988 D a2dp_codec: A2dpCodecConfig: init all codec caps info
03-22 02:41:28.505 1988 1988 D a2dp_codec: createCodec: codec UNKNOWN CODEC INDEX
03-22 02:41:28.505 1988 1988 D a2dp_codec: createCodec: codec UNKNOWN CODEC INDEX
03-22 02:41:28.505 1988 1988 I a2dp_codec: init: initialized Source codec AAC
03-22 02:41:28.505 1988 1988 I a2dp_codec: init: initialized Source codec SBC
03-22 02:41:28.505 1988 1988 I a2dp_codec: init: initialized Sink codec SBC(Sink)
03-22 02:41:28.505 1988 1988 E bt_btif : btif_sm_get_state : Invalid handle
03-22 02:41:28.505 1988 1988 E bt_btif : btif_sm_get_state : Invalid handle
03-22 02:41:28.505 1988 1988 E bt_btif : btif_media_send_reset_vendor_state:
03-22 02:41:28.505 1988 1988 E bt_btif : btif_sm_get_state : Invalid handle
03-22 02:41:28.505 1988 3210 D bt_btif_a2dp_source: btif_a2dp_source_command_ready: event: 7 BTIF_MEDIA_RESET_VS_STATE
03-22 02:41:28.505 1988 1988 I btif_av : isBATEnabled: 0
03-22 02:41:28.505 1988 1988 E bt_btif : bta_av_co_get_active_peer: peer index out of bounds: 5
03-22 02:41:28.505 1988 1988 E bt_btif : btif_av_is_split_a2dp_enabled: No active peer codec config found, by default splitmode
03-22 02:41:28.505 1988 1988 E bt_btif : btif_media_send_reset_vendor_state:
03-22 02:41:28.505 1988 3210 D bt_btif_a2dp_source: btif_a2dp_source_command_ready: event: 2 BTIF_MEDIA_AUDIO_TX_STOP
03-22 02:41:28.505 1988 1988 D bt_btif : btif_av_state_idle_handler: event:BTIF_SM_ENTER_EVT flags: 0 on index: 4, codec_cfg_change: 0
03-22 02:41:28.505 1988 1988 I btif_av : isBATEnabled: 0
03-22 02:41:28.505 1988 3210 E bt_stack: [ERROR:a2dp_encoding.cc(2718)] read: BluetoothAudio HAL is not enabled
03-22 02:41:28.505 1988 1988 E bt_btif : bta_av_co_get_active_peer: peer index out of bounds: 5
03-22 02:41:28.505 1988 1988 E bt_btif : btif_av_is_split_a2dp_enabled: No active peer codec config found, by default splitmode
03-22 02:41:28.505 1988 1988 D a2dp_codec: init
03-22 02:41:28.505 1988 3210 E bt_btif : Invalid cmd pending for ack
03-22 02:41:28.505 1988 1988 D a2dp_codec: createCodec: codec SBC
03-22 02:41:28.505 1988 3210 D bt_btif_a2dp_source: btif_a2dp_source_command_ready: event: 7 BTIF_MEDIA_RESET_VS_STATE
03-22 02:41:28.505 1988 1988 D a2dp_codec: setCodecPriority: codec_priority_: 1001
03-22 02:41:28.505 1988 1988 D a2dp_codec: A2dpCodecConfig: init all codec caps info
03-22 02:41:28.505 1988 1988 D a2dp_sbc: A2dpCodecConfigSbc
03-22 02:41:28.505 1988 1988 D a2dp_sbc: init: SBC enabled in HW mode
03-22 02:41:28.505 1988 1988 I a2dp_codec: init: updated SBC codec priority to 1001
03-22 02:41:28.505 1988 1988 D a2dp_codec: createCodec: codec AAC
03-22 02:41:28.505 1988 1988 D a2dp_codec: setCodecPriority: codec_priority_: 2001
03-22 02:41:28.505 1988 1988 D a2dp_codec: A2dpCodecConfig: init all codec caps info
03-22 02:41:28.505 1988 1988 D a2dp_aac: A2dpCodecConfigAac: AAC VBR is enabled for this target
03-22 02:41:28.505 1988 1988 D a2dp_aac: init: AAC enabled in HW mode
03-22 02:41:28.505 1988 1988 I a2dp_codec: init: updated AAC codec priority to 2001
03-22 02:41:28.505 1988 1988 D a2dp_codec: createCodec: codec aptX
03-22 02:41:28.505 1988 1988 D a2dp_codec: setCodecPriority: codec_priority_: -1
03-22 02:41:28.505 1988 1988 D a2dp_codec: A2dpCodecConfig: init all codec caps info
03-22 02:41:28.505 1988 1988 D a2dp_vendor_aptx: init: APTX enabled in HW mode
03-22 02:41:28.505 1988 1988 I a2dp_codec: init: updated aptX codec priority to -1
03-22 02:41:28.505 1988 1988 D a2dp_codec: createCodec: codec aptX-HD
03-22 02:41:28.505 1988 1988 D a2dp_codec: setCodecPriority: codec_priority_: -1
03-22 02:41:28.505 1988 1988 D a2dp_codec: A2dpCodecConfig: init all codec caps info
03-22 02:41:28.505 1988 1988 D a2dp_vendor_aptx_hd: init: APTX-HD enabled in HW mode
03-22 02:41:28.505 1988 1988 I a2dp_codec: init: updated aptX-HD codec priority to -1
03-22 02:41:28.505 1988 1988 D a2dp_codec: createCodec: codec LDAC
03-22 02:41:28.505 1988 1988 D a2dp_codec: setCodecPriority: codec_priority_: -1
03-22 02:41:28.505 1988 1988 D a2dp_codec: A2dpCodecConfig: init all codec caps info
03-22 02:41:28.505 1988 1988 D a2dp_vendor_ldac: init: LDAC enabled in HW mode
03-22 02:41:28.505 1988 1988 I a2dp_codec: init: updated LDAC codec priority to -1
03-22 02:41:28.505 1988 1988 D a2dp_codec: createCodec: codec aptX-adaptive
03-22 02:41:28.505 1988 1988 D a2dp_codec: setCodecPriority: codec_priority_: -1
03-22 02:41:28.505 1988 1988 D a2dp_codec: A2dpCodecConfig: init all codec caps info
03-22 02:41:28.505 1988 1988 I a2dp_vendor_aptx_adaptive: A2dpCodecConfigAptxAdaptive: Using Aptx Adaptive R1 config
03-22 02:41:28.505 1988 1988 D a2dp_vendor_aptx_adaptive: init: APTX-Adaptive enabled in HW mode
03-22 02:41:28.505 1988 1988 I a2dp_codec: init: updated aptX-adaptive codec priority to -1
03-22 02:41:28.505 1988 1988 D a2dp_codec: createCodec: codec aptX-TWS
03-22 02:41:28.505 1988 1988 D a2dp_codec: setCodecPriority: codec_priority_: -1
03-22 02:41:28.505 1988 1988 D a2dp_codec: A2dpCodecConfig: init all codec caps info
03-22 02:41:28.505 1988 1988 E a2dp_vendor_aptx_tws: init: APTX-Tws enabled in HW mode
03-22 02:41:28.505 1988 1988 I a2dp_codec: init: updated aptX-TWS codec priority to -1
03-22 02:41:28.505 1988 1988 D a2dp_codec: createCodec: codec SBC SINK
03-22 02:41:28.505 1988 1988 D a2dp_codec: setDefaultCodecPriority: default_codec_priority_: 0
03-22 02:41:28.505 1988 1988 D a2dp_codec: setDefaultCodecPriority: Compute the default codec priority
03-22 02:41:28.505 1988 1988 D a2dp_codec: setDefaultCodecPriority: codec_priority_: 8001
03-22 02:41:28.505 1988 1988 D a2dp_codec: setCodecPriority: codec_priority_: 8001
03-22 02:41:28.505 1988 1988 D a2dp_codec: A2dpCodecConfig: init all codec caps info
03-22 02:41:28.505 1988 1988 D a2dp_codec: createCodec: codec UNKNOWN CODEC INDEX
03-22 02:41:28.505 1988 1988 D a2dp_codec: createCodec: codec UNKNOWN CODEC INDEX
03-22 02:41:28.505 1988 1988 I a2dp_codec: init: initialized Source codec AAC
03-22 02:41:28.505 1988 1988 I a2dp_codec: init: initialized Source codec SBC
03-22 02:41:28.505 1988 1988 I a2dp_codec: init: initialized Sink codec SBC(Sink)
03-22 02:41:28.505 1988 1988 E bt_btif : btif_sm_get_state : Invalid handle
03-22 02:41:28.505 1988 1988 E bt_btif : btif_media_send_reset_vendor_state:
03-22 02:41:28.505 1988 1988 I btif_av : isBATEnabled: 0
03-22 02:41:28.505 1988 1988 E bt_btif : bta_av_co_get_active_peer: peer index out of bounds: 5
03-22 02:41:28.505 1988 1988 E bt_btif : btif_av_is_split_a2dp_enabled: No active peer codec config found, by default splitmode
03-22 02:41:28.505 1988 1988 E bt_btif : btif_media_send_reset_vendor_state:
03-22 02:41:28.505 1988 3210 D bt_btif_a2dp_source: btif_a2dp_source_command_ready: event: 7 BTIF_MEDIA_RESET_VS_STATE
03-22 02:41:28.505 1988 3210 D bt_btif_a2dp_source: btif_a2dp_source_command_ready: event: 2 BTIF_MEDIA_AUDIO_TX_STOP
03-22 02:41:28.505 1988 1988 D A2dpService: A2DP offload flag set to true
03-22 02:41:28.505 1988 3210 E bt_stack: [ERROR:a2dp_encoding.cc(2718)] read: BluetoothAudio HAL is not enabled
03-22 02:41:28.505 1988 3210 E bt_btif : Invalid cmd pending for ack
03-22 02:41:28.505 1988 3210 D bt_btif_a2dp_source: btif_a2dp_source_command_ready: event: 7 BTIF_MEDIA_RESET_VS_STATE
03-22 02:41:28.505 1988 2113 E bt_btif : btif_a2dp_source_startup: A2DP Source media task already running
03-22 02:41:28.505 1988 2113 D bt_btif : btif_av_state_idle_handler: event:UNKNOWN_EVENT flags: 0 on index: 0, codec_cfg_change: 0
03-22 02:41:28.505 1988 2113 W bt_btif : btif_av_state_idle_handler: unhandled event=UNKNOWN_EVENT
03-22 02:41:28.505 1988 2113 E bt_btif : BTA_AvEnable:
03-22 02:41:28.506 1988 2933 W bt_btif : bta_av_api_enable
03-22 02:41:28.506 1988 2933 W bt_l2cap: L2CAP - L2CA_Register() called for PSM: 0x0019
03-22 02:41:28.506 1988 2933 W bt_l2cap: L2CAP - L2CA_Register() called for PSM: 0x0017
03-22 02:41:28.506 1988 2933 W bt_l2cap: L2CAP - L2CA_Register() called for PSM: 0x001b
03-22 02:41:28.506 1988 2933 E bt_btif : bta_av_co_get_active_peer: peer index out of bounds: 5
03-22 02:41:28.506 1988 2933 D a2dp_codec: A2DP_InitCodecConfig: codec SBC
03-22 02:41:28.506 1988 2933 D a2dp_sbc: A2DP_InitCodecConfigSbc:
03-22 02:41:28.506 1988 2933 E bt_btif : bta_av_co_get_active_peer: peer index out of bounds: 5
03-22 02:41:28.506 1988 2933 D a2dp_codec: A2DP_InitCodecConfig: codec AAC
03-22 02:41:28.506 1988 2933 D a2dp_aac: A2DP_BuildInfoAac: media_type: 0, p_ie->bitRate: 165000
03-22 02:41:28.506 1988 2933 E bt_btif : bta_av_co_get_active_peer: peer index out of bounds: 5
03-22 02:41:28.506 1988 2933 D a2dp_codec: A2DP_InitCodecConfig: codec aptX
03-22 02:41:28.506 1988 2933 E bt_btif : bta_av_co_get_active_peer: peer index out of bounds: 5
03-22 02:41:28.506 1988 2933 D a2dp_codec: A2DP_InitCodecConfig: codec aptX-HD
03-22 02:41:28.506 1988 2933 E bt_btif : bta_av_co_get_active_peer: peer index out of bounds: 5
03-22 02:41:28.506 1988 2933 D a2dp_codec: A2DP_InitCodecConfig: codec LDAC
03-22 02:41:28.506 1988 2933 E bt_btif : bta_av_co_get_active_peer: peer index out of bounds: 5
03-22 02:41:28.506 1988 2933 D a2dp_codec: A2DP_InitCodecConfig: codec aptX-adaptive
03-22 02:41:28.506 1988 2933 E bt_btif : bta_av_co_get_active_peer: peer index out of bounds: 5
03-22 02:41:28.506 1988 2933 D a2dp_codec: A2DP_InitCodecConfig: codec aptX-TWS
03-22 02:41:28.506 1988 1988 D A2dpService: setA2dpService(): set to: com.android.bluetooth.a2dp.A2dpService@2860990
03-22 02:41:28.506 1988 1988 D HeadsetService: getHeadsetService(): returning com.android.bluetooth.hfp.HeadsetService@3157a51
03-22 02:41:28.506 3130 3130 E ThermalEngine: Failed to setup at least one sensor for monitoring
03-22 02:41:28.506 1988 2933 W bt_btif : bta_av_get_rcb_by_shdl: shdl = 0, rcb[i].shdl = 0, rcb[i].handle = 255, rcb[i].lidx = 0
03-22 02:41:28.506 3130 3130 I ThermalEngine: ss_algo_init: No SS's configured.
03-22 02:41:28.506 1988 2113 I bt_btif_storage: btif_storage_get_adapter_property service_mask:0x220000048
03-22 02:41:28.506 1988 2933 W bt_btif : bta_av_get_rcb_by_shdl: shdl = 0, rcb[i].shdl = 0, rcb[i].handle = 255, rcb[i].lidx = 0
03-22 02:41:28.506 1988 2933 W bt_btif : bta_av_get_rcb_by_shdl: shdl = 0, rcb[i].shdl = 0, rcb[i].handle = 255, rcb[i].lidx = 0
03-22 02:41:28.506 1988 2933 W bt_btif : bta_av_get_rcb_by_shdl: shdl = 0, rcb[i].shdl = 0, rcb[i].handle = 255, rcb[i].lidx = 0
03-22 02:41:28.506 3130 3130 E ThermalEngine: open/sys/module/msm_thermal/parameters/enabled failed2
03-22 02:41:28.506 1988 2933 W bt_btif : bta_av_get_rcb_by_shdl: shdl = 0, rcb[i].shdl = 0, rcb[i].handle = 255, rcb[i].lidx = 0
03-22 02:41:28.506 1988 2933 W bt_btif : bta_av_get_rcb_by_shdl: shdl = 0, rcb[i].shdl = 0, rcb[i].handle = 255, rcb[i].lidx = 0
03-22 02:41:28.506 1988 2933 W bt_btif : bta_av_get_rcb_by_shdl: shdl = 0, rcb[i].shdl = 0, rcb[i].handle = 255, rcb[i].lidx = 0
03-22 02:41:28.506 1988 2933 D bt_btif : AVRC_Open role: 1, control:67 status:0, handle:0
03-22 02:41:28.506 1988 2933 W bt_btif : bta_av_rc_create RC handle 0 is connected
03-22 02:41:28.506 1988 2933 D bt_btif : rc_acp_handle: 0 idx: 1
03-22 02:41:28.507 1988 2933 D bt_btif : bta_av_rc_create create 0, role: 1, shdl:0, rc_handle:0, lidx:6, status:0x10
03-22 02:41:28.507 3130 3220 I ThermalEngine: limits_write_data_to_partition: thread exit
03-22 02:41:28.507 1988 2933 E bt_btif : bta_av_co_get_active_peer: peer index out of bounds: 5
03-22 02:41:28.507 1988 2933 D a2dp_codec: A2DP_InitCodecConfig: codec SBC
03-22 02:41:28.507 1988 2933 D a2dp_sbc: A2DP_InitCodecConfigSbc:
03-22 02:41:28.507 1988 2933 E bt_btif : bta_av_co_get_active_peer: peer index out of bounds: 5
03-22 02:41:28.507 1988 2933 D a2dp_codec: A2DP_InitCodecConfig: codec AAC
03-22 02:41:28.507 1988 2933 D a2dp_aac: A2DP_BuildInfoAac: media_type: 0, p_ie->bitRate: 165000
03-22 02:41:28.507 1988 2933 E bt_btif : bta_av_co_get_active_peer: peer index out of bounds: 5
03-22 02:41:28.507 1988 2113 I bt_btif_storage: btif_storage_get_adapter_property service_mask:0x220000048
03-22 02:41:28.507 1988 2933 D a2dp_codec: A2DP_InitCodecConfig: codec aptX
03-22 02:41:28.507 1988 2113 D bt_btif : btif_av_state_idle_handler: event:BTA_AV_ENABLE_EVT flags: 0 on index: 0, codec_cfg_change: 0
03-22 02:41:28.507 1988 2113 D bt_btif : btif_av_state_idle_handler: event:BTA_AV_REGISTER_EVT flags: 0 on index: 0, codec_cfg_change: 0
03-22 02:41:28.507 1988 2933 E bt_btif : bta_av_co_get_active_peer: peer index out of bounds: 5
03-22 02:41:28.507 1988 2933 D a2dp_codec: A2DP_InitCodecConfig: codec aptX-HD
03-22 02:41:28.507 1988 2933 E bt_btif : bta_av_co_get_active_peer: peer index out of bounds: 5
03-22 02:41:28.507 1988 2933 D a2dp_codec: A2DP_InitCodecConfig: codec LDAC
03-22 02:41:28.507 1988 2933 E bt_btif : bta_av_co_get_active_peer: peer index out of bounds: 5
03-22 02:41:28.507 1988 2933 D a2dp_codec: A2DP_InitCodecConfig: codec aptX-adaptive
03-22 02:41:28.507 1988 2933 E bt_btif : bta_av_co_get_active_peer: peer index out of bounds: 5
03-22 02:41:28.507 1988 2933 D a2dp_codec: A2DP_InitCodecConfig: codec aptX-TWS
03-22 02:41:28.507 1988 2113 D bt_btif : btif_av_state_idle_handler: event:BTA_AV_REGISTER_EVT flags: 0 on index: 1, codec_cfg_change: 0
03-22 02:41:28.507 1988 2933 E bt_btif : bta_av_co_get_active_peer: peer index out of bounds: 5
03-22 02:41:28.507 1988 2933 D a2dp_codec: A2DP_InitCodecConfig: codec SBC
03-22 02:41:28.507 1988 2933 D a2dp_sbc: A2DP_InitCodecConfigSbc:
03-22 02:41:28.507 1988 2933 E bt_btif : bta_av_co_get_active_peer: peer index out of bounds: 5
03-22 02:41:28.507 1988 2933 D a2dp_codec: A2DP_InitCodecConfig: codec AAC
03-22 02:41:28.507 1988 2933 D a2dp_aac: A2DP_BuildInfoAac: media_type: 0, p_ie->bitRate: 165000
03-22 02:41:28.507 1988 2933 E bt_btif : bta_av_co_get_active_peer: peer index out of bounds: 5
03-22 02:41:28.507 1988 2933 D a2dp_codec: A2DP_InitCodecConfig: codec aptX
03-22 02:41:28.507 1988 2933 E bt_btif : bta_av_co_get_active_peer: peer index out of bounds: 5
03-22 02:41:28.507 1988 2933 D a2dp_codec: A2DP_InitCodecConfig: codec aptX-HD
03-22 02:41:28.507 1988 2933 E bt_btif : bta_av_co_get_active_peer: peer index out of bounds: 5
03-22 02:41:28.507 1988 2933 D a2dp_codec: A2DP_InitCodecConfig: codec LDAC
03-22 02:41:28.507 1988 2933 E bt_btif : bta_av_co_get_active_peer: peer index out of bounds: 5
03-22 02:41:28.507 1988 2933 D a2dp_codec: A2DP_InitCodecConfig: codec aptX-adaptive
03-22 02:41:28.507 1988 2933 E bt_btif : bta_av_co_get_active_peer: peer index out of bounds: 5
03-22 02:41:28.507 1988 2933 D a2dp_codec: A2DP_InitCodecConfig: codec aptX-TWS
03-22 02:41:28.507 1988 2113 D bt_btif : btif_av_state_idle_handler: event:BTA_AV_REGISTER_EVT flags: 0 on index: 2, codec_cfg_change: 0
03-22 02:41:28.507 1988 2933 E bt_btif : bta_av_co_get_active_peer: peer index out of bounds: 5
03-22 02:41:28.507 1988 2933 D a2dp_codec: A2DP_InitCodecConfig: codec SBC
03-22 02:41:28.507 1988 2933 D a2dp_sbc: A2DP_InitCodecConfigSbc:
03-22 02:41:28.507 1988 2933 E bt_btif : bta_av_co_get_active_peer: peer index out of bounds: 5
03-22 02:41:28.507 1988 2933 D a2dp_codec: A2DP_InitCodecConfig: codec AAC
03-22 02:41:28.507 1988 2933 D a2dp_aac: A2DP_BuildInfoAac: media_type: 0, p_ie->bitRate: 165000
03-22 02:41:28.507 1988 2933 E bt_btif : bta_av_co_get_active_peer: peer index out of bounds: 5
03-22 02:41:28.507 1988 2933 D a2dp_codec: A2DP_InitCodecConfig: codec aptX
03-22 02:41:28.507 1988 2933 E bt_btif : bta_av_co_get_active_peer: peer index out of bounds: 5
03-22 02:41:28.507 1988 2933 D a2dp_codec: A2DP_InitCodecConfig: codec aptX-HD
03-22 02:41:28.507 1988 2933 E bt_btif : bta_av_co_get_active_peer: peer index out of bounds: 5
03-22 02:41:28.507 1988 2933 D a2dp_codec: A2DP_InitCodecConfig: codec LDAC
03-22 02:41:28.507 1988 2933 E bt_btif : bta_av_co_get_active_peer: peer index out of bounds: 5
03-22 02:41:28.507 1988 2933 D a2dp_codec: A2DP_InitCodecConfig: codec aptX-adaptive
03-22 02:41:28.507 1988 2933 E bt_btif : bta_av_co_get_active_peer: peer index out of bounds: 5
03-22 02:41:28.507 1988 2933 D a2dp_codec: A2DP_InitCodecConfig: codec aptX-TWS
03-22 02:41:28.507 1988 2113 D bt_btif : btif_av_state_idle_handler: event:BTA_AV_REGISTER_EVT flags: 0 on index: 3, codec_cfg_change: 0
03-22 02:41:28.507 1988 2933 E bt_btif : bta_av_co_get_active_peer: peer index out of bounds: 5
03-22 02:41:28.508 1988 2933 D a2dp_codec: A2DP_InitCodecConfig: codec SBC
03-22 02:41:28.508 1988 2933 D a2dp_sbc: A2DP_InitCodecConfigSbc:
03-22 02:41:28.508 1988 2933 E bt_btif : bta_av_co_get_active_peer: peer index out of bounds: 5
03-22 02:41:28.508 1988 2933 D a2dp_codec: A2DP_InitCodecConfig: codec AAC
03-22 02:41:28.508 1988 2933 D a2dp_aac: A2DP_BuildInfoAac: media_type: 0, p_ie->bitRate: 165000
03-22 02:41:28.508 1988 2933 E bt_btif : bta_av_co_get_active_peer: peer index out of bounds: 5
03-22 02:41:28.508 1988 2933 D a2dp_codec: A2DP_InitCodecConfig: codec aptX
03-22 02:41:28.508 1988 2933 E bt_btif : bta_av_co_get_active_peer: peer index out of bounds: 5
03-22 02:41:28.508 1988 2933 D a2dp_codec: A2DP_InitCodecConfig: codec aptX-HD
03-22 02:41:28.508 1988 2933 E bt_btif : bta_av_co_get_active_peer: peer index out of bounds: 5
03-22 02:41:28.508 1988 2933 D a2dp_codec: A2DP_InitCodecConfig: codec LDAC
03-22 02:41:28.508 1988 2933 E bt_btif : bta_av_co_get_active_peer: peer index out of bounds: 5
03-22 02:41:28.508 1988 2933 D a2dp_codec: A2DP_InitCodecConfig: codec aptX-adaptive
03-22 02:41:28.508 1988 2933 E bt_btif : bta_av_co_get_active_peer: peer index out of bounds: 5
03-22 02:41:28.508 1988 2933 D a2dp_codec: A2DP_InitCodecConfig: codec aptX-TWS
03-22 02:41:28.508 1988 2113 D bt_btif : btif_av_state_idle_handler: event:BTA_AV_REGISTER_EVT flags: 0 on index: 4, codec_cfg_change: 0
03-22 02:41:28.509 1988 1988 D HeadsetService: isAudioOn: The number of audio connected devices 0
03-22 02:41:28.509 1988 1988 D HeadsetService: isScoOrCallActive(): Call Active:falseCall is Ringing:falseSCO is Active:false
03-22 02:41:28.509 1988 1988 D HeadsetService: isAudioOn: The number of audio connected devices 0
03-22 02:41:28.507 3221 3221 W ip : type=1400 audit(0.0:258): avc: denied { read } for name="rt_tables" dev="dm-10" ino=355 scontext=u:r:ethernet:s0 tcontext=u:object_r:net_data_file:s0 tclass=file permissive=0
03-22 02:41:28.513 802 1745 D audio_hw_primary: adev_get_parameters:fm_status
03-22 02:41:28.513 802 1745 D audio_hw_spkr_prot: fbsp_get_parameters: Speaker protection disabled
03-22 02:41:28.513 802 1745 D soundtrigger: audio_extn_sound_trigger_get_parameters input string
03-22 02:41:28.513 802 1745 D soundtrigger: extract_sm_handle input string param string
03-22 02:41:28.513 802 1745 D audio_hw_extn: audio_extn_fm_get_parameters: Enter
03-22 02:41:28.513 802 1745 D audio_hw_extn: audio_extn_get_parameters: returns fm_status=0
03-22 02:41:28.513 802 1745 D audio_hw_primary: adev_get_parameters: exit: returns - fm_status=0
03-22 02:41:28.513 995 1360 I hash_map_utils: system/bt/osi/src/hash_map_utils.cc:81 hash_map_utils_dump_string_keys_string_values: key: 'fm_status' value: ''
03-22 02:41:28.513 1988 1988 E A2dpService: setActiveDevice(null): already set to active
03-22 02:41:28.514 1988 1988 D A2dpService: profile started successfully
03-22 02:41:28.514 1988 1988 I BluetoothHidHostServiceJni: classInitNative: succeeds
03-22 02:41:28.514 1988 1988 D HidHostService: Received start request. Starting profile...
03-22 02:41:28.515 1988 1988 I bt_btif : get_profile_interface: id = hidhost
03-22 02:41:28.515 1988 1988 D BluetoothHidHostService: setHidHostService(): set to: com.android.bluetooth.hid.HidHostService@1e962b5
03-22 02:41:28.515 1988 2113 I bt_bta_hh: BTA_HhEnable sec_mask:0x36 p_cback:0x7b6244e258
03-22 02:41:28.515 1988 1988 D HidHostService: profile started successfully
03-22 02:41:28.515 1988 2113 I bt_btif_storage: btif_storage_get_adapter_property service_mask:0x220100048
03-22 02:41:28.515 1988 2933 W bt_l2cap: L2CAP - L2CA_Register() called for PSM: 0x0011
03-22 02:41:28.515 1988 2933 W bt_l2cap: L2CAP - L2CA_Register() called for PSM: 0x0013
03-22 02:41:28.515 1988 2933 V bt_stack: [VERBOSE1:bta_gattc_act.cc(210)] bta_gattc_register: state:2
03-22 02:41:28.515 1988 2933 I bt_stack: [INFO:gatt_api.cc(1223)] GATT_Register 2758ef87-0037-944d-e4b3-6ae1371f7157
03-22 02:41:28.515 1988 2933 I bt_stack: [INFO:gatt_api.cc(1244)] allocated gatt_if=4
03-22 02:41:28.515 1988 2933 V bt_stack: [VERBOSE1:gatt_api.cc(1369)] GATT_StartIf gatt_if=4
03-22 02:41:28.515 1988 2933 V bt_stack: [VERBOSE1:gatt_utils.cc(293)] gatt_find_the_connected_bda start_idx=0
03-22 02:41:28.516 1988 2933 V bt_stack: [VERBOSE1:gatt_utils.cc(305)] found=0 found_idx=5
03-22 02:41:28.516 1988 1988 I BluetoothPanServiceJni: classInitNative(L111): succeeds
03-22 02:41:28.516 1988 1988 D PanService: Received start request. Starting profile...
03-22 02:41:28.517 1988 1988 D BluetoothPanServiceJni: initializeNative(L116): pan
03-22 02:41:28.517 1988 1988 I bt_btif : get_profile_interface: id = pan
03-22 02:41:28.517 1988 1988 D PanService: profile started successfully
03-22 02:41:28.517 1988 2933 W bt_l2cap: L2CAP - L2CA_Register() called for PSM: 0x000f
03-22 02:41:28.517 1988 2113 D BluetoothPanServiceJni: control_state_callback(L63): state:0, local_role:3, ifname:bt-pan
03-22 02:41:28.518 1988 1988 D BluetoothMapService: Received start request. Starting profile...
