03-22 02:42:52.882 4053 4053 E vota : [7b0dc4f8]: [vota]: [native_large_allocator]: ralloc_count: 0
03-22 02:42:52.882 4053 4053 E vota : [7b0dc4f8]: [vota]: exit: ok
01-01 08:01:39.537 0 0 I init : Service 'hht_ota_mgr_service' (pid 4053) exited with status 0
01-01 08:01:39.537 0 0 I init : Sending signal 9 to service 'hht_ota_mgr_service' (pid 4053) process group...
01-01 08:01:39.538 0 0 I libprocessgroup: Successfully killed process cgroup uid 0 pid 4053 in 0ms
03-22 02:42:52.928 1268 3903 I OMX-VENC: venc_dev: stats: avg. fps 18.62, bitrate 505434
03-22 02:42:53.067 2757 2757 W hpplay-java: [main]:IPManager:getActiveNets invalid networkInfo:null
03-22 02:42:53.068 2757 2757 I hpplay-java: [main]:IPManager:getActiveNets eth0:false wifi:false mobile:false ap:false
03-22 02:42:53.068 2757 2757 I hpplay-java: [main]:ServerTaskManager:get local ip:null
03-22 02:42:53.314 645 660 I mpu_uart: [MSG-P:RECV]:No message received in 1000 ms
03-22 02:42:53.354 645 659 I mpu_uart: [MSG-P:R]:recv sync frame timeout
03-22 02:42:53.430 1237 1237 I CNSS : cnss_open_log_file: create directory /data/vendor/wifi/wlan_logs/ ret = -1 errno= 17
03-22 02:42:53.430 1237 1237 I CNSS : failed to open file a+ mode or file size 0 is less than max_file_size 31457280
03-22 02:42:53.430 1237 1237 I CNSS : Failed to open file /data/vendor/wifi/wlan_logs/host_driver_logs_current.txt: 13
03-22 02:42:53.423 1237 1237 W cnss_diag: type=1400 audit(0.0:395): avc: denied { getattr } for path="/data/vendor/wifi/wlan_logs" dev="dm-10" ino=384 scontext=u:r:vendor_wcnss_service:s0 tcontext=u:object_r:vendor_wifi_vendor_log_data_file:s0 tclass=dir permissive=0
03-22 02:42:53.423 1237 1237 W cnss_diag: type=1400 audit(0.0:396): avc: denied { read } for name="wlan_logs" dev="dm-10" ino=384 scontext=u:r:vendor_wcnss_service:s0 tcontext=u:object_r:vendor_wifi_vendor_log_data_file:s0 tclass=dir permissive=0
03-22 02:42:53.423 1237 1237 W cnss_diag: type=1400 audit(0.0:397): avc: denied { search } for name="wlan_logs" dev="dm-10" ino=384 scontext=u:r:vendor_wcnss_service:s0 tcontext=u:object_r:vendor_wifi_vendor_log_data_file:s0 tclass=dir permissive=0
03-22 02:42:53.577 1255 1319 I selfinstaller: create socket failed: Network is unreachable 101
03-22 02:42:53.664 1337 1453 E tlogd : [TzLogger](isPathReadable) file /sys/kernel/debug/tzdbg/qsee_log isn't exist or no permission, err: No such file or directory
03-22 02:42:53.664 1337 1453 E tlogd : [TzLogger](saveTzlogAsync) /sys/kernel/debug/tzdbg/qsee_log can not read.
03-22 02:42:53.664 1337 1453 E tlogd : [TzLogger](isPathReadable) file /sys/kernel/debug/tzdbg/log isn't exist or no permission, err: No such file or directory
03-22 02:42:53.664 1337 1453 E tlogd : [TzLogger](saveTzlogAsync) /sys/kernel/debug/tzdbg/log can not read.
03-22 02:42:54.070 2757 2757 W hpplay-java: [main]:IPManager:getActiveNets invalid networkInfo:null
03-22 02:42:54.070 2757 2757 I hpplay-java: [main]:IPManager:getActiveNets eth0:false wifi:false mobile:false ap:false
03-22 02:42:54.070 2757 2757 I hpplay-java: [main]:ServerTaskManager:get local ip:null
03-22 02:42:54.314 645 660 I mpu_uart: [MSG-P:RECV]:No message received in 1000 ms
01-01 08:01:41.611 0 0 I msm_vidc: err : ffffffff: .....: DBLP Set: status 0
03-22 02:42:55.072 2757 2757 W hpplay-java: [main]:IPManager:getActiveNets invalid networkInfo:null
03-22 02:42:55.072 2757 2757 I hpplay-java: [main]:IPManager:getActiveNets eth0:false wifi:false mobile:false ap:false
03-22 02:42:55.072 2757 2757 I hpplay-java: [main]:ServerTaskManager:get local ip:null
03-22 02:42:55.315 645 660 I mpu_uart: [MSG-P:RECV]:No message received in 1000 ms
01-01 08:01:42.313 0 0 E DTC_ETH,link_delay_work_func: 3003, SQI=0, link=0
03-22 02:42:56.073 2757 2757 W hpplay-java: [main]:IPManager:getActiveNets invalid networkInfo:null
03-22 02:42:56.074 2757 2757 I hpplay-java: [main]:IPManager:getActiveNets eth0:false wifi:false mobile:false ap:false
03-22 02:42:56.074 2757 2757 I hpplay-java: [main]:ServerTaskManager:get local ip:null
03-22 02:42:56.315 645 660 I mpu_uart: [MSG-P:RECV]:No message received in 1000 ms
03-22 02:42:56.358 645 659 I mpu_uart: [MSG-P:R]:recv sync frame timeout
03-22 02:42:56.427 1237 1237 W cnss_diag: type=1400 audit(0.0:398): avc: denied { getattr } for path="/data/vendor/wifi/wlan_logs" dev="dm-10" ino=384 scontext=u:r:vendor_wcnss_service:s0 tcontext=u:object_r:vendor_wifi_vendor_log_data_file:s0 tclass=dir permissive=0
03-22 02:42:56.427 1237 1237 W cnss_diag: type=1400 audit(0.0:399): avc: denied { read } for name="wlan_logs" dev="dm-10" ino=384 scontext=u:r:vendor_wcnss_service:s0 tcontext=u:object_r:vendor_wifi_vendor_log_data_file:s0 tclass=dir permissive=0
03-22 02:42:56.427 1237 1237 W cnss_diag: type=1400 audit(0.0:400): avc: denied { search } for name="wlan_logs" dev="dm-10" ino=384 scontext=u:r:vendor_wcnss_service:s0 tcontext=u:object_r:vendor_wifi_vendor_log_data_file:s0 tclass=dir permissive=0
03-22 02:42:56.431 1237 1237 I CNSS : cnss_open_log_file: create directory /data/vendor/wifi/wlan_logs/ ret = -1 errno= 17
03-22 02:42:56.431 1237 1237 I CNSS : failed to open file a+ mode or file size 0 is less than max_file_size 31457280
03-22 02:42:56.431 1237 1237 I CNSS : Failed to open file /data/vendor/wifi/wlan_logs/host_driver_logs_current.txt: 13
03-22 02:42:56.910 2315 2315 D RemoteControlService: startVlanDispatchThread
03-22 02:42:57.076 2757 2757 W hpplay-java: [main]:IPManager:getActiveNets invalid networkInfo:null
03-22 02:42:57.076 2757 2757 I hpplay-java: [main]:IPManager:getActiveNets eth0:false wifi:false mobile:false ap:false
03-22 02:42:57.076 2757 2757 I hpplay-java: [main]:ServerTaskManager:get local ip:null
03-22 02:42:57.315 645 660 I mpu_uart: [MSG-P:RECV]:No message received in 1000 ms
01-01 08:01:44.171 0 0 I : boot log copy done
01-01 08:01:44.448 0 0 I init : starting service 'hht_ota_mgr_service'...
03-22 02:42:57.841 4054 4054 E vota : [d7ecc4f8]: [vota]: init: ..
03-22 02:42:57.841 4054 4054 E vota : [d7ecc4f8]: [vota]: [warning]: the java machine be not inited, please pass it to the tb_init function! at tb_android_init_env(): 43, src/vota/platform/android/android.c
03-22 02:42:57.842 4054 4054 E vota : [d7ecc4f8]: [vota]: version: tbox_v1_6_7_202302251411_arm64-v8a_elf by Android (8481493, based on r416183c2) Clang 12.0.9 (https://android.googlesource.com/toolchain/llvm-project c935d99d7cf2016289302412d708641d52d2f7ee)
03-22 02:42:57.842 4054 4054 E vota : [d7ecc4f8]: [vota]: init: ok
03-22 02:42:57.842 4054 4054 E vota : [d7ecc4f8]: [vota]: [scheduler]: start ..
03-22 02:42:57.842 4054 4054 E vota : [d7ecc4f8]: [vota]: [coroutine]: init 0x73d690a158
03-22 02:42:57.842 4054 4054 E vota : [d7ecc4f8]: [vota]: [scheduler]: start ok
03-22 02:42:57.842 4054 4054 E vota : [d7ecc4f8]: [vota]: [scheduler]: switch to coroutine(0x73d690a158) from coroutine(0x73d69dcca0)
03-22 02:42:57.842 4054 4054 E vota : [d7ecc4f8]: [vota]: [coroutine]: entry: 0x73d690a158 stack: 0x73d690a1b8 - 0x73d694a1b8 from coroutine(0x73d69dcca0)
03-22 02:42:57.842 4054 4054 I hiphi_update_api: Hh_GetVersion calling ......
03-22 02:42:57.842 4054 4054 I hiphi_update_api: get version:01.00.C101_20230322_private_user藊?_
03-22 02:42:57.842 4054 4054 I hiphi_update_api: Hh_GetVersion ret:0
03-22 02:42:57.887 4054 4054 E vota : [d7ecc4f8]: [vota]: [scheduler]: finish coroutine(0x73d690a158)
03-22 02:42:57.887 4054 4054 E vota : [d7ecc4f8]: [vota]: [scheduler]: switch to original coroutine
03-22 02:42:57.887 4054 4054 E vota : [d7ecc4f8]: [vota]: [scheduler]: switch to coroutine(0x73d69dcca0) from coroutine(0x73d690a158)
03-22 02:42:57.887 4054 4054 E vota : [d7ecc4f8]: [vota]: [scheduler]: [loop]: ready 0
03-22 02:42:57.887 4054 4054 E vota : [d7ecc4f8]: [vota]: [coroutine]: exit: 0x73d690a158
03-22 02:42:57.887 4054 4054 E vota : [d7ecc4f8]: [vota]: [lock_profiler]:
03-22 02:42:57.887 4054 4054 E vota : [d7ecc4f8]: [vota]: [lock_profiler]: lock: 0xb40000716ca333d4, name: native_large_allocator, occupied: 0
03-22 02:42:57.887 4054 4054 E vota : [d7ecc4f8]: [vota]: [lock_profiler]: lock: 0xb40000717ca3666c, name: allocator, occupied: 0
03-22 02:42:57.887 4054 4054 E vota : [d7ecc4f8]: [vota]: [small_allocator]:
03-22 02:42:57.887 4054 4054 E vota : [d7ecc4f8]: [vota]: [static_fixed_pool]: [16]: peak_size: 288, wast_rate: 4074/10000, pred_failed: 0, item_maxn: 245, free_count: 18, malloc_count: 18
03-22 02:42:57.887 4054 4054 E vota : [d7ecc4f8]: [vota]: [static_fixed_pool]: [96]: peak_size: 2208, wast_rate: 1028/10000, pred_failed: 0, item_maxn: 248, free_count: 23, malloc_count: 23
03-22 02:42:57.887 4054 4054 E vota : [d7ecc4f8]: [vota]: [static_fixed_pool]: [128]: peak_size: 9216, wast_rate: 791/10000, pred_failed: 0, item_maxn: 249, free_count: 72, malloc_count: 72
03-22 02:42:57.887 4054 4054 E vota : [d7ecc4f8]: [vota]: [static_fixed_pool]: [192]: peak_size: 2112, wast_rate: 541/10000, pred_failed: 0, item_maxn: 250, free_count: 11, malloc_count: 11
03-22 02:42:57.887 4054 4054 E vota : [d7ecc4f8]: [vota]: [static_fixed_pool]: [256]: peak_size: 256, wast_rate: 411/10000, pred_failed: 0, item_maxn: 251, free_count: 1, malloc_count: 1
03-22 02:42:57.887 4054 4054 E vota : [d7ecc4f8]: [vota]: [static_fixed_pool]: [384]: peak_size: 5376, wast_rate: 278/10000, pred_failed: 0, item_maxn: 252, free_count: 14, malloc_count: 14
03-22 02:42:57.887 4054 4054 E vota : [d7ecc4f8]: [vota]: [static_fixed_pool]: [512]: peak_size: 5632, wast_rate: 210/10000, pred_failed: 0, item_maxn: 253, free_count: 11, malloc_count: 11
03-22 02:42:57.887 4054 4054 E vota : [d7ecc4f8]: [vota]: [static_fixed_pool]: [1024]: peak_size: 2048, wast_rate: 106/10000, pred_failed: 0, item_maxn: 254, free_count: 2, malloc_count: 2
03-22 02:42:57.887 4054 4054 E vota : [d7ecc4f8]: [vota]: [native_large_allocator]:
03-22 02:42:57.887 4054 4054 E vota : [d7ecc4f8]: [vota]: [native_large_allocator]: peak_size: 3373986
03-22 02:42:57.887 4054 4054 E vota : [d7ecc4f8]: [vota]: [native_large_allocator]: wast_rate: 4/10000
03-22 02:42:57.887 4054 4054 E vota : [d7ecc4f8]: [vota]: [native_large_allocator]: free_count: 52
03-22 02:42:57.887 4054 4054 E vota : [d7ecc4f8]: [vota]: [native_large_allocator]: malloc_count: 52
03-22 02:42:57.887 4054 4054 E vota : [d7ecc4f8]: [vota]: [native_large_allocator]: ralloc_count: 0
03-22 02:42:57.887 4054 4054 E vota : [d7ecc4f8]: [vota]: exit: ok
03-22 02:42:57.883 4054 4054 W hht_ota_mgr: type=1400 audit(0.0:401): avc: denied { read append } for name="NvmSim_yy.dat" dev="dm-10" ino=391 scontext=u:r:hht_ota_mgr:s0 tcontext=u:object_r:system_data_file:s0 tclass=file permissive=0
01-01 08:01:44.542 0 0 I init : Service 'hht_ota_mgr_service' (pid 4054) exited with status 0
01-01 08:01:44.543 0 0 I init : Sending signal 9 to service 'hht_ota_mgr_service' (pid 4054) process group...
01-01 08:01:44.543 0 0 I libprocessgroup: Successfully killed process cgroup uid 0 pid 4054 in 0ms
03-22 02:42:58.078 2757 2757 W hpplay-java: [main]:IPManager:getActiveNets invalid networkInfo:null
03-22 02:42:58.078 2757 2757 I hpplay-java: [main]:IPManager:getActiveNets eth0:false wifi:false mobile:false ap:false
03-22 02:42:58.078 2757 2757 I hpplay-java: [main]:ServerTaskManager:get local ip:null
03-22 02:42:58.316 645 660 I mpu_uart: [MSG-P:RECV]:No message received in 1000 ms
03-22 02:42:58.665 1337 1453 E tlogd : [TzLogger](isPathReadable) file /sys/kernel/debug/tzdbg/qsee_log isn't exist or no permission, err: No such file or directory
03-22 02:42:58.665 1337 1453 E tlogd : [TzLogger](saveTzlogAsync) /sys/kernel/debug/tzdbg/qsee_log can not read.
03-22 02:42:58.665 1337 1453 E tlogd : [TzLogger](isPathReadable) file /sys/kernel/debug/tzdbg/log isn't exist or no permission, err: No such file or directory
03-22 02:42:58.665 1337 1453 E tlogd : [TzLogger](saveTzlogAsync) /sys/kernel/debug/tzdbg/log can not read.
03-22 02:42:59.080 2757 2757 W hpplay-java: [main]:IPManager:getActiveNets invalid networkInfo:null
03-22 02:42:59.080 2757 2757 I hpplay-java: [main]:IPManager:getActiveNets eth0:false wifi:false mobile:false ap:false
03-22 02:42:59.080 2757 2757 I hpplay-java: [main]:ServerTaskManager:get local ip:null
03-22 02:42:59.316 645 660 I mpu_uart: [MSG-P:RECV]:No message received in 1000 ms
03-22 02:42:59.361 645 659 I mpu_uart: [MSG-P:R]:recv sync frame timeout
03-22 02:42:59.427 1237 1237 W cnss_diag: type=1400 audit(0.0:402): avc: denied { getattr } for path="/data/vendor/wifi/wlan_logs" dev="dm-10" ino=384 scontext=u:r:vendor_wcnss_service:s0 tcontext=u:object_r:vendor_wifi_vendor_log_data_file:s0 tclass=dir permissive=0
03-22 02:42:59.427 1237 1237 W cnss_diag: type=1400 audit(0.0:403): avc: denied { read } for name="wlan_logs" dev="dm-10" ino=384 scontext=u:r:vendor_wcnss_service:s0 tcontext=u:object_r:vendor_wifi_vendor_log_data_file:s0 tclass=dir permissive=0
03-22 02:42:59.427 1237 1237 W cnss_diag: type=1400 audit(0.0:404): avc: denied { search } for name="wlan_logs" dev="dm-10" ino=384 scontext=u:r:vendor_wcnss_service:s0 tcontext=u:object_r:vendor_wifi_vendor_log_data_file:s0 tclass=dir permissive=0
03-22 02:42:59.432 1237 1237 I CNSS : cnss_open_log_file: create directory /data/vendor/wifi/wlan_logs/ ret = -1 errno= 17
03-22 02:42:59.432 1237 1237 I CNSS : failed to open file a+ mode or file size 0 is less than max_file_size 31457280
03-22 02:42:59.432 1237 1237 I CNSS : Failed to open file /data/vendor/wifi/wlan_logs/host_driver_logs_current.txt: 13
03-22 02:43:00.007 2002 2002 D KeyguardUpdateMonitor: received broadcast android.intent.action.TIME_TICK
03-22 02:43:00.008 2002 2002 D KeyguardUpdateMonitor: handleTimeUpdate
03-22 02:43:00.083 2757 2757 W hpplay-java: [main]:IPManager:getActiveNets invalid networkInfo:null
03-22 02:43:00.083 2757 2757 I hpplay-java: [main]:IPManager:getActiveNets eth0:false wifi:false mobile:false ap:false
03-22 02:43:00.083 2757 2757 I hpplay-java: [main]:ServerTaskManager:get local ip:null
03-22 02:43:00.094 1268 3903 I OMX-VENC: venc_dev: stats: avg. fps 0.84, bitrate 5965
03-22 02:43:00.317 645 660 I mpu_uart: [MSG-P:RECV]:No message received in 1000 ms
01-01 08:01:47.433 0 0 E DTC_ETH,link_delay_work_func: 3003, SQI=0, link=0
03-22 02:43:01.085 2757 2757 W hpplay-java: [main]:IPManager:getActiveNets invalid networkInfo:null
03-22 02:43:01.085 2757 2757 I hpplay-java: [main]:IPManager:getActiveNets eth0:false wifi:false mobile:false ap:false
03-22 02:43:01.085 2757 2757 I hpplay-java: [main]:ServerTaskManager:get local ip:null
03-22 02:43:01.101 1268 3903 I OMX-VENC: venc_dev: stats: avg. fps 9.93, bitrate 91855
03-22 02:43:01.317 645 660 I mpu_uart: [MSG-P:RECV]:No message received in 1000 ms
03-22 02:43:01.919 2315 2315 D RemoteControlService: startVlanDispatchThread
03-22 02:43:02.087 2757 2757 W hpplay-java: [main]:IPManager:getActiveNets invalid networkInfo:null
03-22 02:43:02.087 2757 2757 I hpplay-java: [main]:IPManager:getActiveNets eth0:false wifi:false mobile:false ap:false
03-22 02:43:02.087 2757 2757 I hpplay-java: [main]:ServerTaskManager:get local ip:null
03-22 02:43:02.318 645 660 I mpu_uart: [MSG-P:RECV]:No message received in 1000 ms
03-22 02:43:02.365 645 659 I mpu_uart: [MSG-P:R]:recv sync frame timeout
03-22 02:43:02.427 1237 1237 W cnss_diag: type=1400 audit(0.0:405): avc: denied { getattr } for path="/data/vendor/wifi/wlan_logs" dev="dm-10" ino=384 scontext=u:r:vendor_wcnss_service:s0 tcontext=u:object_r:vendor_wifi_vendor_log_data_file:s0 tclass=dir permissive=0
03-22 02:43:02.427 1237 1237 W cnss_diag: type=1400 audit(0.0:406): avc: denied { read } for name="wlan_logs" dev="dm-10" ino=384 scontext=u:r:vendor_wcnss_service:s0 tcontext=u:object_r:vendor_wifi_vendor_log_data_file:s0 tclass=dir permissive=0
03-22 02:43:02.427 1237 1237 W cnss_diag: type=1400 audit(0.0:407): avc: denied { search } for name="wlan_logs" dev="dm-10" ino=384 scontext=u:r:vendor_wcnss_service:s0 tcontext=u:object_r:vendor_wifi_vendor_log_data_file:s0 tclass=dir permissive=0
03-22 02:43:02.432 1237 1237 I CNSS : cnss_open_log_file: create directory /data/vendor/wifi/wlan_logs/ ret = -1 errno= 17
03-22 02:43:02.433 1237 1237 I CNSS : failed to open file a+ mode or file size 0 is less than max_file_size 31457280
03-22 02:43:02.433 1237 1237 I CNSS : Failed to open file /data/vendor/wifi/wlan_logs/host_driver_logs_current.txt: 13
01-01 08:01:49.259 0 0 I msm_vidc: err : ffffffff: .....: DBLP Set: status 0
01-01 08:01:49.456 0 0 I init : starting service 'hht_ota_mgr_service'...
03-22 02:43:02.851 4055 4055 E vota : [3170b4f8]: [vota]: init: ..
03-22 02:43:02.852 4055 4055 E vota : [3170b4f8]: [vota]: [warning]: the java machine be not inited, please pass it to the tb_init function! at tb_android_init_env(): 43, src/vota/platform/android/android.c
03-22 02:43:02.852 4055 4055 E vota : [3170b4f8]: [vota]: version: tbox_v1_6_7_202302251411_arm64-v8a_elf by Android (8481493, based on r416183c2) Clang 12.0.9 (https://android.googlesource.com/toolchain/llvm-project c935d99d7cf2016289302412d708641d52d2f7ee)
03-22 02:43:02.852 4055 4055 E vota : [3170b4f8]: [vota]: init: ok
03-22 02:43:02.852 4055 4055 E vota : [3170b4f8]: [vota]: [scheduler]: start ..
03-22 02:43:02.852 4055 4055 E vota : [3170b4f8]: [vota]: [coroutine]: init 0x7e3013b158
03-22 02:43:02.852 4055 4055 E vota : [3170b4f8]: [vota]: [scheduler]: start ok
03-22 02:43:02.852 4055 4055 E vota : [3170b4f8]: [vota]: [scheduler]: switch to coroutine(0x7e3013b158) from coroutine(0x7e3021bca0)
03-22 02:43:02.852 4055 4055 E vota : [3170b4f8]: [vota]: [coroutine]: entry: 0x7e3013b158 stack: 0x7e3013b1b8 - 0x7e3017b1b8 from coroutine(0x7e3021bca0)
03-22 02:43:02.852 4055 4055 I hiphi_update_api: Hh_GetVersion calling ......
03-22 02:43:02.853 4055 4055 I hiphi_update_api: get version:01.00.C101_20230322_private_user素篰
03-22 02:43:02.853 4055 4055 I hiphi_update_api: Hh_GetVersion ret:0
03-22 02:43:02.897 4055 4055 E vota : [3170b4f8]: [vota]: [scheduler]: finish coroutine(0x7e3013b158)
03-22 02:43:02.897 4055 4055 E vota : [3170b4f8]: [vota]: [scheduler]: switch to original coroutine
03-22 02:43:02.897 4055 4055 E vota : [3170b4f8]: [vota]: [scheduler]: switch to coroutine(0x7e3021bca0) from coroutine(0x7e3013b158)
03-22 02:43:02.897 4055 4055 E vota : [3170b4f8]: [vota]: [scheduler]: [loop]: ready 0
03-22 02:43:02.897 4055 4055 E vota : [3170b4f8]: [vota]: [coroutine]: exit: 0x7e3013b158
03-22 02:43:02.897 4055 4055 E vota : [3170b4f8]: [vota]: [lock_profiler]:
03-22 02:43:02.897 4055 4055 E vota : [3170b4f8]: [vota]: [lock_profiler]: lock: 0xb400007bc705ead4, name: native_large_allocator, occupied: 0
03-22 02:43:02.897 4055 4055 E vota : [3170b4f8]: [vota]: [lock_profiler]: lock: 0xb400007bd704f7ac, name: allocator, occupied: 0
03-22 02:43:02.897 4055 4055 E vota : [3170b4f8]: [vota]: [small_allocator]:
03-22 02:43:02.897 4055 4055 E vota : [3170b4f8]: [vota]: [static_fixed_pool]: [16]: peak_size: 288, wast_rate: 4074/10000, pred_failed: 0, item_maxn: 245, free_count: 18, malloc_count: 18
03-22 02:43:02.897 4055 4055 E vota : [3170b4f8]: [vota]: [static_fixed_pool]: [96]: peak_size: 2208, wast_rate: 1028/10000, pred_failed: 0, item_maxn: 248, free_count: 23, malloc_count: 23
03-22 02:43:02.897 4055 4055 E vota : [3170b4f8]: [vota]: [static_fixed_pool]: [128]: peak_size: 9216, wast_rate: 791/10000, pred_failed: 0, item_maxn: 249, free_count: 72, malloc_count: 72
03-22 02:43:02.897 4055 4055 E vota : [3170b4f8]: [vota]: [static_fixed_pool]: [192]: peak_size: 2112, wast_rate: 541/10000, pred_failed: 0, item_maxn: 250, free_count: 11, malloc_count: 11
03-22 02:43:02.897 4055 4055 E vota : [3170b4f8]: [vota]: [static_fixed_pool]: [256]: peak_size: 256, wast_rate: 411/10000, pred_failed: 0, item_maxn: 251, free_count: 1, malloc_count: 1
03-22 02:43:02.897 4055 4055 E vota : [3170b4f8]: [vota]: [static_fixed_pool]: [384]: peak_size: 5376, wast_rate: 278/10000, pred_failed: 0, item_maxn: 252, free_count: 14, malloc_count: 14
03-22 02:43:02.897 4055 4055 E vota : [3170b4f8]: [vota]: [static_fixed_pool]: [512]: peak_size: 5632, wast_rate: 210/10000, pred_failed: 0, item_maxn: 253, free_count: 11, malloc_count: 11
03-22 02:43:02.897 4055 4055 E vota : [3170b4f8]: [vota]: [static_fixed_pool]: [1024]: peak_size: 2048, wast_rate: 106/10000, pred_failed: 0, item_maxn: 254, free_count: 2, malloc_count: 2
03-22 02:43:02.897 4055 4055 E vota : [3170b4f8]: [vota]: [native_large_allocator]:
03-22 02:43:02.897 4055 4055 E vota : [3170b4f8]: [vota]: [native_large_allocator]: peak_size: 3373986
03-22 02:43:02.897 4055 4055 E vota : [3170b4f8]: [vota]: [native_large_allocator]: wast_rate: 4/10000
03-22 02:43:02.897 4055 4055 E vota : [3170b4f8]: [vota]: [native_large_allocator]: free_count: 52
03-22 02:43:02.897 4055 4055 E vota : [3170b4f8]: [vota]: [native_large_allocator]: malloc_count: 52
03-22 02:43:02.897 4055 4055 E vota : [3170b4f8]: [vota]: [native_large_allocator]: ralloc_count: 0
03-22 02:43:02.897 4055 4055 E vota : [3170b4f8]: [vota]: exit: ok
03-22 02:43:02.891 4055 4055 W hht_ota_mgr: type=1400 audit(0.0:408): avc: denied { read append } for name="NvmSim_yy.dat" dev="dm-10" ino=391 scontext=u:r:hht_ota_mgr:s0 tcontext=u:object_r:system_data_file:s0 tclass=file permissive=0
01-01 08:01:49.553 0 0 I init : Service 'hht_ota_mgr_service' (pid 4055) exited with status 0
01-01 08:01:49.553 0 0 I init : Sending signal 9 to service 'hht_ota_mgr_service' (pid 4055) process group...
01-01 08:01:49.553 0 0 I libprocessgroup: Successfully killed process cgroup uid 0 pid 4055 in 0ms
03-22 02:43:03.089 2757 2757 W hpplay-java: [main]:IPManager:getActiveNets invalid networkInfo:null
03-22 02:43:03.089 2757 2757 I hpplay-java: [main]:IPManager:getActiveNets eth0:false wifi:false mobile:false ap:false
03-22 02:43:03.089 2757 2757 I hpplay-java: [main]:ServerTaskManager:get local ip:null
03-22 02:43:03.318 645 660 I mpu_uart: [MSG-P:RECV]:No message received in 1000 ms
03-22 02:43:03.666 1337 1453 E tlogd : [TzLogger](isPathReadable) file /sys/kernel/debug/tzdbg/qsee_log isn't exist or no permission, err: No such file or directory
03-22 02:43:03.666 1337 1453 E tlogd : [TzLogger](saveTzlogAsync) /sys/kernel/debug/tzdbg/qsee_log can not read.
03-22 02:43:03.666 1337 1453 E tlogd : [TzLogger](isPathReadable) file /sys/kernel/debug/tzdbg/log isn't exist or no permission, err: No such file or directory
03-22 02:43:03.666 1337 1453 E tlogd : [TzLogger](saveTzlogAsync) /sys/kernel/debug/tzdbg/log can not read.
03-22 02:43:04.091 2757 2757 W hpplay-java: [main]:IPManager:getActiveNets invalid networkInfo:null
03-22 02:43:04.091 2757 2757 I hpplay-java: [main]:IPManager:getActiveNets eth0:false wifi:false mobile:false ap:false
03-22 02:43:04.091 2757 2757 I hpplay-java: [main]:ServerTaskManager:get local ip:null
03-22 02:43:04.319 645 660 I mpu_uart: [MSG-P:RECV]:No message received in 1000 ms
03-22 02:43:05.094 2757 2757 W hpplay-java: [main]:IPManager:getActiveNets invalid networkInfo:null
03-22 02:43:05.094 2757 2757 I hpplay-java: [main]:IPManager:getActiveNets eth0:false wifi:false mobile:false ap:false
03-22 02:43:05.094 2757 2757 I hpplay-java: [main]:ServerTaskManager:get local ip:null
03-22 02:43:05.319 645 660 I mpu_uart: [MSG-P:RECV]:No message received in 1000 ms
03-22 02:43:05.368 645 659 I mpu_uart: [MSG-P:R]:recv sync frame timeout
03-22 02:43:05.427 1237 1237 W cnss_diag: type=1400 audit(0.0:409): avc: denied { getattr } for path="/data/vendor/wifi/wlan_logs" dev="dm-10" ino=384 scontext=u:r:vendor_wcnss_service:s0 tcontext=u:object_r:vendor_wifi_vendor_log_data_file:s0 tclass=dir permissive=0
03-22 02:43:05.427 1237 1237 W cnss_diag: type=1400 audit(0.0:410): avc: denied { read } for name="wlan_logs" dev="dm-10" ino=384 scontext=u:r:vendor_wcnss_service:s0 tcontext=u:object_r:vendor_wifi_vendor_log_data_file:s0 tclass=dir permissive=0
03-22 02:43:05.427 1237 1237 W cnss_diag: type=1400 audit(0.0:411): avc: denied { search } for name="wlan_logs" dev="dm-10" ino=384 scontext=u:r:vendor_wcnss_service:s0 tcontext=u:object_r:vendor_wifi_vendor_log_data_file:s0 tclass=dir permissive=0
03-22 02:43:05.433 1237 1237 I CNSS : cnss_open_log_file: create directory /data/vendor/wifi/wlan_logs/ ret = -1 errno= 17
03-22 02:43:05.433 1237 1237 I CNSS : failed to open file a+ mode or file size 0 is less than max_file_size 31457280
03-22 02:43:05.433 1237 1237 I CNSS : Failed to open file /data/vendor/wifi/wlan_logs/host_driver_logs_current.txt: 13
01-01 08:01:52.553 0 0 E DTC_ETH,link_delay_work_func: 3003, SQI=0, link=0
03-22 02:43:06.095 2757 2757 W hpplay-java: [main]:IPManager:getActiveNets invalid networkInfo:null
03-22 02:43:06.095 2757 2757 I hpplay-java: [main]:IPManager:getActiveNets eth0:false wifi:false mobile:false ap:false
03-22 02:43:06.095 2757 2757 I hpplay-java: [main]:ServerTaskManager:get local ip:null
03-22 02:43:06.320 645 660 I mpu_uart: [MSG-P:RECV]:No message received in 1000 ms
03-22 02:43:06.931 2315 2315 D RemoteControlService: startVlanDispatchThread
03-22 02:43:07.097 2757 2757 W hpplay-java: [main]:IPManager:getActiveNets invalid networkInfo:null
03-22 02:43:07.097 2757 2757 I hpplay-java: [main]:IPManager:getActiveNets eth0:false wifi:false mobile:false ap:false
03-22 02:43:07.097 2757 2757 I hpplay-java: [main]:ServerTaskManager:get local ip:null
03-22 02:43:07.320 645 660 I mpu_uart: [MSG-P:RECV]:No message received in 1000 ms
01-01 08:01:54.468 0 0 I init : starting service 'hht_ota_mgr_service'...
03-22 02:43:07.860 4056 4056 E vota : [232384f8]: [vota]: init: ..
03-22 02:43:07.860 4056 4056 E vota : [232384f8]: [vota]: [warning]: the java machine be not inited, please pass it to the tb_init function! at tb_android_init_env(): 43, src/vota/platform/android/android.c
03-22 02:43:07.861 4056 4056 E vota : [232384f8]: [vota]: version: tbox_v1_6_7_202302251411_arm64-v8a_elf by Android (8481493, based on r416183c2) Clang 12.0.9 (https://android.googlesource.com/toolchain/llvm-project c935d99d7cf2016289302412d708641d52d2f7ee)
03-22 02:43:07.861 4056 4056 E vota : [232384f8]: [vota]: init: ok
03-22 02:43:07.861 4056 4056 E vota : [232384f8]: [vota]: [scheduler]: start ..
03-22 02:43:07.861 4056 4056 E vota : [232384f8]: [vota]: [coroutine]: init 0x7321c48158
03-22 02:43:07.861 4056 4056 E vota : [232384f8]: [vota]: [scheduler]: start ok
03-22 02:43:07.861 4056 4056 E vota : [232384f8]: [vota]: [scheduler]: switch to coroutine(0x7321c48158) from coroutine(0x7321d48ca0)
03-22 02:43:07.861 4056 4056 E vota : [232384f8]: [vota]: [coroutine]: entry: 0x7321c48158 stack: 0x7321c481b8 - 0x7321c881b8 from coroutine(0x7321d48ca0)
03-22 02:43:07.861 4056 4056 I hiphi_update_api: Hh_GetVersion calling ......
03-22 02:43:07.861 4056 4056 I hiphi_update_api: get version:01.00.C101_20230322_private_user烁-`
03-22 02:43:07.861 4056 4056 I hiphi_update_api: Hh_GetVersion ret:0
03-22 02:43:07.905 4056 4056 E vota : [232384f8]: [vota]: [scheduler]: finish coroutine(0x7321c48158)
03-22 02:43:07.905 4056 4056 E vota : [232384f8]: [vota]: [scheduler]: switch to original coroutine
03-22 02:43:07.905 4056 4056 E vota : [232384f8]: [vota]: [scheduler]: switch to coroutine(0x7321d48ca0) from coroutine(0x7321c48158)
03-22 02:43:07.905 4056 4056 E vota : [232384f8]: [vota]: [scheduler]: [loop]: ready 0
03-22 02:43:07.905 4056 4056 E vota : [232384f8]: [vota]: [coroutine]: exit: 0x7321c48158
03-22 02:43:07.905 4056 4056 E vota : [232384f8]: [vota]: [lock_profiler]:
03-22 02:43:07.905 4056 4056 E vota : [232384f8]: [vota]: [lock_profiler]: lock: 0xb4000070ba35c894, name: native_large_allocator, occupied: 0
03-22 02:43:07.905 4056 4056 E vota : [232384f8]: [vota]: [lock_profiler]: lock: 0xb4000070ca36882c, name: allocator, occupied: 0
03-22 02:43:07.905 4056 4056 E vota : [232384f8]: [vota]: [small_allocator]:
03-22 02:43:07.905 4056 4056 E vota : [232384f8]: [vota]: [static_fixed_pool]: [16]: peak_size: 288, wast_rate: 4074/10000, pred_failed: 0, item_maxn: 245, free_count: 18, malloc_count: 18
03-22 02:43:07.905 4056 4056 E vota : [232384f8]: [vota]: [static_fixed_pool]: [96]: peak_size: 2208, wast_rate: 1028/10000, pred_failed: 0, item_maxn: 248, free_count: 23, malloc_count: 23
03-22 02:43:07.905 4056 4056 E vota : [232384f8]: [vota]: [static_fixed_pool]: [128]: peak_size: 9216, wast_rate: 791/10000, pred_failed: 0, item_maxn: 249, free_count: 72, malloc_count: 72
03-22 02:43:07.905 4056 4056 E vota : [232384f8]: [vota]: [static_fixed_pool]: [192]: peak_size: 2112, wast_rate: 541/10000, pred_failed: 0, item_maxn: 250, free_count: 11, malloc_count: 11
03-22 02:43:07.905 4056 4056 E vota : [232384f8]: [vota]: [static_fixed_pool]: [256]: peak_size: 256, wast_rate: 411/10000, pred_failed: 0, item_maxn: 251, free_count: 1, malloc_count: 1
03-22 02:43:07.905 4056 4056 E vota : [232384f8]: [vota]: [static_fixed_pool]: [384]: peak_size: 5376, wast_rate: 278/10000, pred_failed: 0, item_maxn: 252, free_count: 14, malloc_count: 14
03-22 02:43:07.905 4056 4056 E vota : [232384f8]: [vota]: [static_fixed_pool]: [512]: peak_size: 5632, wast_rate: 210/10000, pred_failed: 0, item_maxn: 253, free_count: 11, malloc_count: 11
03-22 02:43:07.905 4056 4056 E vota : [232384f8]: [vota]: [static_fixed_pool]: [1024]: peak_size: 2048, wast_rate: 106/10000, pred_failed: 0, item_maxn: 254, free_count: 2, malloc_count: 2
03-22 02:43:07.905 4056 4056 E vota : [232384f8]: [vota]: [native_large_allocator]:
03-22 02:43:07.905 4056 4056 E vota : [232384f8]: [vota]: [native_large_allocator]: peak_size: 3373986
03-22 02:43:07.905 4056 4056 E vota : [232384f8]: [vota]: [native_large_allocator]: wast_rate: 4/10000
03-22 02:43:07.905 4056 4056 E vota : [232384f8]: [vota]: [native_large_allocator]: free_count: 52
03-22 02:43:07.905 4056 4056 E vota : [232384f8]: [vota]: [native_large_allocator]: malloc_count: 52
03-22 02:43:07.905 4056 4056 E vota : [232384f8]: [vota]: [native_large_allocator]: ralloc_count: 0
03-22 02:43:07.905 4056 4056 E vota : [232384f8]: [vota]: exit: ok
03-22 02:43:07.899 4056 4056 W hht_ota_mgr: type=1400 audit(0.0:412): avc: denied { read append } for name="NvmSim_yy.dat" dev="dm-10" ino=391 scontext=u:r:hht_ota_mgr:s0 tcontext=u:object_r:system_data_file:s0 tclass=file permissive=0
01-01 08:01:54.561 0 0 I init : Service 'hht_ota_mgr_service' (pid 4056) exited with status 0
01-01 08:01:54.561 0 0 I init : Sending signal 9 to service 'hht_ota_mgr_service' (pid 4056) process group...
01-01 08:01:54.561 0 0 I libprocessgroup: Successfully killed process cgroup uid 0 pid 4056 in 0ms
03-22 02:43:08.100 2757 2757 W hpplay-java: [main]:IPManager:getActiveNets invalid networkInfo:null
03-22 02:43:08.100 2757 2757 I hpplay-java: [main]:IPManager:getActiveNets eth0:false wifi:false mobile:false ap:false
03-22 02:43:08.101 2757 2757 I hpplay-java: [main]:ServerTaskManager:get local ip:null
03-22 02:43:08.320 645 660 I mpu_uart: [MSG-P:RECV]:No message received in 1000 ms
03-22 02:43:08.371 645 659 I mpu_uart: [MSG-P:R]:recv sync frame timeout
03-22 02:43:08.434 1237 1237 I CNSS : cnss_open_log_file: create directory /data/vendor/wifi/wlan_logs/ ret = -1 errno= 17
03-22 02:43:08.431 1237 1237 W cnss_diag: type=1400 audit(0.0:413): avc: denied { getattr } for path="/data/vendor/wifi/wlan_logs" dev="dm-10" ino=384 scontext=u:r:vendor_wcnss_service:s0 tcontext=u:object_r:vendor_wifi_vendor_log_data_file:s0 tclass=dir permissive=0
03-22 02:43:08.431 1237 1237 W cnss_diag: type=1400 audit(0.0:414): avc: denied { read } for name="wlan_logs" dev="dm-10" ino=384 scontext=u:r:vendor_wcnss_service:s0 tcontext=u:object_r:vendor_wifi_vendor_log_data_file:s0 tclass=dir permissive=0
03-22 02:43:08.431 1237 1237 W cnss_diag: type=1400 audit(0.0:415): avc: denied { search } for name="wlan_logs" dev="dm-10" ino=384 scontext=u:r:vendor_wcnss_service:s0 tcontext=u:object_r:vendor_wifi_vendor_log_data_file:s0 tclass=dir permissive=0
03-22 02:43:08.434 1237 1237 I CNSS : Failed to open file /data/vendor/wifi/wlan_logs/host_driver_logs_current.txt: 13
03-22 02:43:08.666 1337 1453 E tlogd : [TzLogger](isPathReadable) file /sys/kernel/debug/tzdbg/qsee_log isn't exist or no permission, err: No such file or directory
03-22 02:43:08.666 1337 1453 E tlogd : [TzLogger](saveTzlogAsync) /sys/kernel/debug/tzdbg/qsee_log can not read.
03-22 02:43:08.667 1337 1453 E tlogd : [TzLogger](isPathReadable) file /sys/kernel/debug/tzdbg/log isn't exist or no permission, err: No such file or directory
03-22 02:43:08.667 1337 1453 E tlogd : [TzLogger](saveTzlogAsync) /sys/kernel/debug/tzdbg/log can not read.
03-22 02:43:09.103 2757 2757 W hpplay-java: [main]:IPManager:getActiveNets invalid networkInfo:null
03-22 02:43:09.103 2757 2757 I hpplay-java: [main]:IPManager:getActiveNets eth0:false wifi:false mobile:false ap:false
03-22 02:43:09.103 2757 2757 I hpplay-java: [main]:ServerTaskManager:get local ip:null
03-22 02:43:09.321 645 660 I mpu_uart: [MSG-P:RECV]:No message received in 1000 ms
03-22 02:43:10.105 2757 2757 W hpplay-java: [main]:IPManager:getActiveNets invalid networkInfo:null
03-22 02:43:10.105 2757 2757 I hpplay-java: [main]:IPManager:getActiveNets eth0:false wifi:false mobile:false ap:false
03-22 02:43:10.105 2757 2757 I hpplay-java: [main]:ServerTaskManager:get local ip:null
03-22 02:43:10.321 645 660 I mpu_uart: [MSG-P:RECV]:No message received in 1000 ms
01-01 08:01:57.673 0 0 E DTC_ETH,link_delay_work_func: 3003, SQI=0, link=0
03-22 02:43:11.107 2757 2757 W hpplay-java: [main]:IPManager:getActiveNets invalid networkInfo:null
03-22 02:43:11.107 2757 2757 I hpplay-java: [main]:IPManager:getActiveNets eth0:false wifi:false mobile:false ap:false
03-22 02:43:11.107 2757 2757 I hpplay-java: [main]:ServerTaskManager:get local ip:null
03-22 02:43:11.322 645 660 I mpu_uart: [MSG-P:RECV]:No message received in 1000 ms
03-22 02:43:11.375 645 659 I mpu_uart: [MSG-P:R]:recv sync frame timeout
03-22 02:43:11.431 1237 1237 W cnss_diag: type=1400 audit(0.0:416): avc: denied { getattr } for path="/data/vendor/wifi/wlan_logs" dev="dm-10" ino=384 scontext=u:r:vendor_wcnss_service:s0 tcontext=u:object_r:vendor_wifi_vendor_log_data_file:s0 tclass=dir permissive=0
03-22 02:43:11.431 1237 1237 W cnss_diag: type=1400 audit(0.0:417): avc: denied { read } for name="wlan_logs" dev="dm-10" ino=384 scontext=u:r:vendor_wcnss_service:s0 tcontext=u:object_r:vendor_wifi_vendor_log_data_file:s0 tclass=dir permissive=0
03-22 02:43:11.431 1237 1237 W cnss_diag: type=1400 audit(0.0:418): avc: denied { search } for name="wlan_logs" dev="dm-10" ino=384 scontext=u:r:vendor_wcnss_service:s0 tcontext=u:object_r:vendor_wifi_vendor_log_data_file:s0 tclass=dir permissive=0
03-22 02:43:11.435 1237 1237 I CNSS : cnss_open_log_file: create directory /data/vendor/wifi/wlan_logs/ ret = -1 errno= 17
03-22 02:43:11.435 1237 1237 I CNSS : failed to open file a+ mode or file size 0 is less than max_file_size 31457280
03-22 02:43:11.435 1237 1237 I CNSS : Failed to open file /data/vendor/wifi/wlan_logs/host_driver_logs_current.txt: 13
03-22 02:43:11.944 2315 2315 D RemoteControlService: startVlanDispatchThread
03-22 02:43:12.109 2757 2757 W hpplay-java: [main]:IPManager:getActiveNets invalid networkInfo:null
03-22 02:43:12.109 2757 2757 I hpplay-java: [main]:IPManager:getActiveNets eth0:false wifi:false mobile:false ap:false
03-22 02:43:12.109 2757 2757 I hpplay-java: [main]:ServerTaskManager:get local ip:null
03-22 02:43:12.322 645 660 I mpu_uart: [MSG-P:RECV]:No message received in 1000 ms
01-01 08:01:59.479 0 0 I init : starting service 'hht_ota_mgr_service'...
03-22 02:43:12.867 4057 4057 E vota : [3c26d4f8]: [vota]: init: ..
03-22 02:43:12.868 4057 4057 E vota : [3c26d4f8]: [vota]: [warning]: the java machine be not inited, please pass it to the tb_init function! at tb_android_init_env(): 43, src/vota/platform/android/android.c
03-22 02:43:12.868 4057 4057 E vota : [3c26d4f8]: [vota]: version: tbox_v1_6_7_202302251411_arm64-v8a_elf by Android (8481493, based on r416183c2) Clang 12.0.9 (https://android.googlesource.com/toolchain/llvm-project c935d99d7cf2016289302412d708641d52d2f7ee)
03-22 02:43:12.868 4057 4057 E vota : [3c26d4f8]: [vota]: init: ok
03-22 02:43:12.868 4057 4057 E vota : [3c26d4f8]: [vota]: [scheduler]: start ..
03-22 02:43:12.868 4057 4057 E vota : [3c26d4f8]: [vota]: [coroutine]: init 0x713ac8b158
03-22 02:43:12.868 4057 4057 E vota : [3c26d4f8]: [vota]: [scheduler]: start ok
03-22 02:43:12.869 4057 4057 E vota : [3c26d4f8]: [vota]: [scheduler]: switch to coroutine(0x713ac8b158) from coroutine(0x713ad7dca0)
03-22 02:43:12.869 4057 4057 E vota : [3c26d4f8]: [vota]: [coroutine]: entry: 0x713ac8b158 stack: 0x713ac8b1b8 - 0x713accb1b8 from coroutine(0x713ad7dca0)
03-22 02:43:12.869 4057 4057 I hiphi_update_api: Hh_GetVersion calling ......
03-22 02:43:12.869 4057 4057 I hiphi_update_api: get version:01.00.C101_20230322_private_user栓瑖V
03-22 02:43:12.869 4057 4057 I hiphi_update_api: Hh_GetVersion ret:0
03-22 02:43:12.913 4057 4057 E vota : [3c26d4f8]: [vota]: [scheduler]: finish coroutine(0x713ac8b158)
03-22 02:43:12.913 4057 4057 E vota : [3c26d4f8]: [vota]: [scheduler]: switch to original coroutine
03-22 02:43:12.913 4057 4057 E vota : [3c26d4f8]: [vota]: [scheduler]: switch to coroutine(0x713ad7dca0) from coroutine(0x713ac8b158)
03-22 02:43:12.913 4057 4057 E vota : [3c26d4f8]: [vota]: [scheduler]: [loop]: ready 0
03-22 02:43:12.913 4057 4057 E vota : [3c26d4f8]: [vota]: [coroutine]: exit: 0x713ac8b158
03-22 02:43:12.913 4057 4057 E vota : [3c26d4f8]: [vota]: [lock_profiler]:
03-22 02:43:12.913 4057 4057 E vota : [3c26d4f8]: [vota]: [lock_profiler]: lock: 0xb400006ecee07914, name: native_large_allocator, occupied: 0
03-22 02:43:12.913 4057 4057 E vota : [3c26d4f8]: [vota]: [lock_profiler]: lock: 0xb400006edee1090c, name: allocator, occupied: 0
03-22 02:43:12.913 4057 4057 E vota : [3c26d4f8]: [vota]: [small_allocator]:
03-22 02:43:12.913 4057 4057 E vota : [3c26d4f8]: [vota]: [static_fixed_pool]: [16]: peak_size: 288, wast_rate: 4074/10000, pred_failed: 0, item_maxn: 245, free_count: 18, malloc_count: 18
03-22 02:43:12.913 4057 4057 E vota : [3c26d4f8]: [vota]: [static_fixed_pool]: [96]: peak_size: 2208, wast_rate: 1028/10000, pred_failed: 0, item_maxn: 248, free_count: 23, malloc_count: 23
03-22 02:43:12.913 4057 4057 E vota : [3c26d4f8]: [vota]: [static_fixed_pool]: [128]: peak_size: 9216, wast_rate: 791/10000, pred_failed: 0, item_maxn: 249, free_count: 72, malloc_count: 72
03-22 02:43:12.913 4057 4057 E vota : [3c26d4f8]: [vota]: [static_fixed_pool]: [192]: peak_size: 2112, wast_rate: 541/10000, pred_failed: 0, item_maxn: 250, free_count: 11, malloc_count: 11
03-22 02:43:12.913 4057 4057 E vota : [3c26d4f8]: [vota]: [static_fixed_pool]: [256]: peak_size: 256, wast_rate: 411/10000, pred_failed: 0, item_maxn: 251, free_count: 1, malloc_count: 1
03-22 02:43:12.913 4057 4057 E vota : [3c26d4f8]: [vota]: [static_fixed_pool]: [384]: peak_size: 5376, wast_rate: 278/10000, pred_failed: 0, item_maxn: 252, free_count: 14, malloc_count: 14
03-22 02:43:12.913 4057 4057 E vota : [3c26d4f8]: [vota]: [static_fixed_pool]: [512]: peak_size: 5632, wast_rate: 210/10000, pred_failed: 0, item_maxn: 253, free_count: 11, malloc_count: 11
03-22 02:43:12.913 4057 4057 E vota : [3c26d4f8]: [vota]: [static_fixed_pool]: [1024]: peak_size: 2048, wast_rate: 106/10000, pred_failed: 0, item_maxn: 254, free_count: 2, malloc_count: 2
03-22 02:43:12.913 4057 4057 E vota : [3c26d4f8]: [vota]: [native_large_allocator]:
03-22 02:43:12.913 4057 4057 E vota : [3c26d4f8]: [vota]: [native_large_allocator]: peak_size: 3373986
03-22 02:43:12.913 4057 4057 E vota : [3c26d4f8]: [vota]: [native_large_allocator]: wast_rate: 4/10000
03-22 02:43:12.913 4057 4057 E vota : [3c26d4f8]: [vota]: [native_large_allocator]: free_count: 52
03-22 02:43:12.913 4057 4057 E vota : [3c26d4f8]: [vota]: [native_large_allocator]: malloc_count: 52
03-22 02:43:12.913 4057 4057 E vota : [3c26d4f8]: [vota]: [native_large_allocator]: ralloc_count: 0
03-22 02:43:12.913 4057 4057 E vota : [3c26d4f8]: [vota]: exit: ok
03-22 02:43:12.907 4057 4057 W hht_ota_mgr: type=1400 audit(0.0:419): avc: denied { read append } for name="NvmSim_yy.dat" dev="dm-10" ino=391 scontext=u:r:hht_ota_mgr:s0 tcontext=u:object_r:system_data_file:s0 tclass=file permissive=0
01-01 08:01:59.569 0 0 I init : Service 'hht_ota_mgr_service' (pid 4057) exited with status 0
01-01 08:01:59.569 0 0 I init : Sending signal 9 to service 'hht_ota_mgr_service' (pid 4057) process group...
01-01 08:01:59.569 0 0 I libprocessgroup: Successfully killed process cgroup uid 0 pid 4057 in 0ms
03-22 02:43:13.112 2757 2757 W hpplay-java: [main]:IPManager:getActiveNets invalid networkInfo:null
03-22 02:43:13.112 2757 2757 I hpplay-java: [main]:IPManager:getActiveNets eth0:false wifi:false mobile:false ap:false
03-22 02:43:13.112 2757 2757 I hpplay-java: [main]:ServerTaskManager:get local ip:null
03-22 02:43:13.323 645 660 I mpu_uart: [MSG-P:RECV]:No message received in 1000 ms
03-22 02:43:13.667 1337 1453 E tlogd : [TzLogger](isPathReadable) file /sys/kernel/debug/tzdbg/qsee_log isn't exist or no permission, err: No such file or directory
03-22 02:43:13.667 1337 1453 E tlogd : [TzLogger](saveTzlogAsync) /sys/kernel/debug/tzdbg/qsee_log can not read.
03-22 02:43:13.667 1337 1453 E tlogd : [TzLogger](isPathReadable) file /sys/kernel/debug/tzdbg/log isn't exist or no permission, err: No such file or directory
03-22 02:43:13.667 1337 1453 E tlogd : [TzLogger](saveTzlogAsync) /sys/kernel/debug/tzdbg/log can not read.
03-22 02:43:14.115 2757 2757 W hpplay-java: [main]:IPManager:getActiveNets invalid networkInfo:null
03-22 02:43:14.115 2757 2757 I hpplay-java: [main]:IPManager:getActiveNets eth0:false wifi:false mobile:false ap:false
03-22 02:43:14.115 2757 2757 I hpplay-java: [main]:ServerTaskManager:get local ip:null
03-22 02:43:14.323 645 660 I mpu_uart: [MSG-P:RECV]:No message received in 1000 ms
03-22 02:43:14.378 645 659 I mpu_uart: [MSG-P:R]:recv sync frame timeout
03-22 02:43:14.431 1237 1237 W cnss_diag: type=1400 audit(0.0:420): avc: denied { getattr } for path="/data/vendor/wifi/wlan_logs" dev="dm-10" ino=384 scontext=u:r:vendor_wcnss_service:s0 tcontext=u:object_r:vendor_wifi_vendor_log_data_file:s0 tclass=dir permissive=0
03-22 02:43:14.435 1237 1237 I CNSS : cnss_open_log_file: create directory /data/vendor/wifi/wlan_logs/ ret = -1 errno= 17
03-22 02:43:14.436 1237 1237 I CNSS : failed to open file a+ mode or file size 0 is less than max_file_size 31457280
03-22 02:43:14.436 1237 1237 I CNSS : Failed to open file /data/vendor/wifi/wlan_logs/host_driver_logs_current.txt: 13
03-22 02:43:14.431 1237 1237 W cnss_diag: type=1400 audit(0.0:422): avc: denied { search } for name="wlan_logs" dev="dm-10" ino=384 scontext=u:r:vendor_wcnss_service:s0 tcontext=u:object_r:vendor_wifi_vendor_log_data_file:s0 tclass=dir permissive=0
03-22 02:43:15.117 2757 2757 W hpplay-java: [main]:IPManager:getActiveNets invalid networkInfo:null
03-22 02:43:15.117 2757 2757 I hpplay-java: [main]:IPManager:getActiveNets eth0:false wifi:false mobile:false ap:false
03-22 02:43:15.117 2757 2757 I hpplay-java: [main]:ServerTaskManager:get local ip:null
03-22 02:43:15.323 645 660 I mpu_uart: [MSG-P:RECV]:No message received in 1000 ms
03-22 02:43:15.902 1206 1836 E WifiScoringParams: Invalid frequency(-1), using 5G as default rssi array
03-22 02:43:15.917 1351 3356 D LOWI-9.0.0.87.a: [LOWI-Scan] wait_event:Wait done with Cmd 33
03-22 02:43:15.917 1351 3356 D LOWI-9.0.0.87.a: [LOWI-Scan] do_listen_events: Rcvd valid Netlink Cmd 0 Err 0
01-01 08:02:02.620 0 0 I [schedu][0x8c5436c5][02:43:15.966083] wlan: [3335:I:OSIF] scan start scan id 40963
03-22 02:43:16.119 2757 2757 W hpplay-java: [main]:IPManager:getActiveNets invalid networkInfo:null
03-22 02:43:16.119 2757 2757 I hpplay-java: [main]:IPManager:getActiveNets eth0:false wifi:false mobile:false ap:false
03-22 02:43:16.119 2757 2757 I hpplay-java: [main]:ServerTaskManager:get local ip:null
01-01 08:02:02.793 0 0 E DTC_ETH,link_delay_work_func: 3003, SQI=0, link=0
03-22 02:43:16.324 645 660 I mpu_uart: [MSG-P:RECV]:No message received in 1000 ms
03-22 02:43:16.948 2315 2315 D RemoteControlService: startVlanDispatchThread
03-22 02:43:17.121 2757 2757 W hpplay-java: [main]:IPManager:getActiveNets invalid networkInfo:null
03-22 02:43:17.122 2757 2757 I hpplay-java: [main]:IPManager:getActiveNets eth0:false wifi:false mobile:false ap:false
03-22 02:43:17.122 2757 2757 I hpplay-java: [main]:ServerTaskManager:get local ip:null
03-22 02:43:17.131 1351 3356 D LOWI-9.0.0.87.a: [LOWI-Scan] wait_event:Wait done with Cmd 34
03-22 02:43:17.131 1351 3356 D LOWI-9.0.0.87.a: [LOWI-Scan] do_listen_events: Rcvd valid Netlink Cmd 34 Err 0
03-22 02:43:17.133 1206 3056 D WifiNl80211Manager: Scan result ready event
03-22 02:43:17.133 1351 3356 D LOWI-9.0.0.87.a: [LOWI-Scan]
03-22 02:43:17.133 1206 3056 D WifiNative: Scan result ready event
03-22 02:43:17.133 1351 3356 D LOWI-9.0.0.87.a: [LOWI-Scan] print_bss_handler: Report Probe TSF 119904252 as it greater than Beacon TSF 119881198
03-22 02:43:17.133 1351 3356 D LOWI-9.0.0.87.a: [LOWI-Scan] decode_rsn_wpa_ie: LOWI_ENCRYPTION_TYPE_WPA_PSK
03-22 02:43:17.133 1351 3356 D LOWI-9.0.0.87.a: [LOWI-Scan] is_qcom_ie, bss_age: 0
03-22 02:43:17.133 1351 3356 D LOWI-9.0.0.87.a: [LOWI-Scan] BSS d4:5d:64:95:80:74 LOWI_PHY_MODE_11AC_VHT80(10), Beacon Interval: 100, LOWI_ENCRYPTION_TYPE_WPA_PSK 11mcRanging: No, ANQP: Yes, LCI: No, Civic: No, capability(0x1111): ESS Privacy SpectrumMgmt
03-22 02:43:17.133 1351 3356 D LOWI-9.0.0.87.a: [LOWI-Scan] BSS d4:5d:64:95:80:74 FREQ: 5180, cFreq1[40:80:160] = [5190:5210:0] cFreq2 = 0 Country Code = CN
03-22 02:43:17.133 1351 3356 D LOWI-9.0.0.87.a: [LOWI-Scan] BSS d4:5d:64:95:80:74 (wlan0) ASSO: NO AddInfo: 0x0, TSF 0, 00:01:59.904, RSSI: -164, CPL: 127, AGE: 1120, SSID ASUS_5G, TSFDelta: 0x2bc03491, TXRate: 0
03-22 02:43:17.133 1351 3356 D LOWI-9.0.0.87.a: [LOWI-Scan]
03-22 02:43:17.133 1351 3356 D LOWI-9.0.0.87.a: [LOWI-Scan] print_bss_handler: Report Probe TSF 119968327 as it greater than Beacon TSF 49922022
03-22 02:43:17.133 1351 3356 D LOWI-9.0.0.87.a: [LOWI-Scan] decode_rsn_wpa_ie: LOWI_ENCRYPTION_TYPE_WPA_PSK
03-22 02:43:17.133 1351 3356 D LOWI-9.0.0.87.a: [LOWI-Scan] is_qcom_ie, bss_age: 0
03-22 02:43:17.133 1351 3356 D LOWI-9.0.0.87.a: [LOWI-Scan] BSS 7c:b5:9b:6b:a4:33 LOWI_PHY_MODE_11AC_VHT80(10), Beacon Interval: 100, LOWI_ENCRYPTION_TYPE_WPA_PSK 11mcRanging: No, ANQP: Yes, LCI: No, Civic: No, capability(0x1411): ESS Privacy ShortSlotTime
03-22 02:43:17.133 1351 3356 D LOWI-9.0.0.87.a: [LOWI-Scan] BSS 7c:b5:9b:6b:a4:33 FREQ: 5200, cFreq1[40:80:160] = [5190:5210:0] cFreq2 = 0 Country Code = CN
03-22 02:43:17.133 1351 3356 D LOWI-9.0.0.87.a: [LOWI-Scan] BSS 7c:b5:9b:6b:a4:33 (wlan0) ASSO: NO AddInfo: 0x0, TSF 0, 00:01:59.968, RSSI: -146, CPL: 127, AGE: 1056, SSID testzz5g, TSFDelta: 0x6cfdc6a1, TXRate: 0
03-22 02:43:17.133 1351 3356 D LOWI-9.0.0.87.a: [LOWI-Scan]
03-22 02:43:17.133 1351 3356 D LOWI-9.0.0.87.a: [LOWI-Scan] print_bss_handler: Report Probe TSF 120000236 as it greater than Beacon TSF 0
03-22 02:43:17.134 1351 3356 D LOWI-9.0.0.87.a: [LOWI-Scan] decode_rsn_wpa_ie: LOWI_ENCRYPTION_TYPE_WPA_PSK
03-22 02:43:17.134 1351 3356 D LOWI-9.0.0.87.a: [LOWI-Scan] is_qcom_ie, bss_age: 0
03-22 02:43:17.134 1351 3356 D LOWI-9.0.0.87.a: [LOWI-Scan] BSS d0:ee:07:50:44:8a LOWI_PHY_MODE_11AC_VHT20(8), Beacon Interval: 100, LOWI_ENCRYPTION_TYPE_WPA_PSK 11mcRanging: No, ANQP: No, LCI: No, Civic: No, capability(0x0031): ESS Privacy ShortPreamble
03-22 02:43:17.134 1351 3356 D LOWI-9.0.0.87.a: [LOWI-Scan] BSS d0:ee:07:50:44:8a FREQ: 5220, cFreq1[40:80:160] = [0:0:0] cFreq2 = 0 Country Code = CN
03-22 02:43:17.134 1351 3356 D LOWI-9.0.0.87.a: [LOWI-Scan] BSS d0:ee:07:50:44:8a (wlan0) ASSO: NO AddInfo: 0x0, TSF 0, 00:02:00.000, RSSI: -148, CPL: 127, AGE: 1024, SSID HiWiFi_50448A_5G, TSFDelta: 0xc40ad6ce, TXRate: 0
01-01 08:02:03.785 0 0 I [schedu][0x8da98be5][02:43:17.131165] wlan: [3335:I:OSIF] vdev 0, scan id 40963 type COMPLETED(1) reason COMPLETED(1) scan found 17 bss
03-22 02:43:17.134 1351 3356 D LOWI-9.0.0.87.a: [LOWI-Scan]
03-22 02:43:17.134 1351 3356 D LOWI-9.0.0.87.a: [LOWI-Scan] print_bss_handler: Report Probe TSF 120123667 as it greater than Beacon TSF 0
03-22 02:43:17.134 1351 3356 D LOWI-9.0.0.87.a: [LOWI-Scan] decode_rsn_wpa_ie: LOWI_ENCRYPTION_TYPE_WPA_PSK
03-22 02:43:17.134 1351 3356 D LOWI-9.0.0.87.a: [LOWI-Scan] is_qcom_ie, bss_age: 0
03-22 02:43:17.134 1351 3356 D LOWI-9.0.0.87.a: [LOWI-Scan] BSS f4:84:8d:21:25:a9 LOWI_PHY_MODE_11AC_VHT80(10), Beacon Interval: 100, LOWI_ENCRYPTION_TYPE_WPA_PSK 11mcRanging: No, ANQP: No, LCI: No, Civic: No, capability(0x1011): ESS Privacy
03-22 02:43:17.134 1351 3356 D LOWI-9.0.0.87.a: [LOWI-Scan] BSS f4:84:8d:21:25:a9 FREQ: 5765, cFreq1[40:80:160] = [5755:5775:0] cFreq2 = 0 Country Code = CN
03-22 02:43:17.134 1351 3356 D LOWI-9.0.0.87.a: [LOWI-Scan] BSS f4:84:8d:21:25:a9 (wlan0) ASSO: NO AddInfo: 0x0, TSF 0, 00:02:00.123, RSSI: -168, CPL: 127, AGE: 904, SSID hht, TSFDelta: 0x53925f29, TXRate: 0
03-22 02:43:17.134 1351 3356 D LOWI-9.0.0.87.a: [LOWI-Scan]
03-22 02:43:17.134 1351 3356 D LOWI-9.0.0.87.a: [LOWI-Scan] print_bss_handler: Report Probe TSF 120538413 as it greater than Beacon TSF 50465911
03-22 02:43:17.134 1351 3356 D LOWI-9.0.0.87.a: [LOWI-Scan] decode_rsn_wpa_ie: LOWI_ENCRYPTION_TYPE_WPA_PSK
03-22 02:43:17.134 1351 3356 D LOWI-9.0.0.87.a: [LOWI-Scan] is_qcom_ie, bss_age: 0
03-22 02:43:17.134 1351 3356 D LOWI-9.0.0.87.a: [LOWI-Scan] BSS 18:6f:2d:0a:ae:10 LOWI_PHY_MODE_11AC_VHT20(8), Beacon Interval: 100, LOWI_ENCRYPTION_TYPE_WPA_PSK 11mcRanging: No, ANQP: No, LCI: No, Civic: No, capability(0x0111): ESS Privacy SpectrumMgmt
03-22 02:43:17.134 1351 3356 D LOWI-9.0.0.87.a: [LOWI-Scan] BSS 18:6f:2d:0a:ae:10 FREQ: 5280, cFreq1[40:80:160] = [5280:0:0] cFreq2 = 0 Country Code = CN
03-22 02:43:17.134 1351 3356 D LOWI-9.0.0.87.a: [LOWI-Scan] BSS 18:6f:2d:0a:ae:10 (wlan0) ASSO: NO AddInfo: 0x0, TSF 0, 00:02:00.538, RSSI: -176, CPL: 127, AGE: 488, SSID Testing , TSFDelta: 0xc208f4d5, TXRate: 0
