03-22 02:42:23.419 1237 1237 W cnss_diag: type=1400 audit(0.0:357): avc: denied { search } for name="wlan_logs" dev="dm-10" ino=384 scontext=u:r:vendor_wcnss_service:s0 tcontext=u:object_r:vendor_wifi_vendor_log_data_file:s0 tclass=dir permissive=0
03-22 02:42:23.559 1255 1319 I selfinstaller: create socket failed: Network is unreachable 101
03-22 02:42:23.660 1337 1453 E tlogd : [TzLogger](isPathReadable) file /sys/kernel/debug/tzdbg/qsee_log isn't exist or no permission, err: No such file or directory
03-22 02:42:23.660 1337 1453 E tlogd : [TzLogger](saveTzlogAsync) /sys/kernel/debug/tzdbg/qsee_log can not read.
03-22 02:42:23.660 1337 1453 E tlogd : [TzLogger](isPathReadable) file /sys/kernel/debug/tzdbg/log isn't exist or no permission, err: No such file or directory
03-22 02:42:23.660 1337 1453 E tlogd : [TzLogger](saveTzlogAsync) /sys/kernel/debug/tzdbg/log can not read.
03-22 02:42:23.996 2757 2757 W hpplay-java: [main]:IPManager:getActiveNets invalid networkInfo:null
03-22 02:42:23.996 2757 2757 I hpplay-java: [main]:IPManager:getActiveNets eth0:false wifi:false mobile:false ap:false
03-22 02:42:23.996 2757 2757 I hpplay-java: [main]:ServerTaskManager:get local ip:null
03-22 02:42:24.303 645 660 I mpu_uart: [MSG-P:RECV]:No message received in 1000 ms
01-01 08:01:11.593 0 0 E DTC_ETH,link_delay_work_func: 3003, SQI=0, link=0
03-22 02:42:24.998 2757 2757 W hpplay-java: [main]:IPManager:getActiveNets invalid networkInfo:null
03-22 02:42:24.998 2757 2757 I hpplay-java: [main]:IPManager:getActiveNets eth0:false wifi:false mobile:false ap:false
03-22 02:42:24.998 2757 2757 I hpplay-java: [main]:ServerTaskManager:get local ip:null
03-22 02:42:25.303 645 660 I mpu_uart: [MSG-P:RECV]:No message received in 1000 ms
03-22 02:42:26.000 2757 2757 W hpplay-java: [main]:IPManager:getActiveNets invalid networkInfo:null
03-22 02:42:26.000 2757 2757 I hpplay-java: [main]:IPManager:getActiveNets eth0:false wifi:false mobile:false ap:false
03-22 02:42:26.000 2757 2757 I hpplay-java: [main]:ServerTaskManager:get local ip:null
03-22 02:42:26.012 1206 1534 D CompatibilityChangeReporter: Compat change id reported: 168419799; UID 10096; state: DISABLED
03-22 02:42:26.013 1206 1534 D CompatibilityInfo: mCompatibilityFlags - 4
03-22 02:42:26.013 1206 1534 D CompatibilityInfo: applicationDensity - 240
03-22 02:42:26.013 1206 1534 D CompatibilityInfo: applicationScale - 1.0
03-22 02:42:26.021 3502 3868 I PermissionControllerServiceImpl: Updating user sensitive for user 0
03-22 02:42:26.304 645 660 I mpu_uart: [MSG-P:RECV]:No message received in 1000 ms
03-22 02:42:26.331 645 659 I mpu_uart: [MSG-P:R]:recv sync frame timeout
03-22 02:42:26.424 1237 1237 I CNSS : cnss_open_log_file: create directory /data/vendor/wifi/wlan_logs/ ret = -1 errno= 17
03-22 02:42:26.424 1237 1237 I CNSS : failed to open file a+ mode or file size 0 is less than max_file_size 31457280
03-22 02:42:26.424 1237 1237 I CNSS : Failed to open file /data/vendor/wifi/wlan_logs/host_driver_logs_current.txt: 13
03-22 02:42:26.419 1237 1237 W cnss_diag: type=1400 audit(0.0:358): avc: denied { getattr } for path="/data/vendor/wifi/wlan_logs" dev="dm-10" ino=384 scontext=u:r:vendor_wcnss_service:s0 tcontext=u:object_r:vendor_wifi_vendor_log_data_file:s0 tclass=dir permissive=0
03-22 02:42:26.419 1237 1237 W cnss_diag: type=1400 audit(0.0:359): avc: denied { read } for name="wlan_logs" dev="dm-10" ino=384 scontext=u:r:vendor_wcnss_service:s0 tcontext=u:object_r:vendor_wifi_vendor_log_data_file:s0 tclass=dir permissive=0
03-22 02:42:26.419 1237 1237 W cnss_diag: type=1400 audit(0.0:360): avc: denied { search } for name="wlan_logs" dev="dm-10" ino=384 scontext=u:r:vendor_wcnss_service:s0 tcontext=u:object_r:vendor_wifi_vendor_log_data_file:s0 tclass=dir permissive=0
03-22 02:42:26.833 2315 2315 D RemoteControlService: startVlanDispatchThread
03-22 02:42:27.003 2757 2757 W hpplay-java: [main]:IPManager:getActiveNets invalid networkInfo:null
03-22 02:42:27.003 2757 2757 I hpplay-java: [main]:IPManager:getActiveNets eth0:false wifi:false mobile:false ap:false
03-22 02:42:27.003 2757 2757 I hpplay-java: [main]:ServerTaskManager:get local ip:null
03-22 02:42:27.304 645 660 I mpu_uart: [MSG-P:RECV]:No message received in 1000 ms
01-01 08:01:14.394 0 0 I init : starting service 'hht_ota_mgr_service'...
03-22 02:42:27.780 3877 3877 E vota : [a359f4f8]: [vota]: init: ..
03-22 02:42:27.781 3877 3877 E vota : [a359f4f8]: [vota]: [warning]: the java machine be not inited, please pass it to the tb_init function! at tb_android_init_env(): 43, src/vota/platform/android/android.c
03-22 02:42:27.781 3877 3877 E vota : [a359f4f8]: [vota]: version: tbox_v1_6_7_202302251411_arm64-v8a_elf by Android (8481493, based on r416183c2) Clang 12.0.9 (https://android.googlesource.com/toolchain/llvm-project c935d99d7cf2016289302412d708641d52d2f7ee)
03-22 02:42:27.781 3877 3877 E vota : [a359f4f8]: [vota]: init: ok
03-22 02:42:27.781 3877 3877 E vota : [a359f4f8]: [vota]: [scheduler]: start ..
03-22 02:42:27.781 3877 3877 E vota : [a359f4f8]: [vota]: [coroutine]: init 0x72a1fd6158
03-22 02:42:27.781 3877 3877 E vota : [a359f4f8]: [vota]: [scheduler]: start ok
03-22 02:42:27.781 3877 3877 E vota : [a359f4f8]: [vota]: [scheduler]: switch to coroutine(0x72a1fd6158) from coroutine(0x72a20afca0)
03-22 02:42:27.781 3877 3877 E vota : [a359f4f8]: [vota]: [coroutine]: entry: 0x72a1fd6158 stack: 0x72a1fd61b8 - 0x72a20161b8 from coroutine(0x72a20afca0)
03-22 02:42:27.782 3877 3877 I hiphi_update_api: Hh_GetVersion calling ......
03-22 02:42:27.782 3877 3877 I hiphi_update_api: get version:01.00.C101_20230322_private_user薠眉a
03-22 02:42:27.782 3877 3877 I hiphi_update_api: Hh_GetVersion ret:0
03-22 02:42:27.826 3877 3877 E vota : [a359f4f8]: [vota]: [scheduler]: finish coroutine(0x72a1fd6158)
03-22 02:42:27.826 3877 3877 E vota : [a359f4f8]: [vota]: [scheduler]: switch to original coroutine
03-22 02:42:27.826 3877 3877 E vota : [a359f4f8]: [vota]: [scheduler]: switch to coroutine(0x72a20afca0) from coroutine(0x72a1fd6158)
03-22 02:42:27.826 3877 3877 E vota : [a359f4f8]: [vota]: [scheduler]: [loop]: ready 0
03-22 02:42:27.826 3877 3877 E vota : [a359f4f8]: [vota]: [coroutine]: exit: 0x72a1fd6158
03-22 02:42:27.826 3877 3877 E vota : [a359f4f8]: [vota]: [lock_profiler]:
03-22 02:42:27.826 3877 3877 E vota : [a359f4f8]: [vota]: [lock_profiler]: lock: 0xb40000704a232f0c, name: allocator, occupied: 0
03-22 02:42:27.826 3877 3877 E vota : [a359f4f8]: [vota]: [lock_profiler]: lock: 0xb40000703a236854, name: native_large_allocator, occupied: 0
03-22 02:42:27.826 3877 3877 E vota : [a359f4f8]: [vota]: [small_allocator]:
03-22 02:42:27.826 3877 3877 E vota : [a359f4f8]: [vota]: [static_fixed_pool]: [16]: peak_size: 288, wast_rate: 4074/10000, pred_failed: 0, item_maxn: 245, free_count: 18, malloc_count: 18
03-22 02:42:27.826 3877 3877 E vota : [a359f4f8]: [vota]: [static_fixed_pool]: [96]: peak_size: 2208, wast_rate: 1028/10000, pred_failed: 0, item_maxn: 248, free_count: 23, malloc_count: 23
03-22 02:42:27.826 3877 3877 E vota : [a359f4f8]: [vota]: [static_fixed_pool]: [128]: peak_size: 9216, wast_rate: 791/10000, pred_failed: 0, item_maxn: 249, free_count: 72, malloc_count: 72
03-22 02:42:27.819 3877 3877 W hht_ota_mgr: type=1400 audit(0.0:361): avc: denied { read append } for name="NvmSim_yy.dat" dev="dm-10" ino=391 scontext=u:r:hht_ota_mgr:s0 tcontext=u:object_r:system_data_file:s0 tclass=file permissive=0
03-22 02:42:27.826 3877 3877 E vota : [a359f4f8]: [vota]: [static_fixed_pool]: [192]: peak_size: 2112, wast_rate: 541/10000, pred_failed: 0, item_maxn: 250, free_count: 11, malloc_count: 11
03-22 02:42:27.826 3877 3877 E vota : [a359f4f8]: [vota]: [static_fixed_pool]: [256]: peak_size: 256, wast_rate: 411/10000, pred_failed: 0, item_maxn: 251, free_count: 1, malloc_count: 1
03-22 02:42:27.826 3877 3877 E vota : [a359f4f8]: [vota]: [static_fixed_pool]: [384]: peak_size: 5376, wast_rate: 278/10000, pred_failed: 0, item_maxn: 252, free_count: 14, malloc_count: 14
03-22 02:42:27.826 3877 3877 E vota : [a359f4f8]: [vota]: [static_fixed_pool]: [512]: peak_size: 5632, wast_rate: 210/10000, pred_failed: 0, item_maxn: 253, free_count: 11, malloc_count: 11
03-22 02:42:27.826 3877 3877 E vota : [a359f4f8]: [vota]: [static_fixed_pool]: [1024]: peak_size: 2048, wast_rate: 106/10000, pred_failed: 0, item_maxn: 254, free_count: 2, malloc_count: 2
03-22 02:42:27.826 3877 3877 E vota : [a359f4f8]: [vota]: [native_large_allocator]:
03-22 02:42:27.826 3877 3877 E vota : [a359f4f8]: [vota]: [native_large_allocator]: peak_size: 3373986
03-22 02:42:27.826 3877 3877 E vota : [a359f4f8]: [vota]: [native_large_allocator]: wast_rate: 4/10000
03-22 02:42:27.826 3877 3877 E vota : [a359f4f8]: [vota]: [native_large_allocator]: free_count: 52
03-22 02:42:27.826 3877 3877 E vota : [a359f4f8]: [vota]: [native_large_allocator]: malloc_count: 52
03-22 02:42:27.826 3877 3877 E vota : [a359f4f8]: [vota]: [native_large_allocator]: ralloc_count: 0
03-22 02:42:27.826 3877 3877 E vota : [a359f4f8]: [vota]: exit: ok
01-01 08:01:14.482 0 0 I init : Service 'hht_ota_mgr_service' (pid 3877) exited with status 0
01-01 08:01:14.482 0 0 I init : Sending signal 9 to service 'hht_ota_mgr_service' (pid 3877) process group...
01-01 08:01:14.482 0 0 I libprocessgroup: Successfully killed process cgroup uid 0 pid 3877 in 0ms
03-22 02:42:28.006 2757 2757 W hpplay-java: [main]:IPManager:getActiveNets invalid networkInfo:null
03-22 02:42:28.007 2757 2757 I hpplay-java: [main]:IPManager:getActiveNets eth0:false wifi:false mobile:false ap:false
03-22 02:42:28.007 2757 2757 I hpplay-java: [main]:ServerTaskManager:get local ip:null
03-22 02:42:28.304 645 660 I mpu_uart: [MSG-P:RECV]:No message received in 1000 ms
03-22 02:42:28.661 1337 1453 E tlogd : [TzLogger](isPathReadable) file /sys/kernel/debug/tzdbg/qsee_log isn't exist or no permission, err: No such file or directory
03-22 02:42:28.661 1337 1453 E tlogd : [TzLogger](saveTzlogAsync) /sys/kernel/debug/tzdbg/qsee_log can not read.
03-22 02:42:28.661 1337 1453 E tlogd : [TzLogger](isPathReadable) file /sys/kernel/debug/tzdbg/log isn't exist or no permission, err: No such file or directory
03-22 02:42:28.661 1337 1453 E tlogd : [TzLogger](saveTzlogAsync) /sys/kernel/debug/tzdbg/log can not read.
03-22 02:42:29.009 2757 2757 W hpplay-java: [main]:IPManager:getActiveNets invalid networkInfo:null
03-22 02:42:29.009 2757 2757 I hpplay-java: [main]:IPManager:getActiveNets eth0:false wifi:false mobile:false ap:false
03-22 02:42:29.009 2757 2757 I hpplay-java: [main]:ServerTaskManager:get local ip:null
03-22 02:42:29.305 645 660 I mpu_uart: [MSG-P:RECV]:No message received in 1000 ms
03-22 02:42:29.332 645 659 I mpu_uart: [MSG-P:R]:recv sync frame timeout
03-22 02:42:29.424 1237 1237 I CNSS : cnss_open_log_file: create directory /data/vendor/wifi/wlan_logs/ ret = -1 errno= 17
03-22 02:42:29.425 1237 1237 I CNSS : failed to open file a+ mode or file size 0 is less than max_file_size 31457280
03-22 02:42:29.425 1237 1237 I CNSS : Failed to open file /data/vendor/wifi/wlan_logs/host_driver_logs_current.txt: 13
03-22 02:42:29.419 1237 1237 W cnss_diag: type=1400 audit(0.0:362): avc: denied { getattr } for path="/data/vendor/wifi/wlan_logs" dev="dm-10" ino=384 scontext=u:r:vendor_wcnss_service:s0 tcontext=u:object_r:vendor_wifi_vendor_log_data_file:s0 tclass=dir permissive=0
03-22 02:42:29.419 1237 1237 W cnss_diag: type=1400 audit(0.0:363): avc: denied { read } for name="wlan_logs" dev="dm-10" ino=384 scontext=u:r:vendor_wcnss_service:s0 tcontext=u:object_r:vendor_wifi_vendor_log_data_file:s0 tclass=dir permissive=0
03-22 02:42:29.419 1237 1237 W cnss_diag: type=1400 audit(0.0:364): avc: denied { search } for name="wlan_logs" dev="dm-10" ino=384 scontext=u:r:vendor_wcnss_service:s0 tcontext=u:object_r:vendor_wifi_vendor_log_data_file:s0 tclass=dir permissive=0
03-22 02:42:30.011 2757 2757 W hpplay-java: [main]:IPManager:getActiveNets invalid networkInfo:null
03-22 02:42:30.011 2757 2757 I hpplay-java: [main]:IPManager:getActiveNets eth0:false wifi:false mobile:false ap:false
03-22 02:42:30.011 2757 2757 I hpplay-java: [main]:ServerTaskManager:get local ip:null
01-01 08:01:16.713 0 0 E DTC_ETH,link_delay_work_func: 3003, SQI=0, link=0
03-22 02:42:30.305 645 660 I mpu_uart: [MSG-P:RECV]:No message received in 1000 ms
03-22 02:42:30.790 3881 3881 D AndroidRuntime: >>>>>> START com.android.internal.os.RuntimeInit uid 2000 <<<<<<
03-22 02:42:30.793 3881 3881 I AndroidRuntime: Using default boot image
03-22 02:42:30.793 3881 3881 I AndroidRuntime: Leaving lock profiling enabled
03-22 02:42:30.793 3881 3881 W libc : Access denied finding property "odsign.verification.success"
03-22 02:42:30.787 3881 3881 W app_process: type=1400 audit(0.0:365): avc: denied { read } for name="u:object_r:odsign_prop:s0" dev="tmpfs" ino=3272 scontext=u:r:shell:s0 tcontext=u:object_r:odsign_prop:s0 tclass=file permissive=0
03-22 02:42:30.795 3881 3881 W app_process: ART APEX data files are untrusted.
03-22 02:42:30.853 3881 3881 D app_process: Time zone APEX ICU file found: /apex/com.android.tzdata/etc/icu/icu_tzdata.dat
03-22 02:42:30.853 3881 3881 D app_process: I18n APEX ICU file found: /apex/com.android.i18n/etc/icu/icudt68l.dat
03-22 02:42:30.888 3881 3881 D Build : ro.build.display.id=01.00.C101_20230322_private_user
03-22 02:42:30.889 3881 3881 D ProcessState: Binder ioctl to enable oneway spam detection failed: Invalid argument
03-22 02:42:30.889 3881 3881 D AndroidRuntime: Calling main entry com.genymobile.scrcpy.Server
03-22 02:42:30.890 3881 3881 I scrcpy : Device: TC figure (Android 12)
01-01 08:01:17.543 0 0 I binder : 3881:3881 ioctl 40046210 7fe1d51504 returned -22
03-22 02:42:30.916 3881 3881 D MtpDeviceJNI: register_android_mtp_MtpDevice
03-22 02:42:30.917 3881 3881 D MediaCodecList: codecHandlesFormat: no format, so no extra checks
03-22 02:42:30.917 3881 3881 D MediaCodecList: codecHandlesFormat: no format, so no extra checks
03-22 02:42:30.917 3881 3881 D MediaCodecList: codecHandlesFormat: no format, so no extra checks
03-22 02:42:30.917 3881 3881 D MediaCodecList: codecHandlesFormat: no format, so no extra checks
03-22 02:42:30.918 3881 3900 D hw-ProcessState: Binder ioctl to enable oneway spam detection failed: Invalid argument
01-01 08:01:17.573 0 0 I binder : 3881:3900 ioctl 40046210 74a6b82484 returned -22
03-22 02:42:30.924 3881 3900 I OMXClient: IOmx service obtained
03-22 02:42:30.925 1268 1474 I OMXMaster: makeComponentInstance(OMX.qcom.video.encoder.avc) in android.hardwar process
03-22 02:42:30.935 1268 1474 I android.hardware.media.omx@1.0-service: vendor/qcom/proprietary/adsprpc/src/rpcmem_android.c:159: rpcmem_init_internal: opened ION device fd 7, configured heap IDs: system (0x2000000), contig (0x400000), secure (0x200), secure flags (0x80080000)
03-22 02:42:30.935 1268 1474 I android.hardware.media.omx@1.0-service: vendor/qcom/proprietary/adsprpc/src/fastrpc_apps_user.c:3087: fastrpc_apps_user_init done with default domain:3 and &fastrpc_trace:0xebf38c1c
03-22 02:42:30.936 1268 1474 D PlatformConfig: getInstance: Enter
03-22 02:42:30.936 1268 1474 D PlatformConfig: getInt32 Config name: vidc_perf_control_enable value: 0
03-22 02:42:30.936 1268 1474 D PlatformConfig: getInstance: Enter
03-22 02:42:30.936 1268 1474 D PlatformConfig: getInt32: Returning default
03-22 02:42:30.936 1268 1474 D PlatformConfig: getInstance: Enter
03-22 02:42:30.936 1268 1474 D PlatformConfig: getInt32 Config name: vidc_enc_log_in value: 0
03-22 02:42:30.936 1268 1474 D PlatformConfig: getInstance: Enter
03-22 02:42:30.936 1268 1474 D PlatformConfig: getInt32 Config name: vidc_enc_log_out value: 0
03-22 02:42:30.936 1268 1474 D PlatformConfig: getInstance: Enter
03-22 02:42:30.936 1268 1474 D PlatformConfig: getInt32 Config name: vidc_enc_csc_custom_matrix value: 0
03-22 02:42:30.936 1268 1474 D PlatformConfig: getInstance: Enter
03-22 02:42:30.936 1268 1474 D PlatformConfig: getInt32 Config name: vidc_enc_auto_blur_disable value: 0
03-22 02:42:30.936 1268 1474 D PlatformConfig: getInstance: Enter
03-22 02:42:30.936 1268 1474 D PlatformConfig: getInt32: Returning default
03-22 02:42:30.936 1268 1474 D PlatformConfig: getInstance: Enter
03-22 02:42:30.936 1268 1474 D PlatformConfig: getInt32 Config name: vidc_enc_linear_color_format value: 0
03-22 02:42:30.936 1268 1474 D PlatformConfig: getInstance: Enter
03-22 02:42:30.936 1268 1474 D PlatformConfig: getInt32 Config name: vidc_enc_bitrate_savings_enable value: 3
03-22 02:42:30.936 1268 1474 D PlatformConfig: getInstance: Enter
03-22 02:42:30.936 1268 1474 D PlatformConfig: getInt32 Config name: vidc_enc_quality_boost_enable value: 1
01-01 08:01:17.591 0 0 I msm_vidc: high: 00000001: ....e: Opening video instance: 0000000000000000, 0
01-01 08:01:17.591 0 0 I msm_vidc: err : 00000001: ....e: Failed to create debugfs for msm_vidc
03-22 02:42:30.940 1268 1474 I OMX-VENC: Component_init : OMX.qcom.video.encoder.avc : return = 0x0
03-22 02:42:30.946 3881 3881 D CodecSeeding: Seed: codec OMX.qcom.video.encoder.avc, mediatype video/avc, overrideable 1
03-22 02:42:30.946 3881 3881 D CodecProperties: setTuningValue(vq-target-bpp,0)
03-22 02:42:30.946 3881 3881 D CodecProperties: setTuningValue(vq-target-bpp-1080p,1.90)
03-22 02:42:30.946 3881 3881 D CodecProperties: setTuningValue(vq-target-bpp-720p,2.25)
03-22 02:42:30.946 3881 3881 D CodecProperties: setTuningValue(vq-target-bpp-540p,2.65)
03-22 02:42:30.946 3881 3881 D CodecProperties: setTuningValue(vq-target-bpp-480p,3.00)
03-22 02:42:30.946 3881 3881 D CodecProperties: setTuningValue(vq-target-bpp-320x240,0)
03-22 02:42:30.946 3881 3881 D CodecProperties: setTuningValue(vq-target-qpmax,-1)
03-22 02:42:30.946 3881 3881 D CodecProperties: setTuningValue(vq-target-qpmax-1080p,45)
03-22 02:42:30.946 3881 3881 D CodecProperties: setTuningValue(vq-target-qpmax-720p,43)
03-22 02:42:30.946 3881 3881 D CodecProperties: setTuningValue(vq-target-qpmax-540p,42)
03-22 02:42:30.946 3881 3881 D CodecProperties: setTuningValue(vq-target-qpmax-480p,38)
03-22 02:42:30.946 3881 3881 D CodecProperties: setTuningValue(vq-bitrate-phaseout,1.75)
03-22 02:42:30.946 3881 3881 D CodecProperties: setTuningValue(vq-boost-missing-qp,0.20)
03-22 02:42:30.946 3881 3881 D CodecProperties: setFeatureValue(_vq_eligible.device,1)
03-22 02:42:30.946 3881 3881 D CodecProperties: setFeatureValue(_quality.target,1)
03-22 02:42:30.946 3881 3881 D CodecSeeding: Seed: codec OMX.qcom.video.encoder.avc, mediatype video/avc, overrideable 0
03-22 02:42:30.946 3881 3881 D VQApply : minquality: 2560x1080 outside of shaping range
03-22 02:42:30.946 3881 3881 D MediaCodec: shapeMediaFormat: deltas(1): AMessage(what = 0x00000000) = {
03-22 02:42:30.946 3881 3881 D MediaCodec: int32_t android._encoding-quality-level = 0
03-22 02:42:30.946 3881 3881 D MediaCodec: }
03-22 02:42:30.946 1268 1943 I OMX-VENC: WARN: Enable/Disable allocate-native-handle allowed only in secure session
03-22 02:42:30.946 1268 1943 E OMXNodeInstance: setParameter(0xec08c1c4:qcom.encoder.avc, OMX.google.android.index.allocateNativeHandle(0x7f00005d): Input:0 en=0) ERROR: UnsupportedSetting(0x80001019)
03-22 02:42:30.946 1268 1943 I OMX-VENC: WARN: Enable/Disable allocate-native-handle allowed only in secure session
03-22 02:42:30.946 1268 1943 E OMXNodeInstance: setParameter(0xec08c1c4:qcom.encoder.avc, OMX.google.android.index.allocateNativeHandle(0x7f00005d): Output:1 en=0) ERROR: UnsupportedSetting(0x80001019)
03-22 02:42:30.946 1268 1943 I OMX-VENC: WARN: set_parameter: metamode is valid for input port only
03-22 02:42:30.946 1268 1943 W OMXNodeInstance: [0xec08c1c4:qcom.encoder.avc] component does not support metadata mode; using fallback
03-22 02:42:30.946 3881 3900 I ExtendedACodec: setupVideoEncoder()
03-22 02:42:30.947 3881 3900 W OMXUtils: do not know color format 0x7fa30c06 = 2141391878
03-22 02:42:30.947 3881 3900 W OMXUtils: do not know color format 0x7fa30c04 = 2141391876
03-22 02:42:30.947 3881 3900 W OMXUtils: do not know color format 0x7fa30c00 = 2141391872
03-22 02:42:30.948 3881 3900 W OMXUtils: do not know color format 0x7fa30c09 = 2141391881
03-22 02:42:30.948 3881 3900 W OMXUtils: do not know color format 0x7fa30c0a = 2141391882
03-22 02:42:30.948 3881 3900 W OMXUtils: do not know color format 0x7fa30c08 = 2141391880
03-22 02:42:30.948 3881 3900 W OMXUtils: do not know color format 0x7fa30c07 = 2141391879
03-22 02:42:30.949 3881 3900 W OMXUtils: do not know color format 0x7f000789 = 2130708361
03-22 02:42:30.949 1268 1943 I OMX-VENC: venc_dev: WARN: Unsupported eColorFormat 0x7f000789
03-22 02:42:30.950 1268 1943 I OMX-VENC: venc_dev: v4l2 profile : 1 flags : 131095
03-22 02:42:30.950 1268 1943 I OMX-VENC: venc_dev: v4l2 profile : 0 flags : 131095
03-22 02:42:30.950 1268 1943 I OMX-VENC: venc_dev: v4l2 profile : 2 flags : 131095
03-22 02:42:30.950 1268 1943 I OMX-VENC: venc_dev: v4l2 profile : 17 flags : 131095
03-22 02:42:30.950 1268 1943 I OMX-VENC: venc_dev: v4l2 profile : 4 flags : 131095
03-22 02:42:30.950 3881 3900 I ACodec : setupAVCEncoderParameters with [profile: High] [level: Level1]
03-22 02:42:30.951 3881 3900 I ACodec : [OMX.qcom.video.encoder.avc] cannot encode HDR static metadata. Ignoring.
03-22 02:42:30.951 3881 3900 I ACodec : setupVideoEncoder succeeded
03-22 02:42:30.951 3881 3900 I ExtendedACodec: [OMX.qcom.video.encoder.avc] configure, AMessage : AMessage(what = 'conf', target = 1) = {
03-22 02:42:30.951 3881 3900 I ExtendedACodec: int32_t color-format = 2130708361
03-22 02:42:30.951 3881 3900 I ExtendedACodec: int32_t i-frame-interval = 10
03-22 02:42:30.951 3881 3900 I ExtendedACodec: string mime = "video/avc"
03-22 02:42:30.951 3881 3900 I ExtendedACodec: int32_t width = 2560
03-22 02:42:30.951 3881 3900 I ExtendedACodec: int32_t bitrate = 8000000
03-22 02:42:30.951 3881 3900 I ExtendedACodec: int32_t frame-rate = 60
03-22 02:42:30.951 3881 3900 I ExtendedACodec: int64_t repeat-previous-frame-after = 100000
03-22 02:42:30.951 3881 3900 I ExtendedACodec: int32_t height = 1080
03-22 02:42:30.951 3881 3900 I ExtendedACodec: int32_t android._encoding-quality-level = 0
03-22 02:42:30.951 3881 3900 I ExtendedACodec: int32_t flags = 1
03-22 02:42:30.951 3881 3900 I ExtendedACodec: int32_t encoder = 1
03-22 02:42:30.951 3881 3900 I ExtendedACodec: }
03-22 02:42:30.952 3881 3900 W OMXUtils: do not know color format 0x7f000789 = 2130708361
03-22 02:42:30.952 1268 1770 E OMX-VENC: ERROR: unsupported index 1870659589
03-22 02:42:30.952 1268 1770 E OMXNodeInstance: getConfig(0xec08c1c4:qcom.encoder.avc, ConfigLatency(0x6f800005)) ERROR: UnsupportedIndex(0x8000101a)
03-22 02:42:30.961 1268 1943 E OMXNodeInstance: getConfig(0xec08c1c4:qcom.encoder.avc, ??(0x7f000062)) ERROR: UnsupportedSetting(0x80001019)
03-22 02:42:30.961 1268 1943 I OMX-VENC: venc_dev: venc_get_consumer_usage 0x10000000
03-22 02:42:30.962 1268 1943 D GraphicBufferSource: setting dataspace: 0x104, acquired=0
03-22 02:42:30.962 1268 1943 I OMX-VENC: venc_dev: venc_get_consumer_usage 0x10000000
03-22 02:42:30.962 1268 1943 D GraphicBufferSource: requesting color aspects (R:2(Limited), P:1(BT709_5), M:1(BT709_5), T:3(SMPTE170M))
03-22 02:42:30.980 3895 3895 D AndroidRuntime: >>>>>> START com.android.internal.os.RuntimeInit uid 2000 <<<<<<
03-22 02:42:30.982 1007 1007 W H2BGraphicBufferProducer: getConsumerUsage is not fully supported
03-22 02:42:30.982 3895 3895 I AndroidRuntime: Using default boot image
03-22 02:42:30.982 3895 3895 I AndroidRuntime: Leaving lock profiling enabled
03-22 02:42:30.982 3895 3895 W libc : Access denied finding property "odsign.verification.success"
03-22 02:42:30.979 3895 3895 W app_process: type=1400 audit(0.0:366): avc: denied { read } for name="u:object_r:odsign_prop:s0" dev="tmpfs" ino=3272 scontext=u:r:shell:s0 tcontext=u:object_r:odsign_prop:s0 tclass=file permissive=0
03-22 02:42:30.984 3895 3895 W app_process: ART APEX data files are untrusted.
03-22 02:42:30.984 857 1060 I libdisplayconfigqti: Register client name: scrcpy1007 device client: 0xb400007b46a03410
03-22 02:42:30.985 1007 1007 I CompositionEngine: Display::setConfiguration: mDisplayExtnIntf: 0xb40000703c4182d0
03-22 02:42:31.012 2757 2757 W hpplay-java: [main]:IPManager:getActiveNets invalid networkInfo:null
03-22 02:42:31.012 2757 2757 I hpplay-java: [main]:IPManager:getActiveNets eth0:false wifi:false mobile:false ap:false
03-22 02:42:31.012 2757 2757 I hpplay-java: [main]:ServerTaskManager:get local ip:null
03-22 02:42:31.016 1268 3902 D GraphicBufferSource: got buffer with new dataSpace #104
03-22 02:42:31.016 1268 3904 I OMX-VENC: get_config (dataspace changed): ColorSpace: Recommend 601 for RGBA8888
03-22 02:42:31.016 1268 3904 D OMXNodeInstance: Codec resolved it to (R:2(??), P:3(??), M:3(??), T:3(??)) err=0(NO_ERROR)
03-22 02:42:31.016 1268 3904 E OMXNodeInstance: setConfig(0xec08c1c4:qcom.encoder.avc, ??(0x7f000062)) ERROR: UnsupportedSetting(0x80001019)
03-22 02:42:31.016 1268 3902 W C2DColorConvert: calcYSize: Format not supported , 6
03-22 02:42:31.016 3881 3900 D ACodec : dataspace changed to 0x10c10000 (R:2(Limited), P:3(BT601_6_625), M:3(BT601_6), T:3(SMPTE170M)) (R:2(Limited), S:2(BT601_625), T:3(SMPTE_170M))
03-22 02:42:31.017 1252 1755 W ResourceManagerService: Ignoring request to add new resource entry with value <= 0
03-22 02:42:31.042 3895 3895 D app_process: Time zone APEX ICU file found: /apex/com.android.tzdata/etc/icu/icu_tzdata.dat
03-22 02:42:31.042 3895 3895 D app_process: I18n APEX ICU file found: /apex/com.android.i18n/etc/icu/icudt68l.dat
03-22 02:42:31.073 3895 3895 D Build : ro.build.display.id=01.00.C101_20230322_private_user
03-22 02:42:31.074 3895 3895 D ProcessState: Binder ioctl to enable oneway spam detection failed: Invalid argument
03-22 02:42:31.074 3895 3895 D AndroidRuntime: Calling main entry com.genymobile.scrcpy.CleanUp
01-01 08:01:17.728 0 0 I binder : 3895:3895 ioctl 40046210 7ff5d9c884 returned -22
03-22 02:42:31.305 645 660 I mpu_uart: [MSG-P:RECV]:No message received in 1000 ms
03-22 02:42:31.847 2315 2315 D RemoteControlService: startVlanDispatchThread
03-22 02:42:32.015 2757 2757 W hpplay-java: [main]:IPManager:getActiveNets invalid networkInfo:null
03-22 02:42:32.015 2757 2757 I hpplay-java: [main]:IPManager:getActiveNets eth0:false wifi:false mobile:false ap:false
03-22 02:42:32.015 2757 2757 I hpplay-java: [main]:ServerTaskManager:get local ip:null
03-22 02:42:32.033 1268 3903 I OMX-VENC: venc_dev: stats: avg. fps 10.92, bitrate 175334
03-22 02:42:32.305 645 660 I mpu_uart: [MSG-P:RECV]:No message received in 1000 ms
03-22 02:42:32.335 645 659 I mpu_uart: [MSG-P:R]:recv sync frame timeout
03-22 02:42:32.425 1237 1237 I CNSS : cnss_open_log_file: create directory /data/vendor/wifi/wlan_logs/ ret = -1 errno= 17
03-22 02:42:32.425 1237 1237 I CNSS : failed to open file a+ mode or file size 0 is less than max_file_size 31457280
03-22 02:42:32.425 1237 1237 I CNSS : Failed to open file /data/vendor/wifi/wlan_logs/host_driver_logs_current.txt: 13
03-22 02:42:32.423 1237 1237 W cnss_diag: type=1400 audit(0.0:367): avc: denied { getattr } for path="/data/vendor/wifi/wlan_logs" dev="dm-10" ino=384 scontext=u:r:vendor_wcnss_service:s0 tcontext=u:object_r:vendor_wifi_vendor_log_data_file:s0 tclass=dir permissive=0
03-22 02:42:32.423 1237 1237 W cnss_diag: type=1400 audit(0.0:368): avc: denied { read } for name="wlan_logs" dev="dm-10" ino=384 scontext=u:r:vendor_wcnss_service:s0 tcontext=u:object_r:vendor_wifi_vendor_log_data_file:s0 tclass=dir permissive=0
03-22 02:42:32.423 1237 1237 W cnss_diag: type=1400 audit(0.0:369): avc: denied { search } for name="wlan_logs" dev="dm-10" ino=384 scontext=u:r:vendor_wcnss_service:s0 tcontext=u:object_r:vendor_wifi_vendor_log_data_file:s0 tclass=dir permissive=0
01-01 08:01:19.402 0 0 I init : starting service 'hht_ota_mgr_service'...
03-22 02:42:32.788 3921 3921 E vota : [119344f8]: [vota]: init: ..
03-22 02:42:32.788 3921 3921 E vota : [119344f8]: [vota]: [warning]: the java machine be not inited, please pass it to the tb_init function! at tb_android_init_env(): 43, src/vota/platform/android/android.c
03-22 02:42:32.789 3921 3921 E vota : [119344f8]: [vota]: version: tbox_v1_6_7_202302251411_arm64-v8a_elf by Android (8481493, based on r416183c2) Clang 12.0.9 (https://android.googlesource.com/toolchain/llvm-project c935d99d7cf2016289302412d708641d52d2f7ee)
03-22 02:42:32.789 3921 3921 E vota : [119344f8]: [vota]: init: ok
03-22 02:42:32.789 3921 3921 E vota : [119344f8]: [vota]: [scheduler]: start ..
03-22 02:42:32.789 3921 3921 E vota : [119344f8]: [vota]: [coroutine]: init 0x791033b158
03-22 02:42:32.789 3921 3921 E vota : [119344f8]: [vota]: [scheduler]: start ok
03-22 02:42:32.789 3921 3921 E vota : [119344f8]: [vota]: [scheduler]: switch to coroutine(0x791033b158) from coroutine(0x7910444ca0)
03-22 02:42:32.789 3921 3921 E vota : [119344f8]: [vota]: [coroutine]: entry: 0x791033b158 stack: 0x791033b1b8 - 0x791037b1b8 from coroutine(0x7910444ca0)
03-22 02:42:32.789 3921 3921 I hiphi_update_api: Hh_GetVersion calling ......
03-22 02:42:32.789 3921 3921 I hiphi_update_api: get version:01.00.C101_20230322_private_user髓?Y
03-22 02:42:32.789 3921 3921 I hiphi_update_api: Hh_GetVersion ret:0
03-22 02:42:32.833 3921 3921 E vota : [119344f8]: [vota]: [scheduler]: finish coroutine(0x791033b158)
03-22 02:42:32.833 3921 3921 E vota : [119344f8]: [vota]: [scheduler]: switch to original coroutine
03-22 02:42:32.833 3921 3921 E vota : [119344f8]: [vota]: [scheduler]: switch to coroutine(0x7910444ca0) from coroutine(0x791033b158)
03-22 02:42:32.833 3921 3921 E vota : [119344f8]: [vota]: [scheduler]: [loop]: ready 0
03-22 02:42:32.833 3921 3921 E vota : [119344f8]: [vota]: [coroutine]: exit: 0x791033b158
03-22 02:42:32.833 3921 3921 E vota : [119344f8]: [vota]: [lock_profiler]:
03-22 02:42:32.833 3921 3921 E vota : [119344f8]: [vota]: [lock_profiler]: lock: 0xb4000076a6d4a654, name: native_large_allocator, occupied: 0
03-22 02:42:32.833 3921 3921 E vota : [119344f8]: [vota]: [lock_profiler]: lock: 0xb4000076b6d4eaec, name: allocator, occupied: 0
03-22 02:42:32.833 3921 3921 E vota : [119344f8]: [vota]: [small_allocator]:
03-22 02:42:32.833 3921 3921 E vota : [119344f8]: [vota]: [static_fixed_pool]: [16]: peak_size: 288, wast_rate: 4074/10000, pred_failed: 0, item_maxn: 245, free_count: 18, malloc_count: 18
03-22 02:42:32.833 3921 3921 E vota : [119344f8]: [vota]: [static_fixed_pool]: [96]: peak_size: 2208, wast_rate: 1028/10000, pred_failed: 0, item_maxn: 248, free_count: 23, malloc_count: 23
03-22 02:42:32.833 3921 3921 E vota : [119344f8]: [vota]: [static_fixed_pool]: [128]: peak_size: 9216, wast_rate: 791/10000, pred_failed: 0, item_maxn: 249, free_count: 72, malloc_count: 72
03-22 02:42:32.833 3921 3921 E vota : [119344f8]: [vota]: [static_fixed_pool]: [192]: peak_size: 2112, wast_rate: 541/10000, pred_failed: 0, item_maxn: 250, free_count: 11, malloc_count: 11
03-22 02:42:32.833 3921 3921 E vota : [119344f8]: [vota]: [static_fixed_pool]: [256]: peak_size: 256, wast_rate: 411/10000, pred_failed: 0, item_maxn: 251, free_count: 1, malloc_count: 1
03-22 02:42:32.833 3921 3921 E vota : [119344f8]: [vota]: [static_fixed_pool]: [384]: peak_size: 5376, wast_rate: 278/10000, pred_failed: 0, item_maxn: 252, free_count: 14, malloc_count: 14
03-22 02:42:32.833 3921 3921 E vota : [119344f8]: [vota]: [static_fixed_pool]: [512]: peak_size: 5632, wast_rate: 210/10000, pred_failed: 0, item_maxn: 253, free_count: 11, malloc_count: 11
03-22 02:42:32.833 3921 3921 E vota : [119344f8]: [vota]: [static_fixed_pool]: [1024]: peak_size: 2048, wast_rate: 106/10000, pred_failed: 0, item_maxn: 254, free_count: 2, malloc_count: 2
03-22 02:42:32.827 3921 3921 W hht_ota_mgr: type=1400 audit(0.0:370): avc: denied { read append } for name="NvmSim_yy.dat" dev="dm-10" ino=391 scontext=u:r:hht_ota_mgr:s0 tcontext=u:object_r:system_data_file:s0 tclass=file permissive=0
03-22 02:42:32.833 3921 3921 E vota : [119344f8]: [vota]: [native_large_allocator]:
03-22 02:42:32.833 3921 3921 E vota : [119344f8]: [vota]: [native_large_allocator]: peak_size: 3373986
03-22 02:42:32.833 3921 3921 E vota : [119344f8]: [vota]: [native_large_allocator]: wast_rate: 4/10000
03-22 02:42:32.833 3921 3921 E vota : [119344f8]: [vota]: [native_large_allocator]: free_count: 52
03-22 02:42:32.833 3921 3921 E vota : [119344f8]: [vota]: [native_large_allocator]: malloc_count: 52
03-22 02:42:32.833 3921 3921 E vota : [119344f8]: [vota]: [native_large_allocator]: ralloc_count: 0
03-22 02:42:32.833 3921 3921 E vota : [119344f8]: [vota]: exit: ok
01-01 08:01:19.489 0 0 I init : Service 'hht_ota_mgr_service' (pid 3921) exited with status 0
01-01 08:01:19.489 0 0 I init : Sending signal 9 to service 'hht_ota_mgr_service' (pid 3921) process group...
01-01 08:01:19.489 0 0 I libprocessgroup: Successfully killed process cgroup uid 0 pid 3921 in 0ms
03-22 02:42:33.017 2757 2757 W hpplay-java: [main]:IPManager:getActiveNets invalid networkInfo:null
03-22 02:42:33.017 2757 2757 I hpplay-java: [main]:IPManager:getActiveNets eth0:false wifi:false mobile:false ap:false
03-22 02:42:33.018 2757 2757 I hpplay-java: [main]:ServerTaskManager:get local ip:null
03-22 02:42:33.306 645 660 I mpu_uart: [MSG-P:RECV]:No message received in 1000 ms
01-01 08:01:20.203 0 0 I msm_vidc: err : ffffffff: .....: DBLP Set: status 0
03-22 02:42:33.661 1337 1453 E tlogd : [TzLogger](isPathReadable) file /sys/kernel/debug/tzdbg/qsee_log isn't exist or no permission, err: No such file or directory
03-22 02:42:33.661 1337 1453 E tlogd : [TzLogger](saveTzlogAsync) /sys/kernel/debug/tzdbg/qsee_log can not read.
03-22 02:42:33.661 1337 1453 E tlogd : [TzLogger](isPathReadable) file /sys/kernel/debug/tzdbg/log isn't exist or no permission, err: No such file or directory
03-22 02:42:33.661 1337 1453 E tlogd : [TzLogger](saveTzlogAsync) /sys/kernel/debug/tzdbg/log can not read.
03-22 02:42:33.855 2757 2757 I hpplay-java: [main]:IMTask:getIMRoot
03-22 02:42:33.864 2757 3922 W hpplay-java: [AsyncTask #32]:HttpRequest:
03-22 02:42:33.866 2757 3922 W hpplay-java: [AsyncTask #32]:HttpRequest:
03-22 02:42:33.867 2757 3922 W hpplay-java: [AsyncTask #32]:HttpRequest:
03-22 02:42:33.868 2757 2757 E hpplay-java: [main]:IMTask:getIMRoot failed
03-22 02:42:34.020 2757 2757 W hpplay-java: [main]:IPManager:getActiveNets invalid networkInfo:null
03-22 02:42:34.020 2757 2757 I hpplay-java: [main]:IPManager:getActiveNets eth0:false wifi:false mobile:false ap:false
03-22 02:42:34.020 2757 2757 I hpplay-java: [main]:ServerTaskManager:get local ip:null
03-22 02:42:34.306 645 660 I mpu_uart: [MSG-P:RECV]:No message received in 1000 ms
03-22 02:42:35.022 2757 2757 W hpplay-java: [main]:IPManager:getActiveNets invalid networkInfo:null
03-22 02:42:35.022 2757 2757 I hpplay-java: [main]:IPManager:getActiveNets eth0:false wifi:false mobile:false ap:false
03-22 02:42:35.022 2757 2757 I hpplay-java: [main]:ServerTaskManager:get local ip:null
01-01 08:01:21.833 0 0 E DTC_ETH,link_delay_work_func: 3003, SQI=0, link=0
03-22 02:42:35.307 645 660 I mpu_uart: [MSG-P:RECV]:No message received in 1000 ms
03-22 02:42:35.338 645 659 I mpu_uart: [MSG-P:R]:recv sync frame timeout
03-22 02:42:35.426 1237 1237 I CNSS : cnss_open_log_file: create directory /data/vendor/wifi/wlan_logs/ ret = -1 errno= 17
03-22 02:42:35.426 1237 1237 I CNSS : failed to open file a+ mode or file size 0 is less than max_file_size 31457280
03-22 02:42:35.426 1237 1237 I CNSS : Failed to open file /data/vendor/wifi/wlan_logs/host_driver_logs_current.txt: 13
03-22 02:42:35.423 1237 1237 W cnss_diag: type=1400 audit(0.0:371): avc: denied { getattr } for path="/data/vendor/wifi/wlan_logs" dev="dm-10" ino=384 scontext=u:r:vendor_wcnss_service:s0 tcontext=u:object_r:vendor_wifi_vendor_log_data_file:s0 tclass=dir permissive=0
03-22 02:42:35.423 1237 1237 W cnss_diag: type=1400 audit(0.0:372): avc: denied { read } for name="wlan_logs" dev="dm-10" ino=384 scontext=u:r:vendor_wcnss_service:s0 tcontext=u:object_r:vendor_wifi_vendor_log_data_file:s0 tclass=dir permissive=0
03-22 02:42:35.423 1237 1237 W cnss_diag: type=1400 audit(0.0:373): avc: denied { search } for name="wlan_logs" dev="dm-10" ino=384 scontext=u:r:vendor_wcnss_service:s0 tcontext=u:object_r:vendor_wifi_vendor_log_data_file:s0 tclass=dir permissive=0
03-22 02:42:36.024 2757 2757 W hpplay-java: [main]:IPManager:getActiveNets invalid networkInfo:null
03-22 02:42:36.024 2757 2757 I hpplay-java: [main]:IPManager:getActiveNets eth0:false wifi:false mobile:false ap:false
03-22 02:42:36.024 2757 2757 I hpplay-java: [main]:ServerTaskManager:get local ip:null
03-22 02:42:36.307 645 660 I mpu_uart: [MSG-P:RECV]:No message received in 1000 ms
03-22 02:42:36.860 2315 2315 D RemoteControlService: startVlanDispatchThread
03-22 02:42:37.026 2757 2757 W hpplay-java: [main]:IPManager:getActiveNets invalid networkInfo:null
03-22 02:42:37.027 2757 2757 I hpplay-java: [main]:IPManager:getActiveNets eth0:false wifi:false mobile:false ap:false
03-22 02:42:37.027 2757 2757 I hpplay-java: [main]:ServerTaskManager:get local ip:null
03-22 02:42:37.307 645 660 I mpu_uart: [MSG-P:RECV]:No message received in 1000 ms
01-01 08:01:24.412 0 0 I init : starting service 'hht_ota_mgr_service'...
03-22 02:42:37.810 3925 3925 E vota : [281f44f8]: [vota]: init: ..
03-22 02:42:37.810 3925 3925 E vota : [281f44f8]: [vota]: [warning]: the java machine be not inited, please pass it to the tb_init function! at tb_android_init_env(): 43, src/vota/platform/android/android.c
03-22 02:42:37.811 3925 3925 E vota : [281f44f8]: [vota]: version: tbox_v1_6_7_202302251411_arm64-v8a_elf by Android (8481493, based on r416183c2) Clang 12.0.9 (https://android.googlesource.com/toolchain/llvm-project c935d99d7cf2016289302412d708641d52d2f7ee)
03-22 02:42:37.811 3925 3925 E vota : [281f44f8]: [vota]: init: ok
03-22 02:42:37.811 3925 3925 E vota : [281f44f8]: [vota]: [scheduler]: start ..
03-22 02:42:37.811 3925 3925 E vota : [281f44f8]: [vota]: [coroutine]: init 0x7226bf5158
03-22 02:42:37.811 3925 3925 E vota : [281f44f8]: [vota]: [scheduler]: start ok
03-22 02:42:37.811 3925 3925 E vota : [281f44f8]: [vota]: [scheduler]: switch to coroutine(0x7226bf5158) from coroutine(0x7226d04ca0)
03-22 02:42:37.811 3925 3925 E vota : [281f44f8]: [vota]: [coroutine]: entry: 0x7226bf5158 stack: 0x7226bf51b8 - 0x7226c351b8 from coroutine(0x7226d04ca0)
03-22 02:42:37.811 3925 3925 I hiphi_update_api: Hh_GetVersion calling ......
03-22 02:42:37.811 3925 3925 I hiphi_update_api: get version:01.00.C101_20230322_private_user髓^
03-22 02:42:37.811 3925 3925 I hiphi_update_api: Hh_GetVersion ret:0
03-22 02:42:37.856 3925 3925 E vota : [281f44f8]: [vota]: [scheduler]: finish coroutine(0x7226bf5158)
03-22 02:42:37.856 3925 3925 E vota : [281f44f8]: [vota]: [scheduler]: switch to original coroutine
03-22 02:42:37.856 3925 3925 E vota : [281f44f8]: [vota]: [scheduler]: switch to coroutine(0x7226d04ca0) from coroutine(0x7226bf5158)
03-22 02:42:37.856 3925 3925 E vota : [281f44f8]: [vota]: [scheduler]: [loop]: ready 0
03-22 02:42:37.856 3925 3925 E vota : [281f44f8]: [vota]: [coroutine]: exit: 0x7226bf5158
03-22 02:42:37.856 3925 3925 E vota : [281f44f8]: [vota]: [lock_profiler]:
03-22 02:42:37.856 3925 3925 E vota : [281f44f8]: [vota]: [lock_profiler]: lock: 0xb400006fc1a8f194, name: native_large_allocator, occupied: 0
03-22 02:42:37.856 3925 3925 E vota : [281f44f8]: [vota]: [lock_profiler]: lock: 0xb400006fd1a886cc, name: allocator, occupied: 0
03-22 02:42:37.856 3925 3925 E vota : [281f44f8]: [vota]: [small_allocator]:
03-22 02:42:37.856 3925 3925 E vota : [281f44f8]: [vota]: [static_fixed_pool]: [16]: peak_size: 288, wast_rate: 4074/10000, pred_failed: 0, item_maxn: 245, free_count: 18, malloc_count: 18
03-22 02:42:37.856 3925 3925 E vota : [281f44f8]: [vota]: [static_fixed_pool]: [96]: peak_size: 2208, wast_rate: 1028/10000, pred_failed: 0, item_maxn: 248, free_count: 23, malloc_count: 23
03-22 02:42:37.856 3925 3925 E vota : [281f44f8]: [vota]: [static_fixed_pool]: [128]: peak_size: 9216, wast_rate: 791/10000, pred_failed: 0, item_maxn: 249, free_count: 72, malloc_count: 72
03-22 02:42:37.856 3925 3925 E vota : [281f44f8]: [vota]: [static_fixed_pool]: [192]: peak_size: 2112, wast_rate: 541/10000, pred_failed: 0, item_maxn: 250, free_count: 11, malloc_count: 11
03-22 02:42:37.856 3925 3925 E vota : [281f44f8]: [vota]: [static_fixed_pool]: [256]: peak_size: 256, wast_rate: 411/10000, pred_failed: 0, item_maxn: 251, free_count: 1, malloc_count: 1
03-22 02:42:37.856 3925 3925 E vota : [281f44f8]: [vota]: [static_fixed_pool]: [384]: peak_size: 5376, wast_rate: 278/10000, pred_failed: 0, item_maxn: 252, free_count: 14, malloc_count: 14
03-22 02:42:37.856 3925 3925 E vota : [281f44f8]: [vota]: [static_fixed_pool]: [512]: peak_size: 5632, wast_rate: 210/10000, pred_failed: 0, item_maxn: 253, free_count: 11, malloc_count: 11
03-22 02:42:37.856 3925 3925 E vota : [281f44f8]: [vota]: [static_fixed_pool]: [1024]: peak_size: 2048, wast_rate: 106/10000, pred_failed: 0, item_maxn: 254, free_count: 2, malloc_count: 2
03-22 02:42:37.856 3925 3925 E vota : [281f44f8]: [vota]: [native_large_allocator]:
03-22 02:42:37.856 3925 3925 E vota : [281f44f8]: [vota]: [native_large_allocator]: peak_size: 3373986
03-22 02:42:37.856 3925 3925 E vota : [281f44f8]: [vota]: [native_large_allocator]: wast_rate: 4/10000
03-22 02:42:37.856 3925 3925 E vota : [281f44f8]: [vota]: [native_large_allocator]: free_count: 52
03-22 02:42:37.856 3925 3925 E vota : [281f44f8]: [vota]: [native_large_allocator]: malloc_count: 52
03-22 02:42:37.856 3925 3925 E vota : [281f44f8]: [vota]: [native_large_allocator]: ralloc_count: 0
03-22 02:42:37.856 3925 3925 E vota : [281f44f8]: [vota]: exit: ok
03-22 02:42:37.851 3925 3925 W hht_ota_mgr: type=1400 audit(0.0:374): avc: denied { read append } for name="NvmSim_yy.dat" dev="dm-10" ino=391 scontext=u:r:hht_ota_mgr:s0 tcontext=u:object_r:system_data_file:s0 tclass=file permissive=0
01-01 08:01:24.512 0 0 I init : Service 'hht_ota_mgr_service' (pid 3925) exited with status 0
01-01 08:01:24.512 0 0 I init : Sending signal 9 to service 'hht_ota_mgr_service' (pid 3925) process group...
01-01 08:01:24.512 0 0 I libprocessgroup: Successfully killed process cgroup uid 0 pid 3925 in 0ms
03-22 02:42:38.030 2757 2757 W hpplay-java: [main]:IPManager:getActiveNets invalid networkInfo:null
03-22 02:42:38.030 2757 2757 I hpplay-java: [main]:IPManager:getActiveNets eth0:false wifi:false mobile:false ap:false
03-22 02:42:38.030 2757 2757 I hpplay-java: [main]:ServerTaskManager:get local ip:null
03-22 02:42:38.308 645 660 I mpu_uart: [MSG-P:RECV]:No message received in 1000 ms
03-22 02:42:38.341 645 659 I mpu_uart: [MSG-P:R]:recv sync frame timeout
03-22 02:42:38.423 1237 1237 W cnss_diag: type=1400 audit(0.0:375): avc: denied { getattr } for path="/data/vendor/wifi/wlan_logs" dev="dm-10" ino=384 scontext=u:r:vendor_wcnss_service:s0 tcontext=u:object_r:vendor_wifi_vendor_log_data_file:s0 tclass=dir permissive=0
03-22 02:42:38.426 1237 1237 I CNSS : cnss_open_log_file: create directory /data/vendor/wifi/wlan_logs/ ret = -1 errno= 17
03-22 02:42:38.427 1237 1237 I CNSS : failed to open file a+ mode or file size 0 is less than max_file_size 31457280
03-22 02:42:38.423 1237 1237 W cnss_diag: type=1400 audit(0.0:376): avc: denied { read } for name="wlan_logs" dev="dm-10" ino=384 scontext=u:r:vendor_wcnss_service:s0 tcontext=u:object_r:vendor_wifi_vendor_log_data_file:s0 tclass=dir permissive=0
03-22 02:42:38.427 1237 1237 I CNSS : Failed to open file /data/vendor/wifi/wlan_logs/host_driver_logs_current.txt: 13
03-22 02:42:38.423 1237 1237 W cnss_diag: type=1400 audit(0.0:377): avc: denied { search } for name="wlan_logs" dev="dm-10" ino=384 scontext=u:r:vendor_wcnss_service:s0 tcontext=u:object_r:vendor_wifi_vendor_log_data_file:s0 tclass=dir permissive=0
03-22 02:42:38.662 1337 1453 E tlogd : [TzLogger](isPathReadable) file /sys/kernel/debug/tzdbg/qsee_log isn't exist or no permission, err: No such file or directory
03-22 02:42:38.662 1337 1453 E tlogd : [TzLogger](saveTzlogAsync) /sys/kernel/debug/tzdbg/qsee_log can not read.
03-22 02:42:38.662 1337 1453 E tlogd : [TzLogger](isPathReadable) file /sys/kernel/debug/tzdbg/log isn't exist or no permission, err: No such file or directory
03-22 02:42:38.662 1337 1453 E tlogd : [TzLogger](saveTzlogAsync) /sys/kernel/debug/tzdbg/log can not read.
03-22 02:42:39.032 2757 2757 W hpplay-java: [main]:IPManager:getActiveNets invalid networkInfo:null
03-22 02:42:39.033 2757 2757 I hpplay-java: [main]:IPManager:getActiveNets eth0:false wifi:false mobile:false ap:false
03-22 02:42:39.033 2757 2757 I hpplay-java: [main]:ServerTaskManager:get local ip:null
03-22 02:42:39.308 645 660 I mpu_uart: [MSG-P:RECV]:No message received in 1000 ms
03-22 02:42:40.035 2757 2757 W hpplay-java: [main]:IPManager:getActiveNets invalid networkInfo:null
03-22 02:42:40.035 2757 2757 I hpplay-java: [main]:IPManager:getActiveNets eth0:false wifi:false mobile:false ap:false
03-22 02:42:40.035 2757 2757 I hpplay-java: [main]:ServerTaskManager:get local ip:null
01-01 08:01:26.953 0 0 E DTC_ETH,link_delay_work_func: 3003, SQI=0, link=0
03-22 02:42:40.309 645 660 I mpu_uart: [MSG-P:RECV]:No message received in 1000 ms
03-22 02:42:41.037 2757 2757 W hpplay-java: [main]:IPManager:getActiveNets invalid networkInfo:null
03-22 02:42:41.037 2757 2757 I hpplay-java: [main]:IPManager:getActiveNets eth0:false wifi:false mobile:false ap:false
03-22 02:42:41.037 2757 2757 I hpplay-java: [main]:ServerTaskManager:get local ip:null
03-22 02:42:41.309 645 660 I mpu_uart: [MSG-P:RECV]:No message received in 1000 ms
03-22 02:42:41.344 645 659 I mpu_uart: [MSG-P:R]:recv sync frame timeout
03-22 02:42:41.427 1237 1237 I CNSS : cnss_open_log_file: create directory /data/vendor/wifi/wlan_logs/ ret = -1 errno= 17
03-22 02:42:41.427 1237 1237 I CNSS : failed to open file a+ mode or file size 0 is less than max_file_size 31457280
03-22 02:42:41.427 1237 1237 I CNSS : Failed to open file /data/vendor/wifi/wlan_logs/host_driver_logs_current.txt: 13
03-22 02:42:41.423 1237 1237 W cnss_diag: type=1400 audit(0.0:378): avc: denied { getattr } for path="/data/vendor/wifi/wlan_logs" dev="dm-10" ino=384 scontext=u:r:vendor_wcnss_service:s0 tcontext=u:object_r:vendor_wifi_vendor_log_data_file:s0 tclass=dir permissive=0
03-22 02:42:41.423 1237 1237 W cnss_diag: type=1400 audit(0.0:379): avc: denied { read } for name="wlan_logs" dev="dm-10" ino=384 scontext=u:r:vendor_wcnss_service:s0 tcontext=u:object_r:vendor_wifi_vendor_log_data_file:s0 tclass=dir permissive=0
03-22 02:42:41.423 1237 1237 W cnss_diag: type=1400 audit(0.0:380): avc: denied { search } for name="wlan_logs" dev="dm-10" ino=384 scontext=u:r:vendor_wcnss_service:s0 tcontext=u:object_r:vendor_wifi_vendor_log_data_file:s0 tclass=dir permissive=0
03-22 02:42:41.875 2315 2315 D RemoteControlService: startVlanDispatchThread
03-22 02:42:42.040 2757 2757 W hpplay-java: [main]:IPManager:getActiveNets invalid networkInfo:null
03-22 02:42:42.040 2757 2757 I hpplay-java: [main]:IPManager:getActiveNets eth0:false wifi:false mobile:false ap:false
03-22 02:42:42.040 2757 2757 I hpplay-java: [main]:ServerTaskManager:get local ip:null
03-22 02:42:42.309 645 660 I mpu_uart: [MSG-P:RECV]:No message received in 1000 ms
03-22 02:42:42.761 1206 1736 W InputDispatcher: Waiting because no window has focus but ActivityRecord{853e7d5 u0 com.android.systemui/.usb.UsbDebuggingActivity t8} may eventually add a window when it finishes starting up. Will wait for 5000ms
01-01 08:01:29.424 0 0 I init : starting service 'hht_ota_mgr_service'...
03-22 02:42:42.819 3926 3926 E vota : [d56fc4f8]: [vota]: init: ..
03-22 02:42:42.820 3926 3926 E vota : [d56fc4f8]: [vota]: [warning]: the java machine be not inited, please pass it to the tb_init function! at tb_android_init_env(): 43, src/vota/platform/android/android.c
03-22 02:42:42.820 3926 3926 E vota : [d56fc4f8]: [vota]: version: tbox_v1_6_7_202302251411_arm64-v8a_elf by Android (8481493, based on r416183c2) Clang 12.0.9 (https://android.googlesource.com/toolchain/llvm-project c935d99d7cf2016289302412d708641d52d2f7ee)
03-22 02:42:42.820 3926 3926 E vota : [d56fc4f8]: [vota]: init: ok
03-22 02:42:42.820 3926 3926 E vota : [d56fc4f8]: [vota]: [scheduler]: start ..
03-22 02:42:42.820 3926 3926 E vota : [d56fc4f8]: [vota]: [coroutine]: init 0x72d4125158
03-22 02:42:42.820 3926 3926 E vota : [d56fc4f8]: [vota]: [scheduler]: start ok
03-22 02:42:42.820 3926 3926 E vota : [d56fc4f8]: [vota]: [scheduler]: switch to coroutine(0x72d4125158) from coroutine(0x72d420cca0)
03-22 02:42:42.820 3926 3926 E vota : [d56fc4f8]: [vota]: [coroutine]: entry: 0x72d4125158 stack: 0x72d41251b8 - 0x72d41651b8 from coroutine(0x72d420cca0)
03-22 02:42:42.821 3926 3926 I hiphi_update_api: Hh_GetVersion calling ......
03-22 02:42:42.821 3926 3926 I hiphi_update_api: get version:01.00.C101_20230322_private_user薍 #b
03-22 02:42:42.821 3926 3926 I hiphi_update_api: Hh_GetVersion ret:0
03-22 02:42:42.859 3926 3926 W hht_ota_mgr: type=1400 audit(0.0:381): avc: denied { read append } for name="NvmSim_yy.dat" dev="dm-10" ino=391 scontext=u:r:hht_ota_mgr:s0 tcontext=u:object_r:system_data_file:s0 tclass=file permissive=0
03-22 02:42:42.865 3926 3926 E vota : [d56fc4f8]: [vota]: [scheduler]: finish coroutine(0x72d4125158)
03-22 02:42:42.865 3926 3926 E vota : [d56fc4f8]: [vota]: [scheduler]: switch to original coroutine
03-22 02:42:42.865 3926 3926 E vota : [d56fc4f8]: [vota]: [scheduler]: switch to coroutine(0x72d420cca0) from coroutine(0x72d4125158)
03-22 02:42:42.865 3926 3926 E vota : [d56fc4f8]: [vota]: [scheduler]: [loop]: ready 0
03-22 02:42:42.865 3926 3926 E vota : [d56fc4f8]: [vota]: [coroutine]: exit: 0x72d4125158
03-22 02:42:42.865 3926 3926 E vota : [d56fc4f8]: [vota]: [lock_profiler]:
03-22 02:42:42.865 3926 3926 E vota : [d56fc4f8]: [vota]: [lock_profiler]: lock: 0xb40000707967a5ec, name: allocator, occupied: 0
