03-22 02:41:28.075 1988 2113 I bt_stack: [INFO:btif_bqr.cc(402)] ConfigureBqr: Action:
03-22 02:41:28.075 1988 2113 I bt_btif_core: btif_enable_bluetooth_evt entered: status 0
03-22 02:41:28.075 1988 2113 W bt_btif : btif_enable_bluetooth_evt: Saving the Adapter Address
03-22 02:41:28.075 1988 2113 D AdapterProperties: Address is:22:22:BB:40:2F:F8
03-22 02:41:28.075 812 812 D vendor.qti.bluetooth@1.0-uart_controller: CheckForBQRRootInflammationBit: BQR root inflammation enabled
03-22 02:41:28.076 2901 2976 D LocIDLClientBase: try to get LOCAIDL service
03-22 02:41:28.076 2881 2881 I aptxuiApplication: mQssEnabled: false
03-22 02:41:28.077 2881 2881 I aptxuiApplication: aptxui (aptX UI app) Version Name: 4.0.6
03-22 02:41:28.077 2881 2881 I aptxuiApplication: aptxui (aptX UI app) Package Name: com.qualcomm.qtil.aptxui
03-22 02:41:28.077 2881 2881 D aptxuiApplication: creation complete
03-22 02:41:28.077 1988 2933 I bt_stack: [INFO:btif_bqr.cc(386)] BqrVscCompleteCallback, current event mask: 0x00000010
03-22 02:41:28.077 1988 2933 I bt_stack: [INFO:btif_bqr.cc(288)] ConfigureBqrCmpl: current_evt_mask: 0x00000010
03-22 02:41:28.077 1988 2933 I bt_stack: [INFO:btm_devctl.cc(1311)] BTM_BT_Quality_Report_VSE_Register: Success to (un)register VSEvents. is_register: 1
03-22 02:41:28.077 1988 2933 W bt_stack: [WARNING:btif_bqr.cc(265)] ConfigBqrA2dpScoThreshold: a2dp_choppy_threshold: 0, sco_choppy_threshold: 0
03-22 02:41:28.077 2878 2878 V MediaProvider: Attached media from com.android.providers.media.module
03-22 02:41:28.077 1206 1206 I AccountManagerService: User 0 is unlocked - opening CE database
03-22 02:41:28.078 508 508 E servicemanager: Could not find vendor.qti.gnss.ILocAidlGnss/default in the VINTF manifest.
03-22 02:41:28.078 2901 2976 D LocIDLClientBase: LOCAIDL service not available
03-22 02:41:28.078 2901 2976 D LocIDLClientBase: try to get 4.1 service
03-22 02:41:28.079 1988 2978 I bt_osi_thread: run_thread: thread id 2978, thread name btif_sock started
03-22 02:41:28.080 1206 2164 D CompatibilityInfo: mCompatibilityFlags - 4
03-22 02:41:28.080 1206 2164 D CompatibilityInfo: applicationDensity - 240
03-22 02:41:28.080 1206 2164 D CompatibilityInfo: applicationScale - 1.0
03-22 02:41:28.080 1988 2113 D bt_bte_conf: Device ID record 1 : primary
03-22 02:41:28.081 1988 2113 D bt_bte_conf: vendorId = 001d
03-22 02:41:28.081 1988 2113 D bt_bte_conf: vendorIdSource = 0001
03-22 02:41:28.081 1988 2113 D bt_bte_conf: product = 1200
03-22 02:41:28.081 1988 2113 D bt_bte_conf: version = 1436
03-22 02:41:28.081 1988 2113 D bt_bte_conf: clientExecutableURL =
03-22 02:41:28.081 1988 2113 D bt_bte_conf: serviceDescription =
03-22 02:41:28.081 666 666 D Zygote : Forked child process 2979
03-22 02:41:28.081 1988 2113 D bt_bte_conf: documentationURL =
03-22 02:41:28.081 1988 2113 D bt_bte_conf: bte_load_did_conf no section named DID2.
03-22 02:41:28.081 1988 2113 I bt_btif_core: btif_enable_bluetooth_evt finished
03-22 02:41:28.081 1988 2098 I bt_stack_manager: event_start_up_stack finished
03-22 02:41:28.081 1988 2113 I bt_btif_queue: btif_disconnect_queue_disconnect_next
03-22 02:41:28.081 1988 2113 W bt_stack: [WARNING:stack_interface.cc(101)] btif_stack_state OnStackState 0x03
03-22 02:41:28.082 1988 2081 I AdapterState: BLE_ON : entered
03-22 02:41:28.082 1988 2081 D AdapterProperties: Setting state to BLE_ON
03-22 02:41:28.082 2901 2976 D hw-ProcessState: Binder ioctl to enable oneway spam detection failed: Invalid argument
03-22 02:41:28.082 1988 2081 D BluetoothAdapterService: updateAdapterState() - Broadcasting state BLE_ON to 1 receivers.
03-22 02:41:28.082 1206 1536 D BluetoothManagerService: MESSAGE_BLUETOOTH_STATE_CHANGE: BLE_TURNING_ON > BLE_ON
03-22 02:41:28.082 1206 1536 D BluetoothManagerService: Bluetooth is in LE only mode
03-22 02:41:28.082 1206 1536 D BluetoothManagerService: Binding Bluetooth GATT service
03-22 02:41:28.082 1206 1554 I ActivityManager: Start proc 2979:android.process.media/u0a20 for broadcast {com.android.mtp/com.android.mtp.MtpReceiver}
03-22 02:41:28.083 509 509 I hwservicemanager: Since vendor.qti.hardware.iop@2.0::IIop/default is not registered, trying to start it as a lazy HAL.
03-22 02:41:28.084 1265 2324 E ANDR-IOP: IIop:: Iop HAL Service is not available.
03-22 02:41:28.084 1206 1536 D BluetoothManagerService: Sending BLE State Change: BLE_TURNING_ON > BLE_ON
03-22 02:41:28.085 509 509 I hwservicemanager: getTransport: Cannot find entry vendor.qti.gnss@4.1::ILocHidlGnss/gnss_vendor in either framework or device VINTF manifest.
01-01 08:00:14.736 0 0 I binder : 2901:2976 ioctl 40046210 7b6b1b2944 returned -22
03-22 02:41:28.086 1206 2164 D CompatibilityChangeReporter: Compat change id reported: 168419799; UID 10054; state: DISABLED
03-22 02:41:28.086 509 2974 W libc : Unable to set property "ctl.interface_start" to "vendor.qti.hardware.iop@2.0::IIop/default": error code: 0x20
03-22 02:41:28.086 1206 2164 D CompatibilityInfo: mCompatibilityFlags - 4
03-22 02:41:28.086 1206 2164 D CompatibilityInfo: applicationDensity - 240
03-22 02:41:28.086 509 2974 I hwservicemanager: Tried to start vendor.qti.hardware.iop@2.0::IIop/default as a lazy service, but was unable to. Usually this happens when a service is not installed, but if the service is intended to be used as a lazy service, then it may be configured incorrectly.
03-22 02:41:28.086 1206 2164 D CompatibilityInfo: applicationScale - 1.0
03-22 02:41:28.087 2901 2976 D LocIDLClientBase: NoSuchElementException: java.util.NoSuchElementException
03-22 02:41:28.087 2901 2976 D LocIDLClientBase: try to get 4.0 service
03-22 02:41:28.087 1351 1463 D LOWI-9.0.0.87.a: [LOWINetlinkSocketReceiver] unpackRTMLinkMessage: RTM_NEWLINK - ifname vlan1, flags 0x1003 ([UP])
03-22 02:41:28.086 2968 2968 E ndroid.keychai: Not starting debugger since process cannot load the jdwp agent.
03-22 02:41:28.088 2881 2881 I aptxuiService: onBind: Intent { act=com.qualcomm.qtil.aptxui.aptxuiService cmp=com.qualcomm.qtil.aptxui/.aptxuiService }
03-22 02:41:28.088 1206 1534 I EthernetTracker: interfaceLinkStateChanged, iface: vlan1, up: false
03-22 02:41:28.088 1206 2164 D CompatibilityInfo: mCompatibilityFlags - 4
03-22 02:41:28.088 1206 2164 D CompatibilityInfo: applicationDensity - 240
03-22 02:41:28.088 1206 2164 D CompatibilityInfo: applicationScale - 1.0
03-22 02:41:28.088 2901 2976 I android_os_HwBinder: HwBinder: Starting thread pool for getting: vendor.qti.gnss@4.0::ILocHidlGnss/gnss_vendor
03-22 02:41:28.089 2979 2979 E d.process.medi: Not starting debugger since process cannot load the jdwp agent.
03-22 02:41:28.089 2188 2188 D hw-ProcessState: Binder ioctl to enable oneway spam detection failed: Invalid argument
03-22 02:41:28.090 1206 2165 D CompatibilityChangeReporter: Compat change id reported: 168419799; UID 1000; state: DISABLED
03-22 02:41:28.090 2979 2979 D ProcessState: Binder ioctl to enable oneway spam detection failed: Invalid argument
03-22 02:41:28.090 1206 2165 D CompatibilityInfo: mCompatibilityFlags - 4
03-22 02:41:28.090 1206 2165 D CompatibilityInfo: applicationDensity - 240
03-22 02:41:28.090 1206 2165 D CompatibilityInfo: applicationScale - 1.0
03-22 02:41:28.090 2968 2968 D ProcessState: Binder ioctl to enable oneway spam detection failed: Invalid argument
01-01 08:00:14.744 0 0 I binder : 2188:2188 ioctl 40046210 7fe69198f4 returned -22
03-22 02:41:28.091 508 508 E servicemanager: Could not find vendor.qti.gnss.ILocAidlGnss/default in the VINTF manifest.
03-22 02:41:28.091 2273 2273 W ContextImpl: Calling a method in the system process without a qualified user: android.app.ContextImpl.startService:1816 android.content.ContextWrapper.startService:774 android.content.ContextWrapper.startService:774 vendor.qti.qesdk.sysservice.QesdkSysReceiver.onReceive:42 android.app.ActivityThread.handleReceiver:4309
03-22 02:41:28.092 509 2980 W libc : Unable to set property "ctl.interface_start" to "vendor.qti.hardware.iop@2.0::IIop/default": error code: 0x20
03-22 02:41:28.092 509 2980 I hwservicemanager: Tried to start vendor.qti.hardware.iop@2.0::IIop/default as a lazy service, but was unable to. Usually this happens when a service is not installed, but if the service is intended to be used as a lazy service, then it may be configured incorrectly.
03-22 02:41:28.095 2881 2881 I aptxuiApplication: onServiceConnected: ComponentInfo{com.qualcomm.qtil.aptxui/com.qualcomm.qtil.aptxui.aptxuiService}
01-01 08:00:14.744 0 0 I binder : 2979:2979 ioctl 40046210 7fe6919f64 returned -22
01-01 08:00:14.745 0 0 I binder : 2968:2968 ioctl 40046210 7fe6919f64 returned -22
01-01 08:00:14.747 0 0 E msm-dwc3 a600000.ssusb: Could not get usb psy
03-22 02:41:28.095 2901 2901 I android_os_HwBinder: HwBinder: Starting thread pool for getting: vendor.qti.gnss@3.0::ILocHidlGnss/gnss_vendor
03-22 02:41:28.095 2188 2188 I HidlServiceManagement: Registered vendor.qti.hardware.cacert@1.0::IService/default
03-22 02:41:28.095 2188 2188 I android_os_HwBinder: HwBinder: Starting thread pool for default
03-22 02:41:28.096 816 816 V LocSvc_HIDL_HidlGnss: [getExtensionLocHidlIzatConfig][495] [HS] <<<<= [HC]
03-22 02:41:28.097 816 816 V LocSvc_HIDL_HidlGnss: [getExtensionLocHidlXT][314] [HS] <<<<= [HC]
03-22 02:41:28.097 2901 2901 D XTSrv : Readconfig init...
03-22 02:41:28.097 816 816 V LocSvc_HIDL_IzatConfig: [init][47] [HS] <<<<= [HC]
03-22 02:41:28.097 816 816 V LocSvc_HIDL_IzatConfig: [readConfig][68] [HS] <<<<= [HC]
03-22 02:41:28.097 816 816 V LocSvc_HIDL_IzatConfig: [readConfig][85] [HS] =>>>> [HC]
03-22 02:41:28.098 1206 2164 D CompatibilityInfo: mCompatibilityFlags - 4
03-22 02:41:28.098 1206 2164 D CompatibilityInfo: applicationDensity - 240
03-22 02:41:28.098 1206 2164 D CompatibilityInfo: applicationScale - 1.0
03-22 02:41:28.098 1206 1914 I GameModeConfig: isGameModeOn = false
03-22 02:41:28.098 816 816 V LocSvc_HIDL_XT: [init][22] [HS] <<<<= [HC]
03-22 02:41:28.098 816 816 E Xt_Adapter: XtAdapter instance exists !
03-22 02:41:28.098 1206 1914 I GameModeConfig: isGameModeOn = false
03-22 02:41:28.099 1206 1914 I GameModeConfig: isGameModeOn = false
03-22 02:41:28.100 1206 1914 I GameModeConfig: isGameModeOn = false
03-22 02:41:28.100 1206 1914 I GameModeConfig: isGameModeOn = false
03-22 02:41:28.100 1206 1987 I SyncManager: Loaded persisted syncs: 0 periodic syncs, 0 oneshot syncs, 16 total system server jobs, JobStats: FirstLoad: 6/5/0 LastSave: -1/-1/-1
03-22 02:41:28.100 1206 1914 I GameModeConfig: isGameModeOn = false
03-22 02:41:28.101 1206 2803 D CompatibilityChangeReporter: Compat change id reported: 168419799; UID 10020; state: DISABLED
03-22 02:41:28.101 1206 2803 D CompatibilityInfo: mCompatibilityFlags - 4
03-22 02:41:28.101 1206 2803 D CompatibilityInfo: applicationDensity - 240
03-22 02:41:28.101 1206 2803 D CompatibilityInfo: applicationScale - 1.0
03-22 02:41:28.101 508 508 I servicemanager: Found vendor.qti.qesdsys.IQesdSys/default in framework VINTF manifest.
03-22 02:41:28.103 2901 2901 W XTSrv : setPackagePresence
03-22 02:41:28.104 1206 2803 D CompatibilityInfo: mCompatibilityFlags - 4
03-22 02:41:28.104 1206 2803 D CompatibilityInfo: applicationDensity - 240
03-22 02:41:28.104 1206 2803 D CompatibilityInfo: applicationScale - 1.0
01-01 08:00:14.759 0 0 I configfs-gadget gadget: high-speed config #1: b
03-22 02:41:28.105 2671 2687 I adbd : USB event: FUNCTIONFS_ENABLE
03-22 02:41:28.105 2979 2979 D CompatibilityChangeReporter: Compat change id reported: 171979766; UID 10020; state: ENABLED
03-22 02:41:28.105 2671 3022 I adbd : UsbFfs-worker thread spawned
01-01 08:00:14.760 0 0 E msm-dwc3 a600000.ssusb: Could not get usb psy
01-01 08:00:14.760 0 0 I android_work: sent uevent USB_STATE=CONFIGURED
03-22 02:41:28.107 1206 2171 D CompatibilityInfo: mCompatibilityFlags - 4
03-22 02:41:28.107 1206 2171 D CompatibilityInfo: applicationDensity - 240
03-22 02:41:28.107 1206 2171 D CompatibilityInfo: applicationScale - 1.0
03-22 02:41:28.109 2878 2878 I TranscodeHelper: Empty transcode compat stale
03-22 02:41:28.109 2878 2878 I TranscodeHelper: Parsed 0 packages from resource
03-22 02:41:28.109 2878 2878 I TranscodeHelper: Empty device config transcode compat manifest
03-22 02:41:28.110 1206 2171 D CompatibilityInfo: mCompatibilityFlags - 4
03-22 02:41:28.110 1206 2171 D CompatibilityInfo: applicationDensity - 240
03-22 02:41:28.110 1206 2171 D CompatibilityInfo: applicationScale - 1.0
03-22 02:41:28.111 2669 2698 D XTProxy : onServiceConnected
03-22 02:41:28.111 1206 2164 D CompatibilityChangeReporter: Compat change id reported: 135634846; UID 10034; state: DISABLED
03-22 02:41:28.111 1206 2164 D CompatibilityChangeReporter: Compat change id reported: 177438394; UID 10034; state: DISABLED
03-22 02:41:28.112 1206 2164 D CompatibilityChangeReporter: Compat change id reported: 135772972; UID 10034; state: DISABLED
03-22 02:41:28.112 2968 2968 D CompatibilityChangeReporter: Compat change id reported: 171979766; UID 1000; state: ENABLED
03-22 02:41:28.112 1206 2164 D CompatibilityChangeReporter: Compat change id reported: 135754954; UID 10034; state: ENABLED
03-22 02:41:28.113 1206 1554 D CompatibilityChangeReporter: Compat change id reported: 143937733; UID 10034; state: ENABLED
03-22 02:41:28.114 1206 1206 D BiometricScheduler/Fingerprint21: [Finishing] {[0] FingerprintUpdateActiveUserClient, proto=1, owner=android, cookie=0, requestId=-1, userId=0}, success: true
03-22 02:41:28.114 1206 1206 D BiometricScheduler/Fingerprint21: [Polled] {[1] FingerprintUpdateActiveUserClient, proto=1, owner=android, cookie=0, requestId=-1, userId=0}, State: 0
03-22 02:41:28.114 1206 1206 D BiometricScheduler/Fingerprint21: [Starting] {[1] FingerprintUpdateActiveUserClient, proto=1, owner=android, cookie=0, requestId=-1, userId=0}, State: 0
03-22 02:41:28.114 1206 1206 D BiometricScheduler/Fingerprint21: [Started] {[1] FingerprintUpdateActiveUserClient, proto=1, owner=android, cookie=0, requestId=-1, userId=0}
03-22 02:41:28.115 1342 1342 I QFP : notifyPowerState: 2
03-22 02:41:28.115 1342 1342 I QFP : notifyPowerState: 2
03-22 02:41:28.115 1342 1342 I QFP : notifyPowerState: 2
03-22 02:41:28.115 1342 1342 I QFP : notifyPowerState: screen state 2
03-22 02:41:28.115 2044 2229 I Tethering: USB bcast connected:true configured:true rndis:false ncm:false
03-22 02:41:28.115 1342 3028 I QFP : Initializing QFP framework, container 0 handle 0
03-22 02:41:28.115 1342 3028 I QFP : getPersistPropVal: persist.vendor.qfp.qbt_fd_name = /dev/qbt_fd (default /dev/qbt_fd)
03-22 02:41:28.115 1342 3028 I QFP : getPersistPropVal: persist.vendor.qfp.qbt_ipc_name = /dev/qbt_ipc (default /dev/qbt_ipc)
01-01 08:00:14.770 0 0 D qbt : qbt_open: entry minor_no=0 fd_available=1
01-01 08:00:14.770 0 0 D qbt : qbt_open: exit : 0 fd_available=0
01-01 08:00:14.773 0 0 D qbt : qbt_open: entry minor_no=1 fd_available=0
01-01 08:00:14.773 0 0 D qbt : qbt_open: exit : 0 fd_available=0
01-01 08:00:14.773 0 0 D qbt : qbt_ioctl: cmd received 107
01-01 08:00:14.773 0 0 D qbt : qbt_ioctl: Acquiring wakelock
03-22 02:41:28.119 1342 3028 E QFP : Dropping unsupported QBT command
03-22 02:41:28.119 1342 3028 D QSEECOMAPI: QSEECom_get_handle sb_length = 0x40000
03-22 02:41:28.120 1342 3028 D QSEECOMAPI: App is not loaded in QSEE
03-22 02:41:28.120 1342 3028 D QSEECOMAPI: app_arch = 2, total_files = 9
03-22 02:41:28.120 1342 3028 E ion : ioctl c0044901 failed with code -1: Inappropriate ioctl for device
03-22 02:41:28.120 2878 2878 V MediaStore: Examining volume emulated;0 with name external_primary and state checking
03-22 02:41:28.121 666 666 D Zygote : Forked child process 3029
03-22 02:41:28.121 1206 1554 I ActivityManager: Start proc 3029:com.android.traceur/u0a34 for broadcast {com.android.traceur/com.android.traceur.Receiver}
03-22 02:41:28.124 2878 2878 D CompatibilityChangeReporter: Compat change id reported: 148180766; UID 10097; state: ENABLED
03-22 02:41:28.125 1351 1463 D LOWI-9.0.0.87.a: [LOWINetlinkSocketReceiver] unpackRTMLinkMessage: RTM_NEWLINK - ifname vlan1, flags 0x1003 ([UP])
03-22 02:41:28.126 1206 1534 I EthernetTracker: interfaceLinkStateChanged, iface: vlan1, up: false
03-22 02:41:28.127 2878 2878 D PulledMetrics: Registering callback with StatsManager
03-22 02:41:28.130 2979 2979 I Perf : Connecting to perf service.
03-22 02:41:28.135 3029 3029 E android.traceu: Not starting debugger since process cannot load the jdwp agent.
03-22 02:41:28.136 3029 3029 D ProcessState: Binder ioctl to enable oneway spam detection failed: Invalid argument
03-22 02:41:28.136 509 509 I hwservicemanager: Since vendor.qti.hardware.iop@2.0::IIop/default is not registered, trying to start it as a lazy HAL.
03-22 02:41:28.137 1265 2324 E ANDR-IOP: IIop:: Iop HAL Service is not available.
01-01 08:00:14.791 0 0 I binder : 3029:3029 ioctl 40046210 7fe6919f64 returned -22
03-22 02:41:28.138 2979 2979 V GraphicsEnvironment: ANGLE Developer option for 'com.android.mtp' set to: 'default'
03-22 02:41:28.139 1206 2778 I StorageUserConnection: Service: [ComponentInfo{com.android.providers.media.module/com.android.providers.media.fuse.ExternalStorageServiceImpl}] connected. User [0]
03-22 02:41:28.139 2979 2979 V GraphicsEnvironment: ANGLE GameManagerService for com.android.mtp: false
01-01 08:00:14.795 0 0 W QSEECOM : qseecom_load_app: App (fingerpr) does'nt exist, loading apps for first time
03-22 02:41:28.140 2979 2979 D NetworkSecurityConfig: No Network Security Config specified, using platform default
03-22 02:41:28.140 2979 2979 D NetworkSecurityConfig: No Network Security Config specified, using platform default
03-22 02:41:28.141 2878 3046 I ExternalStorageServiceImpl: Starting session for id: emulated;0
03-22 02:41:28.141 1206 2123 D CompatibilityChangeReporter: Compat change id reported: 168419799; UID 10034; state: DISABLED
03-22 02:41:28.141 2878 3046 V FuseDaemonThread: Waiting 1000ms for FUSE start. Count 4
03-22 02:41:28.141 1206 2123 D CompatibilityInfo: mCompatibilityFlags - 4
03-22 02:41:28.141 1206 2123 D CompatibilityInfo: applicationDensity - 240
03-22 02:41:28.141 1206 2123 D CompatibilityInfo: applicationScale - 1.0
03-22 02:41:28.142 2878 3048 I FuseDaemonThread: Starting thread for emulated;0 ...
03-22 02:41:28.142 2878 3048 I FuseDaemon: Starting fuse...
03-22 02:41:28.142 2878 3030 V MediaProvider: onConfigure() for external.db
03-22 02:41:28.144 2968 2968 I Perf : Connecting to perf service.
03-22 02:41:28.147 1206 2123 D CompatibilityInfo: mCompatibilityFlags - 4
03-22 02:41:28.147 1206 2123 D CompatibilityInfo: applicationDensity - 240
03-22 02:41:28.147 1206 2123 D CompatibilityInfo: applicationScale - 1.0
03-22 02:41:28.149 3029 3029 D CompatibilityChangeReporter: Compat change id reported: 171979766; UID 10034; state: ENABLED
03-22 02:41:28.150 2878 3030 V MediaProvider: onOpen() for external.db
03-22 02:41:28.150 2878 3030 V MediaProvider: onOpen() finished for external.db
03-22 02:41:28.152 1206 1914 I GameModeConfig: isGameModeOn = false
03-22 02:41:28.153 1206 1914 I GameModeConfig: isGameModeOn = false
03-22 02:41:28.153 2968 2968 V GraphicsEnvironment: ANGLE Developer option for 'com.android.keychain' set to: 'default'
03-22 02:41:28.153 1206 1914 I GameModeConfig: isGameModeOn = false
03-22 02:41:28.153 509 3045 W libc : Unable to set property "ctl.interface_start" to "vendor.qti.hardware.iop@2.0::IIop/default": error code: 0x20
03-22 02:41:28.153 509 3045 I hwservicemanager: Tried to start vendor.qti.hardware.iop@2.0::IIop/default as a lazy service, but was unable to. Usually this happens when a service is not installed, but if the service is intended to be used as a lazy service, then it may be configured incorrectly.
03-22 02:41:28.153 2968 2968 V GraphicsEnvironment: ANGLE GameManagerService for com.android.keychain: false
03-22 02:41:28.154 2968 2968 D NetworkSecurityConfig: No Network Security Config specified, using platform default
03-22 02:41:28.154 2968 2968 D NetworkSecurityConfig: No Network Security Config specified, using platform default
03-22 02:41:28.156 509 509 I hwservicemanager: Since vendor.qti.hardware.iop@2.0::IIop/default is not registered, trying to start it as a lazy HAL.
03-22 02:41:28.156 1265 2324 E ANDR-IOP: IIop:: Iop HAL Service is not available.
03-22 02:41:28.157 1351 1463 D LOWI-9.0.0.87.a: [LOWINetlinkSocketReceiver] unpackRTMLinkMessage: RTM_NEWLINK - ifname vlan1, flags 0x1003 ([UP])
03-22 02:41:28.158 1206 1534 I EthernetTracker: interfaceLinkStateChanged, iface: vlan1, up: false
03-22 02:41:28.159 509 3054 W libc : Unable to set property "ctl.interface_start" to "vendor.qti.hardware.iop@2.0::IIop/default": error code: 0x20
03-22 02:41:28.159 509 3054 I hwservicemanager: Tried to start vendor.qti.hardware.iop@2.0::IIop/default as a lazy service, but was unable to. Usually this happens when a service is not installed, but if the service is intended to be used as a lazy service, then it may be configured incorrectly.
03-22 02:41:28.162 812 2925 I vendor.qti.bluetooth@1.0-ibs_handler: ProcessIbsCmd: Received IBS_SLEEP_IND: 0xFE
03-22 02:41:28.183 1351 1463 D LOWI-9.0.0.87.a: [LOWINetlinkSocketReceiver] unpackRTMLinkMessage: RTM_NEWLINK - ifname vlan1, flags 0x1003 ([UP])
03-22 02:41:28.184 1206 1534 I EthernetTracker: interfaceLinkStateChanged, iface: vlan1, up: false
03-22 02:41:28.185 509 509 I hwservicemanager: Since vendor.qti.hardware.iop@2.0::IIop/default is not registered, trying to start it as a lazy HAL.
03-22 02:41:28.185 1265 2324 E ANDR-IOP: IIop:: Iop HAL Service is not available.
03-22 02:41:28.186 509 3059 W libc : Unable to set property "ctl.interface_start" to "vendor.qti.hardware.iop@2.0::IIop/default": error code: 0x20
03-22 02:41:28.186 509 3059 I hwservicemanager: Tried to start vendor.qti.hardware.iop@2.0::IIop/default as a lazy service, but was unable to. Usually this happens when a service is not installed, but if the service is intended to be used as a lazy service, then it may be configured incorrectly.
03-22 02:41:28.186 1206 3056 D CompatibilityInfo: mCompatibilityFlags - 4
03-22 02:41:28.186 1206 3056 D CompatibilityInfo: applicationDensity - 240
03-22 02:41:28.186 1206 3056 D CompatibilityInfo: applicationScale - 1.0
03-22 02:41:28.192 3029 3029 I Perf : Connecting to perf service.
03-22 02:41:28.195 1351 1463 D LOWI-9.0.0.87.a: [LOWINetlinkSocketReceiver] unpackRTMLinkMessage: RTM_NEWLINK - ifname vlan1, flags 0x1003 ([UP])
03-22 02:41:28.196 3029 3029 V GraphicsEnvironment: ANGLE Developer option for 'com.android.traceur' set to: 'default'
03-22 02:41:28.196 1206 1534 I EthernetTracker: interfaceLinkStateChanged, iface: vlan1, up: false
03-22 02:41:28.197 3029 3029 V GraphicsEnvironment: ANGLE GameManagerService for com.android.traceur: false
03-22 02:41:28.198 3029 3029 D NetworkSecurityConfig: No Network Security Config specified, using platform default
03-22 02:41:28.198 3029 3029 D NetworkSecurityConfig: No Network Security Config specified, using platform default
03-22 02:41:28.207 509 509 I hwservicemanager: Since vendor.qti.hardware.iop@2.0::IIop/default is not registered, trying to start it as a lazy HAL.
03-22 02:41:28.208 1265 2324 E ANDR-IOP: IIop:: Iop HAL Service is not available.
03-22 02:41:28.210 3029 3029 I Traceur : Received BOOT_COMPLETE
03-22 02:41:28.211 1351 1463 D LOWI-9.0.0.87.a: [LOWINetlinkSocketReceiver] unpackRTMLinkMessage: RTM_NEWLINK - ifname vlan1, flags 0x1003 ([UP])
03-22 02:41:28.211 509 3065 W libc : Unable to set property "ctl.interface_start" to "vendor.qti.hardware.iop@2.0::IIop/default": error code: 0x20
03-22 02:41:28.212 509 3065 I hwservicemanager: Tried to start vendor.qti.hardware.iop@2.0::IIop/default as a lazy service, but was unable to. Usually this happens when a service is not installed, but if the service is intended to be used as a lazy service, then it may be configured incorrectly.
03-22 02:41:28.214 1206 1534 I EthernetTracker: interfaceLinkStateChanged, iface: vlan1, up: false
03-22 02:41:28.216 1206 1914 I GameModeConfig: isGameModeOn = false
03-22 02:41:28.216 1206 1914 I GameModeConfig: isGameModeOn = false
03-22 02:41:28.216 1206 1914 I GameModeConfig: isGameModeOn = false
03-22 02:41:28.217 1206 1914 I GameModeConfig: isGameModeOn = false
03-22 02:41:28.217 1206 1914 I GameModeConfig: isGameModeOn = false
03-22 02:41:28.217 1206 1914 I GameModeConfig: isGameModeOn = false
03-22 02:41:28.225 1206 3056 D CompatibilityChangeReporter: Compat change id reported: 168419799; UID 10068; state: DISABLED
03-22 02:41:28.225 1206 3056 D CompatibilityInfo: mCompatibilityFlags - 4
03-22 02:41:28.225 1206 3056 D CompatibilityInfo: applicationDensity - 240
03-22 02:41:28.225 1206 3056 D CompatibilityInfo: applicationScale - 1.0
03-22 02:41:28.227 2343 2343 D DeviceStatisticsBootReceiver: Boot complete received. Start DeviceStatisticsService
03-22 02:41:28.229 1206 3056 D CompatibilityInfo: mCompatibilityFlags - 4
03-22 02:41:28.229 1206 3056 D CompatibilityInfo: applicationDensity - 240
03-22 02:41:28.229 1206 3056 D CompatibilityInfo: applicationScale - 1.0
03-22 02:41:28.230 2343 2343 D DeviceStatisticsService: Service started
03-22 02:41:28.231 1351 1463 D LOWI-9.0.0.87.a: [LOWINetlinkSocketReceiver] unpackRTMLinkMessage: RTM_NEWLINK - ifname vlan1, flags 0x1003 ([UP])
03-22 02:41:28.231 2343 2343 D AndroidRuntime: Shutting down VM
03-22 02:41:28.232 1206 1534 I EthernetTracker: interfaceLinkStateChanged, iface: vlan1, up: false
03-22 02:41:28.232 2343 2343 E AndroidRuntime: FATAL EXCEPTION: main
03-22 02:41:28.232 2343 2343 E AndroidRuntime: Process: com.qualcomm.qti.devicestatisticsservice, PID: 2343
03-22 02:41:28.232 2343 2343 E AndroidRuntime: java.lang.NoClassDefFoundError: Failed resolution of: Landroid/hidl/manager/V1_0/IServiceNotification$Stub;
03-22 02:41:28.232 2343 2343 E AndroidRuntime: at com.qualcomm.qti.devicestatisticsservice.DeviceStatisticsService.onStartCommand(DeviceStatisticsService.java:83)
03-22 02:41:28.232 2343 2343 E AndroidRuntime: at android.app.ActivityThread.handleServiceArgs(ActivityThread.java:4640)
03-22 02:41:28.232 2343 2343 E AndroidRuntime: at android.app.ActivityThread.access$2000(ActivityThread.java:248)
03-22 02:41:28.232 2343 2343 E AndroidRuntime: at android.app.ActivityThread$H.handleMessage(ActivityThread.java:2092)
03-22 02:41:28.232 2343 2343 E AndroidRuntime: at android.os.Handler.dispatchMessage(Handler.java:106)
03-22 02:41:28.232 2343 2343 E AndroidRuntime: at android.os.Looper.loopOnce(Looper.java:201)
03-22 02:41:28.232 2343 2343 E AndroidRuntime: at android.os.Looper.loop(Looper.java:288)
03-22 02:41:28.232 2343 2343 E AndroidRuntime: at android.app.ActivityThread.main(ActivityThread.java:7880)
03-22 02:41:28.232 2343 2343 E AndroidRuntime: at java.lang.reflect.Method.invoke(Native Method)
03-22 02:41:28.232 2343 2343 E AndroidRuntime: at com.android.internal.os.RuntimeInit$MethodAndArgsCaller.run(RuntimeInit.java:548)
03-22 02:41:28.232 2343 2343 E AndroidRuntime: at com.android.internal.os.ZygoteInit.main(ZygoteInit.java:1009)
03-22 02:41:28.232 2343 2343 E AndroidRuntime: Caused by: java.lang.ClassNotFoundException: android.hidl.manager.V1_0.IServiceNotification$Stub
03-22 02:41:28.232 2343 2343 E AndroidRuntime: ... 11 more
03-22 02:41:28.238 1206 3070 I DropBoxManagerService: add tag=system_app_crash isTagEnabled=true flags=0x2
03-22 02:41:28.239 2343 2343 I Process : Sending signal. PID: 2343 SIG: 9
03-22 02:41:28.256 1342 3028 D QSEECOMAPI: Loaded image: APP id = 8
03-22 02:41:28.257 1342 3028 I QFP : qsc_start_app: Loading app [fingerpr] succeeded
03-22 02:41:28.257 1342 3028 I QFP : openFramework: entry with eeprom_buffer_size=0
01-01 08:00:14.910 0 0 W QSEECOM : qseecom_load_app: App with id 8 (fingerpr) now loaded
03-22 02:41:28.255 3071 3071 W ip : type=1400 audit(0.0:256): avc: denied { read } for name="rt_tables" dev="dm-10" ino=355 scontext=u:r:ethernet:s0 tcontext=u:object_r:net_data_file:s0 tclass=file permissive=0
03-22 02:41:28.268 519 561 D DrmLibTime: got the req here! ret=0
03-22 02:41:28.269 519 561 D DrmLibTime: command id, time_cmd_id = 770
03-22 02:41:28.269 519 561 D DrmLibTime: time_getutcsec starts!
03-22 02:41:28.269 519 561 D DrmLibTime: QSEE Time Listener: time_getutcsec
03-22 02:41:28.269 519 561 D DrmLibTime: QSEE Time Listener: get_utc_seconds
03-22 02:41:28.269 519 561 D DrmLibTime: QSEE Time Listener: time_get_modem_time
03-22 02:41:28.269 519 561 D DrmLibTime: QSEE Time Listener: Checking if ATS_MODEM is set or not.
03-22 02:41:28.269 519 561 D QC-time-services: Lib:time_genoff_operation: pargs->base = 13
03-22 02:41:28.269 519 561 D QC-time-services: Lib:time_genoff_operation: pargs->operation = 2
03-22 02:41:28.269 519 561 D QC-time-services: Lib:time_genoff_operation: pargs->ts_val = 0
03-22 02:41:28.269 519 561 D QC-time-services: Lib:time_genoff_operation: Send to server passed!!
03-22 02:41:28.269 643 994 D QC-time-services: Daemon: Connection accepted:time_genoff
03-22 02:41:28.263 3074 3074 W ip : type=1400 audit(0.0:257): avc: denied { read } for name="rt_tables" dev="dm-10" ino=355 scontext=u:r:ethernet:s0 tcontext=u:object_r:net_data_file:s0 tclass=file permissive=0
03-22 02:41:28.269 643 3076 D QC-time-services: Daemon:Received base = 13, unit = 1, operation = 2,value = 0
03-22 02:41:28.269 643 3076 D QC-time-services: Daemon:genoff_opr: Base = 13, val = 0, operation = 2
03-22 02:41:28.269 643 3076 D QC-time-services: offset is: 0 for base: 13
03-22 02:41:28.269 519 561 E QC-time-services: Receive Passed == base = 13, unit = 1, operation = 2, result = 0
03-22 02:41:28.269 519 561 D DrmLibTime: QSEE Time Listener: ATS_MODEM is not set. Fallback to Android system time.
03-22 02:41:28.269 519 561 D DrmLibTime: QSEE Time Listener: Retrieved Android system time: 1679424088
03-22 02:41:28.269 519 561 D DrmLibTime: time_getutcsec returns 0, sec = 1679424088; nsec = 0
03-22 02:41:28.269 519 561 D DrmLibTime: time_getutcsec finished!
03-22 02:41:28.270 519 561 D DrmLibTime: iotcl_continue_command finished! and return 0
03-22 02:41:28.270 519 561 D DrmLibTime: before calling ioctl to read the next time_cmd
03-22 02:41:28.275 643 994 E QC-time-services: Daemon: Time-services: Waiting to acceptconnection
03-22 02:41:28.293 1206 3056 I ActivityManager: Process com.qualcomm.qti.devicestatisticsservice (pid 2343) has died: pers PER
03-22 02:41:28.293 1206 1559 I libprocessgroup: Successfully killed process cgroup uid 10068 pid 2343 in 0ms
03-22 02:41:28.294 1206 3056 W ActivityManager: Scheduling restart of crashed service com.qualcomm.qti.devicestatisticsservice/.DeviceStatisticsService in 0ms for persistent
03-22 02:41:28.295 1206 3056 W ActivityManager: Re-adding persistent process ProcessRecord{9b45bf4 2343:com.qualcomm.qti.devicestatisticsservice/u0a68}
03-22 02:41:28.294 865 998 E ANDR-PERF-XMLPARSER: Could not access the XML file at /vendor/etc/perf/perfmapping.xml
03-22 02:41:28.295 666 666 I Zygote : Process 2343 exited due to signal 9 (Killed)
03-22 02:41:28.297 1206 3056 D CompatibilityChangeReporter: Compat change id reported: 135634846; UID 10068; state: DISABLED
03-22 02:41:28.297 1206 3056 D CompatibilityChangeReporter: Compat change id reported: 177438394; UID 10068; state: DISABLED
03-22 02:41:28.297 1206 3056 D CompatibilityChangeReporter: Compat change id reported: 135772972; UID 10068; state: DISABLED
03-22 02:41:28.297 1206 3056 D CompatibilityChangeReporter: Compat change id reported: 135754954; UID 10068; state: ENABLED
03-22 02:41:28.297 1206 1554 D CompatibilityChangeReporter: Compat change id reported: 143937733; UID 10068; state: ENABLED
03-22 02:41:28.305 1206 1538 W ActivityTaskManager: Can't find TaskDisplayArea to determine support for multi window. Task id=1 attached=false
03-22 02:41:28.305 1206 1538 W ActivityTaskManager: Can't find TaskDisplayArea to determine support for multi window. Task id=1 attached=false
03-22 02:41:28.307 666 666 D Zygote : Forked child process 3081
03-22 02:41:28.308 1206 1554 I ActivityManager: Start proc 3081:com.qualcomm.qti.devicestatisticsservice/u0a68 for restart com.qualcomm.qti.devicestatisticsservice
03-22 02:41:28.310 865 998 E ANDR-PERF-XMLPARSER: Could not access the XML file at /vendor/etc/perf/targetsysnodesconfigs.xml
03-22 02:41:28.313 1206 1538 W Choreographer: Frame time is 0.148209 ms in the future! Check that graphics HAL is generating vsync timestamps using the correct timebase.
03-22 02:41:28.319 865 999 E ANDR-PERF-LM: AdaptiveLaunch: AdaptLaunchFeature() 74: Fast Loader enabled = 0 TapEventIgnore Status 1
03-22 02:41:28.319 3081 3081 E atisticsservic: Not starting debugger since process cannot load the jdwp agent.
03-22 02:41:28.321 865 998 E ANDR-PERF-TARGET-INIT: Error reading KPM nodes. Does KPM exist
03-22 02:41:28.321 865 998 E ANDR-PERF-OPTSDATA: Couldn't find path for idx=69
03-22 02:41:28.321 865 998 E ANDR-PERF-OPTSDATA: Couldn't find path for idx=115
03-22 02:41:28.321 865 998 E ANDR-PERF-OPTSDATA: Couldn't find path for idx=145
03-22 02:41:28.321 865 998 E ANDR-PERF-OPTSDATA: Couldn't find path for idx=146
03-22 02:41:28.321 865 998 E ANDR-PERF-OPTSDATA: Couldn't find path for idx=147
03-22 02:41:28.322 865 998 E ANDR-PERF-OPTSHANDLER: Error: Sched Frequency Aggregation support not present
03-22 02:41:28.323 509 509 I hwservicemanager: getTransport: Cannot find entry vendor.qti.memory.pasrmanager@1.1::IPasrManager/pasrhal in either framework or device VINTF manifest.
03-22 02:41:28.325 857 1060 I libdisplayconfigqti: Register client name: MPCTL865 device client: 0xb400007b46a00530
03-22 02:41:28.327 3081 3081 D ProcessState: Binder ioctl to enable oneway spam detection failed: Invalid argument
03-22 02:41:28.327 865 3098 E ANDR-PERF-MPCTL: before pthread_cond_wait 1800, chk_core_online_poll
03-22 02:41:28.328 1351 1463 D LOWI-9.0.0.87.a: [LOWINetlinkSocketReceiver] unpackRTMLinkMessage: RTM_NEWLINK - ifname vlan2, flags 0x1003 ([UP])
03-22 02:41:28.329 1206 1534 I EthernetTracker: interfaceLinkStateChanged, iface: vlan2, up: false
03-22 02:41:28.330 1206 2803 D CompatibilityInfo: mCompatibilityFlags - 4
03-22 02:41:28.330 1206 2803 D CompatibilityInfo: applicationDensity - 240
03-22 02:41:28.330 1206 2803 D CompatibilityInfo: applicationScale - 1.0
01-01 08:00:14.981 0 0 I binder : 3081:3081 ioctl 40046210 7fe6919f64 returned -22
03-22 02:41:28.331 1206 2803 D CompatibilityInfo: mCompatibilityFlags - 4
03-22 02:41:28.331 1206 2803 D CompatibilityInfo: applicationDensity - 240
03-22 02:41:28.331 1206 2803 D CompatibilityInfo: applicationScale - 1.0
03-22 02:41:28.337 3081 3081 D CompatibilityChangeReporter: Compat change id reported: 171979766; UID 10068; state: ENABLED
03-22 02:41:28.340 3081 3081 D nativeloader: classloader namespace configured for unbundled product apk. library_path=/product/app/DeviceStatisticsService/lib/arm64:/product/lib64:/system/product/lib64
03-22 02:41:28.343 3081 3081 I Perf : Connecting to perf service.
03-22 02:41:28.345 3081 3081 V GraphicsEnvironment: ANGLE Developer option for 'com.qualcomm.qti.devicestatisticsservice' set to: 'default'
03-22 02:41:28.345 3081 3081 V GraphicsEnvironment: ANGLE GameManagerService for com.qualcomm.qti.devicestatisticsservice: false
03-22 02:41:28.346 3081 3081 D NetworkSecurityConfig: No Network Security Config specified, using platform default
03-22 02:41:28.346 3081 3081 D NetworkSecurityConfig: No Network Security Config specified, using platform default
03-22 02:41:28.346 2002 2002 W Choreographer: Frame time is 0.228347 ms in the future! Check that graphics HAL is generating vsync timestamps using the correct timebase.
03-22 02:41:28.350 509 509 I hwservicemanager: Since vendor.qti.hardware.iop@2.0::IIop/default is not registered, trying to start it as a lazy HAL.
03-22 02:41:28.350 1265 2324 E ANDR-IOP: IIop:: Iop HAL Service is not available.
03-22 02:41:28.353 1351 1463 D LOWI-9.0.0.87.a: [LOWINetlinkSocketReceiver] unpackRTMLinkMessage: RTM_NEWLINK - ifname vlan2, flags 0x1003 ([UP])
03-22 02:41:28.353 1206 1534 I EthernetTracker: interfaceLinkStateChanged, iface: vlan2, up: false
03-22 02:41:28.354 865 3107 E ANDR-PERF-LM: THERMAL_LISTENER: listener_thread_callback() 185: connect error: No such file or directory
03-22 02:41:28.355 509 3106 W libc : Unable to set property "ctl.interface_start" to "vendor.qti.hardware.iop@2.0::IIop/default": error code: 0x20
03-22 02:41:28.356 509 3106 I hwservicemanager: Tried to start vendor.qti.hardware.iop@2.0::IIop/default as a lazy service, but was unable to. Usually this happens when a service is not installed, but if the service is intended to be used as a lazy service, then it may be configured incorrectly.
03-22 02:41:28.359 865 999 W ANDR-PERF-LM: FeatureState: writeState() 188: GameOptimization: State transition not allowed
03-22 02:41:28.359 865 999 W ANDR-PERF-LM: FeatureState: writeState() 188: GameOptimization: State transition not allowed
03-22 02:41:28.359 865 999 W ANDR-PERF-LM: FeatureState: writeState() 188: GameOptimization: State transition not allowed
03-22 02:41:28.369 1342 3028 E QFP : qfpCommand: error from send_command_to_tz: 0, QFP result -11 on (0 0)
03-22 02:41:28.369 1342 3028 I QFP : close: close, usecase 3 options 0
03-22 02:41:28.369 1342 3028 I QFP : closeHandle: closeHandle (0 0)
03-22 02:41:28.370 1351 1463 D LOWI-9.0.0.87.a: [LOWINetlinkSocketReceiver] unpackRTMLinkMessage: RTM_NEWLINK - ifname vlan2, flags 0x1003 ([UP])
03-22 02:41:28.371 1206 1534 I EthernetTracker: interfaceLinkStateChanged, iface: vlan2, up: false
03-22 02:41:28.379 1342 3028 D QSEECOMAPI: QSEECom_dealloc_memory
03-22 02:41:28.379 1342 3028 D QSEECOMAPI: QSEECom_shutdown_app, app_id = 8
03-22 02:41:28.384 1351 1463 D LOWI-9.0.0.87.a: [LOWINetlinkSocketReceiver] unpackRTMLinkMessage: RTM_NEWLINK - ifname vlan2, flags 0x1003 ([UP])
03-22 02:41:28.385 1206 1534 I EthernetTracker: interfaceLinkStateChanged, iface: vlan2, up: false
03-22 02:41:28.397 1342 3028 E QFP : Dropping unsupported QBT command
03-22 02:41:28.397 1342 3028 I QFP : openFramework:QFP TZ VERSION: 3.0.3.39
03-22 02:41:28.397 1342 3028 E QFP : releaseWakelock: qbt sensor handle is invalid
03-22 02:41:28.397 1342 3028 E QFP : qfp_init failed -1
03-22 02:41:28.397 1342 3028 I QFP : QfpThreadOptimize::invoke: entry.
03-22 02:41:28.397 1342 3028 I QFP : QfpThreadOptimize::invoke: QFP not initialized, exiting Optimize thread
03-22 02:41:28.397 1342 3028 I QFP : QfpThreadErieEvent::invoke: entry.
03-22 02:41:28.397 1342 3028 I QFP : QfpThreadErieEvent::invoke: QFP not initialized, exiting ErieEvent thread
03-22 02:41:28.397 1342 1342 I QFP : notifyPowerState: 2
03-22 02:41:28.397 1342 1342 I QFP : notifyPowerState: 2
03-22 02:41:28.397 1342 1342 I QFP : notifyPowerState: screen state 2
01-01 08:00:15.051 0 0 W QSEECOM : __qseecom_unload_app: App (8) is unloaded
01-01 08:00:15.051 0 0 D qbt : qbt_release: entry minor_no=0 fd_available=0
03-22 02:41:28.397 1342 1342 E QFP : set active group call error -1
01-01 08:00:15.051 0 0 D qbt : qbt_release: Releasing wakelock
03-22 02:41:28.398 1342 3119 I QFP : QfpThreadOptimize::invoke: entry.
03-22 02:41:28.398 1342 3119 I QFP : QfpThreadOptimize::invoke: QFP not initialized, exiting Optimize thread
03-22 02:41:28.398 1342 3119 I QFP : QfpThreadErieEvent::invoke: entry.
01-01 08:00:15.051 0 0 D qbt : qbt_release: exit : fd_available=1
03-22 02:41:28.398 1342 3119 I QFP : QfpThreadErieEvent::invoke: QFP not initialized, exiting ErieEvent thread
03-22 02:41:28.398 1206 1206 W Looper : Slow dispatch took 284ms main h=android.os.Handler c=com.android.server.biometrics.sensors.BiometricScheduler$InternalCallback$$ExternalSyntheticLambda0@959b26b m=0
01-01 08:00:15.051 0 0 D qbt : qbt_release: entry minor_no=1 fd_available=1
01-01 08:00:15.051 0 0 D qbt : qbt_release: exit : fd_available=1
03-22 02:41:28.400 1206 1206 V NotificationAssistants: 0 notification assistant service connected: ComponentInfo{android.ext.services/android.ext.services.notification.Assistant}
03-22 02:41:28.400 1206 1206 D BluetoothManagerService: Bluetooth Adapter address changed to 22:22:BB:40:2F:F8
03-22 02:41:28.401 1206 1206 D BluetoothManagerService: Stored Bluetoothaddress: 22:22:BB:40:2F:F8
03-22 02:41:28.401 1206 1206 D BluetoothManagerService: Bluetooth Adapter name changed to 楂樺悎濞变箰鍓睆 by android
03-22 02:41:28.401 1206 1206 D BluetoothManagerService: Stored Bluetooth name: 楂樺悎濞变箰鍓睆
03-22 02:41:28.401 1206 1206 D BluetoothManagerService: Bluetooth Adapter address changed to 22:22:BB:40:2F:F8
03-22 02:41:28.401 1206 1206 D BluetoothManagerService: Stored Bluetoothaddress: 22:22:BB:40:2F:F8
03-22 02:41:28.401 1206 1206 D CompanionDeviceManagerService: Received BT state transition broadcast: BLE_TURNING_ON -> BLE_ON
03-22 02:41:28.402 1206 1206 I CompanionDeviceManagerService: startBleScan()
03-22 02:41:28.402 1206 1206 D BluetoothManagerService: BluetoothServiceConnection: com.android.bluetooth.gatt.GattService
03-22 02:41:28.402 1206 1536 D BluetoothManagerService: MESSAGE_BLUETOOTH_SERVICE_CONNECTED: 2
03-22 02:41:28.402 1206 1536 D BluetoothManagerService: continueFromBleOnState()
03-22 02:41:28.404 1988 2001 D BluetoothAdapterService: updateQuietModeStatus()-updateQuietModeStatus called with quiet mode status:false
03-22 02:41:28.405 1351 1463 D LOWI-9.0.0.87.a: [LOWINetlinkSocketReceiver] unpackRTMLinkMessage: RTM_NEWLINK - ifname vlan2, flags 0x1003 ([UP])
03-22 02:41:28.405 1206 1536 D BluetoothManagerService: Persisting Bluetooth Setting: 1
03-22 02:41:28.406 1206 1534 I EthernetTracker: interfaceLinkStateChanged, iface: vlan2, up: false
01-01 08:00:15.063 0 0 D qbt : qbt_open: entry minor_no=0 fd_available=1
01-01 08:00:15.063 0 0 D qbt : qbt_open: exit : 0 fd_available=0
01-01 08:00:15.063 0 0 D qbt : qbt_open: entry minor_no=1 fd_available=0
01-01 08:00:15.063 0 0 D qbt : qbt_open: exit : 0 fd_available=0
01-01 08:00:15.063 0 0 D qbt : qbt_ioctl: cmd received 107
01-01 08:00:15.063 0 0 D qbt : qbt_ioctl: Acquiring wakelock
03-22 02:41:28.407 1206 1206 D BiometricScheduler/Fingerprint21: [Finishing] {[1] FingerprintUpdateActiveUserClient, proto=1, owner=android, cookie=0, requestId=-1, userId=0}, success: true
03-22 02:41:28.407 1206 1206 D BiometricScheduler/Fingerprint21: [Polled] {[2] FingerprintInternalCleanupClient, proto=7, owner=android, cookie=0, requestId=-1, userId=0}, State: 0
03-22 02:41:28.407 1206 1206 D BiometricScheduler/Fingerprint21: [Starting] {[2] FingerprintInternalCleanupClient, proto=7, owner=android, cookie=0, requestId=-1, userId=0}, State: 0
03-22 02:41:28.407 1206 1206 D BiometricScheduler/Fingerprint21: [Started] {[2] FingerprintInternalCleanupClient, proto=7, owner=android, cookie=0, requestId=-1, userId=0}
03-22 02:41:28.408 1206 1206 D Biometrics/InternalCleanupClient: Starting enumerate: {[3] FingerprintInternalEnumerateClient, proto=6, owner=android, cookie=0, requestId=-1, userId=0}
03-22 02:41:28.408 1342 1342 I QFP : notifyPowerState: 2
03-22 02:41:28.408 1342 1342 I QFP : notifyPowerState: 2
03-22 02:41:28.408 1342 1342 I QFP : notifyPowerState: 2
03-22 02:41:28.408 1342 1342 I QFP : notifyPowerState: screen state 2
03-22 02:41:28.408 1988 2081 I BluetoothVendorJni: bredrstartupNative
03-22 02:41:28.408 1988 2081 I bt_btif_vendor: bredrstartup
03-22 02:41:28.408 1206 1206 W Looper : Drained
03-22 02:41:28.408 1342 3122 I QFP : Initializing QFP framework, container 0 handle 0
03-22 02:41:28.408 1342 3122 I QFP : getPersistPropVal: persist.vendor.qfp.qbt_fd_name = /dev/qbt_fd (default /dev/qbt_fd)
03-22 02:41:28.408 1988 2081 I AdapterState: TURNING_ON : entered
03-22 02:41:28.408 1988 2081 D AdapterProperties: Setting state to TURNING_ON
03-22 02:41:28.409 1342 3122 I QFP : getPersistPropVal: persist.vendor.qfp.qbt_ipc_name = /dev/qbt_ipc (default /dev/qbt_ipc)
03-22 02:41:28.409 1342 3122 E QFP : Dropping unsupported QBT command
03-22 02:41:28.409 1988 2081 D BluetoothAdapterService: updateAdapterState() - Broadcasting state TURNING_ON to 1 receivers.
03-22 02:41:28.410 1988 2081 D BluetoothAdapterService: startCoreServices()
03-22 02:41:28.410 1206 1536 D BluetoothManagerService: MESSAGE_BLUETOOTH_STATE_CHANGE: BLE_ON > TURNING_ON
03-22 02:41:28.410 1206 1536 D BluetoothManagerService: Sending BLE State Change: BLE_ON > TURNING_ON
03-22 02:41:28.410 1988 2081 I AdapterServiceConfig: Stereo recording and unicast features are disabled in Host AddOn features
03-22 02:41:28.410 1988 2081 I AdapterServiceConfig: BCA disabled in Host AddOn features
03-22 02:41:28.410 1988 2081 I AdapterServiceConfig: BCS disabled in Host AddOn features
03-22 02:41:28.410 1206 1536 D BluetoothManagerService: Sending State Change: OFF > TURNING_ON
03-22 02:41:28.411 1206 1206 D CompanionDeviceManagerService: Received BT state transition broadcast: BLE_ON -> TURNING_ON
03-22 02:41:28.412 1342 3122 D QSEECOMAPI: QSEECom_get_handle sb_length = 0x40000
03-22 02:41:28.412 1342 3122 D QSEECOMAPI: App is not loaded in QSEE
03-22 02:41:28.412 1342 3122 D QSEECOMAPI: app_arch = 2, total_files = 9
03-22 02:41:28.412 1342 3122 E ion : ioctl c0044901 failed with code -1: Inappropriate ioctl for device
03-22 02:41:28.413 2002 2002 D InterruptionStateProvider: No alerting: filtered notification: -1|android|26|null|1000
03-22 02:41:28.414 2002 2002 D InterruptionStateProvider: No alerting: filtered notification: -1|android|26|null|1000
03-22 02:41:28.415 2002 2002 D KeyguardViewMediator: adjustStatusBarLocked: mShowing=false mOccluded=false isSecure=false force=false --> flags=0x0
03-22 02:41:28.418 1988 2187 D BluetoothActiveDeviceManager: handleMessage(MESSAGE_ADAPTER_ACTION_STATE_CHANGED): newState=11
03-22 02:41:28.419 1206 2026 D CompatibilityChangeReporter: Compat change id reported: 168419799; UID 1000; state: DISABLED
03-22 02:41:28.419 1206 2026 D CompatibilityInfo: mCompatibilityFlags - 4
03-22 02:41:28.419 1206 2026 D CompatibilityInfo: applicationDensity - 240
03-22 02:41:28.419 1206 2026 D CompatibilityInfo: applicationScale - 1.0
03-22 02:41:28.420 1206 1206 D NetworkSecurityConfig: No Network Security Config specified, using platform default
03-22 02:41:28.422 1206 1206 E BootReceiver: Could not open /sys/kernel/tracing/instances/bootreceiver/trace_pipe
03-22 02:41:28.422 1206 1206 E BootReceiver: android.system.ErrnoException: open failed: ENOENT (No such file or directory)
03-22 02:41:28.422 1206 1206 E BootReceiver: at libcore.io.Linux.open(Native Method)
03-22 02:41:28.422 1206 1206 E BootReceiver: at libcore.io.ForwardingOs.open(ForwardingOs.java:567)
03-22 02:41:28.422 1206 1206 E BootReceiver: at libcore.io.BlockGuardOs.open(BlockGuardOs.java:273)
03-22 02:41:28.422 1206 1206 E BootReceiver: at android.system.Os.open(Os.java:501)
03-22 02:41:28.422 1206 1206 E BootReceiver: at com.android.server.BootReceiver.onReceive(BootReceiver.java:167)
03-22 02:41:28.422 1206 1206 E BootReceiver: at android.app.ActivityThread.handleReceiver(ActivityThread.java:4309)
03-22 02:41:28.422 1206 1206 E BootReceiver: at android.app.ActivityThread.access$1600(ActivityThread.java:248)
03-22 02:41:28.422 1206 1206 E BootReceiver: at android.app.ActivityThread$H.handleMessage(ActivityThread.java:2065)
03-22 02:41:28.422 1206 1206 E BootReceiver: at android.os.Handler.dispatchMessage(Handler.java:106)
03-22 02:41:28.422 1206 1206 E BootReceiver: at android.os.Looper.loopOnce(Looper.java:201)
03-22 02:41:28.422 1206 1206 E BootReceiver: at android.os.Looper.loop(Looper.java:288)
03-22 02:41:28.422 1206 1206 E BootReceiver: at com.android.server.SystemServer.run(SystemServer.java:909)
03-22 02:41:28.422 1206 1206 E BootReceiver: at com.android.server.SystemServer.main(SystemServer.java:616)
03-22 02:41:28.422 1206 1206 E BootReceiver: at java.lang.reflect.Method.invoke(Native Method)
03-22 02:41:28.422 1206 1206 E BootReceiver: at com.android.internal.os.RuntimeInit$MethodAndArgsCaller.run(RuntimeInit.java:548)
03-22 02:41:28.422 1206 1206 E BootReceiver: at com.android.internal.os.ZygoteInit.main(ZygoteInit.java:987)
03-22 02:41:28.423 1206 1553 I DropBoxManagerService: add tag=system_server_wtf isTagEnabled=true flags=0x2
03-22 02:41:28.424 1206 1206 D CompatibilityInfo: mCompatibilityFlags - 4
03-22 02:41:28.424 1206 1206 D CompatibilityInfo: applicationDensity - 240
03-22 02:41:28.424 1206 1206 D CompatibilityInfo: applicationScale - 1.0
03-22 02:41:28.428 1988 2081 D AdapterServiceConfig: adv_audio_feature_mask = 0
03-22 02:41:28.428 1988 2081 D BluetoothAdapterService: Calling setProfileServiceState for: HeadsetService
03-22 02:41:28.428 1206 3125 I RecoverySystem: No recovery log file
01-01 08:00:15.083 0 0 W QSEECOM : qseecom_load_app: App (fingerpr) does'nt exist, loading apps for first time
03-22 02:41:28.432 1206 1552 I system_server: Using smaps_rollup for pss collection
03-22 02:41:28.432 1351 1463 D LOWI-9.0.0.87.a: [LOWINetlinkSocketReceiver] unpackRTMLinkMessage: RTM_NEWLINK - ifname vlan2, flags 0x1003 ([UP])
03-22 02:41:28.433 1206 1534 I EthernetTracker: interfaceLinkStateChanged, iface: vlan2, up: false
03-22 02:41:28.435 1206 2803 D CompatibilityInfo: mCompatibilityFlags - 4
03-22 02:41:28.435 1206 2803 D CompatibilityInfo: applicationDensity - 240
03-22 02:41:28.435 1206 2803 D CompatibilityInfo: applicationScale - 1.0
03-22 02:41:28.437 1988 2081 D BluetoothAdapterService: Calling setProfileServiceState for: A2dpService
03-22 02:41:28.437 1988 1988 I HeadsetService: create()
03-22 02:41:28.437 1988 1988 I BluetoothVendorHfJni: classInitNative: succeeds
03-22 02:41:28.438 1988 1988 D HeadsetService: Received start request. Starting profile...
03-22 02:41:28.440 865 998 E ANDR-PERF-HINTEXT: FPS Switch Hysteresis time < 1 secs, ignore it
03-22 02:41:28.442 1206 2803 D CompatibilityInfo: mCompatibilityFlags - 4
03-22 02:41:28.442 1206 2803 D CompatibilityInfo: applicationDensity - 240
03-22 02:41:28.442 1206 2803 D CompatibilityInfo: applicationScale - 1.0
03-22 02:41:28.442 1206 3125 I DropBoxManagerService: add tag=SYSTEM_BOOT isTagEnabled=true flags=0x2
03-22 02:41:28.443 1988 2081 D BluetoothAdapterService: Calling setProfileServiceState for: HidHostService
