03-22 02:44:08.341 645 660 I mpu_uart: [MSG-P:RECV]:No message received in 1000 ms
03-22 02:44:08.365 4125 4187 D BufferPoolAccessor2.0: bufferpool2 0xb400007cc74200a8 : 0(0 size) total buffers - 0(0 size) used buffers - 3/7 (recycle/alloc) - 4/36 (fetch/transfer)
03-22 02:44:08.365 4125 4187 D BufferPoolAccessor2.0: bufferpool2 0xb400007cc741d708 : 0(0 size) total buffers - 0(0 size) used buffers - 3/7 (recycle/alloc) - 4/38 (fetch/transfer)
03-22 02:44:08.365 4125 4187 D BufferPoolAccessor2.0: evictor expired: 2, evicted: 2
03-22 02:44:08.366 2116 3671 D BufferPoolAccessor2.0: evictor expired: 1, evicted: 0
03-22 02:44:08.430 645 659 I mpu_uart: [MSG-P:R]:recv sync frame timeout
03-22 02:44:08.443 1237 1237 W cnss_diag: type=1400 audit(0.0:488): avc: denied { getattr } for path="/data/vendor/wifi/wlan_logs" dev="dm-10" ino=384 scontext=u:r:vendor_wcnss_service:s0 tcontext=u:object_r:vendor_wifi_vendor_log_data_file:s0 tclass=dir permissive=0
03-22 02:44:08.448 1237 1237 I CNSS : failed to open file a+ mode or file size 0 is less than max_file_size 31457280
03-22 02:44:08.448 1237 1237 I CNSS : Failed to open file /data/vendor/wifi/wlan_logs/cnss_fw_logs_current.txt: 13
03-22 02:44:08.443 1237 1237 W cnss_diag: type=1400 audit(0.0:489): avc: denied { read } for name="wlan_logs" dev="dm-10" ino=384 scontext=u:r:vendor_wcnss_service:s0 tcontext=u:object_r:vendor_wifi_vendor_log_data_file:s0 tclass=dir permissive=0
03-22 02:44:08.443 1237 1237 W cnss_diag: type=1400 audit(0.0:490): avc: denied { search } for name="wlan_logs" dev="dm-10" ino=384 scontext=u:r:vendor_wcnss_service:s0 tcontext=u:object_r:vendor_wifi_vendor_log_data_file:s0 tclass=dir permissive=0
03-22 02:44:08.673 1337 1453 E tlogd : [TzLogger](isPathReadable) file /sys/kernel/debug/tzdbg/qsee_log isn't exist or no permission, err: No such file or directory
03-22 02:44:08.673 1337 1453 E tlogd : [TzLogger](saveTzlogAsync) /sys/kernel/debug/tzdbg/qsee_log can not read.
03-22 02:44:08.673 1337 1453 E tlogd : [TzLogger](isPathReadable) file /sys/kernel/debug/tzdbg/log isn't exist or no permission, err: No such file or directory
03-22 02:44:08.673 1337 1453 E tlogd : [TzLogger](saveTzlogAsync) /sys/kernel/debug/tzdbg/log can not read.
03-22 02:44:09.106 1309 1752 D BufferPoolAccessor2.0: bufferpool2 0xb400006da8976628 : 0(0 size) total buffers - 0(0 size) used buffers - 5/7 (recycle/alloc) - 2/6 (fetch/transfer)
03-22 02:44:09.107 1309 1752 D BufferPoolAccessor2.0: bufferpool2 0xb400006da8973c88 : 0(0 size) total buffers - 0(0 size) used buffers - 16/17 (recycle/alloc) - 1/16 (fetch/transfer)
03-22 02:44:09.107 1309 1752 D BufferPoolAccessor2.0: bufferpool2 0xb400006da8976188 : 0(0 size) total buffers - 0(0 size) used buffers - 14/16 (recycle/alloc) - 2/15 (fetch/transfer)
03-22 02:44:09.107 1309 1752 D BufferPoolAccessor2.0: evictor expired: 3, evicted: 3
03-22 02:44:09.190 1268 3903 I OMX-VENC: venc_dev: stats: avg. fps 59.50, bitrate 1356880
03-22 02:44:09.234 2757 2757 W hpplay-java: [main]:IPManager:getActiveNets invalid networkInfo:null
03-22 02:44:09.234 2757 2757 I hpplay-java: [main]:IPManager:getActiveNets eth0:false wifi:false mobile:false ap:false
03-22 02:44:09.234 2757 2757 I hpplay-java: [main]:ServerTaskManager:get local ip:null
03-22 02:44:09.341 645 660 I mpu_uart: [MSG-P:RECV]:No message received in 1000 ms
03-22 02:44:09.365 4125 4187 D BufferPoolAccessor2.0: bufferpool2 0xb400007cc741f518 : 0(0 size) total buffers - 0(0 size) used buffers - 1/7 (recycle/alloc) - 6/18 (fetch/transfer)
03-22 02:44:09.365 4125 4187 D BufferPoolAccessor2.0: evictor expired: 1, evicted: 1
03-22 02:44:09.669 1206 4114 I thunderperf: Maybe need boostperf for current app!
03-22 02:44:09.669 2116 4122 D FgBoostPerfService: [FgBoostPerfService.perfBoostAcq]start: stat=true pkgName=com.microsoft.emmx
03-22 02:44:09.669 2116 4122 I FgBoostPerfService: [FgBoostPerfService.perfBoostAcq] not game-mode or game app!
03-22 02:44:09.669 1206 4114 I ThunderPerfManager: PerfAcq error : state=true pkgName=com.microsoft.emmx
03-22 02:44:09.670 2116 4122 I FgBoostPerfService: [GetGpuMode] isMode=0 isGame=false mGpuMode=0
03-22 02:44:09.671 2116 4122 I FgBoostPerfService: [GetGpuDpiType] isMode=0 isGame=false mGpuDpiType=0
03-22 02:44:09.672 2116 3674 I FgBoostPerfService: [GetGpuDpiType] isMode=0 isGame=false mGpuStandardValue=0
03-22 02:44:09.672 1206 4114 I thunderperf: Current app pkgName=com.microsoft.emmx bm:com.thundercomm.perf.BoostPerfManager@3827663 gpuMode=-1 gpuType=-1 gpuStandardVal=-1
03-22 02:44:09.672 1206 4114 I ThunderBoostPerfService: Resolution: Uid=10079 Pid=2566 gMode=-1 dType=-1 gpuStandardVal=-1
03-22 02:44:09.673 1206 4114 I thunderperf: PlatormCompat.setOverrides: Uid1=10079 Pid1=2566 Uid2=10079 Pid2=2566
03-22 02:44:09.673 1206 4114 I thunderperf: PlatormCompat.setOverrides: needCheck:false
03-22 02:44:09.673 1206 4114 I thunderperf: CompatConfig.addOverrideUnsafe: bef-state=1
03-22 02:44:09.674 1206 4114 E thunderperf: CompatConfig.addOverrideUnsafe: exception:java.lang.SecurityException: Cannot override a change on a non-debuggable app and user build.
03-22 02:44:09.674 1206 4114 I thunderperf: CompatConfig.addOverrideUnsafe: aft-state=1
03-22 02:44:09.676 1206 4114 I thunderperf: CompatConfig.addOverrideUnsafe: bef-state=1
03-22 02:44:09.676 1206 4114 E thunderperf: CompatConfig.addOverrideUnsafe: exception:java.lang.SecurityException: Cannot override a change on a non-debuggable app and user build.
03-22 02:44:09.676 1206 4114 I thunderperf: CompatConfig.addOverrideUnsafe: aft-state=1
03-22 02:44:09.677 1206 4114 I thunderperf: CompatConfig.addOverrideUnsafe: bef-state=1
03-22 02:44:09.677 1206 4114 E thunderperf: CompatConfig.addOverrideUnsafe: exception:java.lang.SecurityException: Cannot override a change on a non-debuggable app and user build.
03-22 02:44:09.677 1206 4114 I thunderperf: CompatConfig.addOverrideUnsafe: aft-state=1
03-22 02:44:09.678 1206 4114 I thunderperf: CompatConfig.addOverrideUnsafe: bef-state=1
03-22 02:44:09.679 1206 4114 E thunderperf: CompatConfig.addOverrideUnsafe: exception:java.lang.SecurityException: Cannot override a change on a non-debuggable app and user build.
03-22 02:44:09.679 1206 4114 I thunderperf: CompatConfig.addOverrideUnsafe: aft-state=1
03-22 02:44:09.680 1206 4114 I thunderperf: CompatConfig.addOverrideUnsafe: bef-state=1
03-22 02:44:09.680 1206 4114 E thunderperf: CompatConfig.addOverrideUnsafe: exception:java.lang.SecurityException: Cannot override a change on a non-debuggable app and user build.
03-22 02:44:09.680 1206 4114 I thunderperf: CompatConfig.addOverrideUnsafe: aft-state=1
03-22 02:44:09.680 1206 4114 I thunderperf: CompatConfig.addOverrideUnsafe: bef-state=1
03-22 02:44:09.681 1206 4114 E thunderperf: CompatConfig.addOverrideUnsafe: exception:java.lang.SecurityException: Cannot override a change on a non-debuggable app and user build.
03-22 02:44:09.681 1206 4114 I thunderperf: CompatConfig.addOverrideUnsafe: aft-state=1
03-22 02:44:09.682 1206 4114 I thunderperf: CompatConfig.addOverrideUnsafe: bef-state=1
03-22 02:44:09.682 1206 4114 E thunderperf: CompatConfig.addOverrideUnsafe: exception:java.lang.SecurityException: Cannot override a change on a non-debuggable app and user build.
03-22 02:44:09.682 1206 4114 I thunderperf: CompatConfig.addOverrideUnsafe: aft-state=1
03-22 02:44:09.683 1206 4114 I thunderperf: CompatConfig.addOverrideUnsafe: bef-state=1
03-22 02:44:09.683 1206 4114 E thunderperf: CompatConfig.addOverrideUnsafe: exception:java.lang.SecurityException: Cannot override a change on a non-debuggable app and user build.
03-22 02:44:09.683 1206 4114 I thunderperf: CompatConfig.addOverrideUnsafe: aft-state=1
03-22 02:44:09.683 1206 4114 I thunderperf: CompatConfig.addOverrideUnsafe: bef-state=1
03-22 02:44:09.684 1206 4114 E thunderperf: CompatConfig.addOverrideUnsafe: exception:java.lang.SecurityException: Cannot override a change on a non-debuggable app and user build.
03-22 02:44:09.684 1206 4114 I thunderperf: CompatConfig.addOverrideUnsafe: aft-state=1
03-22 02:44:09.684 1206 4114 I thunderperf: CompatConfig.addOverrideUnsafe: bef-state=1
03-22 02:44:09.684 1206 4114 E thunderperf: CompatConfig.addOverrideUnsafe: exception:java.lang.SecurityException: Cannot override a change on a non-debuggable app and user build.
03-22 02:44:09.684 1206 4114 I thunderperf: CompatConfig.addOverrideUnsafe: aft-state=1
03-22 02:44:09.685 1206 4114 I thunderperf: CompatConfig.addOverrideUnsafe: bef-state=1
03-22 02:44:09.685 1206 4114 E thunderperf: CompatConfig.addOverrideUnsafe: exception:java.lang.SecurityException: Cannot override a change on a non-debuggable app and user build.
03-22 02:44:09.685 1206 4114 I thunderperf: CompatConfig.addOverrideUnsafe: aft-state=1
03-22 02:44:09.685 1206 4114 I thunderperf: CompatConfig.addOverrideUnsafe: bef-state=1
03-22 02:44:09.685 1206 4114 E thunderperf: CompatConfig.addOverrideUnsafe: exception:java.lang.SecurityException: Cannot override a change on a non-debuggable app and user build.
03-22 02:44:09.685 1206 4114 I thunderperf: CompatConfig.addOverrideUnsafe: aft-state=1
03-22 02:44:09.686 1206 4114 I thunderperf: CompatConfig.addOverrideUnsafe: bef-state=1
03-22 02:44:09.686 1206 4114 E thunderperf: CompatConfig.addOverrideUnsafe: exception:java.lang.SecurityException: Cannot override a change on a non-debuggable app and user build.
03-22 02:44:09.686 1206 4114 I thunderperf: CompatConfig.addOverrideUnsafe: aft-state=1
03-22 02:44:09.686 1206 4114 I thunderperf: CompatConfig.addOverrideUnsafe: bef-state=1
03-22 02:44:09.687 1206 4114 E thunderperf: CompatConfig.addOverrideUnsafe: exception:java.lang.SecurityException: Cannot override a change on a non-debuggable app and user build.
03-22 02:44:09.687 1206 4114 I thunderperf: CompatConfig.addOverrideUnsafe: aft-state=1
03-22 02:44:09.689 1206 4114 I ThunderBoostPerfService: Disable downscaling com.microsoft.emmx to 2380x1020
03-22 02:44:09.690 1206 4114 I ActivityTaskManager: START u0 {act=android.intent.action.MAIN cat=[android.intent.category.LAUNCHER] flg=0x10200000 cmp=com.microsoft.emmx/com.microsoft.ruby.Main bnds=[126,96][426,386]} from uid 10079
03-22 02:44:09.690 1206 1537 I EventSequenceValidator: inc AccIntentStartedEvents to 2
03-22 02:44:09.700 1206 4114 E ANDR-PERF-JNI: com_qualcomm_qtiperformance_native_perf_io_prefetch_start
03-22 02:44:09.700 1206 4114 W ActivityTaskManager: Can't find TaskDisplayArea to determine support for multi window. Task id=16 attached=false
03-22 02:44:09.702 1206 4114 D CompatibilityChangeReporter: Compat change id reported: 174042980; UID 10036; state: DISABLED
03-22 02:44:09.702 1206 4114 D CompatibilityChangeReporter: Compat change id reported: 184838306; UID 10036; state: DISABLED
03-22 02:44:09.702 1206 4114 D CompatibilityChangeReporter: Compat change id reported: 185004937; UID 10036; state: DISABLED
03-22 02:44:09.703 1206 4114 D CompatibilityChangeReporter: Compat change id reported: 181136395; UID 10036; state: DISABLED
03-22 02:44:09.703 1206 4114 D CompatibilityChangeReporter: Compat change id reported: 174042936; UID 10036; state: DISABLED
03-22 02:44:09.704 1206 4114 D CompatibilityChangeReporter: Compat change id reported: 168419799; UID 10036; state: DISABLED
03-22 02:44:09.704 1206 4114 D CompatibilityInfo: mCompatibilityFlags - 4
03-22 02:44:09.704 1206 4114 D CompatibilityInfo: applicationDensity - 240
03-22 02:44:09.704 1206 4114 D CompatibilityInfo: applicationScale - 1.0
03-22 02:44:09.704 1206 4114 D ActivityTrigger: ActivityTrigger activityPauseTrigger
03-22 02:44:09.706 859 3267 E ANDR-IOP: io prefetch is disabled
03-22 02:44:09.707 1206 2165 W FreeFormWindowHelper: Current Display FreeFormTask is null
03-22 02:44:09.710 1206 1537 D CompatibilityChangeReporter: Compat change id reported: 135634846; UID 10036; state: DISABLED
03-22 02:44:09.710 1206 1537 D CompatibilityChangeReporter: Compat change id reported: 177438394; UID 10036; state: DISABLED
03-22 02:44:09.710 1206 1537 D CompatibilityChangeReporter: Compat change id reported: 135772972; UID 10036; state: DISABLED
03-22 02:44:09.711 1206 1537 D CompatibilityChangeReporter: Compat change id reported: 135754954; UID 10036; state: ENABLED
03-22 02:44:09.711 1206 1554 D CompatibilityChangeReporter: Compat change id reported: 143937733; UID 10036; state: ENABLED
03-22 02:44:09.711 1206 4114 I ActivityTaskManager: FOREGROUND_APPLICATION_CHANGED to org.chromium.chrome.browser.ChromeTabbedActivity
03-22 02:44:09.716 666 666 D Zygote : Forked child process 4317
03-22 02:44:09.717 1206 1554 I ActivityManager: Start proc 4317:com.microsoft.emmx/u0a36 for pre-top-activity {com.microsoft.emmx/com.microsoft.ruby.Main}
03-22 02:44:09.719 1206 4318 W ContextImpl: Calling a method in the system process without a qualified user: android.app.ContextImpl.sendBroadcast:1173 com.qualcomm.qti.Performance$SendGameLaunchBroadcast.run:217 java.lang.Thread.run:920
03-22 02:44:09.726 2870 3633 W SQLiteLog: (28) double-quoted string literal: "com.microsoft.emmx"
03-22 02:44:09.729 1228 1228 I perfetto: ing_service_impl.cc:912 Configured tracing session 1, #sources:1, duration:5000 ms, #buffers:1, total buffer size:4096 KB, total sessions:1, uid:1071 session name: ""
03-22 02:44:09.727 1227 1227 W traced_probes: type=1400 audit(0.0:491): avc: denied { read } for name="format" dev="tracefs" ino=7440 scontext=u:r:traced_probes:s0 tcontext=u:object_r:debugfs_tracing_debug:s0 tclass=file permissive=0
03-22 02:44:09.727 1227 1227 W traced_probes: type=1400 audit(0.0:492): avc: denied { read } for name="format" dev="tracefs" ino=7428 scontext=u:r:traced_probes:s0 tcontext=u:object_r:debugfs_tracing_debug:s0 tclass=file permissive=0
03-22 02:44:09.727 1227 1227 W traced_probes: type=1400 audit(0.0:493): avc: denied { read } for name="format" dev="tracefs" ino=7434 scontext=u:r:traced_probes:s0 tcontext=u:object_r:debugfs_tracing_debug:s0 tclass=file permissive=0
03-22 02:44:09.727 1227 1227 W traced_probes: type=1400 audit(0.0:494): avc: denied { read } for name="format" dev="tracefs" ino=7446 scontext=u:r:traced_probes:s0 tcontext=u:object_r:debugfs_tracing_debug:s0 tclass=file permissive=0
03-22 02:44:09.727 1227 1227 W traced_probes: type=1400 audit(0.0:495): avc: denied { read } for name="format" dev="tracefs" ino=7452 scontext=u:r:traced_probes:s0 tcontext=u:object_r:debugfs_tracing_debug:s0 tclass=file permissive=0
03-22 02:44:09.727 1227 1227 W traced_probes: type=1400 audit(0.0:496): avc: denied { read } for name="format" dev="tracefs" ino=7488 scontext=u:r:traced_probes:s0 tcontext=u:object_r:debugfs_tracing_debug:s0 tclass=file permissive=0
03-22 02:44:09.734 4317 4317 D ProcessState: Binder ioctl to enable oneway spam detection failed: Invalid argument
01-01 08:02:56.387 0 0 W audit : audit_lost=27 audit_rate_limit=5 audit_backlog_limit=64
01-01 08:02:56.387 0 0 E audit : rate limit exceeded
01-01 08:02:56.388 0 0 I binder : 4317:4317 ioctl 40046210 7fe6919f64 returned -22
03-22 02:44:09.740 1206 2165 D CompatibilityInfo: mCompatibilityFlags - 4
03-22 02:44:09.740 1206 2165 D CompatibilityInfo: applicationDensity - 240
03-22 02:44:09.740 1206 2165 D CompatibilityInfo: applicationScale - 1.0
03-22 02:44:09.741 1206 2165 D CompatibilityInfo: mCompatibilityFlags - 4
03-22 02:44:09.741 1206 2165 D CompatibilityInfo: applicationDensity - 240
03-22 02:44:09.741 1206 2165 D CompatibilityInfo: applicationScale - 1.0
03-22 02:44:09.742 4317 4317 D CompatibilityChangeReporter: Compat change id reported: 171979766; UID 10036; state: ENABLED
03-22 02:44:09.745 2116 3625 I GameMode_ActivityMonitoringService: onActivityLaunch: com.microsoft.emmx, isGameApp: false
03-22 02:44:09.745 2116 3625 V GameMode_GpuUtils: fps:60
03-22 02:44:09.747 2116 3625 D GameModeIF_GameModeSettings: getUriFor setting_content_uri_root = content://com.thundercomm.gamemode.api/gamemode_settings , name = gamemode_enable
03-22 02:44:09.772 1227 1227 D hw-ProcessState: Binder ioctl to enable oneway spam detection failed: Invalid argument
03-22 02:44:09.772 4317 4317 I Perf : Connecting to perf service.
03-22 02:44:09.773 572 572 E android.hardware.atrace@1.0-service: Failed to enable tracing on: /sys/kernel/debug/tracing/events/mdss/enable
03-22 02:44:09.773 572 572 E android.hardware.atrace@1.0-service: Failed to enable tracing on: /sys/kernel/debug/tracing/events/sde/enable
03-22 02:44:09.773 572 572 E android.hardware.atrace@1.0-service: Failed to enable tracing on: /sys/kernel/debug/tracing/events/mali_systrace/enable
03-22 02:44:09.773 4317 4317 V GraphicsEnvironment: ANGLE Developer option for 'com.microsoft.emmx' set to: 'default'
03-22 02:44:09.773 572 572 E android.hardware.atrace@1.0-service: Failed to disable tracing on: /sys/kernel/debug/tracing/events/mdss/enable
03-22 02:44:09.773 572 572 E android.hardware.atrace@1.0-service: Failed to disable tracing on: /sys/kernel/debug/tracing/events/sde/enable
03-22 02:44:09.773 572 572 E android.hardware.atrace@1.0-service: Failed to disable tracing on: /sys/kernel/debug/tracing/events/mali_systrace/enable
03-22 02:44:09.773 572 572 E android.hardware.atrace@1.0-service: Failed to disable tracing on: /sys/kernel/debug/tracing/events/kmem/ion_alloc_buffer_start/enable
03-22 02:44:09.774 4317 4317 V GraphicsEnvironment: ANGLE GameManagerService for com.microsoft.emmx: false
03-22 02:44:09.774 572 572 E android.hardware.atrace@1.0-service: Failed to enable tracing on: /sys/kernel/debug/tracing/events/kmem/ion_alloc_buffer_start/enable
03-22 02:44:09.774 572 572 E android.hardware.atrace@1.0-service: Failed to disable tracing on: /sys/kernel/debug/tracing/events/mdss/enable
03-22 02:44:09.774 572 572 E android.hardware.atrace@1.0-service: Failed to disable tracing on: /sys/kernel/debug/tracing/events/sde/enable
03-22 02:44:09.774 572 572 E android.hardware.atrace@1.0-service: Failed to disable tracing on: /sys/kernel/debug/tracing/events/mali_systrace/enable
03-22 02:44:09.774 572 572 E android.hardware.atrace@1.0-service: Failed to disable tracing on: /sys/kernel/debug/tracing/events/kmem/ion_alloc_buffer_start/enable
03-22 02:44:09.774 4317 4317 D NetworkSecurityConfig: Using Network Security Config from resource network_security_config debugBuild: false
01-01 08:02:56.426 0 0 I binder : 1227:1227 ioctl 40046210 7fcdea1404 returned -22
03-22 02:44:09.775 4317 4317 D NetworkSecurityConfig: Using Network Security Config from resource network_security_config debugBuild: false
03-22 02:44:09.776 1227 1227 I perfetto: probes_producer.cc:241 Ftrace setup (target_buf=1)
03-22 02:44:09.779 1227 1227 I perfetto: ftrace_procfs.cc:206 enabled ftrace in /sys/kernel/tracing/
01-01 08:02:56.433 0 0 W perfetto: enabled ftrace
03-22 02:44:09.792 4317 4317 I cr_SplitCompatApp: Launched version=105.0.1343.50 minSdkVersion=23 isBundle=false processName=com.microsoft.emmx isIsolated=false
03-22 02:44:09.802 4317 4317 I MSMAM - Y02: MAMInfo initialized. Debug=false, Agent=PRODUCTION, ManagedDialogDisabled=false, PolicyRequired=false, MultiIdentityEnabled=true, FullBackupContent=true, DataExtractionRules=true, UseDefaultEnrollment=false, ExceptionOnInit=false, Debuggable=false
03-22 02:44:09.804 4317 4317 I MSMAM - s02: Not initializing MAM classes because the MDM package is not installed.
03-22 02:44:09.804 4317 4317 I MSMAM - s02: Not initializing MAM classes because the MDM package is not installed.
03-22 02:44:09.815 1206 2165 W FreeFormWindowHelper: Current Display FreeFormTask is null
03-22 02:44:09.817 4317 4317 W FirebaseApp: Default FirebaseApp failed to initialize because no default options were found. This usually means that com.google.gms:google-services was not applied to your gradle project.
03-22 02:44:09.817 4317 4317 I FirebaseInitProvider: FirebaseApp initialization unsuccessful
03-22 02:44:09.836 4317 4352 I cr_AppCenterManager: Add app center service for the channel 4, needDistribution: true
03-22 02:44:09.837 4317 4352 I AppCenter: App Center SDK configured successfully.
03-22 02:44:09.839 1206 1907 D ConnectivityService: NetReassign [no changes]
03-22 02:44:09.840 4317 4354 W AppCenter: Unable to get installID from Shared Preferences
03-22 02:44:09.843 4317 4346 E Adjust : Adjust not initialized correctly
03-22 02:44:09.845 4317 4346 E Adjust : Adjust not initialized correctly
03-22 02:44:09.845 4317 4346 E Adjust : Adjust not initialized correctly
03-22 02:44:09.845 4317 4346 E Adjust : Adjust not initialized correctly
03-22 02:44:09.845 4317 4346 E Adjust : Adjust not initialized correctly
03-22 02:44:09.845 4317 4346 E Adjust : Adjust not initialized correctly
03-22 02:44:09.845 4317 4346 E Adjust : Adjust not initialized correctly
03-22 02:44:09.849 4317 4317 D TokenSharingManager_v1.6.2: Library works in release mode
03-22 02:44:09.851 4317 4363 I MSMAM - Ru2: scheduling any necessary enrollment retries at startup; online: false
03-22 02:44:09.852 4317 4364 I MSMAM - Ru2: task thread waiting for tasks.
03-22 02:44:09.856 4317 4354 I AppCenter: Changed maximum database size to 10485760 bytes.
03-22 02:44:09.857 4317 4354 I AppCenter: Distribute service started from application.
03-22 02:44:09.858 4317 4354 I AppCenter: Analytics service started from application.
03-22 02:44:09.858 4317 4354 I AppCenter: Crashes service started from application.
03-22 02:44:09.863 4317 4317 I cr_EnterpriseLogger: EnterpriseLogger: =============== LOGGER marker start ===============
03-22 02:44:09.863 4317 4317 I cr_EnterpriseLogger: enterprise_log_dual_identity:: isIntentIdentityAligned() return false
03-22 02:44:09.863 4317 4317 I cr_EnterpriseLogger: enterprise_log_dual_identity:: setIsIntentIdentityAligned(true)
03-22 02:44:09.863 4317 4317 I cr_EnterpriseLogger: enterprise_log_dual_identity:: input intent is: Intent { act=android.intent.action.MAIN cat=[android.intent.category.LAUNCHER] flg=0x10200000 cmp=com.microsoft.emmx/com.microsoft.ruby.Main bnds=[126,96][426,386] }
03-22 02:44:09.864 4317 4317 E ActivityThread: Failed to find provider info for com.microsoft.office.outlook.dev.webviewsdkprovider
03-22 02:44:09.865 4317 4317 E ActivityThread: Failed to find provider info for com.microsoft.office.outlook.webviewsdkprovider
03-22 02:44:09.865 4317 4317 E ActivityThread: Failed to find provider info for com.microsoft.office.outlook.dawg.webviewsdkprovider
03-22 02:44:09.866 4317 4353 I DpmTcmClient: RegisterTcmMonitor from: $Proxy2
03-22 02:44:09.872 4317 4317 D CompatibilityChangeReporter: Compat change id reported: 160794467; UID 10036; state: ENABLED
03-22 02:44:09.872 4317 4353 D com.microsoft.tokenshare.RemoteTokenShareConfiguration_v1.6.2: Can't get configuration from networkjava.net.UnknownHostException: Unable to resolve host "oneclient.sfx.ms": No address associated with hostname
03-22 02:44:09.873 1206 1220 I thunderperf: Maybe need boostperf for current app!
03-22 02:44:09.873 2116 3674 D FgBoostPerfService: [FgBoostPerfService.perfBoostAcq]start: stat=true pkgName=com.microsoft.emmx
03-22 02:44:09.873 2116 3674 I FgBoostPerfService: [FgBoostPerfService.perfBoostAcq] not game-mode or game app!
03-22 02:44:09.873 1206 1220 I ThunderPerfManager: PerfAcq error : state=true pkgName=com.microsoft.emmx
03-22 02:44:09.873 2116 3674 I FgBoostPerfService: [GetGpuMode] isMode=0 isGame=false mGpuMode=0
03-22 02:44:09.873 2116 3674 I FgBoostPerfService: [GetGpuDpiType] isMode=0 isGame=false mGpuDpiType=0
03-22 02:44:09.873 2116 3674 I FgBoostPerfService: [GetGpuDpiType] isMode=0 isGame=false mGpuStandardValue=0
03-22 02:44:09.873 1206 1220 I thunderperf: Current app pkgName=com.microsoft.emmx bm:com.thundercomm.perf.BoostPerfManager@3827663 gpuMode=-1 gpuType=-1 gpuStandardVal=-1
03-22 02:44:09.874 1206 1220 I ThunderBoostPerfService: Resolution: Uid=10036 Pid=4317 gMode=-1 dType=-1 gpuStandardVal=-1
03-22 02:44:09.874 1206 1220 I thunderperf: PlatormCompat.setOverrides: Uid1=10036 Pid1=4317 Uid2=10036 Pid2=4317
03-22 02:44:09.874 1206 1220 I thunderperf: PlatormCompat.setOverrides: needCheck:false
03-22 02:44:09.874 1206 1220 W PackageManager: MATCH_ANY_USER flag requires INTERACT_ACROSS_USERS permission: UID 10036 requires android.permission.INTERACT_ACROSS_USERS_FULL or android.permission.INTERACT_ACROSS_USERS to access user 0.
03-22 02:44:09.874 1206 1220 E BoostPerfManager: UpdateResolution SecurityException : e=java.lang.SecurityException: MATCH_ANY_USER flag requires INTERACT_ACROSS_USERS permission: UID 10036 requires android.permission.INTERACT_ACROSS_USERS_FULL or android.permission.INTERACT_ACROSS_USERS to access user 0.
03-22 02:44:09.874 1206 1220 I ActivityTaskManager: START u0 {cmp=com.microsoft.emmx/com.microsoft.edge.fre.OrientationAdaptiveFirstRunActivity (has extras)} from uid 10036
03-22 02:44:09.875 1206 1220 W ActivityTaskManager: Can't find TaskDisplayArea to determine support for multi window. Task id=17 attached=false
03-22 02:44:09.877 1206 1220 D CompatibilityInfo: mCompatibilityFlags - 4
03-22 02:44:09.877 1206 1220 D CompatibilityInfo: applicationDensity - 240
03-22 02:44:09.877 1206 1220 D CompatibilityInfo: applicationScale - 1.0
03-22 02:44:09.877 1206 1220 D ActivityTrigger: ActivityTrigger activityPauseTrigger
03-22 02:44:09.878 1206 1220 I ActivityTaskManager: Add Task{95e57d5 #16 type=standard A=10036:com.microsoft.emmx U=0 visible=true mode=fullscreen translucent=false sz=1} to hidden list because adding Task{d8d053e #17 type=standard A=10036:com.microsoft.emmx U=0 visible=true mode=fullscreen translucent=true sz=1}
03-22 02:44:09.891 4317 4372 E cr_FloodgateManager: java.lang.ClassCastException
03-22 02:44:09.897 4317 4352 E Adjust : Adjust not initialized correctly
03-22 02:44:09.898 4317 4352 E Adjust : Adjust not initialized correctly
03-22 02:44:09.898 4317 4352 E Adjust : Adjust not initialized correctly
03-22 02:44:09.898 4317 4352 E Adjust : Adjust not initialized correctly
03-22 02:44:09.898 4317 4352 E Adjust : Adjust not initialized correctly
03-22 02:44:09.898 4317 4352 E Adjust : Adjust not initialized correctly
03-22 02:44:09.898 4317 4352 E Adjust : Adjust not initialized correctly
03-22 02:44:09.900 2566 2566 E MCUUtil : saveLastActivity activityName=com.microsoft.edge.fre.OrientationAdaptiveFirstRunActivity packageName=com.microsoft.emmx
03-22 02:44:09.900 1206 2164 I ActivityTaskManager: FOREGROUND_APPLICATION_CHANGED to com.microsoft.edge.fre.OrientationAdaptiveFirstRunActivity
03-22 02:44:09.901 1206 2164 I ActivityTaskManager: The Process com.microsoft.emmx Already Exists in BG. So sending its PID: 4317
03-22 02:44:09.901 1206 2164 W ActivityTaskManager: Tried to set launchTime (0) < mLastActivityLaunchTime (173634)
03-22 02:44:09.902 1206 2164 D CompatibilityInfo: mCompatibilityFlags - 4
03-22 02:44:09.902 1206 2164 D CompatibilityInfo: applicationDensity - 240
03-22 02:44:09.902 1206 2164 D CompatibilityInfo: applicationScale - 1.0
03-22 02:44:09.906 1007 1062 D PermissionCache: checking android.permission.READ_FRAME_BUFFER for uid=1000 => granted (117 us)
03-22 02:44:09.923 509 509 I hwservicemanager: getTransport: Cannot find entry android.hardware.graphics.mapper@4.0::IMapper/default in either framework or device VINTF manifest.
03-22 02:44:09.923 2116 3674 I Gralloc4: mapper 4.x is not supported
03-22 02:44:09.923 1206 2164 W InputManager-JNI: Input channel object '860021d Splash Screen com.microsoft.emmx (client)' was disposed without first being removed with the input manager!
03-22 02:44:09.933 4317 4352 W cr_VariationsSeedFetch: UnknownHostException unknown host when fetching variations seed.
03-22 02:44:09.941 4317 4381 I cr_EdgeBroInitializer: warmUpEdgeSingleton finished
03-22 02:44:09.945 4317 4353 E Adjust : Adjust not initialized correctly
03-22 02:44:09.945 4317 4353 E Adjust : Adjust not initialized correctly
03-22 02:44:09.945 4317 4353 E Adjust : Adjust not initialized correctly
03-22 02:44:09.945 4317 4353 E Adjust : Adjust not initialized correctly
03-22 02:44:09.945 4317 4353 E Adjust : Adjust not initialized correctly
03-22 02:44:09.945 4317 4353 E Adjust : Adjust not initialized correctly
03-22 02:44:09.945 4317 4353 E Adjust : Adjust not initialized correctly
03-22 02:44:09.957 2566 2566 E MCUUtil : saveLastActivity activityName=com.microsoft.edge.fre.OrientationAdaptiveFirstRunActivity packageName=com.microsoft.emmx
03-22 02:44:10.004 1206 4114 W FreeFormWindowHelper: Current Display FreeFormTask is null
03-22 02:44:10.031 1007 2770 W ServiceManager: Permission failure: android.permission.ACCESS_SURFACE_FLINGER from uid=10036 pid=4317
03-22 02:44:10.031 1007 2770 D PermissionCache: checking android.permission.ACCESS_SURFACE_FLINGER for uid=10036 => denied (212 us)
03-22 02:44:10.031 1007 2770 W ServiceManager: Permission failure: android.permission.ROTATE_SURFACE_FLINGER from uid=10036 pid=4317
03-22 02:44:10.031 1007 2770 D PermissionCache: checking android.permission.ROTATE_SURFACE_FLINGER for uid=10036 => denied (86 us)
03-22 02:44:10.031 4317 4379 I AdrenoGLES-0: QUALCOMM build : 47421dbee6, I139f36ad46
03-22 02:44:10.031 4317 4379 I AdrenoGLES-0: Build Date : 02/18/22
03-22 02:44:10.031 4317 4379 I AdrenoGLES-0: OpenGL ES Shader Compiler Version: EV031.32.02.17
03-22 02:44:10.031 4317 4379 I AdrenoGLES-0: Local Branch :
03-22 02:44:10.031 4317 4379 I AdrenoGLES-0: Remote Branch :
03-22 02:44:10.031 4317 4379 I AdrenoGLES-0: Remote Branch :
03-22 02:44:10.031 4317 4379 I AdrenoGLES-0: Reconstruct Branch :
03-22 02:44:10.031 4317 4379 I AdrenoGLES-0: Build Config : S P 10.0.7 AArch64
03-22 02:44:10.031 4317 4379 I AdrenoGLES-0: Driver Path : /vendor/lib64/egl/libGLESv2_adreno.so
03-22 02:44:10.032 509 509 I hwservicemanager: getTransport: Cannot find entry android.hardware.graphics.mapper@4.0::IMapper/default in either framework or device VINTF manifest.
03-22 02:44:10.034 4317 4379 I AdrenoGLES-0: PFP: 0x016dd093, ME: 0x00000000
03-22 02:44:10.039 4317 4379 D libEGL : MSAA-->msaa:0 gamemode:0 4x_msaa:0
03-22 02:44:10.039 4317 4379 D libEGL : MSAA-->msaa:0 gamemode:0 4x_msaa:0
03-22 02:44:10.039 4317 4379 D libEGL : MSAA-->msaa:0 gamemode:0 4x_msaa:0
03-22 02:44:10.041 857 857 I SDM : HWCDisplay::GetColorModeCount: Supported color mode count = 1
03-22 02:44:10.042 857 857 I SDM : HWCDisplay::GetColorModes: Color mode = 0 is supported
03-22 02:44:10.042 1007 2770 E HWComposer: getSupportedContentTypes: getSupportedContentTypes failed for display 4630946816427681409: Unsupported (8)
03-22 02:44:10.042 4317 4379 D hw-ProcessState: Binder ioctl to enable oneway spam detection failed: Invalid argument
01-01 08:02:56.696 0 0 I binder : 4317:4379 ioctl 40046210 7b587fe1f4 returned -22
03-22 02:44:10.043 509 509 I hwservicemanager: getTransport: Cannot find entry android.hardware.graphics.mapper@4.0::IMapper/default in either framework or device VINTF manifest.
03-22 02:44:10.043 4317 4393 I Gralloc4: mapper 4.x is not supported
03-22 02:44:10.044 509 509 I hwservicemanager: getTransport: Cannot find entry android.hardware.graphics.allocator@4.0::IAllocator/default in either framework or device VINTF manifest.
03-22 02:44:10.044 4317 4393 W Gralloc4: allocator 4.x is not supported
03-22 02:44:10.050 4317 4384 I cr_LibraryLoader: Successfully loaded native library
03-22 02:44:10.056 4317 4384 I cr_CachingUmaRecorder: Flushed 21 samples from 20 histograms.
03-22 02:44:10.061 1206 1537 I EventSequenceValidator: dec AccIntentStartedEvents to 1
03-22 02:44:10.062 1206 1534 I ActivityTaskManager: Displayed com.microsoft.emmx/com.microsoft.edge.fre.OrientationAdaptiveFirstRunActivity: +369ms
03-22 02:44:10.098 1206 4114 D CompatibilityChangeReporter: Compat change id reported: 135634846; UID 10036; state: DISABLED
03-22 02:44:10.098 1206 4114 D CompatibilityChangeReporter: Compat change id reported: 177438394; UID 10036; state: DISABLED
03-22 02:44:10.098 1206 4114 D CompatibilityChangeReporter: Compat change id reported: 135772972; UID 10036; state: DISABLED
03-22 02:44:10.098 1206 4114 D CompatibilityChangeReporter: Compat change id reported: 135754954; UID 10036; state: ENABLED
03-22 02:44:10.098 1206 1554 D CompatibilityChangeReporter: Compat change id reported: 143937733; UID 10036; state: ENABLED
03-22 02:44:10.098 666 666 W Zygote : forkRepeatedly terminated due to non-simple command
03-22 02:44:10.098 666 666 D Zygote : mbuffer starts with 15, nice name is com.microsoft.emmx_zygote, mEnd = 411, mNext = 192, mLinesLeft = 6, mFd = 5
03-22 02:44:10.104 666 666 D Zygote : Forked child process 4407
03-22 02:44:10.105 1206 1554 W ZygoteProcess: Got error connecting to zygote, retrying. msg= Connection refused
03-22 02:44:10.107 4407 4407 I libc : SetHeapTaggingLevel: tag level set to 0
03-22 02:44:10.156 1206 1554 I AppZygote: Starting application preload.
03-22 02:44:10.157 4407 4407 I AppZygoteInit: Beginning application preload for com.microsoft.emmx
03-22 02:44:10.162 4407 4407 I cr_ZygotePreload: Loaded Zygote. version=105.0.1343.50 minSdkVersion=23 isBundle=false
03-22 02:44:10.178 1206 1554 I AppZygote: Application preload done.
03-22 02:44:10.178 4407 4407 I AppZygoteInit: Application preload done
03-22 02:44:10.185 4407 4407 D Zygote : Forked child process 4417
03-22 02:44:10.186 1206 1554 W ActivityManager: Slow operation: 88ms so far, now at startProcess: returned from zygote!
03-22 02:44:10.186 1206 1554 W ActivityManager: Slow operation: 88ms so far, now at startProcess: done updating battery stats
03-22 02:44:10.186 1206 1554 W ActivityManager: Slow operation: 88ms so far, now at startProcess: building log message
03-22 02:44:10.186 1206 1554 I ActivityManager: Start proc 4417:com.microsoft.emmx:sandboxed_process0:org.chromium.content.app.SandboxedProcessService0:0/u0ai0 for {com.microsoft.emmx/org.chromium.content.app.SandboxedProcessService0:0}
03-22 02:44:10.186 1206 1554 W ActivityManager: Slow operation: 88ms so far, now at startProcess: starting to update pids map
03-22 02:44:10.186 1206 1554 W ActivityManager: Slow operation: 89ms so far, now at startProcess: done updating pids map
03-22 02:44:10.188 4417 4417 E libc : SetHeapTaggingLevel: re-enabling tagging after it was disabled is not supported
03-22 02:44:10.191 4417 4417 E ocessService0:: Not starting debugger since process cannot load the jdwp agent.
03-22 02:44:10.191 4417 4417 D ProcessState: Binder ioctl to enable oneway spam detection failed: Invalid argument
01-01 08:02:56.846 0 0 I binder : 4417:4417 ioctl 40046210 7fe69191d4 returned -22
03-22 02:44:10.194 1206 4114 D CompatibilityInfo: mCompatibilityFlags - 4
03-22 02:44:10.194 1206 4114 D CompatibilityInfo: applicationDensity - 240
03-22 02:44:10.194 1206 4114 D CompatibilityInfo: applicationScale - 1.0
03-22 02:44:10.195 1206 4114 D CompatibilityInfo: mCompatibilityFlags - 4
03-22 02:44:10.195 1206 4114 D CompatibilityInfo: applicationDensity - 240
03-22 02:44:10.195 1206 4114 D CompatibilityInfo: applicationScale - 1.0
03-22 02:44:10.196 4417 4417 D CompatibilityChangeReporter: Compat change id reported: 171979766; UID 90000; state: ENABLED
03-22 02:44:10.200 4417 4417 D NetworkSecurityConfig: Using Network Security Config from resource network_security_config debugBuild: false
03-22 02:44:10.200 4417 4417 D NetworkSecurityConfig: Using Network Security Config from resource network_security_config debugBuild: false
03-22 02:44:10.201 4417 4417 I cr_SplitCompatApp: Launched version=105.0.1343.50 minSdkVersion=23 isBundle=false processName=com.microsoft.emmx:sandboxed_process0:org.chromium.content.app.SandboxedProcessService0:0 isIsolated=true
03-22 02:44:10.202 4417 4417 I MSMAM - Y02: MAMInfo initialized. Debug=false, Agent=PRODUCTION, ManagedDialogDisabled=false, PolicyRequired=false, MultiIdentityEnabled=true, FullBackupContent=true, DataExtractionRules=true, UseDefaultEnrollment=false, ExceptionOnInit=false, Debuggable=false
03-22 02:44:10.203 1268 3903 I OMX-VENC: venc_dev: stats: avg. fps 38.50, bitrate 1218894
03-22 02:44:10.204 4417 4417 W MSMAM - s02: Skipped ComponentsImpl.create for Microsoft Edge render process.
03-22 02:44:10.206 4417 4417 I cr_ChildProcessService: Creating new ChildProcessService pid=4417
03-22 02:44:10.207 508 508 E SELinux : avc: denied { find } for pid=4417 uid=90000 name=content_capture scontext=u:r:isolated_app:s0:c512,c768 tcontext=u:object_r:content_capture_service:s0 tclass=service_manager permissive=0
03-22 02:44:10.236 2757 2757 W hpplay-java: [main]:IPManager:getActiveNets invalid networkInfo:null
03-22 02:44:10.236 2757 2757 I hpplay-java: [main]:IPManager:getActiveNets eth0:false wifi:false mobile:false ap:false
03-22 02:44:10.236 2757 2757 I hpplay-java: [main]:ServerTaskManager:get local ip:null
03-22 02:44:10.289 2566 2566 D StateManager: goToState: Normal
03-22 02:44:10.338 1206 4114 W InputManager-JNI: Input channel object '51688ec Splash Screen com.microsoft.emmx (client)' was disposed without first being removed with the input manager!
03-22 02:44:10.341 645 660 I mpu_uart: [MSG-P:RECV]:No message received in 1000 ms
03-22 02:44:10.411 1206 1538 W ActivityTaskManager: Can't find TaskDisplayArea to determine support for multi window. Task id=16 attached=false
03-22 02:44:10.411 1206 1538 W ActivityTaskManager: Can't find TaskDisplayArea to determine support for multi window. Task id=16 attached=false
03-22 02:44:10.521 1206 4047 I AdrenoGLES-0: QUALCOMM build : 47421dbee6, I139f36ad46
03-22 02:44:10.521 1206 4047 I AdrenoGLES-0: Build Date : 02/18/22
03-22 02:44:10.521 1206 4047 I AdrenoGLES-0: OpenGL ES Shader Compiler Version: EV031.32.02.17
03-22 02:44:10.521 1206 4047 I AdrenoGLES-0: Local Branch :
03-22 02:44:10.521 1206 4047 I AdrenoGLES-0: Remote Branch :
03-22 02:44:10.521 1206 4047 I AdrenoGLES-0: Remote Branch :
03-22 02:44:10.521 1206 4047 I AdrenoGLES-0: Reconstruct Branch :
03-22 02:44:10.521 1206 4047 I AdrenoGLES-0: Build Config : S P 10.0.7 AArch64
03-22 02:44:10.521 1206 4047 I AdrenoGLES-0: Driver Path : /vendor/lib64/egl/libGLESv2_adreno.so
03-22 02:44:10.523 509 509 I hwservicemanager: getTransport: Cannot find entry android.hardware.graphics.mapper@4.0::IMapper/default in either framework or device VINTF manifest.
03-22 02:44:10.524 1206 4047 I AdrenoGLES-0: PFP: 0x016dd093, ME: 0x00000000
03-22 02:44:10.528 1206 4047 D libEGL : MSAA-->msaa:0 gamemode:0 4x_msaa:0
03-22 02:44:10.528 1206 4047 D libEGL : MSAA-->msaa:0 gamemode:0 4x_msaa:0
03-22 02:44:10.528 1206 4047 D libEGL : MSAA-->msaa:0 gamemode:0 4x_msaa:0
03-22 02:44:10.872 1206 1534 D CompanionDeviceManagerService: onPackageModified(packageName = com.microsoft.emmx)
03-22 02:44:10.873 1206 1726 I RoleService: Granting default roles...
03-22 02:44:10.873 1988 1988 D Avrcp_ext: AvrcpServiceBroadcastReceiver-> Action: android.intent.action.PACKAGE_CHANGED
03-22 02:44:10.873 1988 1988 D Avrcp_ext: AvrcpServiceBroadcastReceiver-> packageName: com.microsoft.emmx
03-22 02:44:10.873 1206 1552 E system_server: No package ID 7f found for ID 0x7f0902ad.
03-22 02:44:10.873 1988 1988 D Avrcp_ext: packageName: com.microsoft.emmx removed: false
03-22 02:44:10.873 1206 1552 E system_server: No package ID 7f found for ID 0x7f140b1a.
03-22 02:44:10.873 1206 1552 E system_server: No package ID 7f found for ID 0x7f0902ac.
03-22 02:44:10.873 1206 1552 E system_server: No package ID 7f found for ID 0x7f1400e2.
03-22 02:44:10.873 1206 1552 E system_server: No package ID 7f found for ID 0x7f140b18.
03-22 02:44:10.873 1206 1552 E system_server: No package ID 7f found for ID 0x7f14048b.
03-22 02:44:10.873 1206 1552 E ShortcutService: Ignoring excessive intent tag.
03-22 02:44:10.874 1988 1988 D Avrcp_ext: isBrowsableListUpdated: package includes MediaBrowserService, true
03-22 02:44:10.874 1988 1988 D Avrcp_ext: buildBrowsablePlayerList
03-22 02:44:10.874 1988 1988 V Avrcp_ext: getMediaPlayerInfo: Found com.android.bluetooth
03-22 02:44:10.874 1988 1988 V Avrcp_ext: isBrowseSupported for com.android.bluetooth: false
03-22 02:44:10.874 1988 1988 D Avrcp_ext: Adding media player info for com.android.bluetooth with id 1
03-22 02:44:10.874 1988 1988 D Avrcp_ext: update #1:MediaPlayerInfo com.android.bluetooth (as '钃濈墮') Type = 1, SubType = 0, Status = 0 Feature Bits [40 41 42 44 45 47 48 58] Controller: null
03-22 02:44:10.874 1988 1988 D Avrcp_ext: Added MediaPlayerController/MediaPlayerPackage
03-22 02:44:10.874 1206 1737 I InputReader: Reconfiguring input devices, changes=KEYBOARD_LAYOUTS |
03-22 02:44:10.874 1988 1988 V Avrcp_ext: getMediaPlayerInfo: Found com.microsoft.emmx
03-22 02:44:10.874 1988 1988 V Avrcp_ext: isBrowseSupported for com.microsoft.emmx: false
03-22 02:44:10.874 1988 1988 D Avrcp_ext: Adding media player info for com.microsoft.emmx with id 2
03-22 02:44:10.874 1988 1988 D Avrcp_ext: update #2:MediaPlayerInfo com.microsoft.emmx (as 'Edge') Type = 1, SubType = 0, Status = 0 Feature Bits [40 41 42 44 45 47 48 58] Controller: null
03-22 02:44:10.874 1988 1988 D Avrcp_ext: Added MediaPlayerController/MediaPlayerPackage
03-22 02:44:10.875 1988 1988 V Avrcp_ext: updateCurrentMediaState: mMediaController: null
03-22 02:44:10.875 1988 1988 W Avrcp_ext: isMusicActive: false getBluetoothPlayState: 2 A2dp State: 11 mAudioPlaybackIsActive: false
03-22 02:44:10.875 1206 1206 I Telecom : DefaultDialerCache: Refreshing default dialer for user 0: now null: DDC.oR@ACE
03-22 02:44:10.875 1988 1988 W Avrcp_ext: updateCurrentMediaState: isPlaying = false
03-22 02:44:10.875 1988 1988 V Avrcp_ext: Media update: id -1鉃?1? [MediaAttributes: none] : [MediaAttributes: none]
03-22 02:44:10.875 1988 1988 D Avrcp_ext: isPackageNameValid: browsedPackage = isValid = false
03-22 02:44:10.875 1988 1988 V Avrcp_ext: updatePlaybackState, state: PlaybackState {state=2, position=-1, buffered position=0, speed=0.0, updated=174768, actions=0, custom actions=[], active item id=-1, error=null} device: null
03-22 02:44:10.875 1988 1988 V Avrcp_ext: Device: no name:
03-22 02:44:10.875 1988 1988 V Avrcp_ext: Device: no name:
03-22 02:44:10.875 1988 1988 V Avrcp_ext: Device: no name:
03-22 02:44:10.875 1988 1988 V Avrcp_ext: Device: no name:
03-22 02:44:10.875 1988 1988 V Avrcp_ext: Device: no name:
03-22 02:44:10.875 1988 1988 V Avrcp_ext: updatePlayerStateAndPosition, old=PlaybackState {state=2, position=-1, buffered position=0, speed=0.0, updated=167203, actions=0, custom actions=[], active item id=-1, error=null}, state=PlaybackState {state=2, position=-1, buffered position=0, speed=0.0, updated=174768, actions=0, custom actions=[], active item id=-1, error=null}
03-22 02:44:10.875 1988 1988 V Avrcp_ext: old state = PlaybackState {state=2, position=-1, buffered position=0, speed=0.0, updated=167203, actions=0, custom actions=[], active item id=-1, error=null}, new state= PlaybackState {state=2, position=-1, buffered position=0, speed=0.0, updated=174768, actions=0, custom actions=[], active item id=-1, error=null}
03-22 02:44:10.875 1988 1988 D HeadsetService: getHeadsetService(): returning com.android.bluetooth.hfp.HeadsetService@3157a51
03-22 02:44:10.875 1988 1988 D HeadsetService: isAudioOn: The number of audio connected devices 0
03-22 02:44:10.875 1988 1988 D HeadsetService: isScoOrCallActive(): Call Active:falseCall is Ringing:falseSCO is Active:false
03-22 02:44:10.875 1988 1988 D HeadsetService: isAudioOn: The number of audio connected devices 0
03-22 02:44:10.875 1988 1988 I Avrcp_ext: updatePlayStatusForDevice: device: null
03-22 02:44:10.875 1988 1988 V Avrcp_ext: updatePlaybackState (1): old=PlaybackState {state=2, position=-1, buffered position=0, speed=0.0, updated=167203, actions=0, custom actions=[], active item id=-1, error=null}(2), new=PlaybackState {state=2, position=-1, buffered position=0, speed=0.0, updated=174768, actions=0, custom actions=[], active item id=-1, error=null}(2)
03-22 02:44:10.875 1988 1988 I Avrcp_ext: Exit updatePlayStatusForDevice
03-22 02:44:10.875 1988 1988 D HeadsetService: isAudioOn: The number of audio connected devices 0
03-22 02:44:10.875 1988 1988 D HeadsetService: isScoOrCallActive(): Call Active:falseCall is Ringing:falseSCO is Active:false
03-22 02:44:10.875 1988 1988 D HeadsetService: isAudioOn: The number of audio connected devices 0
03-22 02:44:10.875 1988 1988 I Avrcp_ext: updatePlayStatusForDevice: device: null
03-22 02:44:10.875 1988 1988 V Avrcp_ext: updatePlaybackState (1): old=PlaybackState {state=2, position=-1, buffered position=0, speed=0.0, updated=167203, actions=0, custom actions=[], active item id=-1, error=null}(2), new=PlaybackState {state=2, position=-1, buffered position=0, speed=0.0, updated=174768, actions=0, custom actions=[], active item id=-1, error=null}(2)
03-22 02:44:10.875 1988 1988 I Avrcp_ext: Exit updatePlayStatusForDevice
03-22 02:44:10.875 1988 1988 D HeadsetService: isAudioOn: The number of audio connected devices 0
03-22 02:44:10.875 1988 1988 D HeadsetService: isScoOrCallActive(): Call Active:falseCall is Ringing:falseSCO is Active:false
03-22 02:44:10.875 1988 1988 D HeadsetService: isAudioOn: The number of audio connected devices 0
03-22 02:44:10.875 1988 1988 I Avrcp_ext: updatePlayStatusForDevice: device: null
03-22 02:44:10.875 1988 1988 V Avrcp_ext: updatePlaybackState (1): old=PlaybackState {state=2, position=-1, buffered position=0, speed=0.0, updated=167203, actions=0, custom actions=[], active item id=-1, error=null}(2), new=PlaybackState {state=2, position=-1, buffered position=0, speed=0.0, updated=174768, actions=0, custom actions=[], active item id=-1, error=null}(2)
03-22 02:44:10.875 1988 1988 I Avrcp_ext: Exit updatePlayStatusForDevice
03-22 02:44:10.875 1988 1988 D HeadsetService: isAudioOn: The number of audio connected devices 0
03-22 02:44:10.875 1988 1988 D HeadsetService: isScoOrCallActive(): Call Active:falseCall is Ringing:falseSCO is Active:false
03-22 02:44:10.875 1988 1988 D HeadsetService: isAudioOn: The number of audio connected devices 0
03-22 02:44:10.875 1988 1988 I Avrcp_ext: updatePlayStatusForDevice: device: null
03-22 02:44:10.875 1988 1988 V Avrcp_ext: updatePlaybackState (1): old=PlaybackState {state=2, position=-1, buffered position=0, speed=0.0, updated=167203, actions=0, custom actions=[], active item id=-1, error=null}(2), new=PlaybackState {state=2, position=-1, buffered position=0, speed=0.0, updated=174768, actions=0, custom actions=[], active item id=-1, error=null}(2)
03-22 02:44:10.875 1988 1988 I Avrcp_ext: Exit updatePlayStatusForDevice
03-22 02:44:10.875 1988 1988 D HeadsetService: isAudioOn: The number of audio connected devices 0
03-22 02:44:10.875 1988 1988 D HeadsetService: isScoOrCallActive(): Call Active:falseCall is Ringing:falseSCO is Active:false
03-22 02:44:10.875 1988 1988 D HeadsetService: isAudioOn: The number of audio connected devices 0
03-22 02:44:10.875 1988 1988 I Avrcp_ext: updatePlayStatusForDevice: device: null
03-22 02:44:10.875 1988 1988 V Avrcp_ext: updatePlaybackState (1): old=PlaybackState {state=2, position=-1, buffered position=0, speed=0.0, updated=167203, actions=0, custom actions=[], active item id=-1, error=null}(2), new=PlaybackState {state=2, position=-1, buffered position=0, speed=0.0, updated=174768, actions=0, custom actions=[], active item id=-1, error=null}(2)
03-22 02:44:10.875 1988 1988 I Avrcp_ext: Exit updatePlayStatusForDevice
03-22 02:44:10.875 1988 1988 D Avrcp_ext: Enter sendPlayPosNotificationRsp
03-22 02:44:10.875 1988 1988 D Avrcp_ext: sendPlayPosNotificationRsp: Not registered or requesting.
03-22 02:44:10.875 1988 1988 D Avrcp_ext: Enter sendPlayPosNotificationRsp
03-22 02:44:10.875 1988 1988 D Avrcp_ext: sendPlayPosNotificationRsp: Not registered or requesting.
03-22 02:44:10.875 1988 1988 D Avrcp_ext: Enter sendPlayPosNotificationRsp
03-22 02:44:10.875 1988 1988 D Avrcp_ext: sendPlayPosNotificationRsp: Not registered or requesting.
03-22 02:44:10.875 1988 1988 D Avrcp_ext: Enter sendPlayPosNotificationRsp
03-22 02:44:10.875 1988 1988 D Avrcp_ext: sendPlayPosNotificationRsp: Not registered or requesting.
03-22 02:44:10.875 1988 1988 D Avrcp_ext: Enter sendPlayPosNotificationRsp
03-22 02:44:10.875 1988 1988 D Avrcp_ext: sendPlayPosNotificationRsp: Not registered or requesting.
03-22 02:44:10.875 1988 1988 V Avrcp_ext: Exit updatePlayerStateAndPosition
03-22 02:44:10.875 1988 1988 D Avrcp_ext: Exit handlePackageModified
03-22 02:44:10.877 1206 1726 D CompatibilityInfo: mCompatibilityFlags - 4
03-22 02:44:10.877 1206 1726 D CompatibilityInfo: applicationDensity - 240
03-22 02:44:10.877 1206 1726 D CompatibilityInfo: applicationScale - 1.0
03-22 02:44:10.880 1206 1552 W Searchables: No global search activity found
03-22 02:44:10.881 1206 1552 W VoiceInteractionManager: no available voice recognition services found for user 0
03-22 02:44:10.881 2566 2566 D BaseModelUpdateTask: BaseModelUpdateTask constructor
03-22 02:44:10.881 2566 2566 D BaseModelUpdateTask: java.lang.Exception
03-22 02:44:10.881 2566 2566 D BaseModelUpdateTask: at com.android.launcher3.model.BaseModelUpdateTask.(BaseModelUpdateTask.java:57)
03-22 02:44:10.881 2566 2566 D BaseModelUpdateTask: at com.android.launcher3.model.PackageUpdatedTask.(PackageUpdatedTask.java:88)
03-22 02:44:10.881 2566 2566 D BaseModelUpdateTask: at com.android.launcher3.LauncherModel.onPackageChanged(LauncherModel.java:156)
03-22 02:44:10.881 2566 2566 D BaseModelUpdateTask: at android.content.pm.LauncherApps$CallbackMessageHandler.handleMessage(LauncherApps.java:1805)
03-22 02:44:10.881 2566 2566 D BaseModelUpdateTask: at android.os.Handler.dispatchMessage(Handler.java:106)
03-22 02:44:10.881 2566 2566 D BaseModelUpdateTask: at android.os.Looper.loopOnce(Looper.java:201)
03-22 02:44:10.881 2566 2566 D BaseModelUpdateTask: at android.os.Looper.loop(Looper.java:288)
03-22 02:44:10.881 2566 2566 D BaseModelUpdateTask: at android.app.ActivityThread.main(ActivityThread.java:7880)
03-22 02:44:10.881 2566 2566 D BaseModelUpdateTask: at java.lang.reflect.Method.invoke(Native Method)
03-22 02:44:10.881 2566 2566 D BaseModelUpdateTask: at com.android.internal.os.RuntimeInit$MethodAndArgsCaller.run(RuntimeInit.java:548)
