03-22 02:41:33.839 2757 3582 I hpplay-java: [AsyncTask #7]:LelinkCastImpl:LEBO_OPTION_36 value: com.hht.lebocast.LelinkHelper$d@215bff9
03-22 02:41:33.839 2757 3582 I hpplay-java: [AsyncTask #7]:LelinkCastImpl:setMirrorSurfaceType value: 0
03-22 02:41:33.839 2757 3582 I hpplay-java: [AsyncTask #7]:LelinkCastImpl:setDeviceName deviceName: 楂樺悎濞变箰鍓睆
03-22 02:41:33.839 2878 3051 E MediaProvider: Creating a non-default top level directory or deleting an existing one is not allowed!
03-22 02:41:33.840 2757 3582 I hpplay-java: [AsyncTask #7]:LelinkCastImpl:choosePlayer type: 0
03-22 02:41:33.840 2757 3582 I hpplay-java: [AsyncTask #7]:LelinkCastImpl:setMaxFps maxFps: 60
03-22 02:41:33.840 2757 3582 D hpplay-base: [jniBridge:613] Java_com_hpplay_sdk_sink_protocol_Bridge__1setMaxFps 60
03-22 02:41:33.840 2757 3582 I hpplay-java: [AsyncTask #7]:LelinkCastImpl:setServerListener serverListener: com.hht.lebocast.LelinkHelper$e@756cb3e
03-22 02:41:33.840 2757 3582 I hpplay-java: [AsyncTask #7]:Preference:checkFeature none
03-22 02:41:33.840 2757 3582 I hpplay-java: [AsyncTask #7]:LelinkCastImpl:setAuthCodeCallback value: com.hht.lebocast.LelinkHelper$b@1d59d9f
03-22 02:41:33.841 2757 3582 I hpplay-java: [AsyncTask #7]:LelinkCastImpl:setVolumeType value: 0
03-22 02:41:33.841 2757 3582 I hpplay-java: [AsyncTask #7]:Feature:getVolumeType model:figure mf:TC
03-22 02:41:33.841 2757 3710 I hpplay-java: [AsyncTask #20]:EnterpriseAuthManager:getCompanyAuthSavePath,sdk install path
03-22 02:41:33.841 2757 3710 I hpplay-java: [AsyncTask #20]:EnterpriseAuthManager:getNewCompanyAuthSavePath
03-22 02:41:33.841 2757 3582 I hpplay-java: [AsyncTask #7]:LelinkCastImpl:showFps showFps: true
03-22 02:41:33.842 2757 3582 I hpplay-java: [AsyncTask #7]:OptionSetter:setMediaPlayerCallBack LEBO_OPTION_101 value: com.hht.lebocast.LelinkHelper$c@5f4beec
03-22 02:41:33.842 2757 3582 I hpplay-java: [AsyncTask #7]:LelinkCastImpl:setAuthMode mode: 0
03-22 02:41:33.842 2757 3582 I hpplay-java: [AsyncTask #7]:LelinkCastImpl:performAction action: ACTION_STARTSERVER
03-22 02:41:33.842 2757 3582 I hpplay-java: [AsyncTask #7]:LelinkCastImpl:startServer
03-22 02:41:33.842 2757 3582 I hpplay-java: [AsyncTask #7]:DeviceUtil:getPermissionDid: 1
03-22 02:41:33.843 2757 3582 I hpplay-java: [AsyncTask #7]:LelinkCastImpl:registerReceiver mNetworkReceiver: null
03-22 02:41:33.843 2757 3582 I hpplay-java: [AsyncTask #7]:NetworkReceiver:NetworkReceiver context: com.hht.lebocast.CastApplication@d6e0c15
03-22 02:41:33.843 2878 3051 E MediaProvider: Creating a non-default top level directory or deleting an existing one is not allowed!
03-22 02:41:33.844 2757 3582 W hpplay-java: [AsyncTask #7]:IPManager:getActiveNets invalid networkInfo:null
03-22 02:41:33.844 2757 3582 I hpplay-java: [AsyncTask #7]:IPManager:getActiveNets eth0:false wifi:false mobile:false ap:false
03-22 02:41:33.844 2757 3582 I hpplay-java: [AsyncTask #7]:NetworkReceiver:NetworkReceiver mStartIp: null
03-22 02:41:33.845 2878 3051 E MediaProvider: Creating a non-default top level directory or deleting an existing one is not allowed!
03-22 02:41:33.845 2757 3710 I hpplay-java: [AsyncTask #20]:EnterpriseAuthManager:getNewCompanyAuthSavePath,get app cache path
03-22 02:41:33.845 2757 3710 I hpplay-java: [AsyncTask #20]:EnterpriseAuthManager:updateCompanyAccountSavePath
03-22 02:41:33.845 2757 3710 I hpplay-java: [AsyncTask #20]:EnterpriseAuthManager:getCompanyAccount
03-22 02:41:33.846 2757 3712 I hpplay-java: [AsyncTask #22]:LelinkCastImpl:startServer_l
03-22 02:41:33.846 2757 3712 I hpplay-java: [AsyncTask #22]:Preference:checkFeature none
03-22 02:41:33.847 2757 3712 I hpplay-java: [AsyncTask #22]:ServerTaskManager:startServer
03-22 02:41:33.847 2757 3710 I hpplay-java: [AsyncTask #20]:EnterpriseAuthManager:getNewCompanyAuthSavePath
03-22 02:41:33.847 2757 3712 I hpplay-java: [AsyncTask #22]:ServerTaskManager:startServer add, reason: server start first or server was stopped
03-22 02:41:33.847 2757 3710 I hpplay-java: [AsyncTask #20]:EnterpriseAuthManager:getNewCompanyAuthSavePath,get app cache path
03-22 02:41:33.847 2757 3712 I hpplay-java: [AsyncTask #22]:ServerTaskManager:addStartTask
03-22 02:41:33.847 2757 3712 W hpplay-java: [AsyncTask #22]:IPManager:getActiveNets invalid networkInfo:null
03-22 02:41:33.847 2757 3712 I hpplay-java: [AsyncTask #22]:IPManager:getActiveNets eth0:false wifi:false mobile:false ap:false
03-22 02:41:33.847 2757 3712 W hpplay-java: [AsyncTask #22]:ServerTaskManager:exeTask startServer, need wait for ip
03-22 02:41:33.848 2757 3715 I hpplay-java: [AsyncTask #25]:HttpRequest:https://vipauth.hpplay.cn/VipAuth path post
03-22 02:41:33.848 2757 3711 I hpplay-java: [AsyncTask #21]:IPManager:updateIPAddress getIPAddress: 192.168.4.16 name:vlan4
03-22 02:41:33.849 2757 3711 I hpplay-java: [AsyncTask #21]:IPManager:updateIPAddress getIPAddress: 192.168.8.16 name:vlan8
03-22 02:41:33.849 2757 3711 I hpplay-java: [AsyncTask #21]:IPManager:updateIPAddress getIPAddress: 192.168.11.16 name:vlan11
03-22 02:41:33.849 2757 3711 I hpplay-java: [AsyncTask #21]:IPManager:updateIPAddress getIPAddress: 192.168.0.16 name:vlan0
03-22 02:41:33.849 2757 3711 I hpplay-java: [AsyncTask #21]:IPManager:updateIPAddress getIPAddress: 192.168.2.16 name:vlan2
03-22 02:41:33.849 2757 3711 I hpplay-java: [AsyncTask #21]:IPManager:updateIPAddress getIPAddress: 192.168.1.16 name:vlan1
03-22 02:41:33.849 2757 3710 I hpplay-java: [AsyncTask #20]:IMTask:IMTask
03-22 02:41:33.849 2757 3710 I hpplay-java: [AsyncTask #20]:IMTask:getIMRoot
03-22 02:41:33.849 2757 3716 W hpplay-java: [AsyncTask #26]:CreateUtils:notifyQRReady server not start,ignore
03-22 02:41:33.850 2757 3710 I hpplay-java: [AsyncTask #20]:AuthTask:reAuth 600000
03-22 02:41:33.850 2757 3716 W hpplay-java: [AsyncTask #26]:CreateUtils:isServerStartAndAuth token is null
03-22 02:41:33.850 2757 3716 W hpplay-java: [AsyncTask #26]:CreateUtils:isServerStartAndAuth token is null
03-22 02:41:33.850 2757 3710 I hpplay-java: [AsyncTask #20]:PlayerConfig:start request player cloud config, curVersion: -1
03-22 02:41:33.850 2757 3716 I hpplay-java: [AsyncTask #26]:ServerBusiness:createPinCode ignore
03-22 02:41:33.850 2757 3710 I hpplay-java: [AsyncTask #20]:ModelUtil:Build.MANUFACTURER: TC -- Model: -- Build.MODEL: figure
03-22 02:41:33.851 2757 3715 W hpplay-java: [AsyncTask #25]:HttpRequest:
03-22 02:41:33.851 2757 3715 I hpplay-java: [AsyncTask #25]:HttpRequest:https://vipauth.hpplay.cn/VipAuth path post
03-22 02:41:33.852 2757 3710 I hpplay-java: [AsyncTask #20]:AuthSDK:controlStartServer
03-22 02:41:33.852 2757 3715 W hpplay-java: [AsyncTask #25]:HttpRequest:
03-22 02:41:33.852 2757 3715 I hpplay-java: [AsyncTask #25]:HttpRequest:https://vipauth.hpplay.cn/VipAuth path post
03-22 02:41:33.852 2757 3710 I hpplay-java: [AsyncTask #20]:ServiceUpdater:upLoadDeviceInfo url = http://gslb.hpplay.cn/lebo-flux-sdk/sdk/info/upload
03-22 02:41:33.852 2757 3717 W hpplay-java: [AsyncTask #27]:HttpRequest:
03-22 02:41:33.852 2757 3715 W hpplay-java: [AsyncTask #25]:HttpRequest:
03-22 02:41:33.853 2757 3717 W hpplay-java: [AsyncTask #27]:HttpRequest:
03-22 02:41:33.854 2757 3717 W hpplay-java: [AsyncTask #27]:HttpRequest:
03-22 02:41:33.854 2757 2757 E hpplay-java: [main]:IMTask:getIMRoot failed
03-22 02:41:33.854 2757 3719 W hpplay-java: [AsyncTask #28]:HttpRequest:
03-22 02:41:33.855 2757 3722 W hpplay-java: [AsyncTask #30]:HttpRequest:
03-22 02:41:33.855 2757 3710 I hpplay-java: [AsyncTask #20]:DeviceUtil:getNumCores
03-22 02:41:33.855 2757 3719 W hpplay-java: [AsyncTask #28]:HttpRequest:
03-22 02:41:33.855 2757 3722 W hpplay-java: [AsyncTask #30]:HttpRequest:
03-22 02:41:33.856 2757 3719 W hpplay-java: [AsyncTask #28]:HttpRequest:
03-22 02:41:33.856 2757 3722 W hpplay-java: [AsyncTask #30]:HttpRequest:
03-22 02:41:33.856 2757 2757 I hpplay-java: [main]:PlayerConfigRequest:request failed
03-22 02:41:33.857 2757 3721 W hpplay-java: [AsyncTask #29]:HttpRequest:
03-22 02:41:33.857 2757 3721 W hpplay-java: [AsyncTask #29]:HttpRequest:
03-22 02:41:33.858 2757 3721 W hpplay-java: [AsyncTask #29]:HttpRequest:
03-22 02:41:33.871 2757 3710 W hpplay-java: [AsyncTask #20]:CodecCheck:checkCodecFeature ex ParseException
03-22 02:41:33.873 2757 3710 I hpplay-java: [AsyncTask #20]:Decoder:syncDecoder ignore 1
03-22 02:41:33.879 2757 3710 I hpplay-java: [AsyncTask #20]:BusinessConfig:requestConfig
03-22 02:41:33.879 2757 3575 I hpplay-java: [AsyncTask #2]:HttpRequest:http://gslb.hpplay.cn/lebo-flux-sdk/sdk/info/upload path post
03-22 02:41:33.880 2757 3575 W hpplay-java: [AsyncTask #2]:HttpRequest:
03-22 02:41:33.880 2757 3575 I hpplay-java: [AsyncTask #2]:HttpRequest:http://gslb.hpplay.cn/lebo-flux-sdk/sdk/info/upload path post
03-22 02:41:33.880 2757 3577 W hpplay-java: [AsyncTask #3]:HttpRequest:
03-22 02:41:33.880 2757 3575 W hpplay-java: [AsyncTask #2]:HttpRequest:
03-22 02:41:33.880 1206 1220 W ActivityManager: Unable to start service Intent { act=android.intent.action.START_LEBO_SERVICE pkg=com.hpplay.happyplay.aw } U=0: not found
03-22 02:41:33.880 2757 3575 I hpplay-java: [AsyncTask #2]:HttpRequest:http://gslb.hpplay.cn/lebo-flux-sdk/sdk/info/upload path post
03-22 02:41:33.880 2757 3710 I hpplay-java: [AsyncTask #20]:LeboUtil:wu r:false
03-22 02:41:33.880 2757 3575 W hpplay-java: [AsyncTask #2]:HttpRequest:
03-22 02:41:33.881 2757 3577 W hpplay-java: [AsyncTask #3]:HttpRequest:
03-22 02:41:33.881 2757 3577 W hpplay-java: [AsyncTask #3]:HttpRequest:
03-22 02:41:34.016 645 660 I mpu_uart: [MSG-P:RECV]:No message received in 1000 ms
03-22 02:41:34.019 645 659 I mpu_uart: [MSG-P:R]:recv sync frame timeout
01-01 08:00:20.891 0 0 I logd : start watching /data/system/packages.list ...
01-01 08:00:20.892 0 0 I logd : ReadPackageList, total packages: 100
03-22 02:41:34.849 2757 2757 W hpplay-java: [main]:IPManager:getActiveNets invalid networkInfo:null
03-22 02:41:34.850 2757 2757 I hpplay-java: [main]:IPManager:getActiveNets eth0:false wifi:false mobile:false ap:false
03-22 02:41:34.851 2757 2757 I hpplay-java: [main]:ServerTaskManager:get local ip:null
01-01 08:00:21.569 0 0 I init : Sending signal 9 to service 'idmap2d' (pid 1241) process group...
01-01 08:00:21.575 0 0 I libprocessgroup: Successfully killed process cgroup uid 1000 pid 1241 in 6ms
03-22 02:41:34.925 1206 1220 W OverlayManager: service 'idmap' died
01-01 08:00:21.581 0 0 I init : Control message: Processed ctl.stop for 'idmap2d' from pid: 1206 (system_server)
03-22 02:41:35.016 645 660 I mpu_uart: [MSG-P:RECV]:No message received in 1000 ms
03-22 02:41:35.409 1237 1237 I CNSS : cnss_open_log_file: create directory /data/vendor/wifi/wlan_logs/ ret = -1 errno= 17
03-22 02:41:35.403 1237 1237 W cnss_diag: type=1400 audit(0.0:295): avc: denied { getattr } for path="/data/vendor/wifi/wlan_logs" dev="dm-10" ino=384 scontext=u:r:vendor_wcnss_service:s0 tcontext=u:object_r:vendor_wifi_vendor_log_data_file:s0 tclass=dir permissive=0
03-22 02:41:35.403 1237 1237 W cnss_diag: type=1400 audit(0.0:296): avc: denied { read } for name="wlan_logs" dev="dm-10" ino=384 scontext=u:r:vendor_wcnss_service:s0 tcontext=u:object_r:vendor_wifi_vendor_log_data_file:s0 tclass=dir permissive=0
03-22 02:41:35.409 1237 1237 I CNSS : Failed to open file /data/vendor/wifi/wlan_logs/host_driver_logs_current.txt: 13
03-22 02:41:35.403 1237 1237 W cnss_diag: type=1400 audit(0.0:297): avc: denied { search } for name="wlan_logs" dev="dm-10" ino=384 scontext=u:r:vendor_wcnss_service:s0 tcontext=u:object_r:vendor_wifi_vendor_log_data_file:s0 tclass=dir permissive=0
03-22 02:41:35.825 2176 2354 W System.err: java.net.NoRouteToHostException: Host unreachable
03-22 02:41:35.825 2176 2354 W System.err: at libcore.io.IoBridge.connect(IoBridge.java:183)
03-22 02:41:35.825 2176 2354 W System.err: at java.net.PlainSocketImpl.socketConnect(PlainSocketImpl.java:142)
03-22 02:41:35.825 2176 2354 W System.err: at java.net.AbstractPlainSocketImpl.doConnect(AbstractPlainSocketImpl.java:390)
03-22 02:41:35.825 2176 2354 W System.err: at java.net.AbstractPlainSocketImpl.connectToAddress(AbstractPlainSocketImpl.java:230)
03-22 02:41:35.826 2176 2354 W System.err: at java.net.AbstractPlainSocketImpl.connect(AbstractPlainSocketImpl.java:212)
03-22 02:41:35.826 2176 2354 W System.err: at java.net.SocksSocketImpl.connect(SocksSocketImpl.java:436)
03-22 02:41:35.826 2176 2354 W System.err: at java.net.Socket.connect(Socket.java:621)
03-22 02:41:35.826 2176 2354 W System.err: at java.net.Socket.connect(Socket.java:570)
03-22 02:41:35.826 2176 2354 W System.err: at java.net.Socket.(Socket.java:450)
03-22 02:41:35.826 2176 2354 W System.err: at java.net.Socket.(Socket.java:292)
03-22 02:41:35.826 2176 2354 W System.err: at com.thundercomm.microservice.base.BaseMicroSocketClient.createClientSocket(BaseMicroSocketClient.java:20)
03-22 02:41:35.826 2176 2354 W System.err: at com.thundercomm.microservice.MicroSocketClient.serialSendMessage(MicroSocketClient.java:79)
03-22 02:41:35.826 2176 2354 W System.err: at com.thundercomm.microservice.MicroSocketClient.lambda$handShark$1$MicroSocketClient(MicroSocketClient.java:94)
03-22 02:41:35.826 2176 2354 W System.err: at com.thundercomm.microservice.MicroSocketClient$$ExternalSyntheticLambda0.run(Unknown Source:4)
03-22 02:41:35.826 2176 2354 W System.err: at java.lang.Thread.run(Thread.java:920)
03-22 02:41:35.826 2176 2354 E MicroService: DTC_ETH: BaseMicroSocketClient:createClientSocket() java.net.NoRouteToHostException: Host unreachable
03-22 02:41:35.853 2757 2757 W hpplay-java: [main]:IPManager:getActiveNets invalid networkInfo:null
03-22 02:41:35.854 2757 2757 I hpplay-java: [main]:IPManager:getActiveNets eth0:false wifi:false mobile:false ap:false
03-22 02:41:35.854 2757 2757 I hpplay-java: [main]:ServerTaskManager:get local ip:null
03-22 02:41:36.017 645 660 I mpu_uart: [MSG-P:RECV]:No message received in 1000 ms
03-22 02:41:36.723 2315 2315 D RemoteControlService: startVlanDispatchThread
03-22 02:41:36.780 1206 1553 D CompatibilityChangeReporter: Compat change id reported: 168419799; UID 10026; state: DISABLED
03-22 02:41:36.780 1206 1553 D CompatibilityInfo: mCompatibilityFlags - 4
03-22 02:41:36.780 1206 1553 D CompatibilityInfo: applicationDensity - 240
03-22 02:41:36.780 1206 1553 D CompatibilityInfo: applicationScale - 1.0
03-22 02:41:36.789 1206 1220 D CompatibilityInfo: mCompatibilityFlags - 4
03-22 02:41:36.789 1206 1220 D CompatibilityInfo: applicationDensity - 240
03-22 02:41:36.789 1206 1220 D CompatibilityInfo: applicationScale - 1.0
03-22 02:41:36.826 2176 2354 D MicroService: send handshake message, currentTryAccount=4
03-22 02:41:36.858 2757 2757 W hpplay-java: [main]:IPManager:getActiveNets invalid networkInfo:null
03-22 02:41:36.858 2757 2757 I hpplay-java: [main]:IPManager:getActiveNets eth0:false wifi:false mobile:false ap:false
03-22 02:41:36.858 2757 2757 I hpplay-java: [main]:ServerTaskManager:get local ip:null
03-22 02:41:37.017 645 660 I mpu_uart: [MSG-P:RECV]:No message received in 1000 ms
03-22 02:41:37.022 645 659 I mpu_uart: [MSG-P:R]:recv sync frame timeout
03-22 02:41:37.035 1206 1914 I GameModeConfig: isGameModeOn = false
03-22 02:41:37.460 1206 1553 D CompatibilityChangeReporter: Compat change id reported: 135634846; UID 10082; state: DISABLED
03-22 02:41:37.461 1206 1553 D CompatibilityChangeReporter: Compat change id reported: 177438394; UID 10082; state: DISABLED
03-22 02:41:37.461 1206 1553 D CompatibilityChangeReporter: Compat change id reported: 135772972; UID 10082; state: DISABLED
03-22 02:41:37.461 1206 1553 D CompatibilityChangeReporter: Compat change id reported: 135754954; UID 10082; state: ENABLED
03-22 02:41:37.462 1206 1554 D CompatibilityChangeReporter: Compat change id reported: 143937733; UID 10082; state: ENABLED
03-22 02:41:37.486 666 666 D Zygote : Forked child process 3730
03-22 02:41:37.487 1206 1554 I ActivityManager: Start proc 3730:com.qti.ltebc/u0a82 for broadcast {com.qti.ltebc/com.qualcomm.ltebc.LTEBroadcastAlarmReceiver}
03-22 02:41:37.510 3730 3730 E com.qti.ltebc: Not starting debugger since process cannot load the jdwp agent.
03-22 02:41:37.516 3730 3730 D ProcessState: Binder ioctl to enable oneway spam detection failed: Invalid argument
01-01 08:00:24.171 0 0 I binder : 3730:3730 ioctl 40046210 7fe6919f64 returned -22
03-22 02:41:37.521 1206 2127 D CompatibilityChangeReporter: Compat change id reported: 168419799; UID 10082; state: DISABLED
03-22 02:41:37.521 1206 2127 D CompatibilityInfo: mCompatibilityFlags - 4
03-22 02:41:37.522 1206 2127 D CompatibilityInfo: applicationDensity - 240
03-22 02:41:37.522 1206 2127 D CompatibilityInfo: applicationScale - 1.0
03-22 02:41:37.528 1206 2127 D CompatibilityInfo: mCompatibilityFlags - 4
03-22 02:41:37.528 1206 2127 D CompatibilityInfo: applicationDensity - 240
03-22 02:41:37.528 1206 2127 D CompatibilityInfo: applicationScale - 1.0
03-22 02:41:37.530 3730 3730 D CompatibilityChangeReporter: Compat change id reported: 171979766; UID 10082; state: ENABLED
03-22 02:41:37.548 3730 3730 I Perf : Connecting to perf service.
03-22 02:41:37.552 3730 3730 V GraphicsEnvironment: ANGLE Developer option for 'com.qti.ltebc' set to: 'default'
03-22 02:41:37.552 3730 3730 V GraphicsEnvironment: ANGLE GameManagerService for com.qti.ltebc: false
03-22 02:41:37.553 3730 3730 D NetworkSecurityConfig: Using Network Security Config from resource network_security_config debugBuild: false
03-22 02:41:37.554 3730 3730 D NetworkSecurityConfig: Using Network Security Config from resource network_security_config debugBuild: false
03-22 02:41:37.555 3730 3730 D LTE Application: getLibraryName = msp
03-22 02:41:37.599 2211 3745 D TlogClient_LogCollectService: === START to package logs ===
03-22 02:41:37.602 2211 3745 D hw-ProcessState: Binder ioctl to enable oneway spam detection failed: Invalid argument
01-01 08:00:24.256 0 0 I binder : 2211:3745 ioctl 40046210 7bcfe16ef4 returned -22
03-22 02:41:37.610 2211 3745 I tsnv.hidl.wrapper: TsnvWrapper: tsnv_get:Link to death notification successful!
03-22 02:41:37.614 2211 3745 D TlogClient_LogCollectService: mCommand: [/system/bin/sh, /data/user_de/0/com.tc.logclient/files/package_log.sh, 000004, 0001, 0]
01-01 08:00:24.305 0 0 I init : starting service 'hht_ota_mgr_service'...
03-22 02:41:37.685 3752 3752 E vota : [ff3904f8]: [vota]: init: ..
03-22 02:41:37.685 3752 3752 E vota : [ff3904f8]: [vota]: [warning]: the java machine be not inited, please pass it to the tb_init function! at tb_android_init_env(): 43, src/vota/platform/android/android.c
03-22 02:41:37.686 3752 3752 E vota : [ff3904f8]: [vota]: version: tbox_v1_6_7_202302251411_arm64-v8a_elf by Android (8481493, based on r416183c2) Clang 12.0.9 (https://android.googlesource.com/toolchain/llvm-project c935d99d7cf2016289302412d708641d52d2f7ee)
03-22 02:41:37.686 3752 3752 E vota : [ff3904f8]: [vota]: init: ok
03-22 02:41:37.686 3752 3752 E vota : [ff3904f8]: [vota]: [scheduler]: start ..
03-22 02:41:37.686 3752 3752 E vota : [ff3904f8]: [vota]: [coroutine]: init 0x77fddaa158
03-22 02:41:37.686 3752 3752 E vota : [ff3904f8]: [vota]: [scheduler]: start ok
03-22 02:41:37.686 3752 3752 E vota : [ff3904f8]: [vota]: [scheduler]: switch to coroutine(0x77fddaa158) from coroutine(0x77fdea0ca0)
03-22 02:41:37.686 3752 3752 E vota : [ff3904f8]: [vota]: [coroutine]: entry: 0x77fddaa158 stack: 0x77fddaa1b8 - 0x77fddea1b8 from coroutine(0x77fdea0ca0)
03-22 02:41:37.686 3752 3752 I hiphi_update_api: Hh_GetVersion calling ......
03-22 02:41:37.686 3752 3752 I hiphi_update_api: get version:01.00.C101_20230322_private_user薠阇
03-22 02:41:37.686 3752 3752 I hiphi_update_api: Hh_GetVersion ret:0
03-22 02:41:37.733 3752 3752 E vota : [ff3904f8]: [vota]: [scheduler]: finish coroutine(0x77fddaa158)
03-22 02:41:37.733 3752 3752 E vota : [ff3904f8]: [vota]: [scheduler]: switch to original coroutine
03-22 02:41:37.733 3752 3752 E vota : [ff3904f8]: [vota]: [scheduler]: switch to coroutine(0x77fdea0ca0) from coroutine(0x77fddaa158)
03-22 02:41:37.733 3752 3752 E vota : [ff3904f8]: [vota]: [scheduler]: [loop]: ready 0
03-22 02:41:37.733 3752 3752 E vota : [ff3904f8]: [vota]: [coroutine]: exit: 0x77fddaa158
03-22 02:41:37.733 3752 3752 E vota : [ff3904f8]: [vota]: [lock_profiler]:
03-22 02:41:37.733 3752 3752 E vota : [ff3904f8]: [vota]: [lock_profiler]: lock: 0xb4000075a3c5722c, name: allocator, occupied: 0
03-22 02:41:37.733 3752 3752 E vota : [ff3904f8]: [vota]: [lock_profiler]: lock: 0xb400007593c55a34, name: native_large_allocator, occupied: 0
03-22 02:41:37.733 3752 3752 E vota : [ff3904f8]: [vota]: [small_allocator]:
03-22 02:41:37.733 3752 3752 E vota : [ff3904f8]: [vota]: [static_fixed_pool]: [16]: peak_size: 288, wast_rate: 4074/10000, pred_failed: 0, item_maxn: 245, free_count: 18, malloc_count: 18
03-22 02:41:37.733 3752 3752 E vota : [ff3904f8]: [vota]: [static_fixed_pool]: [96]: peak_size: 2208, wast_rate: 1028/10000, pred_failed: 0, item_maxn: 248, free_count: 23, malloc_count: 23
03-22 02:41:37.733 3752 3752 E vota : [ff3904f8]: [vota]: [static_fixed_pool]: [128]: peak_size: 9216, wast_rate: 791/10000, pred_failed: 0, item_maxn: 249, free_count: 72, malloc_count: 72
03-22 02:41:37.733 3752 3752 E vota : [ff3904f8]: [vota]: [static_fixed_pool]: [192]: peak_size: 2112, wast_rate: 541/10000, pred_failed: 0, item_maxn: 250, free_count: 11, malloc_count: 11
03-22 02:41:37.733 3752 3752 E vota : [ff3904f8]: [vota]: [static_fixed_pool]: [256]: peak_size: 256, wast_rate: 411/10000, pred_failed: 0, item_maxn: 251, free_count: 1, malloc_count: 1
03-22 02:41:37.733 3752 3752 E vota : [ff3904f8]: [vota]: [static_fixed_pool]: [384]: peak_size: 5376, wast_rate: 278/10000, pred_failed: 0, item_maxn: 252, free_count: 14, malloc_count: 14
03-22 02:41:37.733 3752 3752 E vota : [ff3904f8]: [vota]: [static_fixed_pool]: [512]: peak_size: 5632, wast_rate: 210/10000, pred_failed: 0, item_maxn: 253, free_count: 11, malloc_count: 11
03-22 02:41:37.727 3752 3752 W hht_ota_mgr: type=1400 audit(0.0:298): avc: denied { read append } for name="NvmSim_yy.dat" dev="dm-10" ino=391 scontext=u:r:hht_ota_mgr:s0 tcontext=u:object_r:system_data_file:s0 tclass=file permissive=0
01-01 08:00:24.389 0 0 I init : Service 'hht_ota_mgr_service' (pid 3752) exited with status 0
01-01 08:00:24.389 0 0 I init : Sending signal 9 to service 'hht_ota_mgr_service' (pid 3752) process group...
01-01 08:00:24.389 0 0 I libprocessgroup: Successfully killed process cgroup uid 0 pid 3752 in 0ms
03-22 02:41:37.733 3752 3752 E vota : [ff3904f8]: [vota]: [native_large_allocator]:
03-22 02:41:37.733 3752 3752 E vota : [ff3904f8]: [vota]: [native_large_allocator]: peak_size: 3373986
03-22 02:41:37.733 3752 3752 E vota : [ff3904f8]: [vota]: [native_large_allocator]: wast_rate: 4/10000
03-22 02:41:37.733 3752 3752 E vota : [ff3904f8]: [vota]: [native_large_allocator]: free_count: 52
03-22 02:41:37.733 3752 3752 E vota : [ff3904f8]: [vota]: [native_large_allocator]: malloc_count: 52
03-22 02:41:37.733 3752 3752 E vota : [ff3904f8]: [vota]: [native_large_allocator]: ralloc_count: 0
03-22 02:41:37.733 3752 3752 E vota : [ff3904f8]: [vota]: exit: ok
03-22 02:41:37.826 3730 3730 I MSP-JNI : JNI_OnLoad called
01-01 08:00:24.479 0 0 I init : Untracked pid 3756 exited with status 0
03-22 02:41:37.826 3730 3730 E MSP-JNI : Failed to get class in Jload
03-22 02:41:37.826 3730 3730 I MSP-JNI : FindClass - com/qualcomm/ltebc/LTEBroadcastService JNI EXCEPTION CLEARED
03-22 02:41:37.827 3730 3730 I MSP-JNI : JNI_OnLoad: Initializing File Delivery references
03-22 02:41:37.827 3730 3730 I MSP-JNI : FindClass CARRIER_SPECIFIC_CLASS_DEFINITION JNI EXCEPTION CLEARED
03-22 02:41:37.827 3730 3730 I MSP-JNI : JNI_OnLoad: Completed File Delivery initialization
03-22 02:41:37.829 3730 3730 I LTE Application: LTEApplicationCreate
03-22 02:41:37.829 3730 3730 I LTE Application: applicationContext : com.qualcomm.ltebc.LTEQTIApplication@cc7bb2a
03-22 02:41:37.832 3730 3730 I LTE QMI Link: Creating QMI Link
03-22 02:41:37.833 3730 3730 D LTE Application: packageName = com.qti.ltebc versionCode = 5401010 versionName = MSDC_LA_5.4.01.01.0
03-22 02:41:37.833 3730 3730 I LTE Application: LTE Broadcast Library Release Version = MSDC_LA_5.4.01.01.0
03-22 02:41:37.833 3730 3730 D LTE Application: IntentSender : Last intent Status NOT_SENT forcedBroadcast flag = true
03-22 02:41:37.833 3730 3730 D LTE Application: sendBroadcastIntent IntentAction : Sending com.qualcomm.intent.EMBMS_STATUS ACTIVE = false
03-22 02:41:37.835 3730 3730 W SOCKET : ConnectionManager constructor has been initialised
03-22 02:41:37.835 3730 3730 E System : Ignoring attempt to set property "java.net.preferIPv6Addresses" to value "false".
03-22 02:41:37.837 3730 3730 D LTE Application: Android API Version 31
03-22 02:41:37.837 3730 3730 I LTE Application: Package Name : com.qti.ltebc
03-22 02:41:37.841 3730 3730 I LTE Application: app is not whitelisted
03-22 02:41:37.843 3730 3730 I LTEBroadcastAlarmReceiver: onReceive
03-22 02:41:37.843 3730 3730 I LTEBroadcastAlarmReceiver: ACTION_ALARM_WAKEUP_BOOT
03-22 02:41:37.843 3730 3730 I LTE Application: setStartupReason - set to STARTUP_REASON_BOOT
03-22 02:41:37.843 3730 3730 I LTE Application: startRootServiceASync false
03-22 02:41:37.844 3730 3730 I LTEBroadcastAlarmReceiver: onReceive exit
03-22 02:41:37.846 2116 3671 D BufferPoolAccessor2.0: bufferpool2 0xb400007cc740a378 : 0(0 size) total buffers - 0(0 size) used buffers - 2/7 (recycle/alloc) - 5/74 (fetch/transfer)
03-22 02:41:37.846 2116 3671 D BufferPoolAccessor2.0: evictor expired: 1, evicted: 1
03-22 02:41:37.847 3730 3759 I LTE Application: startRootServiceSync false
03-22 02:41:37.847 3730 3759 I LTE Application: startRootServiceSync initState LTEBC_MSP_NOT_INITIALIZED
03-22 02:41:37.847 3730 3759 I LTE Application: setWakeupMode - mode :WAKEUP_MODE_BG
03-22 02:41:37.847 3730 3759 I LTE Application: startRootServiceSync(): Started from Alarm WAKEUP_MODE_BG
03-22 02:41:37.847 3730 3759 I LTE Application: Starting LTEBC Root Service : launcherIntent = Intent { cmp=com.qti.ltebc/com.qualcomm.ltebc.LTERootService }
03-22 02:41:37.849 1206 2127 D CompatibilityInfo: mCompatibilityFlags - 4
03-22 02:41:37.849 1206 2127 D CompatibilityInfo: applicationDensity - 240
03-22 02:41:37.849 1206 2127 D CompatibilityInfo: applicationScale - 1.0
03-22 02:41:37.850 3730 3730 I LTE Root Service: onCreate()
03-22 02:41:37.850 3730 3730 I LTE Root Service: onStartCommand()
03-22 02:41:37.850 3730 3759 I LTE Application: shutdownLockOn() Current sKeepAlive: 0, After Incrementing : 1
03-22 02:41:37.850 3730 3759 I LTE Application: cancelShutDownTimer mspShutDownTimer is NULL
03-22 02:41:37.851 3730 3759 V LTE Application: initStateChanged - LTEBC_PERMISSIONS_PENDING
03-22 02:41:37.851 3730 3758 I LTEBC Init Manager: handleStartInitialization
03-22 02:41:37.851 3730 3758 I LTE Root Service: [EVENT] row getManifestDeniedPermissionsList invoked
03-22 02:41:37.851 3730 3758 I LTEBC Init Manager: Handled state : 1
03-22 02:41:37.851 3730 3758 I LTEBC Init Manager: handlePermissionResult
03-22 02:41:37.851 3730 3758 V LTE Application: initStateChanged - LTEBC_MSP_INIT_PENDING
03-22 02:41:37.851 3730 3758 I LTE Application: handleInitConfigandConnectEmbmsServiceTask : doInBackground
03-22 02:41:37.855 3730 3758 I Ltebc : ConfigurationManager () : LTEApplication.internalDataPath /data/user/0/com.qti.ltebc/files
03-22 02:41:37.856 3730 3758 D LTE_CONFIG: getVendorPath /vendor
03-22 02:41:37.858 3730 3758 I Ltebc : Provisioning directories:[/vendor/embms/qcom, /vendor/embms/oem, /vendor/embms/qti, /vendor/embms/qcom/global, /vendor/embms/oem/global, /vendor/embms/qti/global, /system/embms/qcom, /system/embms/oem, /system/embms/qti, /system/embms/qcom/global, /system/embms/oem/global, /system/embms/qti/global, /vendor/app/embms/oem, /vendor/app/embms/oem/global, /storage/emulated/0/Android/data/com.qti.ltebc/files/embms/qcom, /storage/emulated/0/Android/data/com.qti.ltebc/files/embms/qcom/global]
03-22 02:41:37.858 3730 3758 I Ltebc : Provisioning directories Assets:[/carrierConfig/embms]
03-22 02:41:37.858 3730 3758 D LTE_CONFIG: configurable provisioningLocation: [/vendor/embms/qcom, /vendor/embms/oem, /vendor/embms/qti, /vendor/embms/qcom/global, /vendor/embms/oem/global, /vendor/embms/qti/global, /system/embms/qcom, /system/embms/oem, /system/embms/qti, /system/embms/qcom/global, /system/embms/oem/global, /system/embms/qti/global, /vendor/app/embms/oem, /vendor/app/embms/oem/global, /storage/emulated/0/Android/data/com.qti.ltebc/files/embms/qcom, /storage/emulated/0/Android/data/com.qti.ltebc/files/embms/qcom/global]
03-22 02:41:37.858 3730 3758 D LTE_CONFIG: copyFilesFromAssets
03-22 02:41:37.858 3730 3758 D LTE_CONFIG: copyFilesFromAssets : location = carrierConfig/embms
03-22 02:41:37.860 3730 3758 D LTE_CONFIG: copyFilesFromAssets : list of files in carrierConfig/embms = []
03-22 02:41:37.860 3730 3758 D LTE_CONFIG: copyFilesFromAssets : list of files in carrierConfig/embms is empty
03-22 02:41:37.860 3730 3758 D LTE_CONFIG: files copy operation from Assets folder failed
03-22 02:41:37.860 3730 3758 D LTE_CONFIG: oemProvisioningDirs : [/vendor/embms/qcom, /vendor/embms/oem, /vendor/embms/qti, /vendor/embms/qcom/global, /vendor/embms/oem/global, /vendor/embms/qti/global, /system/embms/qcom, /system/embms/oem, /system/embms/qti, /system/embms/qcom/global, /system/embms/oem/global, /system/embms/qti/global, /vendor/app/embms/oem, /vendor/app/embms/oem/global, /storage/emulated/0/Android/data/com.qti.ltebc/files/embms/qcom, /storage/emulated/0/Android/data/com.qti.ltebc/files/embms/qcom/global]
03-22 02:41:37.860 3730 3758 D LTE_CONFIG: Checking dir: /vendor/embms/qcom
03-22 02:41:37.860 2757 2757 W hpplay-java: [main]:IPManager:getActiveNets invalid networkInfo:null
03-22 02:41:37.861 2757 2757 I hpplay-java: [main]:IPManager:getActiveNets eth0:false wifi:false mobile:false ap:false
03-22 02:41:37.861 2757 2757 I hpplay-java: [main]:ServerTaskManager:get local ip:null
03-22 02:41:37.862 3730 3758 D LTE_CONFIG: provisioning_params.xml not found, copy all other files from dir : /vendor/embms/qcom
03-22 02:41:37.862 3730 3758 D LTE_CONFIG: filesCount = 0
03-22 02:41:37.862 3730 3758 D LTE_CONFIG: Checking dir: /vendor/embms/oem
03-22 02:41:37.862 3730 3758 D LTE_CONFIG: provisioning_params.xml not found, copy all other files from dir : /vendor/embms/oem
03-22 02:41:37.862 3730 3758 D LTE_CONFIG: filesCount = 0
03-22 02:41:37.862 3730 3758 D LTE_CONFIG: Checking dir: /vendor/embms/qti
03-22 02:41:37.862 3730 3758 D LTE_CONFIG: provisioning_params.xml not found, copy all other files from dir : /vendor/embms/qti
03-22 02:41:37.862 3730 3758 D LTE_CONFIG: filesCount = 0
03-22 02:41:37.862 3730 3758 D LTE_CONFIG: Checking dir: /vendor/embms/qcom/global
03-22 02:41:37.862 3730 3758 D LTE_CONFIG: provisioning_params.xml not found, copy all other files from dir : /vendor/embms/qcom/global
03-22 02:41:37.862 3730 3758 D LTE_CONFIG: filesCount = 0
03-22 02:41:37.862 3730 3758 D LTE_CONFIG: Checking dir: /vendor/embms/oem/global
03-22 02:41:37.862 3730 3758 D LTE_CONFIG: provisioning_params.xml not found, copy all other files from dir : /vendor/embms/oem/global
03-22 02:41:37.862 3730 3758 D LTE_CONFIG: filesCount = 0
03-22 02:41:37.862 3730 3758 D LTE_CONFIG: Checking dir: /vendor/embms/qti/global
03-22 02:41:37.862 3730 3758 D LTE_CONFIG: provisioning_params.xml not found, copy all other files from dir : /vendor/embms/qti/global
03-22 02:41:37.862 3730 3758 D LTE_CONFIG: filesCount = 0
03-22 02:41:37.862 3730 3758 D LTE_CONFIG: Checking dir: /system/embms/qcom
03-22 02:41:37.863 3730 3758 D LTE_CONFIG: provisioning_params.xml not found, copy all other files from dir : /system/embms/qcom
03-22 02:41:37.863 3730 3758 D LTE_CONFIG: filesCount = 0
03-22 02:41:37.863 3730 3758 D LTE_CONFIG: Checking dir: /system/embms/oem
03-22 02:41:37.863 3730 3758 D LTE_CONFIG: provisioning_params.xml not found, copy all other files from dir : /system/embms/oem
03-22 02:41:37.863 3730 3758 D LTE_CONFIG: filesCount = 0
03-22 02:41:37.863 3730 3758 D LTE_CONFIG: Checking dir: /system/embms/qti
03-22 02:41:37.863 3730 3758 D LTE_CONFIG: provisioning_params.xml not found, copy all other files from dir : /system/embms/qti
03-22 02:41:37.863 3730 3758 D LTE_CONFIG: filesCount = 0
03-22 02:41:37.863 3730 3758 D LTE_CONFIG: Checking dir: /system/embms/qcom/global
03-22 02:41:37.863 3730 3758 D LTE_CONFIG: provisioning_params.xml not found, copy all other files from dir : /system/embms/qcom/global
03-22 02:41:37.863 3730 3758 D LTE_CONFIG: filesCount = 0
03-22 02:41:37.863 3730 3758 D LTE_CONFIG: Checking dir: /system/embms/oem/global
03-22 02:41:37.863 3730 3758 D LTE_CONFIG: provisioning_params.xml not found, copy all other files from dir : /system/embms/oem/global
03-22 02:41:37.863 3730 3758 D LTE_CONFIG: filesCount = 0
03-22 02:41:37.863 3730 3758 D LTE_CONFIG: Checking dir: /system/embms/qti/global
03-22 02:41:37.863 3730 3758 D LTE_CONFIG: provisioning_params.xml not found, copy all other files from dir : /system/embms/qti/global
03-22 02:41:37.863 3730 3758 D LTE_CONFIG: filesCount = 0
03-22 02:41:37.863 3730 3758 D LTE_CONFIG: Checking dir: /vendor/app/embms/oem
03-22 02:41:37.863 3730 3758 D LTE_CONFIG: provisioning_params.xml not found, copy all other files from dir : /vendor/app/embms/oem
03-22 02:41:37.863 3730 3758 D LTE_CONFIG: filesCount = 0
03-22 02:41:37.863 3730 3758 D LTE_CONFIG: Checking dir: /vendor/app/embms/oem/global
03-22 02:41:37.863 3730 3758 D LTE_CONFIG: provisioning_params.xml not found, copy all other files from dir : /vendor/app/embms/oem/global
03-22 02:41:37.863 3730 3758 D LTE_CONFIG: filesCount = 0
03-22 02:41:37.863 3730 3758 D LTE_CONFIG: Checking dir: /storage/emulated/0/Android/data/com.qti.ltebc/files/embms/qcom
03-22 02:41:37.864 3730 3758 D LTE_CONFIG: provisioning_params.xml not found, copy all other files from dir : /storage/emulated/0/Android/data/com.qti.ltebc/files/embms/qcom
03-22 02:41:37.864 3730 3758 D LTE_CONFIG: filesCount = 0
03-22 02:41:37.864 3730 3758 D LTE_CONFIG: Checking dir: /storage/emulated/0/Android/data/com.qti.ltebc/files/embms/qcom/global
03-22 02:41:37.864 3730 3758 D LTE_CONFIG: provisioning_params.xml not found, copy all other files from dir : /storage/emulated/0/Android/data/com.qti.ltebc/files/embms/qcom/global
03-22 02:41:37.864 3730 3758 D LTE_CONFIG: filesCount = 0
03-22 02:41:37.864 3730 3758 D LTE_CONFIG: copyLogLevelFile: emulatedPath = /storage/emulated/0/Android/data/com.qti.ltebc/files/embms/qcom/global
03-22 02:41:37.864 3730 3758 D LTE_CONFIG: copyLogLevelFile: logLevelFilePath = /storage/emulated/0/Android/data/com.qti.ltebc/files/embms/qcom/global/debug/loglevels.xml
03-22 02:41:37.864 3730 3758 D LTE_CONFIG: copyLogLevelFile: logLevels file copy failed: srcLogLevelFile = /storage/emulated/0/Android/data/com.qti.ltebc/files/embms/qcom/global/debug/loglevels.xml does not exist
03-22 02:41:37.864 3730 3758 I Ltebc : ConfigurationManager () load file from internal directory failed
03-22 02:41:37.865 3730 3758 I LTE Application: Ltebc : loadConfigData()
03-22 02:41:37.865 3730 3758 I Ltebc : ConfigurationManager : getProperties()
03-22 02:41:37.865 3730 3758 E LTE Application: Ltebc : preemption_priority is available in config file () : 5
03-22 02:41:37.865 3730 3758 I LTE Application: Ltebc : loadConfigData() sPreemptionPriority :5
03-22 02:41:37.865 3730 3758 I LTE Application: Ltebc : loadConfigData() sEarFcnList :5230
03-22 02:41:37.865 3730 3758 E LTE Application: Ltebc : enable_embms_sim is available in config file () : false
03-22 02:41:37.865 3730 3758 E LTE Application: Ltebc : loadConfigData() enableEmbmsSim :false
03-22 02:41:37.865 3730 3758 E LTE Application: Ltebc : shutdowntimer is available in config file () : 0
03-22 02:41:37.865 3730 3758 E LTE Application: shutDownTimer : 0.0
03-22 02:41:37.865 3730 3758 E LTE Application: Ltebc : provisioning_timeout_ms is available in config file () : 2592000000
03-22 02:41:37.865 3730 3758 I LTE Application: mProvisioningTMO : 2592000000
03-22 02:41:37.865 3730 3758 E LTE Application: Ltebc : enable_unicast_in_roaming is available in config file ()
03-22 02:41:37.865 3730 3758 I LTE Application: Ltebc : loadConfigData() enableUnicastInRoaming :false
03-22 02:41:37.865 3730 3758 E LTE Application: Ltebc : default_plmn is not available in config file ()
03-22 02:41:37.865 3730 3758 E LTE Application: Ltebc : roaming_check_periodicity_ms is available in config file ()
03-22 02:41:37.865 3730 3758 I LTE Application: Ltebc : loadConfigData() roaming_check_periodicity_ms :5000
03-22 02:41:37.865 3730 3758 E LTE Application: Ltebc : embms_get_e911_state_retry_attempts is available in config file ()
03-22 02:41:37.865 3730 3758 I LTE Application: Ltebc : loadConfigData() EMBMS_GET_E911_STATE_RETRY_ATTEMPTS :600
03-22 02:41:37.866 3730 3758 E LTE Application: provisioningTimerTask: mProvisioningTMO = 2592000000
03-22 02:41:37.866 3730 3758 I LTE Application: getStartupReason - startup_reason: STARTUP_REASON_BOOT
03-22 02:41:37.866 3730 3758 I LTEBC Init Manager: handlePermissionResult STARTUP_REASON_BOOT
03-22 02:41:37.866 3730 3758 I LTELicenseManager: startLicenseCheck requestCode: 3 cb: com.qualcomm.ltebc.LTEBCInitManager@df4a8cd
03-22 02:41:37.868 3730 3758 I LTELicenseManager: processLicenseCheck in progress false
03-22 02:41:37.882 1206 2127 D CompatibilityChangeReporter: Compat change id reported: 135634846; UID 10057; state: DISABLED
03-22 02:41:37.882 1206 2127 D CompatibilityChangeReporter: Compat change id reported: 177438394; UID 10057; state: DISABLED
03-22 02:41:37.883 1206 2127 D CompatibilityChangeReporter: Compat change id reported: 135772972; UID 10057; state: DISABLED
03-22 02:41:37.883 1206 2127 D CompatibilityChangeReporter: Compat change id reported: 135754954; UID 10057; state: DISABLED
03-22 02:41:37.883 1206 1554 D CompatibilityChangeReporter: Compat change id reported: 143937733; UID 10057; state: DISABLED
03-22 02:41:37.883 2002 2571 D BufferPoolAccessor2.0: evictor expired: 3, evicted: 0
03-22 02:41:37.884 3730 3758 I LTELicenseManager: MinkSocketFd connect true
03-22 02:41:37.884 3730 3758 I LTELicenseManager: Scheduling mink socket timeout 1000
03-22 02:41:37.884 3730 3758 I LTEBC Init Manager: Handled state : 7
03-22 02:41:37.904 666 666 D Zygote : Forked child process 3763
03-22 02:41:37.905 1206 1554 I ActivityManager: Start proc 3763:com.qualcomm.qti.qms.service.trustzoneaccess/u0a57 for service {com.qualcomm.qti.qms.service.trustzoneaccess/com.qualcomm.qti.qms.service.trustzoneaccess.TZAccessService}
03-22 02:41:37.912 3763 3763 I libc : SetHeapTaggingLevel: tag level set to 0
03-22 02:41:37.925 3763 3763 E trustzoneacces: Not starting debugger since process cannot load the jdwp agent.
03-22 02:41:37.927 3763 3763 D ProcessState: Binder ioctl to enable oneway spam detection failed: Invalid argument
01-01 08:00:24.581 0 0 I binder : 3763:3763 ioctl 40046210 7fe6919f64 returned -22
03-22 02:41:37.935 1206 2127 D CompatibilityChangeReporter: Compat change id reported: 168419799; UID 10057; state: DISABLED
03-22 02:41:37.935 1206 2127 D CompatibilityInfo: mCompatibilityFlags - 4
03-22 02:41:37.935 1206 2127 D CompatibilityInfo: applicationDensity - 240
03-22 02:41:37.935 1206 2127 D CompatibilityInfo: applicationScale - 1.0
03-22 02:41:37.941 1206 2127 D CompatibilityInfo: mCompatibilityFlags - 4
03-22 02:41:37.941 1206 2127 D CompatibilityInfo: applicationDensity - 240
03-22 02:41:37.941 1206 2127 D CompatibilityInfo: applicationScale - 1.0
03-22 02:41:37.943 3763 3763 D CompatibilityChangeReporter: Compat change id reported: 171979766; UID 10057; state: DISABLED
03-22 02:41:37.948 3763 3763 D ApplicationLoaders: Returning zygote-cached class loader: /system/framework/android.test.base.jar
03-22 02:41:37.954 3763 3763 D nativeloader: classloader namespace configured for unbundled vendor apk. library_path=/vendor/app/TrustZoneAccessService/lib/arm64:/vendor/lib64
03-22 02:41:37.963 3763 3763 I Perf : Connecting to perf service.
03-22 02:41:37.966 3763 3763 V GraphicsEnvironment: ANGLE Developer option for 'com.qualcomm.qti.qms.service.trustzoneaccess' set to: 'default'
03-22 02:41:37.967 3763 3763 V GraphicsEnvironment: ANGLE GameManagerService for com.qualcomm.qti.qms.service.trustzoneaccess: false
03-22 02:41:37.968 3763 3763 D NetworkSecurityConfig: No Network Security Config specified, using platform default
03-22 02:41:37.968 3763 3763 D NetworkSecurityConfig: No Network Security Config specified, using platform default
03-22 02:41:37.974 3730 3730 I MinkSocketFd: connected
03-22 02:41:37.976 3763 3777 V CredentialHelper: Processing credentials for uid = 10082
03-22 02:41:37.985 797 3779 I minksocket: MinkSocket_recvInvocationRequest: SMCINVOKE_IOCTL_LOG peer gid=10057 uid=10057 invoke=1, o.invoke=0x5e77a940d0, o.context=0xb400006d057dee80
03-22 02:41:37.986 797 3779 I ssgtzd : served new env
03-22 02:41:37.988 3730 3730 I LTELicenseManager: onConnect called
03-22 02:41:37.989 797 3781 I minksocket: MinkSocket_recvInvocationRequest: SMCINVOKE_IOCTL_LOG peer gid=10057 uid=10057 invoke=1, o.invoke=0x5e77a97aa0, o.context=0xb400006cc57d8280
03-22 02:41:37.989 797 3781 E minksocket: MinkSocket_recvInvocationRequest: err=-98, SMCINVOKE_IOCTL_LOG, peer gid=10057 uid=10057 invoke=1
03-22 02:41:37.992 3730 3730 I LTELicenseManager: Before calling CheckInstalledLicense
03-22 02:41:38.000 3730 3730 E LTELicenseManager: Error code 29
03-22 02:41:38.001 3730 3730 E LTELicenseManager: Exception InvokeException, err=29
03-22 02:41:38.001 3730 3730 W System.err: com.qualcomm.qti.qms.api.mink.IMinkObject$InvokeException: InvokeException, err=29
03-22 02:41:38.001 3730 3730 W System.err: at com.qualcomm.qti.qms.api.mink.CMinkObject.nativeInvoke(Native Method)
03-22 02:41:38.001 3730 3730 W System.err: at com.qualcomm.qti.qms.api.mink.CMinkObject.invoke(CMinkObject.java:55)
03-22 02:41:38.001 3730 3730 W System.err: at com.qualcomm.qti.mink.IPFM$Proxy.CheckInstalledLicense(IPFM.java:164)
03-22 02:41:38.001 3730 3730 W System.err: at com.qualcomm.ltebc.LTELicenseManager$1.onConnect(LTELicenseManager.java:137)
03-22 02:41:38.001 3730 3730 W System.err: at com.qualcomm.qti.qms.api.minksocket.MinkSocketFdInternals$1.onServiceConnected(MinkSocketFdInternals.java:53)
03-22 02:41:38.001 3730 3730 W System.err: at android.app.LoadedApk$ServiceDispatcher.doConnected(LoadedApk.java:2077)
03-22 02:41:38.001 3730 3730 W System.err: at android.app.LoadedApk$ServiceDispatcher$RunConnection.run(LoadedApk.java:2110)
03-22 02:41:38.001 3730 3730 W System.err: at android.os.Handler.handleCallback(Handler.java:938)
03-22 02:41:38.001 3730 3730 W System.err: at android.os.Handler.dispatchMessage(Handler.java:99)
03-22 02:41:38.001 3730 3730 W System.err: at android.os.Looper.loopOnce(Looper.java:201)
03-22 02:41:38.001 3730 3730 W System.err: at android.os.Looper.loop(Looper.java:288)
03-22 02:41:38.001 3730 3730 W System.err: at android.app.ActivityThread.main(ActivityThread.java:7880)
03-22 02:41:38.001 3730 3730 W System.err: at java.lang.reflect.Method.invoke(Native Method)
03-22 02:41:38.001 3730 3730 W System.err: at com.android.internal.os.RuntimeInit$MethodAndArgsCaller.run(RuntimeInit.java:548)
03-22 02:41:38.001 3730 3730 W System.err: at com.android.internal.os.ZygoteInit.main(ZygoteInit.java:1009)
03-22 02:41:38.005 3730 3730 I LTELicenseManager: onDisconnect called
03-22 02:41:38.005 3730 3730 I LTELicenseManager: saveLicenseInSharedPreferences false
03-22 02:41:38.010 3730 3730 D LTELicenseManager: processLicenseCheck notify caller license validity false
03-22 02:41:38.010 3730 3730 I LTEBC Init Manager: onLicenseCheckComplete 3 isValid false
03-22 02:41:38.010 3730 3730 V LTE Application: initStateChanged - LTEBC_INIT_LICENSE_ERROR
03-22 02:41:38.010 3730 3730 I LTE Application: Error during ltebc initialization
03-22 02:41:38.014 3730 3730 I LTE-FD Service:: LTEFileDeliveryServiceHelper get connection manager : Thread[Thread-2,5,main]
03-22 02:41:38.015 3730 3730 I LTE Application: isAnyAppBindedWithMW : No Application is binded with MW
03-22 02:41:38.015 3730 3730 I LTEBC Init Manager: onLicenseCheckComplete failed, hence calling explicit stop
03-22 02:41:38.015 3730 3730 I LTE Application: explicitStop initState LTEBC_INIT_LICENSE_ERROR
03-22 02:41:38.016 3730 3758 I LTEBC Init Manager: handleStartDeInitialization()
03-22 02:41:38.017 3730 3730 I LTE Root Service: onDestroy
03-22 02:41:38.017 3730 3758 I LTE Application: isAnyAppBindedWithMW : No Application is binded with MW
03-22 02:41:38.017 3730 3758 I LTEBC Init Manager: forceExit() Force Killing MSP as sKeepAlive is not ZERO, sKeepAlive:1
03-22 02:41:38.017 3730 3758 I LTE Application: shutdownApp
03-22 02:41:38.017 3730 3758 I LTE Application: shutdownApp : after jshutdown()
03-22 02:41:38.017 3730 3758 I LTE Application: shutdownApp : calling Disconnect from Ebmbs
03-22 02:41:38.017 3730 3758 D LTE Application: IntentSender : Last intent Status INACTIVE_SENT forcedBroadcast flag = false
03-22 02:41:38.017 3730 3758 I LTE Application: shutdownApp : calling Connection Mgr shutdown()
03-22 02:41:38.017 3730 3758 W SOCEKT : Connection Thread shutdown
03-22 02:41:38.017 645 660 I mpu_uart: [MSG-P:RECV]:No message received in 1000 ms
03-22 02:41:38.017 3730 3758 W SOCEKT : Recieve thread Pool shutdown
03-22 02:41:38.017 3730 3758 I LTE Application: shutdownApp : calling Ltebc exit
03-22 02:41:38.018 3730 3758 I com.qti.ltebc: System.exit called, status: 0
03-22 02:41:38.018 3730 3758 I AndroidRuntime: VM exiting with result code 0, cleanup skipped.
03-22 02:41:38.027 1206 1914 I GameModeConfig: isGameModeOn = false
03-22 02:41:38.045 1206 2104 I ActivityManager: Process com.qti.ltebc (pid 3730) has died: cch+5 CEM
03-22 02:41:38.045 1206 1559 I libprocessgroup: Successfully killed process cgroup uid 10082 pid 3730 in 0ms
03-22 02:41:38.046 666 666 I Zygote : Process 3730 exited cleanly (0)
03-22 02:41:38.098 1206 1914 I GameModeConfig: isGameModeOn = false
03-22 02:41:38.099 1206 1914 I GameModeConfig: isGameModeOn = false
03-22 02:41:38.100 1206 1914 I GameModeConfig: isGameModeOn = false
03-22 02:41:38.101 1206 1914 I GameModeConfig: isGameModeOn = false
03-22 02:41:38.153 1206 1914 I GameModeConfig: isGameModeOn = false
03-22 02:41:38.154 1206 1914 I GameModeConfig: isGameModeOn = false
03-22 02:41:38.216 1206 1914 I GameModeConfig: isGameModeOn = false
03-22 02:41:38.216 1206 1914 I GameModeConfig: isGameModeOn = false
03-22 02:41:38.217 1206 1914 I GameModeConfig: isGameModeOn = false
03-22 02:41:38.217 1206 1914 I GameModeConfig: isGameModeOn = false
03-22 02:41:38.280 1206 2033 D BufferPoolAccessor2.0: evictor expired: 6, evicted: 0
03-22 02:41:38.281 1309 1752 D BufferPoolAccessor2.0: bufferpool2 0xb400006da8975a98 : 0(0 size) total buffers - 0(0 size) used buffers - 33/35 (recycle/alloc) - 2/34 (fetch/transfer)
03-22 02:41:38.282 1309 1752 D BufferPoolAccessor2.0: evictor expired: 1, evicted: 1
03-22 02:41:38.301 571 586 I keystore2: keystore2::watchdog: Watchdog thread idle -> terminating. Have a great day.
03-22 02:41:38.407 1237 1237 W cnss_diag: type=1400 audit(0.0:299): avc: denied { getattr } for path="/data/vendor/wifi/wlan_logs" dev="dm-10" ino=384 scontext=u:r:vendor_wcnss_service:s0 tcontext=u:object_r:vendor_wifi_vendor_log_data_file:s0 tclass=dir permissive=0
03-22 02:41:38.411 1237 1237 I CNSS : cnss_open_log_file: create directory /data/vendor/wifi/wlan_logs/ ret = -1 errno= 17
03-22 02:41:38.411 1237 1237 I CNSS : failed to open file a+ mode or file size 0 is less than max_file_size 31457280
03-22 02:41:38.407 1237 1237 W cnss_diag: type=1400 audit(0.0:300): avc: denied { read } for name="wlan_logs" dev="dm-10" ino=384 scontext=u:r:vendor_wcnss_service:s0 tcontext=u:object_r:vendor_wifi_vendor_log_data_file:s0 tclass=dir permissive=0
03-22 02:41:38.411 1237 1237 I CNSS : Failed to open file /data/vendor/wifi/wlan_logs/host_driver_logs_current.txt: 13
03-22 02:41:38.407 1237 1237 W cnss_diag: type=1400 audit(0.0:301): avc: denied { search } for name="wlan_logs" dev="dm-10" ino=384 scontext=u:r:vendor_wcnss_service:s0 tcontext=u:object_r:vendor_wifi_vendor_log_data_file:s0 tclass=dir permissive=0
03-22 02:41:38.465 1206 1914 I GameModeConfig: isGameModeOn = false
03-22 02:41:38.466 1206 1914 I GameModeConfig: isGameModeOn = false
03-22 02:41:38.466 1206 1914 I GameModeConfig: isGameModeOn = false
03-22 02:41:38.466 1206 1914 I GameModeConfig: isGameModeOn = false
03-22 02:41:38.466 1206 1914 I GameModeConfig: isGameModeOn = false
03-22 02:41:38.467 1206 1914 I GameModeConfig: isGameModeOn = false
03-22 02:41:38.480 1206 1914 I GameModeConfig: isGameModeOn = false
03-22 02:41:38.480 1206 1914 I GameModeConfig: isGameModeOn = false
03-22 02:41:38.654 1337 1453 E tlogd : [TzLogger](isPathReadable) file /sys/kernel/debug/tzdbg/qsee_log isn't exist or no permission, err: No such file or directory
03-22 02:41:38.654 1337 1453 E tlogd : [TzLogger](saveTzlogAsync) /sys/kernel/debug/tzdbg/qsee_log can not read.
03-22 02:41:38.654 1337 1453 E tlogd : [TzLogger](isPathReadable) file /sys/kernel/debug/tzdbg/log isn't exist or no permission, err: No such file or directory
03-22 02:41:38.654 1337 1453 E tlogd : [TzLogger](saveTzlogAsync) /sys/kernel/debug/tzdbg/log can not read.
01-01 08:00:25.513 0 0 E DTC_ETH,link_delay_work_func: 3003, SQI=0, link=0
03-22 02:41:38.863 2757 2757 W hpplay-java: [main]:IPManager:getActiveNets invalid networkInfo:null
03-22 02:41:38.864 2757 2757 I hpplay-java: [main]:IPManager:getActiveNets eth0:false wifi:false mobile:false ap:false
03-22 02:41:38.864 2757 2757 I hpplay-java: [main]:ServerTaskManager:get local ip:null
03-22 02:41:38.892 2176 2354 W System.err: java.net.NoRouteToHostException: Host unreachable
03-22 02:41:38.893 2176 2354 W System.err: at libcore.io.IoBridge.connect(IoBridge.java:183)
03-22 02:41:38.893 2176 2354 W System.err: at java.net.PlainSocketImpl.socketConnect(PlainSocketImpl.java:142)
