01-01 08:02:44.643 0 0 I init : Sending signal 9 to service 'hht_ota_mgr_service' (pid 4087) process group...
01-01 08:02:44.643 0 0 I libprocessgroup: Successfully killed process cgroup uid 0 pid 4087 in 0ms
03-22 02:43:58.212 2757 2757 W hpplay-java: [main]:IPManager:getActiveNets invalid networkInfo:null
03-22 02:43:58.212 2757 2757 I hpplay-java: [main]:IPManager:getActiveNets eth0:false wifi:false mobile:false ap:false
03-22 02:43:58.212 2757 2757 I hpplay-java: [main]:ServerTaskManager:get local ip:null
03-22 02:43:58.337 645 660 I mpu_uart: [MSG-P:RECV]:No message received in 1000 ms
03-22 02:43:58.672 1337 1453 E tlogd : [TzLogger](isPathReadable) file /sys/kernel/debug/tzdbg/qsee_log isn't exist or no permission, err: No such file or directory
03-22 02:43:58.672 1337 1453 E tlogd : [TzLogger](saveTzlogAsync) /sys/kernel/debug/tzdbg/qsee_log can not read.
03-22 02:43:58.672 1337 1453 E tlogd : [TzLogger](isPathReadable) file /sys/kernel/debug/tzdbg/log isn't exist or no permission, err: No such file or directory
03-22 02:43:58.672 1337 1453 E tlogd : [TzLogger](saveTzlogAsync) /sys/kernel/debug/tzdbg/log can not read.
03-22 02:43:59.213 2757 2757 W hpplay-java: [main]:IPManager:getActiveNets invalid networkInfo:null
03-22 02:43:59.213 2757 2757 I hpplay-java: [main]:IPManager:getActiveNets eth0:false wifi:false mobile:false ap:false
03-22 02:43:59.214 2757 2757 I hpplay-java: [main]:ServerTaskManager:get local ip:null
03-22 02:43:59.338 645 660 I mpu_uart: [MSG-P:RECV]:No message received in 1000 ms
03-22 02:43:59.422 645 659 I mpu_uart: [MSG-P:R]:recv sync frame timeout
03-22 02:43:59.443 1237 1237 W cnss_diag: type=1400 audit(0.0:477): avc: denied { getattr } for path="/data/vendor/wifi/wlan_logs" dev="dm-10" ino=384 scontext=u:r:vendor_wcnss_service:s0 tcontext=u:object_r:vendor_wifi_vendor_log_data_file:s0 tclass=dir permissive=0
03-22 02:43:59.443 1237 1237 W cnss_diag: type=1400 audit(0.0:478): avc: denied { read } for name="wlan_logs" dev="dm-10" ino=384 scontext=u:r:vendor_wcnss_service:s0 tcontext=u:object_r:vendor_wifi_vendor_log_data_file:s0 tclass=dir permissive=0
03-22 02:43:59.443 1237 1237 W cnss_diag: type=1400 audit(0.0:479): avc: denied { search } for name="wlan_logs" dev="dm-10" ino=384 scontext=u:r:vendor_wcnss_service:s0 tcontext=u:object_r:vendor_wifi_vendor_log_data_file:s0 tclass=dir permissive=0
03-22 02:43:59.446 1237 1237 I CNSS : failed to open file a+ mode or file size 0 is less than max_file_size 31457280
03-22 02:43:59.446 1237 1237 I CNSS : Failed to open file /data/vendor/wifi/wlan_logs/cnss_fw_logs_current.txt: 13
03-22 02:44:00.005 2002 2002 D KeyguardUpdateMonitor: received broadcast android.intent.action.TIME_TICK
03-22 02:44:00.006 2002 2002 D KeyguardUpdateMonitor: handleTimeUpdate
03-22 02:44:00.090 1268 3903 I OMX-VENC: venc_dev: stats: avg. fps 0.02, bitrate 91
03-22 02:44:00.216 2757 2757 W hpplay-java: [main]:IPManager:getActiveNets invalid networkInfo:null
03-22 02:44:00.216 2757 2757 I hpplay-java: [main]:IPManager:getActiveNets eth0:false wifi:false mobile:false ap:false
03-22 02:44:00.216 2757 2757 I hpplay-java: [main]:ServerTaskManager:get local ip:null
03-22 02:44:00.339 645 660 I mpu_uart: [MSG-P:RECV]:No message received in 1000 ms
03-22 02:44:01.097 1268 3903 I OMX-VENC: venc_dev: stats: avg. fps 9.93, bitrate 79083
03-22 02:44:01.218 2757 2757 W hpplay-java: [main]:IPManager:getActiveNets invalid networkInfo:null
03-22 02:44:01.219 2757 2757 I hpplay-java: [main]:IPManager:getActiveNets eth0:false wifi:false mobile:false ap:false
03-22 02:44:01.219 2757 2757 I hpplay-java: [main]:ServerTaskManager:get local ip:null
03-22 02:44:01.339 645 660 I mpu_uart: [MSG-P:RECV]:No message received in 1000 ms
03-22 02:44:02.041 2315 2315 D RemoteControlService: startVlanDispatchThread
03-22 02:44:02.221 2757 2757 W hpplay-java: [main]:IPManager:getActiveNets invalid networkInfo:null
03-22 02:44:02.221 2757 2757 I hpplay-java: [main]:IPManager:getActiveNets eth0:false wifi:false mobile:false ap:false
03-22 02:44:02.221 2757 2757 I hpplay-java: [main]:ServerTaskManager:get local ip:null
01-01 08:02:48.873 0 0 E DTC_ETH,link_delay_work_func: 3003, SQI=0, link=0
03-22 02:44:02.339 645 660 I mpu_uart: [MSG-P:RECV]:No message received in 1000 ms
03-22 02:44:02.426 645 659 I mpu_uart: [MSG-P:R]:recv sync frame timeout
03-22 02:44:02.447 1237 1237 I CNSS : cnss_open_log_file: create directory /data/vendor/wifi/wlan_logs/ ret = -1 errno= 17
03-22 02:44:02.447 1237 1237 I CNSS : failed to open file a+ mode or file size 0 is less than max_file_size 31457280
03-22 02:44:02.447 1237 1237 I CNSS : Failed to open file /data/vendor/wifi/wlan_logs/cnss_fw_logs_current.txt: 13
03-22 02:44:02.443 1237 1237 W cnss_diag: type=1400 audit(0.0:480): avc: denied { getattr } for path="/data/vendor/wifi/wlan_logs" dev="dm-10" ino=384 scontext=u:r:vendor_wcnss_service:s0 tcontext=u:object_r:vendor_wifi_vendor_log_data_file:s0 tclass=dir permissive=0
03-22 02:44:02.443 1237 1237 W cnss_diag: type=1400 audit(0.0:481): avc: denied { read } for name="wlan_logs" dev="dm-10" ino=384 scontext=u:r:vendor_wcnss_service:s0 tcontext=u:object_r:vendor_wifi_vendor_log_data_file:s0 tclass=dir permissive=0
03-22 02:44:02.443 1237 1237 W cnss_diag: type=1400 audit(0.0:482): avc: denied { search } for name="wlan_logs" dev="dm-10" ino=384 scontext=u:r:vendor_wcnss_service:s0 tcontext=u:object_r:vendor_wifi_vendor_log_data_file:s0 tclass=dir permissive=0
01-01 08:02:49.260 0 0 I msm_vidc: err : ffffffff: .....: DBLP Set: status 0
01-01 08:02:49.564 0 0 I init : starting service 'hht_ota_mgr_service'...
03-22 02:44:02.956 2566 4097 I AdrenoGLES-0: QUALCOMM build : 47421dbee6, I139f36ad46
03-22 02:44:02.956 2566 4097 I AdrenoGLES-0: Build Date : 02/18/22
03-22 02:44:02.956 2566 4097 I AdrenoGLES-0: OpenGL ES Shader Compiler Version: EV031.32.02.17
03-22 02:44:02.956 2566 4097 I AdrenoGLES-0: Local Branch :
03-22 02:44:02.956 2566 4097 I AdrenoGLES-0: Remote Branch :
03-22 02:44:02.956 2566 4097 I AdrenoGLES-0: Remote Branch :
03-22 02:44:02.956 2566 4097 I AdrenoGLES-0: Reconstruct Branch :
03-22 02:44:02.956 2566 4097 I AdrenoGLES-0: Build Config : S P 10.0.7 AArch64
03-22 02:44:02.956 2566 4097 I AdrenoGLES-0: Driver Path : /vendor/lib64/egl/libGLESv2_adreno.so
03-22 02:44:02.958 509 509 I hwservicemanager: getTransport: Cannot find entry android.hardware.graphics.mapper@4.0::IMapper/default in either framework or device VINTF manifest.
03-22 02:44:02.962 4095 4095 E vota : [5d6874f8]: [vota]: init: ..
03-22 02:44:02.962 4095 4095 E vota : [5d6874f8]: [vota]: [warning]: the java machine be not inited, please pass it to the tb_init function! at tb_android_init_env(): 43, src/vota/platform/android/android.c
03-22 02:44:02.963 4095 4095 E vota : [5d6874f8]: [vota]: version: tbox_v1_6_7_202302251411_arm64-v8a_elf by Android (8481493, based on r416183c2) Clang 12.0.9 (https://android.googlesource.com/toolchain/llvm-project c935d99d7cf2016289302412d708641d52d2f7ee)
03-22 02:44:02.963 4095 4095 E vota : [5d6874f8]: [vota]: init: ok
03-22 02:44:02.963 4095 4095 E vota : [5d6874f8]: [vota]: [scheduler]: start ..
03-22 02:44:02.963 4095 4095 E vota : [5d6874f8]: [vota]: [coroutine]: init 0x7b5c0b9158
03-22 02:44:02.963 4095 4095 E vota : [5d6874f8]: [vota]: [scheduler]: start ok
03-22 02:44:02.963 4095 4095 E vota : [5d6874f8]: [vota]: [scheduler]: switch to coroutine(0x7b5c0b9158) from coroutine(0x7b5c197ca0)
03-22 02:44:02.963 4095 4095 E vota : [5d6874f8]: [vota]: [coroutine]: entry: 0x7b5c0b9158 stack: 0x7b5c0b91b8 - 0x7b5c0f91b8 from coroutine(0x7b5c197ca0)
03-22 02:44:02.963 4095 4095 I hiphi_update_api: Hh_GetVersion calling ......
03-22 02:44:02.963 4095 4095 I hiphi_update_api: get version:01.00.C101_20230322_private_user?>(c
03-22 02:44:02.963 4095 4095 I hiphi_update_api: Hh_GetVersion ret:0
03-22 02:44:02.964 2566 4097 I AdrenoGLES-0: PFP: 0x016dd093, ME: 0x00000000
03-22 02:44:02.974 2566 4097 D libEGL : MSAA-->msaa:0 gamemode:0 4x_msaa:0
03-22 02:44:02.975 2566 4097 D libEGL : MSAA-->msaa:0 gamemode:0 4x_msaa:0
03-22 02:44:02.976 2566 4097 D libEGL : MSAA-->msaa:0 gamemode:0 4x_msaa:0
03-22 02:44:02.984 857 857 I SDM : HWCDisplay::GetColorModeCount: Supported color mode count = 1
03-22 02:44:02.984 857 857 I SDM : HWCDisplay::GetColorModes: Color mode = 0 is supported
03-22 02:44:02.984 1007 1061 E HWComposer: getSupportedContentTypes: getSupportedContentTypes failed for display 4630946816427681409: Unsupported (8)
03-22 02:44:02.984 2566 4097 D hw-ProcessState: Binder ioctl to enable oneway spam detection failed: Invalid argument
03-22 02:44:02.985 509 509 I hwservicemanager: getTransport: Cannot find entry android.hardware.graphics.mapper@4.0::IMapper/default in either framework or device VINTF manifest.
03-22 02:44:02.985 2566 4097 I Gralloc4: mapper 4.x is not supported
01-01 08:02:49.639 0 0 I binder : 2566:4097 ioctl 40046210 7bd21ea254 returned -22
03-22 02:44:02.987 509 509 I hwservicemanager: getTransport: Cannot find entry android.hardware.graphics.allocator@4.0::IAllocator/default in either framework or device VINTF manifest.
03-22 02:44:02.987 2566 4097 W Gralloc4: allocator 4.x is not supported
03-22 02:44:03.009 2566 4097 E FrameEvents: updateAcquireFence: Did not find frame.
03-22 02:44:03.010 4095 4095 E vota : [5d6874f8]: [vota]: [scheduler]: finish coroutine(0x7b5c0b9158)
03-22 02:44:03.010 4095 4095 E vota : [5d6874f8]: [vota]: [scheduler]: switch to original coroutine
03-22 02:44:03.010 4095 4095 E vota : [5d6874f8]: [vota]: [scheduler]: switch to coroutine(0x7b5c197ca0) from coroutine(0x7b5c0b9158)
03-22 02:44:03.010 4095 4095 E vota : [5d6874f8]: [vota]: [scheduler]: [loop]: ready 0
03-22 02:44:03.010 4095 4095 E vota : [5d6874f8]: [vota]: [coroutine]: exit: 0x7b5c0b9158
03-22 02:44:03.010 4095 4095 E vota : [5d6874f8]: [vota]: [lock_profiler]:
03-22 02:44:03.010 4095 4095 E vota : [5d6874f8]: [vota]: [lock_profiler]: lock: 0xb4000078ff14858c, name: allocator, occupied: 0
03-22 02:44:03.010 4095 4095 E vota : [5d6874f8]: [vota]: [lock_profiler]: lock: 0xb4000078ef140194, name: native_large_allocator, occupied: 0
03-22 02:44:03.010 4095 4095 E vota : [5d6874f8]: [vota]: [small_allocator]:
03-22 02:44:03.010 4095 4095 E vota : [5d6874f8]: [vota]: [static_fixed_pool]: [16]: peak_size: 288, wast_rate: 4074/10000, pred_failed: 0, item_maxn: 245, free_count: 18, malloc_count: 18
03-22 02:44:03.010 4095 4095 E vota : [5d6874f8]: [vota]: [static_fixed_pool]: [96]: peak_size: 2208, wast_rate: 1028/10000, pred_failed: 0, item_maxn: 248, free_count: 23, malloc_count: 23
03-22 02:44:03.010 4095 4095 E vota : [5d6874f8]: [vota]: [static_fixed_pool]: [128]: peak_size: 9216, wast_rate: 791/10000, pred_failed: 0, item_maxn: 249, free_count: 72, malloc_count: 72
03-22 02:44:03.010 4095 4095 E vota : [5d6874f8]: [vota]: [static_fixed_pool]: [192]: peak_size: 2112, wast_rate: 541/10000, pred_failed: 0, item_maxn: 250, free_count: 11, malloc_count: 11
03-22 02:44:03.010 4095 4095 E vota : [5d6874f8]: [vota]: [static_fixed_pool]: [256]: peak_size: 256, wast_rate: 411/10000, pred_failed: 0, item_maxn: 251, free_count: 1, malloc_count: 1
03-22 02:44:03.010 4095 4095 E vota : [5d6874f8]: [vota]: [static_fixed_pool]: [384]: peak_size: 5376, wast_rate: 278/10000, pred_failed: 0, item_maxn: 252, free_count: 14, malloc_count: 14
03-22 02:44:03.010 4095 4095 E vota : [5d6874f8]: [vota]: [static_fixed_pool]: [512]: peak_size: 5632, wast_rate: 210/10000, pred_failed: 0, item_maxn: 253, free_count: 11, malloc_count: 11
03-22 02:44:03.010 4095 4095 E vota : [5d6874f8]: [vota]: [static_fixed_pool]: [1024]: peak_size: 2048, wast_rate: 106/10000, pred_failed: 0, item_maxn: 254, free_count: 2, malloc_count: 2
03-22 02:44:03.010 4095 4095 E vota : [5d6874f8]: [vota]: [native_large_allocator]:
03-22 02:44:03.010 4095 4095 E vota : [5d6874f8]: [vota]: [native_large_allocator]: peak_size: 3373986
03-22 02:44:03.010 4095 4095 E vota : [5d6874f8]: [vota]: [native_large_allocator]: wast_rate: 4/10000
03-22 02:44:03.010 4095 4095 E vota : [5d6874f8]: [vota]: [native_large_allocator]: free_count: 52
03-22 02:44:03.010 4095 4095 E vota : [5d6874f8]: [vota]: [native_large_allocator]: malloc_count: 52
03-22 02:44:03.010 4095 4095 E vota : [5d6874f8]: [vota]: [native_large_allocator]: ralloc_count: 0
03-22 02:44:03.010 4095 4095 E vota : [5d6874f8]: [vota]: exit: ok
03-22 02:44:03.003 4095 4095 W hht_ota_mgr: type=1400 audit(0.0:483): avc: denied { read append } for name="NvmSim_yy.dat" dev="dm-10" ino=391 scontext=u:r:hht_ota_mgr:s0 tcontext=u:object_r:system_data_file:s0 tclass=file permissive=0
01-01 08:02:49.666 0 0 I init : Service 'hht_ota_mgr_service' (pid 4095) exited with status 0
01-01 08:02:49.666 0 0 I init : Sending signal 9 to service 'hht_ota_mgr_service' (pid 4095) process group...
01-01 08:02:49.667 0 0 I libprocessgroup: Successfully killed process cgroup uid 0 pid 4095 in 0ms
03-22 02:44:03.022 2566 4097 E FrameEvents: updateAcquireFence: Did not find frame.
03-22 02:44:03.036 2566 4097 E FrameEvents: updateAcquireFence: Did not find frame.
03-22 02:44:03.038 2566 4097 E FrameEvents: updateAcquireFence: Did not find frame.
03-22 02:44:03.055 1206 3056 I InputDispatcher: Monitor swipe-up (server) is stealing touch from []
03-22 02:44:03.056 1206 2171 I ActivityTaskManager: START u0 {act=android.intent.action.MAIN cat=[android.intent.category.HOME] flg=0x10010000 pkg=com.android.launcher3 cmp=com.android.launcher3/.uioverrides.QuickstepLauncher (has extras)} from uid 10079
03-22 02:44:03.057 1206 1537 I EventSequenceValidator: inc AccIntentStartedEvents to 2
03-22 02:44:03.059 1206 1537 I EventSequenceValidator: inc AccIntentStartedEvents to 3
03-22 02:44:03.060 1206 2171 D CompatibilityChangeReporter: Compat change id reported: 184838306; UID 10079; state: DISABLED
03-22 02:44:03.062 1206 2171 D CompatibilityChangeReporter: Compat change id reported: 185004937; UID 10079; state: DISABLED
03-22 02:44:03.063 1206 2171 D CompatibilityChangeReporter: Compat change id reported: 181136395; UID 10079; state: DISABLED
03-22 02:44:03.063 1206 2171 D CompatibilityChangeReporter: Compat change id reported: 174042936; UID 10079; state: DISABLED
03-22 02:44:03.065 1206 2171 D CompatibilityChangeReporter: Compat change id reported: 174042980; UID 10079; state: DISABLED
03-22 02:44:03.068 1206 2171 E ANDR-PERF-JNI: com_qualcomm_qtiperformance_native_perf_io_prefetch_start
03-22 02:44:03.069 1206 2171 W ActivityTaskManager: Can't find TaskDisplayArea to determine support for multi window. Task id=9 attached=false
03-22 02:44:03.071 859 3267 E ANDR-IOP: io prefetch is disabled
03-22 02:44:03.072 1206 2171 I ActivityTaskManager: The Process com.android.launcher3 Already Exists in BG. So sending its PID: 2566
03-22 02:44:03.073 1206 2171 D CompatibilityInfo: mCompatibilityFlags - 4
03-22 02:44:03.073 1206 2171 D CompatibilityInfo: applicationDensity - 240
03-22 02:44:03.073 1206 2171 D CompatibilityInfo: applicationScale - 1.0
03-22 02:44:03.078 1206 3056 D ActivityTrigger: ActivityTrigger activityPauseTrigger
03-22 02:44:03.079 1206 3056 W ActivityTaskManager: Duplicate finish request for r=ActivityRecord{853e7d5 u0 com.android.systemui/.usb.UsbDebuggingActivity t8 f}}
03-22 02:44:03.081 1206 2123 I ActivityTaskManager: FOREGROUND_APPLICATION_CHANGED to com.android.launcher3.uioverrides.QuickstepLauncher
03-22 02:44:03.083 1206 1535 I ActivityManager: Killing 2002:com.android.systemui/u0a84 (adj -800): user request after error
03-22 02:44:03.088 1206 1535 W InputManager-JNI: Input channel object '83b63be Application Not Responding: com.android.systemui (client)' was disposed without first being removed with the input manager!
01-01 08:02:49.741 0 0 I binder_alloc: 2002: binder_alloc_buf failed to map pages in userspace, no vma
03-22 02:44:03.090 1206 1559 I libprocessgroup: Successfully killed process cgroup uid 10084 pid 2002 in 5ms
01-01 08:02:49.741 0 0 I binder : 1206:1537 transaction failed 29189/-3, size 2484-8 line 3240
01-01 08:02:49.742 0 0 I binder_alloc: 2002: binder_alloc_buf failed to map pages in userspace, no vma
01-01 08:02:49.742 0 0 I binder : 1206:1537 transaction failed 29189/-3, size 2636-8 line 3240
01-01 08:02:49.742 0 0 I binder_alloc: 2002: binder_alloc_buf failed to map pages in userspace, no vma
01-01 08:02:49.742 0 0 I binder : 1206:1537 transaction failed 29189/-3, size 2636-8 line 3240
03-22 02:44:03.092 2566 2566 V Launcher: LauncherAppState initiated
03-22 02:44:03.098 2566 2566 D DeviceProfile: updateIconDrawableOffset: folderIconSizePx=80
03-22 02:44:03.100 1268 3903 I OMX-VENC: venc_dev: stats: avg. fps 0.50, bitrate 2938
03-22 02:44:03.104 1206 1736 I InputDispatcher: Erasing monitor edge-swipe (server) on display 0, pid=2002
03-22 02:44:03.105 1309 1309 D BufferPoolAccessor2.0: bufferpool2 0xb400006da8973c88 : 0(0 size) total buffers - 0(0 size) used buffers - 5/7 (recycle/alloc) - 2/6 (fetch/transfer)
03-22 02:44:03.105 1309 1309 D BufferPoolAccessor2.0: Destruction - bufferpool2 0xb400006da8973c88 cached: 0/0M, 0/0% in use; allocs: 7, 71% recycled; transfers: 6, 67% unfetched
03-22 02:44:03.105 1309 1309 D BufferPoolAccessor2.0: bufferpool2 0xb400006da89712e8 : 0(0 size) total buffers - 0(0 size) used buffers - 14/17 (recycle/alloc) - 3/16 (fetch/transfer)
03-22 02:44:03.105 1309 1309 D BufferPoolAccessor2.0: Destruction - bufferpool2 0xb400006da89712e8 cached: 0/0M, 0/0% in use; allocs: 17, 82% recycled; transfers: 16, 81% unfetched
03-22 02:44:03.105 1309 2043 D BufferPoolAccessor2.0: bufferpool2 0xb400006da8976628 : 0(0 size) total buffers - 0(0 size) used buffers - 14/16 (recycle/alloc) - 2/15 (fetch/transfer)
03-22 02:44:03.105 1309 2043 D BufferPoolAccessor2.0: Destruction - bufferpool2 0xb400006da8976628 cached: 0/0M, 0/0% in use; allocs: 16, 88% recycled; transfers: 15, 87% unfetched
01-01 08:02:49.760 0 0 I binder : undelivered transaction 70993, process died.
01-01 08:02:49.760 0 0 I binder : undelivered transaction 70946, process died.
01-01 08:02:49.760 0 0 I binder : undelivered transaction 70951, process died.
01-01 08:02:49.760 0 0 I binder : undelivered transaction 70942, process died.
01-01 08:02:49.760 0 0 I binder : undelivered transaction 70947, process died.
01-01 08:02:49.760 0 0 I binder : undelivered transaction 70952, process died.
01-01 08:02:49.760 0 0 I binder : undelivered transaction 70958, process died.
01-01 08:02:49.760 0 0 I binder : undelivered transaction 70964, process died.
01-01 08:02:49.760 0 0 I binder : undelivered transaction 70943, process died.
01-01 08:02:49.760 0 0 I binder : undelivered transaction 70948, process died.
03-22 02:44:03.107 1206 3056 I ActivityManager: Process com.android.systemui (pid 2002) has died: pers PER
01-01 08:02:49.761 0 0 I binder : send failed reply for transaction 71002 to 1206:1535
03-22 02:44:03.107 1206 2127 E LockoutResetTracker: Callback binder died: android.os.BinderProxy@916ee83
03-22 02:44:03.107 1206 2127 E LockoutResetTracker: Removing dead callback for: com.android.systemui
03-22 02:44:03.107 1206 2127 E BiometricService: Enabled callback binder died
03-22 02:44:03.108 1206 2164 D ConnectivityService: ConnectivityService NetworkRequestInfo binderDied(uid/pid:10084/2002, android.os.BinderProxy@159fe7e)
03-22 02:44:03.108 1206 1951 V MediaSessionRecord: Removing dead callback in pushSessionDestroyed, this=com.android.systemui/MediaSession (userId=0), callback package=com.android.systemui, exception=android.os.DeadObjectException
03-22 02:44:03.108 1206 2164 D ConnectivityService: ConnectivityService NetworkRequestInfo binderDied(uid/pid:10084/2002, android.os.BinderProxy@24fefdf)
03-22 02:44:03.108 1206 1951 V MediaSessionRecord: Removing dead callback in pushSessionDestroyed, this=com.android.systemui/MediaSession (userId=0), callback package=com.android.systemui, exception=android.os.DeadObjectException
03-22 02:44:03.108 1206 1907 D ConnectivityService: releasing NetworkRequest [ REQUEST id=24, [ Capabilities: INTERNET&NOT_RESTRICTED&TRUSTED&NOT_VCN_MANAGED Uid: 10084 RequestorUid: 10084 RequestorPkg: com.android.systemui] ] (release request)
03-22 02:44:03.108 1206 2164 D ConnectivityService: ConnectivityService NetworkRequestInfo binderDied(uid/pid:10084/2002, android.os.BinderProxy@c99442c)
03-22 02:44:03.108 1206 1951 V MediaSessionRecord: Removing dead callback in pushSessionDestroyed, this=com.android.systemui/MediaSession (userId=0), callback package=com.android.systemui, exception=android.os.DeadObjectException
03-22 02:44:03.108 1206 2164 W AS.AudioService: Current remote volume controller died, unregistering
03-22 02:44:03.108 1206 2164 W VolumeController: Error calling dismiss
03-22 02:44:03.108 1206 2164 W VolumeController: android.os.DeadObjectException
03-22 02:44:03.108 1206 2164 W VolumeController: at android.os.BinderProxy.transactNative(Native Method)
03-22 02:44:03.108 1206 2164 W VolumeController: at android.os.BinderProxy.transact(BinderProxy.java:571)
03-22 02:44:03.108 1206 2164 W VolumeController: at android.media.IVolumeController$Stub$Proxy.dismiss(IVolumeController.java:270)
03-22 02:44:03.108 1206 2164 W VolumeController: at com.android.server.audio.AudioService$VolumeController.postDismiss(AudioService.java:9284)
03-22 02:44:03.108 1206 2164 W VolumeController: at com.android.server.audio.AudioService.setVolumeController(AudioService.java:9109)
03-22 02:44:03.108 1206 2164 W VolumeController: at com.android.server.audio.AudioService$6.binderDied(AudioService.java:9118)
03-22 02:44:03.108 1206 2164 W VolumeController: at android.os.IBinder$DeathRecipient.binderDied(IBinder.java:314)
03-22 02:44:03.108 1206 2164 W VolumeController: at android.os.BinderProxy.sendDeathNotice(BinderProxy.java:685)
03-22 02:44:03.108 1206 1206 W MediaSessionService: Error sending default remote volume.
03-22 02:44:03.108 1206 1206 W MediaSessionService: android.os.DeadObjectException
03-22 02:44:03.108 1206 1206 W MediaSessionService: at android.os.BinderProxy.transactNative(Native Method)
03-22 02:44:03.108 1206 1206 W MediaSessionService: at android.os.BinderProxy.transact(BinderProxy.java:571)
03-22 02:44:03.108 1206 1206 W MediaSessionService: at android.media.IRemoteSessionCallback$Stub$Proxy.onSessionChanged(IRemoteSessionCallback.java:181)
03-22 02:44:03.108 1206 1206 W MediaSessionService: at com.android.server.media.MediaSessionService.pushRemoteVolumeUpdateLocked(MediaSessionService.java:799)
03-22 02:44:03.108 1206 1206 W MediaSessionService: at com.android.server.media.MediaSessionService.pushSession1Changed(MediaSessionService.java:741)
03-22 02:44:03.108 1206 1206 W MediaSessionService: at com.android.server.media.MediaSessionService.access$6000(MediaSessionService.java:104)
03-22 02:44:03.108 1206 1206 W MediaSessionService: at com.android.server.media.MediaSessionService$MessageHandler.handleMessage(MediaSessionService.java:2816)
03-22 02:44:03.108 1206 1206 W MediaSessionService: at android.os.Handler.dispatchMessage(Handler.java:106)
03-22 02:44:03.108 1206 1206 W MediaSessionService: at android.os.Looper.loopOnce(Looper.java:201)
03-22 02:44:03.108 1206 1206 W MediaSessionService: at android.os.Looper.loop(Looper.java:288)
03-22 02:44:03.108 1206 1206 W MediaSessionService: at com.android.server.SystemServer.run(SystemServer.java:909)
03-22 02:44:03.108 1206 1206 W MediaSessionService: at com.android.server.SystemServer.main(SystemServer.java:616)
03-22 02:44:03.108 1206 1206 W MediaSessionService: at java.lang.reflect.Method.invoke(Native Method)
03-22 02:44:03.108 1206 1206 W MediaSessionService: at com.android.internal.os.RuntimeInit$MethodAndArgsCaller.run(RuntimeInit.java:548)
03-22 02:44:03.108 1206 1206 W MediaSessionService: at com.android.internal.os.ZygoteInit.main(ZygoteInit.java:987)
03-22 02:44:03.108 1206 1907 D ConnectivityService: releasing NetworkRequest [ REQUEST id=22, [ Capabilities: INTERNET&NOT_RESTRICTED&TRUSTED&NOT_VCN_MANAGED Uid: 10084 RequestorUid: 10084 RequestorPkg: com.android.systemui] ] (release request)
01-01 08:02:49.762 0 0 I binder : 1206:1951 transaction failed 29189/-22, size 116-0 line 3071
01-01 08:02:49.762 0 0 I binder : 1206:1951 transaction failed 29189/-22, size 116-0 line 3071
01-01 08:02:49.762 0 0 I binder : 1206:1951 transaction failed 29189/-22, size 116-0 line 3071
01-01 08:02:49.762 0 0 I binder : 1206:1206 transaction failed 29189/-22, size 96-0 line 3071
01-01 08:02:49.763 0 0 I binder : 1206:1206 transaction failed 29189/-22, size 112-0 line 3071
03-22 02:44:03.108 1206 1206 W MediaSessionService: Dead ActiveSessionsListener in pushSessionsChanged, removing
03-22 02:44:03.108 1206 1206 W MediaSessionService: android.os.DeadObjectException
03-22 02:44:03.108 1206 1206 W MediaSessionService: at android.os.BinderProxy.transactNative(Native Method)
03-22 02:44:03.108 1206 1206 W MediaSessionService: at android.os.BinderProxy.transact(BinderProxy.java:571)
03-22 02:44:03.108 1206 1206 W MediaSessionService: at android.media.session.IActiveSessionsListener$Stub$Proxy.onActiveSessionsChanged(IActiveSessionsListener.java:117)
03-22 02:44:03.108 1206 1206 W MediaSessionService: at com.android.server.media.MediaSessionService.pushSession1Changed(MediaSessionService.java:746)
03-22 02:44:03.108 1206 1206 W MediaSessionService: at com.android.server.media.MediaSessionService.access$6000(MediaSessionService.java:104)
03-22 02:44:03.108 1206 1206 W MediaSessionService: at com.android.server.media.MediaSessionService$MessageHandler.handleMessage(MediaSessionService.java:2816)
03-22 02:44:03.108 1206 1206 W MediaSessionService: at android.os.Handler.dispatchMessage(Handler.java:106)
03-22 02:44:03.108 1206 1206 W MediaSessionService: at android.os.Looper.loopOnce(Looper.java:201)
03-22 02:44:03.108 1206 1206 W MediaSessionService: at android.os.Looper.loop(Looper.java:288)
03-22 02:44:03.108 1206 1206 W MediaSessionService: at com.android.server.SystemServer.run(SystemServer.java:909)
03-22 02:44:03.108 1206 1206 W MediaSessionService: at com.android.server.SystemServer.main(SystemServer.java:616)
03-22 02:44:03.108 1206 1206 W MediaSessionService: at java.lang.reflect.Method.invoke(Native Method)
03-22 02:44:03.108 1206 1206 W MediaSessionService: at com.android.internal.os.RuntimeInit$MethodAndArgsCaller.run(RuntimeInit.java:548)
03-22 02:44:03.108 1206 1206 W MediaSessionService: at com.android.internal.os.ZygoteInit.main(ZygoteInit.java:987)
03-22 02:44:03.108 1206 1206 W MediaSessionService: Dead ActiveSessionsListener in pushSessionsChanged, removing
03-22 02:44:03.108 1206 1206 W MediaSessionService: android.os.DeadObjectException
03-22 02:44:03.108 1206 1206 W MediaSessionService: at android.os.BinderProxy.transactNative(Native Method)
03-22 02:44:03.108 1206 1206 W MediaSessionService: at android.os.BinderProxy.transact(BinderProxy.java:571)
03-22 02:44:03.108 1206 1206 W MediaSessionService: at android.media.session.IActiveSessionsListener$Stub$Proxy.onActiveSessionsChanged(IActiveSessionsListener.java:117)
03-22 02:44:03.108 1206 1206 W MediaSessionService: at com.android.server.media.MediaSessionService.pushSession1Changed(MediaSessionService.java:746)
03-22 02:44:03.108 1206 1206 W MediaSessionService: at com.android.server.media.MediaSessionService.access$6000(MediaSessionService.java:104)
03-22 02:44:03.108 1206 1206 W MediaSessionService: at com.android.server.media.MediaSessionService$MessageHandler.handleMessage(MediaSessionService.java:2816)
03-22 02:44:03.108 1206 1206 W MediaSessionService: at android.os.Handler.dispatchMessage(Handler.java:106)
03-22 02:44:03.108 1206 1206 W MediaSessionService: at android.os.Looper.loopOnce(Looper.java:201)
03-22 02:44:03.108 1206 1206 W MediaSessionService: at android.os.Looper.loop(Looper.java:288)
03-22 02:44:03.108 1206 1206 W MediaSessionService: at com.android.server.SystemServer.run(SystemServer.java:909)
03-22 02:44:03.108 1206 1206 W MediaSessionService: at com.android.server.SystemServer.main(SystemServer.java:616)
03-22 02:44:03.108 1206 1206 W MediaSessionService: at java.lang.reflect.Method.invoke(Native Method)
03-22 02:44:03.108 1206 1206 W MediaSessionService: at com.android.internal.os.RuntimeInit$MethodAndArgsCaller.run(RuntimeInit.java:548)
03-22 02:44:03.108 1206 1206 W MediaSessionService: at com.android.internal.os.ZygoteInit.main(ZygoteInit.java:987)
03-22 02:44:03.108 1206 1206 W WallpaperManagerService: Wallpaper service gone: ComponentInfo{com.android.systemui/com.android.systemui.ImageWallpaper}
03-22 02:44:03.109 1206 1206 W WallpaperManagerService: Wallpaper service gone: ComponentInfo{com.android.systemui/com.android.systemui.ImageWallpaper}
03-22 02:44:03.109 1988 3160 D Avrcp_ext: AudioManager Player: AudioPlaybackConfiguration piid:55 deviceId:0 type:android.media.SoundPool u/pid:1000/1206 state:idle attr:AudioAttributes: usage=USAGE_ASSISTANCE_SONIFICATION content=CONTENT_TYPE_SONIFICATION flags=0x800 tags= bundle=null sessionId:0
03-22 02:44:03.109 1988 3160 D Avrcp_ext: AudioManager Player: AudioPlaybackConfiguration piid:71 deviceId:0 type:android.media.SoundPool u/pid:1000/2116 state:idle attr:AudioAttributes: usage=USAGE_ASSISTANCE_SONIFICATION content=CONTENT_TYPE_SONIFICATION flags=0x801 tags= bundle=null sessionId:0
03-22 02:44:03.109 1988 3160 D Avrcp_ext: AudioManager isPlaying: false, mAudioPlaybackIsActive = false
03-22 02:44:03.109 1988 3160 D Avrcp_ext: AudioManager Reset Active Player
03-22 02:44:03.109 1206 2803 D ConnectivityService: ConnectivityService NetworkRequestInfo binderDied(uid/pid:10084/2002, android.os.BinderProxy@d3decc4)
03-22 02:44:03.110 666 666 I Zygote : Process 2002 exited due to signal 9 (Killed)
03-22 02:44:03.110 1206 1559 I libprocessgroup: Successfully killed process cgroup uid 10084 pid 2002 in 0ms
03-22 02:44:03.110 1206 2123 D NotificationListeners: Removing active service ComponentInfo{com.android.systemui/com.android.systemui.statusbar.NotificationListener}
03-22 02:44:03.110 1206 2127 W AudioService.RecordingActivityMonitor: client died
03-22 02:44:03.111 1206 4114 I WindowManager: WIN DEATH: Window{d0f1713 u0 freeform_bottom_left_tip_window}
03-22 02:44:03.111 1206 4114 W InputManager-JNI: Input channel object 'd0f1713 freeform_bottom_left_tip_window (client)' was disposed without first being removed with the input manager!
03-22 02:44:03.111 2566 2566 D CompatibilityChangeReporter: Compat change id reported: 171228096; UID 10079; state: ENABLED
03-22 02:44:03.113 1206 1925 I WindowManager: WIN DEATH: Window{48cc22 u0 ShellDropTarget}
03-22 02:44:03.113 1206 1925 W InputManager-JNI: Input channel object '48cc22 ShellDropTarget (client)' was disposed without first being removed with the input manager!
03-22 02:44:03.115 1206 2120 I AdrenoGLES-0: QUALCOMM build : 47421dbee6, I139f36ad46
03-22 02:44:03.115 1206 2120 I AdrenoGLES-0: Build Date : 02/18/22
03-22 02:44:03.115 1206 2120 I AdrenoGLES-0: OpenGL ES Shader Compiler Version: EV031.32.02.17
03-22 02:44:03.115 1206 2120 I AdrenoGLES-0: Local Branch :
03-22 02:44:03.115 1206 2120 I AdrenoGLES-0: Remote Branch :
03-22 02:44:03.115 1206 2120 I AdrenoGLES-0: Remote Branch :
03-22 02:44:03.115 1206 2120 I AdrenoGLES-0: Reconstruct Branch :
03-22 02:44:03.115 1206 2120 I AdrenoGLES-0: Build Config : S P 10.0.7 AArch64
03-22 02:44:03.115 1206 2120 I AdrenoGLES-0: Driver Path : /vendor/lib64/egl/libGLESv2_adreno.so
03-22 02:44:03.116 1988 3160 V Avrcp_ext: updateCurrentMediaState: mMediaController: null
03-22 02:44:03.116 1988 3160 W Avrcp_ext: isMusicActive: false getBluetoothPlayState: 2 A2dp State: 11 mAudioPlaybackIsActive: false
03-22 02:44:03.116 1988 3160 W Avrcp_ext: updateCurrentMediaState: isPlaying = false
03-22 02:44:03.116 1988 3160 V Avrcp_ext: Media update: id -1鉃?1? [MediaAttributes: none] : [MediaAttributes: none]
03-22 02:44:03.116 1988 3160 D Avrcp_ext: isPackageNameValid: browsedPackage = isValid = false
03-22 02:44:03.116 1988 3160 V Avrcp_ext: updatePlaybackState, state: PlaybackState {state=2, position=-1, buffered position=0, speed=0.0, updated=167009, actions=0, custom actions=[], active item id=-1, error=null} device: null
03-22 02:44:03.116 1988 3160 V Avrcp_ext: Device: no name:
03-22 02:44:03.116 1988 3160 V Avrcp_ext: Device: no name:
03-22 02:44:03.116 1988 3160 V Avrcp_ext: Device: no name:
03-22 02:44:03.116 1988 3160 V Avrcp_ext: Device: no name:
03-22 02:44:03.116 1988 3160 V Avrcp_ext: Device: no name:
03-22 02:44:03.116 509 509 I hwservicemanager: getTransport: Cannot find entry android.hardware.graphics.mapper@4.0::IMapper/default in either framework or device VINTF manifest.
03-22 02:44:03.116 1988 3160 V Avrcp_ext: updatePlayerStateAndPosition, old=PlaybackState {state=2, position=-1, buffered position=0, speed=0.0, updated=12429, actions=0, custom actions=[], active item id=-1, error=null}, state=PlaybackState {state=2, position=-1, buffered position=0, speed=0.0, updated=167009, actions=0, custom actions=[], active item id=-1, error=null}
03-22 02:44:03.116 1988 3160 V Avrcp_ext: old state = PlaybackState {state=2, position=-1, buffered position=0, speed=0.0, updated=12429, actions=0, custom actions=[], active item id=-1, error=null}, new state= PlaybackState {state=2, position=-1, buffered position=0, speed=0.0, updated=167009, actions=0, custom actions=[], active item id=-1, error=null}
03-22 02:44:03.116 1988 3160 D HeadsetService: getHeadsetService(): returning com.android.bluetooth.hfp.HeadsetService@3157a51
03-22 02:44:03.116 1988 3160 D HeadsetService: isAudioOn: The number of audio connected devices 0
03-22 02:44:03.116 1988 3160 D HeadsetService: isScoOrCallActive(): Call Active:falseCall is Ringing:falseSCO is Active:false
03-22 02:44:03.116 1988 3160 D HeadsetService: isAudioOn: The number of audio connected devices 0
03-22 02:44:03.116 1988 3160 I Avrcp_ext: updatePlayStatusForDevice: device: null
03-22 02:44:03.116 1988 3160 V Avrcp_ext: updatePlaybackState (1): old=PlaybackState {state=2, position=-1, buffered position=0, speed=0.0, updated=12429, actions=0, custom actions=[], active item id=-1, error=null}(2), new=PlaybackState {state=2, position=-1, buffered position=0, speed=0.0, updated=167009, actions=0, custom actions=[], active item id=-1, error=null}(2)
03-22 02:44:03.116 1988 3160 I Avrcp_ext: Exit updatePlayStatusForDevice
03-22 02:44:03.116 1988 3160 D HeadsetService: isAudioOn: The number of audio connected devices 0
03-22 02:44:03.116 1206 2803 I WindowManager: WIN DEATH: Window{4c361a8 u0 NotificationShade}
03-22 02:44:03.116 1988 3160 D HeadsetService: isScoOrCallActive(): Call Active:falseCall is Ringing:falseSCO is Active:false
03-22 02:44:03.116 1988 3160 D HeadsetService: isAudioOn: The number of audio connected devices 0
03-22 02:44:03.116 1988 3160 I Avrcp_ext: updatePlayStatusForDevice: device: null
03-22 02:44:03.116 1988 3160 V Avrcp_ext: updatePlaybackState (1): old=PlaybackState {state=2, position=-1, buffered position=0, speed=0.0, updated=12429, actions=0, custom actions=[], active item id=-1, error=null}(2), new=PlaybackState {state=2, position=-1, buffered position=0, speed=0.0, updated=167009, actions=0, custom actions=[], active item id=-1, error=null}(2)
03-22 02:44:03.116 1206 2803 W InputManager-JNI: Input channel object '4c361a8 NotificationShade (client)' was disposed without first being removed with the input manager!
03-22 02:44:03.116 1988 3160 I Avrcp_ext: Exit updatePlayStatusForDevice
03-22 02:44:03.116 1988 3160 D HeadsetService: isAudioOn: The number of audio connected devices 0
03-22 02:44:03.116 1988 3160 D HeadsetService: isScoOrCallActive(): Call Active:falseCall is Ringing:falseSCO is Active:false
03-22 02:44:03.116 1988 3160 D HeadsetService: isAudioOn: The number of audio connected devices 0
03-22 02:44:03.116 1988 3160 I Avrcp_ext: updatePlayStatusForDevice: device: null
03-22 02:44:03.116 1988 3160 V Avrcp_ext: updatePlaybackState (1): old=PlaybackState {state=2, position=-1, buffered position=0, speed=0.0, updated=12429, actions=0, custom actions=[], active item id=-1, error=null}(2), new=PlaybackState {state=2, position=-1, buffered position=0, speed=0.0, updated=167009, actions=0, custom actions=[], active item id=-1, error=null}(2)
03-22 02:44:03.116 1988 3160 I Avrcp_ext: Exit updatePlayStatusForDevice
03-22 02:44:03.116 1988 3160 D HeadsetService: isAudioOn: The number of audio connected devices 0
03-22 02:44:03.116 1988 3160 D HeadsetService: isScoOrCallActive(): Call Active:falseCall is Ringing:falseSCO is Active:false
03-22 02:44:03.116 1988 3160 D HeadsetService: isAudioOn: The number of audio connected devices 0
03-22 02:44:03.116 1988 3160 I Avrcp_ext: updatePlayStatusForDevice: device: null
03-22 02:44:03.116 1988 3160 V Avrcp_ext: updatePlaybackState (1): old=PlaybackState {state=2, position=-1, buffered position=0, speed=0.0, updated=12429, actions=0, custom actions=[], active item id=-1, error=null}(2), new=PlaybackState {state=2, position=-1, buffered position=0, speed=0.0, updated=167009, actions=0, custom actions=[], active item id=-1, error=null}(2)
03-22 02:44:03.116 1988 3160 I Avrcp_ext: Exit updatePlayStatusForDevice
03-22 02:44:03.116 1988 3160 D HeadsetService: isAudioOn: The number of audio connected devices 0
03-22 02:44:03.116 1988 3160 D HeadsetService: isScoOrCallActive(): Call Active:falseCall is Ringing:falseSCO is Active:false
03-22 02:44:03.116 1988 3160 D HeadsetService: isAudioOn: The number of audio connected devices 0
03-22 02:44:03.116 1988 3160 I Avrcp_ext: updatePlayStatusForDevice: device: null
03-22 02:44:03.116 1988 3160 V Avrcp_ext: updatePlaybackState (1): old=PlaybackState {state=2, position=-1, buffered position=0, speed=0.0, updated=12429, actions=0, custom actions=[], active item id=-1, error=null}(2), new=PlaybackState {state=2, position=-1, buffered position=0, speed=0.0, updated=167009, actions=0, custom actions=[], active item id=-1, error=null}(2)
03-22 02:44:03.116 1988 3160 I Avrcp_ext: Exit updatePlayStatusForDevice
03-22 02:44:03.116 1988 3160 D Avrcp_ext: Enter sendPlayPosNotificationRsp
03-22 02:44:03.116 1206 2803 W KeyguardServiceWrapper: Remote Exception
03-22 02:44:03.116 1206 2803 W KeyguardServiceWrapper: android.os.DeadObjectException
03-22 02:44:03.116 1206 2803 W KeyguardServiceWrapper: at android.os.BinderProxy.transactNative(Native Method)
03-22 02:44:03.116 1206 2803 W KeyguardServiceWrapper: at android.os.BinderProxy.transact(BinderProxy.java:571)
03-22 02:44:03.116 1206 2803 W KeyguardServiceWrapper: at com.android.internal.policy.IKeyguardService$Stub$Proxy.setOccluded(IKeyguardService.java:494)
03-22 02:44:03.116 1206 2803 W KeyguardServiceWrapper: at com.android.server.policy.keyguard.KeyguardServiceWrapper.setOccluded(KeyguardServiceWrapper.java:62)
03-22 02:44:03.116 1206 2803 W KeyguardServiceWrapper: at com.android.server.policy.keyguard.KeyguardServiceDelegate.setOccluded(KeyguardServiceDelegate.java:270)
03-22 02:44:03.116 1206 2803 W KeyguardServiceWrapper: at com.android.server.policy.PhoneWindowManager.setKeyguardOccludedLw(PhoneWindowManager.java:3315)
03-22 02:44:03.116 1206 2803 W KeyguardServiceWrapper: at com.android.server.policy.PhoneWindowManager.setKeyguardCandidateLw(PhoneWindowManager.java:3284)
03-22 02:44:03.116 1206 2803 W KeyguardServiceWrapper: at com.android.server.wm.DisplayPolicy.removeWindowLw(DisplayPolicy.java:1401)
03-22 02:44:03.116 1206 2803 W KeyguardServiceWrapper: at com.android.server.wm.WindowState.removeImmediately(WindowState.java:2413)
03-22 02:44:03.116 1206 2803 W KeyguardServiceWrapper: at com.android.server.wm.WindowState.removeIfPossible(WindowState.java:2563)
03-22 02:44:03.116 1206 2803 W KeyguardServiceWrapper: at com.android.server.wm.WindowState.access$300(WindowState.java:276)
03-22 02:44:03.116 1206 2803 W KeyguardServiceWrapper: at com.android.server.wm.WindowState$DeathRecipient.binderDied(WindowState.java:3073)
03-22 02:44:03.116 1206 2803 W KeyguardServiceWrapper: at android.os.IBinder$DeathRecipient.binderDied(IBinder.java:314)
03-22 02:44:03.116 1206 2803 W KeyguardServiceWrapper: at android.os.BinderProxy.sendDeathNotice(BinderProxy.java:685)
03-22 02:44:03.116 1988 3160 D Avrcp_ext: sendPlayPosNotificationRsp: Not registered or requesting.
03-22 02:44:03.116 1988 3160 D Avrcp_ext: Enter sendPlayPosNotificationRsp
03-22 02:44:03.116 1988 3160 D Avrcp_ext: sendPlayPosNotificationRsp: Not registered or requesting.
03-22 02:44:03.116 1988 3160 D Avrcp_ext: Enter sendPlayPosNotificationRsp
03-22 02:44:03.116 1988 3160 D Avrcp_ext: sendPlayPosNotificationRsp: Not registered or requesting.
03-22 02:44:03.116 1988 3160 D Avrcp_ext: Enter sendPlayPosNotificationRsp
03-22 02:44:03.116 1988 3160 D Avrcp_ext: sendPlayPosNotificationRsp: Not registered or requesting.
03-22 02:44:03.116 1988 3160 D Avrcp_ext: Enter sendPlayPosNotificationRsp
03-22 02:44:03.116 1988 3160 D Avrcp_ext: sendPlayPosNotificationRsp: Not registered or requesting.
03-22 02:44:03.116 1988 3160 V Avrcp_ext: Exit updatePlayerStateAndPosition
03-22 02:44:03.117 1206 2127 I WindowManager: WIN DEATH: Window{64a4a77 u0 freeform_top_right_tip_window}
03-22 02:44:03.117 1206 2127 W InputManager-JNI: Input channel object '64a4a77 freeform_top_right_tip_window (client)' was disposed without first being removed with the input manager!
03-22 02:44:03.118 1206 2123 I WindowManager: WIN DEATH: Window{4c04f9b u0 freeform_top_left_tip_window}
03-22 02:44:03.119 1206 2123 W InputManager-JNI: Input channel object '4c04f9b freeform_top_left_tip_window (client)' was disposed without first being removed with the input manager!
03-22 02:44:03.119 1206 2120 I AdrenoGLES-0: PFP: 0x016dd093, ME: 0x00000000
03-22 02:44:03.119 1206 2171 I WindowManager: WIN DEATH: Window{54a116f u0 freeform_bottom_right_tip_window}
03-22 02:44:03.119 1206 2171 W InputManager-JNI: Input channel object '54a116f freeform_bottom_right_tip_window (client)' was disposed without first being removed with the input manager!
03-22 02:44:03.120 1007 1007 E BpTransactionCompletedListener: Failed to transact (-32)
03-22 02:44:03.120 1007 1007 E BpTransactionCompletedListener: Failed to transact (-32)
03-22 02:44:03.120 1206 2104 D DisplayAreaOrganizerController: Organizer died before sending onDisplayAreaVanished
03-22 02:44:03.121 1206 4116 I WindowManager: WIN DEATH: Window{76e84fe u0 SecondaryHomeHandle0}
03-22 02:44:03.121 1206 4116 W InputManager-JNI: Input channel object '76e84fe SecondaryHomeHandle0 (client)' was disposed without first being removed with the input manager!
03-22 02:44:03.122 1206 4114 I WindowManager: WIN DEATH: Window{bce5057 u0 EdgeBackGestureHandler0}
03-22 02:44:03.122 1206 4114 W InputManager-JNI: Input channel object 'bce5057 EdgeBackGestureHandler0 (client)' was disposed without first being removed with the input manager!
03-22 02:44:03.122 1206 1221 I WindowManager: WIN DEATH: Window{fd5d2c3 u0 com.android.systemui.ImageWallpaper}
03-22 02:44:03.123 1206 1221 W InputManager-JNI: Input channel object 'fd5d2c3 com.android.systemui.ImageWallpaper (client)' was disposed without first being removed with the input manager!
03-22 02:44:03.123 1206 2165 I WindowManager: WIN DEATH: Window{349cfdb u0 NavigationBar0}
03-22 02:44:03.123 1206 2165 W InputManager-JNI: Input channel object '349cfdb NavigationBar0 (client)' was disposed without first being removed with the input manager!
03-22 02:44:03.124 1206 3056 W ActivityManager: Scheduling restart of crashed service com.android.systemui/.SystemUIService in 0ms for persistent
03-22 02:44:03.124 1206 2165 W WindowManager: Failed to deliver inset state change w=Window{6581bfd u0 StatusBar}
03-22 02:44:03.124 1206 2165 W WindowManager: android.os.DeadObjectException
03-22 02:44:03.124 1206 2165 W WindowManager: at android.os.BinderProxy.transactNative(Native Method)
03-22 02:44:03.124 1206 2165 W WindowManager: at android.os.BinderProxy.transact(BinderProxy.java:571)
03-22 02:44:03.124 1206 2165 W WindowManager: at android.view.IWindow$Stub$Proxy.insetsChanged(IWindow.java:654)
03-22 02:44:03.124 1206 2165 W WindowManager: at com.android.server.wm.WindowState.notifyInsetsChanged(WindowState.java:3967)
03-22 02:44:03.124 1206 2165 W WindowManager: at com.android.server.wm.InsetsStateController.lambda$new$0(InsetsStateController.java:82)
03-22 02:44:03.124 1206 2165 W WindowManager: at com.android.server.wm.InsetsStateController$$ExternalSyntheticLambda3.accept(Unknown Source:2)
03-22 02:44:03.124 1206 2165 W WindowManager: at com.android.server.wm.WindowContainer$ForAllWindowsConsumerWrapper.apply(WindowContainer.java:2404)
03-22 02:44:03.124 1206 2165 W WindowManager: at com.android.server.wm.WindowContainer$ForAllWindowsConsumerWrapper.apply(WindowContainer.java:2394)
03-22 02:44:03.124 1206 2165 W WindowManager: at com.android.server.wm.WindowState.applyInOrderWithImeWindows(WindowState.java:4936)
03-22 02:44:03.124 1206 2165 W WindowManager: at com.android.server.wm.WindowState.forAllWindows(WindowState.java:4831)
03-22 02:44:03.124 1206 2165 W WindowManager: at com.android.server.wm.WindowContainer.forAllWindows(WindowContainer.java:1409)
03-22 02:44:03.124 1206 2165 W WindowManager: at com.android.server.wm.WindowContainer.forAllWindows(WindowContainer.java:1409)
03-22 02:44:03.124 1206 2165 W WindowManager: at com.android.server.wm.WindowContainer.forAllWindows(WindowContainer.java:1409)
03-22 02:44:03.124 1206 2165 W WindowManager: at com.android.server.wm.WindowContainer.forAllWindows(WindowContainer.java:1409)
03-22 02:44:03.124 1206 2165 W WindowManager: at com.android.server.wm.WindowContainer.forAllWindows(WindowContainer.java:1409)
03-22 02:44:03.124 1206 2165 W WindowManager: at com.android.server.wm.WindowContainer.forAllWindows(WindowContainer.java:1409)
03-22 02:44:03.124 1206 2165 W WindowManager: at com.android.server.wm.WindowContainer.forAllWindows(WindowContainer.java:1426)
03-22 02:44:03.124 1206 2165 W WindowManager: at com.android.server.wm.DisplayContent.notifyInsetsChanged(DisplayContent.java:1847)
03-22 02:44:03.124 1206 2165 W WindowManager: at com.android.server.wm.InsetsStateController.notifyInsetsChanged(InsetsStateController.java:571)
03-22 02:44:03.124 1206 2165 W WindowManager: at com.android.server.wm.InsetsStateController.onPostLayout(InsetsStateController.java:297)
03-22 02:44:03.124 1206 2165 W WindowManager: at com.android.server.wm.DisplayContent.applySurfaceChangesTransaction(DisplayContent.java:4324)
03-22 02:44:03.124 1206 2165 W WindowManager: at com.android.server.wm.RootWindowContainer.applySurfaceChangesTransaction(RootWindowContainer.java:1076)
03-22 02:44:03.124 1206 2165 W WindowManager: at com.android.server.wm.RootWindowContainer.performSurfacePlacementNoTrace(RootWindowContainer.java:852)
03-22 02:44:03.124 1206 2165 W WindowManager: at com.android.server.wm.RootWindowContainer.performSurfacePlacement(RootWindowContainer.java:805)
03-22 02:44:03.124 1206 2165 W WindowManager: at com.android.server.wm.WindowSurfacePlacer.performSurfacePlacementLoop(WindowSurfacePlacer.java:177)
03-22 02:44:03.124 1206 2165 W WindowManager: at com.android.server.wm.WindowSurfacePlacer.performSurfacePlacement(WindowSurfacePlacer.java:126)
03-22 02:44:03.124 1206 2165 W WindowManager: at com.android.server.wm.WindowSurfacePlacer.performSurfacePlacement(WindowSurfacePlacer.java:115)
03-22 02:44:03.124 1206 2165 W WindowManager: at com.android.server.wm.WindowManagerService.postWindowRemoveCleanupLocked(WindowManagerService.java:2107)
03-22 02:44:03.124 1206 2165 W WindowManager: at com.android.server.wm.WindowState.removeImmediately(WindowState.java:2427)
03-22 02:44:03.124 1206 2165 W WindowManager: at com.android.server.wm.WindowState.removeIfPossible(WindowState.java:2563)
03-22 02:44:03.124 1206 2165 W WindowManager: at com.android.server.wm.WindowState.access$300(WindowState.java:276)
03-22 02:44:03.124 1206 2165 W WindowManager: at com.android.server.wm.WindowState$DeathRecipient.binderDied(WindowState.java:3073)
03-22 02:44:03.124 1206 2165 W WindowManager: at android.os.IBinder$DeathRecipient.binderDied(IBinder.java:314)
03-22 02:44:03.124 1206 2165 W WindowManager: at android.os.BinderProxy.sendDeathNotice(BinderProxy.java:685)
03-22 02:44:03.125 1206 2164 I WindowManager: WIN DEATH: Window{6581bfd u0 StatusBar}
03-22 02:44:03.125 1206 2164 W InputManager-JNI: Input channel object '6581bfd StatusBar (client)' was disposed without first being removed with the input manager!
03-22 02:44:03.126 1206 1220 I WindowManager: WIN DEATH: Window{e696bf2 u0 com.android.systemui/com.android.systemui.usb.UsbDebuggingActivity}
03-22 02:44:03.126 1206 1220 W InputManager-JNI: Input channel object 'e696bf2 com.android.systemui/com.android.systemui.usb.UsbDebuggingActivity (client)' was disposed without first being removed with the input manager!
03-22 02:44:03.126 1206 2120 D libEGL : MSAA-->msaa:0 gamemode:0 4x_msaa:0
03-22 02:44:03.128 1206 3056 W ActivityManager: Scheduling restart of crashed service com.android.systemui/.keyguard.KeyguardService in 0ms for persistent
03-22 02:44:03.128 1206 3056 W ActivityManager: Scheduling restart of crashed service com.android.systemui/.dump.SystemUIAuxiliaryDumpService in 0ms for persistent
03-22 02:44:03.128 1206 3056 W ActivityManager: Scheduling restart of crashed service com.android.systemui/.ImageWallpaper in 0ms for persistent
03-22 02:44:03.129 1206 3056 W ActivityManager: Re-adding persistent process ProcessRecord{51b0fef 2002:com.android.systemui/u0a84}
03-22 02:44:03.129 1206 3056 D CompatibilityChangeReporter: Compat change id reported: 135634846; UID 10084; state: DISABLED
03-22 02:44:03.129 1206 3056 D CompatibilityChangeReporter: Compat change id reported: 177438394; UID 10084; state: DISABLED
03-22 02:44:03.129 1206 3056 D CompatibilityChangeReporter: Compat change id reported: 135772972; UID 10084; state: DISABLED
03-22 02:44:03.129 1206 3056 D CompatibilityChangeReporter: Compat change id reported: 135754954; UID 10084; state: ENABLED
