03-22 02:41:32.025 1351 3356 D LOWI-9.0.0.87.a: [LOWI-Scan]
03-22 02:41:32.025 1351 3356 D LOWI-9.0.0.87.a: [LOWI-Scan] print_bss_handler: Report Probe TSF 15367850 as it greater than Beacon TSF 15343442
03-22 02:41:32.025 1351 3356 D LOWI-9.0.0.87.a: [LOWI-Scan] decode_rsn_wpa_ie: LOWI_ENCRYPTION_TYPE_WPA_PSK
03-22 02:41:32.025 1351 3356 D LOWI-9.0.0.87.a: [LOWI-Scan] is_qcom_ie, bss_age: 0
03-22 02:41:32.025 1351 3356 D LOWI-9.0.0.87.a: [LOWI-Scan] BSS 18:6f:2d:0a:ae:10 LOWI_PHY_MODE_11AC_VHT20(8), Beacon Interval: 100, LOWI_ENCRYPTION_TYPE_WPA_PSK 11mcRanging: No, ANQP: No, LCI: No, Civic: No, capability(0x0111): ESS Privacy SpectrumMgmt
03-22 02:41:32.026 1351 3356 D LOWI-9.0.0.87.a: [LOWI-Scan] BSS 18:6f:2d:0a:ae:10 FREQ: 5280, cFreq1[40:80:160] = [5280:0:0] cFreq2 = 0 Country Code = CN
03-22 02:41:32.026 1351 3356 D LOWI-9.0.0.87.a: [LOWI-Scan] BSS 18:6f:2d:0a:ae:10 (wlan0) ASSO: NO AddInfo: 0x0, TSF 0, 00:00:15.367, RSSI: -172, CPL: 127, AGE: 552, SSID Testing , TSFDelta: 0xc777ed09, TXRate: 0
03-22 02:41:32.026 1351 3356 D LOWI-9.0.0.87.a: [LOWI-Scan]
03-22 02:41:32.026 1351 3356 D LOWI-9.0.0.87.a: [LOWI-Scan] print_bss_handler: Report Probe TSF 15368556 as it greater than Beacon TSF 15343483
03-22 02:41:32.026 1351 3356 D LOWI-9.0.0.87.a: [LOWI-Scan] is_qcom_ie, bss_age: 0
03-22 02:41:32.026 1351 3356 D LOWI-9.0.0.87.a: [LOWI-Scan] BSS 18:6f:2d:0a:ae:11 LOWI_PHY_MODE_11AC_VHT20(8), Beacon Interval: 100, LOWI_ENCRYPTION_TYPE_OPEN 11mcRanging: No, ANQP: No, LCI: No, Civic: No, capability(0x0101): ESS SpectrumMgmt
03-22 02:41:32.026 1351 3356 D LOWI-9.0.0.87.a: [LOWI-Scan] BSS 18:6f:2d:0a:ae:11 FREQ: 5280, cFreq1[40:80:160] = [5280:0:0] cFreq2 = 0 Country Code = CN
03-22 02:41:32.026 1351 3356 D LOWI-9.0.0.87.a: [LOWI-Scan] BSS 18:6f:2d:0a:ae:11 (wlan0) ASSO: NO AddInfo: 0x0, TSF 0, 00:00:15.368, RSSI: -170, CPL: 127, AGE: 548, SSID Guest, TSFDelta: 0xc77d1358, TXRate: 0
03-22 02:41:32.026 1206 1220 D WifiNative: Scan result ready event
03-22 02:41:32.026 1351 3356 D LOWI-9.0.0.87.a: [LOWI-Scan]
03-22 02:41:32.026 1351 3356 D LOWI-9.0.0.87.a: [LOWI-Scan] print_bss_handler: Report Probe TSF 15369165 as it greater than Beacon TSF 15343504
03-22 02:41:32.026 1351 3356 D LOWI-9.0.0.87.a: [LOWI-Scan] decode_rsn_wpa_ie: LOWI_ENCRYPTION_TYPE_WPA_PSK
03-22 02:41:32.026 1351 3356 D LOWI-9.0.0.87.a: [LOWI-Scan] is_qcom_ie, bss_age: 0
03-22 02:41:32.026 1351 3356 D LOWI-9.0.0.87.a: [LOWI-Scan] BSS 18:6f:2d:0a:ae:12 LOWI_PHY_MODE_11AC_VHT20(8), Beacon Interval: 100, LOWI_ENCRYPTION_TYPE_WPA_PSK 11mcRanging: No, ANQP: No, LCI: No, Civic: No, capability(0x0111): ESS Privacy SpectrumMgmt
03-22 02:41:32.026 1351 3356 D LOWI-9.0.0.87.a: [LOWI-Scan] BSS 18:6f:2d:0a:ae:12 FREQ: 5280, cFreq1[40:80:160] = [5280:0:0] cFreq2 = 0 Country Code = CN
03-22 02:41:32.026 1351 3356 D LOWI-9.0.0.87.a: [LOWI-Scan] BSS 18:6f:2d:0a:ae:12 (wlan0) ASSO: NO AddInfo: 0x0, TSF 0, 00:00:15.369, RSSI: -168, CPL: 127, AGE: 548, SSID ZXHY, TSFDelta: 0xc783410c, TXRate: 0
03-22 02:41:32.026 1351 3356 D LOWI-9.0.0.87.a: [LOWI-Scan]
03-22 02:41:32.026 1351 3356 D LOWI-9.0.0.87.a: [LOWI-Scan] print_bss_handler: Report Probe TSF 15369449 as it greater than Beacon TSF 15343525
03-22 02:41:32.026 1351 3356 D LOWI-9.0.0.87.a: [LOWI-Scan] decode_rsn_wpa_ie: LOWI_ENCRYPTION_TYPE_WPA_PSK
03-22 02:41:32.026 1351 3356 D LOWI-9.0.0.87.a: [LOWI-Scan] is_qcom_ie, bss_age: 0
03-22 02:41:32.026 1351 3356 D LOWI-9.0.0.87.a: [LOWI-Scan] BSS 18:6f:2d:0a:ae:13 LOWI_PHY_MODE_11AC_VHT20(8), Beacon Interval: 100, LOWI_ENCRYPTION_TYPE_WPA_PSK 11mcRanging: No, ANQP: No, LCI: No, Civic: No, capability(0x0111): ESS Privacy SpectrumMgmt
03-22 02:41:32.026 1351 3356 D LOWI-9.0.0.87.a: [LOWI-Scan] BSS 18:6f:2d:0a:ae:13 FREQ: 5280, cFreq1[40:80:160] = [5280:0:0] cFreq2 = 0 Country Code = CN
03-22 02:41:32.026 1351 3356 D LOWI-9.0.0.87.a: [LOWI-Scan] BSS 18:6f:2d:0a:ae:13 (wlan0) ASSO: NO AddInfo: 0x0, TSF 0, 00:00:15.369, RSSI: -172, CPL: 127, AGE: 548, SSID Fanya, TSFDelta: 0xc7875148, TXRate: 0
03-22 02:41:32.026 1351 3356 D LOWI-9.0.0.87.a: [LOWI-Scan]
03-22 02:41:32.026 1351 3356 D LOWI-9.0.0.87.a: [LOWI-Scan] print_bss_handler: Report Probe TSF 15370214 as it greater than Beacon TSF 15343547
03-22 02:41:32.026 1351 3356 D LOWI-9.0.0.87.a: [LOWI-Scan] decode_rsn_wpa_ie: LOWI_ENCRYPTION_TYPE_WPA_PSK
03-22 02:41:32.026 1351 3356 D LOWI-9.0.0.87.a: [LOWI-Scan] is_qcom_ie, bss_age: 0
03-22 02:41:32.026 1351 3356 D LOWI-9.0.0.87.a: [LOWI-Scan] BSS 18:6f:2d:0a:ae:14 LOWI_PHY_MODE_11AC_VHT20(8), Beacon Interval: 100, LOWI_ENCRYPTION_TYPE_WPA_PSK 11mcRanging: No, ANQP: No, LCI: No, Civic: No, capability(0x0111): ESS Privacy SpectrumMgmt
03-22 02:41:32.026 1351 3356 D LOWI-9.0.0.87.a: [LOWI-Scan] BSS 18:6f:2d:0a:ae:14 FREQ: 5280, cFreq1[40:80:160] = [5280:0:0] cFreq2 = 0 Country Code = CN
03-22 02:41:32.026 1351 3356 D LOWI-9.0.0.87.a: [LOWI-Scan] BSS 18:6f:2d:0a:ae:14 (wlan0) ASSO: NO AddInfo: 0x0, TSF 0, 00:00:15.370, RSSI: -170, CPL: 127, AGE: 548, SSID ThunderSoft, TSFDelta: 0xc78ccda1, TXRate: 0
03-22 02:41:32.026 1351 3356 D LOWI-9.0.0.87.a: [LOWI-Scan]
03-22 02:41:32.026 1351 3356 D LOWI-9.0.0.87.a: [LOWI-Scan] print_bss_handler: Report Probe TSF 15382009 as it greater than Beacon TSF 15343590
03-22 02:41:32.026 1351 3356 D LOWI-9.0.0.87.a: [LOWI-Scan] decode_rsn_wpa_ie: LOWI_ENCRYPTION_TYPE_WPA_PSK
03-22 02:41:32.026 1351 3356 D LOWI-9.0.0.87.a: [LOWI-Scan] is_qcom_ie, bss_age: 0
03-22 02:41:32.026 1351 3356 D LOWI-9.0.0.87.a: [LOWI-Scan] BSS 18:6f:2d:0a:ae:15 LOWI_PHY_MODE_11AC_VHT20(8), Beacon Interval: 100, LOWI_ENCRYPTION_TYPE_WPA_PSK 11mcRanging: No, ANQP: No, LCI: No, Civic: No, capability(0x0111): ESS Privacy SpectrumMgmt
03-22 02:41:32.026 1351 3356 D LOWI-9.0.0.87.a: [LOWI-Scan] BSS 18:6f:2d:0a:ae:15 FREQ: 5280, cFreq1[40:80:160] = [5280:0:0] cFreq2 = 0 Country Code = CN
03-22 02:41:32.026 1351 3356 D LOWI-9.0.0.87.a: [LOWI-Scan] BSS 18:6f:2d:0a:ae:15 (wlan0) ASSO: NO AddInfo: 0x0, TSF 0, 00:00:15.382, RSSI: -172, CPL: 127, AGE: 536, SSID GM, TSFDelta: 0xc795521c, TXRate: 0
03-22 02:41:32.026 1351 3356 D LOWI-9.0.0.87.a: [LOWI-Scan]
03-22 02:41:32.026 1351 3356 D LOWI-9.0.0.87.a: [LOWI-Scan] print_bss_handler: Report Probe TSF 15534011 as it greater than Beacon TSF 15514719
03-22 02:41:32.026 1351 3356 D LOWI-9.0.0.87.a: [LOWI-Scan] decode_rsn_wpa_ie: LOWI_ENCRYPTION_TYPE_WPA_PSK
03-22 02:41:32.026 1351 3356 D LOWI-9.0.0.87.a: [LOWI-Scan] is_qcom_ie, bss_age: 0
03-22 02:41:32.026 1351 3356 D LOWI-9.0.0.87.a: [LOWI-Scan] BSS 8c:ab:8e:c1:d4:20 LOWI_PHY_MODE_11AC_VHT40(9), Beacon Interval: 100, LOWI_ENCRYPTION_TYPE_WPA_PSK 11mcRanging: No, ANQP: No, LCI: No, Civic: No, capability(0x0031): ESS Privacy ShortPreamble
03-22 02:41:32.026 1351 3356 D LOWI-9.0.0.87.a: [LOWI-Scan] BSS 8c:ab:8e:c1:d4:20 FREQ: 5300, cFreq1[40:80:160] = [5310:0:0] cFreq2 = 0 Country Code = CN
03-22 02:41:32.026 1351 3356 D LOWI-9.0.0.87.a: [LOWI-Scan] BSS 8c:ab:8e:c1:d4:20 (wlan0) ASSO: NO AddInfo: 0x0, TSF 0, 00:00:15.534, RSSI: -136, CPL: 127, AGE: 384, SSID PHICOMM_D410, TSFDelta: 0x6eb24c11, TXRate: 0
03-22 02:41:32.026 1351 3356 D LOWI-9.0.0.87.a: [LOWI-Scan]
03-22 02:41:32.026 1351 3356 D LOWI-9.0.0.87.a: [LOWI-Scan] print_bss_handler: Report Probe TSF 15671459 as it greater than Beacon TSF 0
03-22 02:41:32.026 1351 3356 D LOWI-9.0.0.87.a: [LOWI-Scan] decode_rsn_wpa_ie: LOWI_ENCRYPTION_TYPE_WPA_PSK
03-22 02:41:32.026 1351 3356 D LOWI-9.0.0.87.a: [LOWI-Scan] is_qcom_ie, bss_age: 0
03-22 02:41:32.026 1351 3356 D LOWI-9.0.0.87.a: [LOWI-Scan] BSS 2e:6d:c1:26:a9:62 LOWI_PHY_MODE_11NG_HT20(5), Beacon Interval: 100, LOWI_ENCRYPTION_TYPE_WPA_PSK 11mcRanging: No, ANQP: No, LCI: No, Civic: No, capability(0x8731): ESS Privacy ShortPreamble SpectrumMgmt QoS ShortSlotTime
03-22 02:41:32.026 1351 3356 D LOWI-9.0.0.87.a: [LOWI-Scan] BSS 2e:6d:c1:26:a9:62 FREQ: 2462, cFreq1[40:80:160] = [0:0:0] cFreq2 = 0 Country Code =
03-22 02:41:32.026 1351 3356 D LOWI-9.0.0.87.a: [LOWI-Scan] BSS 2e:6d:c1:26:a9:62 (wlan0) ASSO: NO AddInfo: 0x0, TSF 0, 00:00:15.671, RSSI: -132, CPL: 127, AGE: 248, SSID DIRECT-WxLEOmsiA, TSFDelta: 0x8f29c069, TXRate: 0
03-22 02:41:32.026 1351 3356 D LOWI-9.0.0.87.a: [LOWI-Scan]
03-22 02:41:32.026 1351 3356 D LOWI-9.0.0.87.a: [LOWI-Scan] print_bss_handler: Report Probe TSF 15713227 as it greater than Beacon TSF 0
03-22 02:41:32.026 1351 3356 D LOWI-9.0.0.87.a: [LOWI-Scan] decode_rsn_wpa_ie: LOWI_ENCRYPTION_TYPE_WPA_PSK
03-22 02:41:32.026 1351 3356 D LOWI-9.0.0.87.a: [LOWI-Scan] is_qcom_ie, bss_age: 0
03-22 02:41:32.026 1351 3356 D LOWI-9.0.0.87.a: [LOWI-Scan] BSS 80:c5:48:23:ec:2d LOWI_PHY_MODE_11NG_HT40(7), Beacon Interval: 100, LOWI_ENCRYPTION_TYPE_WPA_PSK 11mcRanging: No, ANQP: No, LCI: No, Civic: No, capability(0x0431): ESS Privacy ShortPreamble ShortSlotTime
03-22 02:41:32.026 1351 3356 D LOWI-9.0.0.87.a: [LOWI-Scan] BSS 80:c5:48:23:ec:2d FREQ: 2462, cFreq1[40:80:160] = [2452:0:0] cFreq2 = 0 Country Code =
03-22 02:41:32.026 1351 3356 D LOWI-9.0.0.87.a: [LOWI-Scan] BSS 80:c5:48:23:ec:2d (wlan0) ASSO: NO AddInfo: 0x0, TSF 0, 00:00:15.713, RSSI: -168, CPL: 127, AGE: 204, SSID xk_test_pc, TSFDelta: 0xac6600d4, TXRate: 0
03-22 02:41:32.026 1351 3356 D LOWI-9.0.0.87.a: [LOWI-Scan]
03-22 02:41:32.026 1351 3356 D LOWI-9.0.0.87.a: [LOWI-Scan] print_bss_handler: Report beacon TSF 15870105 as it greater than probe TSF 15870105
03-22 02:41:32.026 1351 3356 D LOWI-9.0.0.87.a: [LOWI-Scan] decode_rsn_wpa_ie: LOWI_ENCRYPTION_TYPE_WPA_PSK
03-22 02:41:32.026 1351 3356 D LOWI-9.0.0.87.a: [LOWI-Scan] is_qcom_ie, bss_age: 0
03-22 02:41:32.026 1351 3356 D LOWI-9.0.0.87.a: [LOWI-Scan] BSS 00:5c:c2:12:ce:c0 LOWI_PHY_MODE_11NG_HT40(7), Beacon Interval: 100, LOWI_ENCRYPTION_TYPE_WPA_PSK 11mcRanging: No, ANQP: No, LCI: No, Civic: No, capability(0x0411): ESS Privacy ShortSlotTime
03-22 02:41:32.026 1351 3356 D LOWI-9.0.0.87.a: [LOWI-Scan] BSS 00:5c:c2:12:ce:c0 FREQ: 2472, cFreq1[40:80:160] = [2462:0:0] cFreq2 = 0 Country Code = CN
03-22 02:41:32.027 1351 3356 D LOWI-9.0.0.87.a: [LOWI-Scan] BSS 00:5c:c2:12:ce:c0 (wlan0) ASSO: NO AddInfo: 0x1, TSF 0, 00:00:15.870, RSSI: -166, CPL: 127, AGE: 48, SSID MERCURY_GC, TSFDelta: 0xe242580a, TXRate: 0
03-22 02:41:32.027 1351 3356 D LOWI-9.0.0.87.a: [LOWIDiagLog] Log: lowiMeasResult->request: invalid null argument
03-22 02:41:32.027 1351 3356 I LOWI-9.0.0.87.a: [LOWI-Scan] lowi_close_record:Scan done in 1932ms, 16 APs in scan results
03-22 02:41:32.027 1351 3356 D LOWI-9.0.0.87.a: [LOWI-Scan] WipsScanUsingNL: passive scan cached 0, took 1422 ms, err 0
03-22 02:41:32.027 1351 3356 D LOWI-9.0.0.87.a: [LOWI-Scan] lowi_proc_req_passive_scan_with_live_meas - No WLAN Frames to be parsed
03-22 02:41:32.027 1351 3356 D LOWI-9.0.0.87.a: [LOWIScanResultReceiver] Send scan meas to listener
03-22 02:41:32.027 1351 3356 D LOWI-9.0.0.87.a: [LOWIScanResultReceiver] Enter passive listening mode
03-22 02:41:32.027 1351 3356 D LOWI-9.0.0.87.a: [LOWIWifiDriverInterface] getMeasurements - Passive listening mode
03-22 02:41:32.027 1351 3356 D LOWI-9.0.0.87.a: [LOWI-Scan] WipsScanUsingNL:wait -1 sec for netlink message
03-22 02:41:32.027 1351 1465 D LOWI-9.0.0.87.a: [LOWIEventReceiver] handleEvent:FROM:NA, TO:NA, REQ:NA, IREQ:NA, REQ_ID:0, RESP:NA, INFO:NA
03-22 02:41:32.027 1351 1465 D LOWI-9.0.0.87.a: [LOWIBackgroundScanMgr] isRspForBgScanMgr: evt(LOWI_NO_EVT) - not handled
03-22 02:41:32.027 1351 1465 D LOWI-9.0.0.87.a: [LOWIScheduler] manageMsg: NULL results or NULL request in results
03-22 02:41:32.027 1351 1465 D LOWI-9.0.0.87.a: [LOWIController] Measurements received
03-22 02:41:32.027 1351 1465 D LOWI-9.0.0.87.a: [LOWICacheManager] putInCache:Num of Meas to add: 16
03-22 02:41:32.029 2757 3559 I hpplay-java: [AsyncTask #1]:APIFileUtil:getMd5ByFile: 8e341f457a45b8f69e4cc88b37633a3c
03-22 02:41:32.029 2757 3559 I hpplay-java: [AsyncTask #1]:APIFileUtil:getMd5ByFile: /data/user/0/com.hht.lebocast/files/hpplay/hpdata/60146/25915/liblelink.so
03-22 02:41:32.030 1206 2104 D CompatibilityInfo: mCompatibilityFlags - 4
03-22 02:41:32.030 1206 2104 D CompatibilityInfo: applicationDensity - 240
03-22 02:41:32.030 1206 2104 D CompatibilityInfo: applicationScale - 1.0
03-22 02:41:32.030 1351 1465 D LOWI-9.0.0.87.a: [LOWIController] processMeasurementResults: No current Request. Cache measurements
03-22 02:41:32.030 1351 1465 D LOWI-9.0.0.87.a: [LOWIController] sendAsyncScanResponse: Request FreeWifiScanObserver_0 is from a different client.
03-22 02:41:32.030 1351 1465 D LOWI-9.0.0.87.a: [LOWIController] generateResponse: Type (ASYNC_DISCOVERY_SCAN_RESULTS) ScanStatus (1) request FreeWifiScanObserver_0
03-22 02:41:32.030 1351 1465 D LOWI-9.0.0.87.a: [LOWIEventDispatcher] sendResponse - originator = FreeWifiScanObserver
03-22 02:41:32.030 1351 1465 D LOWI-9.0.0.87.a: [LOWIUtils] injectScanMeasurements - num of APs = 16
03-22 02:41:32.030 1351 1465 I LOWI-9.0.0.87.a: [LOWIUtils] responseToOutPostcard - TO: FreeWifiScanObserver, FROM: LOWI-SERVER, RESP: LOWI_ASYNC_DISCOVERY_SCAN_RESULTS
03-22 02:41:32.031 1351 1465 D LOWI-9.0.0.87.a: [LOWIControllerExtn] sendLOWILpDiscoveryScanResponse: Not a discovery scan response
03-22 02:41:32.031 2757 3559 I hpplay-java: [AsyncTask #1]:APIFileUtil:api:60146
03-22 02:41:32.031 2757 3559 I hpplay-java: bu:25915
03-22 02:41:32.031 2757 3559 I hpplay-java: bu.dat:8e341f457a45b8f69e4cc88b37633a3c
03-22 02:41:32.032 2757 3559 I hpplay-java: [AsyncTask #1]:APIFileUtil:getMd5ByFile: /data/user/0/com.hht.lebocast/files/hpplay/hpdata/60146/25915/bu.dex
03-22 02:41:32.035 3557 3557 D CompatibilityChangeReporter: Compat change id reported: 171979766; UID 10082; state: ENABLED
03-22 02:41:32.040 2757 3559 I hpplay-java: [AsyncTask #1]:APIFileUtil:getMd5ByFile: 8e341f457a45b8f69e4cc88b37633a3c
03-22 02:41:32.041 2757 3559 I hpplay-java: [AsyncTask #1]:APIFileUtil:getMd5ByFile: /data/user/0/com.hht.lebocast/files/hpplay/hpdata/60146/25915/liblelink.so
03-22 02:41:32.041 2757 3559 I hpplay-java: [AsyncTask #1]:ModuleLoader:checkDex cleanedFolders size:1
03-22 02:41:32.049 2878 3051 E MediaProvider: Creating a non-default top level directory or deleting an existing one is not allowed!
03-22 02:41:32.050 2878 3051 E MediaProvider: Creating a non-default top level directory or deleting an existing one is not allowed!
03-22 02:41:32.052 2757 3559 W hpplay-java: [AsyncTask #1]:APIFileUtil:java.io.FileNotFoundException: /storage/emulated/0/com.hht.lebocast/sink/sdk/hpdata/60146/25915/bu.dex: open failed: ENOENT (No such file or directory)
03-22 02:41:32.052 2757 3559 W hpplay-java: at libcore.io.IoBridge.open(IoBridge.java:575)
03-22 02:41:32.052 2757 3559 W hpplay-java: at java.io.FileOutputStream.(FileOutputStream.java:236)
03-22 02:41:32.052 2757 3559 W hpplay-java: at java.io.FileOutputStream.(FileOutputStream.java:186)
03-22 02:41:32.052 2757 3559 W hpplay-java: at com.hpplay.sdk.sink.util.APIFileUtil.a(SourceFile:4)
03-22 02:41:32.052 2757 3559 W hpplay-java: at com.hpplay.sdk.sink.util.APIFileUtil.a(SourceFile:34)
03-22 02:41:32.052 2757 3559 W hpplay-java: at com.hpplay.sdk.sink.proxy.ModuleLoader.c(SourceFile:12)
03-22 02:41:32.052 2757 3559 W hpplay-java: at com.hpplay.sdk.sink.proxy.ModuleLoader.d(SourceFile:14)
03-22 02:41:32.052 2757 3559 W hpplay-java: at com.hpplay.sdk.sink.proxy.ModuleLoader.c(SourceFile:1)
03-22 02:41:32.052 2757 3559 W hpplay-java: at com.hpplay.sdk.sink.proxy.ModuleLoader$2.call(SourceFile:1)
03-22 02:41:32.052 2757 3559 W hpplay-java: at com.hpplay.common.asyncmanager.AsyncCallableJob.doInBackground(SourceFile:1)
03-22 02:41:32.052 2757 3559 W hpplay-java: at android.os.AsyncTask$3.call(AsyncTask.java:394)
03-22 02:41:32.052 2757 3559 W hpplay-java: at java.util.concurrent.FutureTask.run(FutureTask.java:266)
03-22 02:41:32.052 2757 3559 W hpplay-java: at java.util.concurrent.ThreadPoolExecutor.runWorker(ThreadPoolExecutor.java:1167)
03-22 02:41:32.052 2757 3559 W hpplay-java: at java.util.concurrent.ThreadPoolExecutor$Worker.run(ThreadPoolExecutor.java:641)
03-22 02:41:32.052 2757 3559 W hpplay-java: at java.lang.Thread.run(Thread.java:920)
03-22 02:41:32.052 2757 3559 W hpplay-java: Caused by: android.system.ErrnoException: open failed: ENOENT (No such file or directory)
03-22 02:41:32.052 2757 3559 W hpplay-java: at libcore.io.Linux.open(Native Method)
03-22 02:41:32.052 2757 3559 W hpplay-java: at libcore.io.ForwardingOs.open(ForwardingOs.java:567)
03-22 02:41:32.052 2757 3559 W hpplay-java: at libcore.io.BlockGuardOs.open(BlockGuardOs.java:273)
03-22 02:41:32.052 2757 3559 W hpplay-java: at libcore.io.ForwardingOs.open(ForwardingOs.java:567)
03-22 02:41:32.052 2757 3559 W hpplay-java: at android.app.ActivityThread$AndroidOs.open(ActivityThread.java:7766)
03-22 02:41:32.052 2757 3559 W hpplay-java: at libcore.io.IoBridge.open(IoBridge.java:561)
03-22 02:41:32.052 2757 3559 W hpplay-java: ... 14 more
03-22 02:41:32.053 2757 3559 W hpplay-java: [AsyncTask #1]:APIFileUtil:java.io.FileNotFoundException: /storage/emulated/0/com.hht.lebocast/sink/sdk/hpdata/60146/25915/config.dat: open failed: ENOENT (No such file or directory)
03-22 02:41:32.053 2757 3559 W hpplay-java: at libcore.io.IoBridge.open(IoBridge.java:575)
03-22 02:41:32.053 2757 3559 W hpplay-java: at java.io.FileOutputStream.(FileOutputStream.java:236)
03-22 02:41:32.053 2757 3559 W hpplay-java: at java.io.FileOutputStream.(FileOutputStream.java:186)
03-22 02:41:32.053 2757 3559 W hpplay-java: at com.hpplay.sdk.sink.util.APIFileUtil.a(SourceFile:4)
03-22 02:41:32.053 2757 3559 W hpplay-java: at com.hpplay.sdk.sink.util.APIFileUtil.a(SourceFile:34)
03-22 02:41:32.053 2757 3559 W hpplay-java: at com.hpplay.sdk.sink.proxy.ModuleLoader.c(SourceFile:12)
03-22 02:41:32.053 2757 3559 W hpplay-java: at com.hpplay.sdk.sink.proxy.ModuleLoader.d(SourceFile:14)
03-22 02:41:32.053 2757 3559 W hpplay-java: at com.hpplay.sdk.sink.proxy.ModuleLoader.c(SourceFile:1)
03-22 02:41:32.053 2757 3559 W hpplay-java: at com.hpplay.sdk.sink.proxy.ModuleLoader$2.call(SourceFile:1)
03-22 02:41:32.053 2757 3559 W hpplay-java: at com.hpplay.common.asyncmanager.AsyncCallableJob.doInBackground(SourceFile:1)
03-22 02:41:32.053 2757 3559 W hpplay-java: at android.os.AsyncTask$3.call(AsyncTask.java:394)
03-22 02:41:32.053 2757 3559 W hpplay-java: at java.util.concurrent.FutureTask.run(FutureTask.java:266)
03-22 02:41:32.053 2757 3559 W hpplay-java: at java.util.concurrent.ThreadPoolExecutor.runWorker(ThreadPoolExecutor.java:1167)
03-22 02:41:32.053 2757 3559 W hpplay-java: at java.util.concurrent.ThreadPoolExecutor$Worker.run(ThreadPoolExecutor.java:641)
03-22 02:41:32.053 2757 3559 W hpplay-java: at java.lang.Thread.run(Thread.java:920)
03-22 02:41:32.053 2757 3559 W hpplay-java: Caused by: android.system.ErrnoException: open failed: ENOENT (No such file or directory)
03-22 02:41:32.053 2757 3559 W hpplay-java: at libcore.io.Linux.open(Native Method)
03-22 02:41:32.053 2757 3559 W hpplay-java: at libcore.io.ForwardingOs.open(ForwardingOs.java:567)
03-22 02:41:32.053 2757 3559 W hpplay-java: at libcore.io.BlockGuardOs.open(BlockGuardOs.java:273)
03-22 02:41:32.053 2757 3559 W hpplay-java: at libcore.io.ForwardingOs.open(ForwardingOs.java:567)
03-22 02:41:32.053 2757 3559 W hpplay-java: at android.app.ActivityThread$AndroidOs.open(ActivityThread.java:7766)
03-22 02:41:32.053 2757 3559 W hpplay-java: at libcore.io.IoBridge.open(IoBridge.java:561)
03-22 02:41:32.053 2757 3559 W hpplay-java: ... 14 more
03-22 02:41:32.053 1206 1836 D PasspointManager: ANQP entry not found for: 7e:b5:9b:1b:a4:31:
03-22 02:41:32.055 1206 1836 D PasspointManager: ANQP entry not found for: 7c:b5:9b:6b:a4:33:
03-22 02:41:32.059 2878 3051 E MediaProvider: Creating a non-default top level directory or deleting an existing one is not allowed!
03-22 02:41:32.060 2878 3051 E MediaProvider: Creating a non-default top level directory or deleting an existing one is not allowed!
03-22 02:41:32.065 2878 3050 E MediaProvider: Creating a non-default top level directory or deleting an existing one is not allowed!
03-22 02:41:32.065 2878 3050 E MediaProvider: Creating a non-default top level directory or deleting an existing one is not allowed!
03-22 02:41:32.067 2757 3559 W hpplay-java: [AsyncTask #1]:APIFileUtil:java.io.FileNotFoundException: /storage/emulated/0/com.hht.lebocast/sink/sdk/hpdata/60146/25915/oat/bu.dex.cur.prof: open failed: ENOENT (No such file or directory)
03-22 02:41:32.067 2757 3559 W hpplay-java: at libcore.io.IoBridge.open(IoBridge.java:575)
03-22 02:41:32.067 2757 3559 W hpplay-java: at java.io.FileOutputStream.(FileOutputStream.java:236)
03-22 02:41:32.067 2757 3559 W hpplay-java: at java.io.FileOutputStream.(FileOutputStream.java:186)
03-22 02:41:32.067 2757 3559 W hpplay-java: at com.hpplay.sdk.sink.util.APIFileUtil.a(SourceFile:4)
03-22 02:41:32.067 2757 3559 W hpplay-java: at com.hpplay.sdk.sink.util.APIFileUtil.a(SourceFile:34)
03-22 02:41:32.067 2757 3559 W hpplay-java: at com.hpplay.sdk.sink.util.APIFileUtil.a(SourceFile:38)
03-22 02:41:32.067 2757 3559 W hpplay-java: at com.hpplay.sdk.sink.proxy.ModuleLoader.c(SourceFile:12)
03-22 02:41:32.067 2757 3559 W hpplay-java: at com.hpplay.sdk.sink.proxy.ModuleLoader.d(SourceFile:14)
03-22 02:41:32.067 2757 3559 W hpplay-java: at com.hpplay.sdk.sink.proxy.ModuleLoader.c(SourceFile:1)
03-22 02:41:32.067 2757 3559 W hpplay-java: at com.hpplay.sdk.sink.proxy.ModuleLoader$2.call(SourceFile:1)
03-22 02:41:32.067 2757 3559 W hpplay-java: at com.hpplay.common.asyncmanager.AsyncCallableJob.doInBackground(SourceFile:1)
03-22 02:41:32.067 2757 3559 W hpplay-java: at android.os.AsyncTask$3.call(AsyncTask.java:394)
03-22 02:41:32.067 2757 3559 W hpplay-java: at java.util.concurrent.FutureTask.run(FutureTask.java:266)
03-22 02:41:32.067 2757 3559 W hpplay-java: at java.util.concurrent.ThreadPoolExecutor.runWorker(ThreadPoolExecutor.java:1167)
03-22 02:41:32.067 2757 3559 W hpplay-java: at java.util.concurrent.ThreadPoolExecutor$Worker.run(ThreadPoolExecutor.java:641)
03-22 02:41:32.067 2757 3559 W hpplay-java: at java.lang.Thread.run(Thread.java:920)
03-22 02:41:32.067 2757 3559 W hpplay-java: Caused by: android.system.ErrnoException: open failed: ENOENT (No such file or directory)
03-22 02:41:32.067 2757 3559 W hpplay-java: at libcore.io.Linux.open(Native Method)
03-22 02:41:32.067 2757 3559 W hpplay-java: at libcore.io.ForwardingOs.open(ForwardingOs.java:567)
03-22 02:41:32.067 2757 3559 W hpplay-java: at libcore.io.BlockGuardOs.open(BlockGuardOs.java:273)
03-22 02:41:32.067 2757 3559 W hpplay-java: at libcore.io.ForwardingOs.open(ForwardingOs.java:567)
03-22 02:41:32.067 2757 3559 W hpplay-java: at android.app.ActivityThread$AndroidOs.open(ActivityThread.java:7766)
03-22 02:41:32.067 2757 3559 W hpplay-java: at libcore.io.IoBridge.open(IoBridge.java:561)
03-22 02:41:32.067 2757 3559 W hpplay-java: ... 15 more
03-22 02:41:32.071 2878 3051 E MediaProvider: Creating a non-default top level directory or deleting an existing one is not allowed!
03-22 02:41:32.072 2878 3051 E MediaProvider: Creating a non-default top level directory or deleting an existing one is not allowed!
03-22 02:41:32.074 2757 3559 W hpplay-java: [AsyncTask #1]:APIFileUtil:java.io.FileNotFoundException: /storage/emulated/0/com.hht.lebocast/sink/sdk/hpdata/60146/25915/oat/arm/bu.vdex: open failed: ENOENT (No such file or directory)
03-22 02:41:32.074 2757 3559 W hpplay-java: at libcore.io.IoBridge.open(IoBridge.java:575)
03-22 02:41:32.074 2757 3559 W hpplay-java: at java.io.FileOutputStream.(FileOutputStream.java:236)
03-22 02:41:32.074 2757 3559 W hpplay-java: at java.io.FileOutputStream.(FileOutputStream.java:186)
03-22 02:41:32.074 2757 3559 W hpplay-java: at com.hpplay.sdk.sink.util.APIFileUtil.a(SourceFile:4)
03-22 02:41:32.074 2757 3559 W hpplay-java: at com.hpplay.sdk.sink.util.APIFileUtil.a(SourceFile:34)
03-22 02:41:32.074 2757 3559 W hpplay-java: at com.hpplay.sdk.sink.util.APIFileUtil.a(SourceFile:38)
03-22 02:41:32.074 2757 3559 W hpplay-java: at com.hpplay.sdk.sink.util.APIFileUtil.a(SourceFile:38)
03-22 02:41:32.074 2757 3559 W hpplay-java: at com.hpplay.sdk.sink.proxy.ModuleLoader.c(SourceFile:12)
03-22 02:41:32.074 2757 3559 W hpplay-java: at com.hpplay.sdk.sink.proxy.ModuleLoader.d(SourceFile:14)
03-22 02:41:32.074 2757 3559 W hpplay-java: at com.hpplay.sdk.sink.proxy.ModuleLoader.c(SourceFile:1)
03-22 02:41:32.074 2757 3559 W hpplay-java: at com.hpplay.sdk.sink.proxy.ModuleLoader$2.call(SourceFile:1)
03-22 02:41:32.074 2757 3559 W hpplay-java: at com.hpplay.common.asyncmanager.AsyncCallableJob.doInBackground(SourceFile:1)
03-22 02:41:32.074 2757 3559 W hpplay-java: at android.os.AsyncTask$3.call(AsyncTask.java:394)
03-22 02:41:32.074 2757 3559 W hpplay-java: at java.util.concurrent.FutureTask.run(FutureTask.java:266)
03-22 02:41:32.074 2757 3559 W hpplay-java: at java.util.concurrent.ThreadPoolExecutor.runWorker(ThreadPoolExecutor.java:1167)
03-22 02:41:32.074 2757 3559 W hpplay-java: at java.util.concurrent.ThreadPoolExecutor$Worker.run(ThreadPoolExecutor.java:641)
03-22 02:41:32.074 2757 3559 W hpplay-java: at java.lang.Thread.run(Thread.java:920)
03-22 02:41:32.074 2757 3559 W hpplay-java: Caused by: android.system.ErrnoException: open failed: ENOENT (No such file or directory)
03-22 02:41:32.074 2757 3559 W hpplay-java: at libcore.io.Linux.open(Native Method)
03-22 02:41:32.074 2757 3559 W hpplay-java: at libcore.io.ForwardingOs.open(ForwardingOs.java:567)
03-22 02:41:32.074 2757 3559 W hpplay-java: at libcore.io.BlockGuardOs.open(BlockGuardOs.java:273)
03-22 02:41:32.074 2757 3559 W hpplay-java: at libcore.io.ForwardingOs.open(ForwardingOs.java:567)
03-22 02:41:32.074 2757 3559 W hpplay-java: at android.app.ActivityThread$AndroidOs.open(ActivityThread.java:7766)
03-22 02:41:32.074 2757 3559 W hpplay-java: at libcore.io.IoBridge.open(IoBridge.java:561)
03-22 02:41:32.074 2757 3559 W hpplay-java: ... 16 more
03-22 02:41:32.074 2757 3559 I hpplay-java: [AsyncTask #1]:ModuleLoader:checkDex preparedFolder:/data/user/0/com.hht.lebocast/files/hpplay/hpdata/60146/25915
03-22 02:41:32.074 2757 2757 I hpplay-java: [main]:ModuleLoader:handleMessage what: 1
03-22 02:41:32.074 2757 2757 I hpplay-java: [main]:ModuleLoader:loadBu,isFirstLoadBuDex:true
03-22 02:41:32.075 2757 3575 I hpplay-java: [AsyncTask #2]:ModuleLoader:loadDex path: /data/user/0/com.hht.lebocast/files/hpplay/hpdata/60146/25915/bu.dex library: /data/user/0/com.hht.lebocast/lib
03-22 02:41:32.076 3557 3557 I Perf : Connecting to perf service.
03-22 02:41:32.081 2757 3575 I PatchUtils: system abis -----> arm64-v8a,armeabi-v7a,armeabi,
03-22 02:41:32.081 3557 3557 V GraphicsEnvironment: ANGLE Developer option for 'com.qti.ltebc' set to: 'default'
03-22 02:41:32.081 2757 3575 I PatchParser: no new patch
03-22 02:41:32.081 2335 2335 W WifiDebugService: Can not find target wifi network : hht_test_wifi_fc4318c9
03-22 02:41:32.081 2757 3575 I LinkerInfosManager: start find external classloader dex
03-22 02:41:32.081 3557 3557 V GraphicsEnvironment: ANGLE GameManagerService for com.qti.ltebc: false
03-22 02:41:32.082 2757 3575 D SystemHookUtils: dex path /data/user/0/com.hht.lebocast/files/hpplay/hpdata/60146/25915/bu.dex
03-22 02:41:32.082 3557 3557 D NetworkSecurityConfig: Using Network Security Config from resource network_security_config debugBuild: false
03-22 02:41:32.083 2757 3575 W om.hht.lebocas: Opening an oat file without a class loader. Are you using the deprecated DexFile APIs?
03-22 02:41:32.083 3557 3557 D NetworkSecurityConfig: Using Network Security Config from resource network_security_config debugBuild: false
03-22 02:41:32.089 3557 3557 D LTE Application: getLibraryName = msp
03-22 02:41:32.091 812 2526 D vendor.qti.bluetooth@1.0-wake_lock: Release wakelock is released
03-22 02:41:32.101 2757 3575 I SystemHookUtils: android high version sdk find dex file size 1
03-22 02:41:32.106 2757 3575 I LinkerInfosManager: ================= not patch classloader
03-22 02:41:32.106 2757 3575 I LinkerInfosManager: ================= external path /data/user/0/com.hht.lebocast/files/hpplay/hpdata/60146/25915/bu.dex
03-22 02:41:32.106 2757 3575 W om.hht.lebocas: Opening an oat file without a class loader. Are you using the deprecated DexFile APIs?
03-22 02:41:32.117 2757 3575 I LinkerInfosManager: =======use local path ==========
03-22 02:41:32.118 2757 3575 I LinkerInfosManager: ================= com.hpplay.component.common.utils.ModuleInfos
03-22 02:41:32.118 2757 3575 I ModuleLoadUtils: main dex find class failed
03-22 02:41:32.118 2757 3575 I SystemHookUtils: parent find class failed
03-22 02:41:32.118 2757 3575 I ModuleLoadUtils: component find class failed
03-22 02:41:32.118 2757 3575 I ModuleLoadUtils: .ModuleInfos not find ...
03-22 02:41:32.118 2757 3575 W LinkerInfosManager: java.lang.NullPointerException: Attempt to invoke virtual method 'java.lang.Class java.lang.Object.getClass()' on a null object reference
03-22 02:41:32.118 2757 3575 W LinkerInfosManager: at com.hpplay.component.modulelinker.d.a(SourceFile:10)
03-22 02:41:32.118 2757 3575 W LinkerInfosManager: at com.hpplay.component.modulelinker.b.a(SourceFile:40)
03-22 02:41:32.118 2757 3575 W LinkerInfosManager: at com.hpplay.component.modulelinker.b.a(SourceFile:9)
03-22 02:41:32.118 2757 3575 W LinkerInfosManager: at com.hpplay.component.modulelinker.c.init(SourceFile:13)
03-22 02:41:32.118 2757 3575 W LinkerInfosManager: at com.hpplay.component.modulelinker.api.ModuleLinker.init(SourceFile:8)
03-22 02:41:32.118 2757 3575 W LinkerInfosManager: at com.hpplay.sdk.sink.proxy.ModuleLoader.b(SourceFile:29)
03-22 02:41:32.118 2757 3575 W LinkerInfosManager: at com.hpplay.sdk.sink.proxy.ModuleLoader.b(SourceFile:2)
03-22 02:41:32.118 2757 3575 W LinkerInfosManager: at com.hpplay.sdk.sink.proxy.ModuleLoader$3.run(SourceFile:1)
03-22 02:41:32.118 2757 3575 W LinkerInfosManager: at com.hpplay.common.asyncmanager.AsyncRunnableJob.doInBackground(SourceFile:1)
03-22 02:41:32.118 2757 3575 W LinkerInfosManager: at android.os.AsyncTask$3.call(AsyncTask.java:394)
03-22 02:41:32.118 2757 3575 W LinkerInfosManager: at java.util.concurrent.FutureTask.run(FutureTask.java:266)
03-22 02:41:32.118 2757 3575 W LinkerInfosManager: at java.util.concurrent.ThreadPoolExecutor.runWorker(ThreadPoolExecutor.java:1167)
03-22 02:41:32.118 2757 3575 W LinkerInfosManager: at java.util.concurrent.ThreadPoolExecutor$Worker.run(ThreadPoolExecutor.java:641)
03-22 02:41:32.118 2757 3575 W LinkerInfosManager: at java.lang.Thread.run(Thread.java:920)
03-22 02:41:32.118 2757 3575 I ModuleLinkerImp: init time 40
03-22 02:41:32.118 2757 3575 I ModuleLinkerImp: =====> 0
03-22 02:41:32.120 2757 2757 I hpplay-java: [main]:ModuleLoader:handleMessage what: 3
03-22 02:41:32.120 2757 2757 I hpplay-java: [main]:ModuleLoader:mSoPath: null
03-22 02:41:32.120 2757 2757 I hpplay-java: [main]:ModuleLoader:liblelink commit id api:027d01cda77c3b15c41f64bb549c08dc2c00371c
03-22 02:41:32.125 2757 3577 I hpplay-java: [AsyncTask #3]:BuildConfigSupport:isDEBUG DEBUG:false
03-22 02:41:32.126 2757 3577 I hpplay-java: [AsyncTask #3]:LelinkCastImpl:liblelink commit id bu:027d01cda77c3b15c41f64bb549c08dc2c00371c
03-22 02:41:32.127 2757 3577 I hpplay-java: [AsyncTask #3]:BuildConfigSupport:getVersionCode VERSION_CODE:60146
03-22 02:41:32.127 2757 3577 I hpplay-java: [AsyncTask #3]:BuildConfigSupport:getBuVersionCode BU_VERSION_CODE: 25915
03-22 02:41:32.127 2757 3577 I hpplay-java: [AsyncTask #3]:LelinkLoader:no external so file found
03-22 02:41:32.127 2757 3577 I hpplay-java: [AsyncTask #3]:LelinkLoader:loadSo BU_VERSION_CODE:25915, PackageName:com.hht.lebocast,loadFile /data/user/0/com.hht.lebocast/lib/liblelink.so
03-22 02:41:32.129 2757 3577 I hpplay-java: [AsyncTask #3]:LibLoader:loadSo mDefaultPath:/data/user/0/com.hht.lebocast/lib
03-22 02:41:32.129 2757 3577 I hpplay-java: [AsyncTask #3]:LibLoader:getValidPath check path:/data/user/0/com.hht.lebocast/lib/liblelink.so
03-22 02:41:32.130 2757 3577 I hpplay-java: [AsyncTask #3]:LibLoader:getValidPath check path:/data/user/0/com.hht.lebocast/files/hpplay/file/liblelink.so
03-22 02:41:32.130 2757 3577 I hpplay-java: [AsyncTask #3]:LibLoader:getValidPath check path:/system_ext/app/TCCast/lib/arm/liblelink.so
03-22 02:41:32.130 2757 3577 I hpplay-java: [AsyncTask #3]:LibLoader:getValidPath check path:/system/app/com.hht.lebocast/lib/arm/liblelink.so
03-22 02:41:32.130 2757 3577 I hpplay-java: [AsyncTask #3]:LibLoader:getValidPath check path:/system/lib/com.hht.lebocast/liblelink.so
03-22 02:41:32.130 2757 3577 I hpplay-java: [AsyncTask #3]:LibLoader:getValidPath check path:/system/etc/liblelink.so
03-22 02:41:32.130 2757 3577 I hpplay-java: [AsyncTask #3]:LibLoader:getValidPath check path:/system/lib/liblelink.so
03-22 02:41:32.131 2757 3577 I hpplay-java: [AsyncTask #3]:LibLoader:getValidPath check path:/data/app-lib/com.hht.lebocast/liblelink.so
03-22 02:41:32.131 2757 3577 I hpplay-java: [AsyncTask #3]:LibLoader:getValidPath check path:/product/lib/liblelink.so
03-22 02:41:32.131 2757 3577 I hpplay-java: [AsyncTask #3]:LibLoader:getValidPath check path:/system/private-app/com.hht.lebocast/lib/arm/liblelink.so
03-22 02:41:32.131 2757 3577 I hpplay-java: [AsyncTask #3]:LibLoader:getValidPath check path:/system_ext/app/TCCast/lib/arm/liblelink.so
03-22 02:41:32.131 2757 3577 I hpplay-java: [AsyncTask #3]:LibLoader:getValidPath check path:/data/user/0/com.hht.lebocast/files/hpplay/common/liblelink.so
03-22 02:41:32.192 2757 3577 I hpplay-java: [AsyncTask #3]:BPIFileUtil:getMd5ByFile: 054CE34B3CB1D77895EFC5B3CCEA7E39
03-22 02:41:32.192 2757 3577 I hpplay-java: [AsyncTask #3]:LibLoader:getValidPath soPath:/data/user/0/com.hht.lebocast/files/hpplay/common/liblelink.so
03-22 02:41:32.201 2757 3577 I hpplay-base: liblelink ver: 90610 (Jul 18 2022 10:14:10)
03-22 02:41:32.201 2757 3577 I hpplay-base: liblelink commit id: 6854d2ad4a11b788b5c223c313843b85637a5ae2
03-22 02:41:32.202 2757 3577 I hpplay-java: [AsyncTask #3]:LibLoader:loadSo lelink true
03-22 02:41:32.202 2757 3577 I hpplay-java: [AsyncTask #3]:LelinkLoader:load so from assets java.lang.NumberFormatException: For input string: "lib"
03-22 02:41:32.203 2757 3577 I hpplay-java: [AsyncTask #3]:BuildConfigSupport:getBuVersionName BU_VERSION_NAME:2.59.15-2022-07-25-17-24
03-22 02:41:32.203 2757 2757 I hpplay-java: [main]:ModuleLoader:handleMessage what: 2
03-22 02:41:32.203 2757 2757 I hpplay-java: [main]:LelinkCastWrapper:onLoad isSuccess锛歵rue
03-22 02:41:32.203 2757 2757 I hpplay-java: [main]:LelinkCastWrapper:startService mService: null
03-22 02:41:32.206 1206 2104 D CompatibilityInfo: mCompatibilityFlags - 4
03-22 02:41:32.206 1206 2104 D CompatibilityInfo: applicationDensity - 240
03-22 02:41:32.206 1206 2104 D CompatibilityInfo: applicationScale - 1.0
03-22 02:41:32.211 2757 2757 I hpplay-java: [main]:LelinkCastWrapper:startService success: true
03-22 02:41:32.212 2757 2757 I hpplay-java: [main]:DaemonService:onCreate start
03-22 02:41:32.212 2757 2757 I hpplay-java: [main]:DaemonServiceEntity:setBPImpl mContext: null
03-22 02:41:32.212 2757 2757 I hpplay-java: [main]:Utils:getApplication in main thread
03-22 02:41:32.213 2757 2757 I hpplay-java: [main]:DaemonServiceEntity:onCreate
03-22 02:41:32.215 2757 2757 I hpplay-java: [main]:DaemonServiceEntity:initParams channel: lecast w/h: 2560/1080
03-22 02:41:32.216 2757 3579 E ActivityThread: Failed to find provider info for com.tcl.xian.StartandroidService.MyContentProvider
03-22 02:41:32.219 2757 2757 I hpplay-java: [main]:Resource:initInstance Resource
03-22 02:41:32.224 2757 2757 I hpplay-java: [main]:Resource:checkLanguage init language map 1
03-22 02:41:32.225 2757 3580 I hpplay-java: [AsyncTask #5]:Resource:init
03-22 02:41:32.226 2757 2757 I hpplay-java: [main]:MacTask:startTask
03-22 02:41:32.226 2757 2757 I hpplay-java: [main]:DaemonService:onBind
03-22 02:41:32.226 2757 2757 I hpplay-java: [main]:DaemonServiceEntity:onBind
03-22 02:41:32.227 2757 2757 I hpplay-java: [main]:LelinkCastWrapper:onServiceConnected
03-22 02:41:32.229 2757 2757 I hpplay-java: [main]:DaemonService:onStartCommand iService: com.hpplay.sdk.sink.service.DaemonServiceEntity@8efd4fb
03-22 02:41:32.229 2757 2757 I hpplay-java: [main]:DaemonServiceEntity:onStartCommand flags: 0 startId: 1 mOnBind: true
03-22 02:41:32.229 2757 3582 I hpplay-java: [AsyncTask #7]:LelinkCastImpl:init appKey=21409
03-22 02:41:32.230 2757 3582 I hpplay-java: [AsyncTask #7]:UILife:UISession
03-22 02:41:32.233 2757 2757 I hpplay-java: [main]:BuildConfigSupport:getFLAVOR FLAVOR:lecast
03-22 02:41:32.233 2757 2757 I hpplay-java: [main]:BuildConfigSupport:getFeatureDlnaValidModel FEATURE_DLNA_VALID_MODEL:1
03-22 02:41:32.233 2757 3582 I hpplay-java: [AsyncTask #7]:ModelUtil:Build.MANUFACTURER: TC -- Model: -- Build.MODEL: figure
03-22 02:41:32.234 2757 3582 I hpplay-java: [AsyncTask #7]:Feature:getVolumeType model:figure mf:TC
03-22 02:41:32.249 2757 3582 I hpplay-java: [AsyncTask #7]:BuildConfigSupport:getFeatureProduct :1
03-22 02:41:32.249 2757 3582 I hpplay-java: [AsyncTask #7]:Feature:isReverseControlEnable :true
03-22 02:41:32.249 2757 3582 I hpplay-java: [AsyncTask #7]:Feature:isPlayListEnable :true
03-22 02:41:32.249 2757 3582 W hpplay-java: [AsyncTask #7]:CreateUtils:createFeature baseFeature:1100111111111
03-22 02:41:32.249 2757 3582 I hpplay-java: [AsyncTask #7]:InParameters:InParameters 6655
03-22 02:41:32.250 2757 3582 I hpplay-java: [AsyncTask #7]:Bridge:getLelinkSoInfo info:90610
03-22 02:41:32.250 2757 3582 E hpplay-java: [AsyncTask #7]:Bridge:soInfoCheck liblelink.so mismatch
03-22 02:41:32.250 2757 3582 E hpplay-java: version:90610 / 90611
03-22 02:41:32.251 2757 3589 W VideoCapabilities: Unsupported mime image/vnd.android.heic
03-22 02:41:32.253 2757 3589 W VideoCapabilities: Unrecognized profile/level 0/3 for video/mpeg2
03-22 02:41:32.254 2757 3589 W VideoCapabilities: Unrecognized profile/level 0/3 for video/mpeg2
03-22 02:41:32.255 2757 3585 I hpplay-java: [AsyncTask #10]:DeviceUtil:getMac type: wlan0
03-22 02:41:32.271 2757 3585 I hpplay-java: [AsyncTask #10]:DeviceUtil:getMac type: eth0
03-22 02:41:32.276 1206 1206 I GameModeConfig: isGameModeOn = false
03-22 02:41:32.278 1206 1206 W NotificationHistory: Attempted to add notif for locked/gone/disabled user 0
03-22 02:41:32.279 1206 2033 D BufferPoolAccessor2.0: bufferpool2 0xb400007cc7442268 : 0(0 size) total buffers - 0(0 size) used buffers - 3/7 (recycle/alloc) - 8/26 (fetch/transfer)
03-22 02:41:32.279 1206 2033 D BufferPoolAccessor2.0: bufferpool2 0xb400007cc7440d98 : 0(0 size) total buffers - 0(0 size) used buffers - 3/7 (recycle/alloc) - 5/34 (fetch/transfer)
03-22 02:41:32.279 1206 2033 D BufferPoolAccessor2.0: bufferpool2 0xb400007cc7443e28 : 0(0 size) total buffers - 0(0 size) used buffers - 2/7 (recycle/alloc) - 5/34 (fetch/transfer)
03-22 02:41:32.279 1206 2033 D BufferPoolAccessor2.0: bufferpool2 0xb400007cc7441238 : 0(0 size) total buffers - 0(0 size) used buffers - 2/7 (recycle/alloc) - 5/24 (fetch/transfer)
03-22 02:41:32.279 1206 2033 D BufferPoolAccessor2.0: bufferpool2 0xb400007cc743ef88 : 0(0 size) total buffers - 0(0 size) used buffers - 1/7 (recycle/alloc) - 6/24 (fetch/transfer)
03-22 02:41:32.279 1206 2033 D BufferPoolAccessor2.0: evictor expired: 5, evicted: 5
03-22 02:41:32.280 1309 1752 D BufferPoolAccessor2.0: bufferpool2 0xb400006da8973ed8 : 0(0 size) total buffers - 0(0 size) used buffers - 9/11 (recycle/alloc) - 2/10 (fetch/transfer)
03-22 02:41:32.280 1309 1752 D BufferPoolAccessor2.0: bufferpool2 0xb400006da8976628 : 0(0 size) total buffers - 0(0 size) used buffers - 14/16 (recycle/alloc) - 2/15 (fetch/transfer)
03-22 02:41:32.280 1309 1752 D BufferPoolAccessor2.0: bufferpool2 0xb400006da89737e8 : 0(0 size) total buffers - 0(0 size) used buffers - 13/15 (recycle/alloc) - 2/14 (fetch/transfer)
03-22 02:41:32.280 1309 1752 D BufferPoolAccessor2.0: bufferpool2 0xb400006da89712e8 : 0(0 size) total buffers - 0(0 size) used buffers - 14/17 (recycle/alloc) - 3/16 (fetch/transfer)
03-22 02:41:32.280 1309 1752 D BufferPoolAccessor2.0: bufferpool2 0xb400006da896fe18 : 0(0 size) total buffers - 0(0 size) used buffers - 8/10 (recycle/alloc) - 2/9 (fetch/transfer)
03-22 02:41:32.280 1309 1752 D BufferPoolAccessor2.0: bufferpool2 0xb400006da89709a8 : 0(0 size) total buffers - 0(0 size) used buffers - 11/15 (recycle/alloc) - 4/14 (fetch/transfer)
03-22 02:41:32.280 1309 1752 D BufferPoolAccessor2.0: bufferpool2 0xb400006da8973c88 : 0(0 size) total buffers - 0(0 size) used buffers - 5/7 (recycle/alloc) - 2/6 (fetch/transfer)
03-22 02:41:32.280 1309 1752 D BufferPoolAccessor2.0: evictor expired: 7, evicted: 7
03-22 02:41:32.283 3596 3596 W cat : type=1400 audit(0.0:290): avc: denied { read } for name="address" dev="sysfs" ino=69073 scontext=u:r:platform_app:s0:c512,c768 tcontext=u:object_r:sysfs:s0 tclass=file permissive=0 app=com.hht.lebocast
01-01 08:00:18.943 0 0 I logd : start watching /data/system/packages.list ...
01-01 08:00:18.944 0 0 I logd : ReadPackageList, total packages: 100
03-22 02:41:32.291 2002 2002 D InterruptionStateProvider: No alerting: filtered notification: 0|android|17303299|com.android.wifi|1000
03-22 02:41:32.291 2002 2002 D InterruptionStateProvider: No alerting: filtered notification: 0|android|17303299|com.android.wifi|1000
03-22 02:41:32.292 2002 2466 D PeopleSpaceWidgetMgr: Sbn doesn't contain valid PeopleTileKey: null/0/android
03-22 02:41:32.296 2002 2466 E ndroid.systemu: No package ID 7f found for ID 0x7f030001.
03-22 02:41:32.296 2002 2466 E ContrastColorUtil: Drawable not found: 2130903041
03-22 02:41:32.297 2002 2466 E ndroid.systemu: No package ID 7f found for ID 0x7f030001.
03-22 02:41:32.297 2002 2466 E ContrastColorUtil: Drawable not found: 2130903041
03-22 02:41:32.408 1237 1237 I CNSS : cnss_open_log_file: create directory /data/vendor/wifi/wlan_logs/ ret = -1 errno= 17
03-22 02:41:32.408 1237 1237 I CNSS : failed to open file a+ mode or file size 0 is less than max_file_size 31457280
03-22 02:41:32.408 1237 1237 I CNSS : Failed to open file /data/vendor/wifi/wlan_logs/host_driver_logs_current.txt: 13
03-22 02:41:32.403 1237 1237 W cnss_diag: type=1400 audit(0.0:291): avc: denied { getattr } for path="/data/vendor/wifi/wlan_logs" dev="dm-10" ino=384 scontext=u:r:vendor_wcnss_service:s0 tcontext=u:object_r:vendor_wifi_vendor_log_data_file:s0 tclass=dir permissive=0
03-22 02:41:32.403 1237 1237 W cnss_diag: type=1400 audit(0.0:292): avc: denied { read } for name="wlan_logs" dev="dm-10" ino=384 scontext=u:r:vendor_wcnss_service:s0 tcontext=u:object_r:vendor_wifi_vendor_log_data_file:s0 tclass=dir permissive=0
03-22 02:41:32.403 1237 1237 W cnss_diag: type=1400 audit(0.0:293): avc: denied { search } for name="wlan_logs" dev="dm-10" ino=384 scontext=u:r:vendor_wcnss_service:s0 tcontext=u:object_r:vendor_wifi_vendor_log_data_file:s0 tclass=dir permissive=0
03-22 02:41:32.435 3557 3557 I MSP-JNI : JNI_OnLoad called
03-22 02:41:32.435 3557 3557 E MSP-JNI : Failed to get class in Jload
03-22 02:41:32.435 3557 3557 I MSP-JNI : FindClass - com/qualcomm/ltebc/LTEBroadcastService JNI EXCEPTION CLEARED
03-22 02:41:32.436 3557 3557 I MSP-JNI : JNI_OnLoad: Initializing File Delivery references
03-22 02:41:32.436 3557 3557 I MSP-JNI : FindClass CARRIER_SPECIFIC_CLASS_DEFINITION JNI EXCEPTION CLEARED
03-22 02:41:32.436 3557 3557 I MSP-JNI : JNI_OnLoad: Completed File Delivery initialization
03-22 02:41:32.440 3557 3557 I LTE Application: LTEApplicationCreate
03-22 02:41:32.440 3557 3557 I LTE Application: applicationContext : com.qualcomm.ltebc.LTEQTIApplication@cc7bb2a
03-22 02:41:32.443 3557 3557 I LTE QMI Link: Creating QMI Link
03-22 02:41:32.444 3557 3557 D LTE Application: packageName = com.qti.ltebc versionCode = 5401010 versionName = MSDC_LA_5.4.01.01.0
03-22 02:41:32.444 3557 3557 I LTE Application: LTE Broadcast Library Release Version = MSDC_LA_5.4.01.01.0
03-22 02:41:32.445 3557 3557 D LTE Application: IntentSender : Last intent Status NOT_SENT forcedBroadcast flag = true
03-22 02:41:32.445 3557 3557 D LTE Application: sendBroadcastIntent IntentAction : Sending com.qualcomm.intent.EMBMS_STATUS ACTIVE = false
03-22 02:41:32.446 3557 3557 W SOCKET : ConnectionManager constructor has been initialised
03-22 02:41:32.446 3557 3557 E System : Ignoring attempt to set property "java.net.preferIPv6Addresses" to value "false".
03-22 02:41:32.448 3557 3557 D LTE Application: Android API Version 31
03-22 02:41:32.448 3557 3557 I LTE Application: Package Name : com.qti.ltebc
03-22 02:41:32.449 3557 3557 I LTE Application: app is not whitelisted
03-22 02:41:32.451 3557 3557 I LTE Broadcast Receiver: Broadcast Receiver Received intent : Intent { act=android.intent.action.BOOT_COMPLETED flg=0x89000010 cmp=com.qti.ltebc/com.qualcomm.ltebc.LTEBroadcastBootReceiver (has extras) }
03-22 02:41:32.451 3557 3557 I LTE Broadcast Receiver: Received intent : android.intent.action.BOOT_COMPLETED isBindCalled = false
03-22 02:41:32.451 3557 3557 I LTE Application: startRootServiceASync true
03-22 02:41:32.455 1206 2104 D CompatibilityChangeReporter: Compat change id reported: 168419799; UID 10056; state: DISABLED
03-22 02:41:32.455 3557 3599 I LTE Application: startRootServiceSync true
03-22 02:41:32.455 1206 2104 D CompatibilityInfo: mCompatibilityFlags - 4
03-22 02:41:32.455 1206 2104 D CompatibilityInfo: applicationDensity - 240
03-22 02:41:32.455 3557 3599 I LTE Application: startRootServiceSync initState LTEBC_MSP_NOT_INITIALIZED
03-22 02:41:32.455 1206 2104 D CompatibilityInfo: applicationScale - 1.0
03-22 02:41:32.455 3557 3599 I LTE Application: setWakeupMode - mode :WAKEUP_MODE_BG
03-22 02:41:32.455 3557 3599 I LTE Application: startRootServiceSync(): Started from BOOT
03-22 02:41:32.455 3557 3599 I LTE Application: startRootServiceSync(): setting alarm wake up and exit from BOOT 1679424092955
03-22 02:41:32.455 3557 3599 I LTE Application: scheduleNextWakeup appName: null wakeupInFg: false
03-22 02:41:32.455 3557 3599 I LTE Application: wakeupTime is 1679424092955
03-22 02:41:32.455 3557 3599 I LTE Application: Next wakeup will be due to boot
03-22 02:41:32.455 3557 3599 D CompatibilityChangeReporter: Compat change id reported: 160794467; UID 10082; state: ENABLED
03-22 02:41:32.456 1206 2104 D CompatibilityChangeReporter: Compat change id reported: 171306433; UID 10082; state: ENABLED
03-22 02:41:32.457 2808 2808 D PASRReceiver: Received Intent Intent { act=android.intent.action.BOOT_COMPLETED flg=0x89000010 cmp=com.qti.pasrservice/.PASRReceiver (has extras) }
03-22 02:41:32.457 3557 3599 I LTE Application: Alarm Set to 1679424092955
03-22 02:41:32.458 1206 2104 D CompatibilityInfo: mCompatibilityFlags - 4
03-22 02:41:32.458 1206 2104 D CompatibilityInfo: applicationDensity - 240
03-22 02:41:32.458 1206 2104 D CompatibilityInfo: applicationScale - 1.0
03-22 02:41:32.459 3557 3599 I com.qti.ltebc: System.exit called, status: 0
03-22 02:41:32.459 3557 3599 I AndroidRuntime: VM exiting with result code 0, cleanup skipped.
03-22 02:41:32.459 2808 2808 D PASRReceiver: PASRService Auto Boot Started Successfully
03-22 02:41:32.460 2808 2808 E PASRService: onCreate
03-22 02:41:32.461 1206 2104 D CompatibilityInfo: mCompatibilityFlags - 4
03-22 02:41:32.461 1206 2104 D CompatibilityInfo: applicationDensity - 240
03-22 02:41:32.461 1206 2104 D CompatibilityInfo: applicationScale - 1.0
03-22 02:41:32.461 2808 2808 D PASRService: PASRService started
03-22 02:41:32.461 2284 2284 I MStatsReceiver: prop ==
03-22 02:41:32.462 2284 2284 I MStatsReceiver: Received intent but prop is not set.
03-22 02:41:32.463 1206 1220 D CompatibilityChangeReporter: Compat change id reported: 168419799; UID 10081; state: DISABLED
03-22 02:41:32.463 1206 1220 D CompatibilityInfo: mCompatibilityFlags - 4
03-22 02:41:32.463 1206 1220 D CompatibilityInfo: applicationDensity - 240
03-22 02:41:32.463 1206 1220 D CompatibilityInfo: applicationScale - 1.0
03-22 02:41:32.467 1206 1220 D CompatibilityChangeReporter: Compat change id reported: 168419799; UID 10076; state: DISABLED
03-22 02:41:32.467 1206 1220 D CompatibilityInfo: mCompatibilityFlags - 4
03-22 02:41:32.467 1206 1220 D CompatibilityInfo: applicationDensity - 240
03-22 02:41:32.467 1206 1220 D CompatibilityInfo: applicationScale - 1.0
03-22 02:41:32.470 1206 2104 D CompatibilityInfo: mCompatibilityFlags - 4
03-22 02:41:32.470 1206 2104 D CompatibilityInfo: applicationDensity - 240
03-22 02:41:32.470 1206 2104 D CompatibilityInfo: applicationScale - 1.0
03-22 02:41:32.471 2538 2538 I QCCAuthMgr: BootReceiver - onReceive
03-22 02:41:32.471 2538 2538 I QCCAuthMgr: android.intent.action.BOOT_COMPLETED intent received
03-22 02:41:32.471 2538 2538 D QCCAuthMgr: SMQContentProvider query uri: content://com.qti.smq.Feedback.provider/smq_settings, selection: key=?, uri_matcher: 1
03-22 02:41:32.471 2538 2538 D QCCAuthMgr: SMQContentProvider query tableName: smq_settings
03-22 02:41:32.472 2538 2538 I QCCAuthMgr: BootReceiver - db is not initial
03-22 02:41:32.473 1206 2127 D CompatibilityChangeReporter: Compat change id reported: 168419799; UID 10089; state: DISABLED
03-22 02:41:32.473 1206 2127 D CompatibilityInfo: mCompatibilityFlags - 4
03-22 02:41:32.473 1206 2127 D CompatibilityInfo: applicationDensity - 240
03-22 02:41:32.473 1206 2127 D CompatibilityInfo: applicationScale - 1.0
03-22 02:41:32.474 2850 2850 I QCC-Netstat:BootReceiver: android.intent.action.BOOT_COMPLETED received
03-22 02:41:32.474 1206 2127 D CompatibilityInfo: mCompatibilityFlags - 4
03-22 02:41:32.474 1206 2127 D CompatibilityInfo: applicationDensity - 240
03-22 02:41:32.474 1206 2127 D CompatibilityInfo: applicationScale - 1.0
03-22 02:41:32.476 1206 2127 D CompatibilityChangeReporter: Compat change id reported: 135634846; UID 10061; state: DISABLED
03-22 02:41:32.477 1206 1554 D CompatibilityChangeReporter: Compat change id reported: 143937733; UID 10061; state: DISABLED
03-22 02:41:32.483 667 667 D Zygote : Forked child process 3604
