03-22 02:41:28.443 1206 3125 I BootReceiver: Copying audit failures to DropBox
03-22 02:41:28.444 1988 1988 I HeadsetService: start()
03-22 02:41:28.444 1206 3125 I BootReceiver: Checking for fsck errors
03-22 02:41:28.444 1206 3125 I BootReceiver: fs_stat, partition:dsp_a stat:0x3
03-22 02:41:28.444 1206 3125 I BootReceiver: fs_stat, partition:persist stat:0x40b
03-22 02:41:28.445 1206 3056 D CompatibilityInfo: mCompatibilityFlags - 4
03-22 02:41:28.445 1206 3056 D CompatibilityInfo: applicationDensity - 240
03-22 02:41:28.445 1206 3056 D CompatibilityInfo: applicationScale - 1.0
03-22 02:41:28.445 1988 2081 D BluetoothAdapterService: Calling setProfileServiceState for: PanService
03-22 02:41:28.447 1206 3056 D CompatibilityInfo: mCompatibilityFlags - 4
03-22 02:41:28.447 1206 3056 D CompatibilityInfo: applicationDensity - 240
03-22 02:41:28.447 1206 3056 D CompatibilityInfo: applicationScale - 1.0
03-22 02:41:28.447 2185 2185 W .dataservices: ClassLoaderContext shared library size mismatch. Expected=0, found=2 (PCL[] | PCL[]{PCL[/system/system_ext/framework/com.qti.dpmframework.jar*681974938]#PCL[/system/system_ext/framework/dpmapi.jar*405663546]})
03-22 02:41:28.449 1988 2081 D BluetoothAdapterService: Calling setProfileServiceState for: BluetoothMapService
01-01 08:00:15.101 0 0 W ALERT : changing window size from 20000000 to 16000000 at 12340033535
03-22 02:41:28.451 2185 2185 D NetworkSecurityConfig: No Network Security Config specified, using platform default
03-22 02:41:28.451 2185 2185 W nsconfig: .dataservices: New config does not match the previously set config.
03-22 02:41:28.451 2185 2185 D DpmServiceAppReceiver: Received Intent Intent { act=android.intent.action.BOOT_COMPLETED flg=0x89000010 cmp=com.qti.dpmserviceapp/.DpmServiceAppReceiver (has extras) }
03-22 02:41:28.451 1206 3056 D CompatibilityInfo: mCompatibilityFlags - 4
03-22 02:41:28.451 1206 3056 D CompatibilityInfo: applicationDensity - 240
03-22 02:41:28.451 1206 3056 D CompatibilityInfo: applicationScale - 1.0
03-22 02:41:28.452 1988 2081 D BluetoothAdapterService: Calling setProfileServiceState for: AvrcpControllerService
03-22 02:41:28.452 1206 2803 D CompatibilityInfo: mCompatibilityFlags - 4
03-22 02:41:28.452 1206 2803 D CompatibilityInfo: applicationDensity - 240
03-22 02:41:28.452 1206 2803 D CompatibilityInfo: applicationScale - 1.0
03-22 02:41:28.452 2185 2185 D DpmServiceAppReceiver: DpmService Auto Boot Started Successfully
03-22 02:41:28.453 2185 2185 D DpmServiceApp: Mwqem feature is disabled
03-22 02:41:28.453 2185 2185 D DpmServiceApp: dpmd system daemon is enabled
03-22 02:41:28.453 2185 2185 D DpmServiceApp: start dpm system service
03-22 02:41:28.453 1206 3056 D CompatibilityInfo: mCompatibilityFlags - 4
03-22 02:41:28.453 1206 3056 D CompatibilityInfo: applicationDensity - 240
03-22 02:41:28.453 1206 3056 D CompatibilityInfo: applicationScale - 1.0
03-22 02:41:28.454 1988 2081 D BluetoothAdapterService: Calling setProfileServiceState for: SapService
03-22 02:41:28.455 1206 2803 D CompatibilityInfo: mCompatibilityFlags - 4
03-22 02:41:28.455 1206 2803 D CompatibilityInfo: applicationDensity - 240
03-22 02:41:28.455 1206 2803 D CompatibilityInfo: applicationScale - 1.0
03-22 02:41:28.456 1988 1988 D HeadsetPhoneState: The sim in i: 0 is absent
03-22 02:41:28.457 2185 2185 E DPMJ : |SERVICE| DPM SERVICE REGISTER SERVICE FOR NETWORK CHANGE.
03-22 02:41:28.459 1206 2026 D CompatibilityInfo: mCompatibilityFlags - 4
03-22 02:41:28.459 1206 2026 D CompatibilityInfo: applicationDensity - 240
03-22 02:41:28.459 1206 2026 D CompatibilityInfo: applicationScale - 1.0
03-22 02:41:28.460 1988 2081 D BluetoothAdapterService: Calling setProfileServiceState for: BluetoothOppService
03-22 02:41:28.461 2185 3132 I DPMJ : |REQ:RCVR| DPM creating socket
03-22 02:41:28.461 1206 2026 D CompatibilityInfo: mCompatibilityFlags - 4
03-22 02:41:28.461 1206 2026 D CompatibilityInfo: applicationDensity - 240
03-22 02:41:28.461 3130 3130 I ThermalEngine: Thermal daemon started
03-22 02:41:28.461 1206 2026 D CompatibilityInfo: applicationScale - 1.0
03-22 02:41:28.461 3130 3130 E ThermalEngine: Unknown target identified with soc id 481
03-22 02:41:28.462 3130 3130 I ThermalEngine: No target config file, falling back to '/vendor/etc/thermal-engine.conf'
03-22 02:41:28.462 2185 3132 I DPMJ : |REQ:RCVR| Connected to 'dpmd' socket
03-22 02:41:28.462 1988 1988 I HeadsetService: mIsTwsPlusEnabled: false
03-22 02:41:28.462 1988 2081 D BluetoothAdapterService: Calling setProfileServiceState for: BluetoothPbapService
03-22 02:41:28.463 1988 1988 I HeadsetService: mIsTwsPlusShoEnabled: false
03-22 02:41:28.463 1988 1988 D HeadsetService: Max_HFP_Connections 5
03-22 02:41:28.463 1988 1988 D HeadsetService: mSetMaxConfig 5
03-22 02:41:28.463 1988 1988 I BluetoothHeadsetServiceJni: classInitNative: succeeds
03-22 02:41:28.463 1206 2803 D CompatibilityInfo: mCompatibilityFlags - 4
03-22 02:41:28.463 1206 2803 D CompatibilityInfo: applicationDensity - 240
03-22 02:41:28.463 1206 2803 D CompatibilityInfo: applicationScale - 1.0
03-22 02:41:28.463 1988 1988 D HeadsetService: isInbandRingingEnabled returning: false
03-22 02:41:28.463 1988 1988 I bt_btif : get_profile_interface: id = handsfree
03-22 02:41:28.463 1988 1988 I bt_stack: [INFO:btif_hf.cc(2433)] GetInterface
03-22 02:41:28.463 1206 1914 I GameModeConfig: isGameModeOn = false
03-22 02:41:28.463 1988 2081 D BluetoothAdapterService: Calling setProfileServiceState for: HearingAidService
03-22 02:41:28.463 1206 1914 I GameModeConfig: isGameModeOn = false
03-22 02:41:28.463 1351 1463 D LOWI-9.0.0.87.a: [LOWINetlinkSocketReceiver] unpackRTMLinkMessage: RTM_NEWLINK - ifname vlan2, flags 0x1003 ([UP])
03-22 02:41:28.463 1988 2113 I bt_btif_storage: btif_storage_get_adapter_property service_mask:0x20000040
03-22 02:41:28.463 1206 1914 I GameModeConfig: isGameModeOn = false
03-22 02:41:28.464 1988 2113 D bt_btif : btif_hf_upstreams_evt: event=BTA_AG_ENABLE_EVT
03-22 02:41:28.464 1988 2933 I bt_stack: [INFO:port_api.cc(123)] RFCOMM_CreateConnection BDA: ff:ff:ff:ff:ff:ff
03-22 02:41:28.464 1988 2933 I bt_stack: [INFO:port_api.cc(123)] RFCOMM_CreateConnection BDA: ff:ff:ff:ff:ff:ff
03-22 02:41:28.464 1206 2803 D CompatibilityInfo: mCompatibilityFlags - 4
03-22 02:41:28.464 1206 2803 D CompatibilityInfo: applicationDensity - 240
03-22 02:41:28.464 1206 2803 D CompatibilityInfo: applicationScale - 1.0
03-22 02:41:28.464 1988 2933 I bt_stack: [INFO:port_api.cc(123)] RFCOMM_CreateConnection BDA: ff:ff:ff:ff:ff:ff
03-22 02:41:28.464 1988 2933 I bt_stack: [INFO:port_api.cc(123)] RFCOMM_CreateConnection BDA: ff:ff:ff:ff:ff:ff
03-22 02:41:28.464 1988 2933 I bt_stack: [INFO:port_api.cc(123)] RFCOMM_CreateConnection BDA: ff:ff:ff:ff:ff:ff
03-22 02:41:28.464 1988 2933 I bt_stack: [INFO:port_api.cc(123)] RFCOMM_CreateConnection BDA: ff:ff:ff:ff:ff:ff
03-22 02:41:28.464 1988 2933 I bt_stack: [INFO:port_api.cc(123)] RFCOMM_CreateConnection BDA: ff:ff:ff:ff:ff:ff
03-22 02:41:28.464 1206 1914 I GameModeConfig: isGameModeOn = false
03-22 02:41:28.464 1206 1914 I GameModeConfig: isGameModeOn = false
03-22 02:41:28.464 1988 2933 I bt_stack: [INFO:port_api.cc(123)] RFCOMM_CreateConnection BDA: ff:ff:ff:ff:ff:ff
03-22 02:41:28.464 1206 1534 I EthernetTracker: interfaceLinkStateChanged, iface: vlan2, up: false
03-22 02:41:28.464 1206 1914 I GameModeConfig: isGameModeOn = false
03-22 02:41:28.464 1988 2933 I bt_stack: [INFO:port_api.cc(123)] RFCOMM_CreateConnection BDA: ff:ff:ff:ff:ff:ff
03-22 02:41:28.465 1988 2933 I bt_stack: [INFO:port_api.cc(123)] RFCOMM_CreateConnection BDA: ff:ff:ff:ff:ff:ff
03-22 02:41:28.465 1988 2933 I bt_stack: [INFO:port_api.cc(123)] RFCOMM_CreateConnection BDA: ff:ff:ff:ff:ff:ff
03-22 02:41:28.465 1988 2933 I bt_stack: [INFO:port_api.cc(123)] RFCOMM_CreateConnection BDA: ff:ff:ff:ff:ff:ff
03-22 02:41:28.465 812 2925 I vendor.qti.bluetooth@1.0-ibs_handler: ProcessIbsCmd: Received IBS_WAKE_IND: 0xFD
03-22 02:41:28.465 812 2925 I vendor.qti.bluetooth@1.0-ibs_handler: ProcessIbsCmd: Writing IBS_WAKE_ACK
03-22 02:41:28.465 1206 1914 I GameModeConfig: isGameModeOn = false
03-22 02:41:28.465 1206 1914 I GameModeConfig: isGameModeOn = false
03-22 02:41:28.465 1206 1914 I GameModeConfig: isGameModeOn = false
03-22 02:41:28.466 1988 1988 D HeadsetService: setHeadsetService(): set to: com.android.bluetooth.hfp.HeadsetService@3157a51
03-22 02:41:28.466 1988 2113 D bt_btif : btif_hf_upstreams_evt: event=BTA_AG_REGISTER_EVT
03-22 02:41:28.466 1988 2113 D bt_btif : btif_hf_upstreams_evt: event=BTA_AG_REGISTER_EVT
03-22 02:41:28.466 1988 2113 D bt_btif : btif_hf_upstreams_evt: event=BTA_AG_REGISTER_EVT
03-22 02:41:28.466 1988 2113 D bt_btif : btif_hf_upstreams_evt: event=BTA_AG_REGISTER_EVT
03-22 02:41:28.466 1988 2113 D bt_btif : btif_hf_upstreams_evt: event=BTA_AG_REGISTER_EVT
03-22 02:41:28.466 1988 2113 D bt_btif : btif_hf_upstreams_evt: event=BTA_AG_REGISTER_EVT
03-22 02:41:28.467 1988 1988 I bt_btif : get_profile_interface: id = vendorhfservice
03-22 02:41:28.467 1988 1988 I bt_btif_vendor_hf: init done
03-22 02:41:28.467 1988 1988 I bt_btif_vendor_hf: enable_swb: 1
03-22 02:41:28.467 1988 1988 D HeadsetService: registering audio server state callback
03-22 02:41:28.467 2185 3132 I DPMJ : |SERVICE| DPM_S_RSP_GET_FEATURE_STATUS
03-22 02:41:28.468 1206 3056 D ConnectivityService: requestNetwork for uid/pid:1001/2185 activeRequest: null callbackRequest: 30 [NetworkRequest [ REQUEST id=31, [ Capabilities: INTERNET&NOT_RESTRICTED&TRUSTED&NOT_VCN_MANAGED Uid: 1001 RequestorUid: 1001 RequestorPkg: com.qti.dpmserviceapp] ]] callback flags: 0 priority: 2147483647
03-22 02:41:28.468 1206 1907 D ConnectivityService: NetReassign [no changes]
03-22 02:41:28.469 1988 1988 I HeadsetService: HeadsetService Started
03-22 02:41:28.469 1988 1988 D HeadsetService: profile started successfully
03-22 02:41:28.469 1206 1970 D Ethernet: got request NetworkRequest [ REQUEST id=31, [ Capabilities: INTERNET&NOT_RESTRICTED&TRUSTED&NOT_VCN_MANAGED Uid: 1001 RequestorUid: 1001 RequestorPkg: com.qti.dpmserviceapp] ]
03-22 02:41:28.469 1206 1970 D EthernetNetworkFactory: acceptRequest, request: NetworkRequest [ REQUEST id=31, [ Capabilities: INTERNET&NOT_RESTRICTED&TRUSTED&NOT_VCN_MANAGED Uid: 1001 RequestorUid: 1001 RequestorPkg: com.qti.dpmserviceapp] ]
03-22 02:41:28.469 1206 1970 I EthernetNetworkFactory: networkForRequest, request: NetworkRequest [ REQUEST id=31, [ Capabilities: INTERNET&NOT_RESTRICTED&TRUSTED&NOT_VCN_MANAGED Uid: 1001 RequestorUid: 1001 RequestorPkg: com.qti.dpmserviceapp] ], network: null
03-22 02:41:28.469 1988 1988 I A2dpService: create()
03-22 02:41:28.470 1988 1988 D A2dpService: Received start request. Starting profile...
03-22 02:41:28.470 1206 1206 D BluetoothA2dp: Proxy object connected
03-22 02:41:28.470 1206 1206 I AS.BtHelper: In onServiceConnected(), profile: 2, proxy: android.bluetooth.BluetoothA2dp@ecf362a
03-22 02:41:28.470 1206 1206 D BluetoothA2dp: Proxy object connected
03-22 02:41:28.470 1206 1206 D BluetoothA2dp: Proxy object connected
03-22 02:41:28.470 3130 3130 I ThermalEngine: devices_manager_init: Init
03-22 02:41:28.470 1206 2803 D CompatibilityInfo: mCompatibilityFlags - 4
03-22 02:41:28.470 3130 3130 I ThermalEngine: Number of gpus :1
03-22 02:41:28.470 1206 2803 D CompatibilityInfo: applicationDensity - 240
03-22 02:41:28.471 1206 2803 D CompatibilityInfo: applicationScale - 1.0
03-22 02:41:28.471 3130 3130 I ThermalEngine: Number of cpus :8
03-22 02:41:28.471 3130 3130 I ThermalEngine: update_cpu_topology: Cluster info node not found/sys/module/msm_thermal/cluster_info
03-22 02:41:28.471 3130 3130 E ThermalEngine: tmd_add_cpufreq_dev_data: Invalid or no boost freqs
03-22 02:41:28.471 1988 1988 I A2dpService: start()
03-22 02:41:28.471 1988 1988 I BluetoothA2dpServiceJni: classInitNative: succeeds
03-22 02:41:28.471 1988 1988 I A2dpService: Max connected audio devices set to 5
03-22 02:41:28.471 1988 1988 I A2dpService: mMaxConnectedAudioDevices: 5
03-22 02:41:28.471 1988 1988 D A2dpService: Default TwsPlus ChannelMode: dual-mono
03-22 02:41:28.471 1988 1988 I BluetoothAvrcpServiceJni: classInitNative: succeeds
03-22 02:41:28.471 2817 2817 D SysHelperService: Service started flags 0 startId 1
03-22 02:41:28.471 1988 1988 V Avrcp_ext: make
01-01 08:00:15.126 0 0 I binder : 2817:3139 ioctl 40046210 7b6b03f604 returned -22
03-22 02:41:28.471 1988 1988 V Avrcp_ext: mAvrcp = null
03-22 02:41:28.472 3130 3130 E ThermalEngine: tmd_add_cpufreq_dev_data: Invalid or no boost freqs
03-22 02:41:28.472 2817 3139 D hw-ProcessState: Binder ioctl to enable oneway spam detection failed: Invalid argument
03-22 02:41:28.472 1988 1988 V Avrcp_ext: Avrcp
03-22 02:41:28.472 2817 3139 D mhelper_servic: SystemEvent interface registering.
03-22 02:41:28.472 1988 1988 I bt_btif : get_profile_interface: id = avrcp
03-22 02:41:28.472 3130 3130 E ThermalEngine: tmd_add_cpufreq_dev_data: Invalid or no boost freqs
03-22 02:41:28.473 1206 3056 D CompatibilityChangeReporter: Compat change id reported: 135634846; UID 1000; state: DISABLED
03-22 02:41:28.473 1206 3056 D CompatibilityChangeReporter: Compat change id reported: 177438394; UID 1000; state: DISABLED
03-22 02:41:28.473 1206 3056 D CompatibilityChangeReporter: Compat change id reported: 135772972; UID 1000; state: DISABLED
03-22 02:41:28.473 1206 3056 D CompatibilityChangeReporter: Compat change id reported: 135754954; UID 1000; state: ENABLED
03-22 02:41:28.473 2817 3139 I HidlServiceManagement: Registered vendor.qti.hardware.systemhelper@1.0::ISystemEvent/default
03-22 02:41:28.473 3130 3130 I ThermalEngine: tmd_init_cluster_devs: No clusters found
03-22 02:41:28.473 2817 3139 D mhelper_servic: SystemResource interface registering.
03-22 02:41:28.473 3130 3130 E ThermalEngine: devices_init: Init NPU TMD failed 5
03-22 02:41:28.474 2817 3139 I HidlServiceManagement: Registered vendor.qti.hardware.systemhelper@1.0::ISystemResource/default
03-22 02:41:28.474 2817 3139 D mhelper_servic: Successfully registered for both SystemEvent and SystemResource 1.0 interfaces
03-22 02:41:28.474 3130 3130 I ThermalEngine: vdd_rstr_init: Could not read /sys/module/msm_thermal/vdd_restriction/enabled
03-22 02:41:28.475 3130 3130 E ThermalEngine: Error reading /sys/class/leds/lcd-backlight/max_brightness
03-22 02:41:28.475 3130 3130 E ThermalEngine: open/sys/class/power_supply/battery/system_temp_level failed2
03-22 02:41:28.475 3130 3130 E ThermalEngine: Unable to init battery charging mitigation to 0
03-22 02:41:28.476 3130 3130 I ThermalEngine: sensors_manager_init: Init
03-22 02:41:28.476 3130 3143 E ThermalEngine: socket creation success
03-22 02:41:28.478 666 666 D Zygote : Forked child process 3152
03-22 02:41:28.478 1206 1554 I ActivityManager: Start proc 3152:com.qti.diagservices/1000 for broadcast {com.qti.diagservices/com.qti.diagservices.Diag_OnBoot}
03-22 02:41:28.480 1988 1988 V Avrcp_ext: start
03-22 02:41:28.480 1206 1914 I GameModeConfig: isGameModeOn = false
03-22 02:41:28.480 1206 1914 I GameModeConfig: isGameModeOn = false
03-22 02:41:28.480 3130 3137 I ThermalEngine: ADSP thermal mitigation available.
03-22 02:41:28.480 1206 1914 I GameModeConfig: isGameModeOn = false
03-22 02:41:28.481 3130 3137 I ThermalEngine: Mitigation:vdd_restriction[ADSP]:0 pending QMI request succeded
03-22 02:41:28.481 1206 2803 D MediaSessionService: The MediaKeyEventSessionChangedListener (android.os.BinderProxy@882c92c) is added by com.android.bluetooth
03-22 02:41:28.481 1988 1988 D BluetoothVendorService: getProfileInfo profile_id: 1
03-22 02:41:28.481 1988 1988 I BluetoothVendorJni: getProfileInfoNative
03-22 02:41:28.481 1988 1988 I bt_btif_vendor: get_profile_info :1
03-22 02:41:28.481 1988 1988 W bt_device_profile: profile_feature_fetch:profile 1
03-22 02:41:28.481 1988 1988 W bt_device_profile: profile_feature_fetch:AVRCP_0103_SUPPORT found 0
03-22 02:41:28.481 1988 1988 D BluetoothVendorService: getProfileInfo profile_id: 1
03-22 02:41:28.481 1988 1988 I BluetoothVendorJni: getProfileInfoNative
03-22 02:41:28.481 1988 1988 I bt_btif_vendor: get_profile_info :1
03-22 02:41:28.481 1988 1988 W bt_device_profile: profile_feature_fetch:profile 1
03-22 02:41:28.481 1988 1988 W bt_device_profile: profile_feature_fetch:AVRCP_COVERART_SUPPORT found 1
03-22 02:41:28.481 1988 1988 D Avrcp_ext: isCoverArtSupported: true
03-22 02:41:28.482 1988 1988 D AdapterProperties: getWhitelistedMediaPlayers: numWhitelistedPlayers = 2
03-22 02:41:28.482 1988 1988 D AdapterProperties: players :com.google.android.apps.youtube.music
03-22 02:41:28.482 1988 1988 D AdapterProperties: players :com.gaana
03-22 02:41:28.482 1988 1988 W Avrcp_ext: List of Players in WhiteListDB Conf file are: [com.google.android.apps.youtube.music, com.gaana]
03-22 02:41:28.482 1988 1988 D Avrcp_ext: avrcpVersion avrcp16 isCoverArtEnabled true
03-22 02:41:28.482 1988 1988 D AvrcpBipRsp: mMaxBipDevices :5
03-22 02:41:28.482 1988 1988 D Avrcp_ext: Starting AVRCP BIP Responder Service
03-22 02:41:28.482 1988 1988 D Avrcp_ext: Starting AVRCP AvrcpPlayerAppSetting Service
03-22 02:41:28.483 1988 1988 V AvrcpPlayerAppSettings: Start
03-22 02:41:28.483 1988 1988 D Avrcp_ext: initMediaPlayerInfoList: 0 controllers
03-22 02:41:28.483 1988 1988 V Avrcp_ext: updateCurrentMediaState: mMediaController: null
03-22 02:41:28.483 1988 1988 W Avrcp_ext: isMusicActive: false getBluetoothPlayState: 0 A2dp State: 11 mAudioPlaybackIsActive: false
03-22 02:41:28.483 1988 1988 W Avrcp_ext: updateCurrentMediaState: isPlaying = false
03-22 02:41:28.483 1988 1988 V Avrcp_ext: Media update: id -1鉃?1? [MediaAttributes: none] : [MediaAttributes: none]
03-22 02:41:28.484 1988 1988 D Avrcp_ext: isPackageNameValid: browsedPackage = isValid = false
03-22 02:41:28.484 1988 1988 V Avrcp_ext: updatePlaybackState, state: PlaybackState {state=2, position=-1, buffered position=0, speed=0.0, updated=12377, actions=0, custom actions=[], active item id=-1, error=null} device: null
03-22 02:41:28.484 1988 1988 V Avrcp_ext: Device: no name:
03-22 02:41:28.484 1988 1988 V Avrcp_ext: Device: no name:
03-22 02:41:28.484 1988 1988 V Avrcp_ext: Device: no name:
03-22 02:41:28.484 1988 1988 V Avrcp_ext: Device: no name:
03-22 02:41:28.484 1988 1988 V Avrcp_ext: Device: no name:
03-22 02:41:28.484 1988 1988 V Avrcp_ext: updatePlayerStateAndPosition, old=PlaybackState {state=0, position=-1, buffered position=0, speed=0.0, updated=12365, actions=0, custom actions=[], active item id=-1, error=null}, state=PlaybackState {state=2, position=-1, buffered position=0, speed=0.0, updated=12377, actions=0, custom actions=[], active item id=-1, error=null}
03-22 02:41:28.484 1988 1988 V Avrcp_ext: old state = PlaybackState {state=0, position=-1, buffered position=0, speed=0.0, updated=12365, actions=0, custom actions=[], active item id=-1, error=null}, new state= PlaybackState {state=2, position=-1, buffered position=0, speed=0.0, updated=12377, actions=0, custom actions=[], active item id=-1, error=null}
03-22 02:41:28.484 1351 1463 D LOWI-9.0.0.87.a: [LOWINetlinkSocketReceiver] unpackRTMLinkMessage: RTM_NEWLINK - ifname vlan2, flags 0x1003 ([UP])
03-22 02:41:28.484 1988 1988 D HeadsetService: getHeadsetService(): returning com.android.bluetooth.hfp.HeadsetService@3157a51
03-22 02:41:28.484 1988 1988 D HeadsetService: isAudioOn: The number of audio connected devices 0
03-22 02:41:28.484 1988 1988 D HeadsetService: isScoOrCallActive(): Call Active:falseCall is Ringing:falseSCO is Active:false
03-22 02:41:28.484 1988 1988 D HeadsetService: isAudioOn: The number of audio connected devices 0
03-22 02:41:28.484 1988 1988 I Avrcp_ext: updatePlayStatusForDevice: device: null
03-22 02:41:28.484 1988 1988 V Avrcp_ext: updatePlaybackState (1): old=PlaybackState {state=0, position=-1, buffered position=0, speed=0.0, updated=12365, actions=0, custom actions=[], active item id=-1, error=null}(0), new=PlaybackState {state=2, position=-1, buffered position=0, speed=0.0, updated=12377, actions=0, custom actions=[], active item id=-1, error=null}(2)
03-22 02:41:28.484 1988 1988 I Avrcp_ext: Exit updatePlayStatusForDevice
03-22 02:41:28.484 1988 1988 D HeadsetService: isAudioOn: The number of audio connected devices 0
03-22 02:41:28.484 1988 1988 D HeadsetService: isScoOrCallActive(): Call Active:falseCall is Ringing:falseSCO is Active:false
03-22 02:41:28.484 1988 1988 D HeadsetService: isAudioOn: The number of audio connected devices 0
03-22 02:41:28.484 1988 1988 I Avrcp_ext: updatePlayStatusForDevice: device: null
03-22 02:41:28.484 1988 1988 V Avrcp_ext: updatePlaybackState (1): old=PlaybackState {state=0, position=-1, buffered position=0, speed=0.0, updated=12365, actions=0, custom actions=[], active item id=-1, error=null}(0), new=PlaybackState {state=2, position=-1, buffered position=0, speed=0.0, updated=12377, actions=0, custom actions=[], active item id=-1, error=null}(2)
03-22 02:41:28.484 1988 1988 I Avrcp_ext: Exit updatePlayStatusForDevice
03-22 02:41:28.484 1988 1988 D HeadsetService: isAudioOn: The number of audio connected devices 0
03-22 02:41:28.484 1988 1988 D HeadsetService: isScoOrCallActive(): Call Active:falseCall is Ringing:falseSCO is Active:false
03-22 02:41:28.484 1988 1988 D HeadsetService: isAudioOn: The number of audio connected devices 0
03-22 02:41:28.484 1988 1988 I Avrcp_ext: updatePlayStatusForDevice: device: null
03-22 02:41:28.484 1988 1988 V Avrcp_ext: updatePlaybackState (1): old=PlaybackState {state=0, position=-1, buffered position=0, speed=0.0, updated=12365, actions=0, custom actions=[], active item id=-1, error=null}(0), new=PlaybackState {state=2, position=-1, buffered position=0, speed=0.0, updated=12377, actions=0, custom actions=[], active item id=-1, error=null}(2)
03-22 02:41:28.484 1988 1988 I Avrcp_ext: Exit updatePlayStatusForDevice
03-22 02:41:28.484 1988 1988 D HeadsetService: isAudioOn: The number of audio connected devices 0
03-22 02:41:28.484 1988 1988 D HeadsetService: isScoOrCallActive(): Call Active:falseCall is Ringing:falseSCO is Active:false
03-22 02:41:28.484 1988 1988 D HeadsetService: isAudioOn: The number of audio connected devices 0
03-22 02:41:28.484 1988 1988 I Avrcp_ext: updatePlayStatusForDevice: device: null
03-22 02:41:28.484 1988 1988 V Avrcp_ext: updatePlaybackState (1): old=PlaybackState {state=0, position=-1, buffered position=0, speed=0.0, updated=12365, actions=0, custom actions=[], active item id=-1, error=null}(0), new=PlaybackState {state=2, position=-1, buffered position=0, speed=0.0, updated=12377, actions=0, custom actions=[], active item id=-1, error=null}(2)
03-22 02:41:28.484 1988 1988 I Avrcp_ext: Exit updatePlayStatusForDevice
03-22 02:41:28.484 1988 1988 D HeadsetService: isAudioOn: The number of audio connected devices 0
03-22 02:41:28.484 1988 1988 D HeadsetService: isScoOrCallActive(): Call Active:falseCall is Ringing:falseSCO is Active:false
03-22 02:41:28.484 1988 1988 D HeadsetService: isAudioOn: The number of audio connected devices 0
03-22 02:41:28.484 1988 1988 I Avrcp_ext: updatePlayStatusForDevice: device: null
03-22 02:41:28.484 1988 1988 V Avrcp_ext: updatePlaybackState (1): old=PlaybackState {state=0, position=-1, buffered position=0, speed=0.0, updated=12365, actions=0, custom actions=[], active item id=-1, error=null}(0), new=PlaybackState {state=2, position=-1, buffered position=0, speed=0.0, updated=12377, actions=0, custom actions=[], active item id=-1, error=null}(2)
03-22 02:41:28.484 1988 1988 I Avrcp_ext: Exit updatePlayStatusForDevice
03-22 02:41:28.484 1988 1988 D Avrcp_ext: Enter sendPlayPosNotificationRsp
03-22 02:41:28.484 1988 1988 D Avrcp_ext: sendPlayPosNotificationRsp: Not registered or requesting.
03-22 02:41:28.484 1988 1988 D Avrcp_ext: Enter sendPlayPosNotificationRsp
03-22 02:41:28.484 1988 1988 D Avrcp_ext: sendPlayPosNotificationRsp: Not registered or requesting.
03-22 02:41:28.484 1988 1988 D Avrcp_ext: Enter sendPlayPosNotificationRsp
03-22 02:41:28.484 1988 1988 D Avrcp_ext: sendPlayPosNotificationRsp: Not registered or requesting.
03-22 02:41:28.484 1988 1988 D Avrcp_ext: Enter sendPlayPosNotificationRsp
03-22 02:41:28.484 1988 1988 D Avrcp_ext: sendPlayPosNotificationRsp: Not registered or requesting.
03-22 02:41:28.484 1988 1988 D Avrcp_ext: Enter sendPlayPosNotificationRsp
03-22 02:41:28.484 1988 1988 D Avrcp_ext: sendPlayPosNotificationRsp: Not registered or requesting.
03-22 02:41:28.484 1988 1988 V Avrcp_ext: Exit updatePlayerStateAndPosition
03-22 02:41:28.485 1988 1988 D Avrcp_ext: User already unlocked, initializing player lists
03-22 02:41:28.485 1988 1988 D Avrcp_ext: buildBrowsablePlayerList
03-22 02:41:28.485 1206 1534 I EthernetTracker: interfaceLinkStateChanged, iface: vlan2, up: false
03-22 02:41:28.485 1988 1988 V Avrcp_ext: getMediaPlayerInfo: Media players list empty
03-22 02:41:28.485 1988 1988 V Avrcp_ext: isBrowseSupported for com.android.bluetooth: false
03-22 02:41:28.485 1988 1988 D Avrcp_ext: Adding media player info for com.android.bluetooth with id 1
03-22 02:41:28.486 1988 1988 D Avrcp_ext: add #1:MediaPlayerInfo com.android.bluetooth (as '钃濈墮') Type = 1, SubType = 0, Status = 0 Feature Bits [40 41 42 44 45 47 48 58] Controller: null
03-22 02:41:28.486 1988 1988 D Avrcp_ext: Added MediaPlayerController/MediaPlayerPackage
03-22 02:41:28.486 1988 1988 W Avrcp_ext: getMediaPlayerInfo: com.microsoft.emmx not found
03-22 02:41:28.486 1988 1988 V Avrcp_ext: isBrowseSupported for com.microsoft.emmx: false
03-22 02:41:28.487 1988 1988 D Avrcp_ext: Adding media player info for com.microsoft.emmx with id 2
03-22 02:41:28.487 1988 1988 D Avrcp_ext: add #2:MediaPlayerInfo com.microsoft.emmx (as 'Edge') Type = 1, SubType = 0, Status = 0 Feature Bits [40 41 42 44 45 47 48 58] Controller: null
03-22 02:41:28.487 1988 1988 D Avrcp_ext: Added MediaPlayerController/MediaPlayerPackage
03-22 02:41:28.488 1988 1988 V Avrcp_ext: updateCurrentMediaState: mMediaController: null
01-01 08:00:15.145 0 0 I binder : 3152:3152 ioctl 40046210 7fe6919f64 returned -22
03-22 02:41:28.488 1988 1988 W Avrcp_ext: isMusicActive: false getBluetoothPlayState: 2 A2dp State: 11 mAudioPlaybackIsActive: false
03-22 02:41:28.488 1988 1988 W Avrcp_ext: updateCurrentMediaState: isPlaying = false
03-22 02:41:28.488 1988 1988 V Avrcp_ext: Media update: id -1鉃?1? [MediaAttributes: none] : [MediaAttributes: none]
03-22 02:41:28.488 1988 1988 D Avrcp_ext: isPackageNameValid: browsedPackage = isValid = false
03-22 02:41:28.488 1988 1988 V Avrcp_ext: updatePlaybackState, state: PlaybackState {state=2, position=-1, buffered position=0, speed=0.0, updated=12381, actions=0, custom actions=[], active item id=-1, error=null} device: null
03-22 02:41:28.488 1988 1988 V Avrcp_ext: Device: no name:
03-22 02:41:28.488 1988 1988 V Avrcp_ext: Device: no name:
03-22 02:41:28.488 1988 1988 V Avrcp_ext: Device: no name:
03-22 02:41:28.488 1988 1988 V Avrcp_ext: Device: no name:
03-22 02:41:28.488 1988 1988 V Avrcp_ext: Device: no name:
03-22 02:41:28.488 1988 1988 V Avrcp_ext: updatePlayerStateAndPosition, old=PlaybackState {state=2, position=-1, buffered position=0, speed=0.0, updated=12377, actions=0, custom actions=[], active item id=-1, error=null}, state=PlaybackState {state=2, position=-1, buffered position=0, speed=0.0, updated=12381, actions=0, custom actions=[], active item id=-1, error=null}
03-22 02:41:28.488 1988 1988 V Avrcp_ext: old state = PlaybackState {state=2, position=-1, buffered position=0, speed=0.0, updated=12377, actions=0, custom actions=[], active item id=-1, error=null}, new state= PlaybackState {state=2, position=-1, buffered position=0, speed=0.0, updated=12381, actions=0, custom actions=[], active item id=-1, error=null}
03-22 02:41:28.488 1988 1988 D HeadsetService: getHeadsetService(): returning com.android.bluetooth.hfp.HeadsetService@3157a51
03-22 02:41:28.488 1988 1988 D HeadsetService: isAudioOn: The number of audio connected devices 0
03-22 02:41:28.488 1988 1988 D HeadsetService: isScoOrCallActive(): Call Active:falseCall is Ringing:falseSCO is Active:false
03-22 02:41:28.488 1988 1988 D HeadsetService: isAudioOn: The number of audio connected devices 0
03-22 02:41:28.488 1988 1988 I Avrcp_ext: updatePlayStatusForDevice: device: null
03-22 02:41:28.488 1988 1988 V Avrcp_ext: updatePlaybackState (1): old=PlaybackState {state=2, position=-1, buffered position=0, speed=0.0, updated=12377, actions=0, custom actions=[], active item id=-1, error=null}(2), new=PlaybackState {state=2, position=-1, buffered position=0, speed=0.0, updated=12381, actions=0, custom actions=[], active item id=-1, error=null}(2)
03-22 02:41:28.488 1988 1988 I Avrcp_ext: Exit updatePlayStatusForDevice
03-22 02:41:28.488 1988 1988 D HeadsetService: isAudioOn: The number of audio connected devices 0
03-22 02:41:28.488 1988 1988 D HeadsetService: isScoOrCallActive(): Call Active:falseCall is Ringing:falseSCO is Active:false
03-22 02:41:28.488 1988 1988 D HeadsetService: isAudioOn: The number of audio connected devices 0
03-22 02:41:28.488 1988 1988 I Avrcp_ext: updatePlayStatusForDevice: device: null
03-22 02:41:28.488 1988 1988 V Avrcp_ext: updatePlaybackState (1): old=PlaybackState {state=2, position=-1, buffered position=0, speed=0.0, updated=12377, actions=0, custom actions=[], active item id=-1, error=null}(2), new=PlaybackState {state=2, position=-1, buffered position=0, speed=0.0, updated=12381, actions=0, custom actions=[], active item id=-1, error=null}(2)
03-22 02:41:28.488 1988 1988 I Avrcp_ext: Exit updatePlayStatusForDevice
03-22 02:41:28.488 1988 1988 D HeadsetService: isAudioOn: The number of audio connected devices 0
03-22 02:41:28.488 1988 1988 D HeadsetService: isScoOrCallActive(): Call Active:falseCall is Ringing:falseSCO is Active:false
03-22 02:41:28.488 1988 1988 D HeadsetService: isAudioOn: The number of audio connected devices 0
03-22 02:41:28.488 1988 1988 I Avrcp_ext: updatePlayStatusForDevice: device: null
03-22 02:41:28.488 1988 1988 V Avrcp_ext: updatePlaybackState (1): old=PlaybackState {state=2, position=-1, buffered position=0, speed=0.0, updated=12377, actions=0, custom actions=[], active item id=-1, error=null}(2), new=PlaybackState {state=2, position=-1, buffered position=0, speed=0.0, updated=12381, actions=0, custom actions=[], active item id=-1, error=null}(2)
03-22 02:41:28.488 1988 1988 I Avrcp_ext: Exit updatePlayStatusForDevice
03-22 02:41:28.488 1988 1988 D HeadsetService: isAudioOn: The number of audio connected devices 0
03-22 02:41:28.488 1988 1988 D HeadsetService: isScoOrCallActive(): Call Active:falseCall is Ringing:falseSCO is Active:false
03-22 02:41:28.488 1988 1988 D HeadsetService: isAudioOn: The number of audio connected devices 0
03-22 02:41:28.488 1988 1988 I Avrcp_ext: updatePlayStatusForDevice: device: null
03-22 02:41:28.488 1988 1988 V Avrcp_ext: updatePlaybackState (1): old=PlaybackState {state=2, position=-1, buffered position=0, speed=0.0, updated=12377, actions=0, custom actions=[], active item id=-1, error=null}(2), new=PlaybackState {state=2, position=-1, buffered position=0, speed=0.0, updated=12381, actions=0, custom actions=[], active item id=-1, error=null}(2)
03-22 02:41:28.488 1988 1988 I Avrcp_ext: Exit updatePlayStatusForDevice
03-22 02:41:28.488 1988 1988 D HeadsetService: isAudioOn: The number of audio connected devices 0
03-22 02:41:28.488 1988 1988 D HeadsetService: isScoOrCallActive(): Call Active:falseCall is Ringing:falseSCO is Active:false
03-22 02:41:28.488 1988 1988 D HeadsetService: isAudioOn: The number of audio connected devices 0
03-22 02:41:28.488 1988 1988 I Avrcp_ext: updatePlayStatusForDevice: device: null
03-22 02:41:28.488 1988 1988 V Avrcp_ext: updatePlaybackState (1): old=PlaybackState {state=2, position=-1, buffered position=0, speed=0.0, updated=12377, actions=0, custom actions=[], active item id=-1, error=null}(2), new=PlaybackState {state=2, position=-1, buffered position=0, speed=0.0, updated=12381, actions=0, custom actions=[], active item id=-1, error=null}(2)
03-22 02:41:28.488 1988 1988 I Avrcp_ext: Exit updatePlayStatusForDevice
03-22 02:41:28.488 1988 1988 D Avrcp_ext: Enter sendPlayPosNotificationRsp
03-22 02:41:28.488 1988 1988 D Avrcp_ext: sendPlayPosNotificationRsp: Not registered or requesting.
03-22 02:41:28.488 1988 1988 D Avrcp_ext: Enter sendPlayPosNotificationRsp
03-22 02:41:28.488 1988 1988 D Avrcp_ext: sendPlayPosNotificationRsp: Not registered or requesting.
03-22 02:41:28.488 1988 1988 D Avrcp_ext: Enter sendPlayPosNotificationRsp
03-22 02:41:28.488 1988 1988 D Avrcp_ext: sendPlayPosNotificationRsp: Not registered or requesting.
03-22 02:41:28.488 1988 1988 D Avrcp_ext: Enter sendPlayPosNotificationRsp
03-22 02:41:28.488 1988 1988 D Avrcp_ext: sendPlayPosNotificationRsp: Not registered or requesting.
03-22 02:41:28.488 1988 1988 D Avrcp_ext: Enter sendPlayPosNotificationRsp
03-22 02:41:28.488 1988 1988 D Avrcp_ext: sendPlayPosNotificationRsp: Not registered or requesting.
03-22 02:41:28.488 1988 1988 V Avrcp_ext: Exit updatePlayerStateAndPosition
03-22 02:41:28.489 3152 3152 E ti.diagservice: Not starting debugger since process cannot load the jdwp agent.
03-22 02:41:28.491 3152 3152 D ProcessState: Binder ioctl to enable oneway spam detection failed: Invalid argument
03-22 02:41:28.495 1206 3056 D CompatibilityInfo: mCompatibilityFlags - 4
03-22 02:41:28.495 1206 3056 D CompatibilityInfo: applicationDensity - 240
03-22 02:41:28.495 1206 3056 D CompatibilityInfo: applicationScale - 1.0
03-22 02:41:28.497 1351 1463 D LOWI-9.0.0.87.a: [LOWINetlinkSocketReceiver] unpackRTMLinkMessage: RTM_NEWLINK - ifname vlan2, flags 0x1003 ([UP])
03-22 02:41:28.498 1206 1534 I EthernetTracker: interfaceLinkStateChanged, iface: vlan2, up: false
03-22 02:41:28.498 1206 3056 D CompatibilityInfo: mCompatibilityFlags - 4
03-22 02:41:28.498 1206 3056 D CompatibilityInfo: applicationDensity - 240
03-22 02:41:28.498 1206 3056 D CompatibilityInfo: applicationScale - 1.0
03-22 02:41:28.501 1988 1988 V Avrcp_ext: Exit start
03-22 02:41:28.501 1988 1988 V Avrcp_ext: Exit make
03-22 02:41:28.501 1988 1988 W A2dpCodecConfig: Disable Aptx Adaptive. Entry not present in offload property
03-22 02:41:28.501 1988 1988 I A2dpCodecConfig: Aptx Adaptive priority: -1
03-22 02:41:28.501 1988 1988 I bt_btif : get_profile_interface: id = a2dp
03-22 02:41:28.501 1988 1988 I btif_av : isBATEnabled: 0
03-22 02:41:28.501 1988 1988 E bt_btif : bta_av_co_get_active_peer: peer index out of bounds: 5
03-22 02:41:28.501 1988 1988 E bt_btif : btif_av_is_split_a2dp_enabled: No active peer codec config found, by default splitmode
03-22 02:41:28.501 1988 3210 I bt_osi_thread: run_thread: thread id 3210, thread name media_worker started
03-22 02:41:28.502 1988 1988 I btif_av : isBATEnabled: 0
03-22 02:41:28.502 1988 1988 E bt_btif : bta_av_co_get_active_peer: peer index out of bounds: 5
03-22 02:41:28.502 1988 1988 E bt_btif : btif_av_is_split_a2dp_enabled: No active peer codec config found, by default splitmode
03-22 02:41:28.502 1988 1988 I a2dp_codec: A2dp_SetOffloadStatus:status = 1
03-22 02:41:28.502 1988 1988 D a2dp_codec: init
03-22 02:41:28.502 1988 1988 D a2dp_codec: createCodec: codec SBC
03-22 02:41:28.502 1988 1988 D a2dp_codec: setCodecPriority: codec_priority_: 1001
03-22 02:41:28.502 1988 1988 D a2dp_codec: A2dpCodecConfig: init all codec caps info
03-22 02:41:28.502 1988 1988 D a2dp_sbc: A2dpCodecConfigSbc
03-22 02:41:28.502 1988 1988 D a2dp_sbc: init: SBC enabled in HW mode
03-22 02:41:28.502 1988 1988 I a2dp_codec: init: updated SBC codec priority to 1001
03-22 02:41:28.502 1988 1988 D a2dp_codec: createCodec: codec AAC
03-22 02:41:28.502 1988 1988 D a2dp_codec: setCodecPriority: codec_priority_: 2001
03-22 02:41:28.502 1988 1988 D a2dp_codec: A2dpCodecConfig: init all codec caps info
03-22 02:41:28.502 1988 1988 D a2dp_aac: A2dpCodecConfigAac: AAC VBR is enabled for this target
03-22 02:41:28.502 1988 1988 D a2dp_aac: init: AAC enabled in HW mode
03-22 02:41:28.502 1988 1988 I a2dp_codec: init: updated AAC codec priority to 2001
03-22 02:41:28.502 1988 1988 D a2dp_codec: createCodec: codec aptX
03-22 02:41:28.502 1988 1988 D a2dp_codec: setCodecPriority: codec_priority_: -1
03-22 02:41:28.502 1988 1988 D a2dp_codec: A2dpCodecConfig: init all codec caps info
03-22 02:41:28.502 1988 1988 D a2dp_vendor_aptx: init: APTX enabled in HW mode
03-22 02:41:28.502 1988 1988 I a2dp_codec: init: updated aptX codec priority to -1
03-22 02:41:28.502 1988 1988 D a2dp_codec: createCodec: codec aptX-HD
03-22 02:41:28.502 1988 1988 D a2dp_codec: setCodecPriority: codec_priority_: -1
03-22 02:41:28.502 1988 1988 D a2dp_codec: A2dpCodecConfig: init all codec caps info
03-22 02:41:28.502 1988 1988 D a2dp_vendor_aptx_hd: init: APTX-HD enabled in HW mode
03-22 02:41:28.502 1988 1988 I a2dp_codec: init: updated aptX-HD codec priority to -1
03-22 02:41:28.502 1988 1988 D a2dp_codec: createCodec: codec LDAC
03-22 02:41:28.502 1988 1988 D a2dp_codec: setCodecPriority: codec_priority_: -1
03-22 02:41:28.502 1988 1988 D a2dp_codec: A2dpCodecConfig: init all codec caps info
03-22 02:41:28.502 1988 1988 D a2dp_vendor_ldac: init: LDAC enabled in HW mode
03-22 02:41:28.502 1988 1988 I a2dp_codec: init: updated LDAC codec priority to -1
03-22 02:41:28.502 1988 1988 D a2dp_codec: createCodec: codec aptX-adaptive
03-22 02:41:28.502 1988 1988 D a2dp_codec: setCodecPriority: codec_priority_: -1
03-22 02:41:28.502 1988 1988 D a2dp_codec: A2dpCodecConfig: init all codec caps info
03-22 02:41:28.502 1988 1988 I a2dp_vendor_aptx_adaptive: A2dpCodecConfigAptxAdaptive: Using Aptx Adaptive R1 config
03-22 02:41:28.502 1988 1988 D a2dp_vendor_aptx_adaptive: init: APTX-Adaptive enabled in HW mode
03-22 02:41:28.502 1988 1988 I a2dp_codec: init: updated aptX-adaptive codec priority to -1
03-22 02:41:28.502 1988 1988 D a2dp_codec: createCodec: codec aptX-TWS
03-22 02:41:28.502 1988 1988 D a2dp_codec: setCodecPriority: codec_priority_: -1
03-22 02:41:28.502 1988 1988 D a2dp_codec: A2dpCodecConfig: init all codec caps info
03-22 02:41:28.502 1988 1988 E a2dp_vendor_aptx_tws: init: APTX-Tws enabled in HW mode
03-22 02:41:28.502 1988 1988 I a2dp_codec: init: updated aptX-TWS codec priority to -1
03-22 02:41:28.502 1988 1988 D a2dp_codec: createCodec: codec SBC SINK
03-22 02:41:28.502 1988 1988 D a2dp_codec: setDefaultCodecPriority: default_codec_priority_: 0
03-22 02:41:28.502 1988 1988 D a2dp_codec: setDefaultCodecPriority: Compute the default codec priority
03-22 02:41:28.502 1988 1988 D a2dp_codec: setDefaultCodecPriority: codec_priority_: 8001
03-22 02:41:28.502 1988 1988 D a2dp_codec: setCodecPriority: codec_priority_: 8001
03-22 02:41:28.502 1988 1988 D a2dp_codec: A2dpCodecConfig: init all codec caps info
03-22 02:41:28.502 1988 1988 D a2dp_codec: createCodec: codec UNKNOWN CODEC INDEX
03-22 02:41:28.502 1988 1988 D a2dp_codec: createCodec: codec UNKNOWN CODEC INDEX
03-22 02:41:28.502 1988 1988 I a2dp_codec: init: initialized Source codec AAC
03-22 02:41:28.502 1988 1988 I a2dp_codec: init: initialized Source codec SBC
03-22 02:41:28.502 1988 1988 I a2dp_codec: init: initialized Sink codec SBC(Sink)
03-22 02:41:28.502 1988 1988 D a2dp_codec: init
03-22 02:41:28.502 1988 1988 D a2dp_codec: createCodec: codec SBC
03-22 02:41:28.502 1988 1988 D a2dp_codec: setCodecPriority: codec_priority_: 1001
03-22 02:41:28.502 1988 1988 D a2dp_codec: A2dpCodecConfig: init all codec caps info
03-22 02:41:28.502 1988 1988 D a2dp_sbc: A2dpCodecConfigSbc
03-22 02:41:28.502 1988 1988 D a2dp_sbc: init: SBC enabled in HW mode
03-22 02:41:28.502 1988 1988 I a2dp_codec: init: updated SBC codec priority to 1001
03-22 02:41:28.502 1988 1988 D a2dp_codec: createCodec: codec AAC
03-22 02:41:28.502 1988 1988 D a2dp_codec: setCodecPriority: codec_priority_: 2001
03-22 02:41:28.502 1988 1988 D a2dp_codec: A2dpCodecConfig: init all codec caps info
03-22 02:41:28.502 1988 1988 D a2dp_aac: A2dpCodecConfigAac: AAC VBR is enabled for this target
03-22 02:41:28.502 1988 1988 D a2dp_aac: init: AAC enabled in HW mode
03-22 02:41:28.502 1988 1988 I a2dp_codec: init: updated AAC codec priority to 2001
03-22 02:41:28.502 1988 1988 D a2dp_codec: createCodec: codec aptX
03-22 02:41:28.502 1988 1988 D a2dp_codec: setCodecPriority: codec_priority_: -1
03-22 02:41:28.502 1988 1988 D a2dp_codec: A2dpCodecConfig: init all codec caps info
03-22 02:41:28.502 1988 1988 D a2dp_vendor_aptx: init: APTX enabled in HW mode
03-22 02:41:28.502 1988 1988 I a2dp_codec: init: updated aptX codec priority to -1
03-22 02:41:28.502 1988 1988 D a2dp_codec: createCodec: codec aptX-HD
03-22 02:41:28.502 1988 1988 D a2dp_codec: setCodecPriority: codec_priority_: -1
03-22 02:41:28.502 1988 1988 D a2dp_codec: A2dpCodecConfig: init all codec caps info
03-22 02:41:28.502 1988 1988 D a2dp_vendor_aptx_hd: init: APTX-HD enabled in HW mode
03-22 02:41:28.502 1988 1988 I a2dp_codec: init: updated aptX-HD codec priority to -1
03-22 02:41:28.502 1988 1988 D a2dp_codec: createCodec: codec LDAC
03-22 02:41:28.502 1988 1988 D a2dp_codec: setCodecPriority: codec_priority_: -1
03-22 02:41:28.502 1988 1988 D a2dp_codec: A2dpCodecConfig: init all codec caps info
03-22 02:41:28.502 1988 1988 D a2dp_vendor_ldac: init: LDAC enabled in HW mode
03-22 02:41:28.502 1988 1988 I a2dp_codec: init: updated LDAC codec priority to -1
03-22 02:41:28.502 1988 1988 D a2dp_codec: createCodec: codec aptX-adaptive
03-22 02:41:28.502 1988 1988 D a2dp_codec: setCodecPriority: codec_priority_: -1
03-22 02:41:28.502 1988 1988 D a2dp_codec: A2dpCodecConfig: init all codec caps info
03-22 02:41:28.502 1988 1988 I a2dp_vendor_aptx_adaptive: A2dpCodecConfigAptxAdaptive: Using Aptx Adaptive R1 config
03-22 02:41:28.502 1988 1988 D a2dp_vendor_aptx_adaptive: init: APTX-Adaptive enabled in HW mode
03-22 02:41:28.502 1988 1988 I a2dp_codec: init: updated aptX-adaptive codec priority to -1
03-22 02:41:28.502 1988 1988 D a2dp_codec: createCodec: codec aptX-TWS
03-22 02:41:28.502 1988 1988 D a2dp_codec: setCodecPriority: codec_priority_: -1
03-22 02:41:28.502 1988 1988 D a2dp_codec: A2dpCodecConfig: init all codec caps info
03-22 02:41:28.502 1988 1988 E a2dp_vendor_aptx_tws: init: APTX-Tws enabled in HW mode
03-22 02:41:28.502 1988 1988 I a2dp_codec: init: updated aptX-TWS codec priority to -1
03-22 02:41:28.502 1988 1988 D a2dp_codec: createCodec: codec SBC SINK
03-22 02:41:28.502 1988 1988 D a2dp_codec: setDefaultCodecPriority: default_codec_priority_: 0
03-22 02:41:28.502 1988 1988 D a2dp_codec: setDefaultCodecPriority: Compute the default codec priority
03-22 02:41:28.502 1988 1988 D a2dp_codec: setDefaultCodecPriority: codec_priority_: 8001
03-22 02:41:28.502 1988 1988 D a2dp_codec: setCodecPriority: codec_priority_: 8001
03-22 02:41:28.502 1988 1988 D a2dp_codec: A2dpCodecConfig: init all codec caps info
03-22 02:41:28.502 1988 1988 D a2dp_codec: createCodec: codec UNKNOWN CODEC INDEX
03-22 02:41:28.502 1988 1988 D a2dp_codec: createCodec: codec UNKNOWN CODEC INDEX
03-22 02:41:28.502 1988 1988 I a2dp_codec: init: initialized Source codec AAC
03-22 02:41:28.502 1988 1988 I a2dp_codec: init: initialized Source codec SBC
03-22 02:41:28.502 1988 1988 I a2dp_codec: init: initialized Sink codec SBC(Sink)
03-22 02:41:28.502 1988 1988 D a2dp_codec: init
03-22 02:41:28.502 1988 1988 D a2dp_codec: createCodec: codec SBC
03-22 02:41:28.502 1988 1988 D a2dp_codec: setCodecPriority: codec_priority_: 1001
03-22 02:41:28.502 1988 1988 D a2dp_codec: A2dpCodecConfig: init all codec caps info
03-22 02:41:28.502 1988 1988 D a2dp_sbc: A2dpCodecConfigSbc
03-22 02:41:28.502 1988 1988 D a2dp_sbc: init: SBC enabled in HW mode
03-22 02:41:28.502 1988 1988 I a2dp_codec: init: updated SBC codec priority to 1001
03-22 02:41:28.502 1988 1988 D a2dp_codec: createCodec: codec AAC
03-22 02:41:28.502 1988 1988 D a2dp_codec: setCodecPriority: codec_priority_: 2001
03-22 02:41:28.502 1988 1988 D a2dp_codec: A2dpCodecConfig: init all codec caps info
03-22 02:41:28.502 1988 1988 D a2dp_aac: A2dpCodecConfigAac: AAC VBR is enabled for this target
03-22 02:41:28.502 1988 1988 D a2dp_aac: init: AAC enabled in HW mode
03-22 02:41:28.502 1988 1988 I a2dp_codec: init: updated AAC codec priority to 2001
03-22 02:41:28.502 1988 1988 D a2dp_codec: createCodec: codec aptX
03-22 02:41:28.502 1988 1988 D a2dp_codec: setCodecPriority: codec_priority_: -1
03-22 02:41:28.502 1988 1988 D a2dp_codec: A2dpCodecConfig: init all codec caps info
03-22 02:41:28.502 1988 1988 D a2dp_vendor_aptx: init: APTX enabled in HW mode
03-22 02:41:28.502 1988 1988 I a2dp_codec: init: updated aptX codec priority to -1
03-22 02:41:28.502 1988 1988 D a2dp_codec: createCodec: codec aptX-HD
03-22 02:41:28.502 1988 1988 D a2dp_codec: setCodecPriority: codec_priority_: -1
03-22 02:41:28.502 1988 1988 D a2dp_codec: A2dpCodecConfig: init all codec caps info
03-22 02:41:28.502 1988 1988 D a2dp_vendor_aptx_hd: init: APTX-HD enabled in HW mode
03-22 02:41:28.502 1988 1988 I a2dp_codec: init: updated aptX-HD codec priority to -1
03-22 02:41:28.502 1988 1988 D a2dp_codec: createCodec: codec LDAC
03-22 02:41:28.502 1988 1988 D a2dp_codec: setCodecPriority: codec_priority_: -1
03-22 02:41:28.502 1988 1988 D a2dp_codec: A2dpCodecConfig: init all codec caps info
03-22 02:41:28.502 1988 1988 D a2dp_vendor_ldac: init: LDAC enabled in HW mode
03-22 02:41:28.502 1988 1988 I a2dp_codec: init: updated LDAC codec priority to -1
03-22 02:41:28.502 1988 1988 D a2dp_codec: createCodec: codec aptX-adaptive
03-22 02:41:28.502 1988 1988 D a2dp_codec: setCodecPriority: codec_priority_: -1
03-22 02:41:28.502 1988 1988 D a2dp_codec: A2dpCodecConfig: init all codec caps info
03-22 02:41:28.502 1988 1988 I a2dp_vendor_aptx_adaptive: A2dpCodecConfigAptxAdaptive: Using Aptx Adaptive R1 config
03-22 02:41:28.502 1988 1988 D a2dp_vendor_aptx_adaptive: init: APTX-Adaptive enabled in HW mode
03-22 02:41:28.502 1988 1988 I a2dp_codec: init: updated aptX-adaptive codec priority to -1
03-22 02:41:28.502 1988 1988 D a2dp_codec: createCodec: codec aptX-TWS
03-22 02:41:28.502 1988 1988 D a2dp_codec: setCodecPriority: codec_priority_: -1
03-22 02:41:28.502 1988 1988 D a2dp_codec: A2dpCodecConfig: init all codec caps info
03-22 02:41:28.502 1988 1988 E a2dp_vendor_aptx_tws: init: APTX-Tws enabled in HW mode
03-22 02:41:28.502 1988 1988 I a2dp_codec: init: updated aptX-TWS codec priority to -1
03-22 02:41:28.502 1988 1988 D a2dp_codec: createCodec: codec SBC SINK
03-22 02:41:28.502 1988 1988 D a2dp_codec: setDefaultCodecPriority: default_codec_priority_: 0
03-22 02:41:28.502 1988 1988 D a2dp_codec: setDefaultCodecPriority: Compute the default codec priority
03-22 02:41:28.502 1988 1988 D a2dp_codec: setDefaultCodecPriority: codec_priority_: 8001
03-22 02:41:28.502 1988 1988 D a2dp_codec: setCodecPriority: codec_priority_: 8001
03-22 02:41:28.502 1988 1988 D a2dp_codec: A2dpCodecConfig: init all codec caps info
03-22 02:41:28.502 1988 1988 D a2dp_codec: createCodec: codec UNKNOWN CODEC INDEX
03-22 02:41:28.502 1988 1988 D a2dp_codec: createCodec: codec UNKNOWN CODEC INDEX
03-22 02:41:28.502 1988 1988 I a2dp_codec: init: initialized Source codec AAC
03-22 02:41:28.502 1988 1988 I a2dp_codec: init: initialized Source codec SBC
03-22 02:41:28.502 1988 1988 I a2dp_codec: init: initialized Sink codec SBC(Sink)
03-22 02:41:28.502 1988 1988 D a2dp_codec: init
03-22 02:41:28.502 1988 1988 D a2dp_codec: createCodec: codec SBC
03-22 02:41:28.502 1988 1988 D a2dp_codec: setCodecPriority: codec_priority_: 1001
03-22 02:41:28.502 1988 1988 D a2dp_codec: A2dpCodecConfig: init all codec caps info
03-22 02:41:28.502 1988 1988 D a2dp_sbc: A2dpCodecConfigSbc
03-22 02:41:28.502 1988 1988 D a2dp_sbc: init: SBC enabled in HW mode
03-22 02:41:28.502 1988 1988 I a2dp_codec: init: updated SBC codec priority to 1001
03-22 02:41:28.502 1988 1988 D a2dp_codec: createCodec: codec AAC
03-22 02:41:28.502 1988 1988 D a2dp_codec: setCodecPriority: codec_priority_: 2001
03-22 02:41:28.502 1988 1988 D a2dp_codec: A2dpCodecConfig: init all codec caps info
03-22 02:41:28.502 1988 1988 D a2dp_aac: A2dpCodecConfigAac: AAC VBR is enabled for this target
03-22 02:41:28.502 1988 1988 D a2dp_aac: init: AAC enabled in HW mode
03-22 02:41:28.502 1988 1988 I a2dp_codec: init: updated AAC codec priority to 2001
03-22 02:41:28.502 1988 1988 D a2dp_codec: createCodec: codec aptX
03-22 02:41:28.502 1988 1988 D a2dp_codec: setCodecPriority: codec_priority_: -1
03-22 02:41:28.502 1988 1988 D a2dp_codec: A2dpCodecConfig: init all codec caps info
03-22 02:41:28.502 1988 1988 D a2dp_vendor_aptx: init: APTX enabled in HW mode
03-22 02:41:28.502 1988 1988 I a2dp_codec: init: updated aptX codec priority to -1
03-22 02:41:28.502 1988 1988 D a2dp_codec: createCodec: codec aptX-HD
03-22 02:41:28.502 1988 1988 D a2dp_codec: setCodecPriority: codec_priority_: -1
03-22 02:41:28.502 1988 1988 D a2dp_codec: A2dpCodecConfig: init all codec caps info
03-22 02:41:28.502 1988 1988 D a2dp_vendor_aptx_hd: init: APTX-HD enabled in HW mode
03-22 02:41:28.502 1988 1988 I a2dp_codec: init: updated aptX-HD codec priority to -1
03-22 02:41:28.502 1988 1988 D a2dp_codec: createCodec: codec LDAC
03-22 02:41:28.502 3152 3152 D CompatibilityChangeReporter: Compat change id reported: 171979766; UID 1000; state: DISABLED
03-22 02:41:28.502 1988 1988 D a2dp_codec: setCodecPriority: codec_priority_: -1
03-22 02:41:28.502 1988 1988 D a2dp_codec: A2dpCodecConfig: init all codec caps info
03-22 02:41:28.502 1988 1988 D a2dp_vendor_ldac: init: LDAC enabled in HW mode
03-22 02:41:28.502 1988 1988 I a2dp_codec: init: updated LDAC codec priority to -1
03-22 02:41:28.502 1988 1988 D a2dp_codec: createCodec: codec aptX-adaptive
03-22 02:41:28.502 1988 1988 D a2dp_codec: setCodecPriority: codec_priority_: -1
03-22 02:41:28.502 1988 1988 D a2dp_codec: A2dpCodecConfig: init all codec caps info
03-22 02:41:28.502 1988 1988 I a2dp_vendor_aptx_adaptive: A2dpCodecConfigAptxAdaptive: Using Aptx Adaptive R1 config
03-22 02:41:28.502 1988 1988 D a2dp_vendor_aptx_adaptive: init: APTX-Adaptive enabled in HW mode
