03-22 02:41:27.804 2388 2388 I QCC:OmaDMNative: qcc_hidl_update_vendor_dropbox() res=0
03-22 02:41:27.804 2388 2388 I QCC:Collector: deleteDir: /data/misc/qdma/down/1502 already disabled
03-22 02:41:27.804 1206 1553 I SystemServerTimingAsync: ssm.onUnlockedUser-0_com.android.server.media.metrics.MediaMetricsManagerService
03-22 02:41:27.804 1206 1553 I SystemServerTimingAsync: ssm.onUnlockedUser-0_com.android.server.media.projection.MediaProjectionManagerService
03-22 02:41:27.804 1206 1553 I SystemServerTimingAsync: ssm.onUnlockedUser-0_com.android.server.slice.SliceManagerService$Lifecycle
03-22 02:41:27.804 1206 1553 I SystemServerTimingAsync: ssm.onUnlockedUser-0_com.android.server.stats.StatsCompanion$Lifecycle
03-22 02:41:27.804 1206 1553 I SystemServerTimingAsync: ssm.onUnlockedUser-0_com.android.server.scheduling.RebootReadinessManagerService$Lifecycle
03-22 02:41:27.804 1206 1553 I SystemServerTimingAsync: ssm.onUnlockedUser-0_com.android.server.stats.pull.StatsPullAtomService
03-22 02:41:27.804 1206 1553 I SystemServerTimingAsync: ssm.onUnlockedUser-0_com.android.server.incident.IncidentCompanionService
03-22 02:41:27.804 1206 1553 I SystemServerTimingAsync: ssm.onUnlockedUser-0_com.android.server.MmsServiceBroker
03-22 02:41:27.804 1206 1553 I SystemServerTimingAsync: ssm.onUnlockedUser-0_com.android.server.autofill.AutofillManagerService
03-22 02:41:27.804 1206 1553 I SystemServerTimingAsync: ssm.onUnlockedUser-0_com.android.server.clipboard.ClipboardService
03-22 02:41:27.804 1206 1553 I SystemServerTimingAsync: ssm.onUnlockedUser-0_com.android.server.appbinding.AppBindingService$Lifecycle
03-22 02:41:27.804 1206 1553 I SystemServerTimingAsync: ssm.onUnlockedUser-0_com.android.server.tracing.TracingServiceProxy
03-22 02:41:27.804 1206 1553 I SystemServerTimingAsync: ssm.onUnlockedUser-0_com.android.server.policy.PermissionPolicyService
03-22 02:41:27.804 1206 1553 I SystemServerTimingAsync: ssm.onUnlockedUser-0_com.android.server.pm.StagingManager$Lifecycle
03-22 02:41:27.804 1206 1553 I SystemServerTimingAsync: ssm.onUnlockedUser-0_com.android.server.app.GameManagerService$Lifecycle
03-22 02:41:27.804 1206 1553 I SystemServerTimingAsync: ssm.onUnlockedUser-0_com.android.server.appsearch.AppSearchManagerService
03-22 02:41:27.804 1206 1553 I SystemServerTimingAsync: ssm.onUnlockedUser-0_com.android.server.media.MediaCommunicationService
03-22 02:41:27.804 1206 1553 W ActivityManager: UserLifecycleEvent 6 received without an active userJourneySession.
03-22 02:41:27.804 2397 2397 D FallbackHome: User unlocked and real home found; let's go!
03-22 02:41:27.804 812 2527 D vendor.qti.bluetooth@1.0-patch_dl_manager: ReadHciEvent: Expected CC
03-22 02:41:27.805 1206 1534 I ServiceWatcher: [network] chose new implementation 10081/com.qualcomm.location/.izatprovider.NetworkLocationService@1
03-22 02:41:27.805 1206 1534 I ServiceWatcher: [fused] chose new implementation 10081/com.qualcomm.location/.izatprovider.FusedLocationService@1
01-01 08:00:14.455 0 0 I devfreq-qcom-fw 18590000.qcom,devfreq-l3: qcom,cdsp-cdsp-l3-lat: Successfully started CDSP L3 governor
03-22 02:41:27.806 812 2527 D vendor.qti.bluetooth@1.0-patch_dl_manager: ReadHciEvent: Expected CC
03-22 02:41:27.807 1206 1534 D CompatibilityInfo: mCompatibilityFlags - 4
03-22 02:41:27.807 1206 1534 D CompatibilityInfo: applicationDensity - 240
03-22 02:41:27.807 1206 1534 D CompatibilityInfo: applicationScale - 1.0
03-22 02:41:27.807 1206 2750 I AppSearchUserInstanceMa: Creating new AppSearch instance at: /data/system_ce/0/appsearch/icing
03-22 02:41:27.807 1206 1946 I SELinux : SELinux: Loaded file_contexts
03-22 02:41:27.807 812 2527 D vendor.qti.bluetooth@1.0-patch_dl_manager: ReadHciEvent: Expected CC
03-22 02:41:27.808 2388 2388 I QCC:OmaDMNative: qcc_hidl_update_vendor_dropbox(), path=/data/misc/qdma/down/1502 isEnabled=0
03-22 02:41:27.808 866 866 D QCC:qccvndhal: /data/vendor/qdma/down/1502 is null
03-22 02:41:27.808 2388 2388 I QCC:OmaDMNative: qcc_hidl_update_vendor_dropbox() res=0
03-22 02:41:27.808 2388 2388 I QCC:Collector: deleteDir: /data/misc/qdma/down/1503 already disabled
03-22 02:41:27.809 812 2527 D vendor.qti.bluetooth@1.0-patch_dl_manager: ReadHciEvent: Expected CC
03-22 02:41:27.809 1206 1946 E BackupPasswordManager: Unable to read backup pw version
03-22 02:41:27.809 1206 1946 E BackupPasswordManager: Unable to read saved backup pw hash
03-22 02:41:27.810 812 2527 D vendor.qti.bluetooth@1.0-patch_dl_manager: ReadHciEvent: Expected CC
03-22 02:41:27.811 1351 1463 D LOWI-9.0.0.87.a: [LOWINetlinkSocketReceiver] unpackRTMLinkMessage: RTM_NEWLINK - ifname vlan0, flags 0x1003 ([UP])
03-22 02:41:27.811 812 2527 D vendor.qti.bluetooth@1.0-patch_dl_manager: ReadHciEvent: Expected CC
03-22 02:41:27.812 2388 2388 I QCC:OmaDMNative: qcc_hidl_update_vendor_dropbox(), path=/data/misc/qdma/down/1503 isEnabled=0
03-22 02:41:27.813 812 2527 D vendor.qti.bluetooth@1.0-patch_dl_manager: ReadHciEvent: Expected CC
03-22 02:41:27.813 866 866 D QCC:qccvndhal: /data/vendor/qdma/down/1503 is null
03-22 02:41:27.813 2388 2388 I QCC:OmaDMNative: qcc_hidl_update_vendor_dropbox() res=0
03-22 02:41:27.813 667 667 D Zygote : Forked child process 2757
03-22 02:41:27.813 2388 2388 I QCC:OperationMode: bQDMAUIEnabled : false
03-22 02:41:27.814 812 2527 D vendor.qti.bluetooth@1.0-patch_dl_manager: ReadHciEvent: Expected CC
03-22 02:41:27.815 812 2527 D vendor.qti.bluetooth@1.0-patch_dl_manager: ReadHciEvent: Expected CC
03-22 02:41:27.817 812 2527 D vendor.qti.bluetooth@1.0-patch_dl_manager: ReadHciEvent: Expected CC
03-22 02:41:27.817 2669 2736 D OsAgent : [updateSubscribe][2914] [HC] <<= [HS]
03-22 02:41:27.818 816 816 V LocSvc_HIDL_IzatSubscription: [requestData][88] [HS] =>>>> [HC]
03-22 02:41:27.818 2669 2736 D OsAgent : [requestData][2904] [HC] <<= [HS]
03-22 02:41:27.818 812 2527 D vendor.qti.bluetooth@1.0-patch_dl_manager: ReadHciEvent: Expected CC
03-22 02:41:27.818 521 612 I vold : Mounting emulated fuse volume
03-22 02:41:27.818 816 816 V LocSvc_HIDL_IzatSubscription: [updateSubscribe][58] [HS] =>>>> [HC]
03-22 02:41:27.819 2669 2736 D OsAgent : [updateSubscribe][2914] [HC] <<= [HS]
03-22 02:41:27.819 812 2527 D vendor.qti.bluetooth@1.0-patch_dl_manager: ReadHciEvent: Expected CC
03-22 02:41:27.820 812 2527 D vendor.qti.bluetooth@1.0-patch_dl_manager: ReadHciEvent: Expected CC
03-22 02:41:27.820 812 2527 D vendor.qti.bluetooth@1.0-patch_dl_manager: TlvDnldReq: Updating seg len to 236 as last segment
01-01 08:00:14.476 0 0 D cnss : MHI status cb is called with reason MISSION_MODE(6)
03-22 02:41:27.825 1142 1142 I modprobe: Loaded kernel module /vendor/lib/modules/qca_cld3_qca6390.ko
03-22 02:41:27.825 1142 1142 I modprobe: Loading module /vendor/lib/modules/qca_cld3_qca6490.ko with args ""
03-22 02:41:27.827 1351 1463 D LOWI-9.0.0.87.a: [LOWINetlinkSocketReceiver] unpackRTMLinkMessage: RTM_NEWLINK - ifname vlan0, flags 0x1003 ([UP])
03-22 02:41:27.828 521 612 I vold : Bind mounting /mnt/runtime/full/emulated to /mnt/pass_through/0/emulated
03-22 02:41:27.829 1206 1760 I StorageSessionController: On volume mount VolumeInfo{emulated;0}:
03-22 02:41:27.829 1206 1760 I StorageSessionController: type=EMULATED diskId=null partGuid= mountFlags=PRIMARY|VISIBLE
03-22 02:41:27.829 1206 1760 I StorageSessionController: mountUserId=0 state=CHECKING
03-22 02:41:27.829 1206 1760 I StorageSessionController: fsType=null fsUuid=null fsLabel=null
03-22 02:41:27.829 1206 1760 I StorageSessionController: path=/storage/emulated internalPath=/data/media
01-01 08:00:14.479 0 0 D cnss : Completed event: REGISTER_DRIVER(7), state: 0x10, ret: 0/0
01-01 08:00:14.479 0 0 D cnss : PM relax, state: 0x10, count: 0
01-01 08:00:14.482 0 0 E : [drm:dp_display_init_aux_switch][msm-dp-err][81 ]failed to register notifier (-22)
01-01 08:00:14.482 0 0 E register_client_adhoc: find path.src 1 dest 589
03-22 02:41:27.829 2757 2757 W om.hht.lebocas: Using default instruction set features for ARM CPU variant (cortex-a9) using conservative defaults
03-22 02:41:27.831 2757 2757 E om.hht.lebocas: Not starting debugger since process cannot load the jdwp agent.
03-22 02:41:27.832 2757 2757 D ProcessState: Binder ioctl to enable oneway spam detection failed: Invalid argument
03-22 02:41:27.832 1206 2753 E TaskPersister: File error accessing recents directory (directory doesn't exist?).
03-22 02:41:27.832 1206 2753 E TaskPersister: File error accessing recents directory (directory doesn't exist?).
03-22 02:41:27.833 2669 2669 D IzatProvider: getNetworkProvider
01-01 08:00:14.482 0 0 E register_client_adhoc: Failed to find path.src 1 dest 589
01-01 08:00:14.486 0 0 I binder : 2757:2757 ioctl 40046210 ffcbf088 returned -22
03-22 02:41:27.836 1206 1760 I StorageSessionController: Creating connection for user: 0
03-22 02:41:27.837 1206 1760 I StorageSessionController: Creating and starting session with id: emulated;0
03-22 02:41:27.838 1206 1554 I ActivityManager: Start proc 2757:com.hht.lebocast/u0a88 for added application com.hht.lebocast
03-22 02:41:27.839 1206 1534 I ServiceWatcher: [fused] disconnected from 1000/com.android.location.fused/.FusedLocationService@0
01-01 08:00:14.494 0 0 E swr-wcd rx_swr_ctrl: swrm_get_logical_dev_num: device 0xd01170224 is not ready
03-22 02:41:27.839 2669 2669 D IzatProvider: getNetworkProvider finish
03-22 02:41:27.839 1206 1554 D CompatibilityChangeReporter: Compat change id reported: 143937733; UID 10060; state: ENABLED
03-22 02:41:27.840 2669 2669 D IzatProvider_network: location provider loaded
03-22 02:41:27.841 2388 2388 I QCC:OperationMode: prepareProvisioned nProvisioned = 0
01-01 08:00:14.494 0 0 E swr_get_logical_dev_num: Error -22 to get logical addr for device d01170224
03-22 02:41:27.841 1206 2750 W UnsafeUtil: platform method missing - proto runtime falling back to safer methods: java.lang.NoSuchMethodException: sun.misc.Unsafe.copyMemory [class java.lang.Object, long, class java.lang.Object, long, long]
03-22 02:41:27.841 2388 2388 I QCC:OperationMode: readOpMode operationMode: 1
03-22 02:41:27.841 2388 2388 I QCC:OperationMode: DEVICE_PROVISIONED done or need to opmode as 3
01-01 08:00:14.497 0 0 E swr-wcd rx_swr_ctrl: swrm_get_logical_dev_num: device 0xd01170224 is not ready
03-22 02:41:27.842 2388 2388 W ContextImpl: Calling a method in the system process without a qualified user: android.app.ContextImpl.startService:1816 android.content.ContextWrapper.startService:774 android.content.ContextWrapper.startService:774 com.qualcomm.qti.qdma.app.BootReceiver.onBootReceived:115 com.qualcomm.qti.innodme.InnoBootReceiver.onReceive:22
01-01 08:00:14.497 0 0 E swr_get_logical_dev_num: Error -22 to get logical addr for device d01170224
03-22 02:41:27.842 1206 1760 I StorageUserConnection: Binding to the ExternalStorageService for user 0
03-22 02:41:27.843 1206 2748 E system_server: No package ID 7f found for ID 0x7f0902ad.
03-22 02:41:27.844 1206 2748 E system_server: No package ID 7f found for ID 0x7f140b1a.
03-22 02:41:27.844 1206 2748 E system_server: No package ID 7f found for ID 0x7f0902ac.
03-22 02:41:27.844 1206 2748 E system_server: No package ID 7f found for ID 0x7f1400e2.
03-22 02:41:27.844 1206 2748 E system_server: No package ID 7f found for ID 0x7f140b18.
03-22 02:41:27.844 1206 2748 E system_server: No package ID 7f found for ID 0x7f14048b.
03-22 02:41:27.844 1206 2748 E ShortcutService: Ignoring excessive intent tag.
03-22 02:41:27.844 1206 2165 D CompatibilityInfo: mCompatibilityFlags - 4
03-22 02:41:27.844 1206 2165 D CompatibilityInfo: applicationDensity - 240
03-22 02:41:27.844 1206 2165 D CompatibilityInfo: applicationScale - 1.0
03-22 02:41:27.845 1206 2164 W InputManager-JNI: Input channel object '9dc5778 com.android.settings/com.android.settings.FallbackHome (client)' was disposed without first being removed with the input manager!
01-01 08:00:14.498 0 0 E swr-wcd rx_swr_ctrl: swrm_get_logical_dev_num: device 0xd01170224 is not ready
01-01 08:00:14.498 0 0 E swr_get_logical_dev_num: Error -22 to get logical addr for device d01170224
03-22 02:41:27.846 1007 1007 I BpBinder: onLastStrongRef automatically unlinking death recipients:
03-22 02:41:27.846 666 666 D Zygote : Forked child process 2783
03-22 02:41:27.847 1206 1554 W ActivityManager: Slow operation: 55ms so far, now at startProcess: returned from zygote!
03-22 02:41:27.849 2388 2781 I QCC:ActiveCareService: onStartCommand :Intent: Intent { act=com.qualcomm.qti.qdma.DEVICE_BOOTED cmp=com.qualcomm.qti.qdma/.app.ActiveCareService }
01-01 08:00:14.498 0 0 E swr-wcd rx_swr_ctrl: swrm_get_logical_dev_num: device 0xd01170224 is not ready
01-01 08:00:14.498 0 0 E swr_get_logical_dev_num: Error -22 to get logical addr for device d01170224
01-01 08:00:14.503 0 0 E swr-wcd rx_swr_ctrl: swrm_get_logical_dev_num: device 0xd01170224 is not ready
01-01 08:00:14.503 0 0 E swr_get_logical_dev_num: Error -22 to get logical addr for device d01170224
01-01 08:00:14.503 0 0 E wcd938x_codec wcd938x-codec: wcd938x_bind: Slave bind failed, ret = -517
01-01 08:00:14.504 0 0 E : [drm:dp_display_init_aux_switch][msm-dp-err][81 ]failed to register notifier (-22)
01-01 08:00:14.504 0 0 E register_client_adhoc: find path.src 1 dest 589
03-22 02:41:27.849 2388 2781 I QCC:ApplicationManager: isItDMSessionRecovery, Invoked.?
03-22 02:41:27.850 2388 2781 I QCC:ApplicationManager: isItDMSessionRecovery, return false.
03-22 02:41:27.850 2388 2781 I QCC:PeriodicCI: PeriodicCI.start()
03-22 02:41:27.850 2388 2781 I QCC:PeriodicCI: sw_ver is changed
03-22 02:41:27.850 2388 2781 I QCC:PeriodicCI: PeriodicCI.run() invoked, status=0, use wifi=false
03-22 02:41:27.852 2388 2781 I QCC:PeriodicCI: Starting Registration session...
03-22 02:41:27.852 2388 2781 W ContextImpl: Calling a method in the system process without a qualified user: android.app.ContextImpl.startService:1816 android.content.ContextWrapper.startService:774 com.qualcomm.qti.qdma.util.PeriodicCI.run:477 com.qualcomm.qti.qdma.util.PeriodicCI.start:390 com.qualcomm.qti.qdma.app.ActiveCareService$ProcessSessionRequest.run:457
03-22 02:41:27.855 1206 2745 V BackupManagerConstants: getKeyValueBackupIntervalMilliseconds(...) returns 14400000
03-22 02:41:27.855 1206 2745 V BackupManagerConstants: getKeyValueBackupFuzzMilliseconds(...) returns 600000
03-22 02:41:27.855 2669 2736 D CompatibilityChangeReporter: Compat change id reported: 147600208; UID 10081; state: ENABLED
03-22 02:41:27.855 1206 2745 V BackupManagerConstants: getKeyValueBackupRequiredNetworkType(...) returns 1
03-22 02:41:27.855 1206 2745 V BackupManagerConstants: getKeyValueBackupRequireCharging(...) returns true
03-22 02:41:27.855 1206 2745 V KeyValueBackupJob: Scheduling k/v pass in 240 minutes
03-22 02:41:27.856 1206 2745 D ConnectivityService: requestNetwork for uid/pid:1000/1206 activeRequest: null callbackRequest: 26 [NetworkRequest [ REQUEST id=27, [ Capabilities: INTERNET&NOT_RESTRICTED&TRUSTED&NOT_VCN_MANAGED Uid: 1000 RequestorUid: 1000 RequestorPkg: android] ]] callback flags: 0 priority: 2147483647
03-22 02:41:27.856 1206 1907 D ConnectivityService: NetReassign [no changes]
03-22 02:41:27.857 1206 1970 D Ethernet: got request NetworkRequest [ REQUEST id=27, [ Capabilities: INTERNET&NOT_RESTRICTED&TRUSTED&NOT_VCN_MANAGED Uid: 1000 RequestorUid: 1000 RequestorPkg: android] ]
03-22 02:41:27.857 1206 1970 D EthernetNetworkFactory: acceptRequest, request: NetworkRequest [ REQUEST id=27, [ Capabilities: INTERNET&NOT_RESTRICTED&TRUSTED&NOT_VCN_MANAGED Uid: 1000 RequestorUid: 1000 RequestorPkg: android] ]
03-22 02:41:27.857 1206 1970 I EthernetNetworkFactory: networkForRequest, request: NetworkRequest [ REQUEST id=27, [ Capabilities: INTERNET&NOT_RESTRICTED&TRUSTED&NOT_VCN_MANAGED Uid: 1000 RequestorUid: 1000 RequestorPkg: android] ], network: null
03-22 02:41:27.857 1206 1946 V BackupManagerService: [UserID:0] No ancestral data
01-01 08:00:14.504 0 0 E register_client_adhoc: Failed to find path.src 1 dest 589
01-01 08:00:14.510 0 0 E swr-wcd rx_swr_ctrl: swrm_get_logical_dev_num: device 0xd01170224 is not ready
01-01 08:00:14.510 0 0 E swr_get_logical_dev_num: Error -22 to get logical addr for device d01170224
01-01 08:00:14.511 0 0 E swr-wcd rx_swr_ctrl: swrm_get_logical_dev_num: device 0xd01170224 is not ready
01-01 08:00:14.511 0 0 E swr_get_logical_dev_num: Error -22 to get logical addr for device d01170224
01-01 08:00:14.511 0 0 E swr-wcd rx_swr_ctrl: swrm_get_logical_dev_num: device 0xd01170224 is not ready
01-01 08:00:14.511 0 0 E swr_get_logical_dev_num: Error -22 to get logical addr for device d01170224
01-01 08:00:14.511 0 0 E swr-wcd rx_swr_ctrl: swrm_get_logical_dev_num: device 0xd01170224 is not ready
01-01 08:00:14.511 0 0 E swr_get_logical_dev_num: Error -22 to get logical addr for device d01170224
01-01 08:00:14.511 0 0 E swr-wcd rx_swr_ctrl: swrm_get_logical_dev_num: device 0xd01170224 is not ready
01-01 08:00:14.511 0 0 E swr_get_logical_dev_num: Error -22 to get logical addr for device d01170224
01-01 08:00:14.511 0 0 E wcd938x_codec wcd938x-codec: wcd938x_bind: Slave bind failed, ret = -517
03-22 02:41:27.859 1206 2104 D CompatibilityInfo: mCompatibilityFlags - 4
03-22 02:41:27.859 1206 2104 D CompatibilityInfo: applicationDensity - 240
03-22 02:41:27.859 1206 2104 D CompatibilityInfo: applicationScale - 1.0
03-22 02:41:27.861 1206 1534 D CompatibilityInfo: mCompatibilityFlags - 4
03-22 02:41:27.861 1206 1534 D CompatibilityInfo: applicationDensity - 240
03-22 02:41:27.861 1206 1534 D CompatibilityInfo: applicationScale - 1.0
03-22 02:41:27.861 1206 1554 W ActivityManager: Slow operation: 70ms so far, now at startProcess: done updating battery stats
03-22 02:41:27.862 1206 1554 W ActivityManager: Slow operation: 70ms so far, now at startProcess: building log message
03-22 02:41:27.862 1206 1554 I ActivityManager: Start proc 2783:ts.car.uart/u0a60 for added application ts.car.uart
03-22 02:41:27.862 1206 1554 W ActivityManager: Slow operation: 70ms so far, now at startProcess: starting to update pids map
03-22 02:41:27.862 1206 1554 W ActivityManager: Slow operation: 70ms so far, now at startProcess: done updating pids map
03-22 02:41:27.862 1206 1554 W ActivityManager: Slow operation: 70ms so far, now at startProcess: asking zygote to start proc
03-22 02:41:27.863 2669 2669 D IzatProvider: getFusedProvider
03-22 02:41:27.863 1206 1534 I EthernetTracker: interfaceLinkStateChanged, iface: vlan0, up: false
03-22 02:41:27.863 1206 1534 I EthernetTracker: interfaceLinkStateChanged, iface: vlan0, up: false
03-22 02:41:27.863 1206 1534 I ServiceWatcher: [network] connected to {com.qualcomm.location/com.qualcomm.location.izatprovider.NetworkLocationService}
03-22 02:41:27.863 2669 2669 D IzatProvider: getFusedProvider finish
03-22 02:41:27.863 2669 2669 D IzatProvider_fused: location provider loaded
03-22 02:41:27.868 2185 2185 D RCSService BC-Receiver: Boot Complete Event Received. Is IMS RCS Single Reg enabled0
03-22 02:41:27.869 2185 2185 D RCSService BC-Receiver: START RCS SERVICE ON BOOTUP
03-22 02:41:27.869 2783 2783 E ts.car.uart: Not starting debugger since process cannot load the jdwp agent.
03-22 02:41:27.870 2783 2783 D ProcessState: Binder ioctl to enable oneway spam detection failed: Invalid argument
03-22 02:41:27.872 1206 1760 D CompatibilityChangeReporter: Compat change id reported: 135634846; UID 10097; state: DISABLED
03-22 02:41:27.872 1206 1760 D CompatibilityChangeReporter: Compat change id reported: 177438394; UID 10097; state: DISABLED
03-22 02:41:27.872 1206 1760 D CompatibilityChangeReporter: Compat change id reported: 135772972; UID 10097; state: DISABLED
03-22 02:41:27.872 1206 1760 D CompatibilityChangeReporter: Compat change id reported: 135754954; UID 10097; state: ENABLED
03-22 02:41:27.872 2388 2758 I DrmHal : found instance=clearkey version=android.hardware.drm@1.3::IDrmFactory
03-22 02:41:27.872 2388 2758 I DrmHal : found instance=wfdhdcp version=android.hardware.drm@1.3::IDrmFactory
03-22 02:41:27.872 1267 1436 D HDCPManagerAdapter: getHDCPFactory get new Instance
03-22 02:41:27.873 1206 1760 I StorageUserConnection: Bound to the ExternalStorageService for user 0
03-22 02:41:27.873 1206 1971 D CompatibilityChangeReporter: Compat change id reported: 168419799; UID 10088; state: DISABLED
03-22 02:41:27.873 1206 1971 D CompatibilityInfo: mCompatibilityFlags - 4
03-22 02:41:27.873 1206 1971 D CompatibilityInfo: applicationDensity - 240
03-22 02:41:27.873 1206 1971 D CompatibilityInfo: applicationScale - 1.0
03-22 02:41:27.875 666 666 D Zygote : Forked child process 2802
03-22 02:41:27.875 1206 1554 W ActivityManager: Slow operation: 83ms so far, now at startProcess: returned from zygote!
03-22 02:41:27.878 2757 2757 D CompatibilityChangeReporter: Compat change id reported: 171979766; UID 10088; state: ENABLED
03-22 02:41:27.878 1206 1554 W ActivityManager: Slow operation: 86ms so far, now at startProcess: done updating battery stats
03-22 02:41:27.878 1206 1554 W ActivityManager: Slow operation: 86ms so far, now at startProcess: building log message
03-22 02:41:27.878 1206 1554 I ActivityManager: Start proc 2802:com.hryt.hiphishowfsecontrol/1000 for added application com.hryt.hiphishowfsecontrol
03-22 02:41:27.878 1351 1463 D LOWI-9.0.0.87.a: [LOWINetlinkSocketReceiver] unpackRTMLinkMessage: RTM_NEWLINK - ifname vlan0, flags 0x1003 ([UP])
03-22 02:41:27.878 1206 1554 W ActivityManager: Slow operation: 87ms so far, now at startProcess: starting to update pids map
01-01 08:00:14.525 0 0 I binder : 2783:2783 ioctl 40046210 7fe6919f64 returned -22
03-22 02:41:27.880 1206 1554 W ActivityManager: Slow operation: 88ms so far, now at startProcess: done updating pids map
03-22 02:41:27.880 1206 1554 W ActivityManager: Slow operation: 87ms so far, now at startProcess: asking zygote to start proc
03-22 02:41:27.880 1206 1554 D CompatibilityChangeReporter: Compat change id reported: 143937733; UID 10056; state: ENABLED
03-22 02:41:27.880 1206 1534 I EthernetTracker: interfaceLinkStateChanged, iface: vlan0, up: false
03-22 02:41:27.881 1206 1534 I ServiceWatcher: [fused] connected to {com.qualcomm.location/com.qualcomm.location.izatprovider.FusedLocationService}
03-22 02:41:27.882 1206 2165 D CompatibilityChangeReporter: Compat change id reported: 168419799; UID 10060; state: DISABLED
03-22 02:41:27.882 1206 2165 D CompatibilityInfo: mCompatibilityFlags - 4
03-22 02:41:27.882 1206 2165 D CompatibilityInfo: applicationDensity - 240
03-22 02:41:27.882 1206 2165 D CompatibilityInfo: applicationScale - 1.0
03-22 02:41:27.884 2388 2800 I QCC:ActiveCareService: onStartCommand :Intent: Intent { act=com.qualcomm.qti.qdma.PERIODIC_CLIENT_INITIATED_REGISTRATION cmp=com.qualcomm.qti.qdma/.app.ActiveCareService }
03-22 02:41:27.887 1206 1946 I BackupManagerService: [UserID:0] Package com.qualcomm.uimremoteclient not installed; dropping from full backup
03-22 02:41:27.887 2669 2736 D RilInfoMonitor: handleMessage what - 601
03-22 02:41:27.887 2669 2736 D RilInfoMonitor: SGLTE with ES SUPL
03-22 02:41:27.888 2669 2736 D RilInfoMonitor: [init][321] [HC] =>> [HS]
03-22 02:41:27.888 816 816 V LocSvc_HIDL_RilInfoMonitor: [init][18] [HS] <<<<= [HC]
03-22 02:41:27.888 2669 2736 D LocSvc_java: [init][993] [HC] =>> [HS]
03-22 02:41:27.888 816 816 V LocSvc_HIDL_HidlGnss: [getExtensionLocHidlGnssNi][282] [HS] <<<<= [HC]
03-22 02:41:27.888 1267 1436 D HDCPManagerAdapter: getHDCPFactory got new Instance
03-22 02:41:27.888 1267 1436 W HDCPManagerAdapter: HDCPManagerAdapter::isHDCPAvailable 0
03-22 02:41:27.888 2669 2736 D LocSvc_java: getGnssNiIface, sGnssNi=vendor.qti.gnss@1.1::ILocHidlGnssNi@Proxy
03-22 02:41:27.888 1267 1436 W HDCPManagerAdapter: HDCPManagerAdapter::isHDCPAvailable 0
03-22 02:41:27.888 816 816 V LocSvc_HIDL_HidlGnss: [getExtensionLocHidlAGnss_2_1][438] [HS] <<<<= [HC]
03-22 02:41:27.889 1267 1436 W HDCPManagerAdapter: HDCPManagerAdapter::isHDCPAvailable 0
03-22 02:41:27.889 2669 2736 D LocSvc_java: getAGnssIface with instanceOf, sAGnss_2_1=vendor.qti.gnss@2.1::ILocHidlAGnss@Proxy
03-22 02:41:27.889 1267 1436 W HDCPManagerAdapter: HDCPManagerAdapter::isHDCPAvailable 0
03-22 02:41:27.889 816 816 V LocSvc_HIDL_GnssNi: [setVendorCallback][36] [HS] <<<<= [HC]
03-22 02:41:27.889 2388 2758 E DrmHal : uuid=[edef8ba979d64ace a3c827dcd51d21ed] No supported hal instance found
03-22 02:41:27.889 816 816 V LocSvc_HIDL_HidlAGnss: [setCallbackExt][328] [HS] <<<<= [HC]
03-22 02:41:27.889 816 816 D LocSvc_HIDL_HidlAGnss: getGnssInterface]: loading libgnss.so::getGnssInterface ...
03-22 02:41:27.889 2388 2758 E WidevineCollector: android.media.UnsupportedSchemeException: Failed to instantiate drm object: NO_INIT
03-22 02:41:27.889 2388 2758 E WidevineCollector: ============================== Beginning of DRM Plugin Log ==============================
03-22 02:41:27.889 2388 2758 E WidevineCollector:
03-22 02:41:27.872 I found instance=clearkey version=android.hardware.drm@1.3::IDrmFactory
03-22 02:41:27.889 2388 2758 E WidevineCollector:
03-22 02:41:27.872 I found instance=wfdhdcp version=android.hardware.drm@1.3::IDrmFactory
03-22 02:41:27.889 2388 2758 E WidevineCollector:
03-22 02:41:27.889 E uuid=[edef8ba979d64ace a3c827dcd51d21ed] No supported hal instance found
03-22 02:41:27.889 2388 2758 E WidevineCollector: ============================== End of DRM Plugin Log ==============================
03-22 02:41:27.889 2388 2758 E WidevineCollector: android.media.UnsupportedSchemeException: Failed to instantiate drm object: NO_INIT
03-22 02:41:27.889 2388 2758 E WidevineCollector: ============================== Beginning of DRM Plugin Log ==============================
03-22 02:41:27.889 2388 2758 E WidevineCollector:
03-22 02:41:27.872 I found instance=clearkey version=android.hardware.drm@1.3::IDrmFactory
03-22 02:41:27.889 2388 2758 E WidevineCollector:
03-22 02:41:27.872 I found instance=wfdhdcp version=android.hardware.drm@1.3::IDrmFactory
03-22 02:41:27.889 2388 2758 E WidevineCollector:
03-22 02:41:27.889 E uuid=[edef8ba979d64ace a3c827dcd51d21ed] No supported hal instance found
03-22 02:41:27.889 2388 2758 E WidevineCollector: ============================== End of DRM Plugin Log ==============================
03-22 02:41:27.889 2388 2758 E WidevineCollector: at android.media.MediaDrm.native_setup(Native Method)
03-22 02:41:27.889 2388 2758 E WidevineCollector: at android.media.MediaDrm.(MediaDrm.java:293)
03-22 02:41:27.889 2388 2758 E WidevineCollector: at com.qualcomm.qti.qdma.collector.WidevineCollector$1.run(WidevineCollector.java:81)
03-22 02:41:27.889 2388 2758 E WidevineCollector: at java.util.TimerThread.mainLoop(Timer.java:562)
03-22 02:41:27.889 2388 2758 E WidevineCollector: at java.util.TimerThread.run(Timer.java:512)
03-22 02:41:27.890 1206 2171 D CompatibilityInfo: mCompatibilityFlags - 4
03-22 02:41:27.890 1206 2171 D CompatibilityInfo: applicationDensity - 240
03-22 02:41:27.890 1206 2171 D CompatibilityInfo: applicationScale - 1.0
01-01 08:00:14.544 0 0 E msm-dwc3 a600000.ssusb: Could not get usb psy
03-22 02:41:27.890 2388 2800 I QCC:QDMAEmbargoesList: updateEmbargoesRequest
03-22 02:41:27.891 2388 2800 I QCC:QDMAEmbargoesList: makeRequest
03-22 02:41:27.891 1206 2171 D CompatibilityChangeReporter: Compat change id reported: 135634846; UID 10086; state: DISABLED
03-22 02:41:27.891 2185 2185 I QRCSService: onCreate: Attempt to start service
03-22 02:41:27.891 1206 2171 D CompatibilityChangeReporter: Compat change id reported: 177438394; UID 10086; state: DISABLED
03-22 02:41:27.891 1206 2171 D CompatibilityChangeReporter: Compat change id reported: 135772972; UID 10086; state: DISABLED
03-22 02:41:27.891 1206 2171 D CompatibilityChangeReporter: Compat change id reported: 135754954; UID 10086; state: ENABLED
03-22 02:41:27.892 2388 2800 I QCC:QDMAEmbargoesList: existEmbargoesReq
03-22 02:41:27.893 2388 2800 I QCC:QDMAEmbargoesList: existEmbargoesReq entryFile: /data/misc/qdma/down/100/100-1.0-EmbargoesList.key.0.req
03-22 02:41:27.893 2388 2800 I QCC:QDMAEmbargoesList: existEmbargoesReq existed request: /data/misc/qdma/down/100/100-1.0-EmbargoesList.key.0.req
03-22 02:41:27.893 2388 2800 I QCC:QDMAEmbargoesList: existEmbargoesReq ret: true
03-22 02:41:27.894 2388 2800 I QCC:UploaderPolicy: updateUploadPolicyRequest
03-22 02:41:27.896 1206 1946 I BackupManagerService: [UserID:0] Package com.qualcomm.qti.optinoverlay not installed; dropping from full backup
03-22 02:41:27.896 1206 1946 I BackupManagerService: [UserID:0] Package com.qualcomm.uimremoteserver not installed; dropping from full backup
03-22 02:41:27.899 2669 2736 D OsAgent : [string_dataitem_update][2980] [HC] =>> [HS]
03-22 02:41:27.899 2783 2783 D CompatibilityChangeReporter: Compat change id reported: 171979766; UID 10060; state: DISABLED
03-22 02:41:27.900 2388 2800 E QCC:OperationMode: isQDMAUIInstalled - non exist: android.content.pm.PackageManager$NameNotFoundException: com.qualcomm.qti.smq
03-22 02:41:27.900 2388 2800 I QCC:OperationMode: isQDMAUIInstalled : false
03-22 02:41:27.900 816 816 V LocSvc_HIDL_IzatSubscription: [stringDataItemUpdate][283] [HS] <<<<= [HC]
03-22 02:41:27.900 2388 2800 I QCC:Collector: calling forceDisableQdmaStatsD
03-22 02:41:27.900 2388 2800 I QCC:Collector: calling forceDisabledAllCollectors
03-22 02:41:27.902 2388 2800 I QCC:Collector: deleteDir: /data/misc/qdma/down/1 already disabled
03-22 02:41:27.905 2388 2800 I QCC:OmaDMNative: qcc_hidl_update_vendor_dropbox(), path=/data/misc/qdma/down/1 isEnabled=0
03-22 02:41:27.905 866 866 D QCC:qccvndhal: /data/vendor/qdma/down/1 is null
03-22 02:41:27.905 2388 2800 I QCC:OmaDMNative: qcc_hidl_update_vendor_dropbox() res=0
03-22 02:41:27.905 2388 2800 I QCC:Collector: deleteDir: /data/misc/qdma/down/3 already disabled
03-22 02:41:27.907 2388 2800 I QCC:OmaDMNative: qcc_hidl_update_vendor_dropbox(), path=/data/misc/qdma/down/3 isEnabled=0
03-22 02:41:27.907 866 866 D QCC:qccvndhal: /data/vendor/qdma/down/3 is null
03-22 02:41:27.907 2388 2800 I QCC:OmaDMNative: qcc_hidl_update_vendor_dropbox() res=0
03-22 02:41:27.907 2388 2800 I QCC:Collector: deleteDir: /data/misc/qdma/down/1500 already disabled
03-22 02:41:27.908 2388 2800 I QCC:OmaDMNative: qcc_hidl_update_vendor_dropbox(), path=/data/misc/qdma/down/1500 isEnabled=0
01-01 08:00:14.557 0 0 D cnss : WLFW server arriving: node 7 port 1
01-01 08:00:14.557 0 0 D cnss : Posting event: SERVER_ARRIVE(0), state: 0x10 flags: 0x0
01-01 08:00:14.557 0 0 D cnss : PM stay awake, state: 0x10, count: 1
01-01 08:00:14.557 0 0 D cnss : PM relax, state: 0x10, count: 0
01-01 08:00:14.557 0 0 D cnss : PM stay awake, state: 0x10, count: 1
01-01 08:00:14.557 0 0 D cnss : Processing driver event: SERVER_ARRIVE(0), state: 0x10
01-01 08:00:14.557 0 0 I cnss : QMI WLFW service connected, state: 0x11
01-01 08:00:14.557 0 0 D cnss : Sending indication register message, state: 0x11
03-22 02:41:27.908 866 866 D QCC:qccvndhal: /data/vendor/qdma/down/1500 is null
03-22 02:41:27.908 2388 2800 I QCC:OmaDMNative: qcc_hidl_update_vendor_dropbox() res=0
03-22 02:41:27.908 1206 1946 I BackupManagerService: [UserID:0] Package com.example.android.locationattribution not installed; dropping from full backup
03-22 02:41:27.908 2388 2800 I QCC:Collector: deleteDir: /data/misc/qdma/down/1504 already disabled
03-22 02:41:27.909 666 666 D Zygote : Forked child process 2808
03-22 02:41:27.910 1206 1946 I BackupManagerService: isBackupEnabled() => false due to absent settings file
03-22 02:41:27.910 1206 1946 D BackupManagerService: user:0 readBackupEnableState enabled:false
03-22 02:41:27.910 1206 1946 I BackupManagerService: [UserID:0] Backup enabled => false
03-22 02:41:27.910 1206 1554 W ActivityManager: Slow operation: 117ms so far, now at startProcess: returned from zygote!
03-22 02:41:27.910 1206 1554 W ActivityManager: Slow operation: 117ms so far, now at startProcess: done updating battery stats
03-22 02:41:27.910 1206 1554 W ActivityManager: Slow operation: 117ms so far, now at startProcess: building log message
03-22 02:41:27.910 1206 1554 I ActivityManager: Start proc 2808:.pasr/u0a56 for added application .pasr
03-22 02:41:27.910 1206 1554 W ActivityManager: Slow operation: 117ms so far, now at startProcess: starting to update pids map
03-22 02:41:27.910 1206 1554 W ActivityManager: Slow operation: 117ms so far, now at startProcess: done updating pids map
03-22 02:41:27.910 1206 1554 W ActivityManager: Slow operation: 117ms so far, now at startProcess: asking zygote to start proc
01-01 08:00:14.563 0 0 D cnss : Sending host capability message, state: 0x11
03-22 02:41:27.910 1206 1554 D CompatibilityChangeReporter: Compat change id reported: 143937733; UID 10074; state: DISABLED
03-22 02:41:27.913 2388 2800 I QCC:OmaDMNative: qcc_hidl_update_vendor_dropbox(), path=/data/misc/qdma/down/1504 isEnabled=0
03-22 02:41:27.913 866 866 D QCC:qccvndhal: /data/vendor/qdma/down/1504 is null
03-22 02:41:27.913 2388 2800 I QCC:OmaDMNative: qcc_hidl_update_vendor_dropbox() res=0
03-22 02:41:27.913 2388 2800 I QCC:Collector: deleteDir: /data/misc/qdma/down/6 already disabled
03-22 02:41:27.914 2185 2185 D CompatibilityChangeReporter: Compat change id reported: 147600208; UID 1001; state: ENABLED
03-22 02:41:27.915 2388 2800 I QCC:OmaDMNative: qcc_hidl_update_vendor_dropbox(), path=/data/misc/qdma/down/6 isEnabled=0
03-22 02:41:27.915 866 866 D QCC:qccvndhal: /data/vendor/qdma/down/6 is null
03-22 02:41:27.915 2388 2800 I QCC:OmaDMNative: qcc_hidl_update_vendor_dropbox() res=0
03-22 02:41:27.915 2388 2800 I QCC:Collector: deleteDir: /data/misc/qdma/down/51 already disabled
03-22 02:41:27.916 2388 2800 I QCC:OmaDMNative: qcc_hidl_update_vendor_dropbox(), path=/data/misc/qdma/down/51 isEnabled=0
03-22 02:41:27.916 866 866 D QCC:qccvndhal: /data/vendor/qdma/down/51 is null
03-22 02:41:27.917 2388 2800 I QCC:OmaDMNative: qcc_hidl_update_vendor_dropbox() res=0
03-22 02:41:27.917 666 666 D Zygote : Forked child process 2817
03-22 02:41:27.917 1206 1554 W ActivityManager: Slow operation: 124ms so far, now at startProcess: returned from zygote!
03-22 02:41:27.917 2388 2800 I QCC:Collector: deleteDir: /data/misc/qdma/down/102 already disabled
03-22 02:41:27.917 1206 1554 W ActivityManager: Slow operation: 124ms so far, now at startProcess: done updating battery stats
03-22 02:41:27.917 1206 1554 W ActivityManager: Slow operation: 124ms so far, now at startProcess: building log message
03-22 02:41:27.917 1206 2171 D CompatibilityChangeReporter: Compat change id reported: 182478738; UID 1001; state: DISABLED
03-22 02:41:27.917 2388 2800 I QCC:Collector: deleteDir: /data/misc/qdma/down/104 already disabled
03-22 02:41:27.917 1206 1554 I ActivityManager: Start proc 2817:com.qualcomm.qti.services.systemhelper:systemhelper_service/u0a74 for added application com.qualcomm.qti.services.systemhelper:systemhelper_service
03-22 02:41:27.917 1206 1554 W ActivityManager: Slow operation: 124ms so far, now at startProcess: starting to update pids map
03-22 02:41:27.917 2388 2800 I QCC:Collector: deleteDir: /data/misc/qdma/down/1501 already disabled
03-22 02:41:27.917 1206 1554 W ActivityManager: Slow operation: 124ms so far, now at startProcess: done updating pids map
03-22 02:41:27.917 1206 1554 W ActivityManager: Slow operation: 123ms so far, now at startProcess: asking zygote to start proc
03-22 02:41:27.917 1206 1554 D CompatibilityChangeReporter: Compat change id reported: 143937733; UID 10089; state: ENABLED
03-22 02:41:27.917 2669 2736 E OsAgent : Wifi Scan Always Available: 0
03-22 02:41:27.918 2669 2736 D OsAgent : [bool_dataitem_update][2966] [HC] =>> [HS]
03-22 02:41:27.919 816 816 V LocSvc_HIDL_IzatSubscription: [boolDataItemUpdate][223] [HS] <<<<= [HC]
03-22 02:41:27.918 2802 2802 E ishowfsecontro: Not starting debugger since process cannot load the jdwp agent.
03-22 02:41:27.920 2802 2802 D ProcessState: Binder ioctl to enable oneway spam detection failed: Invalid argument
03-22 02:41:27.920 2669 2736 D OsAgent : [string_dataitem_update][2980] [HC] =>> [HS]
03-22 02:41:27.920 2783 2783 D nativeloader: classloader namespace configured for unbundled vendor apk. library_path=/vendor/app/TsUartService/lib/arm64:/vendor/lib64
03-22 02:41:27.920 816 816 V LocSvc_HIDL_IzatSubscription: [stringDataItemUpdate][283] [HS] <<<<= [HC]
03-22 02:41:27.922 2388 2800 I QCC:OmaDMNative: qcc_hidl_update_vendor_dropbox(), path=/data/misc/qdma/down/1501 isEnabled=0
03-22 02:41:27.922 866 866 D QCC:qccvndhal: /data/vendor/qdma/down/1501 is null
03-22 02:41:27.922 2388 2800 I QCC:OmaDMNative: qcc_hidl_update_vendor_dropbox() res=0
03-22 02:41:27.922 2388 2800 I QCC:Collector: deleteDir: /data/misc/qdma/down/1502 already disabled
03-22 02:41:27.922 2669 2736 D OsAgent : [timezone_change_update][3149] [HC] =>> [HS]
03-22 02:41:27.923 816 816 V LocSvc_HIDL_IzatSubscription: [timezoneChangeUpdate][624] [HS] <<<<= [HC]
03-22 02:41:27.924 2669 2736 D OsAgent : [time_change_update][3164] [HC] =>> [HS]
03-22 02:41:27.925 816 816 V LocSvc_HIDL_IzatSubscription: [timeChangeUpdate][645] [HS] <<<<= [HC]
01-01 08:00:14.563 0 0 D cnss : Number of clients is 2
01-01 08:00:14.563 0 0 D cnss : Assign MSI to user: WAKE, num_vectors: 1, user_base_data: 813, base_vector: 13
01-01 08:00:14.563 0 0 D cnss : WAKE MSI base data is 813
01-01 08:00:14.563 0 0 D cnss : Calibration done is 1
01-01 08:00:14.563 0 0 D cnss : Sending iova starting 0xa0000000 with size 0x10010000
01-01 08:00:14.565 0 0 D cnss : PM relax, state: 0x11, count: 0
01-01 08:00:14.574 0 0 I binder : 2802:2802 ioctl 40046210 7fe6919f64 returned -22
01-01 08:00:14.589 0 0 I binder : 2783:2783 ioctl 40046210 7fe6918e54 returned -22
03-22 02:41:27.925 2388 2800 I QCC:OmaDMNative: qcc_hidl_update_vendor_dropbox(), path=/data/misc/qdma/down/1502 isEnabled=0
01-01 08:00:14.590 0 0 I binder : 2808:2808 ioctl 40046210 7fe6919f64 returned -22
03-22 02:41:27.926 866 866 D QCC:qccvndhal: /data/vendor/qdma/down/1502 is null
03-22 02:41:27.926 2388 2800 I QCC:OmaDMNative: qcc_hidl_update_vendor_dropbox() res=0
03-22 02:41:27.926 2388 2800 I QCC:Collector: deleteDir: /data/misc/qdma/down/1503 already disabled
03-22 02:41:27.927 2185 2185 I QRCSService: onCreate: isSimInserted[false]
03-22 02:41:27.927 2185 2185 I QRCSService: onStartCommand- Call
03-22 02:41:27.927 2783 2783 I Perf : Connecting to perf service.
03-22 02:41:27.927 1351 1463 D LOWI-9.0.0.87.a: [LOWINetlinkSocketReceiver] unpackRTMLinkMessage: RTM_NEWLINK - ifname vlan0, flags 0x1003 ([UP])
03-22 02:41:27.928 2388 2800 I QCC:OmaDMNative: qcc_hidl_update_vendor_dropbox(), path=/data/misc/qdma/down/1503 isEnabled=0
03-22 02:41:27.928 866 866 D QCC:qccvndhal: /data/vendor/qdma/down/1503 is null
03-22 02:41:27.928 2388 2800 I QCC:OmaDMNative: qcc_hidl_update_vendor_dropbox() res=0
03-22 02:41:27.929 812 2527 D vendor.qti.bluetooth@1.0-patch_dl_manager: ReadHciEvent: Expected CC
03-22 02:41:27.929 812 2527 I vendor.qti.bluetooth@1.0-patch_dl_manager: SocInit: Download TLV file successfully
03-22 02:41:27.929 1206 1534 I EthernetTracker: interfaceLinkStateChanged, iface: vlan0, up: false
03-22 02:41:27.929 812 2527 D vendor.qti.bluetooth@1.0-patch_dl_manager: ReadHciEvent: Expected CC
03-22 02:41:27.929 812 2527 I vendor.qti.bluetooth@1.0-patch_dl_manager: HandleEdlCmdResEvt: BT SoC FW SU Build info: BTFM.HST.2.0.0.c3-00477-QCACHROMZ-1, 35
03-22 02:41:27.929 812 2527 D vendor.qti.bluetooth@1.0-patch_dl_manager: GetAddOnFeatureList: Sending HCI_VS_GET_ADDON_FEATURES_SUPPORT
03-22 02:41:27.929 812 2527 D vendor.qti.bluetooth@1.0-patch_dl_manager: HCI-CMD: 0x1 0x1d 0xfc 0x0
03-22 02:41:27.930 2783 2783 V GraphicsEnvironment: ANGLE Developer option for 'ts.car.uart' set to: 'default'
03-22 02:41:27.930 1206 2171 D CompatibilityInfo: mCompatibilityFlags - 4
03-22 02:41:27.930 1206 2171 D CompatibilityInfo: applicationDensity - 240
03-22 02:41:27.930 2388 2800 I QCC:QccLicenseListGen: qccCheckInstalledIsv
03-22 02:41:27.930 1206 2171 D CompatibilityInfo: applicationScale - 1.0
03-22 02:41:27.931 2783 2783 V GraphicsEnvironment: ANGLE GameManagerService for ts.car.uart: false
03-22 02:41:27.931 2538 2553 D QCCAuthMgr: SMQContentProvider query uri: content://com.qti.smq.Feedback.provider/IsvAppTbl, selection: null, uri_matcher: 5
03-22 02:41:27.931 2538 2553 D QCCAuthMgr: SMQContentProvider query tableName: IsvAppTbl
03-22 02:41:27.933 2802 2802 D CompatibilityChangeReporter: Compat change id reported: 171979766; UID 1000; state: ENABLED
03-22 02:41:27.933 2783 2783 D NetworkSecurityConfig: No Network Security Config specified, using platform default
03-22 02:41:27.934 2783 2783 D NetworkSecurityConfig: No Network Security Config specified, using platform default
03-22 02:41:27.934 2808 2808 E .pasr : Not starting debugger since process cannot load the jdwp agent.
03-22 02:41:27.934 2783 2783 E mpu_uart_fws: onCreate
03-22 02:41:27.934 2783 2783 E mpu_uart_fws: onCreate:try get hal service
03-22 02:41:27.934 2783 2783 I mpu_uart_fws: Try get hal sevice:
03-22 02:41:27.935 2783 2783 D hw-ProcessState: Binder ioctl to enable oneway spam detection failed: Invalid argument
03-22 02:41:27.935 2388 2800 I QCC:QccLicenseListGen: qccCheckLicenseExpiredIsv
03-22 02:41:27.935 2808 2808 D ProcessState: Binder ioctl to enable oneway spam detection failed: Invalid argument
03-22 02:41:27.936 2538 2553 D QCCAuthMgr: SMQContentProvider query uri: content://com.qti.smq.Feedback.provider/IsvLicenseTbl, selection: null, uri_matcher: 3
03-22 02:41:27.936 2538 2553 D QCCAuthMgr: SMQContentProvider query tableName: IsvLicenseTbl
03-22 02:41:27.936 2757 2757 I Perf : Connecting to perf service.
03-22 02:41:27.937 2185 2826 I QRCSService: start service isHidlServiceUp[false], isSimInserted[false], mHidlService is [false]
03-22 02:41:27.937 2185 2826 I QRCSService: Attempting to get HIDL-IUceService
03-22 02:41:27.937 2185 2826 D Aidl-shim UceServiceStub: getService start
03-22 02:41:27.938 2185 2826 D Aidl-shim UceServiceStub: Hal_2_3 bindToHal
03-22 02:41:27.938 2783 2783 I android_os_HwBinder: HwBinder: Starting thread pool for getting: vendor.ts.uart@1.0::IUartServer/vendor.ts.uart
03-22 02:41:27.940 1206 2165 D CompatibilityChangeReporter: Compat change id reported: 168419799; UID 10056; state: DISABLED
03-22 02:41:27.940 1206 2165 D CompatibilityInfo: mCompatibilityFlags - 4
03-22 02:41:27.940 1206 2165 D CompatibilityInfo: applicationDensity - 240
03-22 02:41:27.940 2669 2736 E OsAgent : Wifi Scan Always Available: 0
03-22 02:41:27.940 1206 2165 D CompatibilityInfo: applicationScale - 1.0
03-22 02:41:27.940 2669 2736 D OsAgent : [bool_dataitem_update][2966] [HC] =>> [HS]
03-22 02:41:27.940 816 816 V LocSvc_HIDL_IzatSubscription: [boolDataItemUpdate][223] [HS] <<<<= [HC]
03-22 02:41:27.940 2669 2736 D GeocoderService: handleMessage what - 700
03-22 02:41:27.941 2669 2736 D GeocoderService: GeocoderProxy init
03-22 02:41:27.941 2817 2817 I libc : SetHeapTaggingLevel: tag level set to 0
03-22 02:41:27.941 2185 2826 I android_os_HwBinder: HwBinder: Starting thread pool for getting: com.qualcomm.qti.uceservice@2.3::IUceService/com.qualcomm.qti.uceservice
03-22 02:41:27.941 816 816 V LocSvc_HIDL_HidlGnss: [getExtensionLocHidlIzatNetworkProvider][266] [HS] <<<<= [HC]
03-22 02:41:27.941 2185 2826 I QRCSService: Received HIDL-UCEService :VERSION_2_3
03-22 02:41:27.941 2185 2826 D Aidl-shim UceServiceStub: RCSStartRCSService setHidlUceService
03-22 02:41:27.942 816 816 V LocSvc_HIDL_IzatProvider: [init][138] [HS] <<<<= [HC]
03-22 02:41:27.943 2388 2800 I QCC:OperationMode: prepareProvisioned nProvisioned = 0
03-22 02:41:27.943 2669 2736 D XTProxy : XTProxy ctor
03-22 02:41:27.943 2669 2736 E XTProxy : XTProxy binderDied
03-22 02:41:27.943 2388 2800 I QCC:OperationMode: readOpMode operationMode: 1
03-22 02:41:27.944 2388 2800 I QCC:OperationMode: DEVICE_PROVISIONED done or need to opmode as 3
03-22 02:41:27.944 2388 2800 I QCC:QDMAEmbargoesList: checkEmbargoesListFile
03-22 02:41:27.944 2783 2783 I mpu_uart_fws: hal sevice get success
03-22 02:41:27.944 2388 2800 I QCC:QDMAEmbargoesList: QDMAEmbargoesIsDeviceInRegulatedArea regulated:false
03-22 02:41:27.945 2388 2800 I QCC:OperationMode: isRestrictedEmbargoesState - : false
03-22 02:41:27.945 2185 2826 I Aidl-shim UceServiceStub: ServiceStatus isRCSRegistered [true]
03-22 02:41:27.945 2185 2826 I QRCSService: startService: attempt BroadCast ServieUpIntent
03-22 02:41:27.945 2388 2800 I QCC:OperationMode: readOpMode operationMode: 1
03-22 02:41:27.946 2388 2800 I QCC:NetworkStat: getActiveNetwork(ctx) invoked.
03-22 02:41:27.946 2388 2800 I QCC:NetworkStat: no available network
03-22 02:41:27.946 666 666 D Zygote : Forked child process 2850
03-22 02:41:27.946 1206 1554 W ActivityManager: Slow operation: 153ms so far, now at startProcess: returned from zygote!
03-22 02:41:27.947 1206 2165 D CompatibilityChangeReporter: Compat change id reported: 135634846; UID 10076; state: DISABLED
03-22 02:41:27.947 1206 2165 D CompatibilityChangeReporter: Compat change id reported: 177438394; UID 10076; state: DISABLED
03-22 02:41:27.947 2817 2817 E mhelper_servic: Not starting debugger since process cannot load the jdwp agent.
03-22 02:41:27.947 1206 2165 D CompatibilityChangeReporter: Compat change id reported: 135772972; UID 10076; state: DISABLED
03-22 02:41:27.948 1206 2165 D CompatibilityChangeReporter: Compat change id reported: 135754954; UID 10076; state: ENABLED
03-22 02:41:27.948 2757 2757 V GraphicsEnvironment: ANGLE Developer option for 'com.hht.lebocast' set to: 'default'
03-22 02:41:27.948 2388 2800 I QCC:PeriodicCI: >> startConnectionChangeListener()
03-22 02:41:27.948 2757 2757 V GraphicsEnvironment: ANGLE GameManagerService for com.hht.lebocast: false
03-22 02:41:27.949 2757 2757 D NetworkSecurityConfig: No Network Security Config specified, using platform default
03-22 02:41:27.949 2757 2757 D NetworkSecurityConfig: No Network Security Config specified, using platform default
03-22 02:41:27.949 1206 2803 D CompatibilityInfo: mCompatibilityFlags - 4
03-22 02:41:27.949 1206 2803 D CompatibilityInfo: applicationDensity - 240
03-22 02:41:27.949 1206 2803 D CompatibilityInfo: applicationScale - 1.0
03-22 02:41:27.949 2808 2808 D CompatibilityChangeReporter: Compat change id reported: 171979766; UID 10056; state: DISABLED
03-22 02:41:27.950 1342 2668 E QFP : qfpCommand: error from send_command_to_tz: 0, QFP result -11 on (0 0)
03-22 02:41:27.950 1342 2668 I QFP : close: close, usecase 3 options 0
03-22 02:41:27.950 1342 2668 I QFP : closeHandle: closeHandle (0 0)
03-22 02:41:27.950 1206 2171 D CompatibilityChangeReporter: Compat change id reported: 171306433; UID 1000; state: ENABLED
03-22 02:41:27.951 2669 2736 D XTProxy : setNppLoaded
03-22 02:41:27.951 1206 1554 W ActivityManager: Slow operation: 157ms so far, now at startProcess: done updating battery stats
03-22 02:41:27.951 1206 1554 W ActivityManager: Slow operation: 157ms so far, now at startProcess: building log message
03-22 02:41:27.951 1206 1554 I ActivityManager: Start proc 2850:com.qualcomm.qti.qccnetstat/u0a89 for added application com.qualcomm.qti.qccnetstat
03-22 02:41:27.951 1206 1554 W ActivityManager: Slow operation: 157ms so far, now at startProcess: starting to update pids map
03-22 02:41:27.952 1206 1554 W ActivityManager: Slow operation: 158ms so far, now at startProcess: done updating pids map
03-22 02:41:27.952 1206 1554 W ActivityManager: Slow operation: 158ms so far, now at startProcess: asking zygote to start proc
03-22 02:41:27.952 1206 1554 D CompatibilityChangeReporter: Compat change id reported: 143937733; UID 10090; state: ENABLED
03-22 02:41:27.952 2817 2817 D ProcessState: Binder ioctl to enable oneway spam detection failed: Invalid argument
01-01 08:00:14.607 0 0 I binder : 2817:2817 ioctl 40046210 7fe6919f64 returned -22
03-22 02:41:27.953 509 509 I hwservicemanager: Since vendor.qti.hardware.iop@2.0::IIop/default is not registered, trying to start it as a lazy HAL.
03-22 02:41:27.954 2388 2800 I QCC:PeriodicCI: -- Waiting for WiFi for up to 172800seconds
03-22 02:41:27.954 1265 1293 E ANDR-IOP: IIop:: Iop HAL Service is not available.
03-22 02:41:27.954 2669 2736 D IzatProvider_network: [onEnableProvider][671] [HC] =>> [HS]
03-22 02:41:27.954 816 816 V LocSvc_HIDL_IzatProvider: [onEnable][169] [HS] <<<<= [HC]
03-22 02:41:27.955 509 509 I hwservicemanager: Since vendor.qti.hardware.iop@2.0::IIop/default is not registered, trying to start it as a lazy HAL.
03-22 02:41:27.955 1265 2324 E ANDR-IOP: IIop:: Iop HAL Service is not available.
03-22 02:41:27.956 2566 2566 D CompatibilityChangeReporter: Compat change id reported: 160794467; UID 10079; state: ENABLED
03-22 02:41:27.956 1206 2171 D CompatibilityChangeReporter: Compat change id reported: 168419799; UID 10074; state: DISABLED
03-22 02:41:27.956 1206 2171 D CompatibilityInfo: mCompatibilityFlags - 4
03-22 02:41:27.956 1206 2171 D CompatibilityInfo: applicationDensity - 240
03-22 02:41:27.956 1206 2171 D CompatibilityInfo: applicationScale - 1.0
03-22 02:41:27.956 509 2861 W libc : Unable to set property "ctl.interface_start" to "vendor.qti.hardware.iop@2.0::IIop/default": error code: 0x20
03-22 02:41:27.957 509 2861 I hwservicemanager: Tried to start vendor.qti.hardware.iop@2.0::IIop/default as a lazy service, but was unable to. Usually this happens when a service is not installed, but if the service is intended to be used as a lazy service, then it may be configured incorrectly.
03-22 02:41:27.958 509 2860 W libc : Unable to set property "ctl.interface_start" to "vendor.qti.hardware.iop@2.0::IIop/default": error code: 0x20
03-22 02:41:27.958 509 2860 I hwservicemanager: Tried to start vendor.qti.hardware.iop@2.0::IIop/default as a lazy service, but was unable to. Usually this happens when a service is not installed, but if the service is intended to be used as a lazy service, then it may be configured incorrectly.
03-22 02:41:27.961 2850 2850 E .qti.qccnetsta: Not starting debugger since process cannot load the jdwp agent.
03-22 02:41:27.962 666 666 D Zygote : Forked child process 2870
