03-22 02:41:25.095 1206 1206 D SystemServer: ContentCaptureService disabled because resource is not overlaid
03-22 02:41:25.095 1206 1206 D SystemServer: AttentionService is not configured on this device
03-22 02:41:25.095 1206 1206 D SystemServer: RotationResolverService is not configured on this device
03-22 02:41:25.095 1206 1206 D SystemServer: SystemCaptionsManagerService disabled because resource is not overlaid
03-22 02:41:25.095 1206 1206 I SystemServerTiming: StartTextToSpeechManagerService
03-22 02:41:25.095 1206 1206 I SystemServiceManager: Starting com.android.server.texttospeech.TextToSpeechManagerService
03-22 02:41:25.095 1206 1767 E PersistentDataBlockService: not able to find package com.google.android.gms
03-22 02:41:25.095 1206 1767 E PersistentDataBlockService: android.content.pm.PackageManager$NameNotFoundException: com.google.android.gms
03-22 02:41:25.095 1206 1767 E PersistentDataBlockService: at android.app.ApplicationPackageManager.getPackageUidAsUser(ApplicationPackageManager.java:364)
03-22 02:41:25.095 1206 1767 E PersistentDataBlockService: at com.android.server.PersistentDataBlockService.getAllowedUid(PersistentDataBlockService.java:162)
03-22 02:41:25.095 1206 1767 E PersistentDataBlockService: at com.android.server.PersistentDataBlockService.lambda$onStart$0$PersistentDataBlockService(PersistentDataBlockService.java:176)
03-22 02:41:25.095 1206 1767 E PersistentDataBlockService: at com.android.server.PersistentDataBlockService$$ExternalSyntheticLambda0.run(Unknown Source:2)
03-22 02:41:25.095 1206 1767 E PersistentDataBlockService: at com.android.server.SystemServerInitThreadPool.lambda$submitTask$0$SystemServerInitThreadPool(SystemServerInitThreadPool.java:105)
03-22 02:41:25.095 1206 1767 E PersistentDataBlockService: at com.android.server.SystemServerInitThreadPool$$ExternalSyntheticLambda0.run(Unknown Source:6)
03-22 02:41:25.095 1206 1767 E PersistentDataBlockService: at java.util.concurrent.Executors$RunnableAdapter.call(Executors.java:462)
03-22 02:41:25.095 1206 1767 E PersistentDataBlockService: at java.util.concurrent.FutureTask.run(FutureTask.java:266)
03-22 02:41:25.095 1206 1767 E PersistentDataBlockService: at java.util.concurrent.ThreadPoolExecutor.runWorker(ThreadPoolExecutor.java:1167)
03-22 02:41:25.095 1206 1767 E PersistentDataBlockService: at java.util.concurrent.ThreadPoolExecutor$Worker.run(ThreadPoolExecutor.java:641)
03-22 02:41:25.095 1206 1767 E PersistentDataBlockService: at com.android.internal.util.ConcurrentUtils$1$1.run(ConcurrentUtils.java:65)
03-22 02:41:25.095 1206 1206 I SystemServerTiming: StartSpeechRecognitionManagerService
03-22 02:41:25.095 1206 1206 I SystemServiceManager: Starting com.android.server.speech.SpeechRecognitionManagerService
03-22 02:41:25.096 1206 1206 D SystemServer: AppPredictionService not defined by OEM
03-22 02:41:25.096 1206 1206 D SystemServer: ContentSuggestionsService not defined by OEM
03-22 02:41:25.096 1206 1206 I SystemServerTiming: StartSearchUiService
03-22 02:41:25.096 1206 1206 I SystemServiceManager: Starting com.android.server.searchui.SearchUiManagerService
03-22 02:41:25.100 1206 1206 I SystemServerTiming: StartSmartspaceService
03-22 02:41:25.100 1206 1206 I SystemServiceManager: Starting com.android.server.smartspace.SmartspaceManagerService
03-22 02:41:25.100 1206 1206 I SystemServerTiming: InitConnectivityModuleConnector
03-22 02:41:25.100 1206 1206 D ConnectivityModuleConnector: Network stack init
03-22 02:41:25.101 1206 1206 I SystemServerTiming: InitNetworkStackClient
03-22 02:41:25.101 1206 1206 I SystemServerTiming: StartNetworkManagementService
03-22 02:41:25.104 1206 1206 I SystemServerTiming: StartIpSecService
03-22 02:41:25.104 1206 1206 I SystemServerTiming: StartFontManagerService
01-01 08:00:11.816 0 0 I msm_vidc: high: 00000001: ....e: Opening video instance: 0000000000000000, 0
01-01 08:00:11.816 0 0 I msm_vidc: err : 00000001: ....e: Failed to create debugfs for msm_vidc
01-01 08:00:11.827 0 0 I msm_vidc: high: 00000001: h265e: Closed video instance: 0000000000000000
01-01 08:00:11.837 0 0 I msm_cvp : warn: DBLP Set: status 0 0
01-01 08:00:11.843 0 0 I msm_vidc: high: 00000001: ....d: Opening video instance: 0000000000000000, 1
01-01 08:00:11.843 0 0 I msm_vidc: err : 00000001: ....d: Failed to create debugfs for msm_vidc
03-22 02:41:25.191 1206 1206 I SystemServerTiming: StartTextServicesManager
03-22 02:41:25.191 1206 1206 I SystemServiceManager: Starting com.android.server.textservices.TextServicesManagerService$Lifecycle
03-22 02:41:25.191 1206 1206 I SystemServerTiming: StartTextClassificationManagerService
03-22 02:41:25.192 1206 1206 I SystemServiceManager: Starting com.android.server.textclassifier.TextClassificationManagerService$Lifecycle
03-22 02:41:25.192 1206 1206 I SystemServerTiming: StartNetworkScoreService
03-22 02:41:25.192 1206 1206 I SystemServiceManager: Starting com.android.server.NetworkScoreService$Lifecycle
01-01 08:00:11.848 0 0 I msm_vidc: high: 00000001: h264d: Closed video instance: 0000000000000000
03-22 02:41:25.193 1206 1206 I SystemServerTiming: StartNetworkStatsService
03-22 02:41:25.199 1206 1206 I SystemServerTiming: StartNetworkPolicyManagerService
03-22 02:41:25.201 1206 1206 I SystemServerTiming: StartWifi
01-01 08:00:11.856 0 0 I msm_vidc: high: 00000001: ....d: Opening video instance: 0000000000000000, 1
01-01 08:00:11.856 0 0 I msm_vidc: err : 00000001: ....d: Failed to create debugfs for msm_vidc
01-01 08:00:11.861 0 0 I msm_vidc: high: 00000001: h264d: Closed video instance: 0000000000000000
01-01 08:00:11.893 0 0 I msm_vidc: high: 00000001: ....d: Opening video instance: 0000000000000000, 1
01-01 08:00:11.893 0 0 I msm_vidc: err : 00000001: ....d: Failed to create debugfs for msm_vidc
01-01 08:00:11.898 0 0 I msm_vidc: high: 00000001: h265d: Closed video instance: 0000000000000000
03-22 02:41:25.248 1206 1206 I SystemServiceManager: Starting com.android.server.wifi.WifiService
01-01 08:00:11.910 0 0 I msm_vidc: high: 00000001: ....d: Opening video instance: 0000000000000000, 1
01-01 08:00:11.910 0 0 I msm_vidc: err : 00000001: ....d: Failed to create debugfs for msm_vidc
01-01 08:00:11.916 0 0 I msm_vidc: high: 00000001: h265d: Closed video instance: 0000000000000000
01-01 08:00:11.930 0 0 I msm_vidc: high: 00000001: ....d: Opening video instance: 0000000000000000, 1
01-01 08:00:11.930 0 0 I msm_vidc: err : 00000001: ....d: Failed to create debugfs for msm_vidc
01-01 08:00:11.935 0 0 I msm_vidc: high: 00000001: mpg2d: Closed video instance: 0000000000000000
01-01 08:00:11.941 0 0 I msm_vidc: high: 00000001: ....d: Opening video instance: 0000000000000000, 1
01-01 08:00:11.941 0 0 I msm_vidc: err : 00000001: ....d: Failed to create debugfs for msm_vidc
01-01 08:00:11.946 0 0 I msm_vidc: high: 00000001: mpg2d: Closed video instance: 0000000000000000
01-01 08:00:11.965 0 0 I msm_vidc: high: 00000001: ....d: Opening video instance: 0000000000000000, 1
01-01 08:00:11.965 0 0 I msm_vidc: err : 00000001: ....d: Failed to create debugfs for msm_vidc
01-01 08:00:11.969 0 0 I msm_vidc: high: 00000001: vp8d: Closed video instance: 0000000000000000
01-01 08:00:11.988 0 0 I msm_vidc: high: 00000001: ....d: Opening video instance: 0000000000000000, 1
01-01 08:00:11.988 0 0 I msm_vidc: err : 00000001: ....d: Failed to create debugfs for msm_vidc
01-01 08:00:11.992 0 0 I msm_vidc: high: 00000001: vp9d: Closed video instance: 0000000000000000
01-01 08:00:12.000 0 0 I msm_vidc: high: 00000001: ....d: Opening video instance: 0000000000000000, 1
01-01 08:00:12.000 0 0 I msm_vidc: err : 00000001: ....d: Failed to create debugfs for msm_vidc
01-01 08:00:12.004 0 0 I msm_vidc: high: 00000001: vp9d: Closed video instance: 0000000000000000
01-01 08:00:12.018 0 0 I msm_vidc: high: 00000001: ....e: Opening video instance: 0000000000000000, 0
01-01 08:00:12.018 0 0 I msm_vidc: err : 00000001: ....e: Failed to create debugfs for msm_vidc
01-01 08:00:12.024 0 0 I msm_vidc: high: 00000001: h264e: Closed video instance: 0000000000000000
01-01 08:00:12.066 0 0 I msm_vidc: high: 00000001: ....e: Opening video instance: 0000000000000000, 0
01-01 08:00:12.066 0 0 I msm_vidc: err : 00000001: ....e: Failed to create debugfs for msm_vidc
01-01 08:00:12.070 0 0 I msm_vidc: high: 00000001: h265e: Closed video instance: 0000000000000000
01-01 08:00:12.081 0 0 I msm_vidc: high: 00000001: ....e: Opening video instance: 0000000000000000, 0
01-01 08:00:12.081 0 0 I msm_vidc: err : 00000001: ....e: Failed to create debugfs for msm_vidc
01-01 08:00:12.086 0 0 I msm_vidc: high: 00000001: h265e: Closed video instance: 0000000000000000
01-01 08:00:12.114 0 0 I msm_vidc: high: 00000001: ....e: Opening video instance: 0000000000000000, 0
01-01 08:00:12.114 0 0 I msm_vidc: err : 00000001: ....e: Failed to create debugfs for msm_vidc
01-01 08:00:12.115 0 0 I msm_vidc: err : 00000001: ....e: msm_vidc_comm_update_ctrl: failed: control name Ltr Count, min 0, max 0, step 0, default_value 0
03-22 02:41:25.463 1264 1264 I wificond: New wificond event callback registered
01-01 08:00:12.120 0 0 I msm_vidc: high: 00000001: vp8e: Closed video instance: 0000000000000000
03-22 02:41:25.477 1206 1206 V HistoricalRegistry: Interaction before persistence initialized
03-22 02:41:25.490 1206 1206 I SystemServerTiming: StartWifiScanning
03-22 02:41:25.490 1206 1206 I SystemServiceManager: Starting com.android.server.wifi.scanner.WifiScanningService
03-22 02:41:25.495 1206 1206 I SystemServerTiming: StartRttService
03-22 02:41:25.495 1206 1206 I SystemServiceManager: Starting com.android.server.wifi.rtt.RttService
03-22 02:41:25.496 1206 1206 I SystemServerTiming: StartWifiAware
03-22 02:41:25.497 1206 1206 I SystemServiceManager: Starting com.android.server.wifi.aware.WifiAwareService
03-22 02:41:25.497 1206 1206 I SystemServerTiming: StartWifiP2P
03-22 02:41:25.497 1206 1206 I SystemServiceManager: Starting com.android.server.wifi.p2p.WifiP2pService
03-22 02:41:25.508 1206 1206 I SystemServerTiming: StartEthernet
03-22 02:41:25.509 1206 1206 I SystemServiceManager: Starting com.android.server.ethernet.EthernetService
03-22 02:41:25.510 1206 1206 I SystemServerTiming: StartPacProxyService
03-22 02:41:25.513 1206 1206 I SystemServerTiming: StartConnectivityService
03-22 02:41:25.530 1206 1206 I SystemServiceManager: Starting com.android.server.ConnectivityServiceInitializer
03-22 02:41:25.612 1206 1206 D CompatibilityChangeReporter: Compat change id reported: 182478738; UID 1000; state: ENABLED
03-22 02:41:25.621 1206 1206 I SystemServerTiming: StartVpnManagerService
03-22 02:41:25.626 1206 1206 I SystemServerTiming: StartVcnManagementService
03-22 02:41:25.628 1206 1206 I SystemServerTiming: StartNsdService
03-22 02:41:25.629 1206 1206 D NsdService: Network service discovery is enabled
03-22 02:41:25.632 1206 1206 I SystemServerTiming: StartSystemUpdateManagerService
03-22 02:41:25.632 1206 1206 I SystemUpdateManagerService: No existing info file /data/system/system-update-info.xml
03-22 02:41:25.633 1206 1206 I SystemServerTiming: StartUpdateLockService
03-22 02:41:25.634 1206 1206 I SystemServerTiming: StartNotificationManager
03-22 02:41:25.634 1206 1206 I SystemServiceManager: Starting com.android.server.notification.NotificationManagerService
03-22 02:41:25.643 1206 1206 D ConditionProviders.SCP: new ScheduleConditionProvider()
03-22 02:41:25.652 1206 1206 I NotificationAssistants: Read notification assistant permissions from xml
03-22 02:41:25.652 1206 1206 I ConditionProviders: Read condition provider permissions from xml
03-22 02:41:25.652 1206 1206 I ConditionProviders: Read condition provider permissions from xml
03-22 02:41:25.653 1206 1206 D NotificationAssistants: Approving default notification assistant for user 0
03-22 02:41:25.653 1206 1206 I ConditionProviders: Allowing condition provider android.ext.services/android.ext.services.notification.Assistant (userSet: true)
03-22 02:41:25.654 1206 1206 I GameModeConfig: isGameModeOn cache is null
03-22 02:41:25.654 1206 1206 I GameModeConfig: isGameModeOn = false
03-22 02:41:25.656 1206 1206 D CompatibilityChangeReporter: Compat change id reported: 157233955; UID 1000; state: ENABLED
03-22 02:41:25.661 1206 1206 I SystemServerTiming: StartDeviceMonitor
03-22 02:41:25.661 1206 1206 I SystemServiceManager: Starting com.android.server.storage.DeviceStorageMonitorService
03-22 02:41:25.663 1206 1206 I SystemServerTiming: StartLocationManagerService
03-22 02:41:25.663 1206 1206 I SystemServiceManager: Starting com.android.server.location.LocationManagerService$Lifecycle
03-22 02:41:25.668 1206 1206 I SystemServerTiming: StartCountryDetectorService
03-22 02:41:25.669 1206 1206 I SystemServerTiming: StartTimeDetectorService
03-22 02:41:25.669 1206 1206 I SystemServiceManager: Starting com.android.server.timedetector.TimeDetectorService$Lifecycle
03-22 02:41:25.671 1206 1206 I SystemServerTiming: StartTimeZoneDetectorService
03-22 02:41:25.671 1206 1206 I SystemServiceManager: Starting com.android.server.timezonedetector.TimeZoneDetectorService$Lifecycle
03-22 02:41:25.672 1206 1206 I SystemServerTiming: StartLocationTimeZoneManagerService
03-22 02:41:25.672 1206 1206 I SystemServiceManager: Starting com.android.server.timezonedetector.location.LocationTimeZoneManagerService$Lifecycle
03-22 02:41:25.673 1206 1206 I SystemServerTiming: StartSearchManagerService
03-22 02:41:25.673 1206 1206 I SystemServiceManager: Starting com.android.server.search.SearchManagerService$Lifecycle
03-22 02:41:25.674 1206 1206 I SystemServerTiming: StartWallpaperManagerService
03-22 02:41:25.674 1206 1206 I SystemServiceManager: Starting com.android.server.wallpaper.WallpaperManagerService$Lifecycle
03-22 02:41:25.674 1206 1206 I SystemServerTiming: StartAudioService
03-22 02:41:25.674 1206 1206 I SystemServiceManager: Starting com.android.server.audio.AudioService$Lifecycle
03-22 02:41:25.723 1206 1206 D MicroServiceManager: bindMicroService: called already get service
03-22 02:41:25.723 1206 1206 I MicroServiceManager: cleanAllAddedListeners
03-22 02:41:25.723 1206 1206 I MicroServiceManager: addCommonCallbackListener add listener
03-22 02:41:25.723 1206 1206 I MicroServiceManager: addConnectChangedListener add listener
03-22 02:41:25.731 1206 1206 I SystemServerTiming: StartSoundTriggerMiddlewareService
03-22 02:41:25.731 1206 1206 I SystemServiceManager: Starting com.android.server.soundtrigger_middleware.SoundTriggerMiddlewareService$Lifecycle
03-22 02:41:25.735 1206 1206 I SystemServerTiming: StartDockObserver
03-22 02:41:25.735 1206 1206 I SystemServiceManager: Starting com.android.server.DockObserver
03-22 02:41:25.735 1206 1206 W DockObserver: This kernel does not have dock station support
03-22 02:41:25.736 1206 1206 I SystemServerTiming: StartWiredAccessoryManager
03-22 02:41:25.736 1206 1206 W WiredAccessoryManager: This kernel does not have usb audio support
03-22 02:41:25.737 1206 1206 W WiredAccessoryManager: This kernel does not have HDMI audio support
03-22 02:41:25.737 1206 1206 E WiredAccessoryManager: file /sys/devices/platform/soc/soc:qcom,msm-ext-disp/extcon/extcon3/name not found
03-22 02:41:25.737 1206 1206 W WiredAccessoryManager: Conn soc:qcom,msm-ext-disp/3/0 does not have DP audio support
03-22 02:41:25.737 1206 1206 E WiredAccessoryManager: file /sys/devices/platform/soc/soc:qcom,msm-ext-disp/extcon/extcon2/name not found
03-22 02:41:25.737 1206 1206 W WiredAccessoryManager: Conn soc:qcom,msm-ext-disp/2/0 does not have DP audio support
03-22 02:41:25.737 1206 1206 E WiredAccessoryManager: set dev_index 1
03-22 02:41:25.738 1206 1206 W WiredAccessoryManager: checkCableIndex set cable 0
03-22 02:41:25.738 1206 1206 E WiredAccessoryManager: set dev_index 0
01-01 08:00:12.392 0 0 I msm_vidc: high: 00000001: ....d: Opening video instance: 0000000000000000, 1
01-01 08:00:12.392 0 0 I msm_vidc: err : 00000001: ....d: Failed to create debugfs for msm_vidc
03-22 02:41:25.738 1206 1206 W WiredAccessoryManager: checkCableIndex set cable 0
03-22 02:41:25.738 1206 1206 I SystemServerTiming: StartMidiManager
03-22 02:41:25.738 1206 1206 I SystemServiceManager: Starting com.android.server.midi.MidiService$Lifecycle
03-22 02:41:25.739 1206 1206 I SystemServerTiming: StartAdbService
03-22 02:41:25.739 1206 1206 I SystemServiceManager: Starting com.android.server.adb.AdbService$Lifecycle
03-22 02:41:25.740 1206 1206 I SystemServerTiming: StartUsbService
03-22 02:41:25.740 1206 1206 I SystemServiceManager: Starting com.android.server.usb.UsbService$Lifecycle
03-22 02:41:25.740 1206 1206 I SystemServerTiming: StartSerialService
03-22 02:41:25.740 1206 1541 I SystemServerTimingAsync: InitThreadPoolExec:UsbService$Lifecycle#onStart
03-22 02:41:25.741 1206 1206 I SystemServerTiming: StartHardwarePropertiesManagerService
03-22 02:41:25.741 1206 1541 E UsbDeviceManager: failed to write to /sys/class/android_usb/android0/f_rndis/ethaddr
03-22 02:41:25.743 1206 1206 I SystemServerTiming: StartTwilightService
03-22 02:41:25.743 1206 1206 I SystemServiceManager: Starting com.android.server.twilight.TwilightService
03-22 02:41:25.743 1206 1206 I SystemServerTiming: StartColorDisplay
03-22 02:41:25.743 1206 1206 I SystemServiceManager: Starting com.android.server.display.color.ColorDisplayService
03-22 02:41:25.743 1206 1541 I UsbDeviceManager: USB GADGET HAL not present in the device
03-22 02:41:25.743 1206 1541 I UsbDeviceManager: java.util.NoSuchElementException
03-22 02:41:25.743 1206 1541 I UsbDeviceManager: at android.os.HwBinder.getService(Native Method)
03-22 02:41:25.743 1206 1541 I UsbDeviceManager: at android.hardware.usb.gadget.V1_0.IUsbGadget.getService(IUsbGadget.java:57)
03-22 02:41:25.743 1206 1541 I UsbDeviceManager: at android.hardware.usb.gadget.V1_0.IUsbGadget.getService(IUsbGadget.java:64)
03-22 02:41:25.743 1206 1541 I UsbDeviceManager: at com.android.server.usb.UsbDeviceManager.(UsbDeviceManager.java:293)
03-22 02:41:25.743 1206 1541 I UsbDeviceManager: at com.android.server.usb.UsbService.(UsbService.java:178)
03-22 02:41:25.743 1206 1541 I UsbDeviceManager: at com.android.server.usb.UsbService$Lifecycle.lambda$onStart$0$UsbService$Lifecycle(UsbService.java:92)
03-22 02:41:25.743 1206 1541 I UsbDeviceManager: at com.android.server.usb.UsbService$Lifecycle$$ExternalSyntheticLambda1.run(Unknown Source:2)
03-22 02:41:25.743 1206 1541 I UsbDeviceManager: at com.android.server.SystemServerInitThreadPool.lambda$submitTask$0$SystemServerInitThreadPool(SystemServerInitThreadPool.java:105)
03-22 02:41:25.743 1206 1541 I UsbDeviceManager: at com.android.server.SystemServerInitThreadPool$$ExternalSyntheticLambda0.run(Unknown Source:6)
03-22 02:41:25.743 1206 1541 I UsbDeviceManager: at java.util.concurrent.Executors$RunnableAdapter.call(Executors.java:462)
03-22 02:41:25.743 1206 1541 I UsbDeviceManager: at java.util.concurrent.FutureTask.run(FutureTask.java:266)
03-22 02:41:25.743 1206 1541 I UsbDeviceManager: at java.util.concurrent.ThreadPoolExecutor.runWorker(ThreadPoolExecutor.java:1167)
03-22 02:41:25.743 1206 1541 I UsbDeviceManager: at java.util.concurrent.ThreadPoolExecutor$Worker.run(ThreadPoolExecutor.java:641)
03-22 02:41:25.743 1206 1541 I UsbDeviceManager: at com.android.internal.util.ConcurrentUtils$1$1.run(ConcurrentUtils.java:65)
03-22 02:41:25.743 1206 1541 E UsbDeviceManager: Failed to open control for mtp
03-22 02:41:25.743 1206 1541 E UsbDeviceManager: Failed to open control for ptp
03-22 02:41:25.744 1206 1206 I SystemServerTiming: StartJobScheduler
03-22 02:41:25.745 1206 1206 I SystemServiceManager: Starting com.android.server.job.JobSchedulerService
03-22 02:41:25.747 1206 1541 W StorageManagerService: No primary storage defined yet; hacking together a stub
01-01 08:00:12.402 0 0 I : acc_open
01-01 08:00:12.402 0 0 I : acc_release
03-22 02:41:25.750 1206 1206 D JobStore: Start tag: job-info
03-22 02:41:25.751 1206 1756 I UsbPortManager: Usb hal service started android.hardware.usb@1.0::IUsb default
03-22 02:41:25.752 1206 1206 W JobStore: Periodic job for uid='1000' persisted run-time is too big [24:00:12, 48:00:12]. Clamping to [24:00:09,48:00:09]
03-22 02:41:25.753 1206 1206 I JobStore: Read 6 jobs
03-22 02:41:25.755 1206 1541 I UsbPortManager: USB HAL version: 12
03-22 02:41:25.758 1206 1206 V HistoricalRegistry: Interaction before persistence initialized
03-22 02:41:25.758 1206 1206 V HistoricalRegistry: Interaction before persistence initialized
03-22 02:41:25.759 1206 1206 W JobScheduler: !!! RTC not yet good; tracking time updates for job scheduling
03-22 02:41:25.759 1206 1206 I SystemServerTiming: StartSoundTrigger
03-22 02:41:25.759 1206 1206 I SystemServiceManager: Starting com.android.server.soundtrigger.SoundTriggerService
03-22 02:41:25.760 1206 1206 I SystemServerTiming: StartTrustManager
03-22 02:41:25.760 1206 1206 I SystemServiceManager: Starting com.android.server.trust.TrustManagerService
03-22 02:41:25.762 1206 1206 I SystemServerTiming: StartBackupManager
03-22 02:41:25.762 1206 1206 I SystemServiceManager: Starting com.android.server.backup.BackupManagerService$Lifecycle
03-22 02:41:25.764 1206 1206 I SystemServerTiming: StartAppWidgetService
03-22 02:41:25.764 1206 1206 I SystemServiceManager: Starting com.android.server.appwidget.AppWidgetService
03-22 02:41:25.766 1206 1206 I SystemServerTiming: StartVoiceRecognitionManager
03-22 02:41:25.766 1206 1206 I SystemServiceManager: Starting com.android.server.voiceinteraction.VoiceInteractionManagerService
03-22 02:41:25.773 1206 1206 I SystemServerTiming: StartAppHibernationService
03-22 02:41:25.773 1206 1206 I SystemServiceManager: Starting com.android.server.apphibernation.AppHibernationService
03-22 02:41:25.775 1206 1206 I SystemServerTiming: StartSensorNotification
03-22 02:41:25.775 1206 1206 I SystemServiceManager: Starting com.android.server.SensorNotificationService
03-22 02:41:25.775 1206 1206 I SystemServerTiming: StartDiskStatsService
03-22 02:41:25.778 1206 1206 I SystemServerTiming: RuntimeService
03-22 02:41:25.778 1206 1206 I SystemServerTiming: StartNetworkTimeUpdateService
03-22 02:41:25.785 1206 1206 I SystemServerTiming: CertBlacklister
03-22 02:41:25.786 1206 1206 I SystemServerTiming: StartEmergencyAffordanceService
03-22 02:41:25.786 1206 1206 I SystemServiceManager: Starting com.android.server.emergency.EmergencyAffordanceService
03-22 02:41:25.787 1206 1206 I SystemServerTiming: startBlobStoreManagerService
03-22 02:41:25.787 1206 1206 I SystemServiceManager: Starting com.android.server.blob.BlobStoreManagerService
03-22 02:41:25.789 1206 1206 I SystemServerTiming: StartDreamManager
03-22 02:41:25.789 1206 1206 I SystemServiceManager: Starting com.android.server.dreams.DreamManagerService
03-22 02:41:25.790 1206 1206 I SystemServerTiming: AddGraphicsStatsService
03-22 02:41:25.794 1206 1206 I SystemServerTiming: StartCompanionDeviceManager
03-22 02:41:25.794 1206 1206 I SystemServiceManager: Starting com.android.server.companion.CompanionDeviceManagerService
03-22 02:41:25.795 1206 1206 I SystemServerTiming: StartRestrictionManager
03-22 02:41:25.795 1206 1206 I SystemServiceManager: Starting com.android.server.restrictions.RestrictionsManagerService
03-22 02:41:25.796 1206 1206 I SystemServerTiming: StartMediaSessionService
03-22 02:41:25.796 1206 1206 I SystemServiceManager: Starting com.android.server.media.MediaSessionService
03-22 02:41:25.798 1206 1206 I SystemServerTiming: StartMediaResourceMonitor
03-22 02:41:25.798 1206 1206 I SystemServiceManager: Starting com.android.server.media.MediaResourceMonitorService
03-22 02:41:25.798 1206 1206 I SystemServerTiming: StartMediaRouterService
03-22 02:41:25.799 1206 1206 V HistoricalRegistry: Interaction before persistence initialized
03-22 02:41:25.799 1206 1206 I SystemServerTiming: StartFingerprintSensor
03-22 02:41:25.799 1206 1206 I SystemServiceManager: Starting com.android.server.biometrics.sensors.fingerprint.FingerprintService
03-22 02:41:25.800 1206 1206 I SystemServerTiming: StartBiometricService
03-22 02:41:25.800 1206 1206 I SystemServiceManager: Starting com.android.server.biometrics.BiometricService
03-22 02:41:25.802 1206 1206 I SystemServerTiming: StartAuthService
03-22 02:41:25.802 1206 1206 I SystemServiceManager: Starting com.android.server.biometrics.AuthService
03-22 02:41:25.803 1206 1206 D AuthService: Registering HIDL ID: 0 Modality: 2 Strength: 15
03-22 02:41:25.803 1206 1206 D AuthService: Registering HIDL ID: 1 Modality: 8 Strength: 15
03-22 02:41:25.804 1206 1206 E AuthService: HIDL face configuration exists, but FaceService is null.
03-22 02:41:25.804 1206 1206 I SystemServerTiming: StartBackgroundDexOptService
03-22 02:41:25.804 1206 1206 W BackgroundDexOptService: SysProp pm.dexopt.downgrade_after_inactive_days not set
03-22 02:41:25.805 1206 1206 I SystemServerTiming: StartDynamicCodeLoggingService
03-22 02:41:25.805 1206 1206 I SystemServerTiming: StartPruneInstantAppsJobService
03-22 02:41:25.805 1206 1206 I SystemServerTiming: StartShortcutServiceLifecycle
03-22 02:41:25.805 1206 1206 I SystemServiceManager: Starting com.android.server.pm.ShortcutService$Lifecycle
03-22 02:41:25.807 1206 1206 V HistoricalRegistry: Interaction before persistence initialized
03-22 02:41:25.807 1206 1206 I SystemServerTiming: StartLauncherAppsService
03-22 02:41:25.807 1206 1206 I SystemServiceManager: Starting com.android.server.pm.LauncherAppsService
03-22 02:41:25.808 1206 1206 I SystemServerTiming: StartCrossProfileAppsService
03-22 02:41:25.809 1206 1206 I SystemServiceManager: Starting com.android.server.pm.CrossProfileAppsService
03-22 02:41:25.809 1206 1206 I SystemServerTiming: StartPeopleService
03-22 02:41:25.809 1206 1206 I SystemServiceManager: Starting com.android.server.people.PeopleService
03-22 02:41:25.815 1206 1206 I SystemServerTiming: StartMediaMetricsManager
03-22 02:41:25.815 1206 1206 I SystemServiceManager: Starting com.android.server.media.metrics.MediaMetricsManagerService
03-22 02:41:25.816 1206 1206 I SystemServerTiming: StartMediaProjectionManager
03-22 02:41:25.816 1206 1206 I SystemServiceManager: Starting com.android.server.media.projection.MediaProjectionManagerService
03-22 02:41:25.817 1206 1954 D BiometricService: Registering ID: 0 Modality: 2 Strength: 15
03-22 02:41:25.817 1206 1954 D BiometricStrengthController: updateStrengths: revert sensorId=0 to oemStrength=15
03-22 02:41:25.817 1206 1954 D BiometricService/Sensor: updateStrength: Before(ID(0), oemStrength: 15, updatedStrength: 15, modality 2, state: 0, cookie: 0, props: ID: 0, Strength: 2, Type: 1) After(ID(0), oemStrength: 15, updatedStrength: 15, modality 2, state: 0, cookie: 0, props: ID: 0, Strength: 2, Type: 1)
03-22 02:41:25.819 1206 1206 I SystemServerTiming: StartSliceManagerService
03-22 02:41:25.819 1206 1206 I SystemServiceManager: Starting com.android.server.slice.SliceManagerService$Lifecycle
03-22 02:41:25.821 1206 1206 I SystemServerTiming: StartStatsCompanion
03-22 02:41:25.827 1206 1206 I SystemServiceManager: Starting com.android.server.stats.StatsCompanion$Lifecycle
03-22 02:41:25.833 1206 1206 I SystemServerTiming: StartRebootReadinessManagerService
03-22 02:41:25.838 1206 1206 I SystemServiceManager: Starting com.android.server.scheduling.RebootReadinessManagerService$Lifecycle
03-22 02:41:25.844 1206 1206 I SystemServerTiming: StartStatsPullAtomService
03-22 02:41:25.845 1206 1206 I SystemServiceManager: Starting com.android.server.stats.pull.StatsPullAtomService
03-22 02:41:25.845 1206 1206 I SystemServerTiming: StartIncidentCompanionService
03-22 02:41:25.845 1206 1206 I SystemServiceManager: Starting com.android.server.incident.IncidentCompanionService
03-22 02:41:25.845 1206 1206 I SystemServerTiming: StartMmsService
03-22 02:41:25.845 1206 1206 I SystemServiceManager: Starting com.android.server.MmsServiceBroker
03-22 02:41:25.847 1206 1206 I SystemServerTiming: StartAutoFillService
03-22 02:41:25.847 1206 1206 I SystemServiceManager: Starting com.android.server.autofill.AutofillManagerService
03-22 02:41:25.848 1206 1925 E ActivityManager: Attempt to launch receivers of broadcast intent Intent { act=android.app.action.STATSD_STARTED flg=0x1000000 } before boot completion
03-22 02:41:25.850 1206 1206 D SystemServer: TranslationService not defined by OEM
03-22 02:41:25.850 1206 1206 I SystemServerTiming: StartClipboardService
03-22 02:41:25.850 1206 1206 I SystemServiceManager: Starting com.android.server.clipboard.ClipboardService
01-01 08:00:12.505 0 0 I : [MAX975X:max96755x_drm_notifier_callback] *INFO* receives EARLY_BLANK:UNBLANK
01-01 08:00:12.505 0 0 I atmel_mxt_ts 0-004a: FB event:2,blank:0
01-01 08:00:12.505 0 0 I atmel_mxt_ts 0-004a: suspend: event = 2, blank = 0, not care
01-01 08:00:12.505 0 0 I [drm:dsi_display_set_mode] [msm-dsi-info]: mdp_transfer_time_us=0 us
01-01 08:00:12.505 0 0 I [drm:dsi_display_set_mode] [msm-dsi-info]: hactive= 2560,vactive= 1080,fps=60
01-01 08:00:12.505 0 0 I [drm:dsi_ctrl_isr_configure] [msm-dsi-info]: dsi-ctrl-0: IRQ 402 registered
03-22 02:41:25.852 1206 1206 I SystemServerTiming: AppServiceManager
03-22 02:41:25.852 1206 1206 I SystemServiceManager: Starting com.android.server.appbinding.AppBindingService$Lifecycle
03-22 02:41:25.852 1206 1206 I SystemServerTiming: startTracingServiceProxy
03-22 02:41:25.852 1206 1206 I SystemServiceManager: Starting com.android.server.tracing.TracingServiceProxy
03-22 02:41:25.853 1206 1206 I SystemServerTiming: MakeLockSettingsServiceReady
03-22 02:41:25.856 1206 1206 I SyntheticPasswordManager: Device does not support weaver
03-22 02:41:25.857 1206 1206 I LockSettingsService: Device doesn't implement AuthSecret HAL
03-22 02:41:25.858 1206 1206 I SystemServerTiming: StartBootPhaseLockSettingsReady
03-22 02:41:25.858 1206 1206 I SystemServiceManager: Starting phase 480
03-22 02:41:25.858 1206 1206 I SystemServerTiming: OnBootPhase_480
03-22 02:41:25.858 1206 1206 I SystemServerTiming: OnBootPhase_480_com.android.server.security.FileIntegrityService
03-22 02:41:25.858 1206 1206 I SystemServerTiming: OnBootPhase_480_com.android.server.pm.Installer
03-22 02:41:25.858 1206 1206 I SystemServerTiming: OnBootPhase_480_com.android.server.os.DeviceIdentifiersPolicyService
03-22 02:41:25.858 1206 1206 I SystemServerTiming: OnBootPhase_480_com.android.server.uri.UriGrantsManagerService$Lifecycle
03-22 02:41:25.858 1206 1206 I SystemServerTiming: OnBootPhase_480_com.android.server.powerstats.PowerStatsService
03-22 02:41:25.858 1206 1206 I SystemServerTiming: OnBootPhase_480_com.android.server.wm.ActivityTaskManagerService$Lifecycle
03-22 02:41:25.858 1206 1206 I SystemServerTiming: OnBootPhase_480_com.android.server.am.ActivityManagerService$Lifecycle
03-22 02:41:25.858 1206 1206 I SystemServerTiming: OnBootPhase_480_com.android.server.pm.DataLoaderManagerService
03-22 02:41:25.858 1206 1206 I SystemServerTiming: OnBootPhase_480_com.android.server.power.PowerManagerService
03-22 02:41:25.858 1206 1206 I SystemServerTiming: OnBootPhase_480_com.android.server.power.ThermalManagerService
03-22 02:41:25.858 1206 1206 I SystemServerTiming: OnBootPhase_480_com.android.server.power.hint.HintManagerService
03-22 02:41:25.858 1206 1206 I SystemServerTiming: OnBootPhase_480_com.android.server.recoverysystem.RecoverySystemService$Lifecycle
03-22 02:41:25.858 1206 1206 I SystemServerTiming: OnBootPhase_480_com.android.server.lights.LightsService
03-22 02:41:25.858 1206 1206 I SystemServerTiming: OnBootPhase_480_com.android.server.display.DisplayManagerService
03-22 02:41:25.858 1206 1206 I SystemServerTiming: OnBootPhase_480_com.android.server.pm.verify.domain.DomainVerificationService
03-22 02:41:25.858 1206 1206 I SystemServerTiming: OnBootPhase_480_com.android.server.pm.PackageInstallerService$Lifecycle
03-22 02:41:25.858 1206 1206 I SystemServerTiming: OnBootPhase_480_com.android.server.pm.UserManagerService$LifeCycle
03-22 02:41:25.858 1206 1206 I SystemServerTiming: OnBootPhase_480_com.android.server.om.OverlayManagerService
03-22 02:41:25.858 1206 1206 I SystemServerTiming: OnBootPhase_480_com.android.server.SensorPrivacyService
03-22 02:41:25.858 1206 1206 I SystemServerTiming: OnBootPhase_480_com.android.server.thunderperf.ThunderBoostPerfService
03-22 02:41:25.858 1206 1206 I SystemServerTiming: OnBootPhase_480_com.android.server.sensors.SensorService
03-22 02:41:25.858 1206 1206 I SystemServerTiming: OnBootPhase_480_com.android.server.SystemConfigService
03-22 02:41:25.858 1206 1206 I SystemServerTiming: OnBootPhase_480_com.android.server.BatteryService
03-22 02:41:25.858 1206 1206 I SystemServerTiming: OnBootPhase_480_com.android.server.usage.UsageStatsService
03-22 02:41:25.858 1206 1206 I SystemServerTiming: OnBootPhase_480_com.android.server.webkit.WebViewUpdateService
03-22 02:41:25.858 1206 1206 I SystemServerTiming: OnBootPhase_480_com.android.server.CachedDeviceStateService
03-22 02:41:25.858 1206 1206 I SystemServerTiming: OnBootPhase_480_com.android.server.BinderCallsStatsService$LifeCycle
03-22 02:41:25.858 1206 1206 I SystemServerTiming: OnBootPhase_480_com.android.server.LooperStatsService$Lifecycle
03-22 02:41:25.858 1206 1206 I SystemServerTiming: OnBootPhase_480_com.android.server.rollback.RollbackManagerService
03-22 02:41:25.858 1206 1206 I SystemServerTiming: OnBootPhase_480_com.android.server.os.NativeTombstoneManagerService
03-22 02:41:25.858 1206 1206 I SystemServerTiming: OnBootPhase_480_com.android.server.os.BugreportManagerService
03-22 02:41:25.858 1206 1206 I SystemServerTiming: OnBootPhase_480_com.android.server.gpu.GpuService
03-22 02:41:25.858 1206 1206 I SystemServerTiming: OnBootPhase_480_com.android.server.security.KeyChainSystemService
03-22 02:41:25.858 1206 1206 I SystemServerTiming: OnBootPhase_480_com.android.server.telecom.TelecomLoaderService
03-22 02:41:25.858 1206 1206 I SystemServerTiming: OnBootPhase_480_com.android.server.accounts.AccountManagerService$Lifecycle
03-22 02:41:25.858 1206 1206 I SystemServerTiming: OnBootPhase_480_com.android.server.content.ContentService$Lifecycle
03-22 02:41:25.858 1206 1206 I SystemServerTiming: OnBootPhase_480_com.android.server.DropBoxManagerService
03-22 02:41:25.858 1206 1206 I SystemServerTiming: OnBootPhase_480_com.android.role.RoleService
03-22 02:41:25.858 1206 1206 I SystemServerTiming: OnBootPhase_480_com.android.server.vibrator.VibratorManagerService$Lifecycle
03-22 02:41:25.858 1206 1206 I SystemServerTiming: OnBootPhase_480_com.android.server.alarm.AlarmManagerService
03-22 02:41:25.858 1206 1206 I SystemServerTiming: OnBootPhase_480_com.android.server.devicestate.DeviceStateManagerService
03-22 02:41:25.858 1206 1206 I SystemServerTiming: OnBootPhase_480_com.android.server.camera.CameraServiceProxy
03-22 02:41:25.859 1206 1206 I SystemServerTiming: OnBootPhase_480_com.android.server.BluetoothService
03-22 02:41:25.859 1206 1206 I SystemServerTiming: OnBootPhase_480_com.android.server.connectivity.IpConnectivityMetrics
03-22 02:41:25.859 1206 1206 I SystemServerTiming: OnBootPhase_480_com.android.server.net.watchlist.NetworkWatchlistService$Lifecycle
03-22 02:41:25.859 1206 1206 I SystemServerTiming: OnBootPhase_480_com.android.server.PinnerService
03-22 02:41:25.859 1206 1206 I SystemServerTiming: OnBootPhase_480_com.google.android.startop.iorap.IorapForwardingService
03-22 02:41:25.859 1206 1206 I SystemServerTiming: OnBootPhase_480_com.android.server.ActivityTriggerService
03-22 02:41:25.859 1206 1206 I SystemServerTiming: OnBootPhase_480_com.android.server.integrity.AppIntegrityManagerService
03-22 02:41:25.859 1206 1206 I SystemServerTiming: OnBootPhase_480_com.android.server.inputmethod.InputMethodManagerService$Lifecycle
03-22 02:41:25.859 1206 1206 I SystemServerTiming: OnBootPhase_480_com.android.server.accessibility.AccessibilityManagerService$Lifecycle
03-22 02:41:25.859 1206 1206 I SystemServerTiming: OnBootPhase_480_com.android.server.StorageManagerService$Lifecycle
03-22 02:41:25.859 1206 1206 I SystemServerTiming: OnBootPhase_480_com.android.server.usage.StorageStatsService$Lifecycle
03-22 02:41:25.859 1206 1206 I SystemServerTiming: OnBootPhase_480_com.android.server.UiModeManagerService
03-22 02:41:25.859 1206 1206 I SystemServerTiming: OnBootPhase_480_com.android.server.locksettings.LockSettingsService$Lifecycle
03-22 02:41:25.859 1206 1206 I SystemServerTiming: OnBootPhase_480_com.android.server.PersistentDataBlockService
03-22 02:41:25.859 1206 1206 I SystemServerTiming: OnBootPhase_480_com.android.server.testharness.TestHarnessModeService
03-22 02:41:25.859 1206 1206 I SystemServerTiming: OnBootPhase_480_com.android.server.oemlock.OemLockService
03-22 02:41:25.859 1206 1206 I SystemServerTiming: OnBootPhase_480_com.android.server.DeviceIdleController
03-22 02:41:25.859 1206 1206 I SystemServerTiming: OnBootPhase_480_com.android.server.devicepolicy.DevicePolicyManagerService$Lifecycle
03-22 02:41:25.860 1206 1206 I DevicePolicyManager: Current version 2, latest version 2, not upgrading.
03-22 02:41:25.863 1206 1206 I SystemServerTiming: OnBootPhase_480_com.android.server.texttospeech.TextToSpeechManagerService
03-22 02:41:25.863 1206 1691 I SystemServerTimingAsync: InitThreadPoolExec:DevicePolicyManager
03-22 02:41:25.863 1206 1206 I SystemServerTiming: OnBootPhase_480_com.android.server.speech.SpeechRecognitionManagerService
03-22 02:41:25.863 1206 1206 I SystemServerTiming: OnBootPhase_480_com.android.server.searchui.SearchUiManagerService
03-22 02:41:25.863 1206 1206 I SystemServerTiming: OnBootPhase_480_com.android.server.smartspace.SmartspaceManagerService
03-22 02:41:25.863 1206 1206 I SystemServerTiming: OnBootPhase_480_com.android.server.graphics.fonts.FontManagerService$Lifecycle
03-22 02:41:25.863 1206 1206 I SystemServerTiming: OnBootPhase_480_com.android.server.textservices.TextServicesManagerService$Lifecycle
03-22 02:41:25.863 1206 1206 I SystemServerTiming: OnBootPhase_480_com.android.server.textclassifier.TextClassificationManagerService$Lifecycle
03-22 02:41:25.863 1206 1206 I SystemServerTiming: OnBootPhase_480_com.android.server.NetworkScoreService$Lifecycle
03-22 02:41:25.863 1206 1206 I SystemServerTiming: OnBootPhase_480_com.android.server.wifi.WifiService
03-22 02:41:25.863 1206 1206 I SystemServerTiming: OnBootPhase_480_com.android.server.wifi.scanner.WifiScanningService
03-22 02:41:25.863 1206 1206 I SystemServerTiming: OnBootPhase_480_com.android.server.wifi.rtt.RttService
03-22 02:41:25.863 1206 1206 I SystemServerTiming: OnBootPhase_480_com.android.server.wifi.aware.WifiAwareService
03-22 02:41:25.863 1206 1206 I SystemServerTiming: OnBootPhase_480_com.android.server.wifi.p2p.WifiP2pService
03-22 02:41:25.863 1206 1206 I SystemServerTiming: OnBootPhase_480_com.android.server.ethernet.EthernetService
03-22 02:41:25.863 1206 1206 I SystemServerTiming: OnBootPhase_480_com.android.server.ConnectivityServiceInitializer
03-22 02:41:25.863 1206 1206 I SystemServerTiming: OnBootPhase_480_com.android.server.notification.NotificationManagerService
03-22 02:41:25.863 1206 1206 I SystemServerTiming: OnBootPhase_480_com.android.server.storage.DeviceStorageMonitorService
03-22 02:41:25.863 1206 1206 I SystemServerTiming: OnBootPhase_480_com.android.server.location.LocationManagerService$Lifecycle
03-22 02:41:25.863 1206 1206 I SystemServerTiming: OnBootPhase_480_com.android.server.timedetector.TimeDetectorService$Lifecycle
03-22 02:41:25.863 1206 1206 I SystemServerTiming: OnBootPhase_480_com.android.server.timezonedetector.TimeZoneDetectorService$Lifecycle
03-22 02:41:25.863 1206 1206 I SystemServerTiming: OnBootPhase_480_com.android.server.timezonedetector.location.LocationTimeZoneManagerService$Lifecycle
03-22 02:41:25.863 1206 1206 I SystemServerTiming: OnBootPhase_480_com.android.server.search.SearchManagerService$Lifecycle
03-22 02:41:25.863 1206 1206 I SystemServerTiming: OnBootPhase_480_com.android.server.wallpaper.WallpaperManagerService$Lifecycle
03-22 02:41:25.863 1206 1206 I SystemServerTiming: OnBootPhase_480_com.android.server.audio.AudioService$Lifecycle
03-22 02:41:25.863 1206 1206 I SystemServerTiming: OnBootPhase_480_com.android.server.soundtrigger_middleware.SoundTriggerMiddlewareService$Lifecycle
03-22 02:41:25.863 1206 1206 I SystemServerTiming: OnBootPhase_480_com.android.server.DockObserver
03-22 02:41:25.863 1206 1206 I SystemServerTiming: OnBootPhase_480_com.android.server.midi.MidiService$Lifecycle
03-22 02:41:25.863 1206 1206 I SystemServerTiming: OnBootPhase_480_com.android.server.adb.AdbService$Lifecycle
03-22 02:41:25.863 1206 1206 I SystemServerTiming: OnBootPhase_480_com.android.server.usb.UsbService$Lifecycle
03-22 02:41:25.863 1206 1206 I SystemServerTiming: OnBootPhase_480_com.android.server.twilight.TwilightService
03-22 02:41:25.863 1206 1206 I SystemServerTiming: OnBootPhase_480_com.android.server.display.color.ColorDisplayService
03-22 02:41:25.863 1206 1206 I SystemServerTiming: OnBootPhase_480_com.android.server.job.JobSchedulerService
03-22 02:41:25.863 1206 1206 I SystemServerTiming: OnBootPhase_480_com.android.server.soundtrigger.SoundTriggerService
03-22 02:41:25.863 1206 1206 D SoundTriggerService: onBootPhase: 480 : false
03-22 02:41:25.863 1206 1206 I SystemServerTiming: OnBootPhase_480_com.android.server.trust.TrustManagerService
03-22 02:41:25.863 1206 1206 I SystemServerTiming: OnBootPhase_480_com.android.server.backup.BackupManagerService$Lifecycle
03-22 02:41:25.863 1206 1206 I SystemServerTiming: OnBootPhase_480_com.android.server.appwidget.AppWidgetService
03-22 02:41:25.864 1206 1206 I SystemServerTiming: OnBootPhase_480_com.android.server.voiceinteraction.VoiceInteractionManagerService
03-22 02:41:25.864 1206 1206 I SystemServerTiming: OnBootPhase_480_com.android.server.apphibernation.AppHibernationService
03-22 02:41:25.864 1206 1206 I SystemServerTiming: OnBootPhase_480_com.android.server.SensorNotificationService
03-22 02:41:25.864 1206 1206 I SystemServerTiming: OnBootPhase_480_com.android.server.emergency.EmergencyAffordanceService
03-22 02:41:25.864 1206 1206 I SystemServerTiming: OnBootPhase_480_com.android.server.blob.BlobStoreManagerService
03-22 02:41:25.864 1206 1206 I SystemServerTiming: OnBootPhase_480_com.android.server.dreams.DreamManagerService
03-22 02:41:25.864 1206 1206 I SystemServerTiming: OnBootPhase_480_com.android.server.companion.CompanionDeviceManagerService
03-22 02:41:25.864 1206 1206 I SystemServerTiming: OnBootPhase_480_com.android.server.restrictions.RestrictionsManagerService
03-22 02:41:25.864 1206 1206 I SystemServerTiming: OnBootPhase_480_com.android.server.media.MediaSessionService
03-22 02:41:25.864 1206 1206 I SystemServerTiming: OnBootPhase_480_com.android.server.media.MediaResourceMonitorService
03-22 02:41:25.864 1206 1206 I SystemServerTiming: OnBootPhase_480_com.android.server.biometrics.sensors.fingerprint.FingerprintService
03-22 02:41:25.864 1206 1206 I SystemServerTiming: OnBootPhase_480_com.android.server.biometrics.BiometricService
03-22 02:41:25.864 1206 1206 I SystemServerTiming: OnBootPhase_480_com.android.server.biometrics.AuthService
03-22 02:41:25.864 1206 1206 I SystemServerTiming: OnBootPhase_480_com.android.server.pm.ShortcutService$Lifecycle
03-22 02:41:25.865 1206 1206 I SystemServerTiming: OnBootPhase_480_com.android.server.pm.LauncherAppsService
03-22 02:41:25.865 1206 1206 I SystemServerTiming: OnBootPhase_480_com.android.server.pm.CrossProfileAppsService
03-22 02:41:25.865 1206 1206 I SystemServerTiming: OnBootPhase_480_com.android.server.people.PeopleService
03-22 02:41:25.865 1206 1206 I SystemServerTiming: OnBootPhase_480_com.android.server.media.metrics.MediaMetricsManagerService
03-22 02:41:25.865 1206 1206 I SystemServerTiming: OnBootPhase_480_com.android.server.media.projection.MediaProjectionManagerService
03-22 02:41:25.865 1206 1206 I SystemServerTiming: OnBootPhase_480_com.android.server.slice.SliceManagerService$Lifecycle
03-22 02:41:25.865 1206 1206 I SystemServerTiming: OnBootPhase_480_com.android.server.stats.StatsCompanion$Lifecycle
03-22 02:41:25.865 1206 1206 I SystemServerTiming: OnBootPhase_480_com.android.server.scheduling.RebootReadinessManagerService$Lifecycle
03-22 02:41:25.865 1206 1206 I SystemServerTiming: OnBootPhase_480_com.android.server.stats.pull.StatsPullAtomService
03-22 02:41:25.865 1206 1206 I SystemServerTiming: OnBootPhase_480_com.android.server.incident.IncidentCompanionService
03-22 02:41:25.865 1206 1206 I SystemServerTiming: OnBootPhase_480_com.android.server.MmsServiceBroker
03-22 02:41:25.865 1206 1206 I SystemServerTiming: OnBootPhase_480_com.android.server.autofill.AutofillManagerService
03-22 02:41:25.865 1206 1206 I SystemServerTiming: OnBootPhase_480_com.android.server.clipboard.ClipboardService
03-22 02:41:25.865 1206 1206 I SystemServerTiming: OnBootPhase_480_com.android.server.appbinding.AppBindingService$Lifecycle
03-22 02:41:25.865 1206 1206 I SystemServerTiming: OnBootPhase_480_com.android.server.tracing.TracingServiceProxy
03-22 02:41:25.865 1206 1206 I SystemServerTiming: StartBootPhaseSystemServicesReady
03-22 02:41:25.865 1206 1206 I SystemServiceManager: Starting phase 500
03-22 02:41:25.865 1206 1206 I SystemServerTiming: OnBootPhase_500
03-22 02:41:25.865 1206 1206 I SystemServerTiming: OnBootPhase_500_com.android.server.security.FileIntegrityService
03-22 02:41:25.865 1206 1206 I SystemServerTiming: OnBootPhase_500_com.android.server.pm.Installer
03-22 02:41:25.865 1206 1206 I SystemServerTiming: OnBootPhase_500_com.android.server.os.DeviceIdentifiersPolicyService
03-22 02:41:25.866 1206 1206 I SystemServerTiming: OnBootPhase_500_com.android.server.uri.UriGrantsManagerService$Lifecycle
03-22 02:41:25.866 1206 1206 I SystemServerTiming: OnBootPhase_500_com.android.server.powerstats.PowerStatsService
03-22 02:41:25.866 1206 1206 E StatsPullAtomCallbackImpl: Failed to start PowerStatsService statsd pullers
03-22 02:41:25.866 1206 1206 I SystemServerTiming: OnBootPhase_500_com.android.server.wm.ActivityTaskManagerService$Lifecycle
03-22 02:41:25.866 1206 1206 I SystemServerTiming: OnBootPhase_500_com.android.server.am.ActivityManagerService$Lifecycle
03-22 02:41:25.867 1206 1206 E BatteryStatsService: Could not register PowerStatsInternal
03-22 02:41:25.869 1206 1206 I SystemServerTiming: OnBootPhase_500_com.android.server.pm.DataLoaderManagerService
03-22 02:41:25.869 1206 1206 I SystemServerTiming: OnBootPhase_500_com.android.server.power.PowerManagerService
03-22 02:41:25.869 1206 1206 I SystemServerTiming: OnBootPhase_500_com.android.server.power.ThermalManagerService
03-22 02:41:25.869 1206 1206 I SystemServerTiming: OnBootPhase_500_com.android.server.power.hint.HintManagerService
03-22 02:41:25.869 1206 1206 V HintManagerService: Initializing HintManager service...
03-22 02:41:25.869 1206 1206 V HistoricalRegistry: Interaction before persistence initialized
03-22 02:41:25.869 1206 1206 I SystemServerTiming: OnBootPhase_500_com.android.server.recoverysystem.RecoverySystemService$Lifecycle
03-22 02:41:25.869 1206 1206 I SystemServerTiming: OnBootPhase_500_com.android.server.lights.LightsService
03-22 02:41:25.869 1206 1206 I SystemServerTiming: OnBootPhase_500_com.android.server.display.DisplayManagerService
03-22 02:41:25.869 1206 1206 I SystemServerTiming: OnBootPhase_500_com.android.server.pm.verify.domain.DomainVerificationService
03-22 02:41:25.869 1206 1206 I SystemServerTiming: OnBootPhase_500_com.android.server.pm.PackageInstallerService$Lifecycle
03-22 02:41:25.869 1206 1206 I SystemServerTiming: OnBootPhase_500_com.android.server.pm.UserManagerService$LifeCycle
03-22 02:41:25.869 1206 1206 I SystemServerTiming: OnBootPhase_500_com.android.server.om.OverlayManagerService
03-22 02:41:25.869 1206 1206 I SystemServerTiming: OnBootPhase_500_com.android.server.SensorPrivacyService
03-22 02:41:25.870 1206 1206 I SystemServerTiming: OnBootPhase_500_com.android.server.thunderperf.ThunderBoostPerfService
03-22 02:41:25.870 1206 1206 I SystemServerTiming: OnBootPhase_500_com.android.server.sensors.SensorService
03-22 02:41:25.870 1206 1206 I SystemServerTiming: OnBootPhase_500_com.android.server.SystemConfigService
03-22 02:41:25.870 1206 1206 I SystemServerTiming: OnBootPhase_500_com.android.server.BatteryService
03-22 02:41:25.870 1206 1206 I SystemServerTiming: OnBootPhase_500_com.android.server.usage.UsageStatsService
03-22 02:41:25.871 1206 1206 D AppStandbyController: Setting app idle enabled state
03-22 02:41:25.873 1206 1206 V HistoricalRegistry: Interaction before persistence initialized
03-22 02:41:25.873 1206 1206 I SystemServerTiming: OnBootPhase_500_com.android.server.webkit.WebViewUpdateService
03-22 02:41:25.873 1206 1206 I SystemServerTiming: OnBootPhase_500_com.android.server.CachedDeviceStateService
03-22 02:41:25.873 1206 1206 I SystemServerTiming: OnBootPhase_500_com.android.server.BinderCallsStatsService$LifeCycle
03-22 02:41:25.875 1206 1206 I SystemServerTiming: OnBootPhase_500_com.android.server.LooperStatsService$Lifecycle
03-22 02:41:25.875 1206 1206 I SystemServerTiming: OnBootPhase_500_com.android.server.rollback.RollbackManagerService
03-22 02:41:25.875 1206 1206 I SystemServerTiming: OnBootPhase_500_com.android.server.os.NativeTombstoneManagerService
03-22 02:41:25.875 1206 1206 I SystemServerTiming: OnBootPhase_500_com.android.server.os.BugreportManagerService
03-22 02:41:25.875 1206 1206 I SystemServerTiming: OnBootPhase_500_com.android.server.gpu.GpuService
03-22 02:41:25.875 1206 1206 I SystemServerTiming: OnBootPhase_500_com.android.server.security.KeyChainSystemService
03-22 02:41:25.875 1206 1206 I SystemServerTiming: OnBootPhase_500_com.android.server.telecom.TelecomLoaderService
03-22 02:41:25.875 1206 1206 I SystemServerTiming: OnBootPhase_500_com.android.server.accounts.AccountManagerService$Lifecycle
03-22 02:41:25.875 1206 1206 I SystemServerTiming: OnBootPhase_500_com.android.server.content.ContentService$Lifecycle
03-22 02:41:25.875 1206 1206 I SystemServerTiming: OnBootPhase_500_com.android.server.DropBoxManagerService
