03-22 02:42:42.865 3926 3926 E vota : [d56fc4f8]: [vota]: [lock_profiler]: lock: 0xb400007069686f54, name: native_large_allocator, occupied: 0
03-22 02:42:42.865 3926 3926 E vota : [d56fc4f8]: [vota]: [small_allocator]:
03-22 02:42:42.865 3926 3926 E vota : [d56fc4f8]: [vota]: [static_fixed_pool]: [16]: peak_size: 288, wast_rate: 4074/10000, pred_failed: 0, item_maxn: 245, free_count: 18, malloc_count: 18
03-22 02:42:42.865 3926 3926 E vota : [d56fc4f8]: [vota]: [static_fixed_pool]: [96]: peak_size: 2208, wast_rate: 1028/10000, pred_failed: 0, item_maxn: 248, free_count: 23, malloc_count: 23
03-22 02:42:42.865 3926 3926 E vota : [d56fc4f8]: [vota]: [static_fixed_pool]: [128]: peak_size: 9216, wast_rate: 791/10000, pred_failed: 0, item_maxn: 249, free_count: 72, malloc_count: 72
03-22 02:42:42.865 3926 3926 E vota : [d56fc4f8]: [vota]: [static_fixed_pool]: [192]: peak_size: 2112, wast_rate: 541/10000, pred_failed: 0, item_maxn: 250, free_count: 11, malloc_count: 11
03-22 02:42:42.865 3926 3926 E vota : [d56fc4f8]: [vota]: [static_fixed_pool]: [256]: peak_size: 256, wast_rate: 411/10000, pred_failed: 0, item_maxn: 251, free_count: 1, malloc_count: 1
03-22 02:42:42.865 3926 3926 E vota : [d56fc4f8]: [vota]: [static_fixed_pool]: [384]: peak_size: 5376, wast_rate: 278/10000, pred_failed: 0, item_maxn: 252, free_count: 14, malloc_count: 14
03-22 02:42:42.865 3926 3926 E vota : [d56fc4f8]: [vota]: [static_fixed_pool]: [512]: peak_size: 5632, wast_rate: 210/10000, pred_failed: 0, item_maxn: 253, free_count: 11, malloc_count: 11
03-22 02:42:42.865 3926 3926 E vota : [d56fc4f8]: [vota]: [static_fixed_pool]: [1024]: peak_size: 2048, wast_rate: 106/10000, pred_failed: 0, item_maxn: 254, free_count: 2, malloc_count: 2
03-22 02:42:42.865 3926 3926 E vota : [d56fc4f8]: [vota]: [native_large_allocator]:
03-22 02:42:42.865 3926 3926 E vota : [d56fc4f8]: [vota]: [native_large_allocator]: peak_size: 3373986
03-22 02:42:42.865 3926 3926 E vota : [d56fc4f8]: [vota]: [native_large_allocator]: wast_rate: 4/10000
03-22 02:42:42.865 3926 3926 E vota : [d56fc4f8]: [vota]: [native_large_allocator]: free_count: 52
03-22 02:42:42.865 3926 3926 E vota : [d56fc4f8]: [vota]: [native_large_allocator]: malloc_count: 52
03-22 02:42:42.865 3926 3926 E vota : [d56fc4f8]: [vota]: [native_large_allocator]: ralloc_count: 0
03-22 02:42:42.865 3926 3926 E vota : [d56fc4f8]: [vota]: exit: ok
01-01 08:01:29.521 0 0 I init : Service 'hht_ota_mgr_service' (pid 3926) exited with status 0
01-01 08:01:29.521 0 0 I init : Sending signal 9 to service 'hht_ota_mgr_service' (pid 3926) process group...
01-01 08:01:29.521 0 0 I libprocessgroup: Successfully killed process cgroup uid 0 pid 3926 in 0ms
03-22 02:42:43.043 2757 2757 W hpplay-java: [main]:IPManager:getActiveNets invalid networkInfo:null
03-22 02:42:43.043 2757 2757 I hpplay-java: [main]:IPManager:getActiveNets eth0:false wifi:false mobile:false ap:false
03-22 02:42:43.043 2757 2757 I hpplay-java: [main]:ServerTaskManager:get local ip:null
03-22 02:42:43.310 645 660 I mpu_uart: [MSG-P:RECV]:No message received in 1000 ms
03-22 02:42:43.663 1337 1453 E tlogd : [TzLogger](isPathReadable) file /sys/kernel/debug/tzdbg/qsee_log isn't exist or no permission, err: No such file or directory
03-22 02:42:43.663 1337 1453 E tlogd : [TzLogger](saveTzlogAsync) /sys/kernel/debug/tzdbg/qsee_log can not read.
03-22 02:42:43.663 1337 1453 E tlogd : [TzLogger](isPathReadable) file /sys/kernel/debug/tzdbg/log isn't exist or no permission, err: No such file or directory
03-22 02:42:43.663 1337 1453 E tlogd : [TzLogger](saveTzlogAsync) /sys/kernel/debug/tzdbg/log can not read.
03-22 02:42:44.046 2757 2757 W hpplay-java: [main]:IPManager:getActiveNets invalid networkInfo:null
03-22 02:42:44.046 2757 2757 I hpplay-java: [main]:IPManager:getActiveNets eth0:false wifi:false mobile:false ap:false
03-22 02:42:44.046 2757 2757 I hpplay-java: [main]:ServerTaskManager:get local ip:null
03-22 02:42:44.247 1206 1221 W InputDispatcher: Pruning the input queue because ActivityRecord{853e7d5 u0 com.android.systemui/.usb.UsbDebuggingActivity t8} is unresponsive, but we have a responsive gesture monitor that may handle the event
03-22 02:42:44.248 1206 1736 W InputDispatcher: Asynchronous input event injection failed.
03-22 02:42:44.248 1206 1736 I InputDispatcher: Dropped event because the current application is not responding and the user has started interacting with a different application.
03-22 02:42:44.249 1206 1736 W InputDispatcher: Asynchronous input event injection failed.
03-22 02:42:44.249 1206 1736 I InputDispatcher: Dropped event because the current application is not responding and the user has started interacting with a different application.
03-22 02:42:44.249 1206 1736 W InputDispatcher: Asynchronous input event injection failed.
03-22 02:42:44.249 1206 1736 I InputDispatcher: Dropped event because the current application is not responding and the user has started interacting with a different application.
03-22 02:42:44.250 1206 1736 W InputDispatcher: Asynchronous input event injection failed.
03-22 02:42:44.250 1206 1736 I InputDispatcher: Dropped event because the current application is not responding and the user has started interacting with a different application.
03-22 02:42:44.250 1206 1736 W InputDispatcher: Asynchronous input event injection failed.
03-22 02:42:44.250 1206 1736 I InputDispatcher: Dropped event because the current application is not responding and the user has started interacting with a different application.
03-22 02:42:44.251 1206 1736 W InputDispatcher: Asynchronous input event injection failed.
03-22 02:42:44.251 1206 1736 I InputDispatcher: Dropped event because the current application is not responding and the user has started interacting with a different application.
03-22 02:42:44.252 1206 1736 W InputDispatcher: Asynchronous input event injection failed.
03-22 02:42:44.252 1206 1736 I InputDispatcher: Dropped event because the current application is not responding and the user has started interacting with a different application.
03-22 02:42:44.252 1206 1736 W InputDispatcher: Asynchronous input event injection failed.
03-22 02:42:44.252 1206 1736 I InputDispatcher: Dropped event because the current application is not responding and the user has started interacting with a different application.
03-22 02:42:44.253 1206 1736 W InputDispatcher: Asynchronous input event injection failed.
03-22 02:42:44.253 1206 1736 I InputDispatcher: Dropped event because the current application is not responding and the user has started interacting with a different application.
03-22 02:42:44.253 1206 1736 W InputDispatcher: Asynchronous input event injection failed.
03-22 02:42:44.253 1206 1736 I InputDispatcher: Dropped event because the current application is not responding and the user has started interacting with a different application.
03-22 02:42:44.254 1206 1736 W InputDispatcher: Asynchronous input event injection failed.
03-22 02:42:44.254 1206 1736 I InputDispatcher: Dropped event because the current application is not responding and the user has started interacting with a different application.
03-22 02:42:44.254 1206 1736 W InputDispatcher: Asynchronous input event injection failed.
03-22 02:42:44.254 1206 1736 I InputDispatcher: Dropped event because the current application is not responding and the user has started interacting with a different application.
03-22 02:42:44.255 1206 1736 W InputDispatcher: Asynchronous input event injection failed.
03-22 02:42:44.255 1206 1736 I InputDispatcher: Dropped event because the current application is not responding and the user has started interacting with a different application.
03-22 02:42:44.310 645 660 I mpu_uart: [MSG-P:RECV]:No message received in 1000 ms
03-22 02:42:44.348 645 659 I mpu_uart: [MSG-P:R]:recv sync frame timeout
03-22 02:42:44.428 1237 1237 I CNSS : cnss_open_log_file: create directory /data/vendor/wifi/wlan_logs/ ret = -1 errno= 17
03-22 02:42:44.428 1237 1237 I CNSS : failed to open file a+ mode or file size 0 is less than max_file_size 31457280
03-22 02:42:44.428 1237 1237 I CNSS : Failed to open file /data/vendor/wifi/wlan_logs/host_driver_logs_current.txt: 13
03-22 02:42:44.423 1237 1237 W cnss_diag: type=1400 audit(0.0:382): avc: denied { getattr } for path="/data/vendor/wifi/wlan_logs" dev="dm-10" ino=384 scontext=u:r:vendor_wcnss_service:s0 tcontext=u:object_r:vendor_wifi_vendor_log_data_file:s0 tclass=dir permissive=0
03-22 02:42:44.423 1237 1237 W cnss_diag: type=1400 audit(0.0:383): avc: denied { read } for name="wlan_logs" dev="dm-10" ino=384 scontext=u:r:vendor_wcnss_service:s0 tcontext=u:object_r:vendor_wifi_vendor_log_data_file:s0 tclass=dir permissive=0
03-22 02:42:44.423 1237 1237 W cnss_diag: type=1400 audit(0.0:384): avc: denied { search } for name="wlan_logs" dev="dm-10" ino=384 scontext=u:r:vendor_wcnss_service:s0 tcontext=u:object_r:vendor_wifi_vendor_log_data_file:s0 tclass=dir permissive=0
03-22 02:42:44.448 1206 1221 W InputDispatcher: Pruning the input queue because ActivityRecord{853e7d5 u0 com.android.systemui/.usb.UsbDebuggingActivity t8} is unresponsive, but we have a responsive gesture monitor that may handle the event
03-22 02:42:44.448 1206 1736 W InputDispatcher: Asynchronous input event injection failed.
03-22 02:42:44.448 1206 1736 I InputDispatcher: Dropped event because the current application is not responding and the user has started interacting with a different application.
03-22 02:42:44.448 1206 1736 W InputDispatcher: Asynchronous input event injection failed.
03-22 02:42:44.448 1206 1736 I InputDispatcher: Dropped event because the current application is not responding and the user has started interacting with a different application.
03-22 02:42:44.623 1206 1221 W InputDispatcher: Pruning the input queue because ActivityRecord{853e7d5 u0 com.android.systemui/.usb.UsbDebuggingActivity t8} is unresponsive, but we have a responsive gesture monitor that may handle the event
03-22 02:42:45.048 2757 2757 W hpplay-java: [main]:IPManager:getActiveNets invalid networkInfo:null
03-22 02:42:45.048 2757 2757 I hpplay-java: [main]:IPManager:getActiveNets eth0:false wifi:false mobile:false ap:false
03-22 02:42:45.048 2757 2757 I hpplay-java: [main]:ServerTaskManager:get local ip:null
03-22 02:42:45.311 645 660 I mpu_uart: [MSG-P:RECV]:No message received in 1000 ms
01-01 08:01:32.073 0 0 E DTC_ETH,link_delay_work_func: 3003, SQI=0, link=0
03-22 02:42:45.944 1206 1221 W InputDispatcher: Pruning the input queue because ActivityRecord{853e7d5 u0 com.android.systemui/.usb.UsbDebuggingActivity t8} is unresponsive, but we have a responsive gesture monitor that may handle the event
03-22 02:42:46.050 2757 2757 W hpplay-java: [main]:IPManager:getActiveNets invalid networkInfo:null
03-22 02:42:46.050 2757 2757 I hpplay-java: [main]:IPManager:getActiveNets eth0:false wifi:false mobile:false ap:false
03-22 02:42:46.050 2757 2757 I hpplay-java: [main]:ServerTaskManager:get local ip:null
03-22 02:42:46.147 1206 1221 W InputDispatcher: Pruning the input queue because ActivityRecord{853e7d5 u0 com.android.systemui/.usb.UsbDebuggingActivity t8} is unresponsive, but we have a responsive gesture monitor that may handle the event
03-22 02:42:46.311 645 660 I mpu_uart: [MSG-P:RECV]:No message received in 1000 ms
03-22 02:42:46.312 1206 1221 W InputDispatcher: Pruning the input queue because ActivityRecord{853e7d5 u0 com.android.systemui/.usb.UsbDebuggingActivity t8} is unresponsive, but we have a responsive gesture monitor that may handle the event
03-22 02:42:46.495 1206 1221 W InputDispatcher: Pruning the input queue because ActivityRecord{853e7d5 u0 com.android.systemui/.usb.UsbDebuggingActivity t8} is unresponsive, but we have a responsive gesture monitor that may handle the event
03-22 02:42:46.671 1206 1221 W InputDispatcher: Pruning the input queue because ActivityRecord{853e7d5 u0 com.android.systemui/.usb.UsbDebuggingActivity t8} is unresponsive, but we have a responsive gesture monitor that may handle the event
03-22 02:42:46.888 2315 2315 D RemoteControlService: startVlanDispatchThread
03-22 02:42:47.052 2757 2757 W hpplay-java: [main]:IPManager:getActiveNets invalid networkInfo:null
03-22 02:42:47.053 2757 2757 I hpplay-java: [main]:IPManager:getActiveNets eth0:false wifi:false mobile:false ap:false
03-22 02:42:47.053 2757 2757 I hpplay-java: [main]:ServerTaskManager:get local ip:null
03-22 02:42:47.312 645 660 I mpu_uart: [MSG-P:RECV]:No message received in 1000 ms
03-22 02:42:47.351 645 659 I mpu_uart: [MSG-P:R]:recv sync frame timeout
03-22 02:42:47.428 1237 1237 I CNSS : cnss_open_log_file: create directory /data/vendor/wifi/wlan_logs/ ret = -1 errno= 17
03-22 02:42:47.429 1237 1237 I CNSS : failed to open file a+ mode or file size 0 is less than max_file_size 31457280
03-22 02:42:47.429 1237 1237 I CNSS : Failed to open file /data/vendor/wifi/wlan_logs/host_driver_logs_current.txt: 13
03-22 02:42:47.427 1237 1237 W cnss_diag: type=1400 audit(0.0:385): avc: denied { getattr } for path="/data/vendor/wifi/wlan_logs" dev="dm-10" ino=384 scontext=u:r:vendor_wcnss_service:s0 tcontext=u:object_r:vendor_wifi_vendor_log_data_file:s0 tclass=dir permissive=0
03-22 02:42:47.427 1237 1237 W cnss_diag: type=1400 audit(0.0:386): avc: denied { read } for name="wlan_logs" dev="dm-10" ino=384 scontext=u:r:vendor_wcnss_service:s0 tcontext=u:object_r:vendor_wifi_vendor_log_data_file:s0 tclass=dir permissive=0
03-22 02:42:47.427 1237 1237 W cnss_diag: type=1400 audit(0.0:387): avc: denied { search } for name="wlan_logs" dev="dm-10" ino=384 scontext=u:r:vendor_wcnss_service:s0 tcontext=u:object_r:vendor_wifi_vendor_log_data_file:s0 tclass=dir permissive=0
03-22 02:42:47.765 1206 1736 I WindowManager: ANR in ActivityRecord{853e7d5 u0 com.android.systemui/.usb.UsbDebuggingActivity t8}. Reason: Application does not have a focused window
01-01 08:01:34.435 0 0 I init : starting service 'hht_ota_mgr_service'...
03-22 02:42:47.826 3927 3927 E vota : [ad2844f8]: [vota]: init: ..
03-22 02:42:47.827 3927 3927 E vota : [ad2844f8]: [vota]: [warning]: the java machine be not inited, please pass it to the tb_init function! at tb_android_init_env(): 43, src/vota/platform/android/android.c
03-22 02:42:47.827 3927 3927 E vota : [ad2844f8]: [vota]: version: tbox_v1_6_7_202302251411_arm64-v8a_elf by Android (8481493, based on r416183c2) Clang 12.0.9 (https://android.googlesource.com/toolchain/llvm-project c935d99d7cf2016289302412d708641d52d2f7ee)
03-22 02:42:47.827 3927 3927 E vota : [ad2844f8]: [vota]: init: ok
03-22 02:42:47.827 3927 3927 E vota : [ad2844f8]: [vota]: [scheduler]: start ..
03-22 02:42:47.827 3927 3927 E vota : [ad2844f8]: [vota]: [coroutine]: init 0x77abca7158
03-22 02:42:47.827 3927 3927 E vota : [ad2844f8]: [vota]: [scheduler]: start ok
03-22 02:42:47.827 3927 3927 E vota : [ad2844f8]: [vota]: [scheduler]: switch to coroutine(0x77abca7158) from coroutine(0x77abd94ca0)
03-22 02:42:47.827 3927 3927 E vota : [ad2844f8]: [vota]: [coroutine]: entry: 0x77abca7158 stack: 0x77abca71b8 - 0x77abce71b8 from coroutine(0x77abd94ca0)
03-22 02:42:47.828 3927 3927 I hiphi_update_api: Hh_GetVersion calling ......
03-22 02:42:47.828 3927 3927 I hiphi_update_api: get version:01.00.C101_20230322_private_user藰倜a
03-22 02:42:47.828 3927 3927 I hiphi_update_api: Hh_GetVersion ret:0
03-22 02:42:47.828 1206 1736 D CompatibilityChangeReporter: Compat change id reported: 174042980; UID 1000; state: DISABLED
03-22 02:42:47.829 1206 1736 D CompatibilityChangeReporter: Compat change id reported: 181136395; UID 1000; state: DISABLED
03-22 02:42:47.829 1206 1736 D CompatibilityChangeReporter: Compat change id reported: 174042936; UID 1000; state: DISABLED
03-22 02:42:47.830 1206 1736 D CompatibilityChangeReporter: Compat change id reported: 184838306; UID 1000; state: DISABLED
03-22 02:42:47.830 1206 1736 D CompatibilityChangeReporter: Compat change id reported: 185004937; UID 1000; state: DISABLED
03-22 02:42:47.867 3927 3927 W hht_ota_mgr: type=1400 audit(0.0:388): avc: denied { read append } for name="NvmSim_yy.dat" dev="dm-10" ino=391 scontext=u:r:hht_ota_mgr:s0 tcontext=u:object_r:system_data_file:s0 tclass=file permissive=0
03-22 02:42:47.872 3927 3927 E vota : [ad2844f8]: [vota]: [scheduler]: finish coroutine(0x77abca7158)
03-22 02:42:47.872 3927 3927 E vota : [ad2844f8]: [vota]: [scheduler]: switch to original coroutine
03-22 02:42:47.872 3927 3927 E vota : [ad2844f8]: [vota]: [scheduler]: switch to coroutine(0x77abd94ca0) from coroutine(0x77abca7158)
03-22 02:42:47.872 3927 3927 E vota : [ad2844f8]: [vota]: [scheduler]: [loop]: ready 0
03-22 02:42:47.872 3927 3927 E vota : [ad2844f8]: [vota]: [coroutine]: exit: 0x77abca7158
03-22 02:42:47.872 3927 3927 E vota : [ad2844f8]: [vota]: [lock_profiler]:
03-22 02:42:47.872 3927 3927 E vota : [ad2844f8]: [vota]: [lock_profiler]: lock: 0xb40000755200feac, name: allocator, occupied: 0
03-22 02:42:47.872 3927 3927 E vota : [ad2844f8]: [vota]: [lock_profiler]: lock: 0xb4000075420079f4, name: native_large_allocator, occupied: 0
03-22 02:42:47.872 3927 3927 E vota : [ad2844f8]: [vota]: [small_allocator]:
03-22 02:42:47.872 3927 3927 E vota : [ad2844f8]: [vota]: [static_fixed_pool]: [16]: peak_size: 288, wast_rate: 4074/10000, pred_failed: 0, item_maxn: 245, free_count: 18, malloc_count: 18
03-22 02:42:47.872 3927 3927 E vota : [ad2844f8]: [vota]: [static_fixed_pool]: [96]: peak_size: 2208, wast_rate: 1028/10000, pred_failed: 0, item_maxn: 248, free_count: 23, malloc_count: 23
03-22 02:42:47.872 3927 3927 E vota : [ad2844f8]: [vota]: [static_fixed_pool]: [128]: peak_size: 9216, wast_rate: 791/10000, pred_failed: 0, item_maxn: 249, free_count: 72, malloc_count: 72
03-22 02:42:47.872 3927 3927 E vota : [ad2844f8]: [vota]: [static_fixed_pool]: [192]: peak_size: 2112, wast_rate: 541/10000, pred_failed: 0, item_maxn: 250, free_count: 11, malloc_count: 11
03-22 02:42:47.872 3927 3927 E vota : [ad2844f8]: [vota]: [static_fixed_pool]: [256]: peak_size: 256, wast_rate: 411/10000, pred_failed: 0, item_maxn: 251, free_count: 1, malloc_count: 1
03-22 02:42:47.872 3927 3927 E vota : [ad2844f8]: [vota]: [static_fixed_pool]: [384]: peak_size: 5376, wast_rate: 278/10000, pred_failed: 0, item_maxn: 252, free_count: 14, malloc_count: 14
03-22 02:42:47.872 3927 3927 E vota : [ad2844f8]: [vota]: [static_fixed_pool]: [512]: peak_size: 5632, wast_rate: 210/10000, pred_failed: 0, item_maxn: 253, free_count: 11, malloc_count: 11
03-22 02:42:47.872 3927 3927 E vota : [ad2844f8]: [vota]: [static_fixed_pool]: [1024]: peak_size: 2048, wast_rate: 106/10000, pred_failed: 0, item_maxn: 254, free_count: 2, malloc_count: 2
03-22 02:42:47.872 3927 3927 E vota : [ad2844f8]: [vota]: [native_large_allocator]:
03-22 02:42:47.872 3927 3927 E vota : [ad2844f8]: [vota]: [native_large_allocator]: peak_size: 3373986
03-22 02:42:47.872 3927 3927 E vota : [ad2844f8]: [vota]: [native_large_allocator]: wast_rate: 4/10000
03-22 02:42:47.872 3927 3927 E vota : [ad2844f8]: [vota]: [native_large_allocator]: free_count: 52
03-22 02:42:47.873 3927 3927 E vota : [ad2844f8]: [vota]: [native_large_allocator]: malloc_count: 52
03-22 02:42:47.873 3927 3927 E vota : [ad2844f8]: [vota]: [native_large_allocator]: ralloc_count: 0
03-22 02:42:47.873 3927 3927 E vota : [ad2844f8]: [vota]: exit: ok
01-01 08:01:34.529 0 0 I init : Service 'hht_ota_mgr_service' (pid 3927) exited with status 0
01-01 08:01:34.529 0 0 I init : Sending signal 9 to service 'hht_ota_mgr_service' (pid 3927) process group...
01-01 08:01:34.529 0 0 I libprocessgroup: Successfully killed process cgroup uid 0 pid 3927 in 0ms
03-22 02:42:47.889 1206 3928 W ProcessCpuTracker: Failed to stat(/proc/3927): android.system.ErrnoException: stat failed: ENOENT (No such file or directory)
03-22 02:42:47.889 1206 3928 W ProcessCpuTracker: Skipping unknown process pid 3927
03-22 02:42:47.901 1206 3928 I android_os_HwBinder: HwBinder: Starting thread pool for getting: android.hidl.manager@1.0::IServiceManager/default
03-22 02:42:47.916 1206 3928 I ActivityManager: dumpStackTraces pids={1988=true, 2397=true, 2408=true, 2431=true, 2538=true, 2566=true, 2878=true, 2881=true, 2901=true, 2968=true, 2979=true, 3029=true, 3152=true, 3235=true, 3359=true, 3361=true, 3399=true, 3437=true, 3453=true, 3470=true, 3487=true, 3502=true, 3518=true, 3539=true, 3604=true, 3630=true, 3763=true} nativepids=[1988, 521, 1225, 1238, 664, 857, 665, 1309, 1247, 1248, 802, 995, 1252, 812, 877, 1007, 816, 818, 819, 1268, 821, 570, 827, 571, 1342]
03-22 02:42:48.055 2757 2757 W hpplay-java: [main]:IPManager:getActiveNets invalid networkInfo:null
03-22 02:42:48.056 2757 2757 I hpplay-java: [main]:IPManager:getActiveNets eth0:false wifi:false mobile:false ap:false
03-22 02:42:48.056 2757 2757 I hpplay-java: [main]:ServerTaskManager:get local ip:null
03-22 02:42:48.244 1206 3928 I ActivityManager: Skipping next CPU consuming process, not a java proc: 1206
03-22 02:42:48.244 1206 3928 I ActivityManager: Skipping next CPU consuming process, not a java proc: 281
03-22 02:42:48.244 1206 3928 I ActivityManager: Skipping next CPU consuming process, not a java proc: 387
03-22 02:42:48.245 1206 3928 I ActivityManager: Dumping to /data/anr/anr_2023-03-22-02-42-48-245
03-22 02:42:48.245 1206 3928 I ActivityManager: Collecting stacks for pid 2002
03-22 02:42:48.246 1206 3928 I system_server: libdebuggerd_client: started dumping process 2002
03-22 02:42:48.247 626 626 I tombstoned: registered intercept for pid 2002 and type kDebuggerdJavaBacktrace
03-22 02:42:48.249 2002 2011 I ndroid.systemu: Thread[6,tid=2011,WaitingInMainSignalCatcherLoop,Thread*=0xb400007d5740ef50,peer=0x142801c0,"Signal Catcher"]: reacting to signal 3
03-22 02:42:48.249 2002 2011 I ndroid.systemu:
03-22 02:42:48.312 645 660 I mpu_uart: [MSG-P:RECV]:No message received in 1000 ms
03-22 02:42:48.390 626 626 I tombstoned: received crash request for pid 2002
03-22 02:42:48.390 626 626 I tombstoned: found intercept fd 512 for pid 2002 and type kDebuggerdJavaBacktrace
03-22 02:42:48.390 2002 2011 I ndroid.systemu: Wrote stack traces to tombstoned
03-22 02:42:48.390 626 626 W tombstoned: missing output fd
03-22 02:42:48.391 1206 3928 I system_server: libdebuggerd_client: done dumping process 2002
03-22 02:42:48.393 1206 3928 I ActivityManager: Collecting stacks for pid 1206
03-22 02:42:48.394 1206 3928 I system_server: libdebuggerd_client: started dumping process 1206
03-22 02:42:48.395 626 626 I tombstoned: registered intercept for pid 1206 and type kDebuggerdJavaBacktrace
03-22 02:42:48.395 1206 1213 I system_server: Thread[2,tid=1213,WaitingInMainSignalCatcherLoop,Thread*=0xb400007d574126f0,peer=0x145c0000,"Signal Catcher"]: reacting to signal 3
03-22 02:42:48.395 1206 1213 I system_server:
03-22 02:42:48.462 1206 1742 I HidlSensorManager: hidl_ssvc_poll: spurious wake up, back to work
03-22 02:42:48.518 626 626 I tombstoned: received crash request for pid 1206
03-22 02:42:48.518 626 626 I tombstoned: found intercept fd 512 for pid 1206 and type kDebuggerdJavaBacktrace
03-22 02:42:48.518 1206 1213 I system_server: Wrote stack traces to tombstoned
03-22 02:42:48.518 626 626 W tombstoned: missing output fd
03-22 02:42:48.518 1206 3928 I system_server: libdebuggerd_client: done dumping process 1206
03-22 02:42:48.522 1206 3928 I ActivityManager: Collecting stacks for pid 2870
03-22 02:42:48.522 1206 3928 I system_server: libdebuggerd_client: started dumping process 2870
03-22 02:42:48.523 626 626 I tombstoned: registered intercept for pid 2870 and type kDebuggerdJavaBacktrace
03-22 02:42:48.523 2870 2913 I kloadclassifie: Thread[6,tid=2913,WaitingInMainSignalCatcherLoop,Thread*=0xb400007d5741b200,peer=0x12d801c0,"Signal Catcher"]: reacting to signal 3
03-22 02:42:48.523 2870 2913 I kloadclassifie:
03-22 02:42:48.569 626 626 I tombstoned: received crash request for pid 2870
03-22 02:42:48.569 626 626 I tombstoned: found intercept fd 512 for pid 2870 and type kDebuggerdJavaBacktrace
03-22 02:42:48.570 2870 2913 I kloadclassifie: Wrote stack traces to tombstoned
03-22 02:42:48.570 626 626 W tombstoned: missing output fd
03-22 02:42:48.570 1206 3928 I system_server: libdebuggerd_client: done dumping process 2870
03-22 02:42:48.572 1206 3928 I ActivityManager: Collecting stacks for pid 2850
03-22 02:42:48.573 1206 3928 I system_server: libdebuggerd_client: started dumping process 2850
03-22 02:42:48.574 626 626 I tombstoned: registered intercept for pid 2850 and type kDebuggerdJavaBacktrace
03-22 02:42:48.574 2850 2867 I .qti.qccnetsta: Thread[4,tid=2867,WaitingInMainSignalCatcherLoop,Thread*=0xb400007d574142c0,peer=0x12dc01c0,"Signal Catcher"]: reacting to signal 3
03-22 02:42:48.574 2850 2867 I .qti.qccnetsta:
03-22 02:42:48.616 626 626 I tombstoned: received crash request for pid 2850
03-22 02:42:48.616 626 626 I tombstoned: found intercept fd 512 for pid 2850 and type kDebuggerdJavaBacktrace
03-22 02:42:48.617 2850 2867 I .qti.qccnetsta: Wrote stack traces to tombstoned
03-22 02:42:48.617 1206 3928 I system_server: libdebuggerd_client: done dumping process 2850
03-22 02:42:48.617 626 626 W tombstoned: missing output fd
03-22 02:42:48.619 1206 3928 I ActivityManager: Collecting stacks for pid 2817
03-22 02:42:48.621 1206 3928 I system_server: libdebuggerd_client: started dumping process 2817
03-22 02:42:48.622 626 626 I tombstoned: registered intercept for pid 2817 and type kDebuggerdJavaBacktrace
03-22 02:42:48.622 2817 2848 I mhelper_servic: Thread[2,tid=2848,WaitingInMainSignalCatcherLoop,Thread*=0x7d5740ef50,peer=0x12e801c0,"Signal Catcher"]: reacting to signal 3
03-22 02:42:48.623 2817 2848 I mhelper_servic:
03-22 02:42:48.663 1337 1453 E tlogd : [TzLogger](isPathReadable) file /sys/kernel/debug/tzdbg/qsee_log isn't exist or no permission, err: No such file or directory
03-22 02:42:48.663 1337 1453 E tlogd : [TzLogger](saveTzlogAsync) /sys/kernel/debug/tzdbg/qsee_log can not read.
03-22 02:42:48.663 1337 1453 E tlogd : [TzLogger](isPathReadable) file /sys/kernel/debug/tzdbg/log isn't exist or no permission, err: No such file or directory
03-22 02:42:48.663 1337 1453 E tlogd : [TzLogger](saveTzlogAsync) /sys/kernel/debug/tzdbg/log can not read.
03-22 02:42:48.670 626 626 I tombstoned: received crash request for pid 2817
03-22 02:42:48.670 626 626 I tombstoned: found intercept fd 512 for pid 2817 and type kDebuggerdJavaBacktrace
03-22 02:42:48.671 2817 2848 I mhelper_servic: Wrote stack traces to tombstoned
03-22 02:42:48.671 626 626 W tombstoned: missing output fd
03-22 02:42:48.671 1206 3928 I system_server: libdebuggerd_client: done dumping process 2817
03-22 02:42:48.673 1206 3928 I ActivityManager: Collecting stacks for pid 2808
03-22 02:42:48.675 1206 3928 I system_server: libdebuggerd_client: started dumping process 2808
03-22 02:42:48.676 626 626 I tombstoned: registered intercept for pid 2808 and type kDebuggerdJavaBacktrace
03-22 02:42:48.676 2808 2832 I .pasr : Thread[2,tid=2832,WaitingInMainSignalCatcherLoop,Thread*=0xb400007d5740ef50,peer=0x12d801c0,"Signal Catcher"]: reacting to signal 3
03-22 02:42:48.677 2808 2832 I .pasr :
03-22 02:42:48.732 626 626 I tombstoned: received crash request for pid 2808
03-22 02:42:48.732 626 626 I tombstoned: found intercept fd 512 for pid 2808 and type kDebuggerdJavaBacktrace
03-22 02:42:48.733 2808 2832 I .pasr : Wrote stack traces to tombstoned
03-22 02:42:48.733 626 626 W tombstoned: missing output fd
03-22 02:42:48.733 1206 3928 I system_server: libdebuggerd_client: done dumping process 2808
03-22 02:42:48.736 1206 3928 I ActivityManager: Collecting stacks for pid 2802
03-22 02:42:48.737 1206 3928 I system_server: libdebuggerd_client: started dumping process 2802
03-22 02:42:48.738 626 626 I tombstoned: registered intercept for pid 2802 and type kDebuggerdJavaBacktrace
03-22 02:42:48.738 2802 2813 I ishowfsecontro: Thread[3,tid=2813,WaitingInMainSignalCatcherLoop,Thread*=0xb400007d5742ac50,peer=0x12dc01c0,"Signal Catcher"]: reacting to signal 3
03-22 02:42:48.738 2802 2813 I ishowfsecontro:
03-22 02:42:48.757 626 626 I tombstoned: received crash request for pid 2802
03-22 02:42:48.757 626 626 I tombstoned: found intercept fd 512 for pid 2802 and type kDebuggerdJavaBacktrace
03-22 02:42:48.757 2802 2813 I ishowfsecontro: Wrote stack traces to tombstoned
03-22 02:42:48.757 626 626 W tombstoned: missing output fd
03-22 02:42:48.757 1206 3928 I system_server: libdebuggerd_client: done dumping process 2802
03-22 02:42:48.760 1206 3928 I ActivityManager: Collecting stacks for pid 2783
03-22 02:42:48.762 1206 3928 I system_server: libdebuggerd_client: started dumping process 2783
03-22 02:42:48.763 626 626 I tombstoned: registered intercept for pid 2783 and type kDebuggerdJavaBacktrace
03-22 02:42:48.763 2783 2792 I ts.car.uart: Thread[4,tid=2792,WaitingInMainSignalCatcherLoop,Thread*=0xb400007d574142c0,peer=0x12e001c0,"Signal Catcher"]: reacting to signal 3
03-22 02:42:48.763 2783 2792 I ts.car.uart:
03-22 02:42:48.810 626 626 I tombstoned: received crash request for pid 2783
03-22 02:42:48.810 626 626 I tombstoned: found intercept fd 512 for pid 2783 and type kDebuggerdJavaBacktrace
03-22 02:42:48.810 2783 2792 I ts.car.uart: Wrote stack traces to tombstoned
03-22 02:42:48.811 1206 3928 I system_server: libdebuggerd_client: done dumping process 2783
03-22 02:42:48.811 626 626 W tombstoned: missing output fd
03-22 02:42:48.813 1206 3928 I ActivityManager: Collecting stacks for pid 2757
03-22 02:42:48.814 1206 3928 I system_server: libdebuggerd_client: started dumping process 2757
03-22 02:42:48.814 626 626 I tombstoned: registered intercept for pid 2757 and type kDebuggerdJavaBacktrace
03-22 02:42:48.815 2757 2768 I om.hht.lebocas: Thread[2,tid=2768,WaitingInMainSignalCatcherLoop,Thread*=0xe5241c10,peer=0x12d801c0,"Signal Catcher"]: reacting to signal 3
03-22 02:42:48.815 2757 2768 I om.hht.lebocas:
03-22 02:42:48.887 626 626 I tombstoned: received crash request for pid 2757
03-22 02:42:48.887 626 626 I tombstoned: found intercept fd 512 for pid 2757 and type kDebuggerdJavaBacktrace
03-22 02:42:48.887 2757 2768 I om.hht.lebocas: Wrote stack traces to tombstoned
03-22 02:42:48.887 626 626 W tombstoned: missing output fd
03-22 02:42:48.887 1206 3928 I system_server: libdebuggerd_client: done dumping process 2757
03-22 02:42:48.890 1206 3928 I ActivityManager: Collecting stacks for pid 2669
03-22 02:42:48.893 1206 3928 I system_server: libdebuggerd_client: started dumping process 2669
03-22 02:42:48.894 626 626 I tombstoned: registered intercept for pid 2669 and type kDebuggerdJavaBacktrace
03-22 02:42:48.894 2669 2686 I alcomm.locatio: Thread[4,tid=2686,WaitingInMainSignalCatcherLoop,Thread*=0xb400007d574142c0,peer=0x12ec01c0,"Signal Catcher"]: reacting to signal 3
03-22 02:42:48.894 2669 2686 I alcomm.locatio:
03-22 02:42:48.945 626 626 I tombstoned: received crash request for pid 2669
03-22 02:42:48.946 626 626 I tombstoned: found intercept fd 512 for pid 2669 and type kDebuggerdJavaBacktrace
03-22 02:42:48.946 2669 2686 I alcomm.locatio: Wrote stack traces to tombstoned
03-22 02:42:48.946 626 626 W tombstoned: missing output fd
03-22 02:42:48.946 1206 3928 I system_server: libdebuggerd_client: done dumping process 2669
03-22 02:42:48.949 1206 3928 I ActivityManager: Collecting stacks for pid 2388
03-22 02:42:48.951 1206 3928 I system_server: libdebuggerd_client: started dumping process 2388
03-22 02:42:48.951 626 626 I tombstoned: registered intercept for pid 2388 and type kDebuggerdJavaBacktrace
03-22 02:42:48.952 2388 2419 I alcomm.qti.qdm: Thread[2,tid=2419,WaitingInMainSignalCatcherLoop,Thread*=0xb400007d5742ac50,peer=0x12f801c0,"Signal Catcher"]: reacting to signal 3
03-22 02:42:48.952 2388 2419 I alcomm.qti.qdm:
03-22 02:42:49.020 626 626 I tombstoned: received crash request for pid 2388
03-22 02:42:49.021 626 626 I tombstoned: found intercept fd 512 for pid 2388 and type kDebuggerdJavaBacktrace
03-22 02:42:49.022 2388 2419 I alcomm.qti.qdm: Wrote stack traces to tombstoned
03-22 02:42:49.022 1206 3928 I system_server: libdebuggerd_client: done dumping process 2388
03-22 02:42:49.022 626 626 W tombstoned: missing output fd
03-22 02:42:49.024 1206 3928 I ActivityManager: Collecting stacks for pid 2335
03-22 02:42:49.025 1206 3928 I system_server: libdebuggerd_client: started dumping process 2335
03-22 02:42:49.026 626 626 I tombstoned: registered intercept for pid 2335 and type kDebuggerdJavaBacktrace
03-22 02:42:49.026 2335 2360 I rcomm.tcservic: Thread[2,tid=2360,WaitingInMainSignalCatcherLoop,Thread*=0xb400007d5742ac50,peer=0x12f003b0,"Signal Catcher"]: reacting to signal 3
03-22 02:42:49.026 2335 2360 I rcomm.tcservic:
03-22 02:42:49.058 2757 2757 W hpplay-java: [main]:IPManager:getActiveNets invalid networkInfo:null
03-22 02:42:49.058 2757 2757 I hpplay-java: [main]:IPManager:getActiveNets eth0:false wifi:false mobile:false ap:false
03-22 02:42:49.058 2757 2757 I hpplay-java: [main]:ServerTaskManager:get local ip:null
03-22 02:42:49.067 626 626 I tombstoned: received crash request for pid 2335
03-22 02:42:49.067 626 626 I tombstoned: found intercept fd 512 for pid 2335 and type kDebuggerdJavaBacktrace
03-22 02:42:49.067 2335 2360 I rcomm.tcservic: Wrote stack traces to tombstoned
03-22 02:42:49.067 626 626 W tombstoned: missing output fd
03-22 02:42:49.067 1206 3928 I system_server: libdebuggerd_client: done dumping process 2335
03-22 02:42:49.070 1206 3928 I ActivityManager: Collecting stacks for pid 2315
03-22 02:42:49.071 1206 3928 I system_server: libdebuggerd_client: started dumping process 2315
03-22 02:42:49.072 626 626 I tombstoned: registered intercept for pid 2315 and type kDebuggerdJavaBacktrace
03-22 02:42:49.072 2315 2370 I econtrolservic: Thread[6,tid=2370,WaitingInMainSignalCatcherLoop,Thread*=0xb400007d5740ef50,peer=0x12ec01c0,"Signal Catcher"]: reacting to signal 3
03-22 02:42:49.072 2315 2370 I econtrolservic:
03-22 02:42:49.114 626 626 I tombstoned: received crash request for pid 2315
03-22 02:42:49.114 626 626 I tombstoned: found intercept fd 512 for pid 2315 and type kDebuggerdJavaBacktrace
03-22 02:42:49.115 2315 2370 I econtrolservic: Wrote stack traces to tombstoned
03-22 02:42:49.115 626 626 W tombstoned: missing output fd
03-22 02:42:49.115 1206 3928 I system_server: libdebuggerd_client: done dumping process 2315
03-22 02:42:49.117 1206 3928 I ActivityManager: Collecting stacks for pid 2292
03-22 02:42:49.119 1206 3928 I system_server: libdebuggerd_client: started dumping process 2292
03-22 02:42:49.120 626 626 I tombstoned: registered intercept for pid 2292 and type kDebuggerdJavaBacktrace
03-22 02:42:49.120 2292 2342 I com.android.se: Thread[4,tid=2342,WaitingInMainSignalCatcherLoop,Thread*=0xb400007d574126f0,peer=0x12e401c0,"Signal Catcher"]: reacting to signal 3
03-22 02:42:49.120 2292 2342 I com.android.se:
03-22 02:42:49.162 626 626 I tombstoned: received crash request for pid 2292
03-22 02:42:49.162 626 626 I tombstoned: found intercept fd 512 for pid 2292 and type kDebuggerdJavaBacktrace
03-22 02:42:49.162 2292 2342 I com.android.se: Wrote stack traces to tombstoned
03-22 02:42:49.163 1206 3928 I system_server: libdebuggerd_client: done dumping process 2292
03-22 02:42:49.163 626 626 W tombstoned: missing output fd
03-22 02:42:49.166 1206 3928 I ActivityManager: Collecting stacks for pid 3081
03-22 02:42:49.168 1206 3928 I system_server: libdebuggerd_client: started dumping process 3081
03-22 02:42:49.168 626 626 I tombstoned: registered intercept for pid 3081 and type kDebuggerdJavaBacktrace
03-22 02:42:49.169 3081 3090 I atisticsservic: Thread[6,tid=3090,WaitingInMainSignalCatcherLoop,Thread*=0xb400007d5741b200,peer=0x12dc01c0,"Signal Catcher"]: reacting to signal 3
03-22 02:42:49.169 3081 3090 I atisticsservic:
03-22 02:42:49.231 626 626 I tombstoned: received crash request for pid 3081
03-22 02:42:49.231 626 626 I tombstoned: found intercept fd 512 for pid 3081 and type kDebuggerdJavaBacktrace
03-22 02:42:49.232 626 626 W tombstoned: missing output fd
03-22 02:42:49.232 3081 3090 I atisticsservic: Wrote stack traces to tombstoned
03-22 02:42:49.232 1206 3928 I system_server: libdebuggerd_client: done dumping process 3081
03-22 02:42:49.234 1206 3928 I ActivityManager: Collecting stacks for pid 2273
03-22 02:42:49.235 1206 3928 I system_server: libdebuggerd_client: started dumping process 2273
03-22 02:42:49.236 626 626 I tombstoned: registered intercept for pid 2273 and type kDebuggerdJavaBacktrace
03-22 02:42:49.236 2273 2320 I esdk.sysservic: Thread[3,tid=2320,WaitingInMainSignalCatcherLoop,Thread*=0xb400007d574142c0,peer=0x12e001c0,"Signal Catcher"]: reacting to signal 3
03-22 02:42:49.236 2273 2320 I esdk.sysservic:
03-22 02:42:49.288 626 626 I tombstoned: received crash request for pid 2273
03-22 02:42:49.288 626 626 I tombstoned: found intercept fd 512 for pid 2273 and type kDebuggerdJavaBacktrace
03-22 02:42:49.290 2273 2320 I esdk.sysservic: Wrote stack traces to tombstoned
03-22 02:42:49.290 1206 3928 I system_server: libdebuggerd_client: done dumping process 2273
03-22 02:42:49.290 626 626 W tombstoned: missing output fd
03-22 02:42:49.293 1206 3928 I ActivityManager: Collecting stacks for pid 2284
03-22 02:42:49.295 1206 3928 I system_server: libdebuggerd_client: started dumping process 2284
03-22 02:42:49.296 626 626 I tombstoned: registered intercept for pid 2284 and type kDebuggerdJavaBacktrace
03-22 02:42:49.296 2284 2302 I tssystemservic: Thread[2,tid=2302,WaitingInMainSignalCatcherLoop,Thread*=0x7d5742ac50,peer=0x12dc01c0,"Signal Catcher"]: reacting to signal 3
03-22 02:42:49.296 2284 2302 I tssystemservic:
03-22 02:42:49.312 645 660 I mpu_uart: [MSG-P:RECV]:No message received in 1000 ms
03-22 02:42:49.357 626 626 I tombstoned: received crash request for pid 2284
03-22 02:42:49.357 626 626 I tombstoned: found intercept fd 512 for pid 2284 and type kDebuggerdJavaBacktrace
03-22 02:42:49.358 2284 2302 I tssystemservic: Wrote stack traces to tombstoned
03-22 02:42:49.358 1206 3928 I system_server: libdebuggerd_client: done dumping process 2284
03-22 02:42:49.358 626 626 W tombstoned: missing output fd
03-22 02:42:49.360 1206 3928 I ActivityManager: Collecting stacks for pid 2258
03-22 02:42:49.362 1206 3928 I system_server: libdebuggerd_client: started dumping process 2258
03-22 02:42:49.362 626 626 I tombstoned: registered intercept for pid 2258 and type kDebuggerdJavaBacktrace
03-22 02:42:49.362 2258 2279 I m.tcsetupwizar: Thread[2,tid=2279,WaitingInMainSignalCatcherLoop,Thread*=0xb400007d5742ac50,peer=0x12d801c0,"Signal Catcher"]: reacting to signal 3
03-22 02:42:49.363 2258 2279 I m.tcsetupwizar:
03-22 02:42:49.411 626 626 I tombstoned: received crash request for pid 2258
03-22 02:42:49.411 626 626 I tombstoned: found intercept fd 512 for pid 2258 and type kDebuggerdJavaBacktrace
03-22 02:42:49.412 2258 2279 I m.tcsetupwizar: Wrote stack traces to tombstoned
03-22 02:42:49.412 626 626 W tombstoned: missing output fd
03-22 02:42:49.412 1206 3928 I system_server: libdebuggerd_client: done dumping process 2258
03-22 02:42:49.414 1206 3928 I ActivityManager: Collecting stacks for pid 2197
03-22 02:42:49.415 1206 3928 I system_server: libdebuggerd_client: started dumping process 2197
03-22 02:42:49.415 626 626 I tombstoned: registered intercept for pid 2197 and type kDebuggerdJavaBacktrace
03-22 02:42:49.415 2197 2262 I mm.tchttpserve: Thread[6,tid=2262,WaitingInMainSignalCatcherLoop,Thread*=0xb400007d5740ef50,peer=0x12dc01c0,"Signal Catcher"]: reacting to signal 3
03-22 02:42:49.415 2197 2262 I mm.tchttpserve:
03-22 02:42:49.470 626 626 I tombstoned: received crash request for pid 2197
03-22 02:42:49.470 626 626 I tombstoned: found intercept fd 512 for pid 2197 and type kDebuggerdJavaBacktrace
03-22 02:42:49.471 626 626 W tombstoned: missing output fd
03-22 02:42:49.471 2197 2262 I mm.tchttpserve: Wrote stack traces to tombstoned
03-22 02:42:49.471 1206 3928 I system_server: libdebuggerd_client: done dumping process 2197
03-22 02:42:49.473 1206 3928 I ActivityManager: Collecting stacks for pid 2211
03-22 02:42:49.474 1206 3928 I system_server: libdebuggerd_client: started dumping process 2211
03-22 02:42:49.474 626 626 I tombstoned: registered intercept for pid 2211 and type kDebuggerdJavaBacktrace
03-22 02:42:49.474 2211 2259 I om.tc.logclien: Thread[4,tid=2259,WaitingInMainSignalCatcherLoop,Thread*=0xb400007d574126f0,peer=0x12d801c0,"Signal Catcher"]: reacting to signal 3
03-22 02:42:49.474 2211 2259 I om.tc.logclien:
03-22 02:42:49.532 626 626 I tombstoned: received crash request for pid 2211
03-22 02:42:49.532 626 626 I tombstoned: found intercept fd 512 for pid 2211 and type kDebuggerdJavaBacktrace
03-22 02:42:49.533 626 626 W tombstoned: missing output fd
03-22 02:42:49.533 2211 2259 I om.tc.logclien: Wrote stack traces to tombstoned
03-22 02:42:49.533 1206 3928 I system_server: libdebuggerd_client: done dumping process 2211
03-22 02:42:49.535 1206 3928 I ActivityManager: Collecting stacks for pid 2185
03-22 02:42:49.537 1206 3928 I system_server: libdebuggerd_client: started dumping process 2185
03-22 02:42:49.537 626 626 I tombstoned: registered intercept for pid 2185 and type kDebuggerdJavaBacktrace
03-22 02:42:49.538 2185 2228 I .dataservices: Thread[5,tid=2228,WaitingInMainSignalCatcherLoop,Thread*=0xb400007d5741b200,peer=0x130401c0,"Signal Catcher"]: reacting to signal 3
03-22 02:42:49.538 2185 2228 I .dataservices:
03-22 02:42:49.594 626 626 I tombstoned: received crash request for pid 2185
03-22 02:42:49.594 626 626 I tombstoned: found intercept fd 512 for pid 2185 and type kDebuggerdJavaBacktrace
03-22 02:42:49.596 2185 2228 I .dataservices: Wrote stack traces to tombstoned
03-22 02:42:49.596 1206 3928 I system_server: libdebuggerd_client: done dumping process 2185
03-22 02:42:49.596 626 626 W tombstoned: missing output fd
03-22 02:42:49.598 1206 3928 I ActivityManager: Collecting stacks for pid 2180
03-22 02:42:49.599 1206 3928 I system_server: libdebuggerd_client: started dumping process 2180
03-22 02:42:49.599 626 626 I tombstoned: registered intercept for pid 2180 and type kDebuggerdJavaBacktrace
03-22 02:42:49.599 2180 2222 I m.microsetting: Thread[5,tid=2222,WaitingInMainSignalCatcherLoop,Thread*=0xb400007d5741b200,peer=0x12e001c0,"Signal Catcher"]: reacting to signal 3
03-22 02:42:49.599 2180 2222 I m.microsetting:
03-22 02:42:49.650 626 626 I tombstoned: received crash request for pid 2180
03-22 02:42:49.650 626 626 I tombstoned: found intercept fd 512 for pid 2180 and type kDebuggerdJavaBacktrace
03-22 02:42:49.650 2180 2222 I m.microsetting: Wrote stack traces to tombstoned
03-22 02:42:49.651 1206 3928 I system_server: libdebuggerd_client: done dumping process 2180
03-22 02:42:49.651 626 626 W tombstoned: missing output fd
03-22 02:42:49.653 1206 3928 I ActivityManager: Collecting stacks for pid 2188
03-22 02:42:49.654 1206 3928 I system_server: libdebuggerd_client: started dumping process 2188
03-22 02:42:49.655 626 626 I tombstoned: registered intercept for pid 2188 and type kDebuggerdJavaBacktrace
03-22 02:42:49.655 2188 2200 I qtidataservice: Thread[6,tid=2200,WaitingInMainSignalCatcherLoop,Thread*=0x7d5740ef50,peer=0x12e801c0,"Signal Catcher"]: reacting to signal 3
03-22 02:42:49.655 2188 2200 I qtidataservice:
03-22 02:42:49.724 626 626 I tombstoned: received crash request for pid 2188
03-22 02:42:49.724 626 626 I tombstoned: found intercept fd 512 for pid 2188 and type kDebuggerdJavaBacktrace
03-22 02:42:49.725 2188 2200 I qtidataservice: Wrote stack traces to tombstoned
03-22 02:42:49.725 626 626 W tombstoned: missing output fd
03-22 02:42:49.725 1206 3928 I system_server: libdebuggerd_client: done dumping process 2188
03-22 02:42:49.727 1206 3928 I ActivityManager: Collecting stacks for pid 2176
03-22 02:42:49.729 1206 3928 I system_server: libdebuggerd_client: started dumping process 2176
03-22 02:42:49.729 626 626 I tombstoned: registered intercept for pid 2176 and type kDebuggerdJavaBacktrace
03-22 02:42:49.729 2176 2199 I mm.microservic: Thread[5,tid=2199,WaitingInMainSignalCatcherLoop,Thread*=0xb400007d5741b200,peer=0x12e801c0,"Signal Catcher"]: reacting to signal 3
03-22 02:42:49.729 2176 2199 I mm.microservic:
03-22 02:42:49.786 626 626 I tombstoned: received crash request for pid 2176
03-22 02:42:49.786 626 626 I tombstoned: found intercept fd 512 for pid 2176 and type kDebuggerdJavaBacktrace
03-22 02:42:49.787 2176 2199 I mm.microservic: Wrote stack traces to tombstoned
03-22 02:42:49.787 1206 3928 I system_server: libdebuggerd_client: done dumping process 2176
03-22 02:42:49.787 626 626 W tombstoned: missing output fd
03-22 02:42:49.791 1206 3928 I ActivityManager: Collecting stacks for pid 2116
03-22 02:42:49.793 1206 3928 I system_server: libdebuggerd_client: started dumping process 2116
03-22 02:42:49.794 626 626 I tombstoned: registered intercept for pid 2116 and type kDebuggerdJavaBacktrace
03-22 02:42:49.794 2116 2139 I ercomm.gamemod: Thread[5,tid=2139,WaitingInMainSignalCatcherLoop,Thread*=0xb400007d5741b200,peer=0x12dc01c0,"Signal Catcher"]: reacting to signal 3
03-22 02:42:49.794 2116 2139 I ercomm.gamemod:
03-22 02:42:49.889 626 626 I tombstoned: received crash request for pid 2116
03-22 02:42:49.890 626 626 I tombstoned: found intercept fd 512 for pid 2116 and type kDebuggerdJavaBacktrace
03-22 02:42:49.891 2116 2139 I ercomm.gamemod: Wrote stack traces to tombstoned
03-22 02:42:49.891 626 626 W tombstoned: missing output fd
03-22 02:42:49.891 1206 3928 I system_server: libdebuggerd_client: done dumping process 2116
03-22 02:42:49.894 1206 3928 I ActivityManager: Collecting stacks for pid 2044
03-22 02:42:49.897 1206 3928 I system_server: libdebuggerd_client: started dumping process 2044
03-22 02:42:49.898 626 626 I tombstoned: registered intercept for pid 2044 and type kDebuggerdJavaBacktrace
03-22 02:42:49.899 2044 2080 I rkstack.proces: Thread[6,tid=2080,WaitingInMainSignalCatcherLoop,Thread*=0xb400007d5740ef50,peer=0x12ec01c0,"Signal Catcher"]: reacting to signal 3
03-22 02:42:49.899 2044 2080 I rkstack.proces:
03-22 02:42:49.968 626 626 I tombstoned: received crash request for pid 2044
03-22 02:42:49.968 626 626 I tombstoned: found intercept fd 512 for pid 2044 and type kDebuggerdJavaBacktrace
03-22 02:42:49.970 2044 2080 I rkstack.proces: Wrote stack traces to tombstoned
03-22 02:42:49.970 1206 3928 I system_server: libdebuggerd_client: done dumping process 2044
03-22 02:42:49.970 626 626 W tombstoned: missing output fd
03-22 02:42:49.973 1206 3928 I ActivityManager: Collecting stacks for native pid 1988
03-22 02:42:49.977 1206 3928 I system_server: libdebuggerd_client: started dumping process 1988
03-22 02:42:49.977 626 626 I tombstoned: registered intercept for pid 1988 and type kDebuggerdNativeBacktrace
03-22 02:42:49.978 1988 1988 I libc : Requested dump for tid 1988 (droid.bluetooth)
03-22 02:42:50.059 2757 2757 W hpplay-java: [main]:IPManager:getActiveNets invalid networkInfo:null
03-22 02:42:50.060 2757 2757 I hpplay-java: [main]:IPManager:getActiveNets eth0:false wifi:false mobile:false ap:false
03-22 02:42:50.060 2757 2757 I hpplay-java: [main]:ServerTaskManager:get local ip:null
03-22 02:42:50.076 3938 3938 I crash_dump64: obtaining output fd from tombstoned, type: kDebuggerdNativeBacktrace
03-22 02:42:50.079 626 626 I tombstoned: received crash request for pid 1988
03-22 02:42:50.079 626 626 I tombstoned: found intercept fd 512 for pid 1988 and type kDebuggerdNativeBacktrace
03-22 02:42:50.079 3938 3938 I crash_dump64: performing dump of process 1988 (target tid = 1988)
03-22 02:42:50.223 1206 3928 I system_server: libdebuggerd_client: done dumping process 1988
03-22 02:42:50.224 626 626 W tombstoned: missing output fd
03-22 02:42:50.228 1206 3928 I ActivityManager: Collecting stacks for native pid 521
03-22 02:42:50.228 1206 3928 I system_server: libdebuggerd_client: started dumping process 521
03-22 02:42:50.229 626 626 I tombstoned: registered intercept for pid 521 and type kDebuggerdNativeBacktrace
03-22 02:42:50.229 521 521 I libc : Requested dump for tid 521 (Binder:521_2)
01-01 08:01:36.883 0 0 I init : Untracked pid 3938 exited with status 0
01-01 08:01:36.899 0 0 I init : Untracked pid 3940 exited with status 0
03-22 02:42:50.246 3943 3943 F crash_dump64: crash_dump.cpp:482] failed to attach to thread 521: Permission denied
03-22 02:42:50.239 3943 3943 W crash_dump64: type=1400 audit(0.0:389): avc: denied { ptrace } for scontext=u:r:crash_dump:s0 tcontext=u:r:vold:s0 tclass=process permissive=0
03-22 02:42:50.247 626 626 I tombstoned: received crash request for pid 521
03-22 02:42:50.247 626 626 I tombstoned: found registered intercept of type kDebuggerdNativeBacktrace for requested type kDebuggerdAnyIntercept
03-22 02:42:50.247 626 626 I tombstoned: found intercept fd 512 for pid 521 and type kDebuggerdNativeBacktrace
03-22 02:42:50.248 626 626 W tombstoned: crash socket received short read of length 0 (expected 12)
03-22 02:42:50.248 1206 3928 I system_server: libdebuggerd_client: done dumping process 521
03-22 02:42:50.248 521 521 F libc : crash_dump helper failed to exec, or was killed
01-01 08:01:36.903 0 0 I init : Untracked pid 3943 exited with status 1
03-22 02:42:50.250 1206 3928 I ActivityManager: Collecting stacks for native pid 1225
03-22 02:42:50.251 1206 3928 I system_server: libdebuggerd_client: started dumping process 1225
03-22 02:42:50.251 626 626 I tombstoned: registered intercept for pid 1225 and type kDebuggerdNativeBacktrace
03-22 02:42:50.252 1225 1225 I libc : Requested dump for tid 1225 (drmserver)
03-22 02:42:50.277 3946 3946 I crash_dump32: obtaining output fd from tombstoned, type: kDebuggerdNativeBacktrace
03-22 02:42:50.277 626 626 I tombstoned: received crash request for pid 1225
03-22 02:42:50.277 626 626 I tombstoned: found intercept fd 512 for pid 1225 and type kDebuggerdNativeBacktrace
03-22 02:42:50.277 3946 3946 I crash_dump32: performing dump of process 1225 (target tid = 1225)
03-22 02:42:50.295 626 626 W tombstoned: missing output fd
