03-22 02:43:17.143 1351 3356 D LOWI-9.0.0.87.a: [LOWI-Scan]
03-22 02:43:17.143 1351 3356 D LOWI-9.0.0.87.a: [LOWI-Scan] print_bss_handler: Report beacon TSF 120511031 as it greater than probe TSF 50499475
03-22 02:43:17.143 1351 3356 D LOWI-9.0.0.87.a: [LOWI-Scan] decode_rsn_wpa_ie: LOWI_ENCRYPTION_TYPE_WPA_PSK
03-22 02:43:17.143 1351 3356 D LOWI-9.0.0.87.a: [LOWI-Scan] is_qcom_ie, bss_age: 0
03-22 02:43:17.143 1351 3356 D LOWI-9.0.0.87.a: [LOWI-Scan] BSS 18:6f:2d:0a:ae:15 LOWI_PHY_MODE_11AC_VHT20(8), Beacon Interval: 100, LOWI_ENCRYPTION_TYPE_WPA_PSK 11mcRanging: No, ANQP: No, LCI: No, Civic: No, capability(0x0111): ESS Privacy SpectrumMgmt
03-22 02:43:17.143 1351 3356 D LOWI-9.0.0.87.a: [LOWI-Scan] BSS 18:6f:2d:0a:ae:15 FREQ: 5280, cFreq1[40:80:160] = [5280:0:0] cFreq2 = 0 Country Code = CN
03-22 02:43:17.143 1351 3356 D LOWI-9.0.0.87.a: [LOWI-Scan] BSS 18:6f:2d:0a:ae:15 (wlan0) ASSO: NO AddInfo: 0x1, TSF 0, 00:02:00.511, RSSI: -176, CPL: 127, AGE: 516, SSID GM, TSFDelta: 0xc5385ca7, TXRate: 0
03-22 02:43:17.143 1351 3356 D LOWI-9.0.0.87.a: [LOWI-Scan]
03-22 02:43:17.143 1351 3356 D LOWI-9.0.0.87.a: [LOWI-Scan] print_bss_handler: Report Probe TSF 120607712 as it greater than Beacon TSF 120580437
03-22 02:43:17.143 1351 3356 D LOWI-9.0.0.87.a: [LOWI-Scan] decode_rsn_wpa_ie: LOWI_ENCRYPTION_TYPE_WPA_PSK
03-22 02:43:17.143 1351 3356 D LOWI-9.0.0.87.a: [LOWI-Scan] is_qcom_ie, bss_age: 0
03-22 02:43:17.143 1351 3356 D LOWI-9.0.0.87.a: [LOWI-Scan] BSS 8c:ab:8e:c1:d4:20 LOWI_PHY_MODE_11AC_VHT40(9), Beacon Interval: 100, LOWI_ENCRYPTION_TYPE_WPA_PSK 11mcRanging: No, ANQP: No, LCI: No, Civic: No, capability(0x0031): ESS Privacy ShortPreamble
03-22 02:43:17.143 1351 3356 D LOWI-9.0.0.87.a: [LOWI-Scan] BSS 8c:ab:8e:c1:d4:20 FREQ: 5300, cFreq1[40:80:160] = [5310:0:0] cFreq2 = 0 Country Code = CN
03-22 02:43:17.144 1351 3356 D LOWI-9.0.0.87.a: [LOWI-Scan] BSS 8c:ab:8e:c1:d4:20 (wlan0) ASSO: NO AddInfo: 0x0, TSF 0, 00:02:00.607, RSSI: -132, CPL: 127, AGE: 420, SSID PHICOMM_D410, TSFDelta: 0x667b4a6e, TXRate: 0
03-22 02:43:17.144 1351 3356 D LOWI-9.0.0.87.a: [LOWI-Scan]
03-22 02:43:17.144 1351 3356 D LOWI-9.0.0.87.a: [LOWI-Scan] print_bss_handler: Report beacon TSF 120832496 as it greater than probe TSF 50782582
03-22 02:43:17.144 1351 3356 D LOWI-9.0.0.87.a: [LOWI-Scan] decode_rsn_wpa_ie: LOWI_ENCRYPTION_TYPE_WPA_PSK
03-22 02:43:17.144 1351 3356 D LOWI-9.0.0.87.a: [LOWI-Scan] is_qcom_ie, bss_age: 0
03-22 02:43:17.144 1351 3356 D LOWI-9.0.0.87.a: [LOWI-Scan] BSS 2e:6d:c1:26:a9:62 LOWI_PHY_MODE_11NG_HT20(5), Beacon Interval: 100, LOWI_ENCRYPTION_TYPE_WPA_PSK 11mcRanging: No, ANQP: No, LCI: No, Civic: No, capability(0x8731): ESS Privacy ShortPreamble SpectrumMgmt QoS ShortSlotTime
03-22 02:43:17.144 1351 3356 D LOWI-9.0.0.87.a: [LOWI-Scan] BSS 2e:6d:c1:26:a9:62 FREQ: 2462, cFreq1[40:80:160] = [0:0:0] cFreq2 = 0 Country Code =
03-22 02:43:17.144 1351 3356 D LOWI-9.0.0.87.a: [LOWI-Scan] BSS 2e:6d:c1:26:a9:62 (wlan0) ASSO: NO AddInfo: 0x1, TSF 0, 00:02:00.832, RSSI: -112, CPL: 127, AGE: 192, SSID DIRECT-WxLEOmsiA, TSFDelta: 0x8c55e0e9, TXRate: 0
03-22 02:43:17.144 1351 3356 D LOWI-9.0.0.87.a: [LOWI-Scan]
03-22 02:43:17.144 1351 3356 D LOWI-9.0.0.87.a: [LOWI-Scan] print_bss_handler: Report beacon TSF 119939459 as it greater than probe TSF 119939459
03-22 02:43:17.144 1351 3356 D LOWI-9.0.0.87.a: [LOWI-Scan] decode_rsn_wpa_ie: LOWI_ENCRYPTION_TYPE_WPA_PSK
03-22 02:43:17.144 1351 3356 D LOWI-9.0.0.87.a: [LOWI-Scan] is_qcom_ie, bss_age: 0
03-22 02:43:17.144 1351 3356 D LOWI-9.0.0.87.a: [LOWI-Scan] BSS d4:5d:64:95:80:70 LOWI_PHY_MODE_11NG_HT40(7), Beacon Interval: 100, LOWI_ENCRYPTION_TYPE_WPA_PSK 11mcRanging: No, ANQP: Yes, LCI: No, Civic: No, capability(0x1411): ESS Privacy ShortSlotTime
03-22 02:43:17.144 1351 3356 D LOWI-9.0.0.87.a: [LOWI-Scan] BSS d4:5d:64:95:80:70 FREQ: 2412, cFreq1[40:80:160] = [2422:0:0] cFreq2 = 0 Country Code = CN
03-22 02:43:17.144 1351 3356 D LOWI-9.0.0.87.a: [LOWI-Scan] BSS d4:5d:64:95:80:70 (wlan0) ASSO: NO AddInfo: 0x1, TSF 0, 00:01:59.939, RSSI: -180, CPL: 127, AGE: 1088, SSID ASUS, TSFDelta: 0x2be5ebc1, TXRate: 0
03-22 02:43:17.145 1351 3356 D LOWI-9.0.0.87.a: [LOWI-Scan]
03-22 02:43:17.145 1351 3356 D LOWI-9.0.0.87.a: [LOWI-Scan] print_bss_handler: Report Probe TSF 120248254 as it greater than Beacon TSF 50210486
03-22 02:43:17.145 1351 3356 D LOWI-9.0.0.87.a: [LOWI-Scan] decode_rsn_wpa_ie: LOWI_ENCRYPTION_TYPE_WPA_PSK
03-22 02:43:17.145 1351 3356 D LOWI-9.0.0.87.a: [LOWI-Scan] is_qcom_ie, bss_age: 0
03-22 02:43:17.145 1351 3356 D LOWI-9.0.0.87.a: [LOWI-Scan] BSS f8:af:05:82:ca:5c LOWI_PHY_MODE_11AC_VHT80(10), Beacon Interval: 100, LOWI_ENCRYPTION_TYPE_WPA_PSK 11mcRanging: No, ANQP: No, LCI: No, Civic: No, capability(0x1531): ESS Privacy ShortPreamble SpectrumMgmt ShortSlotTime
03-22 02:43:17.145 1351 3356 D LOWI-9.0.0.87.a: [LOWI-Scan] BSS f8:af:05:82:ca:5c FREQ: 5805, cFreq1[40:80:160] = [5795:5775:0] cFreq2 = 0 Country Code =
03-22 02:43:17.145 1351 3356 D LOWI-9.0.0.87.a: [LOWI-Scan] BSS f8:af:05:82:ca:5c (wlan0) ASSO: NO AddInfo: 0x0, TSF 0, 00:02:00.248, RSSI: -162, CPL: 127, AGE: 776, SSID RIO-WIFI-5G, TSFDelta: 0x9e0403a5, TXRate: 0
03-22 02:43:17.145 1351 3356 D LOWI-9.0.0.87.a: [LOWI-Scan]
03-22 02:43:17.145 1351 3356 D LOWI-9.0.0.87.a: [LOWI-Scan] print_bss_handler: Report beacon TSF 120556762 as it greater than probe TSF 120556762
03-22 02:43:17.145 1351 3356 D LOWI-9.0.0.87.a: [LOWI-Scan] decode_rsn_wpa_ie: LOWI_ENCRYPTION_TYPE_WPA_PSK
03-22 02:43:17.145 1351 3356 D LOWI-9.0.0.87.a: [LOWI-Scan] is_qcom_ie, bss_age: 0
03-22 02:43:17.145 1351 3356 D LOWI-9.0.0.87.a: [LOWI-Scan] BSS d4:ee:07:50:44:8a LOWI_PHY_MODE_11NG_HT20(5), Beacon Interval: 100, LOWI_ENCRYPTION_TYPE_WPA_PSK 11mcRanging: No, ANQP: No, LCI: No, Civic: No, capability(0x0411): ESS Privacy ShortSlotTime
03-22 02:43:17.145 1351 3356 D LOWI-9.0.0.87.a: [LOWI-Scan] BSS d4:ee:07:50:44:8a FREQ: 2447, cFreq1[40:80:160] = [0:0:0] cFreq2 = 0 Country Code = CN
03-22 02:43:17.145 1351 3356 D LOWI-9.0.0.87.a: [LOWI-Scan] BSS d4:ee:07:50:44:8a (wlan0) ASSO: NO AddInfo: 0x1, TSF 0, 00:02:00.556, RSSI: -146, CPL: 127, AGE: 468, SSID HiWiFi_50448A, TSFDelta: 0xfd0f1898, TXRate: 0
03-22 02:43:17.146 1351 3356 D LOWI-9.0.0.87.a: [LOWI-Scan]
03-22 02:43:17.146 1351 3356 D LOWI-9.0.0.87.a: [LOWI-Scan] print_bss_handler: Report beacon TSF 120734791 as it greater than probe TSF 120734791
03-22 02:43:17.146 1351 3356 D LOWI-9.0.0.87.a: [LOWI-Scan] decode_rsn_wpa_ie: LOWI_ENCRYPTION_TYPE_WPA_PSK
03-22 02:43:17.146 1351 3356 D LOWI-9.0.0.87.a: [LOWI-Scan] is_qcom_ie, bss_age: 0
03-22 02:43:17.146 1351 3356 D LOWI-9.0.0.87.a: [LOWI-Scan] BSS 8c:ab:8e:c1:d4:18 LOWI_PHY_MODE_11NG_HT20(5), Beacon Interval: 100, LOWI_ENCRYPTION_TYPE_WPA_PSK 11mcRanging: No, ANQP: No, LCI: No, Civic: No, capability(0x0011): ESS Privacy
03-22 02:43:17.146 1351 3356 D LOWI-9.0.0.87.a: [LOWI-Scan] BSS 8c:ab:8e:c1:d4:18 FREQ: 2457, cFreq1[40:80:160] = [2457:0:0] cFreq2 = 0 Country Code = CN
03-22 02:43:17.147 1351 3356 D LOWI-9.0.0.87.a: [LOWI-Scan] BSS 8c:ab:8e:c1:d4:18 (wlan0) ASSO: NO AddInfo: 0x1, TSF 0, 00:02:00.734, RSSI: -144, CPL: 127, AGE: 292, SSID PHICOMM_D410, TSFDelta: 0x6a009407, TXRate: 0
03-22 02:43:17.147 1351 3356 D LOWI-9.0.0.87.a: [LOWI-Scan]
03-22 02:43:17.147 1351 3356 D LOWI-9.0.0.87.a: [LOWI-Scan] print_bss_handler: Report beacon TSF 119923092 as it greater than probe TSF 119923092
03-22 02:43:17.147 1351 3356 D LOWI-9.0.0.87.a: [LOWI-Scan] decode_rsn_wpa_ie: LOWI_ENCRYPTION_TYPE_WPA_PSK
03-22 02:43:17.147 1351 3356 D LOWI-9.0.0.87.a: [LOWI-Scan] is_qcom_ie, bss_age: 0
03-22 02:43:17.147 1351 3356 D LOWI-9.0.0.87.a: [LOWI-Scan] BSS 62:ae:8f:61:d1:2a LOWI_PHY_MODE_11NG_HT20(5), Beacon Interval: 100, LOWI_ENCRYPTION_TYPE_WPA_PSK 11mcRanging: No, ANQP: No, LCI: No, Civic: No, capability(0x1c31): ESS Privacy ShortPreamble ShortSlotTime APSD
03-22 02:43:17.147 1351 3356 D LOWI-9.0.0.87.a: [LOWI-Scan] BSS 62:ae:8f:61:d1:2a FREQ: 2412, cFreq1[40:80:160] = [2412:0:0] cFreq2 = 0 Country Code =
03-22 02:43:17.147 1351 3356 D LOWI-9.0.0.87.a: [LOWI-Scan] BSS 62:ae:8f:61:d1:2a (wlan0) ASSO: NO AddInfo: 0x1, TSF 0, 00:01:59.923, RSSI: -182, CPL: 127, AGE: 1104, SSID GMPI, TSFDelta: 0xd4b1c215, TXRate: 0
03-22 02:43:17.147 1351 3356 D LOWI-9.0.0.87.a: [LOWI-Scan]
03-22 02:43:17.147 1351 3356 D LOWI-9.0.0.87.a: [LOWI-Scan] print_bss_handler: Report beacon TSF 119923906 as it greater than probe TSF 119923906
03-22 02:43:17.147 1351 3356 D LOWI-9.0.0.87.a: [LOWI-Scan] decode_rsn_wpa_ie: LOWI_ENCRYPTION_TYPE_WPA_PSK
03-22 02:43:17.147 1351 3356 D LOWI-9.0.0.87.a: [LOWI-Scan] is_qcom_ie, bss_age: 0
03-22 02:43:17.147 1351 3356 D LOWI-9.0.0.87.a: [LOWI-Scan] BSS 7c:b5:9b:6b:a4:31 LOWI_PHY_MODE_11AC_VHT40_2G(12), Beacon Interval: 100, LOWI_ENCRYPTION_TYPE_WPA_PSK 11mcRanging: No, ANQP: Yes, LCI: No, Civic: No, capability(0x1431): ESS Privacy ShortPreamble ShortSlotTime
03-22 02:43:17.147 1351 3356 D LOWI-9.0.0.87.a: [LOWI-Scan] BSS 7c:b5:9b:6b:a4:31 FREQ: 2412, cFreq1[40:80:160] = [2422:0:0] cFreq2 = 0 Country Code = CN
03-22 02:43:17.147 1351 3356 D LOWI-9.0.0.87.a: [LOWI-Scan] BSS 7c:b5:9b:6b:a4:31 (wlan0) ASSO: NO AddInfo: 0x1, TSF 0, 00:01:59.923, RSSI: -146, CPL: 127, AGE: 1104, SSID testzz, TSFDelta: 0x6bc7971f, TXRate: 0
03-22 02:43:17.148 1351 3356 D LOWI-9.0.0.87.a: [LOWI-Scan]
03-22 02:43:17.148 1351 3356 D LOWI-9.0.0.87.a: [LOWI-Scan] print_bss_handler: Report beacon TSF 119924227 as it greater than probe TSF 119924227
03-22 02:43:17.148 1351 3356 D LOWI-9.0.0.87.a: [LOWI-Scan] is_qcom_ie, bss_age: 0
03-22 02:43:17.148 1351 3356 D LOWI-9.0.0.87.a: [LOWI-Scan] BSS 7e:b5:9b:1b:a4:31 LOWI_PHY_MODE_11AC_VHT40_2G(12), Beacon Interval: 100, LOWI_ENCRYPTION_TYPE_OPEN 11mcRanging: No, ANQP: Yes, LCI: No, Civic: No, capability(0x1421): ESS ShortPreamble ShortSlotTime
03-22 02:43:17.148 1351 3356 D LOWI-9.0.0.87.a: [LOWI-Scan] BSS 7e:b5:9b:1b:a4:31 FREQ: 2412, cFreq1[40:80:160] = [2422:0:0] cFreq2 = 0 Country Code = CN
03-22 02:43:17.148 1351 3356 D LOWI-9.0.0.87.a: [LOWI-Scan] BSS 7e:b5:9b:1b:a4:31 (wlan0) ASSO: NO AddInfo: 0x1, TSF 0, 00:01:59.924, RSSI: -148, CPL: 127, AGE: 1100, SSID TPGuest_A431, TSFDelta: 0x6bdacff6, TXRate: 0
03-22 02:43:17.148 1351 3356 D LOWI-9.0.0.87.a: [LOWI-Scan]
03-22 02:43:17.148 1351 3356 D LOWI-9.0.0.87.a: [LOWI-Scan] print_bss_handler: Report beacon TSF 120722244 as it greater than probe TSF 120722244
03-22 02:43:17.148 1351 3356 D LOWI-9.0.0.87.a: [LOWI-Scan] decode_rsn_wpa_ie: LOWI_ENCRYPTION_TYPE_WPA_PSK
03-22 02:43:17.148 1351 3356 D LOWI-9.0.0.87.a: [LOWI-Scan] is_qcom_ie, bss_age: 0
03-22 02:43:17.148 1351 3356 D LOWI-9.0.0.87.a: [LOWI-Scan] BSS 18:6f:2d:31:50:00 LOWI_PHY_MODE_11NG_HT20(5), Beacon Interval: 100, LOWI_ENCRYPTION_TYPE_WPA_PSK 11mcRanging: No, ANQP: No, LCI: No, Civic: No, capability(0x0531): ESS Privacy ShortPreamble SpectrumMgmt ShortSlotTime
03-22 02:43:17.148 1351 3356 D LOWI-9.0.0.87.a: [LOWI-Scan] BSS 18:6f:2d:31:50:00 FREQ: 2457, cFreq1[40:80:160] = [2457:0:0] cFreq2 = 0 Country Code = CN
03-22 02:43:17.148 1351 3356 D LOWI-9.0.0.87.a: [LOWI-Scan] BSS 18:6f:2d:31:50:00 (wlan0) ASSO: NO AddInfo: 0x1, TSF 0, 00:02:00.722, RSSI: -168, CPL: 127, AGE: 304, SSID ChinaNet-Lucky, TSFDelta: 0x98aea47, TXRate: 0
03-22 02:43:17.149 1351 3356 D LOWI-9.0.0.87.a: [LOWI-Scan]
03-22 02:43:17.149 1351 3356 D LOWI-9.0.0.87.a: [LOWI-Scan] print_bss_handler: Report beacon TSF 120897056 as it greater than probe TSF 120897056
03-22 02:43:17.149 1351 3356 D LOWI-9.0.0.87.a: [LOWI-Scan] decode_rsn_wpa_ie: LOWI_ENCRYPTION_TYPE_WPA_PSK
03-22 02:43:17.149 1351 3356 D LOWI-9.0.0.87.a: [LOWI-Scan] is_qcom_ie, bss_age: 0
03-22 02:43:17.149 1351 3356 D LOWI-9.0.0.87.a: [LOWI-Scan] BSS 18:6f:2d:80:43:64 LOWI_PHY_MODE_11NG_HT20(5), Beacon Interval: 100, LOWI_ENCRYPTION_TYPE_WPA_PSK 11mcRanging: No, ANQP: No, LCI: No, Civic: No, capability(0x0531): ESS Privacy ShortPreamble SpectrumMgmt ShortSlotTime
03-22 02:43:17.149 1351 3356 D LOWI-9.0.0.87.a: [LOWI-Scan] BSS 18:6f:2d:80:43:64 FREQ: 2467, cFreq1[40:80:160] = [2467:0:0] cFreq2 = 0 Country Code = CN
03-22 02:43:17.149 1351 3356 D LOWI-9.0.0.87.a: [LOWI-Scan] BSS 18:6f:2d:80:43:64 (wlan0) ASSO: NO AddInfo: 0x1, TSF 0, 00:02:00.897, RSSI: -182, CPL: 127, AGE: 128, SSID Fanya, TSFDelta: 0xb9e8fa1b, TXRate: 0
03-22 02:43:17.149 1351 3356 D LOWI-9.0.0.87.a: [LOWIDiagLog] Log: lowiMeasResult->request: invalid null argument
03-22 02:43:17.149 1351 3356 I LOWI-9.0.0.87.a: [LOWI-Scan] lowi_close_record:Scan done in 107054ms, 17 APs in scan results
03-22 02:43:17.149 1351 3356 D LOWI-9.0.0.87.a: [LOWI-Scan] WipsScanUsingNL: passive scan cached 0, took 69998 ms, err 0
03-22 02:43:17.149 1351 3356 D LOWI-9.0.0.87.a: [LOWI-Scan] lowi_proc_req_passive_scan_with_live_meas - No WLAN Frames to be parsed
03-22 02:43:17.149 1351 3356 D LOWI-9.0.0.87.a: [LOWIScanResultReceiver] Send scan meas to listener
03-22 02:43:17.149 1351 1465 D LOWI-9.0.0.87.a: [LOWIEventReceiver] handleEvent:FROM:NA, TO:NA, REQ:NA, IREQ:NA, REQ_ID:0, RESP:NA, INFO:NA
03-22 02:43:17.149 1351 1465 D LOWI-9.0.0.87.a: [LOWIBackgroundScanMgr] isRspForBgScanMgr: evt(LOWI_NO_EVT) - not handled
03-22 02:43:17.149 1351 1465 D LOWI-9.0.0.87.a: [LOWIScheduler] manageMsg: NULL results or NULL request in results
03-22 02:43:17.149 1351 1465 D LOWI-9.0.0.87.a: [LOWIController] Measurements received
03-22 02:43:17.149 1351 1465 D LOWI-9.0.0.87.a: [LOWICacheManager] putInCache:Num of Meas to add: 17
03-22 02:43:17.150 1351 1465 D LOWI-9.0.0.87.a: [LOWIController] processMeasurementResults: No current Request. Cache measurements
03-22 02:43:17.150 1351 1465 D LOWI-9.0.0.87.a: [LOWIController] sendAsyncScanResponse: Request FreeWifiScanObserver_0 is from a different client.
03-22 02:43:17.150 1351 1465 D LOWI-9.0.0.87.a: [LOWIController] generateResponse: Type (ASYNC_DISCOVERY_SCAN_RESULTS) ScanStatus (1) request FreeWifiScanObserver_0
03-22 02:43:17.150 1351 1465 D LOWI-9.0.0.87.a: [LOWIEventDispatcher] sendResponse - originator = FreeWifiScanObserver
03-22 02:43:17.150 1351 1465 D LOWI-9.0.0.87.a: [LOWIUtils] injectScanMeasurements - num of APs = 17
03-22 02:43:17.151 1351 1465 I LOWI-9.0.0.87.a: [LOWIUtils] responseToOutPostcard - TO: FreeWifiScanObserver, FROM: LOWI-SERVER, RESP: LOWI_ASYNC_DISCOVERY_SCAN_RESULTS
03-22 02:43:17.151 1351 1465 D LOWI-9.0.0.87.a: [LOWIControllerExtn] sendLOWILpDiscoveryScanResponse: Not a discovery scan response
03-22 02:43:17.152 1351 3356 D LOWI-9.0.0.87.a: [LOWIScanResultReceiver] Enter passive listening mode
03-22 02:43:17.152 1351 3356 D LOWI-9.0.0.87.a: [LOWIWifiDriverInterface] getMeasurements - Passive listening mode
03-22 02:43:17.152 1351 3356 D LOWI-9.0.0.87.a: [LOWI-Scan] WipsScanUsingNL:wait -1 sec for netlink message
03-22 02:43:17.160 1206 1836 D PasspointManager: ANQP entry not found for: 7c:b5:9b:6b:a4:33:
03-22 02:43:17.161 1206 1836 D PasspointManager: ANQP entry not found for: 7c:b5:9b:6b:a4:31:
03-22 02:43:17.161 1206 1836 D PasspointManager: ANQP entry not found for: 7e:b5:9b:1b:a4:31:
03-22 02:43:17.195 2335 2335 W WifiDebugService: Can not find target wifi network : hht_test_wifi_fc4318c9
03-22 02:43:17.324 645 660 I mpu_uart: [MSG-P:RECV]:No message received in 1000 ms
03-22 02:43:17.380 645 659 I mpu_uart: [MSG-P:R]:recv sync frame timeout
03-22 02:43:17.435 1237 1237 W cnss_diag: type=1400 audit(0.0:423): avc: denied { getattr } for path="/data/vendor/wifi/wlan_logs" dev="dm-10" ino=384 scontext=u:r:vendor_wcnss_service:s0 tcontext=u:object_r:vendor_wifi_vendor_log_data_file:s0 tclass=dir permissive=0
03-22 02:43:17.435 1237 1237 W cnss_diag: type=1400 audit(0.0:424): avc: denied { read } for name="wlan_logs" dev="dm-10" ino=384 scontext=u:r:vendor_wcnss_service:s0 tcontext=u:object_r:vendor_wifi_vendor_log_data_file:s0 tclass=dir permissive=0
03-22 02:43:17.435 1237 1237 W cnss_diag: type=1400 audit(0.0:425): avc: denied { search } for name="wlan_logs" dev="dm-10" ino=384 scontext=u:r:vendor_wcnss_service:s0 tcontext=u:object_r:vendor_wifi_vendor_log_data_file:s0 tclass=dir permissive=0
03-22 02:43:17.436 1237 1237 I CNSS : cnss_open_log_file: create directory /data/vendor/wifi/wlan_logs/ ret = -1 errno= 17
03-22 02:43:17.437 1237 1237 I CNSS : failed to open file a+ mode or file size 0 is less than max_file_size 31457280
03-22 02:43:17.437 1237 1237 I CNSS : Failed to open file /data/vendor/wifi/wlan_logs/host_driver_logs_current.txt: 13
01-01 08:02:04.490 0 0 I init : starting service 'hht_ota_mgr_service'...
03-22 02:43:17.876 4058 4058 E vota : [7cab14f8]: [vota]: init: ..
03-22 02:43:17.877 4058 4058 E vota : [7cab14f8]: [vota]: [warning]: the java machine be not inited, please pass it to the tb_init function! at tb_android_init_env(): 43, src/vota/platform/android/android.c
03-22 02:43:17.877 4058 4058 E vota : [7cab14f8]: [vota]: version: tbox_v1_6_7_202302251411_arm64-v8a_elf by Android (8481493, based on r416183c2) Clang 12.0.9 (https://android.googlesource.com/toolchain/llvm-project c935d99d7cf2016289302412d708641d52d2f7ee)
03-22 02:43:17.877 4058 4058 E vota : [7cab14f8]: [vota]: init: ok
03-22 02:43:17.877 4058 4058 E vota : [7cab14f8]: [vota]: [scheduler]: start ..
03-22 02:43:17.877 4058 4058 E vota : [7cab14f8]: [vota]: [coroutine]: init 0x747b4e3158
03-22 02:43:17.877 4058 4058 E vota : [7cab14f8]: [vota]: [scheduler]: start ok
03-22 02:43:17.877 4058 4058 E vota : [7cab14f8]: [vota]: [scheduler]: switch to coroutine(0x747b4e3158) from coroutine(0x747b5c1ca0)
03-22 02:43:17.877 4058 4058 E vota : [7cab14f8]: [vota]: [coroutine]: entry: 0x747b4e3158 stack: 0x747b4e31b8 - 0x747b5231b8 from coroutine(0x747b5c1ca0)
03-22 02:43:17.878 4058 4058 I hiphi_update_api: Hh_GetVersion calling ......
03-22 02:43:17.878 4058 4058 I hiphi_update_api: get version:01.00.C101_20230322_private_user?~鷆
03-22 02:43:17.878 4058 4058 I hiphi_update_api: Hh_GetVersion ret:0
03-22 02:43:17.915 4058 4058 W hht_ota_mgr: type=1400 audit(0.0:426): avc: denied { read append } for name="NvmSim_yy.dat" dev="dm-10" ino=391 scontext=u:r:hht_ota_mgr:s0 tcontext=u:object_r:system_data_file:s0 tclass=file permissive=0
03-22 02:43:17.922 4058 4058 E vota : [7cab14f8]: [vota]: [scheduler]: finish coroutine(0x747b4e3158)
03-22 02:43:17.922 4058 4058 E vota : [7cab14f8]: [vota]: [scheduler]: switch to original coroutine
03-22 02:43:17.922 4058 4058 E vota : [7cab14f8]: [vota]: [scheduler]: switch to coroutine(0x747b5c1ca0) from coroutine(0x747b4e3158)
03-22 02:43:17.922 4058 4058 E vota : [7cab14f8]: [vota]: [scheduler]: [loop]: ready 0
03-22 02:43:17.922 4058 4058 E vota : [7cab14f8]: [vota]: [coroutine]: exit: 0x747b4e3158
03-22 02:43:17.922 4058 4058 E vota : [7cab14f8]: [vota]: [lock_profiler]:
03-22 02:43:17.922 4058 4058 E vota : [7cab14f8]: [vota]: [lock_profiler]: lock: 0xb400007220c15ccc, name: allocator, occupied: 0
03-22 02:43:17.922 4058 4058 E vota : [7cab14f8]: [vota]: [lock_profiler]: lock: 0xb400007210c0b0b4, name: native_large_allocator, occupied: 0
03-22 02:43:17.922 4058 4058 E vota : [7cab14f8]: [vota]: [small_allocator]:
03-22 02:43:17.922 4058 4058 E vota : [7cab14f8]: [vota]: [static_fixed_pool]: [16]: peak_size: 288, wast_rate: 4074/10000, pred_failed: 0, item_maxn: 245, free_count: 18, malloc_count: 18
03-22 02:43:17.922 4058 4058 E vota : [7cab14f8]: [vota]: [static_fixed_pool]: [96]: peak_size: 2208, wast_rate: 1028/10000, pred_failed: 0, item_maxn: 248, free_count: 23, malloc_count: 23
03-22 02:43:17.922 4058 4058 E vota : [7cab14f8]: [vota]: [static_fixed_pool]: [128]: peak_size: 9216, wast_rate: 791/10000, pred_failed: 0, item_maxn: 249, free_count: 72, malloc_count: 72
03-22 02:43:17.922 4058 4058 E vota : [7cab14f8]: [vota]: [static_fixed_pool]: [192]: peak_size: 2112, wast_rate: 541/10000, pred_failed: 0, item_maxn: 250, free_count: 11, malloc_count: 11
03-22 02:43:17.922 4058 4058 E vota : [7cab14f8]: [vota]: [static_fixed_pool]: [256]: peak_size: 256, wast_rate: 411/10000, pred_failed: 0, item_maxn: 251, free_count: 1, malloc_count: 1
03-22 02:43:17.922 4058 4058 E vota : [7cab14f8]: [vota]: [static_fixed_pool]: [384]: peak_size: 5376, wast_rate: 278/10000, pred_failed: 0, item_maxn: 252, free_count: 14, malloc_count: 14
03-22 02:43:17.922 4058 4058 E vota : [7cab14f8]: [vota]: [static_fixed_pool]: [512]: peak_size: 5632, wast_rate: 210/10000, pred_failed: 0, item_maxn: 253, free_count: 11, malloc_count: 11
03-22 02:43:17.922 4058 4058 E vota : [7cab14f8]: [vota]: [static_fixed_pool]: [1024]: peak_size: 2048, wast_rate: 106/10000, pred_failed: 0, item_maxn: 254, free_count: 2, malloc_count: 2
03-22 02:43:17.922 4058 4058 E vota : [7cab14f8]: [vota]: [native_large_allocator]:
03-22 02:43:17.922 4058 4058 E vota : [7cab14f8]: [vota]: [native_large_allocator]: peak_size: 3373986
03-22 02:43:17.922 4058 4058 E vota : [7cab14f8]: [vota]: [native_large_allocator]: wast_rate: 4/10000
03-22 02:43:17.922 4058 4058 E vota : [7cab14f8]: [vota]: [native_large_allocator]: free_count: 52
03-22 02:43:17.922 4058 4058 E vota : [7cab14f8]: [vota]: [native_large_allocator]: malloc_count: 52
03-22 02:43:17.922 4058 4058 E vota : [7cab14f8]: [vota]: [native_large_allocator]: ralloc_count: 0
03-22 02:43:17.922 4058 4058 E vota : [7cab14f8]: [vota]: exit: ok
01-01 08:02:04.578 0 0 I init : Service 'hht_ota_mgr_service' (pid 4058) exited with status 0
01-01 08:02:04.578 0 0 I init : Sending signal 9 to service 'hht_ota_mgr_service' (pid 4058) process group...
01-01 08:02:04.578 0 0 I libprocessgroup: Successfully killed process cgroup uid 0 pid 4058 in 0ms
03-22 02:43:18.125 2757 2757 W hpplay-java: [main]:IPManager:getActiveNets invalid networkInfo:null
03-22 02:43:18.125 2757 2757 I hpplay-java: [main]:IPManager:getActiveNets eth0:false wifi:false mobile:false ap:false
03-22 02:43:18.125 2757 2757 I hpplay-java: [main]:ServerTaskManager:get local ip:null
03-22 02:43:18.324 645 660 I mpu_uart: [MSG-P:RECV]:No message received in 1000 ms
03-22 02:43:18.668 1337 1453 E tlogd : [TzLogger](isPathReadable) file /sys/kernel/debug/tzdbg/qsee_log isn't exist or no permission, err: No such file or directory
03-22 02:43:18.668 1337 1453 E tlogd : [TzLogger](saveTzlogAsync) /sys/kernel/debug/tzdbg/qsee_log can not read.
03-22 02:43:18.668 1337 1453 E tlogd : [TzLogger](isPathReadable) file /sys/kernel/debug/tzdbg/log isn't exist or no permission, err: No such file or directory
03-22 02:43:18.668 1337 1453 E tlogd : [TzLogger](saveTzlogAsync) /sys/kernel/debug/tzdbg/log can not read.
03-22 02:43:19.127 2757 2757 W hpplay-java: [main]:IPManager:getActiveNets invalid networkInfo:null
03-22 02:43:19.127 2757 2757 I hpplay-java: [main]:IPManager:getActiveNets eth0:false wifi:false mobile:false ap:false
03-22 02:43:19.127 2757 2757 I hpplay-java: [main]:ServerTaskManager:get local ip:null
03-22 02:43:19.325 645 660 I mpu_uart: [MSG-P:RECV]:No message received in 1000 ms
03-22 02:43:20.129 2757 2757 W hpplay-java: [main]:IPManager:getActiveNets invalid networkInfo:null
03-22 02:43:20.130 2757 2757 I hpplay-java: [main]:IPManager:getActiveNets eth0:false wifi:false mobile:false ap:false
03-22 02:43:20.130 2757 2757 I hpplay-java: [main]:ServerTaskManager:get local ip:null
03-22 02:43:20.325 645 660 I mpu_uart: [MSG-P:RECV]:No message received in 1000 ms
03-22 02:43:20.383 645 659 I mpu_uart: [MSG-P:R]:recv sync frame timeout
03-22 02:43:20.435 1237 1237 W cnss_diag: type=1400 audit(0.0:427): avc: denied { getattr } for path="/data/vendor/wifi/wlan_logs" dev="dm-10" ino=384 scontext=u:r:vendor_wcnss_service:s0 tcontext=u:object_r:vendor_wifi_vendor_log_data_file:s0 tclass=dir permissive=0
03-22 02:43:20.435 1237 1237 W cnss_diag: type=1400 audit(0.0:428): avc: denied { read } for name="wlan_logs" dev="dm-10" ino=384 scontext=u:r:vendor_wcnss_service:s0 tcontext=u:object_r:vendor_wifi_vendor_log_data_file:s0 tclass=dir permissive=0
03-22 02:43:20.435 1237 1237 W cnss_diag: type=1400 audit(0.0:429): avc: denied { search } for name="wlan_logs" dev="dm-10" ino=384 scontext=u:r:vendor_wcnss_service:s0 tcontext=u:object_r:vendor_wifi_vendor_log_data_file:s0 tclass=dir permissive=0
03-22 02:43:20.437 1237 1237 I CNSS : cnss_open_log_file: create directory /data/vendor/wifi/wlan_logs/ ret = -1 errno= 17
03-22 02:43:20.437 1237 1237 I CNSS : failed to open file a+ mode or file size 0 is less than max_file_size 31457280
03-22 02:43:20.437 1237 1237 I CNSS : Failed to open file /data/vendor/wifi/wlan_logs/host_driver_logs_current.txt: 13
03-22 02:43:21.132 2757 2757 W hpplay-java: [main]:IPManager:getActiveNets invalid networkInfo:null
03-22 02:43:21.132 2757 2757 I hpplay-java: [main]:IPManager:getActiveNets eth0:false wifi:false mobile:false ap:false
03-22 02:43:21.132 2757 2757 I hpplay-java: [main]:ServerTaskManager:get local ip:null
01-01 08:02:07.913 0 0 E DTC_ETH,link_delay_work_func: 3003, SQI=0, link=0
03-22 02:43:21.326 645 660 I mpu_uart: [MSG-P:RECV]:No message received in 1000 ms
03-22 02:43:21.961 2315 2315 D RemoteControlService: startVlanDispatchThread
03-22 02:43:22.134 2757 2757 W hpplay-java: [main]:IPManager:getActiveNets invalid networkInfo:null
03-22 02:43:22.134 2757 2757 I hpplay-java: [main]:IPManager:getActiveNets eth0:false wifi:false mobile:false ap:false
03-22 02:43:22.134 2757 2757 I hpplay-java: [main]:ServerTaskManager:get local ip:null
03-22 02:43:22.326 645 660 I mpu_uart: [MSG-P:RECV]:No message received in 1000 ms
01-01 08:02:09.502 0 0 I init : starting service 'hht_ota_mgr_service'...
03-22 02:43:22.899 4059 4059 E vota : [d67314f8]: [vota]: init: ..
03-22 02:43:22.899 4059 4059 E vota : [d67314f8]: [vota]: [warning]: the java machine be not inited, please pass it to the tb_init function! at tb_android_init_env(): 43, src/vota/platform/android/android.c
03-22 02:43:22.900 4059 4059 E vota : [d67314f8]: [vota]: version: tbox_v1_6_7_202302251411_arm64-v8a_elf by Android (8481493, based on r416183c2) Clang 12.0.9 (https://android.googlesource.com/toolchain/llvm-project c935d99d7cf2016289302412d708641d52d2f7ee)
03-22 02:43:22.900 4059 4059 E vota : [d67314f8]: [vota]: init: ok
03-22 02:43:22.900 4059 4059 E vota : [d67314f8]: [vota]: [scheduler]: start ..
03-22 02:43:22.900 4059 4059 E vota : [d67314f8]: [vota]: [coroutine]: init 0x77d513e158
03-22 02:43:22.900 4059 4059 E vota : [d67314f8]: [vota]: [scheduler]: start ok
03-22 02:43:22.900 4059 4059 E vota : [d67314f8]: [vota]: [scheduler]: switch to coroutine(0x77d513e158) from coroutine(0x77d5241ca0)
03-22 02:43:22.900 4059 4059 E vota : [d67314f8]: [vota]: [coroutine]: entry: 0x77d513e158 stack: 0x77d513e1b8 - 0x77d517e1b8 from coroutine(0x77d5241ca0)
03-22 02:43:22.900 4059 4059 I hiphi_update_api: Hh_GetVersion calling ......
03-22 02:43:22.900 4059 4059 I hiphi_update_api: get version:01.00.C101_20230322_private_user栓4鬩
03-22 02:43:22.900 4059 4059 I hiphi_update_api: Hh_GetVersion ret:0
03-22 02:43:22.944 4059 4059 E vota : [d67314f8]: [vota]: [scheduler]: finish coroutine(0x77d513e158)
03-22 02:43:22.944 4059 4059 E vota : [d67314f8]: [vota]: [scheduler]: switch to original coroutine
03-22 02:43:22.944 4059 4059 E vota : [d67314f8]: [vota]: [scheduler]: switch to coroutine(0x77d5241ca0) from coroutine(0x77d513e158)
03-22 02:43:22.944 4059 4059 E vota : [d67314f8]: [vota]: [scheduler]: [loop]: ready 0
03-22 02:43:22.944 4059 4059 E vota : [d67314f8]: [vota]: [coroutine]: exit: 0x77d513e158
03-22 02:43:22.944 4059 4059 E vota : [d67314f8]: [vota]: [lock_profiler]:
03-22 02:43:22.944 4059 4059 E vota : [d67314f8]: [vota]: [lock_profiler]: lock: 0xb40000757669b0ec, name: allocator, occupied: 0
03-22 02:43:22.944 4059 4059 E vota : [d67314f8]: [vota]: [lock_profiler]: lock: 0xb40000756669e534, name: native_large_allocator, occupied: 0
03-22 02:43:22.939 4059 4059 W hht_ota_mgr: type=1400 audit(0.0:430): avc: denied { read append } for name="NvmSim_yy.dat" dev="dm-10" ino=391 scontext=u:r:hht_ota_mgr:s0 tcontext=u:object_r:system_data_file:s0 tclass=file permissive=0
03-22 02:43:22.944 4059 4059 E vota : [d67314f8]: [vota]: [static_fixed_pool]: [16]: peak_size: 288, wast_rate: 4074/10000, pred_failed: 0, item_maxn: 245, free_count: 18, malloc_count: 18
03-22 02:43:22.944 4059 4059 E vota : [d67314f8]: [vota]: [static_fixed_pool]: [96]: peak_size: 2208, wast_rate: 1028/10000, pred_failed: 0, item_maxn: 248, free_count: 23, malloc_count: 23
03-22 02:43:22.944 4059 4059 E vota : [d67314f8]: [vota]: [static_fixed_pool]: [128]: peak_size: 9216, wast_rate: 791/10000, pred_failed: 0, item_maxn: 249, free_count: 72, malloc_count: 72
03-22 02:43:22.944 4059 4059 E vota : [d67314f8]: [vota]: [static_fixed_pool]: [192]: peak_size: 2112, wast_rate: 541/10000, pred_failed: 0, item_maxn: 250, free_count: 11, malloc_count: 11
03-22 02:43:22.944 4059 4059 E vota : [d67314f8]: [vota]: [static_fixed_pool]: [256]: peak_size: 256, wast_rate: 411/10000, pred_failed: 0, item_maxn: 251, free_count: 1, malloc_count: 1
03-22 02:43:22.944 4059 4059 E vota : [d67314f8]: [vota]: [static_fixed_pool]: [384]: peak_size: 5376, wast_rate: 278/10000, pred_failed: 0, item_maxn: 252, free_count: 14, malloc_count: 14
03-22 02:43:22.944 4059 4059 E vota : [d67314f8]: [vota]: [static_fixed_pool]: [512]: peak_size: 5632, wast_rate: 210/10000, pred_failed: 0, item_maxn: 253, free_count: 11, malloc_count: 11
03-22 02:43:22.944 4059 4059 E vota : [d67314f8]: [vota]: [static_fixed_pool]: [1024]: peak_size: 2048, wast_rate: 106/10000, pred_failed: 0, item_maxn: 254, free_count: 2, malloc_count: 2
03-22 02:43:22.944 4059 4059 E vota : [d67314f8]: [vota]: [native_large_allocator]:
03-22 02:43:22.944 4059 4059 E vota : [d67314f8]: [vota]: [native_large_allocator]: peak_size: 3373986
03-22 02:43:22.944 4059 4059 E vota : [d67314f8]: [vota]: [native_large_allocator]: wast_rate: 4/10000
03-22 02:43:22.944 4059 4059 E vota : [d67314f8]: [vota]: [native_large_allocator]: free_count: 52
03-22 02:43:22.944 4059 4059 E vota : [d67314f8]: [vota]: [native_large_allocator]: malloc_count: 52
03-22 02:43:22.944 4059 4059 E vota : [d67314f8]: [vota]: [native_large_allocator]: ralloc_count: 0
03-22 02:43:22.944 4059 4059 E vota : [d67314f8]: [vota]: exit: ok
01-01 08:02:09.600 0 0 I init : Service 'hht_ota_mgr_service' (pid 4059) exited with status 0
01-01 08:02:09.600 0 0 I init : Sending signal 9 to service 'hht_ota_mgr_service' (pid 4059) process group...
01-01 08:02:09.600 0 0 I libprocessgroup: Successfully killed process cgroup uid 0 pid 4059 in 0ms
03-22 02:43:23.137 2757 2757 W hpplay-java: [main]:IPManager:getActiveNets invalid networkInfo:null
03-22 02:43:23.137 2757 2757 I hpplay-java: [main]:IPManager:getActiveNets eth0:false wifi:false mobile:false ap:false
03-22 02:43:23.137 2757 2757 I hpplay-java: [main]:ServerTaskManager:get local ip:null
03-22 02:43:23.327 645 660 I mpu_uart: [MSG-P:RECV]:No message received in 1000 ms
03-22 02:43:23.387 645 659 I mpu_uart: [MSG-P:R]:recv sync frame timeout
03-22 02:43:23.431 1237 1237 W cnss_diag: type=1400 audit(0.0:431): avc: denied { getattr } for path="/data/vendor/wifi/wlan_logs" dev="dm-10" ino=384 scontext=u:r:vendor_wcnss_service:s0 tcontext=u:object_r:vendor_wifi_vendor_log_data_file:s0 tclass=dir permissive=0
03-22 02:43:23.431 1237 1237 W cnss_diag: type=1400 audit(0.0:432): avc: denied { read } for name="wlan_logs" dev="dm-10" ino=384 scontext=u:r:vendor_wcnss_service:s0 tcontext=u:object_r:vendor_wifi_vendor_log_data_file:s0 tclass=dir permissive=0
03-22 02:43:23.431 1237 1237 W cnss_diag: type=1400 audit(0.0:433): avc: denied { search } for name="wlan_logs" dev="dm-10" ino=384 scontext=u:r:vendor_wcnss_service:s0 tcontext=u:object_r:vendor_wifi_vendor_log_data_file:s0 tclass=dir permissive=0
03-22 02:43:23.435 1237 1237 W cnss_diag: type=1400 audit(0.0:434): avc: denied { getattr } for path="/data/vendor/wifi/wlan_logs" dev="dm-10" ino=384 scontext=u:r:vendor_wcnss_service:s0 tcontext=u:object_r:vendor_wifi_vendor_log_data_file:s0 tclass=dir permissive=0
03-22 02:43:23.435 1237 1237 W cnss_diag: type=1400 audit(0.0:435): avc: denied { read } for name="wlan_logs" dev="dm-10" ino=384 scontext=u:r:vendor_wcnss_service:s0 tcontext=u:object_r:vendor_wifi_vendor_log_data_file:s0 tclass=dir permissive=0
03-22 02:43:23.435 1237 1237 W cnss_diag: type=1400 audit(0.0:436): avc: denied { search } for name="wlan_logs" dev="dm-10" ino=384 scontext=u:r:vendor_wcnss_service:s0 tcontext=u:object_r:vendor_wifi_vendor_log_data_file:s0 tclass=dir permissive=0
03-22 02:43:23.438 1237 1237 I CNSS : cnss_open_log_file: create directory /data/vendor/wifi/wlan_logs/ ret = -1 errno= 17
03-22 02:43:23.438 1237 1237 I CNSS : failed to open file a+ mode or file size 0 is less than max_file_size 31457280
03-22 02:43:23.438 1237 1237 I CNSS : Failed to open file /data/vendor/wifi/wlan_logs/host_driver_logs_current.txt: 13
03-22 02:43:23.439 1237 1237 I CNSS : cnss_open_log_file: create directory /data/vendor/wifi/wlan_logs/ ret = -1 errno= 17
03-22 02:43:23.439 1237 1237 I CNSS : failed to open file a+ mode or file size 0 is less than max_file_size 31457280
03-22 02:43:23.439 1237 1237 I CNSS : Failed to open file /data/vendor/wifi/wlan_logs/cnss_fw_logs_current.txt: 13
03-22 02:43:23.594 1255 1319 I selfinstaller: create socket failed: Network is unreachable 101
03-22 02:43:23.668 1337 1453 E tlogd : [TzLogger](isPathReadable) file /sys/kernel/debug/tzdbg/qsee_log isn't exist or no permission, err: No such file or directory
03-22 02:43:23.668 1337 1453 E tlogd : [TzLogger](saveTzlogAsync) /sys/kernel/debug/tzdbg/qsee_log can not read.
03-22 02:43:23.668 1337 1453 E tlogd : [TzLogger](isPathReadable) file /sys/kernel/debug/tzdbg/log isn't exist or no permission, err: No such file or directory
03-22 02:43:23.668 1337 1453 E tlogd : [TzLogger](saveTzlogAsync) /sys/kernel/debug/tzdbg/log can not read.
03-22 02:43:24.139 2757 2757 W hpplay-java: [main]:IPManager:getActiveNets invalid networkInfo:null
03-22 02:43:24.140 2757 2757 I hpplay-java: [main]:IPManager:getActiveNets eth0:false wifi:false mobile:false ap:false
03-22 02:43:24.140 2757 2757 I hpplay-java: [main]:ServerTaskManager:get local ip:null
03-22 02:43:24.327 645 660 I mpu_uart: [MSG-P:RECV]:No message received in 1000 ms
03-22 02:43:25.142 2757 2757 W hpplay-java: [main]:IPManager:getActiveNets invalid networkInfo:null
03-22 02:43:25.142 2757 2757 I hpplay-java: [main]:IPManager:getActiveNets eth0:false wifi:false mobile:false ap:false
03-22 02:43:25.142 2757 2757 I hpplay-java: [main]:ServerTaskManager:get local ip:null
03-22 02:43:25.327 645 660 I mpu_uart: [MSG-P:RECV]:No message received in 1000 ms
03-22 02:43:26.144 2757 2757 W hpplay-java: [main]:IPManager:getActiveNets invalid networkInfo:null
03-22 02:43:26.144 2757 2757 I hpplay-java: [main]:IPManager:getActiveNets eth0:false wifi:false mobile:false ap:false
03-22 02:43:26.145 2757 2757 I hpplay-java: [main]:ServerTaskManager:get local ip:null
03-22 02:43:26.328 645 660 I mpu_uart: [MSG-P:RECV]:No message received in 1000 ms
01-01 08:02:13.033 0 0 E DTC_ETH,link_delay_work_func: 3003, SQI=0, link=0
03-22 02:43:26.390 645 659 I mpu_uart: [MSG-P:R]:recv sync frame timeout
03-22 02:43:26.435 1237 1237 W cnss_diag: type=1400 audit(0.0:437): avc: denied { getattr } for path="/data/vendor/wifi/wlan_logs" dev="dm-10" ino=384 scontext=u:r:vendor_wcnss_service:s0 tcontext=u:object_r:vendor_wifi_vendor_log_data_file:s0 tclass=dir permissive=0
03-22 02:43:26.435 1237 1237 W cnss_diag: type=1400 audit(0.0:438): avc: denied { read } for name="wlan_logs" dev="dm-10" ino=384 scontext=u:r:vendor_wcnss_service:s0 tcontext=u:object_r:vendor_wifi_vendor_log_data_file:s0 tclass=dir permissive=0
03-22 02:43:26.435 1237 1237 W cnss_diag: type=1400 audit(0.0:439): avc: denied { search } for name="wlan_logs" dev="dm-10" ino=384 scontext=u:r:vendor_wcnss_service:s0 tcontext=u:object_r:vendor_wifi_vendor_log_data_file:s0 tclass=dir permissive=0
03-22 02:43:26.439 1237 1237 I CNSS : cnss_open_log_file: create directory /data/vendor/wifi/wlan_logs/ ret = -1 errno= 17
03-22 02:43:26.439 1237 1237 I CNSS : failed to open file a+ mode or file size 0 is less than max_file_size 31457280
03-22 02:43:26.439 1237 1237 I CNSS : Failed to open file /data/vendor/wifi/wlan_logs/cnss_fw_logs_current.txt: 13
03-22 02:43:26.973 2315 2315 D RemoteControlService: startVlanDispatchThread
03-22 02:43:27.147 2757 2757 W hpplay-java: [main]:IPManager:getActiveNets invalid networkInfo:null
03-22 02:43:27.147 2757 2757 I hpplay-java: [main]:IPManager:getActiveNets eth0:false wifi:false mobile:false ap:false
03-22 02:43:27.147 2757 2757 I hpplay-java: [main]:ServerTaskManager:get local ip:null
03-22 02:43:27.328 645 660 I mpu_uart: [MSG-P:RECV]:No message received in 1000 ms
01-01 08:02:14.512 0 0 I init : starting service 'hht_ota_mgr_service'...
03-22 02:43:27.907 4060 4060 E vota : [141a14f8]: [vota]: init: ..
03-22 02:43:27.907 4060 4060 E vota : [141a14f8]: [vota]: [warning]: the java machine be not inited, please pass it to the tb_init function! at tb_android_init_env(): 43, src/vota/platform/android/android.c
03-22 02:43:27.908 4060 4060 E vota : [141a14f8]: [vota]: version: tbox_v1_6_7_202302251411_arm64-v8a_elf by Android (8481493, based on r416183c2) Clang 12.0.9 (https://android.googlesource.com/toolchain/llvm-project c935d99d7cf2016289302412d708641d52d2f7ee)
03-22 02:43:27.908 4060 4060 E vota : [141a14f8]: [vota]: init: ok
03-22 02:43:27.908 4060 4060 E vota : [141a14f8]: [vota]: [scheduler]: start ..
03-22 02:43:27.908 4060 4060 E vota : [141a14f8]: [vota]: [coroutine]: init 0x7112bde158
03-22 02:43:27.908 4060 4060 E vota : [141a14f8]: [vota]: [scheduler]: start ok
03-22 02:43:27.908 4060 4060 E vota : [141a14f8]: [vota]: [scheduler]: switch to coroutine(0x7112bde158) from coroutine(0x7112cb1ca0)
03-22 02:43:27.908 4060 4060 E vota : [141a14f8]: [vota]: [coroutine]: entry: 0x7112bde158 stack: 0x7112bde1b8 - 0x7112c1e1b8 from coroutine(0x7112cb1ca0)
03-22 02:43:27.908 4060 4060 I hiphi_update_api: Hh_GetVersion calling ......
03-22 02:43:27.908 4060 4060 I hiphi_update_api: get version:01.00.C101_20230322_private_user?猚
03-22 02:43:27.908 4060 4060 I hiphi_update_api: Hh_GetVersion ret:0
03-22 02:43:27.952 4060 4060 E vota : [141a14f8]: [vota]: [scheduler]: finish coroutine(0x7112bde158)
03-22 02:43:27.952 4060 4060 E vota : [141a14f8]: [vota]: [scheduler]: switch to original coroutine
03-22 02:43:27.952 4060 4060 E vota : [141a14f8]: [vota]: [scheduler]: switch to coroutine(0x7112cb1ca0) from coroutine(0x7112bde158)
03-22 02:43:27.952 4060 4060 E vota : [141a14f8]: [vota]: [scheduler]: [loop]: ready 0
03-22 02:43:27.952 4060 4060 E vota : [141a14f8]: [vota]: [coroutine]: exit: 0x7112bde158
03-22 02:43:27.952 4060 4060 E vota : [141a14f8]: [vota]: [lock_profiler]:
03-22 02:43:27.953 4060 4060 E vota : [141a14f8]: [vota]: [lock_profiler]: lock: 0xb400006ea988ca34, name: native_large_allocator, occupied: 0
03-22 02:43:27.953 4060 4060 E vota : [141a14f8]: [vota]: [lock_profiler]: lock: 0xb400006eb988a7ac, name: allocator, occupied: 0
03-22 02:43:27.953 4060 4060 E vota : [141a14f8]: [vota]: [small_allocator]:
03-22 02:43:27.953 4060 4060 E vota : [141a14f8]: [vota]: [static_fixed_pool]: [16]: peak_size: 288, wast_rate: 4074/10000, pred_failed: 0, item_maxn: 245, free_count: 18, malloc_count: 18
03-22 02:43:27.953 4060 4060 E vota : [141a14f8]: [vota]: [static_fixed_pool]: [96]: peak_size: 2208, wast_rate: 1028/10000, pred_failed: 0, item_maxn: 248, free_count: 23, malloc_count: 23
03-22 02:43:27.953 4060 4060 E vota : [141a14f8]: [vota]: [static_fixed_pool]: [128]: peak_size: 9216, wast_rate: 791/10000, pred_failed: 0, item_maxn: 249, free_count: 72, malloc_count: 72
03-22 02:43:27.953 4060 4060 E vota : [141a14f8]: [vota]: [static_fixed_pool]: [192]: peak_size: 2112, wast_rate: 541/10000, pred_failed: 0, item_maxn: 250, free_count: 11, malloc_count: 11
03-22 02:43:27.947 4060 4060 W hht_ota_mgr: type=1400 audit(0.0:440): avc: denied { read append } for name="NvmSim_yy.dat" dev="dm-10" ino=391 scontext=u:r:hht_ota_mgr:s0 tcontext=u:object_r:system_data_file:s0 tclass=file permissive=0
03-22 02:43:27.953 4060 4060 E vota : [141a14f8]: [vota]: [static_fixed_pool]: [256]: peak_size: 256, wast_rate: 411/10000, pred_failed: 0, item_maxn: 251, free_count: 1, malloc_count: 1
03-22 02:43:27.953 4060 4060 E vota : [141a14f8]: [vota]: [static_fixed_pool]: [384]: peak_size: 5376, wast_rate: 278/10000, pred_failed: 0, item_maxn: 252, free_count: 14, malloc_count: 14
03-22 02:43:27.953 4060 4060 E vota : [141a14f8]: [vota]: [static_fixed_pool]: [512]: peak_size: 5632, wast_rate: 210/10000, pred_failed: 0, item_maxn: 253, free_count: 11, malloc_count: 11
03-22 02:43:27.953 4060 4060 E vota : [141a14f8]: [vota]: [static_fixed_pool]: [1024]: peak_size: 2048, wast_rate: 106/10000, pred_failed: 0, item_maxn: 254, free_count: 2, malloc_count: 2
03-22 02:43:27.953 4060 4060 E vota : [141a14f8]: [vota]: [native_large_allocator]:
03-22 02:43:27.953 4060 4060 E vota : [141a14f8]: [vota]: [native_large_allocator]: peak_size: 3373986
03-22 02:43:27.953 4060 4060 E vota : [141a14f8]: [vota]: [native_large_allocator]: wast_rate: 4/10000
03-22 02:43:27.953 4060 4060 E vota : [141a14f8]: [vota]: [native_large_allocator]: free_count: 52
03-22 02:43:27.953 4060 4060 E vota : [141a14f8]: [vota]: [native_large_allocator]: malloc_count: 52
03-22 02:43:27.953 4060 4060 E vota : [141a14f8]: [vota]: [native_large_allocator]: ralloc_count: 0
03-22 02:43:27.953 4060 4060 E vota : [141a14f8]: [vota]: exit: ok
01-01 08:02:14.608 0 0 I init : Service 'hht_ota_mgr_service' (pid 4060) exited with status 0
01-01 08:02:14.608 0 0 I init : Sending signal 9 to service 'hht_ota_mgr_service' (pid 4060) process group...
01-01 08:02:14.609 0 0 I libprocessgroup: Successfully killed process cgroup uid 0 pid 4060 in 0ms
03-22 02:43:28.150 2757 2757 W hpplay-java: [main]:IPManager:getActiveNets invalid networkInfo:null
03-22 02:43:28.150 2757 2757 I hpplay-java: [main]:IPManager:getActiveNets eth0:false wifi:false mobile:false ap:false
03-22 02:43:28.150 2757 2757 I hpplay-java: [main]:ServerTaskManager:get local ip:null
03-22 02:43:28.329 645 660 I mpu_uart: [MSG-P:RECV]:No message received in 1000 ms
03-22 02:43:28.669 1337 1453 E tlogd : [TzLogger](isPathReadable) file /sys/kernel/debug/tzdbg/qsee_log isn't exist or no permission, err: No such file or directory
03-22 02:43:28.669 1337 1453 E tlogd : [TzLogger](saveTzlogAsync) /sys/kernel/debug/tzdbg/qsee_log can not read.
03-22 02:43:28.669 1337 1453 E tlogd : [TzLogger](isPathReadable) file /sys/kernel/debug/tzdbg/log isn't exist or no permission, err: No such file or directory
03-22 02:43:28.669 1337 1453 E tlogd : [TzLogger](saveTzlogAsync) /sys/kernel/debug/tzdbg/log can not read.
03-22 02:43:29.152 2757 2757 W hpplay-java: [main]:IPManager:getActiveNets invalid networkInfo:null
03-22 02:43:29.152 2757 2757 I hpplay-java: [main]:IPManager:getActiveNets eth0:false wifi:false mobile:false ap:false
03-22 02:43:29.152 2757 2757 I hpplay-java: [main]:ServerTaskManager:get local ip:null
03-22 02:43:29.329 645 660 I mpu_uart: [MSG-P:RECV]:No message received in 1000 ms
03-22 02:43:29.393 645 659 I mpu_uart: [MSG-P:R]:recv sync frame timeout
03-22 02:43:29.439 1237 1237 W cnss_diag: type=1400 audit(0.0:441): avc: denied { getattr } for path="/data/vendor/wifi/wlan_logs" dev="dm-10" ino=384 scontext=u:r:vendor_wcnss_service:s0 tcontext=u:object_r:vendor_wifi_vendor_log_data_file:s0 tclass=dir permissive=0
03-22 02:43:29.439 1237 1237 W cnss_diag: type=1400 audit(0.0:442): avc: denied { read } for name="wlan_logs" dev="dm-10" ino=384 scontext=u:r:vendor_wcnss_service:s0 tcontext=u:object_r:vendor_wifi_vendor_log_data_file:s0 tclass=dir permissive=0
03-22 02:43:29.439 1237 1237 W cnss_diag: type=1400 audit(0.0:443): avc: denied { search } for name="wlan_logs" dev="dm-10" ino=384 scontext=u:r:vendor_wcnss_service:s0 tcontext=u:object_r:vendor_wifi_vendor_log_data_file:s0 tclass=dir permissive=0
03-22 02:43:29.440 1237 1237 I CNSS : cnss_open_log_file: create directory /data/vendor/wifi/wlan_logs/ ret = -1 errno= 17
03-22 02:43:29.440 1237 1237 I CNSS : failed to open file a+ mode or file size 0 is less than max_file_size 31457280
03-22 02:43:29.440 1237 1237 I CNSS : Failed to open file /data/vendor/wifi/wlan_logs/cnss_fw_logs_current.txt: 13
03-22 02:43:30.154 2757 2757 W hpplay-java: [main]:IPManager:getActiveNets invalid networkInfo:null
03-22 02:43:30.154 2757 2757 I hpplay-java: [main]:IPManager:getActiveNets eth0:false wifi:false mobile:false ap:false
03-22 02:43:30.154 2757 2757 I hpplay-java: [main]:ServerTaskManager:get local ip:null
03-22 02:43:30.329 645 660 I mpu_uart: [MSG-P:RECV]:No message received in 1000 ms
03-22 02:43:31.156 2757 2757 W hpplay-java: [main]:IPManager:getActiveNets invalid networkInfo:null
03-22 02:43:31.156 2757 2757 I hpplay-java: [main]:IPManager:getActiveNets eth0:false wifi:false mobile:false ap:false
03-22 02:43:31.156 2757 2757 I hpplay-java: [main]:ServerTaskManager:get local ip:null
03-22 02:43:31.330 645 660 I mpu_uart: [MSG-P:RECV]:No message received in 1000 ms
01-01 08:02:18.153 0 0 E DTC_ETH,link_delay_work_func: 3003, SQI=0, link=0
03-22 02:43:31.982 2315 2315 D RemoteControlService: startVlanDispatchThread
03-22 02:43:32.159 2757 2757 W hpplay-java: [main]:IPManager:getActiveNets invalid networkInfo:null
03-22 02:43:32.159 2757 2757 I hpplay-java: [main]:IPManager:getActiveNets eth0:false wifi:false mobile:false ap:false
03-22 02:43:32.159 2757 2757 I hpplay-java: [main]:ServerTaskManager:get local ip:null
03-22 02:43:32.330 645 660 I mpu_uart: [MSG-P:RECV]:No message received in 1000 ms
03-22 02:43:32.397 645 659 I mpu_uart: [MSG-P:R]:recv sync frame timeout
03-22 02:43:32.441 1237 1237 I CNSS : cnss_open_log_file: create directory /data/vendor/wifi/wlan_logs/ ret = -1 errno= 17
03-22 02:43:32.441 1237 1237 I CNSS : failed to open file a+ mode or file size 0 is less than max_file_size 31457280
03-22 02:43:32.441 1237 1237 I CNSS : Failed to open file /data/vendor/wifi/wlan_logs/cnss_fw_logs_current.txt: 13
03-22 02:43:32.439 1237 1237 W cnss_diag: type=1400 audit(0.0:444): avc: denied { getattr } for path="/data/vendor/wifi/wlan_logs" dev="dm-10" ino=384 scontext=u:r:vendor_wcnss_service:s0 tcontext=u:object_r:vendor_wifi_vendor_log_data_file:s0 tclass=dir permissive=0
03-22 02:43:32.439 1237 1237 W cnss_diag: type=1400 audit(0.0:445): avc: denied { read } for name="wlan_logs" dev="dm-10" ino=384 scontext=u:r:vendor_wcnss_service:s0 tcontext=u:object_r:vendor_wifi_vendor_log_data_file:s0 tclass=dir permissive=0
03-22 02:43:32.439 1237 1237 W cnss_diag: type=1400 audit(0.0:446): avc: denied { search } for name="wlan_logs" dev="dm-10" ino=384 scontext=u:r:vendor_wcnss_service:s0 tcontext=u:object_r:vendor_wifi_vendor_log_data_file:s0 tclass=dir permissive=0
01-01 08:02:19.522 0 0 I init : starting service 'hht_ota_mgr_service'...
03-22 02:43:32.916 4062 4062 E vota : [55f2b4f8]: [vota]: init: ..
03-22 02:43:32.916 4062 4062 E vota : [55f2b4f8]: [vota]: [warning]: the java machine be not inited, please pass it to the tb_init function! at tb_android_init_env(): 43, src/vota/platform/android/android.c
03-22 02:43:32.917 4062 4062 E vota : [55f2b4f8]: [vota]: version: tbox_v1_6_7_202302251411_arm64-v8a_elf by Android (8481493, based on r416183c2) Clang 12.0.9 (https://android.googlesource.com/toolchain/llvm-project c935d99d7cf2016289302412d708641d52d2f7ee)
03-22 02:43:32.917 4062 4062 E vota : [55f2b4f8]: [vota]: init: ok
03-22 02:43:32.917 4062 4062 E vota : [55f2b4f8]: [vota]: [scheduler]: start ..
03-22 02:43:32.917 4062 4062 E vota : [55f2b4f8]: [vota]: [coroutine]: init 0x7e54969158
03-22 02:43:32.917 4062 4062 E vota : [55f2b4f8]: [vota]: [scheduler]: start ok
03-22 02:43:32.917 4062 4062 E vota : [55f2b4f8]: [vota]: [scheduler]: switch to coroutine(0x7e54969158) from coroutine(0x7e54a3bca0)
03-22 02:43:32.917 4062 4062 E vota : [55f2b4f8]: [vota]: [coroutine]: entry: 0x7e54969158 stack: 0x7e549691b8 - 0x7e549a91b8 from coroutine(0x7e54a3bca0)
03-22 02:43:32.917 4062 4062 I hiphi_update_api: Hh_GetVersion calling ......
03-22 02:43:32.917 4062 4062 I hiphi_update_api: get version:01.00.C101_20230322_private_user?堿W
03-22 02:43:32.917 4062 4062 I hiphi_update_api: Hh_GetVersion ret:0
03-22 02:43:32.961 4062 4062 E vota : [55f2b4f8]: [vota]: [scheduler]: finish coroutine(0x7e54969158)
03-22 02:43:32.961 4062 4062 E vota : [55f2b4f8]: [vota]: [scheduler]: switch to original coroutine
03-22 02:43:32.961 4062 4062 E vota : [55f2b4f8]: [vota]: [scheduler]: switch to coroutine(0x7e54a3bca0) from coroutine(0x7e54969158)
03-22 02:43:32.961 4062 4062 E vota : [55f2b4f8]: [vota]: [scheduler]: [loop]: ready 0
03-22 02:43:32.961 4062 4062 E vota : [55f2b4f8]: [vota]: [coroutine]: exit: 0x7e54969158
03-22 02:43:32.961 4062 4062 E vota : [55f2b4f8]: [vota]: [lock_profiler]:
03-22 02:43:32.955 4062 4062 W hht_ota_mgr: type=1400 audit(0.0:447): avc: denied { read append } for name="NvmSim_yy.dat" dev="dm-10" ino=391 scontext=u:r:hht_ota_mgr:s0 tcontext=u:object_r:system_data_file:s0 tclass=file permissive=0
03-22 02:43:32.961 4062 4062 E vota : [55f2b4f8]: [vota]: [lock_profiler]: lock: 0xb400007bf531614c, name: allocator, occupied: 0
03-22 02:43:32.961 4062 4062 E vota : [55f2b4f8]: [vota]: [lock_profiler]: lock: 0xb400007be5318b14, name: native_large_allocator, occupied: 0
03-22 02:43:32.961 4062 4062 E vota : [55f2b4f8]: [vota]: [small_allocator]:
03-22 02:43:32.961 4062 4062 E vota : [55f2b4f8]: [vota]: [static_fixed_pool]: [16]: peak_size: 288, wast_rate: 4074/10000, pred_failed: 0, item_maxn: 245, free_count: 18, malloc_count: 18
03-22 02:43:32.961 4062 4062 E vota : [55f2b4f8]: [vota]: [static_fixed_pool]: [96]: peak_size: 2208, wast_rate: 1028/10000, pred_failed: 0, item_maxn: 248, free_count: 23, malloc_count: 23
03-22 02:43:32.961 4062 4062 E vota : [55f2b4f8]: [vota]: [static_fixed_pool]: [128]: peak_size: 9216, wast_rate: 791/10000, pred_failed: 0, item_maxn: 249, free_count: 72, malloc_count: 72
