03-22 02:41:27.962 1206 1554 W ActivityManager: Slow operation: 168ms so far, now at startProcess: returned from zygote!
03-22 02:41:27.962 1206 1554 W ActivityManager: Slow operation: 168ms so far, now at startProcess: done updating battery stats
03-22 02:41:27.962 1206 1554 W ActivityManager: Slow operation: 168ms so far, now at startProcess: building log message
03-22 02:41:27.962 1206 1554 I ActivityManager: Start proc 2870:com.qualcomm.qti.workloadclassifier/u0a90 for added application com.qualcomm.qti.workloadclassifier
03-22 02:41:27.962 1206 1554 W ActivityManager: Slow operation: 168ms so far, now at startProcess: starting to update pids map
03-22 02:41:27.962 1206 1554 W ActivityManager: Slow operation: 168ms so far, now at startProcess: done updating pids map
03-22 02:41:27.962 1206 1554 W ActivityManager: Slow operation: 90ms so far, now at startProcess: asking zygote to start proc
03-22 02:41:27.962 1206 1554 D CompatibilityChangeReporter: Compat change id reported: 143937733; UID 10097; state: ENABLED
03-22 02:41:27.963 2817 2817 D CompatibilityChangeReporter: Compat change id reported: 171979766; UID 10074; state: DISABLED
03-22 02:41:27.965 2817 2817 D ApplicationLoaders: Returning zygote-cached class loader: /system/framework/android.test.base.jar
03-22 02:41:27.969 666 666 D Zygote : Forked child process 2878
03-22 02:41:27.969 1206 1554 W ActivityManager: Slow operation: 98ms so far, now at startProcess: returned from zygote!
03-22 02:41:27.969 816 816 V LocSvc_HIDL_HidlGnss: [getExtensionLocHidlFlpService_4_0][512] [HS] <<<<= [HC]
03-22 02:41:27.970 1206 1554 W ActivityManager: Slow operation: 98ms so far, now at startProcess: done updating battery stats
03-22 02:41:27.970 1206 1554 I Watchdog: Interesting Java process com.android.providers.media.module started. Pid 2878
03-22 02:41:27.970 1206 1554 W ActivityManager: Slow operation: 98ms so far, now at startProcess: building log message
03-22 02:41:27.970 1206 1554 I ActivityManager: Start proc 2878:com.android.providers.media.module/u0a97 for service {com.android.providers.media.module/com.android.providers.media.fuse.ExternalStorageServiceImpl}
03-22 02:41:27.970 1206 1554 W ActivityManager: Slow operation: 98ms so far, now at startProcess: starting to update pids map
03-22 02:41:27.970 1206 1554 W ActivityManager: Slow operation: 98ms so far, now at startProcess: done updating pids map
03-22 02:41:27.970 1206 1554 W ActivityManager: Slow operation: 79ms so far, now at startProcess: asking zygote to start proc
03-22 02:41:27.970 1206 1554 D CompatibilityChangeReporter: Compat change id reported: 143937733; UID 10086; state: ENABLED
01-01 08:00:14.626 0 0 I binder : 2850:2850 ioctl 40046210 7fe6919f64 returned -22
03-22 02:41:27.971 816 816 V LocSvc_HIDL_HidlGnss: [getExtensionLocHidlFlpService_4_0][512] [HS] <<<<= [HC]
03-22 02:41:27.972 2850 2850 D ProcessState: Binder ioctl to enable oneway spam detection failed: Invalid argument
03-22 02:41:27.972 816 816 V LocSvc_HIDL_FlpService: [init_4_0][122] [HS] <<<<= [HC]
03-22 02:41:27.973 1206 2164 D ConnectivityService: requestNetwork for uid/pid:1000/2388 activeRequest: null callbackRequest: 28 [NetworkRequest [ REQUEST id=29, [ Capabilities: INTERNET&NOT_RESTRICTED&TRUSTED&NOT_VCN_MANAGED Uid: 1000 RequestorUid: 1000 RequestorPkg: com.qualcomm.qti.qdma] ]] callback flags: 0 priority: 2147483647
03-22 02:41:27.974 1342 2668 D QSEECOMAPI: QSEECom_dealloc_memory
03-22 02:41:27.974 1342 2668 D QSEECOMAPI: QSEECom_shutdown_app, app_id = 7
03-22 02:41:27.975 1206 1907 D ConnectivityService: NetReassign [no changes]
03-22 02:41:27.976 1206 1970 D Ethernet: got request NetworkRequest [ REQUEST id=29, [ Capabilities: INTERNET&NOT_RESTRICTED&TRUSTED&NOT_VCN_MANAGED Uid: 1000 RequestorUid: 1000 RequestorPkg: com.qualcomm.qti.qdma] ]
03-22 02:41:27.976 1206 1970 D EthernetNetworkFactory: acceptRequest, request: NetworkRequest [ REQUEST id=29, [ Capabilities: INTERNET&NOT_RESTRICTED&TRUSTED&NOT_VCN_MANAGED Uid: 1000 RequestorUid: 1000 RequestorPkg: com.qualcomm.qti.qdma] ]
03-22 02:41:27.976 1206 1970 I EthernetNetworkFactory: networkForRequest, request: NetworkRequest [ REQUEST id=29, [ Capabilities: INTERNET&NOT_RESTRICTED&TRUSTED&NOT_VCN_MANAGED Uid: 1000 RequestorUid: 1000 RequestorPkg: com.qualcomm.qti.qdma] ], network: null
03-22 02:41:27.976 666 666 D Zygote : Forked child process 2881
03-22 02:41:27.976 1206 1554 W ActivityManager: Slow operation: 85ms so far, now at startProcess: returned from zygote!
03-22 02:41:27.977 2388 2388 I QCC:ActiveCareService: ActiveCareService onDestroy
03-22 02:41:27.977 2808 2808 D nativeloader: classloader namespace configured for unbundled vendor apk. library_path=/vendor/app/pasrservice/lib/arm64:/vendor/lib64
03-22 02:41:27.978 1206 1554 W ActivityManager: Slow operation: 87ms so far, now at startProcess: done updating battery stats
03-22 02:41:27.978 1206 1554 W ActivityManager: Slow operation: 87ms so far, now at startProcess: building log message
03-22 02:41:27.978 1206 1554 I ActivityManager: Start proc 2881:com.qualcomm.qtil.aptxui/u0a86 for broadcast {com.qualcomm.qtil.aptxui/com.qualcomm.qtil.aptxui.aptxuiBootReceiver}
03-22 02:41:27.978 1206 1554 W ActivityManager: Slow operation: 87ms so far, now at startProcess: starting to update pids map
03-22 02:41:27.979 1206 1554 W ActivityManager: Slow operation: 88ms so far, now at startProcess: done updating pids map
03-22 02:41:27.979 1206 1554 D CompatibilityChangeReporter: Compat change id reported: 143937733; UID 10076; state: ENABLED
03-22 02:41:27.980 1206 2171 D CompatibilityChangeReporter: Compat change id reported: 168419799; UID 10089; state: DISABLED
03-22 02:41:27.980 1206 2171 D CompatibilityInfo: mCompatibilityFlags - 4
03-22 02:41:27.980 1206 2171 D CompatibilityInfo: applicationDensity - 240
03-22 02:41:27.980 1206 2171 D CompatibilityInfo: applicationScale - 1.0
03-22 02:41:27.980 1206 1552 I UsageStatsService: User[0] Rollover scheduled @ 2023-03-20 01:19:17(1679246357181)
03-22 02:41:27.980 1206 1552 I UsageStatsService: User[0] Rolling over usage stats
03-22 02:41:27.981 2817 2817 I Perf : Connecting to perf service.
01-01 08:00:14.638 0 0 E msm-dwc3 a600000.ssusb: Could not get usb psy
01-01 08:00:14.638 0 0 I android_work: did not send uevent (0 0 0000000000000000)
01-01 08:00:14.643 0 0 I binder : 2878:2878 ioctl 40046210 7fe6919f64 returned -22
03-22 02:41:27.983 2808 2808 I Perf : Connecting to perf service.
03-22 02:41:27.985 2850 2850 D CompatibilityChangeReporter: Compat change id reported: 171979766; UID 10089; state: ENABLED
03-22 02:41:27.988 2817 2817 V GraphicsEnvironment: ANGLE Developer option for 'com.qualcomm.qti.services.systemhelper' set to: 'default'
03-22 02:41:27.988 2878 2878 E rs.media.modul: Not starting debugger since process cannot load the jdwp agent.
03-22 02:41:27.988 2808 2808 V GraphicsEnvironment: ANGLE Developer option for 'com.qti.pasrservice' set to: 'default'
03-22 02:41:27.988 2808 2808 V GraphicsEnvironment: ANGLE GameManagerService for com.qti.pasrservice: false
03-22 02:41:27.988 2817 2817 V GraphicsEnvironment: ANGLE GameManagerService for com.qualcomm.qti.services.systemhelper: false
03-22 02:41:27.989 2808 2808 D NetworkSecurityConfig: No Network Security Config specified, using platform default
03-22 02:41:27.989 2878 2878 D ProcessState: Binder ioctl to enable oneway spam detection failed: Invalid argument
03-22 02:41:27.989 2817 2817 D NetworkSecurityConfig: No Network Security Config specified, using platform default
03-22 02:41:27.989 2808 2808 D NetworkSecurityConfig: No Network Security Config specified, using platform default
03-22 02:41:27.989 2817 2817 D NetworkSecurityConfig: No Network Security Config specified, using platform default
03-22 02:41:27.990 509 509 I hwservicemanager: Since vendor.qti.hardware.iop@2.0::IIop/default is not registered, trying to start it as a lazy HAL.
03-22 02:41:27.990 1265 1293 E ANDR-IOP: IIop:: Iop HAL Service is not available.
03-22 02:41:27.991 509 509 I hwservicemanager: Since vendor.qti.hardware.iop@2.0::IIop/default is not registered, trying to start it as a lazy HAL.
03-22 02:41:27.991 1265 2324 E ANDR-IOP: IIop:: Iop HAL Service is not available.
03-22 02:41:27.992 2669 2736 D EsStatusReceiver: LOCHIDL version is lower than 4.1, or use LOCAIDL, initialize AFW client
03-22 02:41:27.993 812 2527 D vendor.qti.bluetooth@1.0-patch_dl_manager: ReadHciEvent: Expected CC
03-22 02:41:27.993 812 2527 I vendor.qti.bluetooth@1.0-patch_dl_manager: GetAddOnFeatureList: param_len 13, cmd_status = 0
03-22 02:41:27.993 812 2527 I vendor.qti.bluetooth@1.0-patch_dl_manager: GetAddOnFeatureList: feat_mask_len 5 product_id = 16, rsp_version = 1
03-22 02:41:27.993 812 2527 I vendor.qti.bluetooth@1.0-patch_dl_manager: GetOTPBytesInfo: Sending HCI_VS_PERSIST_ACCESS_OTP_GET cmd
03-22 02:41:27.993 812 2527 D vendor.qti.bluetooth@1.0-patch_dl_manager: ReadHciEvent: Expected CC
03-22 02:41:27.993 812 2527 E vendor.qti.bluetooth@1.0-patch_dl_manager: GetVsHciEvent: HCI_VS_PERSIST_ACCESS_OTP_GET cmd failed config_type: 0xa subopcode: 0x0 status: 0x12
03-22 02:41:27.993 812 2527 I vendor.qti.bluetooth@1.0-patch_dl_manager: EnableEnhControllerLog: disabled(0)
03-22 02:41:27.995 812 2527 D vendor.qti.bluetooth@1.0-patch_dl_manager: ReadHciEvent: Expected CC
03-22 02:41:27.995 812 2527 I vendor.qti.bluetooth@1.0-patch_dl_manager: HciReset: HCI RESET
03-22 02:41:27.996 1206 2165 D CompatibilityChangeReporter: Compat change id reported: 157233955; UID 10081; state: DISABLED
03-22 02:41:27.996 666 666 D Zygote : Forked child process 2901
03-22 02:41:27.996 2802 2802 I Perf : Connecting to perf service.
03-22 02:41:27.997 1206 1554 I ActivityManager: Start proc 2901:com.qualcomm.location.XT/u0a76 for service {com.qualcomm.location.XT/com.qualcomm.location.XT.XTSrv}
03-22 02:41:27.971 2876 2876 W ip : type=1400 audit(0.0:253): avc: denied { read } for name="rt_tables" dev="dm-10" ino=355 scontext=u:r:ethernet:s0 tcontext=u:object_r:net_data_file:s0 tclass=file permissive=0
03-22 02:41:27.987 2880 2880 W ip : type=1400 audit(0.0:254): avc: denied { read } for name="rt_tables" dev="dm-10" ino=355 scontext=u:r:ethernet:s0 tcontext=u:object_r:net_data_file:s0 tclass=file permissive=0
03-22 02:41:27.999 2850 2850 I Perf : Connecting to perf service.
03-22 02:41:28.000 509 2897 W libc : Unable to set property "ctl.interface_start" to "vendor.qti.hardware.iop@2.0::IIop/default": error code: 0x20
03-22 02:41:28.000 509 2897 I hwservicemanager: Tried to start vendor.qti.hardware.iop@2.0::IIop/default as a lazy service, but was unable to. Usually this happens when a service is not installed, but if the service is intended to be used as a lazy service, then it may be configured incorrectly.
03-22 02:41:28.000 509 2898 W libc : Unable to set property "ctl.interface_start" to "vendor.qti.hardware.iop@2.0::IIop/default": error code: 0x20
03-22 02:41:28.000 509 2898 I hwservicemanager: Tried to start vendor.qti.hardware.iop@2.0::IIop/default as a lazy service, but was unable to. Usually this happens when a service is not installed, but if the service is intended to be used as a lazy service, then it may be configured incorrectly.
03-22 02:41:28.000 2870 2870 E kloadclassifie: Not starting debugger since process cannot load the jdwp agent.
01-01 08:00:14.655 0 0 I binder : 2870:2870 ioctl 40046210 7fe6919f64 returned -22
03-22 02:41:28.001 2870 2870 D ProcessState: Binder ioctl to enable oneway spam detection failed: Invalid argument
03-22 02:41:27.999 812 812 W bluetooth@1.0-s: type=1400 audit(0.0:255): avc: denied { read write } for name="diag" dev="tmpfs" ino=2149 scontext=u:r:hal_bluetooth_default:s0 tcontext=u:object_r:vendor_diag_device:s0 tclass=chr_file permissive=0
03-22 02:41:28.003 812 2527 D vendor.qti.bluetooth@1.0-patch_dl_manager: ReadCmdCmplEvent: Cmd Cmpl received for opcode c03
03-22 02:41:28.003 812 2527 D vendor.qti.bluetooth@1.0-uart_controller: add on features read true
03-22 02:41:28.004 812 2527 E Diag_Lib: Diag_LSM_Init: Failed to open handle to diag driver, error = 13
03-22 02:41:28.004 812 2527 E vendor.qti.bluetooth@1.0-diag_interface: Init:Failed to Init diag
03-22 02:41:28.004 812 2527 D vendor.qti.bluetooth@1.0-power_manager: SetPower: enable: 1
03-22 02:41:28.004 812 2527 E vendor.qti.bluetooth@1.0-power_manager:
03-22 02:41:28.004 812 2527 E vendor.qti.bluetooth@1.0-power_manager: PowerUpChip enable(1) retentionMode(1)
03-22 02:41:28.004 812 2527 D vendor.qti.bluetooth@1.0-uart_controller: Init succeded
03-22 02:41:28.004 812 2527 I vendor.qti.bluetooth@1.0-data_handler: SetHostAddOnFeatures: chip_ver: (0x400a020000100200), chip_ver_str: HASTINGS_VER_2_0
03-22 02:41:28.004 812 2527 I vendor.qti.bluetooth@1.0-data_handler: SetHostAddOnFeatures: before get_soc_info call
03-22 02:41:28.004 812 2527 I vendor.qti.bluetooth@1.0-data_handler: SetHostAddOnFeatures: after get_soc_info call
03-22 02:41:28.004 812 2527 W vendor.qti.bluetooth@1.0-data_handler: SetHostAddOnFeatures: failed to get soc info or feat not req for this chip
03-22 02:41:28.004 812 2527 D vendor.qti.bluetooth@1.0-data_handler: StopInitTimer: InitTimer Stopped
03-22 02:41:28.004 812 2527 D vendor.qti.bluetooth@1.0-data_handler: Firmware download succeded.
03-22 02:41:28.004 812 2527 I vendor.qti.bluetooth@1.0-bluetooth_hci: operator(): Set callbacks received from BT client inorder to provide status and data through them
03-22 02:41:28.004 1988 2523 I bt_hci : event_finish_startup
03-22 02:41:28.004 1206 1552 I UsageStatsService: User[0] Rollover scheduled @ 2023-03-23 02:41:27(1679510487818)
03-22 02:41:28.005 1206 1552 I UsageStatsService: User[0] Rolling over usage stats complete. Took 24 milliseconds
03-22 02:41:28.005 1988 2098 I bt_core_module: module_start_up Started module "hci_module"
03-22 02:41:28.005 2881 2881 E omm.qtil.aptxu: Not starting debugger since process cannot load the jdwp agent.
03-22 02:41:28.005 1206 2171 D CompatibilityChangeReporter: Compat change id reported: 168419799; UID 10097; state: DISABLED
03-22 02:41:28.005 1206 2171 D CompatibilityInfo: mCompatibilityFlags - 4
03-22 02:41:28.005 1206 2171 D CompatibilityInfo: applicationDensity - 240
03-22 02:41:28.005 1206 1552 I UsageStatsService: Time changed in by 1679424073 seconds
03-22 02:41:28.005 1206 2171 D CompatibilityInfo: applicationScale - 1.0
03-22 02:41:28.006 1206 2171 D CompatibilityInfo: mCompatibilityFlags - 4
03-22 02:41:28.006 1206 2171 D CompatibilityInfo: applicationDensity - 240
03-22 02:41:28.006 1206 2171 D CompatibilityInfo: applicationScale - 1.0
01-01 08:00:14.658 0 0 E bt_ioctl: BT_CMD_PWR_CTRL pwr_cntrl:2
01-01 08:00:14.658 0 0 E bt_vreg_unvote: vreg_unvote successful for : qca,bt-vdd-rfa2
01-01 08:00:14.658 0 0 E bt_vreg_unvote: vreg_unvote successful for : qca,bt-vdd-rfa1
01-01 08:00:14.658 0 0 E bt_vreg_unvote: vreg_unvote successful for : qca,bt-vdd-dig
01-01 08:00:14.658 0 0 E bt_vreg_unvote: vreg_unvote successful for : qca,bt-vdd-aon
03-22 02:41:28.007 812 2527 D vendor.qti.bluetooth@1.0-data_handler: operator(): init thread exited now
03-22 02:41:28.007 1988 2927 I bt_osi_thread: run_thread: thread id 2927, thread name bt_workqueue started
03-22 02:41:28.007 1988 2927 I droid.bluetoot: [0322/024128.007812:INFO:btu_task.cc(107)] Bluetooth chip preload is complete
03-22 02:41:28.008 1988 2927 W bt_l2cap: L2CAP - L2CA_Register() called for PSM: 0x0001
03-22 02:41:28.008 1988 2927 W bt_l2cap: L2CAP - L2CA_Register() called for PSM: 0x001f
03-22 02:41:28.008 1988 2927 I droid.bluetoot: [0322/024128.008123:INFO:gatt_api.cc(1223)] GATT_Register 81818181-8181-8181-8181-818181818181
03-22 02:41:28.008 1988 2927 I droid.bluetoot: [0322/024128.008148:INFO:gatt_api.cc(1244)] allocated gatt_if=1
03-22 02:41:28.008 1988 2927 I droid.bluetoot: [0322/024128.008164:INFO:gatt_api.cc(166)] GATTS_AddService
03-22 02:41:28.008 1988 2927 I droid.bluetoot: [0322/024128.008183:INFO:gatt_api.cc(269)] GATTS_AddService: service parsed correctly, now starting
03-22 02:41:28.008 1988 2927 W bt_l2cap: L2CAP - L2CA_Register() called for PSM: 0x0003
03-22 02:41:28.008 1988 2927 I droid.bluetoot: [0322/024128.008228:INFO:gatt_api.cc(1223)] GATT_Register 82828282-8282-8282-8282-828282828282
03-22 02:41:28.008 1988 2927 I droid.bluetoot: [0322/024128.008246:INFO:gatt_api.cc(1244)] allocated gatt_if=2
03-22 02:41:28.008 1988 2927 I droid.bluetoot: [0322/024128.008262:INFO:gatt_api.cc(166)] GATTS_AddService
03-22 02:41:28.008 1988 2927 I droid.bluetoot: [0322/024128.008278:INFO:gatt_api.cc(269)] GATTS_AddService: service parsed correctly, now starting
03-22 02:41:28.009 2802 2802 V GraphicsEnvironment: ANGLE Developer option for 'com.hryt.hiphishowfsecontrol' set to: 'default'
03-22 02:41:28.009 2850 2850 V GraphicsEnvironment: ANGLE Developer option for 'com.qualcomm.qti.qccnetstat' set to: 'default'
03-22 02:41:28.009 2802 2802 V GraphicsEnvironment: ANGLE GameManagerService for com.hryt.hiphishowfsecontrol: false
03-22 02:41:28.009 2850 2850 V GraphicsEnvironment: ANGLE GameManagerService for com.qualcomm.qti.qccnetstat: false
03-22 02:41:28.010 2802 2802 D NetworkSecurityConfig: Using Network Security Config from resource network_config debugBuild: false
01-01 08:00:14.666 0 0 W QSEECOM : __qseecom_unload_app: App (7) is unloaded
01-01 08:00:14.667 0 0 D qbt : qbt_release: entry minor_no=0 fd_available=0
01-01 08:00:14.667 0 0 D qbt : qbt_release: Releasing wakelock
01-01 08:00:14.667 0 0 D qbt : qbt_release: exit : fd_available=1
01-01 08:00:14.667 0 0 D qbt : qbt_release: entry minor_no=1 fd_available=1
01-01 08:00:14.667 0 0 D qbt : qbt_release: exit : fd_available=1
03-22 02:41:28.010 1988 2933 I bt_osi_thread: run_thread: thread id 2933, thread name btu message loop started
03-22 02:41:28.010 1206 1552 I UsageStatsService: User[0] Flushing usage stats to disk
03-22 02:41:28.010 2850 2850 D NetworkSecurityConfig: Using Network Security Config from resource network_security_config debugBuild: false
03-22 02:41:28.010 1988 2934 I bt_osi_thread: run_thread: thread id 2934, thread name module_wrapper started
03-22 02:41:28.010 1988 2934 I bt_core_module: module_start_up Starting module "controller_module"
03-22 02:41:28.011 1988 2934 I bt_stack: [INFO:controller.cc(1326)] load_bt_configstore_lib loaded HAL: bt_configstore_interface_t=0x7b6549a970, bt_configstore_lib_handle=0xd15824dbd93c886d
03-22 02:41:28.011 1988 2934 I bt_config_store: getVendorProperties
03-22 02:41:28.011 2802 2802 D NetworkSecurityConfig: Using Network Security Config from resource network_config debugBuild: false
03-22 02:41:28.012 812 812 I vendor.qti.hardware.btconfigstore@2.0-BTConfigStore: getVendorProperties:: Bluetooth soc type set to: hastings, ret: 8
03-22 02:41:28.012 812 812 I vendor.qti.hardware.btconfigstore@2.0-BTConfigStore: getVendorProperties:: persist.vendor.qcom.bluetooth.enable.splita2dp: true, ret: 4
03-22 02:41:28.012 812 812 I vendor.qti.hardware.btconfigstore@2.0-BTConfigStore: getVendorProperties:: persist.vendor.qcom.bluetooth.a2dp_offload_cap: sbc-aac, ret: 7
03-22 02:41:28.012 812 812 I vendor.qti.hardware.btconfigstore@2.0-BTConfigStore: getVendorProperties:: ro.vendor.bluetooth.wipower: false, ret: 5
03-22 02:41:28.012 812 812 I vendor.qti.hardware.btconfigstore@2.0-BTConfigStore: getVendorProperties:: persist.vendor.qcom.bluetooth.aac_frm_ctl.enabled: true, ret: 4
03-22 02:41:28.012 812 812 I vendor.qti.hardware.btconfigstore@2.0-BTConfigStore: getVendorProperties:: persist.vendor.qcom.bluetooth.enable.swb: true, ret: 4
03-22 02:41:28.012 812 812 I vendor.qti.hardware.btconfigstore@2.0-BTConfigStore: getVendorProperties:: persist.vendor.qcom.bluetooth.enable.swbpm: true, ret: 4
03-22 02:41:28.012 812 812 I vendor.qti.hardware.btconfigstore@2.0-BTConfigStore: getVendorProperties:: persist.vendor.qcom.bluetooth.a2dp_mcast_test.enabled: false, ret: 5
03-22 02:41:28.012 812 812 I vendor.qti.hardware.btconfigstore@2.0-BTConfigStore: getVendorProperties:: persist.vendor.qcom.bluetooth.twsp_state.enabled: false, ret: 5
03-22 02:41:28.012 812 812 I vendor.qti.hardware.btconfigstore@2.0-BTConfigStore: getVendorProperties:: persist.vendor.qcom.bluetooth.max_power_support: false, ret: 5
03-22 02:41:28.012 1988 2934 I bt_config_store: prop type: BT_PROP_SOC_TYPE, prop_value: hastings
03-22 02:41:28.012 1988 2934 I bt_config_store: prop type: BT_PROP_SPILT_A2DP, prop_value: true
03-22 02:41:28.012 1988 2934 I bt_config_store: prop type: BT_PROP_A2DP_OFFLOAD_CAP, prop_value: sbc-aac
03-22 02:41:28.012 1988 2934 I bt_config_store: prop type: BT_PROP_WIPOWER, prop_value: false
03-22 02:41:28.012 1988 2934 I bt_config_store: prop type: BT_PROP_AAC_FRAME_CTL, prop_value: true
03-22 02:41:28.012 1988 2934 I bt_config_store: not handled propType = 6
03-22 02:41:28.012 1988 2934 I bt_config_store: prop type: not handled, prop_value: true
03-22 02:41:28.012 1988 2934 I bt_config_store: not handled propType = 7
03-22 02:41:28.012 1988 2934 I bt_config_store: prop type: not handled, prop_value: true
03-22 02:41:28.012 1988 2934 I bt_config_store: not handled propType = 8
03-22 02:41:28.012 1988 2934 I bt_config_store: prop type: not handled, prop_value: false
03-22 02:41:28.012 1988 2934 I bt_config_store: not handled propType = 9
03-22 02:41:28.012 1988 2934 I bt_config_store: prop type: not handled, prop_value: false
03-22 02:41:28.012 1988 2934 I bt_config_store: not handled propType = 11
03-22 02:41:28.012 1988 2934 I bt_config_store: prop type: not handled, prop_value: false
03-22 02:41:28.012 1988 2934 I bt_config_store: soc_name: hastings, soc_type = 0004
03-22 02:41:28.012 1988 2934 I bt_controller: start_up:: soc_name:hastings, soc_type = 4
03-22 02:41:28.012 1988 2934 I bt_controller: start_up:: spilt_a2dp_supported = 1
03-22 02:41:28.012 1988 2934 I bt_controller: start_up:: a2dp_offload_Cap = sbc-aac
03-22 02:41:28.012 1988 2934 I bt_controller: start_up:: wipower_supported = 0
03-22 02:41:28.012 1988 2934 I bt_controller: start_up:: aac_frame_ctl_enabled = 1
03-22 02:41:28.012 1988 2934 I bt_controller: start_up:: a2dp_multicast_supported = 0
03-22 02:41:28.012 1988 2934 I bt_controller: start_up:: twsp_state_supported = 0
03-22 02:41:28.012 1988 2934 I bt_controller: decode_max_power_values: MAX POW property is not set
03-22 02:41:28.012 1988 2934 I bt_controller: start_up:: max_power_prop_enabled = 0
03-22 02:41:28.012 1342 2668 E QFP : Dropping unsupported QBT command
03-22 02:41:28.012 1342 2668 I QFP : openFramework:QFP TZ VERSION: 3.0.3.39
03-22 02:41:28.012 1342 2668 E QFP : releaseWakelock: qbt sensor handle is invalid
03-22 02:41:28.012 1342 2668 E QFP : qfp_init failed -1
03-22 02:41:28.012 1342 2668 I QFP : QfpThreadOptimize::invoke: entry.
03-22 02:41:28.012 1342 2668 I QFP : QfpThreadOptimize::invoke: QFP not initialized, exiting Optimize thread
03-22 02:41:28.012 1342 2668 I QFP : QfpThreadErieEvent::invoke: entry.
03-22 02:41:28.012 1342 2668 I QFP : QfpThreadErieEvent::invoke: QFP not initialized, exiting ErieEvent thread
03-22 02:41:28.012 812 812 I vendor.qti.bluetooth@1.0-ibs_handler: DeviceWakeUp: Writing IBS_WAKE_IND
03-22 02:41:28.012 1342 1342 I QFP : notifyPowerState: 2
03-22 02:41:28.012 1342 1342 I QFP : notifyPowerState: 2
03-22 02:41:28.012 1342 1342 I QFP : notifyPowerState: screen state 2
03-22 02:41:28.012 1342 1342 E QFP : set active group call error -1
03-22 02:41:28.012 2850 2850 D NetworkSecurityConfig: Using Network Security Config from resource network_security_config debugBuild: false
03-22 02:41:28.013 1206 1206 W Looper : Slow dispatch took 414ms main h=android.os.Handler c=com.android.server.biometrics.sensors.fingerprint.hidl.Fingerprint21$$ExternalSyntheticLambda2@88fefff m=0
03-22 02:41:28.013 1206 1206 D BiometricScheduler/Fingerprint21: [Added] {[1] FingerprintUpdateActiveUserClient, proto=1, owner=android, cookie=0, requestId=-1, userId=0}, new queue size: 1
03-22 02:41:28.013 1206 1206 V BiometricScheduler/Fingerprint21: Not idle, current operation: {[0] FingerprintUpdateActiveUserClient, proto=1, owner=android, cookie=0, requestId=-1, userId=0}, State: 2
03-22 02:41:28.013 1206 1206 D BiometricScheduler/Fingerprint21: [Added] {[2] FingerprintInternalCleanupClient, proto=7, owner=android, cookie=0, requestId=-1, userId=0}, new queue size: 2
03-22 02:41:28.013 1206 1206 V BiometricScheduler/Fingerprint21: Not idle, current operation: {[0] FingerprintUpdateActiveUserClient, proto=1, owner=android, cookie=0, requestId=-1, userId=0}, State: 2
03-22 02:41:28.013 1206 1206 W Looper : Slow delivery took 414ms main h=android.os.Handler c=com.android.server.biometrics.sensors.fingerprint.hidl.Fingerprint21$$ExternalSyntheticLambda12@aa2ec15 m=0
03-22 02:41:28.013 1206 2164 D CompatibilityChangeReporter: Compat change id reported: 168419799; UID 10090; state: DISABLED
03-22 02:41:28.013 1206 2164 D CompatibilityInfo: mCompatibilityFlags - 4
03-22 02:41:28.013 1206 2164 D CompatibilityInfo: applicationDensity - 240
03-22 02:41:28.013 812 2925 I vendor.qti.bluetooth@1.0-ibs_handler: ProcessIbsCmd: Received IBS_WAKE_ACK: 0xFC
03-22 02:41:28.013 1206 2164 D CompatibilityInfo: applicationScale - 1.0
03-22 02:41:28.013 812 2925 I vendor.qti.bluetooth@1.0-ibs_handler: ProcessIbsCmd: Signal wack_cond_
03-22 02:41:28.013 812 812 D vendor.qti.bluetooth@1.0-ibs_handler: DeviceWakeUp: Unblocked from waiting for FC, pthread_cond_timedwait ret = 0
03-22 02:41:28.013 2881 2881 D ProcessState: Binder ioctl to enable oneway spam detection failed: Invalid argument
01-01 08:00:14.668 0 0 I binder : 2881:2881 ioctl 40046210 7fe6919f64 returned -22
03-22 02:41:28.015 1342 2936 I QFP : QfpThreadOptimize::invoke: entry.
03-22 02:41:28.015 1342 2936 I QFP : QfpThreadOptimize::invoke: QFP not initialized, exiting Optimize thread
03-22 02:41:28.015 1342 2936 I QFP : QfpThreadErieEvent::invoke: entry.
03-22 02:41:28.015 1342 2936 I QFP : QfpThreadErieEvent::invoke: QFP not initialized, exiting ErieEvent thread
03-22 02:41:28.016 2878 2878 D CompatibilityChangeReporter: Compat change id reported: 171979766; UID 10097; state: DISABLED
03-22 02:41:28.017 2850 2850 I QCC-Netstat: qccnetstat initiated
03-22 02:41:28.018 2901 2901 E omm.location.X: Not starting debugger since process cannot load the jdwp agent.
03-22 02:41:28.018 812 2946 D vendor.qti.bluetooth@1.0-data_handler: operator(): Resetting Rx thread stuck prop
03-22 02:41:28.019 2901 2901 D ProcessState: Binder ioctl to enable oneway spam detection failed: Invalid argument
03-22 02:41:28.020 2850 2850 D QCC-Netstats:native: JNI_OnLoad()
03-22 02:41:28.020 2850 2850 I QCC-NetstatCollector: Loaded libqcc_netstats.so
03-22 02:41:28.020 2850 2850 I QCC-NetstatCollector: init
01-01 08:00:14.673 0 0 I binder : 2901:2901 ioctl 40046210 7fe6919f64 returned -22
03-22 02:41:28.020 2850 2850 D QCC-NetstatCollector: QCCNetstatCollectServerSocket()
03-22 02:41:28.020 2850 2850 D QCC-NetstatCollector: QCCNetstatCollectServerSocket() address qdma_app.qdma-netstat
03-22 02:41:28.021 2870 2870 D CompatibilityChangeReporter: Compat change id reported: 171979766; UID 10090; state: ENABLED
03-22 02:41:28.021 1206 1206 I GameModeConfig: isGameModeOn = false
03-22 02:41:28.021 812 2946 D vendor.qti.bluetooth@1.0-data_handler: operator(): Resetting Rx thread stuck prop completed
03-22 02:41:28.022 1206 2165 D CompatibilityChangeReporter: Compat change id reported: 168419799; UID 10086; state: DISABLED
03-22 02:41:28.022 1206 2165 D CompatibilityInfo: mCompatibilityFlags - 4
03-22 02:41:28.022 1206 2165 D CompatibilityInfo: applicationDensity - 240
03-22 02:41:28.022 1206 2165 D CompatibilityInfo: applicationScale - 1.0
03-22 02:41:28.022 1206 1206 W NotificationHistory: Attempted to add notif for locked/gone/disabled user 0
03-22 02:41:28.025 509 509 I hwservicemanager: Since vendor.qti.hardware.iop@2.0::IIop/default is not registered, trying to start it as a lazy HAL.
03-22 02:41:28.026 1265 2324 E ANDR-IOP: IIop:: Iop HAL Service is not available.
03-22 02:41:28.027 1206 2165 D CompatibilityInfo: mCompatibilityFlags - 4
03-22 02:41:28.027 1206 2165 D CompatibilityInfo: applicationDensity - 240
03-22 02:41:28.027 1206 2165 D CompatibilityInfo: applicationScale - 1.0
03-22 02:41:28.029 2881 2881 D CompatibilityChangeReporter: Compat change id reported: 171979766; UID 10086; state: ENABLED
03-22 02:41:28.032 1206 2171 D CompatibilityChangeReporter: Compat change id reported: 168419799; UID 10076; state: DISABLED
03-22 02:41:28.032 1206 2171 D CompatibilityInfo: mCompatibilityFlags - 4
03-22 02:41:28.032 1206 2171 D CompatibilityInfo: applicationDensity - 240
03-22 02:41:28.032 1206 2171 D CompatibilityInfo: applicationScale - 1.0
03-22 02:41:28.033 2850 2955 D QCC-NetstatCollector: QCCNetstatCollectServerSocket recv thread start
03-22 02:41:28.033 2850 2955 D QCC-NetstatCollector: QCCNetstatCollectServerSocket begins to accept()
03-22 02:41:28.035 1206 2171 D CompatibilityInfo: mCompatibilityFlags - 4
03-22 02:41:28.035 1206 2171 D CompatibilityInfo: applicationDensity - 240
03-22 02:41:28.035 1206 2171 D CompatibilityInfo: applicationScale - 1.0
03-22 02:41:28.036 2870 2870 I Perf : Connecting to perf service.
03-22 02:41:28.037 509 2957 W libc : Unable to set property "ctl.interface_start" to "vendor.qti.hardware.iop@2.0::IIop/default": error code: 0x20
03-22 02:41:28.037 509 2957 I hwservicemanager: Tried to start vendor.qti.hardware.iop@2.0::IIop/default as a lazy service, but was unable to. Usually this happens when a service is not installed, but if the service is intended to be used as a lazy service, then it may be configured incorrectly.
03-22 02:41:28.039 2878 2878 I Perf : Connecting to perf service.
03-22 02:41:28.039 2901 2901 D CompatibilityChangeReporter: Compat change id reported: 171979766; UID 10076; state: DISABLED
03-22 02:41:28.041 1988 2934 D bt_controller: start_up read local simple pairing options
03-22 02:41:28.042 1988 2934 D bt_controller: start_up simple pairing options is 0x1
03-22 02:41:28.042 1988 2934 W bt_device_profile: rf_path_loss_values_fetch:profile 6
03-22 02:41:28.042 1988 2934 W bt_device_profile: rf_path_loss_values_fetch:RF_TX_PATH_COMPENSATION_VALUE found, tx value : 0
03-22 02:41:28.042 1988 2934 W bt_device_profile: rf_path_loss_values_fetch:profile 6
03-22 02:41:28.042 1988 2934 W bt_device_profile: rf_path_loss_values_fetch:RF_RX_PATH_COMPENSATION_VALUE found, rx value : 0
03-22 02:41:28.043 1988 2525 D bt_hci : update_command_response_timer command_response_timer not scheduled
03-22 02:41:28.043 1988 2523 D bt_hci : update_command_response_timer command_response_timer not scheduled
03-22 02:41:28.043 1988 2934 D bt_controller: start_up HCI write RF compensation tx value : 0, rx value : 0
03-22 02:41:28.044 1988 2934 I bt_config_store: getHostAddOnFeatures
03-22 02:41:28.044 1206 1552 W Searchables: No global search activity found
03-22 02:41:28.045 812 812 D vendor.qti.bluetooth@1.0-data_handler: isProtocolInitialized:
03-22 02:41:28.045 1351 1463 D LOWI-9.0.0.87.a: [LOWINetlinkSocketReceiver] unpackRTMLinkMessage: RTM_NEWLINK - ifname vlan1, flags 0x1003 ([UP])
03-22 02:41:28.045 812 812 I vendor.qti.bluetooth@1.0-data_handler: isProtocolInitialized: status:1
03-22 02:41:28.045 812 812 I vendor.qti.hardware.btconfigstore@2.0-BTConfigStore: getHostAddOnFeatures: 0x0
03-22 02:41:28.045 1988 2934 I bt_config_store: getHostAddOnFeatures:: halResult = 1
03-22 02:41:28.045 1988 2934 I bt_config_store: getControllerAddOnFeatures
03-22 02:41:28.046 1206 1534 I EthernetTracker: interfaceLinkStateChanged, iface: vlan1, up: false
03-22 02:41:28.046 2870 2870 V GraphicsEnvironment: ANGLE Developer option for 'com.qualcomm.qti.workloadclassifier' set to: 'default'
03-22 02:41:28.047 2870 2870 V GraphicsEnvironment: ANGLE GameManagerService for com.qualcomm.qti.workloadclassifier: false
03-22 02:41:28.048 509 509 I hwservicemanager: Since vendor.qti.hardware.iop@2.0::IIop/default is not registered, trying to start it as a lazy HAL.
03-22 02:41:28.049 1265 2324 E ANDR-IOP: IIop:: Iop HAL Service is not available.
03-22 02:41:28.049 812 812 D vendor.qti.bluetooth@1.0-data_handler: isProtocolInitialized:
03-22 02:41:28.049 812 812 I vendor.qti.bluetooth@1.0-data_handler: isProtocolInitialized: status:1
03-22 02:41:28.049 812 812 I vendor.qti.hardware.btconfigstore@2.0-BTConfigStore: getControllerAddOnFeatures: 0x6df5de7510
03-22 02:41:28.049 1988 2934 I bt_config_store: getControllerAddOnFeatures:: halResult = 0
03-22 02:41:28.049 1988 2934 I bt_config_store: getControllerAddOnFeatures:: product_id = 16, version = 1, feat_mask_len = 5 features data: 0x1c 0xfd 0x7f 0xe 0x1
03-22 02:41:28.050 2870 2870 D NetworkSecurityConfig: No Network Security Config specified, using platform default
03-22 02:41:28.051 2870 2870 D NetworkSecurityConfig: No Network Security Config specified, using platform default
03-22 02:41:28.051 1206 1552 D CompatibilityChangeReporter: Compat change id reported: 135634846; UID 1000; state: DISABLED
03-22 02:41:28.051 1206 1552 D CompatibilityChangeReporter: Compat change id reported: 177438394; UID 1000; state: DISABLED
03-22 02:41:28.051 2901 2901 W omm.location.X: ClassLoaderContext shared library size mismatch. Expected=0, found=1 (PCL[] | PCL[]{PCL[/system/system_ext/framework/izat.xt.srv.jar*844606969]})
03-22 02:41:28.051 1206 1552 D CompatibilityChangeReporter: Compat change id reported: 135772972; UID 1000; state: DISABLED
03-22 02:41:28.051 1206 1552 D CompatibilityChangeReporter: Compat change id reported: 135754954; UID 1000; state: ENABLED
03-22 02:41:28.052 509 509 I hwservicemanager: Since vendor.qti.hardware.iop@2.0::IIop/default is not registered, trying to start it as a lazy HAL.
03-22 02:41:28.052 1265 2324 E ANDR-IOP: IIop:: Iop HAL Service is not available.
03-22 02:41:28.053 1206 1206 I NotificationHistory: Attempted to unlock gone/disabled user 0
01-01 08:00:14.705 0 0 I zram0 : detected capacity change from 0 to 4294967296
03-22 02:41:28.055 1988 2934 I bt_core_module: module_start_up Started module "controller_module"
03-22 02:41:28.055 1206 1206 V NotificationAssistants: disabling notification assistant for user 0: ComponentInfo{android.ext.services/android.ext.services.notification.Assistant}
03-22 02:41:28.055 1988 2934 W bt_osi_thread: run_thread: thread id 2934, thread name module_wrapper exited
03-22 02:41:28.055 1206 1206 D NotificationListeners: Removing active service ComponentInfo{android.ext.services/android.ext.services.notification.Assistant}
03-22 02:41:28.056 1988 2927 V bt_stack: [VERBOSE1:connection_manager.cc(198)] reset : after_reset1
03-22 02:41:28.056 1988 2927 W bt_btm : btm_decode_ext_features_page: feature page 1 ignored
03-22 02:41:28.056 1988 2927 W bt_btm : btm_decode_ext_features_page: feature page 2 ignored
03-22 02:41:28.056 1988 2933 I bt_btm_sec: BTM_SecRegister p_cb_info->p_le_callback == 0x0x7b6244d2f0
03-22 02:41:28.056 1988 2933 I bt_btm_sec: BTM_SecRegister btm_cb.api.p_le_callback = 0x0x7b6244d2f0
03-22 02:41:28.056 1988 2933 V bt_stack: [VERBOSE1:bta_gattc_act.cc(210)] bta_gattc_register: state:0
03-22 02:41:28.056 1988 2933 V bt_stack: [VERBOSE1:bta_gattc_act.cc(132)] bta_gattc_enable
03-22 02:41:28.056 1988 2933 I bt_stack: [INFO:gatt_api.cc(1223)] GATT_Register 4a2ec90d-fa17-3d40-f95f-f4193c8e1cf4
03-22 02:41:28.056 1988 2933 I bt_stack: [INFO:gatt_api.cc(1244)] allocated gatt_if=3
03-22 02:41:28.056 1988 2933 V bt_stack: [VERBOSE1:gatt_api.cc(1369)] GATT_StartIf gatt_if=3
03-22 02:41:28.056 1988 2933 V bt_stack: [VERBOSE1:gatt_utils.cc(293)] gatt_find_the_connected_bda start_idx=0
03-22 02:41:28.056 1988 2933 V bt_stack: [VERBOSE1:gatt_utils.cc(305)] found=0 found_idx=5
03-22 02:41:28.058 666 666 D Zygote : Forked child process 2968
03-22 02:41:28.058 2878 2878 V GraphicsEnvironment: ANGLE Developer option for 'com.android.providers.media.module' set to: 'default'
03-22 02:41:28.059 509 2964 W libc : Unable to set property "ctl.interface_start" to "vendor.qti.hardware.iop@2.0::IIop/default": error code: 0x20
03-22 02:41:28.059 509 2964 I hwservicemanager: Tried to start vendor.qti.hardware.iop@2.0::IIop/default as a lazy service, but was unable to. Usually this happens when a service is not installed, but if the service is intended to be used as a lazy service, then it may be configured incorrectly.
03-22 02:41:28.059 509 2966 W libc : Unable to set property "ctl.interface_start" to "vendor.qti.hardware.iop@2.0::IIop/default": error code: 0x20
03-22 02:41:28.059 509 2966 I hwservicemanager: Tried to start vendor.qti.hardware.iop@2.0::IIop/default as a lazy service, but was unable to. Usually this happens when a service is not installed, but if the service is intended to be used as a lazy service, then it may be configured incorrectly.
03-22 02:41:28.059 2901 2901 I Perf : Connecting to perf service.
03-22 02:41:28.060 1206 1206 V NotificationAssistants: enabling notification assistant for 0: ComponentInfo{android.ext.services/android.ext.services.notification.Assistant}
03-22 02:41:28.060 1351 1463 D LOWI-9.0.0.87.a: [LOWINetlinkSocketReceiver] unpackRTMLinkMessage: RTM_NEWLINK - ifname vlan1, flags 0x1003 ([UP])
03-22 02:41:28.060 1206 1554 I ActivityManager: Start proc 2968:com.android.keychain/1000 for service {com.android.keychain/com.android.keychain.KeyChainService}
03-22 02:41:28.060 1206 1534 I EthernetTracker: interfaceLinkStateChanged, iface: vlan1, up: false
03-22 02:41:28.060 1206 1206 V NotificationAssistants: binding: Intent { act=android.service.notification.NotificationAssistantService cmp=android.ext.services/.notification.Assistant (has extras) }
03-22 02:41:28.061 2878 2878 V GraphicsEnvironment: ANGLE GameManagerService for com.android.providers.media.module: false
03-22 02:41:28.062 2878 2878 D NetworkSecurityConfig: No Network Security Config specified, using platform default
03-22 02:41:28.062 2878 2878 D NetworkSecurityConfig: No Network Security Config specified, using platform default
03-22 02:41:28.062 1206 1206 D CompatibilityChangeReporter: Compat change id reported: 168419799; UID 10098; state: DISABLED
03-22 02:41:28.062 1206 1206 D CompatibilityInfo: mCompatibilityFlags - 4
03-22 02:41:28.062 1206 1206 D CompatibilityInfo: applicationDensity - 240
03-22 02:41:28.062 1206 1206 D CompatibilityInfo: applicationScale - 1.0
03-22 02:41:28.063 1206 1206 D GameModeIF_GameModeSettings: getUriFor setting_content_uri_root = content://com.thundercomm.gamemode.api/gamemode_settings , name = gamemode_enable
03-22 02:41:28.063 1206 1206 W Binder : Outgoing transactions from this process must be FLAG_ONEWAY
03-22 02:41:28.063 1206 1206 W Binder : java.lang.Throwable
03-22 02:41:28.063 1206 1206 W Binder : at android.os.BinderProxy.transact(BinderProxy.java:532)
03-22 02:41:28.063 1206 1206 W Binder : at android.content.ContentProviderProxy.query(ContentProviderNative.java:479)
03-22 02:41:28.063 1206 1206 W Binder : at android.content.ContentResolver.query(ContentResolver.java:1221)
03-22 02:41:28.063 1206 1206 W Binder : at android.content.ContentResolver.query(ContentResolver.java:1152)
03-22 02:41:28.063 1206 1206 W Binder : at android.content.ContentResolver.query(ContentResolver.java:1108)
03-22 02:41:28.063 1206 1206 W Binder : at com.thundercomm.gamemode.api.GameModeSettings$Settings.getInt(GameModeSettings.java:142)
03-22 02:41:28.063 1206 1206 W Binder : at com.thundercomm.gamemode.api.GameModeSettings$Settings.getBoolean(GameModeSettings.java:188)
03-22 02:41:28.063 1206 1206 W Binder : at com.android.server.notification.GameModeConfig.updateData(GameModeConfig.java:116)
03-22 02:41:28.063 1206 1206 W Binder : at com.android.server.notification.ZenModeHelper.onUserUnlocked(ZenModeHelper.java:265)
03-22 02:41:28.063 1206 1206 W Binder : at com.android.server.notification.NotificationManagerService$6.onReceive(NotificationManagerService.java:1856)
03-22 02:41:28.063 1206 1206 W Binder : at android.app.LoadedApk$ReceiverDispatcher$Args.lambda$getRunnable$0$LoadedApk$ReceiverDispatcher$Args(LoadedApk.java:1679)
03-22 02:41:28.063 1206 1206 W Binder : at android.app.LoadedApk$ReceiverDispatcher$Args$$ExternalSyntheticLambda0.run(Unknown Source:2)
03-22 02:41:28.063 1206 1206 W Binder : at android.os.Handler.handleCallback(Handler.java:938)
03-22 02:41:28.063 1206 1206 W Binder : at android.os.Handler.dispatchMessage(Handler.java:99)
03-22 02:41:28.063 1206 1206 W Binder : at android.os.Looper.loopOnce(Looper.java:201)
03-22 02:41:28.063 1206 1206 W Binder : at android.os.Looper.loop(Looper.java:288)
03-22 02:41:28.063 1206 1206 W Binder : at com.android.server.SystemServer.run(SystemServer.java:909)
03-22 02:41:28.063 1206 1206 W Binder : at com.android.server.SystemServer.main(SystemServer.java:616)
03-22 02:41:28.063 1206 1206 W Binder : at java.lang.reflect.Method.invoke(Native Method)
03-22 02:41:28.063 1206 1206 W Binder : at com.android.internal.os.RuntimeInit$MethodAndArgsCaller.run(RuntimeInit.java:548)
03-22 02:41:28.063 1206 1206 W Binder : at com.android.internal.os.ZygoteInit.main(ZygoteInit.java:987)
03-22 02:41:28.064 1206 1206 D GameModeIF_GameModeSettings: getUriFor setting_content_uri_root = content://com.thundercomm.gamemode.api/gamemode_settings , name = gamemode_dnd_notification
03-22 02:41:28.065 1206 1206 D GameModeIF_GameModeSettings: getUriFor setting_content_uri_root = content://com.thundercomm.gamemode.api/gamemode_settings , name = gamemode_isgaming
03-22 02:41:28.066 2901 2901 V GraphicsEnvironment: ANGLE Developer option for 'com.qualcomm.location.XT' set to: 'default'
03-22 02:41:28.066 2901 2901 V GraphicsEnvironment: ANGLE GameManagerService for com.qualcomm.location.XT: false
03-22 02:41:28.066 2881 2881 I Perf : Connecting to perf service.
03-22 02:41:28.067 2901 2901 D NetworkSecurityConfig: No Network Security Config specified, using platform default
03-22 02:41:28.067 2901 2901 D NetworkSecurityConfig: No Network Security Config specified, using platform default
03-22 02:41:28.067 1988 2933 V bt_stack: [VERBOSE1:ble_advertiser_hci_interface.cc(943)] Initialize
03-22 02:41:28.067 1988 2933 I bt_stack: [INFO:ble_advertiser_hci_interface.cc(947)] Extended advertising will be in use
03-22 02:41:28.067 1988 2113 D AdapterProperties: BT_PROPERTY_LOCAL_LE_FEATURES: update from BT controller mNumOfAdvertisementInstancesSupported = 16 mRpaOffloadSupported = true mNumOfOffloadedIrkSupported = 32 mNumOfOffloadedScanFilterSupported = 32 mOffloadedScanResultStorageBytes= 10240 mIsActivityAndEnergyReporting = true mVersSupported = 96 mTotNumOfTrackableAdv = 32 mIsExtendedScanSupported = true mIsDebugLogSupported = false mIsLe2MPhySupported = true mIsLeCodedPhySupported = true mIsLeExtendedAdvertisingSupported = true mIsLePeriodicAdvertisingSupported = true mLeMaximumAdvertisingDataLength = 1650 mDynamicAudioBufferSizeSupportedCodecsGroup1 = 0 mDynamicAudioBufferSizeSupportedCodecsGroup2 = 0
03-22 02:41:28.068 1206 1206 D GameModeIF_GameModeSettings: getUriFor setting_content_uri_root = content://com.thundercomm.gamemode.api/gamemode_settings , name = gamemode_dnd_voice
03-22 02:41:28.069 509 509 I hwservicemanager: Since vendor.qti.hardware.iop@2.0::IIop/default is not registered, trying to start it as a lazy HAL.
03-22 02:41:28.069 1265 2324 E ANDR-IOP: IIop:: Iop HAL Service is not available.
03-22 02:41:28.070 1988 2113 E bt_btif_storage: btif_storage_get_adapter_property: Controller ready!
03-22 02:41:28.070 1988 2113 I bt_btif_storage: btif_storage_get_adapter_property service_mask:0x20000000
03-22 02:41:28.071 1988 2113 D AdapterProperties: Address is:22:22:BB:40:2F:F8
03-22 02:41:28.072 2881 2881 V GraphicsEnvironment: ANGLE Developer option for 'com.qualcomm.qtil.aptxui' set to: 'default'
03-22 02:41:28.073 2881 2881 V GraphicsEnvironment: ANGLE GameManagerService for com.qualcomm.qtil.aptxui: false
01-01 08:00:14.726 0 0 I android_work: sent uevent USB_STATE=CONNECTED
01-01 08:00:14.731 0 0 I : Adding 4194300k swap on /dev/block/zram0. Priority:32758 extents:1 across:4194300k SS
03-22 02:41:28.073 1988 2113 D AdapterProperties: Name is: 楂樺悎濞变箰鍓睆
03-22 02:41:28.073 1988 2933 I bt_stack: [INFO:btm_ble_bgconn.cc(429)] Already connection initiated (or) No Pending connections(or) Resources of lcb are exhausted
03-22 02:41:28.074 1206 1553 D CompatibilityChangeReporter: Compat change id reported: 135634846; UID 10020; state: DISABLED
03-22 02:41:28.074 2881 2881 D NetworkSecurityConfig: No Network Security Config specified, using platform default
03-22 02:41:28.074 1206 1553 D CompatibilityChangeReporter: Compat change id reported: 177438394; UID 10020; state: DISABLED
03-22 02:41:28.074 1206 1553 D CompatibilityChangeReporter: Compat change id reported: 135772972; UID 10020; state: DISABLED
03-22 02:41:28.074 1206 1553 D CompatibilityChangeReporter: Compat change id reported: 135754954; UID 10020; state: ENABLED
03-22 02:41:28.074 2881 2881 D NetworkSecurityConfig: No Network Security Config specified, using platform default
03-22 02:41:28.074 2044 2229 I Tethering: USB bcast connected:true configured:false rndis:false ncm:false
03-22 02:41:28.074 1206 1554 D CompatibilityChangeReporter: Compat change id reported: 143937733; UID 10020; state: ENABLED
03-22 02:41:28.074 1988 2113 D AdapterProperties: Scan Mode:20
03-22 02:41:28.074 1988 2113 D AdapterProperties: Discoverable Timeout:120
03-22 02:41:28.074 1988 2113 E BluetoothVendorJni: adapter_vendor_properties_callback: Status is: 0, Properties: 1
03-22 02:41:28.074 1988 2113 D BluetoothVendorService: Property type: 5
03-22 02:41:28.075 1988 2113 D AdapterProperties: BT_PROPERTY_ADD_ON_FEATURES: update from BT controller
03-22 02:41:28.075 1988 2113 D AdapterProperties: mWiPowerFastbootEnabled = false
03-22 02:41:28.075 1988 2113 D AdapterProperties: SplitA2DPScrambleDataRequired = false
03-22 02:41:28.075 1988 2113 D AdapterProperties: mSplitA2DP44p1KhzSampleFreq = true
03-22 02:41:28.075 1988 2113 D AdapterProperties: mSplitA2DP48KhzSampleFreq = true
03-22 02:41:28.075 1988 2113 D AdapterProperties: mSplitA2DPSingleVSCommandSupport = true
03-22 02:41:28.075 1988 2113 D AdapterProperties: mSplitA2DPSourceSBCEncoding = false
03-22 02:41:28.075 1988 2113 D AdapterProperties: mSplitA2DPSourceSBC = true
03-22 02:41:28.075 1988 2113 D AdapterProperties: mSplitA2DPSourceMP3 = false
03-22 02:41:28.075 1988 2113 D AdapterProperties: mSplitA2DPSourceAAC = true
03-22 02:41:28.075 1988 2113 D AdapterProperties: mSplitA2DPSourceLDAC = true
03-22 02:41:28.075 1988 2113 D AdapterProperties: mSplitA2DPSourceAPTX = true
03-22 02:41:28.075 1988 2113 D AdapterProperties: mSplitA2DPSourceAPTXHD = true
03-22 02:41:28.075 1988 2113 D AdapterProperties: mSplitA2DPSourceAPTXADAPTIVE = true
03-22 02:41:28.075 1988 2113 D AdapterProperties: mSplitA2DPSourceAPTXTWSPLUS = true
03-22 02:41:28.075 1988 2113 D AdapterProperties: mSplitA2DPSinkSBC = true
03-22 02:41:28.075 1988 2113 D AdapterProperties: mSplitA2DPSinkMP3 = true
03-22 02:41:28.075 1988 2113 D AdapterProperties: mSplitA2DPSinkAAC = true
03-22 02:41:28.075 1988 2113 D AdapterProperties: mSplitA2DPSinkLDAC = true
03-22 02:41:28.075 1988 2113 D AdapterProperties: mSplitA2DPSinkAPTX = true
03-22 02:41:28.075 1988 2113 D AdapterProperties: mSplitA2DPSinkAPTXHD = true
03-22 02:41:28.075 1988 2113 D AdapterProperties: mSplitA2DPSinkAPTXADAPTIVE = true
03-22 02:41:28.075 1988 2113 D AdapterProperties: mSplitA2DPSinkAPTXTWSPLUS = false
03-22 02:41:28.075 1988 2113 D AdapterProperties: mVoiceDualSCO = false
03-22 02:41:28.075 1988 2113 D AdapterProperties: mVoiceTWSPLUSeSCOAG = true
03-22 02:41:28.075 1988 2113 D AdapterProperties: mSWBVoicewithAptxAdaptiveAG = true
03-22 02:41:28.075 1988 2113 D AdapterProperties: SplitA2DPSourceAACABR = false
03-22 02:41:28.075 1988 2113 D AdapterProperties: SplitA2DPSourceTxSplitAPTXADAPTIVE = false
03-22 02:41:28.075 1988 2113 D AdapterProperties: BroadcastAudioTxwithEC_2_5 = true
03-22 02:41:28.075 1988 2113 D AdapterProperties: mBroadcastAudioTxwithEC_3_9 = false
03-22 02:41:28.075 1988 2113 D AdapterProperties: mBroadcastAudioRxwithEC_2_5 = false
03-22 02:41:28.075 1988 2113 D AdapterProperties: mBroadcastAudioRxwithEC_3_9= false
03-22 02:41:28.075 1988 2113 D bt_btif_vendor: btif_vendor_update_whitelisted_media_players
03-22 02:41:28.075 1988 2113 D bt_device_interop: interop_get_whitelisted_media_players_list :
03-22 02:41:28.075 1988 2113 D bt_device_interop: interop_database_get_whitelisted_media_players_list()
03-22 02:41:28.075 1988 2113 E bt_device_interop: interop_database_get_whitelisted_media_players_list(): found feature - INTEROP_BROWSE_PLAYER_WHITE_LIST
03-22 02:41:28.075 1988 2113 W bt_btif : fetch_whitelisted_media_players: Found list of Whitelisted media players
03-22 02:41:28.075 1988 2113 D bt_btif_vendor: btif_vendor_update_whitelisted_media_players: 2 - WL media players found
03-22 02:41:28.075 1988 2113 E BluetoothVendorJni: whitelisted_players_properties_callback: Status is: 0, Properties: 1
03-22 02:41:28.075 1988 2113 D BluetoothVendorService: Property type: 6
03-22 02:41:28.075 1988 2113 D BluetoothVendorService: player_name :com.google.android.apps.youtube.music
03-22 02:41:28.075 1988 2113 D AdapterProperties: updateWhitelistedMediaPlayers
03-22 02:41:28.075 1988 2113 D AdapterProperties: Adding to Whitelisted Players list:com.google.android.apps.youtube.music
03-22 02:41:28.075 1988 2113 D BluetoothVendorService: player_name :com.gaana
03-22 02:41:28.075 1988 2113 D AdapterProperties: updateWhitelistedMediaPlayers
03-22 02:41:28.075 1988 2113 D AdapterProperties: Adding to Whitelisted Players list:com.gaana
03-22 02:41:28.075 1988 2113 I bt_stack: [INFO:btif_bqr.cc(304)] EnableBtQualityReport: is_enable: 1
03-22 02:41:28.075 1988 2113 W bt_stack: [WARNING:btif_bqr.cc(318)] EnableBtQualityReport: Bluetooth Quality Report - Root inflammation event enabled, bqr_prop_evtmask: 16, bqr_prop_interval_ms: 0
03-22 02:41:28.075 1988 2113 I bt_stack: [INFO:btif_bqr.cc(353)] EnableBtQualityReport: Event Mask: 0x00000010, Interval: 0
