03-22 02:44:03.296 2566 2612 D BaseIconFactory: normalizeAndWrapToAdaptiveIcon: scale=0.8096529
03-22 02:44:03.298 2566 2612 D BaseIconFactory: normalizeAndWrapToAdaptiveIcon: scale=0.8096529
03-22 02:44:03.300 2566 2612 D LoaderTask: loadWorkspace
03-22 02:44:03.300 2566 2612 D LauncherProvider: call: method=remove_ghost_widgets,arg=null,extras=null
03-22 02:44:03.302 2566 2612 E ShortcutRequest: Failed to query for shortcuts
03-22 02:44:03.302 2566 2612 E ShortcutRequest: java.lang.SecurityException: Caller can't access shortcut information
03-22 02:44:03.302 2566 2612 E ShortcutRequest: at android.os.Parcel.createExceptionOrNull(Parcel.java:2425)
03-22 02:44:03.302 2566 2612 E ShortcutRequest: at android.os.Parcel.createException(Parcel.java:2409)
03-22 02:44:03.302 2566 2612 E ShortcutRequest: at android.os.Parcel.readException(Parcel.java:2392)
03-22 02:44:03.302 2566 2612 E ShortcutRequest: at android.os.Parcel.readException(Parcel.java:2334)
03-22 02:44:03.302 2566 2612 E ShortcutRequest: at android.content.pm.ILauncherApps$Stub$Proxy.getShortcuts(ILauncherApps.java:1554)
03-22 02:44:03.302 2566 2612 E ShortcutRequest: at android.content.pm.LauncherApps.getShortcuts(LauncherApps.java:1146)
03-22 02:44:03.302 2566 2612 E ShortcutRequest: at com.android.launcher3.shortcuts.ShortcutRequest.query(ShortcutRequest.java:102)
03-22 02:44:03.302 2566 2612 E ShortcutRequest: at com.android.launcher3.model.BgDataModel.updateShortcutPinnedState(BgDataModel.java:275)
03-22 02:44:03.302 2566 2612 E ShortcutRequest: at com.android.launcher3.model.BgDataModel.updateShortcutPinnedState(BgDataModel.java:260)
03-22 02:44:03.302 2566 2612 E ShortcutRequest: at com.android.launcher3.model.LoaderTask.sanitizeData(LoaderTask.java:899)
03-22 02:44:03.302 2566 2612 E ShortcutRequest: at com.android.launcher3.model.LoaderTask.run(LoaderTask.java:207)
03-22 02:44:03.302 2566 2612 E ShortcutRequest: at android.os.Handler.handleCallback(Handler.java:938)
03-22 02:44:03.302 2566 2612 E ShortcutRequest: at android.os.Handler.dispatchMessage(Handler.java:99)
03-22 02:44:03.302 2566 2612 E ShortcutRequest: at android.os.Looper.loopOnce(Looper.java:201)
03-22 02:44:03.302 2566 2612 E ShortcutRequest: at android.os.Looper.loop(Looper.java:288)
03-22 02:44:03.302 2566 2612 E ShortcutRequest: at android.os.HandlerThread.run(HandlerThread.java:67)
03-22 02:44:03.302 2566 2612 D LoaderTask: sanitizeData
03-22 02:44:03.302 2566 2612 D LoaderTask: bindWorkspace
03-22 02:44:03.303 2566 2612 D LoaderTask: sendFirstScreenActiveInstallsBroadcast
03-22 02:44:03.303 1007 1007 E BpTransactionCompletedListener: Failed to transact (-32)
03-22 02:44:03.310 1988 3160 V Avrcp_ext: updateCurrentMediaState: mMediaController: null
03-22 02:44:03.310 1988 3160 W Avrcp_ext: isMusicActive: false getBluetoothPlayState: 2 A2dp State: 11 mAudioPlaybackIsActive: false
03-22 02:44:03.310 1988 3160 W Avrcp_ext: updateCurrentMediaState: isPlaying = false
03-22 02:44:03.310 1988 3160 V Avrcp_ext: Media update: id -1鉃?1? [MediaAttributes: none] : [MediaAttributes: none]
03-22 02:44:03.310 1988 3160 D Avrcp_ext: isPackageNameValid: browsedPackage = isValid = false
03-22 02:44:03.310 1988 3160 V Avrcp_ext: updatePlaybackState, state: PlaybackState {state=2, position=-1, buffered position=0, speed=0.0, updated=167203, actions=0, custom actions=[], active item id=-1, error=null} device: null
03-22 02:44:03.310 1988 3160 V Avrcp_ext: Device: no name:
03-22 02:44:03.310 1988 3160 V Avrcp_ext: Device: no name:
03-22 02:44:03.310 1988 3160 V Avrcp_ext: Device: no name:
03-22 02:44:03.310 1988 3160 V Avrcp_ext: Device: no name:
03-22 02:44:03.310 1988 3160 V Avrcp_ext: Device: no name:
03-22 02:44:03.310 1988 3160 V Avrcp_ext: updatePlayerStateAndPosition, old=PlaybackState {state=2, position=-1, buffered position=0, speed=0.0, updated=167009, actions=0, custom actions=[], active item id=-1, error=null}, state=PlaybackState {state=2, position=-1, buffered position=0, speed=0.0, updated=167203, actions=0, custom actions=[], active item id=-1, error=null}
03-22 02:44:03.310 1988 3160 V Avrcp_ext: old state = PlaybackState {state=2, position=-1, buffered position=0, speed=0.0, updated=167009, actions=0, custom actions=[], active item id=-1, error=null}, new state= PlaybackState {state=2, position=-1, buffered position=0, speed=0.0, updated=167203, actions=0, custom actions=[], active item id=-1, error=null}
03-22 02:44:03.310 1988 3160 D HeadsetService: getHeadsetService(): returning com.android.bluetooth.hfp.HeadsetService@3157a51
03-22 02:44:03.310 1988 3160 D HeadsetService: isAudioOn: The number of audio connected devices 0
03-22 02:44:03.310 1988 3160 D HeadsetService: isScoOrCallActive(): Call Active:falseCall is Ringing:falseSCO is Active:false
03-22 02:44:03.310 1988 3160 D HeadsetService: isAudioOn: The number of audio connected devices 0
03-22 02:44:03.310 1988 3160 I Avrcp_ext: updatePlayStatusForDevice: device: null
03-22 02:44:03.310 1988 3160 V Avrcp_ext: updatePlaybackState (1): old=PlaybackState {state=2, position=-1, buffered position=0, speed=0.0, updated=167009, actions=0, custom actions=[], active item id=-1, error=null}(2), new=PlaybackState {state=2, position=-1, buffered position=0, speed=0.0, updated=167203, actions=0, custom actions=[], active item id=-1, error=null}(2)
03-22 02:44:03.310 1988 3160 I Avrcp_ext: Exit updatePlayStatusForDevice
03-22 02:44:03.310 1206 1914 I GameModeConfig: isGameModeOn = false
03-22 02:44:03.310 1988 3160 D HeadsetService: isAudioOn: The number of audio connected devices 0
03-22 02:44:03.310 1988 3160 D HeadsetService: isScoOrCallActive(): Call Active:falseCall is Ringing:falseSCO is Active:false
03-22 02:44:03.310 1988 3160 D HeadsetService: isAudioOn: The number of audio connected devices 0
03-22 02:44:03.310 1988 3160 I Avrcp_ext: updatePlayStatusForDevice: device: null
03-22 02:44:03.310 1206 1914 I GameModeConfig: isGameModeOn = false
03-22 02:44:03.310 1988 3160 V Avrcp_ext: updatePlaybackState (1): old=PlaybackState {state=2, position=-1, buffered position=0, speed=0.0, updated=167009, actions=0, custom actions=[], active item id=-1, error=null}(2), new=PlaybackState {state=2, position=-1, buffered position=0, speed=0.0, updated=167203, actions=0, custom actions=[], active item id=-1, error=null}(2)
03-22 02:44:03.310 1988 3160 I Avrcp_ext: Exit updatePlayStatusForDevice
03-22 02:44:03.310 1988 3160 D HeadsetService: isAudioOn: The number of audio connected devices 0
03-22 02:44:03.310 1988 3160 D HeadsetService: isScoOrCallActive(): Call Active:falseCall is Ringing:falseSCO is Active:false
03-22 02:44:03.310 1988 3160 D HeadsetService: isAudioOn: The number of audio connected devices 0
03-22 02:44:03.310 1988 3160 I Avrcp_ext: updatePlayStatusForDevice: device: null
03-22 02:44:03.310 1988 3160 V Avrcp_ext: updatePlaybackState (1): old=PlaybackState {state=2, position=-1, buffered position=0, speed=0.0, updated=167009, actions=0, custom actions=[], active item id=-1, error=null}(2), new=PlaybackState {state=2, position=-1, buffered position=0, speed=0.0, updated=167203, actions=0, custom actions=[], active item id=-1, error=null}(2)
03-22 02:44:03.310 1988 3160 I Avrcp_ext: Exit updatePlayStatusForDevice
03-22 02:44:03.310 1988 3160 D HeadsetService: isAudioOn: The number of audio connected devices 0
03-22 02:44:03.310 1988 3160 D HeadsetService: isScoOrCallActive(): Call Active:falseCall is Ringing:falseSCO is Active:false
03-22 02:44:03.310 1988 3160 D HeadsetService: isAudioOn: The number of audio connected devices 0
03-22 02:44:03.310 1988 3160 I Avrcp_ext: updatePlayStatusForDevice: device: null
03-22 02:44:03.310 1206 1914 I GameModeConfig: isGameModeOn = false
03-22 02:44:03.310 1988 3160 V Avrcp_ext: updatePlaybackState (1): old=PlaybackState {state=2, position=-1, buffered position=0, speed=0.0, updated=167009, actions=0, custom actions=[], active item id=-1, error=null}(2), new=PlaybackState {state=2, position=-1, buffered position=0, speed=0.0, updated=167203, actions=0, custom actions=[], active item id=-1, error=null}(2)
03-22 02:44:03.310 1988 3160 I Avrcp_ext: Exit updatePlayStatusForDevice
03-22 02:44:03.310 1988 3160 D HeadsetService: isAudioOn: The number of audio connected devices 0
03-22 02:44:03.310 1988 3160 D HeadsetService: isScoOrCallActive(): Call Active:falseCall is Ringing:falseSCO is Active:false
03-22 02:44:03.310 1988 3160 D HeadsetService: isAudioOn: The number of audio connected devices 0
03-22 02:44:03.310 1988 3160 I Avrcp_ext: updatePlayStatusForDevice: device: null
03-22 02:44:03.311 1988 3160 V Avrcp_ext: updatePlaybackState (1): old=PlaybackState {state=2, position=-1, buffered position=0, speed=0.0, updated=167009, actions=0, custom actions=[], active item id=-1, error=null}(2), new=PlaybackState {state=2, position=-1, buffered position=0, speed=0.0, updated=167203, actions=0, custom actions=[], active item id=-1, error=null}(2)
03-22 02:44:03.311 1988 3160 I Avrcp_ext: Exit updatePlayStatusForDevice
03-22 02:44:03.311 1988 3160 D Avrcp_ext: Enter sendPlayPosNotificationRsp
03-22 02:44:03.311 1988 3160 D Avrcp_ext: sendPlayPosNotificationRsp: Not registered or requesting.
03-22 02:44:03.311 1988 3160 D Avrcp_ext: Enter sendPlayPosNotificationRsp
03-22 02:44:03.311 1988 3160 D Avrcp_ext: sendPlayPosNotificationRsp: Not registered or requesting.
03-22 02:44:03.311 1988 3160 D Avrcp_ext: Enter sendPlayPosNotificationRsp
03-22 02:44:03.311 1988 3160 D Avrcp_ext: sendPlayPosNotificationRsp: Not registered or requesting.
03-22 02:44:03.311 1988 3160 D Avrcp_ext: Enter sendPlayPosNotificationRsp
03-22 02:44:03.311 1988 3160 D Avrcp_ext: sendPlayPosNotificationRsp: Not registered or requesting.
03-22 02:44:03.311 1988 3160 D Avrcp_ext: Enter sendPlayPosNotificationRsp
03-22 02:44:03.311 1988 3160 D Avrcp_ext: sendPlayPosNotificationRsp: Not registered or requesting.
03-22 02:44:03.311 1988 3160 V Avrcp_ext: Exit updatePlayerStateAndPosition
03-22 02:44:03.311 2566 2566 D HotseatController: adjustPadding: height=800,size=1
03-22 02:44:03.311 4125 4125 W AlarmManager: Unrecognized alarm listener com.android.systemui.keyguard.KeyguardSliceProvider$$ExternalSyntheticLambda0@87f8706
03-22 02:44:03.312 2566 2566 D HotseatController: adjustPadding: height=800,size=2
03-22 02:44:03.312 2566 2566 D HotseatController: adjustPadding: height=800,size=3
03-22 02:44:03.312 4125 4125 V KeyguardUpdateMonitor: *** register callback for com.android.systemui.keyguard.KeyguardSliceProvider$2@53013f4
03-22 02:44:03.312 4125 4125 V KeyguardUpdateMonitor: *** unregister callback for null
03-22 02:44:03.313 2566 2566 D HotseatController: adjustPadding: height=800,size=4
03-22 02:44:03.313 2566 2566 D HotseatController: clearEmptyGrid: size=4
03-22 02:44:03.313 2566 2566 D HotseatController: adjustPadding: height=800,size=4
03-22 02:44:03.317 4125 4125 V SystemUIService: SystemUIApplication created.
03-22 02:44:03.318 4125 4125 I SystemUIService: Found SurfaceFlinger's GPU Priority: 12545
03-22 02:44:03.320 4125 4125 V SystemUIService: Starting SystemUI services for user 0.
03-22 02:44:03.321 1206 1914 I GameModeConfig: isGameModeOn = false
03-22 02:44:03.321 1206 1914 I GameModeConfig: isGameModeOn = false
03-22 02:44:03.321 1206 1914 I GameModeConfig: isGameModeOn = false
03-22 02:44:03.321 1206 1914 I GameModeConfig: isGameModeOn = false
03-22 02:44:03.321 1206 1914 I GameModeConfig: isGameModeOn = false
03-22 02:44:03.321 1206 1914 I GameModeConfig: isGameModeOn = false
03-22 02:44:03.321 2566 2612 D LoaderTask: step 1 complete
03-22 02:44:03.322 4125 4125 I FalsingManager: xdpi, ydpi: 320.315, 318.976
03-22 02:44:03.323 4125 4125 I FalsingManager: width, height: 2560, 1014
03-22 02:44:03.326 1206 4120 W ServiceManager: Permission failure: android.permission.HIGH_SAMPLING_RATE_SENSORS from uid=10084 pid=4125
03-22 02:44:03.328 4125 4125 V KeyguardUpdateMonitor: *** register callback for com.android.systemui.classifier.FalsingCollectorImpl$2@8f9c545
03-22 02:44:03.328 4125 4125 V KeyguardUpdateMonitor: *** unregister callback for null
03-22 02:44:03.328 2566 2612 D BaseIconFactory: normalizeAndWrapToAdaptiveIcon: scale=0.8096529
03-22 02:44:03.332 4125 4125 D NavigationModeController: getCurrentUserContext: contextUser=0 currentUser=0
03-22 02:44:03.332 4125 4125 D NavigationModeController: getCurrentInteractionMode: mode=2 contextUser=0
03-22 02:44:03.332 4125 4125 D NavigationModeController: updateCurrentInteractionMode: mode=2
03-22 02:44:03.332 4125 4125 D NavigationModeController: contextUser=0
03-22 02:44:03.332 4125 4125 D NavigationModeController: assetPaths=
03-22 02:44:03.332 2566 2612 D BaseIconFactory: normalizeAndWrapToAdaptiveIcon: scale=0.8085681
03-22 02:44:03.332 4125 4125 D NavigationModeController: and /system/framework/framework-res.apk
03-22 02:44:03.332 4125 4125 D NavigationModeController: /product/overlay/FrameworksResCommon_Sys.apk
03-22 02:44:03.332 4125 4125 D NavigationModeController: /product/overlay/FrameworksResCommonQva_Sys.apk
03-22 02:44:03.332 4125 4125 D NavigationModeController: /vendor/overlay/FrameworksResTarget.apk
03-22 02:44:03.332 4125 4125 D NavigationModeController: /product/overlay/FrameworkResource/FrameworksResOverlay.apk
03-22 02:44:03.333 4125 4125 D NavigationModeController: and /system_ext/priv-app/SystemUI/SystemUI.apk
03-22 02:44:03.333 4125 4125 D NavigationModeController: /product/overlay/NavigationBarModeGestural/NavigationBarModeGesturalOverlay.apk
03-22 02:44:03.333 4125 4125 D NavigationModeController: /product/overlay/SystemUIResCommon_Sys.apk
03-22 02:44:03.334 4125 4125 D NavigationModeController: getCurrentInteractionMode: mode=2 contextUser=0
03-22 02:44:03.334 2566 2612 D BaseIconFactory: normalizeAndWrapToAdaptiveIcon: scale=0.8191551
03-22 02:44:03.335 2566 2612 D LoaderTask: loadAllApps
03-22 02:44:03.336 2566 2612 D LoaderTask: apps.size 8
03-22 02:44:03.337 4125 4177 V MediaRouter: Selecting route: RouteInfo{ name=骞虫澘鐢佃剳, description=null, status=null, category=RouteCategory{ name=绯荤粺 types=ROUTE_TYPE_LIVE_AUDIO ROUTE_TYPE_LIVE_VIDEO groupable=false }, supportedTypes=ROUTE_TYPE_LIVE_AUDIO ROUTE_TYPE_LIVE_VIDEO , presentationDisplay=null }
03-22 02:44:03.337 2566 2612 D LoaderTask: app pkg com.android.gallery3d
03-22 02:44:03.337 4125 4177 I MediaRouter: Skip setBluetoothA2dpOn(): types=8388615, isPlaybackActive()=false, BT route=null
03-22 02:44:03.337 2566 2612 D LoaderTask: app pkg com.android.music
03-22 02:44:03.338 2566 2612 D LoaderTask: app pkg com.android.music
03-22 02:44:03.338 4125 4177 D KeyguardViewMediator: updateActivityLockScreenState(false, false)
03-22 02:44:03.338 1206 2164 D ActivityTaskManager: Top Process State changed to PROCESS_STATE_TOP
03-22 02:44:03.339 2566 2612 D LoaderTask: app pkg com.android.settings
03-22 02:44:03.339 2566 2612 D LoaderTask: app pkg com.microsoft.emmx
03-22 02:44:03.339 4125 4125 D KeyguardViewMediator: adjustStatusBarLocked: mShowing=false mOccluded=false isSecure=false force=false --> flags=0x0
03-22 02:44:03.339 2566 2612 D LoaderTask: app pkg com.android.documentsui
03-22 02:44:03.339 645 660 I mpu_uart: [MSG-P:RECV]:No message received in 1000 ms
03-22 02:44:03.340 2566 2612 D LoaderTask: app pkg com.hht.lebocast
03-22 02:44:03.341 4125 4125 D NavigationModeController: getCurrentInteractionMode: mode=2 contextUser=0
03-22 02:44:03.341 2566 2612 D LoaderTask: app pkg com.sohu.inputmethod.sogou.car
03-22 02:44:03.341 2566 2612 D LoaderTask: installQueue.size 8
03-22 02:44:03.341 2566 2612 D BaseModelUpdateTask: BaseModelUpdateTask constructor
03-22 02:44:03.341 2566 2612 D BaseModelUpdateTask: java.lang.Exception
03-22 02:44:03.341 2566 2612 D BaseModelUpdateTask: at com.android.launcher3.model.BaseModelUpdateTask.(BaseModelUpdateTask.java:57)
03-22 02:44:03.341 2566 2612 D BaseModelUpdateTask: at com.android.launcher3.model.AddWorkspaceItemsTask.(AddWorkspaceItemsTask.java:58)
03-22 02:44:03.341 2566 2612 D BaseModelUpdateTask: at com.android.launcher3.LauncherModel.addAndBindAddedWorkspaceItems(LauncherModel.java:145)
03-22 02:44:03.341 2566 2612 D BaseModelUpdateTask: at com.android.launcher3.model.LoaderTask.verifyApplications(LoaderTask.java:1061)
03-22 02:44:03.341 2566 2612 D BaseModelUpdateTask: at com.android.launcher3.model.LoaderTask.run(LoaderTask.java:229)
03-22 02:44:03.341 2566 2612 D BaseModelUpdateTask: at android.os.Handler.handleCallback(Handler.java:938)
03-22 02:44:03.341 2566 2612 D BaseModelUpdateTask: at android.os.Handler.dispatchMessage(Handler.java:99)
03-22 02:44:03.341 2566 2612 D BaseModelUpdateTask: at android.os.Looper.loopOnce(Looper.java:201)
03-22 02:44:03.341 2566 2612 D BaseModelUpdateTask: at android.os.Looper.loop(Looper.java:288)
03-22 02:44:03.341 2566 2612 D BaseModelUpdateTask: at android.os.HandlerThread.run(HandlerThread.java:67)
03-22 02:44:03.342 2566 2612 D LauncherProvider: call: method=generate_new_item_id,arg=null,extras=null
03-22 02:44:03.343 1206 2164 D CompatibilityInfo: mCompatibilityFlags - 4
03-22 02:44:03.343 1206 2164 D CompatibilityInfo: applicationDensity - 240
03-22 02:44:03.343 1206 2164 D CompatibilityInfo: applicationScale - 1.0
03-22 02:44:03.344 1247 1247 I MMParserExtractor: Created(0xb40000775bb1a3f0)
03-22 02:44:03.344 1247 1247 E MM_OSAL : FileSource::FileSource
03-22 02:44:03.344 1247 1247 E MM_OSAL : FileSource::FileSource m_bEveryThingOK 1
03-22 02:44:03.345 2566 2612 D ModelWriter: addItemToDatabase: WorkspaceItemInfo(id=7 type=APP container=# com.android.launcher3.logger.LauncherAtom$ContainerInfo@1a1bf6a
03-22 02:44:03.345 2566 2612 D ModelWriter: workspace {
03-22 02:44:03.345 2566 2612 D ModelWriter: grid_x: 0
03-22 02:44:03.345 2566 2612 D ModelWriter: grid_y: 0
03-22 02:44:03.345 2566 2612 D ModelWriter: page_index: 0
03-22 02:44:03.345 2566 2612 D ModelWriter: }(-100) targetComponent=ComponentInfo{com.microsoft.emmx/com.microsoft.ruby.Main} screen=0 cell(0,0) span(1,1) minSpan(1,1) rank=0 user=UserHandle{0} title=Edge)
03-22 02:44:03.345 1247 3814 I MMParserExtractor: Created(0xb40000775bb18b70)
03-22 02:44:03.345 4125 4125 I vol.Events: writeEvent collection_started
03-22 02:44:03.346 4125 4179 D MediaCodecList: codecHandlesFormat: no format, so no extra checks
03-22 02:44:03.347 4125 4179 D MediaCodecList: codecHandlesFormat: no format, so no extra checks
03-22 02:44:03.347 4125 4180 D MediaCodecList: codecHandlesFormat: no format, so no extra checks
03-22 02:44:03.347 4125 4180 D MediaCodecList: codecHandlesFormat: no format, so no extra checks
03-22 02:44:03.348 4125 4183 D CCodec : allocate(c2.android.vorbis.decoder)
03-22 02:44:03.348 4125 4182 D CCodec : allocate(c2.android.vorbis.decoder)
03-22 02:44:03.349 4125 4183 D hw-ProcessState: Binder ioctl to enable oneway spam detection failed: Invalid argument
03-22 02:44:03.349 2566 2612 D AddWorkspaceItemsTask: Adding item info to workspace: WorkspaceItemInfo(id=7 type=APP container=# com.android.launcher3.logger.LauncherAtom$ContainerInfo@1a1bf6a
03-22 02:44:03.349 2566 2612 D AddWorkspaceItemsTask: workspace {
03-22 02:44:03.349 2566 2612 D AddWorkspaceItemsTask: grid_x: 0
03-22 02:44:03.349 2566 2612 D AddWorkspaceItemsTask: grid_y: 0
03-22 02:44:03.349 2566 2612 D AddWorkspaceItemsTask: page_index: 0
03-22 02:44:03.349 2566 2612 D AddWorkspaceItemsTask: }(-100) targetComponent=ComponentInfo{com.microsoft.emmx/com.microsoft.ruby.Main} screen=0 cell(0,0) span(1,1) minSpan(1,1) rank=0 user=UserHandle{0} title=Edge)
03-22 02:44:03.349 2566 2612 D LauncherProvider: call: method=generate_new_item_id,arg=null,extras=null
03-22 02:44:03.350 4125 4183 I Codec2Client: Available Codec2 services: "default" "software"
03-22 02:44:03.350 2566 2612 D ModelWriter: addItemToDatabase: WorkspaceItemInfo(id=8 type=APP container=# com.android.launcher3.logger.LauncherAtom$ContainerInfo@1a404f7
03-22 02:44:03.350 2566 2612 D ModelWriter: workspace {
03-22 02:44:03.350 2566 2612 D ModelWriter: grid_x: 1
03-22 02:44:03.350 2566 2612 D ModelWriter: grid_y: 0
03-22 02:44:03.350 2566 2612 D ModelWriter: page_index: 0
03-22 02:44:03.350 2566 2612 D ModelWriter: }(-100) targetComponent=ComponentInfo{com.hht.lebocast/com.hht.lebocast.GuidanceActivity} screen=0 cell(1,0) span(1,1) minSpan(1,1) rank=0 user=UserHandle{0} title=鏅鸿仈鎶曞睆)
01-01 08:02:50.003 0 0 I binder : 4125:4183 ioctl 40046210 7b592ab124 returned -22
03-22 02:44:03.351 4125 4183 I CCodec : setting up 'default' as default (vendor) store
03-22 02:44:03.351 4125 4182 I CCodec : setting up 'default' as default (vendor) store
03-22 02:44:03.354 1309 1309 V C2Store : in init
03-22 02:44:03.354 1309 1309 V C2Store : loading dll
03-22 02:44:03.354 2566 2612 D AddWorkspaceItemsTask: Adding item info to workspace: WorkspaceItemInfo(id=8 type=APP container=# com.android.launcher3.logger.LauncherAtom$ContainerInfo@1a404f7
03-22 02:44:03.354 2566 2612 D AddWorkspaceItemsTask: workspace {
03-22 02:44:03.354 2566 2612 D AddWorkspaceItemsTask: grid_x: 1
03-22 02:44:03.354 2566 2612 D AddWorkspaceItemsTask: grid_y: 0
03-22 02:44:03.354 2566 2612 D AddWorkspaceItemsTask: page_index: 0
03-22 02:44:03.354 2566 2612 D AddWorkspaceItemsTask: }(-100) targetComponent=ComponentInfo{com.hht.lebocast/com.hht.lebocast.GuidanceActivity} screen=0 cell(1,0) span(1,1) minSpan(1,1) rank=0 user=UserHandle{0} title=鏅鸿仈鎶曞睆)
03-22 02:44:03.355 2566 2612 D LauncherProvider: call: method=generate_new_item_id,arg=null,extras=null
03-22 02:44:03.356 2566 2612 D ModelWriter: addItemToDatabase: WorkspaceItemInfo(id=9 type=APP container=# com.android.launcher3.logger.LauncherAtom$ContainerInfo@1a64a84
03-22 02:44:03.356 2566 2612 D ModelWriter: workspace {
03-22 02:44:03.356 2566 2612 D ModelWriter: grid_x: 2
03-22 02:44:03.356 2566 2612 D ModelWriter: grid_y: 0
03-22 02:44:03.356 2566 2612 D ModelWriter: page_index: 0
03-22 02:44:03.356 2566 2612 D ModelWriter: }(-100) targetComponent=ComponentInfo{com.sohu.inputmethod.sogou.car/com.sohu.inputmethod.sogou.car.settingsui.SogouSettingsActivity} screen=0 cell(2,0) span(1,1) minSpan(1,1) rank=0 user=UserHandle{0} title=鎼滅嫍杈撳叆娉?
03-22 02:44:03.356 4125 4183 I CCodec : Created component [c2.android.vorbis.decoder]
03-22 02:44:03.357 4125 4182 I CCodec : Created component [c2.android.vorbis.decoder]
03-22 02:44:03.357 4125 4183 D CCodecConfig: read media type: audio/vorbis
03-22 02:44:03.357 4125 4182 D CCodecConfig: read media type: audio/vorbis
03-22 02:44:03.359 4125 4182 D ReflectedParamUpdater: extent() != 1 for single value type: algo.buffers.max-count.values
03-22 02:44:03.359 4125 4183 D ReflectedParamUpdater: extent() != 1 for single value type: algo.buffers.max-count.values
03-22 02:44:03.359 4125 4182 D ReflectedParamUpdater: extent() != 1 for single value type: output.subscribed-indices.values
03-22 02:44:03.359 4125 4183 D ReflectedParamUpdater: extent() != 1 for single value type: output.subscribed-indices.values
03-22 02:44:03.360 4125 4182 D ReflectedParamUpdater: extent() != 1 for single value type: input.buffers.allocator-ids.values
03-22 02:44:03.360 4125 4183 D ReflectedParamUpdater: extent() != 1 for single value type: input.buffers.allocator-ids.values
03-22 02:44:03.360 4125 4182 D ReflectedParamUpdater: extent() != 1 for single value type: output.buffers.allocator-ids.values
03-22 02:44:03.360 4125 4182 D ReflectedParamUpdater: extent() != 1 for single value type: algo.buffers.allocator-ids.values
03-22 02:44:03.360 4125 4182 D ReflectedParamUpdater: extent() != 1 for single value type: output.buffers.pool-ids.values
03-22 02:44:03.360 4125 4182 D ReflectedParamUpdater: extent() != 1 for single value type: algo.buffers.pool-ids.values
03-22 02:44:03.361 4125 4182 I CCodecConfig: query failed after returning 7 values (BAD_INDEX)
03-22 02:44:03.361 4125 4182 D CCodecConfig: c2 config diff is Dict {
03-22 02:44:03.361 4125 4182 D CCodecConfig: c2::u32 coded.bitrate.value = 64000
03-22 02:44:03.361 4125 4182 D CCodecConfig: c2::u32 input.buffers.max-size.value = 32768
03-22 02:44:03.361 4125 4182 D CCodecConfig: c2::u32 input.delay.value = 0
03-22 02:44:03.361 4125 4182 D CCodecConfig: string input.media-type.value = "audio/vorbis"
03-22 02:44:03.361 4125 4182 D CCodecConfig: string output.media-type.value = "audio/raw"
03-22 02:44:03.361 4125 4182 D CCodecConfig: c2::u32 raw.channel-count.value = 1
03-22 02:44:03.361 4125 4182 D CCodecConfig: c2::u32 raw.sample-rate.value = 48000
03-22 02:44:03.361 4125 4182 D CCodecConfig: }
03-22 02:44:03.361 4125 4183 D ReflectedParamUpdater: extent() != 1 for single value type: output.buffers.allocator-ids.values
03-22 02:44:03.361 4125 4182 D CCodec : [c2.android.vorbis.decoder] buffers are bound to CCodec for this session
03-22 02:44:03.361 4125 4182 D CCodecConfig: no c2 equivalents for durationUs
03-22 02:44:03.361 4125 4182 D CCodecConfig: no c2 equivalents for track-id
03-22 02:44:03.361 4125 4182 D CCodecConfig: no c2 equivalents for csd-1
03-22 02:44:03.361 4125 4183 D ReflectedParamUpdater: extent() != 1 for single value type: algo.buffers.allocator-ids.values
03-22 02:44:03.361 4125 4182 D CCodecConfig: no c2 equivalents for language
03-22 02:44:03.361 4125 4182 D CCodecConfig: no c2 equivalents for file-format
03-22 02:44:03.361 4125 4182 D CCodecConfig: no c2 equivalents for flags
03-22 02:44:03.361 4125 4183 D ReflectedParamUpdater: extent() != 1 for single value type: output.buffers.pool-ids.values
03-22 02:44:03.361 4125 4183 D ReflectedParamUpdater: extent() != 1 for single value type: algo.buffers.pool-ids.values
03-22 02:44:03.361 4125 4182 D CCodecConfig: config failed => CORRUPTED
03-22 02:44:03.362 4125 4182 D CCodecConfig: c2 config diff is c2::u32 coded.bitrate.value = 160000
03-22 02:44:03.362 4125 4182 D CCodecConfig: c2::u32 raw.channel-count.value = 2
03-22 02:44:03.362 4125 4182 D CCodecConfig: c2::u32 raw.sample-rate.value = 44100
03-22 02:44:03.362 4125 4182 W Codec2Client: query -- param skipped: index = 1107298332.
03-22 02:44:03.362 4125 4182 D CCodec : setup formats input: AMessage(what = 0x00000000) = {
03-22 02:44:03.362 4125 4182 D CCodec : int32_t bitrate = 160000
03-22 02:44:03.362 4125 4182 D CCodec : int32_t channel-count = 2
03-22 02:44:03.362 4125 4182 D CCodec : int32_t max-input-size = 65307
03-22 02:44:03.362 4125 4182 D CCodec : string mime = "audio/vorbis"
03-22 02:44:03.362 4125 4182 D CCodec : int32_t sample-rate = 44100
03-22 02:44:03.362 4125 4182 D CCodec : }
03-22 02:44:03.362 4125 4183 I CCodecConfig: query failed after returning 7 values (BAD_INDEX)
03-22 02:44:03.362 4125 4182 D CCodec : setup formats output: AMessage(what = 0x00000000) = {
03-22 02:44:03.362 4125 4182 D CCodec : int32_t channel-count = 2
03-22 02:44:03.362 4125 4182 D CCodec : string mime = "audio/raw"
03-22 02:44:03.362 4125 4182 D CCodec : int32_t sample-rate = 44100
03-22 02:44:03.362 4125 4182 D CCodec : int32_t android._config-pcm-encoding = 2
03-22 02:44:03.362 4125 4182 D CCodec : }
03-22 02:44:03.362 4125 4183 D CCodecConfig: c2 config diff is Dict {
03-22 02:44:03.362 4125 4183 D CCodecConfig: c2::u32 coded.bitrate.value = 64000
03-22 02:44:03.362 4125 4183 D CCodecConfig: c2::u32 input.buffers.max-size.value = 32768
03-22 02:44:03.362 4125 4183 D CCodecConfig: c2::u32 input.delay.value = 0
03-22 02:44:03.362 4125 4183 D CCodecConfig: string input.media-type.value = "audio/vorbis"
03-22 02:44:03.362 4125 4183 D CCodecConfig: string output.media-type.value = "audio/raw"
03-22 02:44:03.362 4125 4183 D CCodecConfig: c2::u32 raw.channel-count.value = 1
03-22 02:44:03.362 4125 4183 D CCodecConfig: c2::u32 raw.sample-rate.value = 48000
03-22 02:44:03.362 4125 4183 D CCodecConfig: }
03-22 02:44:03.362 4125 4182 I CCodecConfig: query failed after returning 7 values (BAD_INDEX)
03-22 02:44:03.362 4125 4183 D CCodec : [c2.android.vorbis.decoder] buffers are bound to CCodec for this session
03-22 02:44:03.362 4125 4183 D CCodecConfig: no c2 equivalents for durationUs
03-22 02:44:03.362 4125 4183 D CCodecConfig: no c2 equivalents for track-id
03-22 02:44:03.362 4125 4183 D CCodecConfig: no c2 equivalents for csd-1
03-22 02:44:03.362 4125 4183 D CCodecConfig: no c2 equivalents for language
03-22 02:44:03.362 4125 4183 D CCodecConfig: no c2 equivalents for file-format
03-22 02:44:03.362 4125 4183 D CCodecConfig: no c2 equivalents for flags
03-22 02:44:03.363 4125 4183 D CCodecConfig: config failed => CORRUPTED
03-22 02:44:03.363 1206 1220 I InputDispatcher: Created monitor swipe-up for display 0, gesture=true, pid=2566
03-22 02:44:03.363 4125 4183 D CCodecConfig: c2 config diff is c2::u32 coded.bitrate.value = 160000
03-22 02:44:03.363 4125 4183 D CCodecConfig: c2::u32 raw.channel-count.value = 2
03-22 02:44:03.363 4125 4183 D CCodecConfig: c2::u32 raw.sample-rate.value = 44100
03-22 02:44:03.363 1206 3056 I InputDispatcher: Created monitor swipe-up for display 0, gesture=true, pid=2566
03-22 02:44:03.363 4125 4182 W Codec2Client: query -- param skipped: index = 1342179345.
03-22 02:44:03.363 4125 4182 W Codec2Client: query -- param skipped: index = 2415921170.
03-22 02:44:03.363 4125 4183 W Codec2Client: query -- param skipped: index = 1107298332.
03-22 02:44:03.363 4125 4183 D CCodec : setup formats input: AMessage(what = 0x00000000) = {
03-22 02:44:03.363 4125 4183 D CCodec : int32_t bitrate = 160000
03-22 02:44:03.363 4125 4183 D CCodec : int32_t channel-count = 2
03-22 02:44:03.363 4125 4183 D CCodec : int32_t max-input-size = 65307
03-22 02:44:03.363 4125 4183 D CCodec : string mime = "audio/vorbis"
03-22 02:44:03.363 4125 4183 D CCodec : int32_t sample-rate = 44100
03-22 02:44:03.363 4125 4183 D CCodec : }
03-22 02:44:03.363 4125 4183 D CCodec : setup formats output: AMessage(what = 0x00000000) = {
03-22 02:44:03.363 4125 4183 D CCodec : int32_t channel-count = 2
03-22 02:44:03.363 4125 4183 D CCodec : string mime = "audio/raw"
03-22 02:44:03.363 4125 4183 D CCodec : int32_t sample-rate = 44100
03-22 02:44:03.363 4125 4183 D CCodec : int32_t android._config-pcm-encoding = 2
03-22 02:44:03.363 4125 4183 D CCodec : }
03-22 02:44:03.363 4125 4182 D C2Store : Using ION
03-22 02:44:03.363 2566 2566 D TouchInteractionService: Touch service connected: user=0
03-22 02:44:03.363 4125 4183 I CCodecConfig: query failed after returning 7 values (BAD_INDEX)
03-22 02:44:03.363 1206 1736 I InputDispatcher: Erasing monitor swipe-up (server) on display 0, pid=2566
03-22 02:44:03.363 2566 2566 D TouchInteractionService: Touch service connected: user=0
03-22 02:44:03.364 4125 4182 D CCodecBufferChannel: [c2.android.vorbis.decoder#755] Created input block pool with allocatorID 16 => poolID 17 - OK (0)
03-22 02:44:03.364 4125 4183 W Codec2Client: query -- param skipped: index = 1342179345.
03-22 02:44:03.364 4125 4183 W Codec2Client: query -- param skipped: index = 2415921170.
03-22 02:44:03.365 2116 3631 D BufferPoolAccessor2.0: bufferpool2 0xb400007cc740a378 : 0(0 size) total buffers - 0(0 size) used buffers - 2/7 (recycle/alloc) - 5/74 (fetch/transfer)
03-22 02:44:03.365 4125 4183 D CCodecBufferChannel: [c2.android.vorbis.decoder#79] Created input block pool with allocatorID 16 => poolID 18 - OK (0)
03-22 02:44:03.365 2116 3631 D BufferPoolAccessor2.0: Destruction - bufferpool2 0xb400007cc740a378 cached: 0/0M, 0/0% in use; allocs: 7, 29% recycled; transfers: 74, 93% unfetched
03-22 02:44:03.365 4125 4182 I CCodecBufferChannel: [c2.android.vorbis.decoder#755] Created output block pool with allocatorID 16 => poolID 27 - OK
03-22 02:44:03.365 4125 4182 D CCodecBufferChannel: [c2.android.vorbis.decoder#755] Configured output block pool ids 27 => OK
03-22 02:44:03.365 4125 4182 D CCodecBufferChannel: [c2.android.vorbis.decoder#755] start: updating output delay 0
03-22 02:44:03.365 2566 2612 D AddWorkspaceItemsTask: Adding item info to workspace: WorkspaceItemInfo(id=9 type=APP container=# com.android.launcher3.logger.LauncherAtom$ContainerInfo@1a64a84
03-22 02:44:03.365 2566 2612 D AddWorkspaceItemsTask: workspace {
03-22 02:44:03.365 2566 2612 D AddWorkspaceItemsTask: grid_x: 2
03-22 02:44:03.365 2566 2612 D AddWorkspaceItemsTask: grid_y: 0
03-22 02:44:03.365 2566 2612 D AddWorkspaceItemsTask: page_index: 0
03-22 02:44:03.365 2566 2612 D AddWorkspaceItemsTask: }(-100) targetComponent=ComponentInfo{com.sohu.inputmethod.sogou.car/com.sohu.inputmethod.sogou.car.settingsui.SogouSettingsActivity} screen=0 cell(2,0) span(1,1) minSpan(1,1) rank=0 user=UserHandle{0} title=鎼滅嫍杈撳叆娉?
03-22 02:44:03.366 4125 4182 E ion : ioctl c0044901 failed with code -1: Inappropriate ioctl for device
03-22 02:44:03.366 4125 4181 I vol.Events: writeEvent level_changed STREAM_VOICE_CALL 2
03-22 02:44:03.366 2566 2612 D LoaderTask: bindAllApps
03-22 02:44:03.366 4125 4183 I CCodecBufferChannel: [c2.android.vorbis.decoder#79] Created output block pool with allocatorID 16 => poolID 28 - OK
03-22 02:44:03.366 1309 4189 D SimpleC2Component: Using output block pool with poolID 27 => got 27 - 0
03-22 02:44:03.366 4125 4183 D CCodecBufferChannel: [c2.android.vorbis.decoder#79] Configured output block pool ids 28 => OK
03-22 02:44:03.366 4125 4182 I CCodecBufferChannel: pipelineRoom(3) is <= numClientBuffers(3). Not signalling any more buffers to client
03-22 02:44:03.366 4125 4183 D CCodecBufferChannel: [c2.android.vorbis.decoder#79] start: updating output delay 0
03-22 02:44:03.367 1247 3814 D MediaBufferGroup: creating MemoryDealer
03-22 02:44:03.368 4125 4183 I CCodecBufferChannel: pipelineRoom(3) is <= numClientBuffers(3). Not signalling any more buffers to client
03-22 02:44:03.369 4125 4183 I CCodecBufferChannel: pipelineRoom(2) is <= numClientBuffers(2). Not signalling any more buffers to client
03-22 02:44:03.370 2566 2612 D LoaderTask: update icon cache
03-22 02:44:03.370 2566 2612 D LoaderTask: save shortcuts in icon cache
03-22 02:44:03.370 4125 4183 I CCodecBufferChannel: pipelineRoom(1) is <= numClientBuffers(1). Not signalling any more buffers to client
03-22 02:44:03.370 1309 4190 D SimpleC2Component: Using output block pool with poolID 28 => got 28 - 0
03-22 02:44:03.371 1247 3814 D MediaBufferGroup: creating MemoryDealer
03-22 02:44:03.371 4125 4181 I vol.Events: writeEvent level_changed STREAM_SYSTEM 2
03-22 02:44:03.373 4125 4181 I vol.Events: writeEvent level_changed STREAM_RING 2
03-22 02:44:03.373 4125 4181 I vol.Events: writeEvent level_changed STREAM_MUSIC 13
03-22 02:44:03.375 4125 4181 I vol.Events: writeEvent level_changed STREAM_ALARM 3
03-22 02:44:03.375 2566 2566 W View : requestLayout() improperly called by com.android.launcher3.views.NoInsetView{45f98ad V.ED..... ......ID 2218,0-2560,1080 #7f09007c app:id/bg_hotseat} during layout: running second layout pass
03-22 02:44:03.378 4125 4181 I vol.Events: writeEvent level_changed STREAM_BLUETOOTH_SCO 7
03-22 02:44:03.381 4125 4181 I vol.Events: writeEvent external_ringer_mode_changed unknown
03-22 02:44:03.382 4125 4181 I vol.Events: writeEvent zen_mode_config_changed [disallowAlarms=false disallowMedia=false disallowSystem=true disallowRinger=false]
03-22 02:44:03.384 4125 4125 D InterruptionStateProvider: heads up is enabled
03-22 02:44:03.384 4125 4161 D BluetoothHeadset: Proxy object connected
03-22 02:44:03.385 4125 4125 D NavigationModeController: getCurrentInteractionMode: mode=2 contextUser=0
03-22 02:44:03.392 1206 1538 I ActivityRecord: real home.....com.android.launcher3/.uioverrides.QuickstepLauncher
03-22 02:44:03.393 1206 1538 I WindowManager: ******* TELLING SURFACE FLINGER WE ARE BOOTED!
03-22 02:44:03.393 1007 2708 I SurfaceFlinger: Boot is finished (161077 ms)
03-22 02:44:03.394 2566 2566 D HotseatController: clearEmptyGrid: size=4
03-22 02:44:03.394 2566 2566 D HotseatController: adjustPadding: height=800,size=4
03-22 02:44:03.395 4125 4125 W AudioManager: attempt to call registerAudioRecordingCallback() on a previouslyregistered callback
03-22 02:44:03.395 1007 2708 I SurfaceFlinger: Early Wakeup: 0, Dynamic SF Idle: 0
03-22 02:44:03.395 2566 2566 D HotseatController: clearEmptyGrid: size=4
03-22 02:44:03.395 2566 2566 D HotseatController: adjustPadding: height=800,size=4
03-22 02:44:03.396 2566 2566 E libprocessgroup: set_timerslack_ns write failed: Operation not permitted
03-22 02:44:03.399 1206 1534 I ActivityTaskManager: Displayed com.android.launcher3/.uioverrides.QuickstepLauncher: +335ms
03-22 02:44:03.402 2566 2566 W View : requestLayout() improperly called by com.android.launcher3.views.NoInsetView{45f98ad V.ED..... ......I. 2218,0-2560,1080 #7f09007c app:id/bg_hotseat} during layout: running second layout pass
03-22 02:44:03.404 1206 1537 I EventSequenceValidator: dec AccIntentStartedEvents to 1
03-22 02:44:03.405 508 508 I servicemanager: Found android.hardware.power.IPower/default in device VINTF manifest.
03-22 02:44:03.405 1007 2708 I PowerAdvisor: Loaded AIDL Power HAL service
03-22 02:44:03.405 1206 1907 D ConnectivityService: NetReassign [no changes]
03-22 02:44:03.405 1206 1220 D ConnectivityService: requestNetwork for uid/pid:10084/4125 activeRequest: null callbackRequest: 33 [NetworkRequest [ REQUEST id=34, [ Capabilities: INTERNET&NOT_RESTRICTED&TRUSTED&NOT_VCN_MANAGED Uid: 10084 RequestorUid: 10084 RequestorPkg: com.android.systemui] ]] callback flags: 1 priority: 2147483647
03-22 02:44:03.405 823 823 I QTI PowerHAL: Power isModeSupported: 6
03-22 02:44:03.406 823 823 I QTI PowerHAL: Power isBoostSupported: 1
03-22 02:44:03.406 4125 4125 V WifiManager: registerTrafficStateCallback: callback=com.android.systemui.statusbar.policy.WifiSignalController$WifiTrafficStateCallback@45ff5f6, executor=android.os.HandlerExecutor@36fd56e
03-22 02:44:03.407 1206 1907 D ConnectivityService: NetReassign [no changes]
03-22 02:44:03.408 4125 4125 V WifiManager: registerScanResultsCallback: callback=com.android.systemui.statusbar.policy.NetworkControllerImpl$5@c10ddf7, executor=androidx.mediarouter.media.MediaRoute2Provider$$ExternalSyntheticLambda0@ad9f464
03-22 02:44:03.408 1206 1970 D Ethernet: got request NetworkRequest [ REQUEST id=34, [ Capabilities: INTERNET&NOT_RESTRICTED&TRUSTED&NOT_VCN_MANAGED Uid: 10084 RequestorUid: 10084 RequestorPkg: com.android.systemui] ]
03-22 02:44:03.408 1206 1970 D EthernetNetworkFactory: acceptRequest, request: NetworkRequest [ REQUEST id=34, [ Capabilities: INTERNET&NOT_RESTRICTED&TRUSTED&NOT_VCN_MANAGED Uid: 10084 RequestorUid: 10084 RequestorPkg: com.android.systemui] ]
03-22 02:44:03.408 1206 1970 I EthernetNetworkFactory: networkForRequest, request: NetworkRequest [ REQUEST id=34, [ Capabilities: INTERNET&NOT_RESTRICTED&TRUSTED&NOT_VCN_MANAGED Uid: 10084 RequestorUid: 10084 RequestorPkg: com.android.systemui] ], network: null
03-22 02:44:03.408 1206 1836 D WifiNetworkFactory: got request NetworkRequest [ REQUEST id=34, [ Capabilities: INTERNET&NOT_RESTRICTED&TRUSTED&NOT_VCN_MANAGED Uid: 10084 RequestorUid: 10084 RequestorPkg: com.android.systemui] ]
03-22 02:44:03.408 1206 1836 D UntrustedWifiNetworkFactory: got request NetworkRequest [ REQUEST id=34, [ Capabilities: INTERNET&NOT_RESTRICTED&TRUSTED&NOT_VCN_MANAGED Uid: 10084 RequestorUid: 10084 RequestorPkg: com.android.systemui] ]
03-22 02:44:03.408 1206 1836 D OemPaidWifiNetworkFactory: got request NetworkRequest [ REQUEST id=34, [ Capabilities: INTERNET&NOT_RESTRICTED&TRUSTED&NOT_VCN_MANAGED Uid: 10084 RequestorUid: 10084 RequestorPkg: com.android.systemui] ]
03-22 02:44:03.409 1206 2165 D ConnectivityService: requestNetwork for uid/pid:10084/4125 activeRequest: null callbackRequest: 35 [NetworkRequest [ REQUEST id=36, [ Capabilities: INTERNET&NOT_RESTRICTED&TRUSTED&NOT_VCN_MANAGED Uid: 10084 RequestorUid: 10084 RequestorPkg: com.android.systemui] ]] callback flags: 1 priority: 2147483647
03-22 02:44:03.409 1206 1220 D CompatibilityChangeReporter: Compat change id reported: 135634846; UID 10030; state: DISABLED
03-22 02:44:03.409 1206 1220 D CompatibilityChangeReporter: Compat change id reported: 177438394; UID 10030; state: DISABLED
03-22 02:44:03.409 1206 1907 D ConnectivityService: NetReassign [no changes]
03-22 02:44:03.409 1206 1220 D CompatibilityChangeReporter: Compat change id reported: 135772972; UID 10030; state: DISABLED
03-22 02:44:03.409 1206 1220 D CompatibilityChangeReporter: Compat change id reported: 135754954; UID 10030; state: DISABLED
03-22 02:44:03.409 1206 1970 D Ethernet: got request NetworkRequest [ REQUEST id=36, [ Capabilities: INTERNET&NOT_RESTRICTED&TRUSTED&NOT_VCN_MANAGED Uid: 10084 RequestorUid: 10084 RequestorPkg: com.android.systemui] ]
03-22 02:44:03.409 1206 1970 D EthernetNetworkFactory: acceptRequest, request: NetworkRequest [ REQUEST id=36, [ Capabilities: INTERNET&NOT_RESTRICTED&TRUSTED&NOT_VCN_MANAGED Uid: 10084 RequestorUid: 10084 RequestorPkg: com.android.systemui] ]
03-22 02:44:03.409 1206 1970 I EthernetNetworkFactory: networkForRequest, request: NetworkRequest [ REQUEST id=36, [ Capabilities: INTERNET&NOT_RESTRICTED&TRUSTED&NOT_VCN_MANAGED Uid: 10084 RequestorUid: 10084 RequestorPkg: com.android.systemui] ], network: null
03-22 02:44:03.409 1206 1554 D CompatibilityChangeReporter: Compat change id reported: 143937733; UID 10030; state: DISABLED
03-22 02:44:03.410 2566 2612 D LoaderTask: step 2 complete
03-22 02:44:03.410 2566 2612 D LoaderTask: loadDeepShortcuts
03-22 02:44:03.410 2566 2612 D LoaderTask: bindDeepShortcuts
03-22 02:44:03.410 2566 2612 D LoaderTask: save deep shortcuts in icon cache
03-22 02:44:03.410 2566 2612 D LoaderTask: step 3 complete
03-22 02:44:03.411 1007 4196 I SmoMo : DisplayExtnImpl::HandleTid: Successfully sent SF TID:2708. ret = -2
03-22 02:44:03.412 4125 4182 D CCodecBufferChannel: [c2.android.vorbis.decoder#755] MediaCodec discarded an unknown buffer
03-22 02:44:03.412 4125 4182 D CCodecBufferChannel: [c2.android.vorbis.decoder#755] MediaCodec discarded an unknown buffer
03-22 02:44:03.412 4125 4182 D CCodecBufferChannel: [c2.android.vorbis.decoder#755] MediaCodec discarded an unknown buffer
03-22 02:44:03.413 1206 1907 D ConnectivityService: NetReassign [no changes]
03-22 02:44:03.414 1206 1836 D WifiNetworkFactory: got request NetworkRequest [ REQUEST id=36, [ Capabilities: INTERNET&NOT_RESTRICTED&TRUSTED&NOT_VCN_MANAGED Uid: 10084 RequestorUid: 10084 RequestorPkg: com.android.systemui] ]
03-22 02:44:03.414 1007 4196 I SmoMo : DisplayExtnImpl::HandleTid: Successfully sent RE TID:1065. ret = -2
03-22 02:44:03.414 1206 1836 D UntrustedWifiNetworkFactory: got request NetworkRequest [ REQUEST id=36, [ Capabilities: INTERNET&NOT_RESTRICTED&TRUSTED&NOT_VCN_MANAGED Uid: 10084 RequestorUid: 10084 RequestorPkg: com.android.systemui] ]
03-22 02:44:03.414 1206 1836 D OemPaidWifiNetworkFactory: got request NetworkRequest [ REQUEST id=36, [ Capabilities: INTERNET&NOT_RESTRICTED&TRUSTED&NOT_VCN_MANAGED Uid: 10084 RequestorUid: 10084 RequestorPkg: com.android.systemui] ]
03-22 02:44:03.416 4125 4125 D CompatibilityChangeReporter: Compat change id reported: 171228096; UID 10084; state: ENABLED
03-22 02:44:03.418 666 666 D Zygote : Forked child process 4199
03-22 02:44:03.418 4125 4183 D CCodecBufferChannel: [c2.android.vorbis.decoder#79] MediaCodec discarded an unknown buffer
03-22 02:44:03.418 4125 4183 D CCodecBufferChannel: [c2.android.vorbis.decoder#79] MediaCodec discarded an unknown buffer
03-22 02:44:03.418 4125 4183 D CCodecBufferChannel: [c2.android.vorbis.decoder#79] MediaCodec discarded an unknown buffer
03-22 02:44:03.419 1206 1554 I ActivityManager: Start proc 4199:com.baidu.input/u0a30 for service {com.baidu.input/com.baidu.input.ImeService}
03-22 02:44:03.421 4125 4182 I hw-BpHwBinder: onLastStrongRef automatically unlinking death recipients
03-22 02:44:03.423 1206 4114 W FreeFormWindowHelper: Current Display FreeFormTask is null
03-22 02:44:03.423 4125 4183 I hw-BpHwBinder: onLastStrongRef automatically unlinking death recipients
03-22 02:44:03.423 1309 2038 I hw-BpHwBinder: onLastStrongRef automatically unlinking death recipients
03-22 02:44:03.423 1309 2038 V C2Store : in ~ComponentModule
03-22 02:44:03.423 1309 2038 V C2Store : unloading dll
03-22 02:44:03.426 4125 4125 V KeyguardUpdateMonitor: *** register callback for com.android.systemui.doze.DozeLog$1@7c597df
03-22 02:44:03.426 4125 4125 V KeyguardUpdateMonitor: *** unregister callback for null
03-22 02:44:03.426 1247 2125 I MMParserExtractor: Created(0xb40000775bb18b70)
03-22 02:44:03.426 2566 2612 D BaseIconFactory: normalizeAndWrapToAdaptiveIcon: scale=0.8096529
03-22 02:44:03.426 1247 2125 E MM_OSAL : FileSource::FileSource
03-22 02:44:03.426 1247 2125 E MM_OSAL : FileSource::FileSource m_bEveryThingOK 1
03-22 02:44:03.427 4125 4125 V KeyguardUpdateMonitor: *** register callback for com.android.systemui.statusbar.phone.BiometricUnlockController@8e1cc2c
03-22 02:44:03.427 4125 4125 V KeyguardUpdateMonitor: *** unregister callback for null
03-22 02:44:03.427 4125 4179 D MediaCodecList: codecHandlesFormat: no format, so no extra checks
03-22 02:44:03.428 4125 4179 D MediaCodecList: codecHandlesFormat: no format, so no extra checks
03-22 02:44:03.428 4125 4202 D CCodec : allocate(c2.android.vorbis.decoder)
03-22 02:44:03.429 4199 4199 I libc : SetHeapTaggingLevel: tag level set to 0
03-22 02:44:03.430 4125 4202 I CCodec : setting up 'default' as default (vendor) store
03-22 02:44:03.430 1309 2039 V C2Store : in init
03-22 02:44:03.430 1309 2039 V C2Store : loading dll
03-22 02:44:03.431 2566 2612 D BaseIconFactory: normalizeAndWrapToAdaptiveIcon: scale=0.8096529
03-22 02:44:03.431 4125 4202 I CCodec : Created component [c2.android.vorbis.decoder]
03-22 02:44:03.431 4125 4202 D CCodecConfig: read media type: audio/vorbis
03-22 02:44:03.433 4125 4202 D ReflectedParamUpdater: extent() != 1 for single value type: algo.buffers.max-count.values
03-22 02:44:03.433 4125 4202 D ReflectedParamUpdater: extent() != 1 for single value type: output.subscribed-indices.values
03-22 02:44:03.433 4125 4202 D ReflectedParamUpdater: extent() != 1 for single value type: input.buffers.allocator-ids.values
03-22 02:44:03.433 4125 4202 D ReflectedParamUpdater: extent() != 1 for single value type: output.buffers.allocator-ids.values
03-22 02:44:03.433 4125 4202 D ReflectedParamUpdater: extent() != 1 for single value type: algo.buffers.allocator-ids.values
03-22 02:44:03.434 4125 4202 D ReflectedParamUpdater: extent() != 1 for single value type: output.buffers.pool-ids.values
03-22 02:44:03.434 4125 4202 D ReflectedParamUpdater: extent() != 1 for single value type: algo.buffers.pool-ids.values
03-22 02:44:03.434 4125 4125 D NavigationModeController: getCurrentInteractionMode: mode=2 contextUser=0
03-22 02:44:03.434 4125 4125 D NavigationModeController: getCurrentInteractionMode: mode=2 contextUser=0
03-22 02:44:03.435 4125 4202 I CCodecConfig: query failed after returning 7 values (BAD_INDEX)
03-22 02:44:03.435 4125 4202 D CCodecConfig: c2 config diff is Dict {
03-22 02:44:03.435 4125 4202 D CCodecConfig: c2::u32 coded.bitrate.value = 64000
03-22 02:44:03.435 4125 4202 D CCodecConfig: c2::u32 input.buffers.max-size.value = 32768
03-22 02:44:03.435 4125 4202 D CCodecConfig: c2::u32 input.delay.value = 0
03-22 02:44:03.435 4125 4202 D CCodecConfig: string input.media-type.value = "audio/vorbis"
03-22 02:44:03.435 4125 4202 D CCodecConfig: string output.media-type.value = "audio/raw"
03-22 02:44:03.435 4125 4202 D CCodecConfig: c2::u32 raw.channel-count.value = 1
03-22 02:44:03.435 4125 4202 D CCodecConfig: c2::u32 raw.sample-rate.value = 48000
03-22 02:44:03.435 4125 4202 D CCodecConfig: }
03-22 02:44:03.435 4125 4202 D CCodec : [c2.android.vorbis.decoder] buffers are bound to CCodec for this session
03-22 02:44:03.435 4125 4202 D CCodecConfig: no c2 equivalents for durationUs
03-22 02:44:03.435 4125 4202 D CCodecConfig: no c2 equivalents for track-id
03-22 02:44:03.435 4125 4202 D CCodecConfig: no c2 equivalents for csd-1
03-22 02:44:03.435 4125 4202 D CCodecConfig: no c2 equivalents for language
03-22 02:44:03.435 4125 4202 D CCodecConfig: no c2 equivalents for file-format
03-22 02:44:03.435 4125 4202 D CCodecConfig: no c2 equivalents for flags
03-22 02:44:03.436 4125 4202 D CCodecConfig: config failed => CORRUPTED
03-22 02:44:03.436 4125 4202 D CCodecConfig: c2 config diff is c2::u32 coded.bitrate.value = 160000
03-22 02:44:03.436 4125 4202 D CCodecConfig: c2::u32 raw.channel-count.value = 2
03-22 02:44:03.437 4125 4202 W Codec2Client: query -- param skipped: index = 1107298332.
03-22 02:44:03.437 4125 4202 D CCodec : setup formats input: AMessage(what = 0x00000000) = {
03-22 02:44:03.437 4125 4202 D CCodec : int32_t bitrate = 160000
03-22 02:44:03.437 4125 4202 D CCodec : int32_t channel-count = 2
03-22 02:44:03.437 4125 4202 D CCodec : int32_t max-input-size = 65307
03-22 02:44:03.437 4125 4202 D CCodec : string mime = "audio/vorbis"
03-22 02:44:03.437 4125 4202 D CCodec : int32_t sample-rate = 48000
03-22 02:44:03.437 4125 4202 D CCodec : }
03-22 02:44:03.437 4125 4202 D CCodec : setup formats output: AMessage(what = 0x00000000) = {
03-22 02:44:03.437 4125 4202 D CCodec : int32_t channel-count = 2
03-22 02:44:03.437 4125 4202 D CCodec : string mime = "audio/raw"
03-22 02:44:03.437 4125 4202 D CCodec : int32_t sample-rate = 48000
03-22 02:44:03.437 4125 4202 D CCodec : int32_t android._config-pcm-encoding = 2
03-22 02:44:03.437 4125 4202 D CCodec : }
03-22 02:44:03.437 4125 4202 I CCodecConfig: query failed after returning 7 values (BAD_INDEX)
03-22 02:44:03.437 4125 4125 V KeyguardUpdateMonitor: *** register callback for com.android.systemui.accessibility.floatingmenu.AccessibilityFloatingMenuController$1@90f74c4
03-22 02:44:03.437 2566 2612 D BaseIconFactory: normalizeAndWrapToAdaptiveIcon: scale=0.8096529
03-22 02:44:03.437 4125 4125 V KeyguardUpdateMonitor: *** unregister callback for null
03-22 02:44:03.437 4125 4202 W Codec2Client: query -- param skipped: index = 1342179345.
03-22 02:44:03.437 4125 4202 W Codec2Client: query -- param skipped: index = 2415921170.
03-22 02:44:03.438 4125 4202 D CCodecBufferChannel: [c2.android.vorbis.decoder#567] Created input block pool with allocatorID 16 => poolID 19 - OK (0)
