03-22 02:41:30.359 3351 3351 D wpa_supplicant: MBO: Update non-preferred channels, non_pref_chan=N/A
03-22 02:41:30.359 3351 3351 D wpa_supplicant: nl80211: Scan default IEs - hexdump(len=30): 7f 0b 00 00 0a 82 00 40 00 00 00 01 20 ff 03 02 00 ff dd 0a 50 6f 9a 16 03 01 03 65 01 01
03-22 02:41:30.359 3351 3351 D wpa_supplicant: Registering interface to hidl control: wlan0
03-22 02:41:30.359 3351 3351 I wpa_supplicant: Mapping to vendor sta iface
03-22 02:41:30.359 3351 3351 D wpa_supplicant: wlan0: Added interface wlan0
03-22 02:41:30.359 3351 3351 D wpa_supplicant: wlan0: State: INACTIVE -> DISCONNECTED
03-22 02:41:30.359 3351 3351 D wpa_supplicant: nl80211: Set wlan0 operstate 0->0 (DORMANT)
03-22 02:41:30.359 3351 3351 D wpa_supplicant: netlink: Operstate: ifindex=17 linkmode=-1 (no change), operstate=5 (IF_OPER_DORMANT)
03-22 02:41:30.359 3351 3351 D wpa_supplicant: Notifying state change event to hidl control: 0
03-22 02:41:30.361 3351 3351 D wpa_supplicant: RTM_NEWLINK: ifi_index=17 ifname=wlan0 operstate=2 linkmode=1 ifi_family=0 ifi_flags=0x1003 ([UP])
03-22 02:41:30.363 509 509 I hwservicemanager: getTransport: Cannot find entry android.hardware.wifi.supplicant@1.4::ISupplicant/default in either framework or device VINTF manifest.
03-22 02:41:30.364 1206 1836 D SupplicantStaIfaceHal: Newer HAL is found, skip V1_2 remaining init flow.
03-22 02:41:30.364 1206 1836 D SupplicantStaIfaceHal: Newer HAL is found, skip V1_1 remaining init flow.
03-22 02:41:30.364 1206 1836 D SupplicantStaIfaceHal: Newer HAL is found, skip V1_0 remaining init flow.
03-22 02:41:30.364 1206 1836 E SupplicantStaIfaceHal: Can't call vendor_setupIface, ISupplicantVendorStaIface is null
03-22 02:41:30.365 1206 1836 I android_os_HwBinder: HwBinder: Starting thread pool for getting: vendor.qti.hardware.wifi.supplicant@2.0::ISupplicantVendor/default
03-22 02:41:30.365 1206 1836 E SupplicantStaIfaceHal: Try to get Vendor HIDL@2.0 interface
03-22 02:41:30.366 3351 3351 I wpa_supplicant: get vendor sta iface object
03-22 02:41:30.367 1206 1836 E SupplicantStaIfaceHal: Successful get Vendor sta interface
03-22 02:41:30.368 509 509 I hwservicemanager: getTransport: Cannot find entry android.hardware.wifi.supplicant@1.4::ISupplicant/default in either framework or device VINTF manifest.
03-22 02:41:30.368 509 509 I hwservicemanager: getTransport: Cannot find entry android.hardware.wifi.supplicant@1.4::ISupplicant/default in either framework or device VINTF manifest.
03-22 02:41:30.370 509 509 I hwservicemanager: getTransport: Cannot find entry android.hardware.wifi.supplicant@1.4::ISupplicant/default in either framework or device VINTF manifest.
03-22 02:41:30.371 3351 3351 D wpa_supplicant: Driver capability mask: 0x3
03-22 02:41:30.371 1206 1836 I WifiNative: Successfully switched to connectivity mode on iface=Iface:{Name=wlan0,Id=0,Type=STA_CONNECTIVITY}
03-22 02:41:30.371 1206 1836 D WifiClientModeManager[wlan0]: entering ConnectModeState, starting ClientModeImpl
03-22 02:41:30.376 1206 1836 D WifiScoreReport: setShouldReduceNetworkScore=false mNetworkAgent is null? true
03-22 02:41:30.376 1206 1836 V WifiClientModeManager[wlan0]: ClientModeManager started in role: Role: ROLE_CLIENT_PRIMARY, RequestorWs: WorkSource{1000 com.android.settings}, ModeListener: com.android.server.wifi.ActiveModeWarden$ClientListener@14416cf
03-22 02:41:30.378 1206 1836 D WifiScanRequestProxy: Sending scan available broadcast: true
03-22 02:41:30.378 1206 1904 I WifiScanningService: Received a request to enable scanning, UID = 1000
03-22 02:41:30.378 1206 1836 I WifiScanRequestProxy: Scanning is enabled
03-22 02:41:30.378 1206 1836 I WifiScanRequestProxy: Scanning for hidden networks is enabled
03-22 02:41:30.379 832 832 E WifiHAL : wifi_get_gscan_capabilities: GSCAN is not supported by driver
03-22 02:41:30.379 1206 1904 E WifiVendorHal: getBgScanCapabilities(l.853) failed {.code = ERROR_NOT_SUPPORTED, .description = }
03-22 02:41:30.381 1206 1836 D WifiCountryCode: evaluateAllCmmStateAndApplyIfAllReady: {ConcreteClientModeManager{id=9826 iface=wlan0 role=ROLE_CLIENT_PRIMARY}=true}
03-22 02:41:30.382 1206 1836 D WifiCountryCode: Reading country code from telephony
03-22 02:41:30.383 1206 1836 D WifiCountryCode: Set telephony country code to:
03-22 02:41:30.383 1206 1836 D WifiCountryCode: updateCountryCode to null
03-22 02:41:30.383 1206 1836 D WifiConnectivityHelper: Firmware supported feature set: d8fca935dd
03-22 02:41:30.384 1206 1904 I WifiScanningService: Created a new impl for wlan0
03-22 02:41:30.384 1206 1836 D WifiConnectivityHelper: Firmware roaming supported with capabilities: max num blocklist bssid=16 max num allowlist ssid=8
03-22 02:41:30.384 1206 1904 I WifiScanningService: wifi driver loaded with scan capabilities: max buckets=16
03-22 02:41:30.455 3351 3351 D wpa_supplicant: nl80211: Event message available
03-22 02:41:30.456 1351 3344 D LOWI-9.0.0.87.a: [LOWI-Scan] wait_event:Wait done with Cmd 103
03-22 02:41:30.456 1351 3344 D LOWI-9.0.0.87.a: [LOWI-Scan] do_listen_events: Rcvd valid Netlink Cmd 0 Err 0
03-22 02:41:30.456 1311 1311 I cnss-daemon: nl80211 response handler invoked
03-22 02:41:30.456 1311 1311 I cnss-daemon: nl80211_response_handler: cmd 103, vendorID 4980, subcmd 12 received
03-22 02:41:30.456 832 3343 I WifiHAL : event received NL80211_CMD_VENDOR, vendor_id = 0x1374, subcmd = 0xc
03-22 02:41:30.456 832 3343 D WifiHAL : NanErrorTranslation: Status: 0 Error Info[value 0]: NAN status success
03-22 02:41:30.456 832 3343 I WifiHAL : handleNanResponse ret:0 status:0 value:NAN status success response_type:12
03-22 02:41:30.467 3351 3351 D wpa_supplicant: nl80211: Drv Event 103 (NL80211_CMD_VENDOR) received for wlan0
03-22 02:41:30.467 3351 3351 D wpa_supplicant: nl80211: Vendor event: wiphy=0 vendor_id=0x1374 subcmd=12
03-22 02:41:30.467 3351 3351 D wpa_supplicant: nl80211: Vendor data - hexdump(len=92): 5c 00 02 00 21 02 58 00 00 00 03 00 00 00 00 00 00 00 00 00 01 00 00 00 06 00 00 00 06 00 00 00 ...
03-22 02:41:30.467 3351 3351 D wpa_supplicant: nl80211: Ignore unsupported QCA vendor event 12
03-22 02:41:30.468 832 3343 I WifiHAL : send oem msg of len : 112 to apps
03-22 02:41:30.468 1351 3345 D LOWI-9.0.0.87.a: [LOWI-ROME-RTT] RomeWaitOnActivityOnSocketOrPipe: timed select over: TO: 5 retVal: 1
03-22 02:41:30.468 1351 3345 D LOWI-9.0.0.87.a: [LOWI-ROME-RTT] event_handler: Valid data with length 80
03-22 02:41:30.469 1351 3345 D LOWI-9.0.0.87.a: [LOWI-HELIUM-RTT] storeNLFragment: new fragment group, tokenid(2), adding 72 chars @position 0
03-22 02:41:30.469 1351 3345 D LOWI-9.0.0.87.a: [LOWI-HELIUM-RTT] RomeNLRecvMessage: The Received OEMSubType: RTT_MSG_SUBTYPE_CAPABILITY_RSP
03-22 02:41:30.469 1351 3345 D LOWI-9.0.0.87.a: [LOWI-HELIUM-RTT] RomeNLRecvMessage: The Received RomeMsgType: ROME_RANGING_CAP_MSG
03-22 02:41:30.469 1351 3345 D LOWI-9.0.0.87.a: [LOWIRangingFSM] FSM: Received Event EVENT_RANGING_CAP_INFO, Current state: STATE_WAITING_FOR_RANGING_CAP
03-22 02:41:30.469 1351 3345 D LOWI-9.0.0.87.a: [LOWIWifiTlvHandler] processRspHeadTlv: reqId(1) measDone(1) rttStatus(RTT_STATUS_SUCCESS) subtype(RTT_MSG_SUBTYPE_CAPABILITY_RSP) isFrag(0) fragIdx(0) fragLen(0) tknId(0)
03-22 02:41:30.469 1351 3345 D LOWI-9.0.0.87.a: [LOWIWifiTlvHandler] checkTlvTag: Processing idx(0) received TLV: wmi_rtt_oem_rsp_head
03-22 02:41:30.469 1351 3345 D LOWI-9.0.0.87.a: [LOWIWifiTlvHandler] processIfPeerEvtHdrTag: Invalid Tag(33), not added to vector mPeerIdx(0)
03-22 02:41:30.469 1351 3345 D LOWI-9.0.0.87.a: [LOWIWifiTlvHandler] processIfPerFrmInfoTag: Invalid Tag(33) measurement not added for peer(0)
03-22 02:41:30.469 1351 3345 D LOWI-9.0.0.87.a: [LOWIWifiTlvHandler] checkTlvTag: Processing idx(1) received TLV: wmi_rtt_oem_cap_rsp_head
03-22 02:41:30.469 1351 3345 D LOWI-9.0.0.87.a: [LOWIWifiTlvHandler] processIfPeerEvtHdrTag: Invalid Tag(35), not added to vector mPeerIdx(0)
03-22 02:41:30.469 1351 3345 D LOWI-9.0.0.87.a: [LOWIWifiTlvHandler] processIfPerFrmInfoTag: Invalid Tag(35) measurement not added for peer(0)
03-22 02:41:30.469 1351 3345 D LOWI-9.0.0.87.a: [LOWIWifiTlvHandler] checkTlvTag: Processing idx(2) received TLV: wmi_rtt_oem_cap_rsp_event
03-22 02:41:30.469 1351 3345 D LOWI-9.0.0.87.a: [LOWIWifiTlvHandler] processIfPeerEvtHdrTag: Invalid Tag(36), not added to vector mPeerIdx(0)
03-22 02:41:30.469 1351 3345 D LOWI-9.0.0.87.a: [LOWIWifiTlvHandler] processIfPerFrmInfoTag: Invalid Tag(36) measurement not added for peer(0)
03-22 02:41:30.469 1351 3345 D LOWI-9.0.0.87.a: [LOWIWifiTlvHandler] printBssidInfo: No peer info from processing TLVs
03-22 02:41:30.469 1351 3345 D LOWI-9.0.0.87.a: [LOWI-HELIUM-RTT] parseRttCapabilitiesMsg: Skipping wmi_rtt_oem_rsp_head
03-22 02:41:30.469 1351 3345 D LOWI-9.0.0.87.a: [LOWI-HELIUM-RTT] parseRttCapabilitiesMsg: parsing wmi_rtt_oem_cap_rsp_head TLVversion(0x3) major(0x0) minor(0x10001) serviceBitMask[0](0x0) serviceBitMask[1](0x0) serviceBitMask[2](0x0) serviceBitMask[3](0x0)
03-22 02:41:30.469 1206 1836 D WakeupController: onWifiEnabled()
03-22 02:41:30.469 1351 3345 D LOWI-9.0.0.87.a: [LOWI-HELIUM-RTT] parseRttCapabilitiesMsg: parsing wmi_rtt_oem_cap_rsp_event TLVrangingTypeMask(5) supportedFramesMask(11) maxDestPerReq(10) maxMeasPerDest(31) maxChannelsAllowed(1) maxBwAllowed(2) preambleSupportedMask(7) reportTypeSupportedMask(15) maxRfChains(3) facTypeMask(2) numPhys(1) fwMultiBurstSupport(1)
03-22 02:41:30.469 1351 3345 D LOWI-9.0.0.87.a: [LOWIRangingFSM] FSM: New FSM state: STATE_READY_AND_IDLE
03-22 02:41:30.469 1351 3345 D LOWI-9.0.0.87.a: [LOWI-ROME-RTT] RomeWaitOnActivityOnSocketOrPipe: issue blocking select
03-22 02:41:30.474 1206 1836 W WifiClientModeImpl: No cached packet filter to apply
03-22 02:41:30.475 1206 1206 D WifiP2pService: Wifi enabled=true
03-22 02:41:30.476 832 832 E WifiHAL : error_handler_nan: Error code:-22 (Invalid argument)
03-22 02:41:30.476 832 832 E WifiHAL : nan_disable_request: requestEvent Error:-5
03-22 02:41:30.476 832 832 E WifiHAL : error_handler_nan: Error code:-22 (Invalid argument)
03-22 02:41:30.476 832 832 E WifiHAL : nan_data_interface_delete: requestEvent Error:-5
03-22 02:41:30.476 3351 3351 D wpa_supplicant: parse_get_feature_info: driver supported feature info = 2523
03-22 02:41:30.476 832 832 E WifiHAL : error_handler_nan: Error code:-22 (Invalid argument)
03-22 02:41:30.477 832 832 E WifiHAL : nan_data_interface_delete: requestEvent Error:-5
03-22 02:41:30.477 1206 1836 D WifiClientModeManager: output of doDriverCmd for concurrent band = 2523
03-22 02:41:30.477 1206 1836 D WifiClientModeImpl[wlan0]: entering ConnectableState: ifaceName = wlan0
01-01 08:00:17.156 0 0 I [schedu][0x13a28350][02:41:30.501930] wlan: [3335:I:HIF] Deinitializing Runtime PM wakelock &vdev->vdev_set_key_runtime_wakelock
03-22 02:41:30.504 1351 1463 D LOWI-9.0.0.87.a: [LOWINetlinkSocketReceiver] unpackRTMLinkMessage: RTM_NEWLINK - ifname wifi-aware0, flags 0x1002 ()
01-01 08:00:17.157 0 0 I [schedu][0x13a2ee85][02:41:30.503360] wlan: [3335:I:HIF] Initializing Runtime PM wakelock &vdev->vdev_set_key_runtime_wakelock
03-22 02:41:30.506 1206 1534 I EthernetTracker: interfaceLinkStateChanged, iface: wifi-aware0, up: false
03-22 02:41:30.514 3351 3351 D wpa_supplicant: wpa_driver_nl80211_driver_cmd SETSUSPENDMODE 1 len = 0, 4096
03-22 02:41:30.514 3351 3351 D wpa_supplicant: RTM_NEWLINK: ifi_index=19 ifname=wifi-aware0 operstate=2 linkmode=0 ifi_family=0 ifi_flags=0x1002 ()
03-22 02:41:30.515 1206 1836 D WifiClientModeImpl[wlan0]: Start makeIpClient ifaceName = wlan0
03-22 02:41:30.547 1206 1836 I WifiClientModeImpl[wlan0]: disconnectedstate enter
03-22 02:41:30.547 1206 1836 D WifiClientModeImpl[wlan0]: setupClientMode() ifacename = wlan0
03-22 02:41:30.548 2044 3355 E IpClient.wlan0: Failed to set accept_ra to 2
03-22 02:41:30.553 645 660 I mpu_uart: [MSG-P:RECV]:No message received in 1000 ms
03-22 02:41:30.559 645 659 I mpu_uart: [MSG-P:R]:recv sync frame timeout
01-01 08:00:17.241 0 0 I [schedu][0x13bb8084][02:41:30.587226] wlan: [3335:I:HIF] Deinitializing Runtime PM wakelock &vdev->vdev_set_key_runtime_wakelock
03-22 02:41:30.588 1351 1463 D LOWI-9.0.0.87.a: [LOWINetlinkSocketReceiver] unpackRTMLinkMessage: RTM_NEWLINK - ifname wlan0, flags 0x1002 ()
03-22 02:41:30.588 1351 1463 D LOWI-9.0.0.87.a: [LOWINetlinkSocketReceiver] processNetlinkPacket: ifname(wlan0) status(0)
03-22 02:41:30.588 1351 1463 D LOWI-9.0.0.87.a: [LOWIController] intfStateReceived: ifname(wlan0) state(0)
03-22 02:41:30.588 1351 1465 D LOWI-9.0.0.87.a: [LOWIEventReceiver] handleEvent:FROM:NA, TO:NA, REQ:NA, IREQ:NA, REQ_ID:0, RESP:NA, INFO:INTF-STATUS-UPDATE
03-22 02:41:30.588 1351 1465 D LOWI-9.0.0.87.a: [LOWIEventReceiver] Info to [INTF-STATUS-UPDATE]
03-22 02:41:30.588 1351 1465 D LOWI-9.0.0.87.a: [LOWIController] updateIntfState: WIFI enabled 0 mNlWifiStatus 1 mWifiStateEnabled 1
03-22 02:41:30.588 1351 1465 D LOWI-9.0.0.87.a: [LOWIController] isWifiEnabled: mNlWifiStatus 0 mWifiStateEnabled 1
03-22 02:41:30.588 1351 1465 I LOWI-9.0.0.87.a: [LOWIController] isWifiEnabled: Wifi is now disabled
03-22 02:41:30.588 1351 1465 D LOWI-9.0.0.87.a: [LOWIController] terminateScanResultReceiver
03-22 02:41:30.588 1351 3344 D LOWI-9.0.0.87.a: [LOWI-Scan] wips_wait_on_nl_socket: read returned 6, Received string: Close
03-22 02:41:30.588 1351 3344 D LOWI-9.0.0.87.a: [LOWI-Scan] do_listen_events: Select Error return - -301
03-22 02:41:30.588 1351 3344 D LOWI-9.0.0.87.a: [LOWI-Scan] No dump done. Error -301
03-22 02:41:30.588 1351 3344 D LOWI-9.0.0.87.a: [LOWI-Scan] WipsScanUsingNL: passive scan cached 0, took 493 ms, err -301
03-22 02:41:30.588 1351 3344 D LOWI-9.0.0.87.a: [LOWI-Scan] lowi_proc_req_passive_scan_with_live_meas - No WLAN Frames to be parsed
03-22 02:41:30.588 1351 3344 D LOWI-9.0.0.87.a: [LOWIWifiDriverInterface] Scan terminated for passive listening request
03-22 02:41:30.588 1351 3344 I LOWI-9.0.0.87.a: [LOWIScanResultReceiver] Thread terminate was requested
03-22 02:41:30.589 1351 3344 D LOWI-9.0.0.87.a: [LOWI-Scan] Closing the pipe
03-22 02:41:30.589 1351 1465 D LOWI-9.0.0.87.a: [LOWIScanResultReceiver] After join complete
03-22 02:41:30.589 1351 1465 D LOWI-9.0.0.87.a: [LOWI-ROME-RTT] RomeUnblockRangingThread
03-22 02:41:30.589 1351 3345 D LOWI-9.0.0.87.a: [LOWI-ROME-RTT] RomeWaitOnActivityOnSocketOrPipe: Ranging thread Received string: Close, request socket shutdown
03-22 02:41:30.589 1351 3345 D LOWI-9.0.0.87.a: [LOWIRangingFSM] FSM: Received Terminate Thread request from Controller
03-22 02:41:30.589 1351 3345 I LOWI-9.0.0.87.a: [LOWIScanResultReceiver] Thread terminate was requested
03-22 02:41:30.589 1351 3345 D LOWI-9.0.0.87.a: [LOWI-ROME-RTT] Closing the Ranging pipe
03-22 02:41:30.589 1351 1465 D LOWI-9.0.0.87.a: [LOWIScanResultReceiver] After join complete
03-22 02:41:30.589 1351 1465 D LOWI-9.0.0.87.a: [LOWIController] terminateWifiDriver
03-22 02:41:30.589 1351 1465 I CLD80211: lowi-server: Sent msg on exit sock to unblock poll()
01-01 08:00:17.242 0 0 I [schedu][0x13bbb23a][02:41:30.587889] wlan: [3335:I:HIF] Initializing Runtime PM wakelock &vdev->vdev_set_key_runtime_wakelock
03-22 02:41:30.592 1206 1534 I EthernetTracker: interfaceLinkStateChanged, iface: wlan0, up: false
03-22 02:41:30.596 1351 1463 D LOWI-9.0.0.87.a: [LOWINetlinkSocketReceiver] unpackRTMLinkMessage: RTM_NEWLINK - ifname wlan0, flags 0x1002 ()
03-22 02:41:30.596 1351 1463 D LOWI-9.0.0.87.a: [LOWINetlinkSocketReceiver] processNetlinkPacket: ifname(wlan0) status(0)
03-22 02:41:30.596 1351 1463 D LOWI-9.0.0.87.a: [LOWIController] intfStateReceived: ifname(wlan0) state(0)
03-22 02:41:30.596 1351 1465 D LOWI-9.0.0.87.a: [LOWIEventReceiver] handleEvent:FROM:NA, TO:NA, REQ:NA, IREQ:NA, REQ_ID:0, RESP:NA, INFO:INTF-STATUS-UPDATE
03-22 02:41:30.596 1351 1465 D LOWI-9.0.0.87.a: [LOWIEventReceiver] Info to [INTF-STATUS-UPDATE]
03-22 02:41:30.596 1351 1465 D LOWI-9.0.0.87.a: [LOWIController] updateIntfState: WIFI enabled 0 mNlWifiStatus 0 mWifiStateEnabled 0
03-22 02:41:30.596 1351 1465 D LOWI-9.0.0.87.a: [LOWIController] isWifiEnabled: mNlWifiStatus 0 mWifiStateEnabled 0
03-22 02:41:30.596 1206 1534 I EthernetTracker: interfaceLinkStateChanged, iface: wlan0, up: false
01-01 08:00:17.252 0 0 I [wifi@1][0x13be85f9][02:41:30.597539] wlan: [832:I:DP] dp_vdev_attach_wifi3: wlan_cfg_ap_bridge_enabled 0
03-22 02:41:30.599 1351 1463 D LOWI-9.0.0.87.a: [LOWINetlinkSocketReceiver] unpackRTMLinkMessage: RTM_NEWLINK - ifname wlan0, flags 0x1003 ([UP])
03-22 02:41:30.599 1351 1463 D LOWI-9.0.0.87.a: [LOWINetlinkSocketReceiver] processNetlinkPacket: ifname(wlan0) status(1)
03-22 02:41:30.599 1351 1463 D LOWI-9.0.0.87.a: [LOWIController] intfStateReceived: ifname(wlan0) state(1)
03-22 02:41:30.599 1351 1465 D LOWI-9.0.0.87.a: [LOWIEventReceiver] handleEvent:FROM:NA, TO:NA, REQ:NA, IREQ:NA, REQ_ID:0, RESP:NA, INFO:INTF-STATUS-UPDATE
03-22 02:41:30.599 1351 1465 D LOWI-9.0.0.87.a: [LOWIEventReceiver] Info to [INTF-STATUS-UPDATE]
03-22 02:41:30.599 1351 1465 D LOWI-9.0.0.87.a: [LOWIController] updateIntfState: WIFI enabled 1 mNlWifiStatus 0 mWifiStateEnabled 0
03-22 02:41:30.599 1351 1465 D LOWI-9.0.0.87.a: [LOWIController] isWifiEnabled: mNlWifiStatus 1 mWifiStateEnabled 0
03-22 02:41:30.599 1351 1465 I LOWI-9.0.0.87.a: [LOWIController] isWifiEnabled: Wifi is now enabled
03-22 02:41:30.599 1351 1465 D LOWI-9.0.0.87.a: [LOWIController] terminateScanResultReceiver
03-22 02:41:30.600 1206 1534 I EthernetTracker: interfaceLinkStateChanged, iface: wlan0, up: false
03-22 02:41:30.601 1351 1465 D LOWI-9.0.0.87.a: [LOWIWpaInterface] OpenCtrl]61 Success for mCtrl
03-22 02:41:30.601 1351 1465 D LOWI-9.0.0.87.a: [LOWI-Scan] nl80211_init:SUCCESS
03-22 02:41:30.602 1351 1465 D LOWI-9.0.0.87.a: [LOWI-Scan] nl_get_wiphy_info, done err = 0
03-22 02:41:30.602 1351 1465 I LOWI-9.0.0.87.a: [LOWI-Scan] WipsGetSupportedChannels: return err = 0 num_2g_ch = 13 num_5g_ch = 13 num_6g_ch = 0
03-22 02:41:30.602 1351 1465 I LOWI-9.0.0.87.a: [LOWIWifiDriverUtils] set the band mask from wiphy 3
03-22 02:41:30.602 1351 1465 D LOWI-9.0.0.87.a: [LOWIWifiDriverUtils] getWiFiIdentityFromIoctl: ioctl(GET_MAC_ADDR) return: 0, Mac = 5e:71:8e:04:2a:42
03-22 02:41:30.603 1351 1465 I LOWI-9.0.0.87.a: [LOWI-ROME-RTT] RomeWipsOpen: libCld80211 found, load the symbols..
03-22 02:41:30.603 1351 1465 I CLD80211: lowi-server: initialized exit socket pair
03-22 02:41:30.603 1351 1465 D LOWI-9.0.0.87.a: [LOWI-ROME-RTT] cld80211InitAndRegister: Init and Registration done
03-22 02:41:30.603 1351 1465 D LOWI-9.0.0.87.a: [LOWIController] createWifiDriver: wifi driver created.
03-22 02:41:30.603 1351 1465 D LOWI-9.0.0.87.a: [LOWIController] getWifiCapabilities
03-22 02:41:30.603 1351 1465 D LOWI-9.0.0.87.a: [LOWIController] passContConfig
03-22 02:41:30.603 1351 1465 I LOWI-9.0.0.87.a: [LOWIWifiDriverUtils] return band_mask based on wiphy 3
03-22 02:41:30.603 1351 1465 D LOWI-9.0.0.87.a: [LOWIControllerExtn] createScanResultReceiver: scanbitmask(0x26)
03-22 02:41:30.603 1351 1465 D LOWI-9.0.0.87.a: [LOWIController] createScanResultReceiver: Capabilities: discovery(1), ranging(1), bgscan(0), scanbitmask(0x26)
03-22 02:41:30.604 1351 1465 D LOWI-9.0.0.87.a: [LOWIController] created scanReceiver successfully
03-22 02:41:30.604 1351 1465 D LOWI-9.0.0.87.a: [LOWIController] created scanReceiver successfully
03-22 02:41:30.604 1351 3356 D LOWI-9.0.0.87.a: [LOWI-Scan] Creating the pipe
03-22 02:41:30.604 1351 3356 D LOWI-9.0.0.87.a: [LOWIScanResultReceiver] Enter passive listening mode
03-22 02:41:30.604 1351 3356 D LOWI-9.0.0.87.a: [LOWIWifiDriverInterface] getMeasurements - Passive listening mode
03-22 02:41:30.604 1351 3356 D LOWI-9.0.0.87.a: [LOWI-Scan] WipsScanUsingNL:wait -1 sec for netlink message
03-22 02:41:30.604 1351 3357 D LOWI-9.0.0.87.a: [LOWI-ROME-RTT] Creating pipe to Ranging Thread
03-22 02:41:30.604 1351 3357 D LOWI-9.0.0.87.a: [LOWIScanResultReceiver] Enter passive listening mode
03-22 02:41:30.604 1351 3357 D LOWI-9.0.0.87.a: [LOWIRangingFSM] FSM: Received Event EVENT_START_THREAD, Current state: STATE_IDLE_START
03-22 02:41:30.605 832 3343 I WifiHAL : send_nl_data: sent cld80211 msg of len: 48 to driver
03-22 02:41:30.605 832 3343 I WifiHAL : send oem msg of len : 40 to apps
03-22 02:41:30.605 1351 3357 D LOWI-9.0.0.87.a: [LOWI-ROME-RTT] send_cld80211_nlmsg: sent cld80211 message for pid 1351
03-22 02:41:30.605 1351 3357 D LOWI-9.0.0.87.a: [LOWIRangingFSM] FSM: New FSM state: STATE_IDLE_START
03-22 02:41:30.605 1351 3357 D LOWI-9.0.0.87.a: [LOWI-ROME-RTT] RomeWaitOnActivityOnSocketOrPipe: issue timed select: TO: 5
03-22 02:41:30.605 1351 3357 D LOWI-9.0.0.87.a: [LOWI-ROME-RTT] RomeWaitOnActivityOnSocketOrPipe: timed select over: TO: 5 retVal: 1
03-22 02:41:30.605 1351 3357 D LOWI-9.0.0.87.a: [LOWI-ROME-RTT] event_handler: Valid data with length 11
03-22 02:41:30.605 1351 3357 D LOWI-9.0.0.87.a: [LOWI-HELIUM-RTT] RomeNLRecvMessage: The Received RomeMsgType: ROME_REG_RSP_MSG
03-22 02:41:30.605 1351 3357 D LOWI-9.0.0.87.a: [LOWIRangingFSM] FSM: Received Event EVENT_REGISTRATION_SUCCESS, Current state: STATE_IDLE_START
03-22 02:41:30.605 1351 3357 D LOWI-9.0.0.87.a: [LOWI-ROME-RTT] RomeExtractRegRsp: driver support nl packing for oem data
03-22 02:41:30.605 1351 3357 I LOWI-9.0.0.87.a: [LOWI-ROME-RTT] RomeExtractRegRsp: nl format oem data enabled
03-22 02:41:30.605 1351 3357 D LOWI-9.0.0.87.a: [LOWI-ROME-RTT] RomeExtractRegRsp: Registered with CLD, 1 vDevs. Using 0 for STA
03-22 02:41:30.605 832 3343 I WifiHAL : send_nl_data: sent cld80211 msg of len: 32 to driver
03-22 02:41:30.605 832 3343 I WifiHAL : send oem msg of len : 148 to apps
03-22 02:41:30.605 1351 3357 D LOWI-9.0.0.87.a: [LOWI-ROME-RTT] send_oem_nl_msg: sent cld80211 message with subcmd: 3
03-22 02:41:30.605 1351 3357 D LOWI-9.0.0.87.a: [LOWIRangingFSM] FSM: New FSM state: STATE_WAITING_OEM_CAP
03-22 02:41:30.605 1351 3357 D LOWI-9.0.0.87.a: [LOWI-ROME-RTT] RomeWaitOnActivityOnSocketOrPipe: issue timed select: TO: 5
03-22 02:41:30.605 1351 3357 D LOWI-9.0.0.87.a: [LOWI-ROME-RTT] RomeWaitOnActivityOnSocketOrPipe: timed select over: TO: 5 retVal: 1
03-22 02:41:30.605 1351 3357 D LOWI-9.0.0.87.a: [LOWI-ROME-RTT] event_handler: Valid data with length 116
03-22 02:41:30.605 1351 3357 D LOWI-9.0.0.87.a: [LOWI-HELIUM-RTT] RomeNLRecvMessage: The Received RomeMsgType: ROME_OEM_CAP_MSG
03-22 02:41:30.605 1351 3357 D LOWI-9.0.0.87.a: [LOWIRangingFSM] FSM: Received Event EVENT_OEM_CAP_INFO, Current state: STATE_WAITING_OEM_CAP
03-22 02:41:30.605 1351 3357 D LOWI-9.0.0.87.a: [LOWI-ROME-RTT] RomeExtractOemCapabilities: oem_target_signature(QUALCOMM) oem_target_type(23)oem_fw_version(270140705) driver_version(0xa120205)
03-22 02:41:30.605 1351 3357 D LOWI-9.0.0.87.a: [LOWI-ROME-RTT] allowed_dwell_time_min(20) allowed_dwell_time_max(40)curr_dwell_time_min(0) curr_dwell_time_max(0)supported_bands(3) num_channels(0)
03-22 02:41:30.605 832 3343 I WifiHAL : send_nl_data: sent cld80211 msg of len: 32 to driver
03-22 02:41:30.606 832 3343 I WifiHAL : send oem msg of len : 1608 to apps
03-22 02:41:30.606 1351 3357 D LOWI-9.0.0.87.a: [LOWI-ROME-RTT] send_oem_nl_msg: sent cld80211 message with subcmd: 4
03-22 02:41:30.606 1351 3357 D LOWI-9.0.0.87.a: [LOWIRangingFSM] FSM: New FSM state: STATE_WAITING_FOR_WIPHY_INFO
03-22 02:41:30.606 1351 3357 D LOWI-9.0.0.87.a: [LOWI-ROME-RTT] RomeWaitOnActivityOnSocketOrPipe: issue timed select: TO: 5
03-22 02:41:30.606 1351 3357 D LOWI-9.0.0.87.a: [LOWI-ROME-RTT] RomeWaitOnActivityOnSocketOrPipe: timed select over: TO: 5 retVal: 1
03-22 02:41:30.606 1351 3357 D LOWI-9.0.0.87.a: [LOWI-ROME-RTT] event_handler: Valid data with length 1576
03-22 02:41:30.606 1351 3357 D LOWI-9.0.0.87.a: [LOWI-HELIUM-RTT] RomeNLRecvMessage: The Received RomeMsgType: ROME_CHANNEL_INFO_MSG
03-22 02:41:30.606 1351 3357 D LOWI-9.0.0.87.a: [LOWIRangingFSM] FSM: Received Event EVENT_CHANNEL_INFO, Current state: STATE_WAITING_FOR_WIPHY_INFO
03-22 02:41:30.606 1351 3357 I LOWI-9.0.0.87.a: [LOWI-ROME-RTT] ExtractNLChannelInfo: NumChan = 26
03-22 02:41:30.606 832 3343 I WifiHAL : send_nl_data: sent cld80211 msg of len: 64 to driver
03-22 02:41:30.606 1351 3357 D LOWI-9.0.0.87.a: [LOWI-ROME-RTT] send_oem_nl_msg: sent cld80211 message with subcmd: 5
03-22 02:41:30.606 1351 3357 D LOWI-9.0.0.87.a: [LOWIRangingFSM] FSM: New FSM state: STATE_WAITING_FOR_RANGING_CAP
03-22 02:41:30.606 1351 3357 D LOWI-9.0.0.87.a: [LOWI-ROME-RTT] RomeWaitOnActivityOnSocketOrPipe: issue timed select: TO: 5
01-01 08:00:17.259 0 0 E [wifi@1][0x13c0b36c][02:41:30.604972] wlan: [3343:E:wifipos] wifi_pos_process_app_reg_req: 608: Received App Req Req pid(608174912), len(16)
01-01 08:00:17.259 0 0 I [wifi@1][0x13c0d3b1][02:41:30.605402] wlan: [3343:I:wifipos] wifi_pos_get_ch_info: 461: num channels: 26
01-01 08:00:17.260 0 0 I [wifi@1][0x13c0f09a][02:41:30.605788] wlan: [3343:I:wifipos] wifi_pos_get_ch_info: 461: num channels: 26
03-22 02:41:30.607 1206 1836 E WifiScoringParams: Invalid frequency(-1), using 5G as default rssi array
03-22 02:41:30.610 1206 1836 I WifiVendorHal: Driver: 5.2.022.10G Firmware: FW:1.0.1.0.1313.0 HW:HW_VERSION=ffffffff.
03-22 02:41:30.614 1206 1836 D WifiDiags: startLogging() iface list is {wlan0} after adding wlan0
03-22 02:41:30.615 1351 3356 D LOWI-9.0.0.87.a: [LOWI-Scan] wait_event:Wait done with Cmd 33
03-22 02:41:30.615 1351 3356 D LOWI-9.0.0.87.a: [LOWI-Scan] do_listen_events: Rcvd valid Netlink Cmd 0 Err 0
03-22 02:41:30.622 1206 1836 I WifiClientModeImpl: Factory MAC address retrieved and stored in config store: 00:03:7f:12:25:fe
03-22 02:41:30.678 2176 2354 D MicroService: send handshake message, currentTryAccount=2
01-01 08:00:17.484 0 0 I [schedu][0x14029e8b][02:41:30.829974] wlan: [3335:I:OSIF] scan start scan id 40961
03-22 02:41:30.860 832 3343 I WifiHAL : send oem msg of len : 112 to apps
03-22 02:41:30.860 1351 3357 D LOWI-9.0.0.87.a: [LOWI-ROME-RTT] RomeWaitOnActivityOnSocketOrPipe: timed select over: TO: 5 retVal: 1
03-22 02:41:30.860 1351 3357 D LOWI-9.0.0.87.a: [LOWI-ROME-RTT] event_handler: Valid data with length 80
03-22 02:41:30.860 1351 3357 D LOWI-9.0.0.87.a: [LOWI-HELIUM-RTT] storeNLFragment: new fragment group, tokenid(2), adding 72 chars @position 0
03-22 02:41:30.861 1351 3357 D LOWI-9.0.0.87.a: [LOWI-HELIUM-RTT] RomeNLRecvMessage: The Received OEMSubType: RTT_MSG_SUBTYPE_CAPABILITY_RSP
03-22 02:41:30.861 1351 3357 D LOWI-9.0.0.87.a: [LOWI-HELIUM-RTT] RomeNLRecvMessage: The Received RomeMsgType: ROME_RANGING_CAP_MSG
03-22 02:41:30.861 1351 3357 D LOWI-9.0.0.87.a: [LOWIRangingFSM] FSM: Received Event EVENT_RANGING_CAP_INFO, Current state: STATE_WAITING_FOR_RANGING_CAP
03-22 02:41:30.861 1351 3357 D LOWI-9.0.0.87.a: [LOWIWifiTlvHandler] processRspHeadTlv: reqId(1) measDone(1) rttStatus(RTT_STATUS_SUCCESS) subtype(RTT_MSG_SUBTYPE_CAPABILITY_RSP) isFrag(0) fragIdx(0) fragLen(0) tknId(0)
03-22 02:41:30.861 1351 3357 D LOWI-9.0.0.87.a: [LOWIWifiTlvHandler] checkTlvTag: Processing idx(0) received TLV: wmi_rtt_oem_rsp_head
03-22 02:41:30.861 1351 3357 D LOWI-9.0.0.87.a: [LOWIWifiTlvHandler] processIfPeerEvtHdrTag: Invalid Tag(33), not added to vector mPeerIdx(0)
03-22 02:41:30.861 1351 3357 D LOWI-9.0.0.87.a: [LOWIWifiTlvHandler] processIfPerFrmInfoTag: Invalid Tag(33) measurement not added for peer(0)
03-22 02:41:30.861 1351 3357 D LOWI-9.0.0.87.a: [LOWIWifiTlvHandler] checkTlvTag: Processing idx(1) received TLV: wmi_rtt_oem_cap_rsp_head
03-22 02:41:30.861 1351 3357 D LOWI-9.0.0.87.a: [LOWIWifiTlvHandler] processIfPeerEvtHdrTag: Invalid Tag(35), not added to vector mPeerIdx(0)
03-22 02:41:30.861 1351 3357 D LOWI-9.0.0.87.a: [LOWIWifiTlvHandler] processIfPerFrmInfoTag: Invalid Tag(35) measurement not added for peer(0)
03-22 02:41:30.861 1351 3357 D LOWI-9.0.0.87.a: [LOWIWifiTlvHandler] checkTlvTag: Processing idx(2) received TLV: wmi_rtt_oem_cap_rsp_event
03-22 02:41:30.861 1351 3357 D LOWI-9.0.0.87.a: [LOWIWifiTlvHandler] processIfPeerEvtHdrTag: Invalid Tag(36), not added to vector mPeerIdx(0)
03-22 02:41:30.861 1351 3357 D LOWI-9.0.0.87.a: [LOWIWifiTlvHandler] processIfPerFrmInfoTag: Invalid Tag(36) measurement not added for peer(0)
03-22 02:41:30.861 1351 3357 D LOWI-9.0.0.87.a: [LOWIWifiTlvHandler] printBssidInfo: No peer info from processing TLVs
03-22 02:41:30.861 1351 3357 D LOWI-9.0.0.87.a: [LOWI-HELIUM-RTT] parseRttCapabilitiesMsg: Skipping wmi_rtt_oem_rsp_head
03-22 02:41:30.861 1351 3357 D LOWI-9.0.0.87.a: [LOWI-HELIUM-RTT] parseRttCapabilitiesMsg: parsing wmi_rtt_oem_cap_rsp_head TLVversion(0x3) major(0x0) minor(0x10001) serviceBitMask[0](0x0) serviceBitMask[1](0x0) serviceBitMask[2](0x0) serviceBitMask[3](0x0)
03-22 02:41:30.861 1351 3357 D LOWI-9.0.0.87.a: [LOWI-HELIUM-RTT] parseRttCapabilitiesMsg: parsing wmi_rtt_oem_cap_rsp_event TLVrangingTypeMask(5) supportedFramesMask(11) maxDestPerReq(10) maxMeasPerDest(31) maxChannelsAllowed(1) maxBwAllowed(2) preambleSupportedMask(7) reportTypeSupportedMask(15) maxRfChains(3) facTypeMask(2) numPhys(1) fwMultiBurstSupport(1)
03-22 02:41:30.861 1351 3357 D LOWI-9.0.0.87.a: [LOWIRangingFSM] FSM: New FSM state: STATE_READY_AND_IDLE
03-22 02:41:30.861 1351 3357 D LOWI-9.0.0.87.a: [LOWI-ROME-RTT] RomeWaitOnActivityOnSocketOrPipe: issue blocking select
03-22 02:41:30.866 1206 2745 D CompatibilityChangeReporter: Compat change id reported: 135634846; UID 1000; state: DISABLED
03-22 02:41:30.867 1206 2745 D CompatibilityChangeReporter: Compat change id reported: 177438394; UID 1000; state: DISABLED
03-22 02:41:30.867 1206 2745 D CompatibilityChangeReporter: Compat change id reported: 135772972; UID 1000; state: DISABLED
03-22 02:41:30.868 1206 2745 D CompatibilityChangeReporter: Compat change id reported: 135754954; UID 1000; state: ENABLED
03-22 02:41:30.869 1206 1567 W BatteryExternalStatsWorker: error reading modem stats:ERROR_PHONE_NOT_AVAILABLE
03-22 02:41:30.869 1206 1836 D WifiActiveModeWarden: Switching all client mode managers
03-22 02:41:30.877 666 666 D Zygote : Forked child process 3359
03-22 02:41:30.877 1206 1554 I ActivityManager: Start proc 3359:com.android.localtransport/1000 for service {com.android.localtransport/com.android.localtransport.LocalTransportService}
03-22 02:41:30.877 2335 2335 V WifiManager: registerScanResultsCallback: callback=com.thundercomm.tcservice.debug.WifiDebugService$1@7176e64, executor=com.thundercomm.tcservice.debug.WifiDebugService$$ExternalSyntheticLambda0@df4a8cd
03-22 02:41:30.880 645 645 I mpu_uart: [TIME-:0]:create
03-22 02:41:30.881 1988 1988 D BluetoothAdapterService: Soft AP is on band: 1
03-22 02:41:30.881 1206 1206 W Looper : Slow dispatch took 405ms main h=android.app.ActivityThread$H c=android.app.LoadedApk$ReceiverDispatcher$Args$$ExternalSyntheticLambda0@9f690b5 m=0
03-22 02:41:30.881 1206 1206 W Looper : Slow delivery took 406ms main h=android.app.ActivityThread$H c=android.app.LoadedApk$ReceiverDispatcher$Args$$ExternalSyntheticLambda0@f10f34a m=0
03-22 02:41:30.881 1206 1206 W Looper : Drained
03-22 02:41:30.884 1206 1206 I Telecom : DefaultDialerCache: Refreshing default dialer for user 0: now null: DDC.oR@ABA
03-22 02:41:30.885 1206 1206 I Telecom : MissedCallNotifierImpl: reloadAfterBootComplete: user=0: TSBCR.oR@ABE
03-22 02:41:30.886 1206 1206 I Telecom : MissedCallNotifierImpl: reloadAfterBootComplete: user=0: TSBCR.oR@ABE
03-22 02:41:30.890 1206 1836 D WifiConfigStore: Writing to stores completed in 4 ms.
03-22 02:41:30.895 666 666 D Zygote : Forked child process 3361
03-22 02:41:30.896 1206 1554 I ActivityManager: Start proc 3361:com.android.dynsystem/1000 for broadcast {com.android.dynsystem/com.android.dynsystem.BootCompletedReceiver}
03-22 02:41:30.896 2669 2736 D OsAgent : [wifi_supplicant_status_update][3202] [HC] =>> [HS]
03-22 02:41:30.897 645 658 V mpu_uart: send data buf:[0x3c, 0x7, 0x0, 0x11, 0x14, 0x83, 0xbd, ], send_res=7
03-22 02:41:30.897 816 816 V LocSvc_HIDL_IzatSubscription: [wifiSupplicantStatusUpdate][682] [HS] <<<<= [HC]
03-22 02:41:30.898 1206 1836 D WifiNetworkFactory: got request NetworkRequest [ REQUEST id=7, [ Capabilities: INTERNET&NOT_RESTRICTED&TRUSTED&NOT_VCN_MANAGED Uid: 1000 RequestorUid: 1000 RequestorPkg: android] ]
03-22 02:41:30.898 1206 1836 E WifiScoringParams: Invalid frequency(-1), using 5G as default rssi array
03-22 02:41:30.899 645 659 V mpu_uart: [MSG-P:SYNC]:sync resp:62
03-22 02:41:30.900 645 645 I mpu_uart: [TIME-:0]:delete
03-22 02:41:30.900 2335 2481 D ProtectUartService: send mpu boot completed res=0
03-22 02:41:30.900 1206 1836 D WifiNetworkFactory: got request NetworkRequest [ REQUEST id=27, [ Capabilities: INTERNET&NOT_RESTRICTED&TRUSTED&NOT_VCN_MANAGED Uid: 1000 RequestorUid: 1000 RequestorPkg: android] ]
03-22 02:41:30.900 1206 1836 D WifiNetworkFactory: got request NetworkRequest [ REQUEST id=24, [ Capabilities: INTERNET&NOT_RESTRICTED&TRUSTED&NOT_VCN_MANAGED Uid: 10084 RequestorUid: 10084 RequestorPkg: com.android.systemui] ]
03-22 02:41:30.901 1206 1836 D WifiNetworkFactory: got request NetworkRequest [ REQUEST id=1, [ Capabilities: INTERNET&NOT_RESTRICTED&TRUSTED&NOT_VPN&NOT_VCN_MANAGED RequestorUid: 1000 RequestorPkg: android] ]
03-22 02:41:30.901 1206 1836 D WifiNetworkFactory: got request NetworkRequest [ REQUEST id=31, [ Capabilities: INTERNET&NOT_RESTRICTED&TRUSTED&NOT_VCN_MANAGED Uid: 1001 RequestorUid: 1001 RequestorPkg: com.qti.dpmserviceapp] ]
03-22 02:41:30.901 1206 1836 D WifiNetworkFactory: got request NetworkRequest [ REQUEST id=15, [ Capabilities: INTERNET&NOT_RESTRICTED&TRUSTED&NOT_VCN_MANAGED Uid: 1000 RequestorUid: 1000 RequestorPkg: android] ]
03-22 02:41:30.901 1206 1836 D WifiNetworkFactory: got request NetworkRequest [ REQUEST id=17, [ Capabilities: INTERNET&NOT_RESTRICTED&TRUSTED&NOT_VCN_MANAGED Uid: 1073 RequestorUid: 1073 RequestorPkg: com.android.networkstack] ]
03-22 02:41:30.901 1206 1836 D WifiNetworkFactory: got request NetworkRequest [ REQUEST id=22, [ Capabilities: INTERNET&NOT_RESTRICTED&TRUSTED&NOT_VCN_MANAGED Uid: 10084 RequestorUid: 10084 RequestorPkg: com.android.systemui] ]
03-22 02:41:30.901 1206 1836 D WifiNetworkFactory: got request NetworkRequest [ REQUEST id=29, [ Capabilities: INTERNET&NOT_RESTRICTED&TRUSTED&NOT_VCN_MANAGED Uid: 1000 RequestorUid: 1000 RequestorPkg: com.qualcomm.qti.qdma] ]
03-22 02:41:30.901 2669 2736 D OsAgent : [wifi_supplicant_status_update][3202] [HC] =>> [HS]
03-22 02:41:30.901 1206 1836 D UntrustedWifiNetworkFactory: got request NetworkRequest [ REQUEST id=7, [ Capabilities: INTERNET&NOT_RESTRICTED&TRUSTED&NOT_VCN_MANAGED Uid: 1000 RequestorUid: 1000 RequestorPkg: android] ]
03-22 02:41:30.901 1206 1836 D UntrustedWifiNetworkFactory: got request NetworkRequest [ REQUEST id=27, [ Capabilities: INTERNET&NOT_RESTRICTED&TRUSTED&NOT_VCN_MANAGED Uid: 1000 RequestorUid: 1000 RequestorPkg: android] ]
03-22 02:41:30.901 1206 1836 D UntrustedWifiNetworkFactory: got request NetworkRequest [ REQUEST id=24, [ Capabilities: INTERNET&NOT_RESTRICTED&TRUSTED&NOT_VCN_MANAGED Uid: 10084 RequestorUid: 10084 RequestorPkg: com.android.systemui] ]
03-22 02:41:30.901 1206 1836 D UntrustedWifiNetworkFactory: got request NetworkRequest [ REQUEST id=1, [ Capabilities: INTERNET&NOT_RESTRICTED&TRUSTED&NOT_VPN&NOT_VCN_MANAGED RequestorUid: 1000 RequestorPkg: android] ]
03-22 02:41:30.901 816 816 V LocSvc_HIDL_IzatSubscription: [wifiSupplicantStatusUpdate][682] [HS] <<<<= [HC]
03-22 02:41:30.901 1206 1836 D UntrustedWifiNetworkFactory: got request NetworkRequest [ REQUEST id=31, [ Capabilities: INTERNET&NOT_RESTRICTED&TRUSTED&NOT_VCN_MANAGED Uid: 1001 RequestorUid: 1001 RequestorPkg: com.qti.dpmserviceapp] ]
03-22 02:41:30.901 1206 1836 D UntrustedWifiNetworkFactory: got request NetworkRequest [ REQUEST id=15, [ Capabilities: INTERNET&NOT_RESTRICTED&TRUSTED&NOT_VCN_MANAGED Uid: 1000 RequestorUid: 1000 RequestorPkg: android] ]
03-22 02:41:30.901 1206 1836 D UntrustedWifiNetworkFactory: got request NetworkRequest [ REQUEST id=17, [ Capabilities: INTERNET&NOT_RESTRICTED&TRUSTED&NOT_VCN_MANAGED Uid: 1073 RequestorUid: 1073 RequestorPkg: com.android.networkstack] ]
03-22 02:41:30.901 1206 1836 D UntrustedWifiNetworkFactory: got request NetworkRequest [ REQUEST id=22, [ Capabilities: INTERNET&NOT_RESTRICTED&TRUSTED&NOT_VCN_MANAGED Uid: 10084 RequestorUid: 10084 RequestorPkg: com.android.systemui] ]
03-22 02:41:30.901 1206 1836 D UntrustedWifiNetworkFactory: got request NetworkRequest [ REQUEST id=29, [ Capabilities: INTERNET&NOT_RESTRICTED&TRUSTED&NOT_VCN_MANAGED Uid: 1000 RequestorUid: 1000 RequestorPkg: com.qualcomm.qti.qdma] ]
03-22 02:41:30.901 1206 1836 D OemPaidWifiNetworkFactory: got request NetworkRequest [ REQUEST id=7, [ Capabilities: INTERNET&NOT_RESTRICTED&TRUSTED&NOT_VCN_MANAGED Uid: 1000 RequestorUid: 1000 RequestorPkg: android] ]
03-22 02:41:30.901 1206 1836 D OemPaidWifiNetworkFactory: got request NetworkRequest [ REQUEST id=27, [ Capabilities: INTERNET&NOT_RESTRICTED&TRUSTED&NOT_VCN_MANAGED Uid: 1000 RequestorUid: 1000 RequestorPkg: android] ]
03-22 02:41:30.902 1206 1836 D OemPaidWifiNetworkFactory: got request NetworkRequest [ REQUEST id=24, [ Capabilities: INTERNET&NOT_RESTRICTED&TRUSTED&NOT_VCN_MANAGED Uid: 10084 RequestorUid: 10084 RequestorPkg: com.android.systemui] ]
03-22 02:41:30.902 1206 1836 D OemPaidWifiNetworkFactory: got request NetworkRequest [ REQUEST id=1, [ Capabilities: INTERNET&NOT_RESTRICTED&TRUSTED&NOT_VPN&NOT_VCN_MANAGED RequestorUid: 1000 RequestorPkg: android] ]
03-22 02:41:30.902 1206 1836 D OemPaidWifiNetworkFactory: got request NetworkRequest [ REQUEST id=31, [ Capabilities: INTERNET&NOT_RESTRICTED&TRUSTED&NOT_VCN_MANAGED Uid: 1001 RequestorUid: 1001 RequestorPkg: com.qti.dpmserviceapp] ]
03-22 02:41:30.902 1206 1836 D OemPaidWifiNetworkFactory: got request NetworkRequest [ REQUEST id=15, [ Capabilities: INTERNET&NOT_RESTRICTED&TRUSTED&NOT_VCN_MANAGED Uid: 1000 RequestorUid: 1000 RequestorPkg: android] ]
03-22 02:41:30.902 1206 1836 D OemPaidWifiNetworkFactory: got request NetworkRequest [ REQUEST id=17, [ Capabilities: INTERNET&NOT_RESTRICTED&TRUSTED&NOT_VCN_MANAGED Uid: 1073 RequestorUid: 1073 RequestorPkg: com.android.networkstack] ]
03-22 02:41:30.902 1206 1836 D OemPaidWifiNetworkFactory: got request NetworkRequest [ REQUEST id=22, [ Capabilities: INTERNET&NOT_RESTRICTED&TRUSTED&NOT_VCN_MANAGED Uid: 10084 RequestorUid: 10084 RequestorPkg: com.android.systemui] ]
03-22 02:41:30.902 1206 1836 D OemPaidWifiNetworkFactory: got request NetworkRequest [ REQUEST id=29, [ Capabilities: INTERNET&NOT_RESTRICTED&TRUSTED&NOT_VCN_MANAGED Uid: 1000 RequestorUid: 1000 RequestorPkg: com.qualcomm.qti.qdma] ]
03-22 02:41:30.903 1988 1988 D BluetoothVendorService: getPowerBackoff
03-22 02:41:30.903 1988 1988 D BluetoothVendorService: setPowerBackoff to: true
03-22 02:41:30.903 1988 1988 I BluetoothVendorJni: setPowerBackoffNative
03-22 02:41:30.904 1988 1988 I bt_btif_vendor: setPowerBackOffState :1
03-22 02:41:30.904 1988 2933 W bt_btm : btm_cb.is_power_backoff = 1
03-22 02:41:30.904 1988 2933 W bt_device_profile: max_radiated_power_fetch:profile 4
03-22 02:41:30.904 1988 1988 I BtOppService: handleMessage :300
03-22 02:41:30.904 1988 2933 W bt_device_profile: max_radiated_power_fetch:profile 4
03-22 02:41:30.904 1988 2933 W bt_device_profile: max_radiated_power_fetch:profile 4
03-22 02:41:30.905 1206 1914 I GameModeConfig: isGameModeOn = false
03-22 02:41:30.905 1206 1914 I GameModeConfig: isGameModeOn = false
03-22 02:41:30.905 1206 1914 I GameModeConfig: isGameModeOn = false
03-22 02:41:30.905 3359 3359 E .localtranspor: Not starting debugger since process cannot load the jdwp agent.
01-01 08:00:17.562 0 0 I binder : 3359:3359 ioctl 40046210 7fe6919f64 returned -22
01-01 08:00:17.566 0 0 I binder : 3361:3361 ioctl 40046210 7fe6919f64 returned -22
03-22 02:41:30.905 1988 1988 D AvrcpBipRsp: action: android.bluetooth.adapter.action.STATE_CHANGED
03-22 02:41:30.905 1988 2187 D BluetoothActiveDeviceManager: handleMessage(MESSAGE_ADAPTER_ACTION_STATE_CHANGED): newState=12
03-22 02:41:30.905 1988 1988 D AvrcpBipRsp: state:12
03-22 02:41:30.905 1988 1988 D BtOppService: action : android.bluetooth.adapter.action.STATE_CHANGED
03-22 02:41:30.907 1206 1206 D BluetoothHeadset: Proxy object connected
03-22 02:41:30.907 1206 1206 D BluetoothHeadset: Proxy object connected
03-22 02:41:30.907 3359 3359 D ProcessState: Binder ioctl to enable oneway spam detection failed: Invalid argument
03-22 02:41:30.907 1206 1206 I Telecom : BluetoothDeviceManager: Got BluetoothHeadset: com.android.server.telecom.BluetoothHeadsetProxy@47b557f: BMSL.oSC@ABY
03-22 02:41:30.908 1206 1206 I AS.BtHelper: In onServiceConnected(), profile: 1, proxy: android.bluetooth.BluetoothHeadset@207577
03-22 02:41:30.909 2002 2466 D ControlsListingControllerImpl: Subscribing callback, service count: 0
03-22 02:41:30.910 1988 1988 D BluetoothAdapterService: android.net.wifi.WIFI_STATE_CHANGED
03-22 02:41:30.910 1988 1988 D BluetoothAdapterService: Soft AP is on band: 1
03-22 02:41:30.911 1988 1988 D BluetoothVendorService: getPowerBackoff
03-22 02:41:30.911 3361 3361 E droid.dynsyste: Not starting debugger since process cannot load the jdwp agent.
03-22 02:41:30.911 1988 1988 D BluetoothAdapterService: android.net.wifi.WIFI_STATE_CHANGED
03-22 02:41:30.911 1206 2127 D CompatibilityChangeReporter: Compat change id reported: 168419799; UID 1000; state: DISABLED
03-22 02:41:30.911 2002 2466 D ControlsListingControllerImpl: Subscribing callback, service count: 0
03-22 02:41:30.911 1206 2127 D CompatibilityInfo: mCompatibilityFlags - 4
03-22 02:41:30.911 1206 2127 D CompatibilityInfo: applicationDensity - 240
03-22 02:41:30.911 1206 2127 D CompatibilityInfo: applicationScale - 1.0
03-22 02:41:30.911 1988 1988 D BluetoothAdapterService: Soft AP is on band: 1
03-22 02:41:30.912 3361 3361 D ProcessState: Binder ioctl to enable oneway spam detection failed: Invalid argument
03-22 02:41:30.914 2002 2466 D ControlsListingControllerImpl: Subscribing callback, service count: 0
03-22 02:41:30.915 1206 1926 I AS.BtHelper: setBtScoActiveDevice: (null) -> (null)
03-22 02:41:30.915 1206 1926 I AS.BtHelper: In checkScoAudioState(), mScoAudioState: 0
03-22 02:41:30.915 1206 2127 D CompatibilityInfo: mCompatibilityFlags - 4
03-22 02:41:30.915 1206 2127 D CompatibilityInfo: applicationDensity - 240
03-22 02:41:30.915 1206 2127 D CompatibilityInfo: applicationScale - 1.0
03-22 02:41:30.916 3359 3359 D CompatibilityChangeReporter: Compat change id reported: 171979766; UID 1000; state: ENABLED
03-22 02:41:30.917 1206 2104 D CompatibilityChangeReporter: Compat change id reported: 168419799; UID 1000; state: DISABLED
03-22 02:41:30.917 1206 2104 D CompatibilityInfo: mCompatibilityFlags - 4
03-22 02:41:30.917 1206 2104 D CompatibilityInfo: applicationDensity - 240
03-22 02:41:30.917 1206 2104 D CompatibilityInfo: applicationScale - 1.0
03-22 02:41:30.919 1206 2104 D CompatibilityInfo: mCompatibilityFlags - 4
03-22 02:41:30.919 1206 2104 D CompatibilityInfo: applicationDensity - 240
03-22 02:41:30.919 1206 2104 D CompatibilityInfo: applicationScale - 1.0
03-22 02:41:30.920 2002 2466 D PeopleSpaceWidgetMgr: Sbn doesn't contain valid PeopleTileKey: null/0/com.android.systemui
03-22 02:41:30.920 2002 2466 D PeopleSpaceWidgetMgr: Sbn doesn't contain valid PeopleTileKey: null/-1/android
03-22 02:41:30.921 1988 1988 D BluetoothVendorService: getPowerBackoff
03-22 02:41:30.922 1988 1988 I BluetoothPhonePolicy: delay auto connect by 500 ms
03-22 02:41:30.922 1988 1988 D BluetoothAdapterService: isQuetModeEnabled() - Enabled = false
03-22 02:41:30.922 1988 1988 D AvrcpBipRsp: Handler(): got msg=1
03-22 02:41:30.922 1988 1988 D AvrcpBipRsp: startL2capListener
03-22 02:41:30.922 1988 1988 D AvrcpBipRsp: closeServerSocket
03-22 02:41:30.922 1988 1988 D ObexServerSockets: create(rfcomm = -1, l2capPsm = 4129)
03-22 02:41:30.923 3361 3361 D CompatibilityChangeReporter: Compat change id reported: 171979766; UID 1000; state: ENABLED
03-22 02:41:30.923 1988 2933 W bt_l2cap: L2CAP - L2CA_Register() called for PSM: 0x1021
03-22 02:41:30.923 1988 1988 D ObexServerSockets: Succeed to create listening sockets
03-22 02:41:30.923 1988 1988 D ObexServerSockets2: startAccept()
03-22 02:41:30.923 1988 1988 I BtOppService: handleMessage :1
03-22 02:41:30.924 1988 1988 D BtOppService: start Socket Listeners
03-22 02:41:30.924 1988 1988 D BtOppService: stopListeners: mServerSocket is null
03-22 02:41:30.924 1988 1988 D ObexServerSockets: create(rfcomm = 12, l2capPsm = 4131)
03-22 02:41:30.926 1988 2933 I bt_stack: [INFO:port_api.cc(123)] RFCOMM_CreateConnection BDA: ff:ff:ff:ff:ff:ff
03-22 02:41:30.926 1988 1988 D BluetoothAdapter: listenUsingInsecureL2capOn: port=4131
03-22 02:41:30.927 2002 2466 D PeopleSpaceWidgetMgr: Sbn doesn't contain valid PeopleTileKey: null/-1/android
03-22 02:41:30.928 1988 3392 D ObexServerSockets2: Accepting socket connection...
03-22 02:41:30.928 2002 2466 D LocalBluetoothProfileManager: Adding local A2DP profile
03-22 02:41:30.928 2002 2466 D BluetoothA2dp: Binding service...
03-22 02:41:30.929 1988 2933 W bt_l2cap: L2CAP - L2CA_Register() called for PSM: 0x1023
03-22 02:41:30.929 2002 2466 D LocalBluetoothProfileManager: Adding local HEADSET profile
03-22 02:41:30.929 1988 1988 D ObexServerSockets: Succeed to create listening sockets
03-22 02:41:30.930 1988 1988 D ObexServerSockets3: startAccept()
03-22 02:41:30.930 2002 2466 D BluetoothHeadset: Binding service...
03-22 02:41:30.930 1206 1220 W BluetoothManagerService: psc is not null in bindBluetoothProfileService
03-22 02:41:30.930 2002 2466 D LocalBluetoothProfileManager: Adding local MAP profile
03-22 02:41:30.930 2002 2466 D BluetoothMap: Create BluetoothMap proxy object
03-22 02:41:30.930 1988 1988 D BluetoothSdpJni: sdpCreateOppOpsRecordNative
03-22 02:41:30.930 1988 1988 D BluetoothSdpJni: SDP Create record success - handle: 3
03-22 02:41:30.930 1988 2933 W bt_device_profile: profile_feature_fetch:profile 5
03-22 02:41:30.930 2002 2466 D BluetoothMap: Binding service...
03-22 02:41:30.930 1988 2933 W bt_device_profile: profile_feature_fetch:opp_0100_support found 0
03-22 02:41:30.930 1988 1988 D BtOppService: mOppSdpHandle :3
03-22 02:41:30.930 812 812 D vendor.qti.bluetooth@1.0-ibs_handler: SerialClockVote: vote for UART CLK ON
03-22 02:41:30.931 1988 3393 D ObexServerSockets3: Accepting socket connection...
03-22 02:41:30.931 812 812 D vendor.qti.bluetooth@1.0-wake_lock: Acquire wakelock is acquired
03-22 02:41:30.931 812 812 I vendor.qti.bluetooth@1.0-ibs_handler: DeviceWakeUp: Writing IBS_WAKE_IND
03-22 02:41:30.931 2002 2466 D LocalBluetoothProfileManager: Adding local OPP profile
03-22 02:41:30.931 2002 2466 D LocalBluetoothProfileManager: Adding local HID_HOST profile
03-22 02:41:30.931 1988 3394 D ObexServerSockets3: Accepting socket connection...
03-22 02:41:30.931 2002 2466 D BluetoothHidHost: Binding service...
03-22 02:41:30.932 2002 2466 D LocalBluetoothProfileManager: Adding local PAN profile
03-22 02:41:30.932 2002 2466 D BluetoothPan: Binding service...
03-22 02:41:30.933 2002 2466 D LocalBluetoothProfileManager: Adding local PBAP profile
03-22 02:41:30.934 2002 2466 D LocalBluetoothProfileManager: Adding local SAP profile
03-22 02:41:30.934 2002 2466 D BluetoothSap: Create BluetoothSap proxy object
03-22 02:41:30.934 2002 2466 D BluetoothSap: Binding service...
03-22 02:41:30.934 1206 1567 E KernelCpuSpeedReader: Failed to read cpu-freq: /sys/devices/system/cpu/cpu4/cpufreq/stats/time_in_state: open failed: ENOENT (No such file or directory)
03-22 02:41:30.935 1206 1567 E KernelCpuSpeedReader: Failed to read cpu-freq: /sys/devices/system/cpu/cpu0/cpufreq/stats/time_in_state: open failed: ENOENT (No such file or directory)
03-22 02:41:30.936 1206 1567 W BatteryStatsImpl: Attempted to remove untracked isolated uid (1037)
03-22 02:41:30.937 812 2925 I vendor.qti.bluetooth@1.0-ibs_handler: ProcessIbsCmd: Received IBS_WAKE_ACK: 0xFC
03-22 02:41:30.937 812 2925 I vendor.qti.bluetooth@1.0-ibs_handler: ProcessIbsCmd: Signal wack_cond_
03-22 02:41:30.941 812 812 D vendor.qti.bluetooth@1.0-ibs_handler: DeviceWakeUp: Unblocked from waiting for FC, pthread_cond_timedwait ret = 0
03-22 02:41:30.942 812 2925 I vendor.qti.bluetooth@1.0-ibs_handler: ProcessIbsCmd: Received IBS_WAKE_IND: 0xFD
03-22 02:41:30.942 812 2925 I vendor.qti.bluetooth@1.0-ibs_handler: ProcessIbsCmd: Writing IBS_WAKE_ACK
03-22 02:41:30.942 2002 2002 V MediaTimeout: processState 0|com.android.systemui|1|empty_media|10084: null
03-22 02:41:30.943 2002 2002 V MediaTimeout: schedule timeout for 0|com.android.systemui|1|empty_media|10084 playing false, false
03-22 02:41:30.943 2002 2002 D MediaResumeListener: Checking for service component for com.android.systemui
03-22 02:41:30.944 2002 2002 D BluetoothA2dp: Proxy object connected
03-22 02:41:30.945 2002 2002 D BluetoothMap: Proxy object connected
03-22 02:41:30.946 2002 2002 D BluetoothMap: getConnectedDevices()
03-22 02:41:30.946 3359 3359 I Perf : Connecting to perf service.
03-22 02:41:30.948 2002 2002 D BluetoothHidHost: Proxy object connected
03-22 02:41:30.949 1988 2001 D BluetoothHidHostService: getDevicesMatchingConnectionStates()
03-22 02:41:30.949 2002 2002 D BluetoothPan: Proxy object connected
03-22 02:41:30.950 3359 3359 V GraphicsEnvironment: ANGLE Developer option for 'com.android.localtransport' set to: 'default'
03-22 02:41:30.950 3359 3359 V GraphicsEnvironment: ANGLE GameManagerService for com.android.localtransport: false
03-22 02:41:30.951 3359 3359 D NetworkSecurityConfig: No Network Security Config specified, using platform default
03-22 02:41:30.951 3359 3359 D NetworkSecurityConfig: No Network Security Config specified, using platform default
03-22 02:41:30.954 3361 3361 I Perf : Connecting to perf service.
03-22 02:41:30.958 1206 1206 I TransportClient: LocalTransportService#0: Notifying [TransportManager.registerTransport()] transport = IBackupTransport
03-22 02:41:30.960 3361 3361 V GraphicsEnvironment: ANGLE Developer option for 'com.android.dynsystem' set to: 'default'
