03-22 02:43:32.961 4062 4062 E vota : [55f2b4f8]: [vota]: [static_fixed_pool]: [192]: peak_size: 2112, wast_rate: 541/10000, pred_failed: 0, item_maxn: 250, free_count: 11, malloc_count: 11
03-22 02:43:32.961 4062 4062 E vota : [55f2b4f8]: [vota]: [static_fixed_pool]: [256]: peak_size: 256, wast_rate: 411/10000, pred_failed: 0, item_maxn: 251, free_count: 1, malloc_count: 1
03-22 02:43:32.961 4062 4062 E vota : [55f2b4f8]: [vota]: [static_fixed_pool]: [384]: peak_size: 5376, wast_rate: 278/10000, pred_failed: 0, item_maxn: 252, free_count: 14, malloc_count: 14
03-22 02:43:32.961 4062 4062 E vota : [55f2b4f8]: [vota]: [static_fixed_pool]: [512]: peak_size: 5632, wast_rate: 210/10000, pred_failed: 0, item_maxn: 253, free_count: 11, malloc_count: 11
03-22 02:43:32.961 4062 4062 E vota : [55f2b4f8]: [vota]: [static_fixed_pool]: [1024]: peak_size: 2048, wast_rate: 106/10000, pred_failed: 0, item_maxn: 254, free_count: 2, malloc_count: 2
03-22 02:43:32.961 4062 4062 E vota : [55f2b4f8]: [vota]: [native_large_allocator]:
03-22 02:43:32.961 4062 4062 E vota : [55f2b4f8]: [vota]: [native_large_allocator]: peak_size: 3373986
03-22 02:43:32.961 4062 4062 E vota : [55f2b4f8]: [vota]: [native_large_allocator]: wast_rate: 4/10000
03-22 02:43:32.961 4062 4062 E vota : [55f2b4f8]: [vota]: [native_large_allocator]: free_count: 52
03-22 02:43:32.961 4062 4062 E vota : [55f2b4f8]: [vota]: [native_large_allocator]: malloc_count: 52
03-22 02:43:32.961 4062 4062 E vota : [55f2b4f8]: [vota]: [native_large_allocator]: ralloc_count: 0
03-22 02:43:32.961 4062 4062 E vota : [55f2b4f8]: [vota]: exit: ok
01-01 08:02:19.617 0 0 I init : Service 'hht_ota_mgr_service' (pid 4062) exited with status 0
01-01 08:02:19.617 0 0 I init : Sending signal 9 to service 'hht_ota_mgr_service' (pid 4062) process group...
01-01 08:02:19.618 0 0 I libprocessgroup: Successfully killed process cgroup uid 0 pid 4062 in 0ms
03-22 02:43:33.162 2757 2757 W hpplay-java: [main]:IPManager:getActiveNets invalid networkInfo:null
03-22 02:43:33.162 2757 2757 I hpplay-java: [main]:IPManager:getActiveNets eth0:false wifi:false mobile:false ap:false
03-22 02:43:33.162 2757 2757 I hpplay-java: [main]:ServerTaskManager:get local ip:null
03-22 02:43:33.330 645 660 I mpu_uart: [MSG-P:RECV]:No message received in 1000 ms
03-22 02:43:33.669 1337 1453 E tlogd : [TzLogger](isPathReadable) file /sys/kernel/debug/tzdbg/qsee_log isn't exist or no permission, err: No such file or directory
03-22 02:43:33.669 1337 1453 E tlogd : [TzLogger](saveTzlogAsync) /sys/kernel/debug/tzdbg/qsee_log can not read.
03-22 02:43:33.670 1337 1453 E tlogd : [TzLogger](isPathReadable) file /sys/kernel/debug/tzdbg/log isn't exist or no permission, err: No such file or directory
03-22 02:43:33.670 1337 1453 E tlogd : [TzLogger](saveTzlogAsync) /sys/kernel/debug/tzdbg/log can not read.
03-22 02:43:33.870 2757 2757 I hpplay-java: [main]:IMTask:getIMRoot
03-22 02:43:33.877 2757 4063 W hpplay-java: [AsyncTask #34]:HttpRequest:
03-22 02:43:33.879 2757 4063 W hpplay-java: [AsyncTask #34]:HttpRequest:
03-22 02:43:33.880 2757 4063 W hpplay-java: [AsyncTask #34]:HttpRequest:
03-22 02:43:33.880 2757 2757 E hpplay-java: [main]:IMTask:getIMRoot failed
03-22 02:43:34.163 2757 2757 W hpplay-java: [main]:IPManager:getActiveNets invalid networkInfo:null
03-22 02:43:34.163 2757 2757 I hpplay-java: [main]:IPManager:getActiveNets eth0:false wifi:false mobile:false ap:false
03-22 02:43:34.163 2757 2757 I hpplay-java: [main]:ServerTaskManager:get local ip:null
03-22 02:43:34.331 645 660 I mpu_uart: [MSG-P:RECV]:No message received in 1000 ms
03-22 02:43:35.165 2757 2757 W hpplay-java: [main]:IPManager:getActiveNets invalid networkInfo:null
03-22 02:43:35.165 2757 2757 I hpplay-java: [main]:IPManager:getActiveNets eth0:false wifi:false mobile:false ap:false
03-22 02:43:35.165 2757 2757 I hpplay-java: [main]:ServerTaskManager:get local ip:null
03-22 02:43:35.331 645 660 I mpu_uart: [MSG-P:RECV]:No message received in 1000 ms
03-22 02:43:35.399 645 659 I mpu_uart: [MSG-P:R]:recv sync frame timeout
03-22 02:43:35.439 1237 1237 W cnss_diag: type=1400 audit(0.0:448): avc: denied { getattr } for path="/data/vendor/wifi/wlan_logs" dev="dm-10" ino=384 scontext=u:r:vendor_wcnss_service:s0 tcontext=u:object_r:vendor_wifi_vendor_log_data_file:s0 tclass=dir permissive=0
03-22 02:43:35.441 1237 1237 I CNSS : cnss_open_log_file: create directory /data/vendor/wifi/wlan_logs/ ret = -1 errno= 17
03-22 02:43:35.442 1237 1237 I CNSS : failed to open file a+ mode or file size 0 is less than max_file_size 31457280
03-22 02:43:35.442 1237 1237 I CNSS : Failed to open file /data/vendor/wifi/wlan_logs/cnss_fw_logs_current.txt: 13
03-22 02:43:35.439 1237 1237 W cnss_diag: type=1400 audit(0.0:449): avc: denied { read } for name="wlan_logs" dev="dm-10" ino=384 scontext=u:r:vendor_wcnss_service:s0 tcontext=u:object_r:vendor_wifi_vendor_log_data_file:s0 tclass=dir permissive=0
03-22 02:43:35.439 1237 1237 W cnss_diag: type=1400 audit(0.0:450): avc: denied { search } for name="wlan_logs" dev="dm-10" ino=384 scontext=u:r:vendor_wcnss_service:s0 tcontext=u:object_r:vendor_wifi_vendor_log_data_file:s0 tclass=dir permissive=0
03-22 02:43:36.167 2757 2757 W hpplay-java: [main]:IPManager:getActiveNets invalid networkInfo:null
03-22 02:43:36.167 2757 2757 I hpplay-java: [main]:IPManager:getActiveNets eth0:false wifi:false mobile:false ap:false
03-22 02:43:36.168 2757 2757 I hpplay-java: [main]:ServerTaskManager:get local ip:null
01-01 08:02:22.892 0 0 I logd : logdr: UID=2000 GID=2000 PID=4065 b tail=0 logMask=99 pid=0 start=0ns deadline=0ns
03-22 02:43:36.331 645 660 I mpu_uart: [MSG-P:RECV]:No message received in 1000 ms
01-01 08:02:23.273 0 0 E DTC_ETH,link_delay_work_func: 3003, SQI=0, link=0
03-22 02:43:36.991 2315 2315 D RemoteControlService: startVlanDispatchThread
03-22 02:43:37.170 2757 2757 W hpplay-java: [main]:IPManager:getActiveNets invalid networkInfo:null
03-22 02:43:37.171 2757 2757 I hpplay-java: [main]:IPManager:getActiveNets eth0:false wifi:false mobile:false ap:false
03-22 02:43:37.171 2757 2757 I hpplay-java: [main]:ServerTaskManager:get local ip:null
03-22 02:43:37.332 645 660 I mpu_uart: [MSG-P:RECV]:No message received in 1000 ms
01-01 08:02:24.528 0 0 I init : starting service 'hht_ota_mgr_service'...
03-22 02:43:37.921 4068 4068 E vota : [8c9d04f8]: [vota]: init: ..
03-22 02:43:37.921 4068 4068 E vota : [8c9d04f8]: [vota]: [warning]: the java machine be not inited, please pass it to the tb_init function! at tb_android_init_env(): 43, src/vota/platform/android/android.c
03-22 02:43:37.922 4068 4068 E vota : [8c9d04f8]: [vota]: version: tbox_v1_6_7_202302251411_arm64-v8a_elf by Android (8481493, based on r416183c2) Clang 12.0.9 (https://android.googlesource.com/toolchain/llvm-project c935d99d7cf2016289302412d708641d52d2f7ee)
03-22 02:43:37.922 4068 4068 E vota : [8c9d04f8]: [vota]: init: ok
03-22 02:43:37.922 4068 4068 E vota : [8c9d04f8]: [vota]: [scheduler]: start ..
03-22 02:43:37.922 4068 4068 E vota : [8c9d04f8]: [vota]: [coroutine]: init 0x798b40a158
03-22 02:43:37.922 4068 4068 E vota : [8c9d04f8]: [vota]: [scheduler]: start ok
03-22 02:43:37.922 4068 4068 E vota : [8c9d04f8]: [vota]: [scheduler]: switch to coroutine(0x798b40a158) from coroutine(0x798b4e0ca0)
03-22 02:43:37.922 4068 4068 E vota : [8c9d04f8]: [vota]: [coroutine]: entry: 0x798b40a158 stack: 0x798b40a1b8 - 0x798b44a1b8 from coroutine(0x798b4e0ca0)
03-22 02:43:37.922 4068 4068 I hiphi_update_api: Hh_GetVersion calling ......
03-22 02:43:37.922 4068 4068 I hiphi_update_api: get version:01.00.C101_20230322_private_user薶5Y
03-22 02:43:37.922 4068 4068 I hiphi_update_api: Hh_GetVersion ret:0
03-22 02:43:37.967 4068 4068 E vota : [8c9d04f8]: [vota]: [scheduler]: finish coroutine(0x798b40a158)
03-22 02:43:37.967 4068 4068 E vota : [8c9d04f8]: [vota]: [scheduler]: switch to original coroutine
03-22 02:43:37.967 4068 4068 E vota : [8c9d04f8]: [vota]: [scheduler]: switch to coroutine(0x798b4e0ca0) from coroutine(0x798b40a158)
03-22 02:43:37.967 4068 4068 E vota : [8c9d04f8]: [vota]: [scheduler]: [loop]: ready 0
03-22 02:43:37.967 4068 4068 E vota : [8c9d04f8]: [vota]: [coroutine]: exit: 0x798b40a158
03-22 02:43:37.968 4068 4068 E vota : [8c9d04f8]: [vota]: [lock_profiler]:
03-22 02:43:37.968 4068 4068 E vota : [8c9d04f8]: [vota]: [lock_profiler]: lock: 0xb40000772d4e822c, name: allocator, occupied: 0
03-22 02:43:37.968 4068 4068 E vota : [8c9d04f8]: [vota]: [lock_profiler]: lock: 0xb40000771d4f3f94, name: native_large_allocator, occupied: 0
03-22 02:43:37.968 4068 4068 E vota : [8c9d04f8]: [vota]: [small_allocator]:
03-22 02:43:37.963 4068 4068 W hht_ota_mgr: type=1400 audit(0.0:451): avc: denied { read append } for name="NvmSim_yy.dat" dev="dm-10" ino=391 scontext=u:r:hht_ota_mgr:s0 tcontext=u:object_r:system_data_file:s0 tclass=file permissive=0
03-22 02:43:37.968 4068 4068 E vota : [8c9d04f8]: [vota]: [static_fixed_pool]: [16]: peak_size: 288, wast_rate: 4074/10000, pred_failed: 0, item_maxn: 245, free_count: 18, malloc_count: 18
03-22 02:43:37.968 4068 4068 E vota : [8c9d04f8]: [vota]: [static_fixed_pool]: [96]: peak_size: 2208, wast_rate: 1028/10000, pred_failed: 0, item_maxn: 248, free_count: 23, malloc_count: 23
03-22 02:43:37.968 4068 4068 E vota : [8c9d04f8]: [vota]: [static_fixed_pool]: [128]: peak_size: 9216, wast_rate: 791/10000, pred_failed: 0, item_maxn: 249, free_count: 72, malloc_count: 72
03-22 02:43:37.968 4068 4068 E vota : [8c9d04f8]: [vota]: [static_fixed_pool]: [192]: peak_size: 2112, wast_rate: 541/10000, pred_failed: 0, item_maxn: 250, free_count: 11, malloc_count: 11
03-22 02:43:37.968 4068 4068 E vota : [8c9d04f8]: [vota]: [static_fixed_pool]: [256]: peak_size: 256, wast_rate: 411/10000, pred_failed: 0, item_maxn: 251, free_count: 1, malloc_count: 1
03-22 02:43:37.968 4068 4068 E vota : [8c9d04f8]: [vota]: [static_fixed_pool]: [384]: peak_size: 5376, wast_rate: 278/10000, pred_failed: 0, item_maxn: 252, free_count: 14, malloc_count: 14
03-22 02:43:37.968 4068 4068 E vota : [8c9d04f8]: [vota]: [static_fixed_pool]: [512]: peak_size: 5632, wast_rate: 210/10000, pred_failed: 0, item_maxn: 253, free_count: 11, malloc_count: 11
03-22 02:43:37.968 4068 4068 E vota : [8c9d04f8]: [vota]: [static_fixed_pool]: [1024]: peak_size: 2048, wast_rate: 106/10000, pred_failed: 0, item_maxn: 254, free_count: 2, malloc_count: 2
03-22 02:43:37.968 4068 4068 E vota : [8c9d04f8]: [vota]: [native_large_allocator]:
03-22 02:43:37.968 4068 4068 E vota : [8c9d04f8]: [vota]: [native_large_allocator]: peak_size: 3373986
03-22 02:43:37.968 4068 4068 E vota : [8c9d04f8]: [vota]: [native_large_allocator]: wast_rate: 4/10000
03-22 02:43:37.968 4068 4068 E vota : [8c9d04f8]: [vota]: [native_large_allocator]: free_count: 52
03-22 02:43:37.968 4068 4068 E vota : [8c9d04f8]: [vota]: [native_large_allocator]: malloc_count: 52
03-22 02:43:37.968 4068 4068 E vota : [8c9d04f8]: [vota]: [native_large_allocator]: ralloc_count: 0
03-22 02:43:37.968 4068 4068 E vota : [8c9d04f8]: [vota]: exit: ok
01-01 08:02:24.623 0 0 I init : Service 'hht_ota_mgr_service' (pid 4068) exited with status 0
01-01 08:02:24.623 0 0 I init : Sending signal 9 to service 'hht_ota_mgr_service' (pid 4068) process group...
01-01 08:02:24.624 0 0 I libprocessgroup: Successfully killed process cgroup uid 0 pid 4068 in 0ms
03-22 02:43:38.173 2757 2757 W hpplay-java: [main]:IPManager:getActiveNets invalid networkInfo:null
03-22 02:43:38.173 2757 2757 I hpplay-java: [main]:IPManager:getActiveNets eth0:false wifi:false mobile:false ap:false
03-22 02:43:38.173 2757 2757 I hpplay-java: [main]:ServerTaskManager:get local ip:null
03-22 02:43:38.332 645 660 I mpu_uart: [MSG-P:RECV]:No message received in 1000 ms
03-22 02:43:38.402 645 659 I mpu_uart: [MSG-P:R]:recv sync frame timeout
03-22 02:43:38.439 1237 1237 W cnss_diag: type=1400 audit(0.0:452): avc: denied { getattr } for path="/data/vendor/wifi/wlan_logs" dev="dm-10" ino=384 scontext=u:r:vendor_wcnss_service:s0 tcontext=u:object_r:vendor_wifi_vendor_log_data_file:s0 tclass=dir permissive=0
03-22 02:43:38.442 1237 1237 I CNSS : failed to open file a+ mode or file size 0 is less than max_file_size 31457280
03-22 02:43:38.442 1237 1237 I CNSS : Failed to open file /data/vendor/wifi/wlan_logs/cnss_fw_logs_current.txt: 13
03-22 02:43:38.439 1237 1237 W cnss_diag: type=1400 audit(0.0:453): avc: denied { read } for name="wlan_logs" dev="dm-10" ino=384 scontext=u:r:vendor_wcnss_service:s0 tcontext=u:object_r:vendor_wifi_vendor_log_data_file:s0 tclass=dir permissive=0
03-22 02:43:38.439 1237 1237 W cnss_diag: type=1400 audit(0.0:454): avc: denied { search } for name="wlan_logs" dev="dm-10" ino=384 scontext=u:r:vendor_wcnss_service:s0 tcontext=u:object_r:vendor_wifi_vendor_log_data_file:s0 tclass=dir permissive=0
03-22 02:43:38.670 1337 1453 E tlogd : [TzLogger](isPathReadable) file /sys/kernel/debug/tzdbg/qsee_log isn't exist or no permission, err: No such file or directory
03-22 02:43:38.670 1337 1453 E tlogd : [TzLogger](saveTzlogAsync) /sys/kernel/debug/tzdbg/qsee_log can not read.
03-22 02:43:38.670 1337 1453 E tlogd : [TzLogger](isPathReadable) file /sys/kernel/debug/tzdbg/log isn't exist or no permission, err: No such file or directory
03-22 02:43:38.670 1337 1453 E tlogd : [TzLogger](saveTzlogAsync) /sys/kernel/debug/tzdbg/log can not read.
03-22 02:43:39.175 2757 2757 W hpplay-java: [main]:IPManager:getActiveNets invalid networkInfo:null
03-22 02:43:39.176 2757 2757 I hpplay-java: [main]:IPManager:getActiveNets eth0:false wifi:false mobile:false ap:false
03-22 02:43:39.176 2757 2757 I hpplay-java: [main]:ServerTaskManager:get local ip:null
03-22 02:43:39.332 645 660 I mpu_uart: [MSG-P:RECV]:No message received in 1000 ms
03-22 02:43:40.178 2757 2757 W hpplay-java: [main]:IPManager:getActiveNets invalid networkInfo:null
03-22 02:43:40.178 2757 2757 I hpplay-java: [main]:IPManager:getActiveNets eth0:false wifi:false mobile:false ap:false
03-22 02:43:40.178 2757 2757 I hpplay-java: [main]:ServerTaskManager:get local ip:null
03-22 02:43:40.333 645 660 I mpu_uart: [MSG-P:RECV]:No message received in 1000 ms
03-22 02:43:41.179 2757 2757 W hpplay-java: [main]:IPManager:getActiveNets invalid networkInfo:null
03-22 02:43:41.179 2757 2757 I hpplay-java: [main]:IPManager:getActiveNets eth0:false wifi:false mobile:false ap:false
03-22 02:43:41.179 2757 2757 I hpplay-java: [main]:ServerTaskManager:get local ip:null
03-22 02:43:41.333 645 660 I mpu_uart: [MSG-P:RECV]:No message received in 1000 ms
03-22 02:43:41.405 645 659 I mpu_uart: [MSG-P:R]:recv sync frame timeout
03-22 02:43:41.442 1237 1237 I CNSS : cnss_open_log_file: create directory /data/vendor/wifi/wlan_logs/ ret = -1 errno= 17
03-22 02:43:41.435 1237 1237 W cnss_diag: type=1400 audit(0.0:455): avc: denied { getattr } for path="/data/vendor/wifi/wlan_logs" dev="dm-10" ino=384 scontext=u:r:vendor_wcnss_service:s0 tcontext=u:object_r:vendor_wifi_vendor_log_data_file:s0 tclass=dir permissive=0
03-22 02:43:41.443 1237 1237 I CNSS : Failed to open file /data/vendor/wifi/wlan_logs/cnss_fw_logs_current.txt: 13
03-22 02:43:41.439 1237 1237 W cnss_diag: type=1400 audit(0.0:456): avc: denied { read } for name="wlan_logs" dev="dm-10" ino=384 scontext=u:r:vendor_wcnss_service:s0 tcontext=u:object_r:vendor_wifi_vendor_log_data_file:s0 tclass=dir permissive=0
03-22 02:43:41.439 1237 1237 W cnss_diag: type=1400 audit(0.0:457): avc: denied { search } for name="wlan_logs" dev="dm-10" ino=384 scontext=u:r:vendor_wcnss_service:s0 tcontext=u:object_r:vendor_wifi_vendor_log_data_file:s0 tclass=dir permissive=0
01-01 08:02:28.393 0 0 E DTC_ETH,link_delay_work_func: 3003, SQI=0, link=0
03-22 02:43:42.000 2315 2315 D RemoteControlService: startVlanDispatchThread
03-22 02:43:42.181 2757 2757 W hpplay-java: [main]:IPManager:getActiveNets invalid networkInfo:null
03-22 02:43:42.181 2757 2757 I hpplay-java: [main]:IPManager:getActiveNets eth0:false wifi:false mobile:false ap:false
03-22 02:43:42.181 2757 2757 I hpplay-java: [main]:ServerTaskManager:get local ip:null
03-22 02:43:42.333 645 660 I mpu_uart: [MSG-P:RECV]:No message received in 1000 ms
01-01 08:02:29.532 0 0 I init : starting service 'hht_ota_mgr_service'...
03-22 02:43:42.916 4077 4077 E vota : [2ecb44f8]: [vota]: init: ..
03-22 02:43:42.916 4077 4077 E vota : [2ecb44f8]: [vota]: [warning]: the java machine be not inited, please pass it to the tb_init function! at tb_android_init_env(): 43, src/vota/platform/android/android.c
03-22 02:43:42.917 4077 4077 E vota : [2ecb44f8]: [vota]: version: tbox_v1_6_7_202302251411_arm64-v8a_elf by Android (8481493, based on r416183c2) Clang 12.0.9 (https://android.googlesource.com/toolchain/llvm-project c935d99d7cf2016289302412d708641d52d2f7ee)
03-22 02:43:42.917 4077 4077 E vota : [2ecb44f8]: [vota]: init: ok
03-22 02:43:42.917 4077 4077 E vota : [2ecb44f8]: [vota]: [scheduler]: start ..
03-22 02:43:42.917 4077 4077 E vota : [2ecb44f8]: [vota]: [coroutine]: init 0x762d6eb158
03-22 02:43:42.917 4077 4077 E vota : [2ecb44f8]: [vota]: [scheduler]: start ok
03-22 02:43:42.917 4077 4077 E vota : [2ecb44f8]: [vota]: [scheduler]: switch to coroutine(0x762d6eb158) from coroutine(0x762d7c4ca0)
03-22 02:43:42.917 4077 4077 E vota : [2ecb44f8]: [vota]: [coroutine]: entry: 0x762d6eb158 stack: 0x762d6eb1b8 - 0x762d72b1b8 from coroutine(0x762d7c4ca0)
03-22 02:43:42.917 4077 4077 I hiphi_update_api: Hh_GetVersion calling ......
03-22 02:43:42.917 4077 4077 I hiphi_update_api: get version:01.00.C101_20230322_private_user藰塨
03-22 02:43:42.917 4077 4077 I hiphi_update_api: Hh_GetVersion ret:0
03-22 02:43:42.963 4077 4077 E vota : [2ecb44f8]: [vota]: [scheduler]: finish coroutine(0x762d6eb158)
03-22 02:43:42.963 4077 4077 E vota : [2ecb44f8]: [vota]: [scheduler]: switch to original coroutine
03-22 02:43:42.963 4077 4077 E vota : [2ecb44f8]: [vota]: [scheduler]: switch to coroutine(0x762d7c4ca0) from coroutine(0x762d6eb158)
03-22 02:43:42.963 4077 4077 E vota : [2ecb44f8]: [vota]: [scheduler]: [loop]: ready 0
03-22 02:43:42.963 4077 4077 E vota : [2ecb44f8]: [vota]: [coroutine]: exit: 0x762d6eb158
03-22 02:43:42.963 4077 4077 E vota : [2ecb44f8]: [vota]: [lock_profiler]:
03-22 02:43:42.963 4077 4077 E vota : [2ecb44f8]: [vota]: [lock_profiler]: lock: 0xb4000073d63e932c, name: allocator, occupied: 0
03-22 02:43:42.963 4077 4077 E vota : [2ecb44f8]: [vota]: [lock_profiler]: lock: 0xb4000073c63ef534, name: native_large_allocator, occupied: 0
03-22 02:43:42.963 4077 4077 E vota : [2ecb44f8]: [vota]: [small_allocator]:
03-22 02:43:42.963 4077 4077 E vota : [2ecb44f8]: [vota]: [static_fixed_pool]: [16]: peak_size: 288, wast_rate: 4074/10000, pred_failed: 0, item_maxn: 245, free_count: 18, malloc_count: 18
03-22 02:43:42.963 4077 4077 E vota : [2ecb44f8]: [vota]: [static_fixed_pool]: [96]: peak_size: 2208, wast_rate: 1028/10000, pred_failed: 0, item_maxn: 248, free_count: 23, malloc_count: 23
03-22 02:43:42.959 4077 4077 W hht_ota_mgr: type=1400 audit(0.0:458): avc: denied { read append } for name="NvmSim_yy.dat" dev="dm-10" ino=391 scontext=u:r:hht_ota_mgr:s0 tcontext=u:object_r:system_data_file:s0 tclass=file permissive=0
03-22 02:43:42.963 4077 4077 E vota : [2ecb44f8]: [vota]: [static_fixed_pool]: [192]: peak_size: 2112, wast_rate: 541/10000, pred_failed: 0, item_maxn: 250, free_count: 11, malloc_count: 11
03-22 02:43:42.963 4077 4077 E vota : [2ecb44f8]: [vota]: [static_fixed_pool]: [256]: peak_size: 256, wast_rate: 411/10000, pred_failed: 0, item_maxn: 251, free_count: 1, malloc_count: 1
03-22 02:43:42.963 4077 4077 E vota : [2ecb44f8]: [vota]: [static_fixed_pool]: [384]: peak_size: 5376, wast_rate: 278/10000, pred_failed: 0, item_maxn: 252, free_count: 14, malloc_count: 14
03-22 02:43:42.963 4077 4077 E vota : [2ecb44f8]: [vota]: [static_fixed_pool]: [512]: peak_size: 5632, wast_rate: 210/10000, pred_failed: 0, item_maxn: 253, free_count: 11, malloc_count: 11
03-22 02:43:42.963 4077 4077 E vota : [2ecb44f8]: [vota]: [static_fixed_pool]: [1024]: peak_size: 2048, wast_rate: 106/10000, pred_failed: 0, item_maxn: 254, free_count: 2, malloc_count: 2
03-22 02:43:42.963 4077 4077 E vota : [2ecb44f8]: [vota]: [native_large_allocator]:
03-22 02:43:42.963 4077 4077 E vota : [2ecb44f8]: [vota]: [native_large_allocator]: peak_size: 3373986
03-22 02:43:42.963 4077 4077 E vota : [2ecb44f8]: [vota]: [native_large_allocator]: wast_rate: 4/10000
03-22 02:43:42.963 4077 4077 E vota : [2ecb44f8]: [vota]: [native_large_allocator]: free_count: 52
03-22 02:43:42.963 4077 4077 E vota : [2ecb44f8]: [vota]: [native_large_allocator]: malloc_count: 52
03-22 02:43:42.963 4077 4077 E vota : [2ecb44f8]: [vota]: [native_large_allocator]: ralloc_count: 0
03-22 02:43:42.963 4077 4077 E vota : [2ecb44f8]: [vota]: exit: ok
01-01 08:02:29.620 0 0 I init : Service 'hht_ota_mgr_service' (pid 4077) exited with status 0
01-01 08:02:29.620 0 0 I init : Sending signal 9 to service 'hht_ota_mgr_service' (pid 4077) process group...
01-01 08:02:29.620 0 0 I libprocessgroup: Successfully killed process cgroup uid 0 pid 4077 in 0ms
03-22 02:43:43.183 2757 2757 W hpplay-java: [main]:IPManager:getActiveNets invalid networkInfo:null
03-22 02:43:43.183 2757 2757 I hpplay-java: [main]:IPManager:getActiveNets eth0:false wifi:false mobile:false ap:false
03-22 02:43:43.184 2757 2757 I hpplay-java: [main]:ServerTaskManager:get local ip:null
03-22 02:43:43.333 645 660 I mpu_uart: [MSG-P:RECV]:No message received in 1000 ms
03-22 02:43:43.670 1337 1453 E tlogd : [TzLogger](isPathReadable) file /sys/kernel/debug/tzdbg/qsee_log isn't exist or no permission, err: No such file or directory
03-22 02:43:43.670 1337 1453 E tlogd : [TzLogger](saveTzlogAsync) /sys/kernel/debug/tzdbg/qsee_log can not read.
03-22 02:43:43.670 1337 1453 E tlogd : [TzLogger](isPathReadable) file /sys/kernel/debug/tzdbg/log isn't exist or no permission, err: No such file or directory
03-22 02:43:43.670 1337 1453 E tlogd : [TzLogger](saveTzlogAsync) /sys/kernel/debug/tzdbg/log can not read.
03-22 02:43:44.185 2757 2757 W hpplay-java: [main]:IPManager:getActiveNets invalid networkInfo:null
03-22 02:43:44.185 2757 2757 I hpplay-java: [main]:IPManager:getActiveNets eth0:false wifi:false mobile:false ap:false
03-22 02:43:44.185 2757 2757 I hpplay-java: [main]:ServerTaskManager:get local ip:null
03-22 02:43:44.333 645 660 I mpu_uart: [MSG-P:RECV]:No message received in 1000 ms
03-22 02:43:44.408 645 659 I mpu_uart: [MSG-P:R]:recv sync frame timeout
03-22 02:43:44.439 1237 1237 W cnss_diag: type=1400 audit(0.0:459): avc: denied { getattr } for path="/data/vendor/wifi/wlan_logs" dev="dm-10" ino=384 scontext=u:r:vendor_wcnss_service:s0 tcontext=u:object_r:vendor_wifi_vendor_log_data_file:s0 tclass=dir permissive=0
03-22 02:43:44.443 1237 1237 I CNSS : failed to open file a+ mode or file size 0 is less than max_file_size 31457280
03-22 02:43:44.443 1237 1237 I CNSS : Failed to open file /data/vendor/wifi/wlan_logs/cnss_fw_logs_current.txt: 13
03-22 02:43:44.439 1237 1237 W cnss_diag: type=1400 audit(0.0:460): avc: denied { read } for name="wlan_logs" dev="dm-10" ino=384 scontext=u:r:vendor_wcnss_service:s0 tcontext=u:object_r:vendor_wifi_vendor_log_data_file:s0 tclass=dir permissive=0
03-22 02:43:44.439 1237 1237 W cnss_diag: type=1400 audit(0.0:461): avc: denied { search } for name="wlan_logs" dev="dm-10" ino=384 scontext=u:r:vendor_wcnss_service:s0 tcontext=u:object_r:vendor_wifi_vendor_log_data_file:s0 tclass=dir permissive=0
03-22 02:43:45.187 2757 2757 W hpplay-java: [main]:IPManager:getActiveNets invalid networkInfo:null
03-22 02:43:45.187 2757 2757 I hpplay-java: [main]:IPManager:getActiveNets eth0:false wifi:false mobile:false ap:false
03-22 02:43:45.187 2757 2757 I hpplay-java: [main]:ServerTaskManager:get local ip:null
03-22 02:43:45.333 645 660 I mpu_uart: [MSG-P:RECV]:No message received in 1000 ms
03-22 02:43:46.188 2757 2757 W hpplay-java: [main]:IPManager:getActiveNets invalid networkInfo:null
03-22 02:43:46.188 2757 2757 I hpplay-java: [main]:IPManager:getActiveNets eth0:false wifi:false mobile:false ap:false
03-22 02:43:46.188 2757 2757 I hpplay-java: [main]:ServerTaskManager:get local ip:null
03-22 02:43:46.334 645 660 I mpu_uart: [MSG-P:RECV]:No message received in 1000 ms
01-01 08:02:33.513 0 0 E DTC_ETH,link_delay_work_func: 3003, SQI=0, link=0
03-22 02:43:47.008 2315 2315 D RemoteControlService: startVlanDispatchThread
03-22 02:43:47.190 2757 2757 W hpplay-java: [main]:IPManager:getActiveNets invalid networkInfo:null
03-22 02:43:47.190 2757 2757 I hpplay-java: [main]:IPManager:getActiveNets eth0:false wifi:false mobile:false ap:false
03-22 02:43:47.190 2757 2757 I hpplay-java: [main]:ServerTaskManager:get local ip:null
03-22 02:43:47.334 645 660 I mpu_uart: [MSG-P:RECV]:No message received in 1000 ms
03-22 02:43:47.412 645 659 I mpu_uart: [MSG-P:R]:recv sync frame timeout
03-22 02:43:47.439 1237 1237 W cnss_diag: type=1400 audit(0.0:462): avc: denied { getattr } for path="/data/vendor/wifi/wlan_logs" dev="dm-10" ino=384 scontext=u:r:vendor_wcnss_service:s0 tcontext=u:object_r:vendor_wifi_vendor_log_data_file:s0 tclass=dir permissive=0
03-22 02:43:47.443 1237 1237 I CNSS : cnss_open_log_file: create directory /data/vendor/wifi/wlan_logs/ ret = -1 errno= 17
03-22 02:43:47.443 1237 1237 I CNSS : failed to open file a+ mode or file size 0 is less than max_file_size 31457280
03-22 02:43:47.443 1237 1237 I CNSS : Failed to open file /data/vendor/wifi/wlan_logs/cnss_fw_logs_current.txt: 13
03-22 02:43:47.439 1237 1237 W cnss_diag: type=1400 audit(0.0:463): avc: denied { read } for name="wlan_logs" dev="dm-10" ino=384 scontext=u:r:vendor_wcnss_service:s0 tcontext=u:object_r:vendor_wifi_vendor_log_data_file:s0 tclass=dir permissive=0
03-22 02:43:47.439 1237 1237 W cnss_diag: type=1400 audit(0.0:464): avc: denied { search } for name="wlan_logs" dev="dm-10" ino=384 scontext=u:r:vendor_wcnss_service:s0 tcontext=u:object_r:vendor_wifi_vendor_log_data_file:s0 tclass=dir permissive=0
01-01 08:02:34.537 0 0 I init : starting service 'hht_ota_mgr_service'...
03-22 02:43:47.922 4078 4078 E vota : [c91264f8]: [vota]: init: ..
03-22 02:43:47.923 4078 4078 E vota : [c91264f8]: [vota]: [warning]: the java machine be not inited, please pass it to the tb_init function! at tb_android_init_env(): 43, src/vota/platform/android/android.c
03-22 02:43:47.923 4078 4078 E vota : [c91264f8]: [vota]: version: tbox_v1_6_7_202302251411_arm64-v8a_elf by Android (8481493, based on r416183c2) Clang 12.0.9 (https://android.googlesource.com/toolchain/llvm-project c935d99d7cf2016289302412d708641d52d2f7ee)
03-22 02:43:47.923 4078 4078 E vota : [c91264f8]: [vota]: init: ok
03-22 02:43:47.923 4078 4078 E vota : [c91264f8]: [vota]: [scheduler]: start ..
03-22 02:43:47.923 4078 4078 E vota : [c91264f8]: [vota]: [coroutine]: init 0x77c7b4a158
03-22 02:43:47.923 4078 4078 E vota : [c91264f8]: [vota]: [scheduler]: start ok
03-22 02:43:47.923 4078 4078 E vota : [c91264f8]: [vota]: [scheduler]: switch to coroutine(0x77c7b4a158) from coroutine(0x77c7c36ca0)
03-22 02:43:47.923 4078 4078 E vota : [c91264f8]: [vota]: [coroutine]: entry: 0x77c7b4a158 stack: 0x77c7b4a1b8 - 0x77c7b8a1b8 from coroutine(0x77c7c36ca0)
03-22 02:43:47.924 4078 4078 I hiphi_update_api: Hh_GetVersion calling ......
03-22 02:43:47.924 4078 4078 I hiphi_update_api: get version:01.00.C101_20230322_private_user?we\
03-22 02:43:47.924 4078 4078 I hiphi_update_api: Hh_GetVersion ret:0
03-22 02:43:47.968 4078 4078 E vota : [c91264f8]: [vota]: [scheduler]: finish coroutine(0x77c7b4a158)
03-22 02:43:47.968 4078 4078 E vota : [c91264f8]: [vota]: [scheduler]: switch to original coroutine
03-22 02:43:47.968 4078 4078 E vota : [c91264f8]: [vota]: [scheduler]: switch to coroutine(0x77c7c36ca0) from coroutine(0x77c7b4a158)
03-22 02:43:47.968 4078 4078 E vota : [c91264f8]: [vota]: [scheduler]: [loop]: ready 0
03-22 02:43:47.968 4078 4078 E vota : [c91264f8]: [vota]: [coroutine]: exit: 0x77c7b4a158
03-22 02:43:47.968 4078 4078 E vota : [c91264f8]: [vota]: [lock_profiler]:
03-22 02:43:47.968 4078 4078 E vota : [c91264f8]: [vota]: [lock_profiler]: lock: 0xb400007557bfd414, name: native_large_allocator, occupied: 0
03-22 02:43:47.963 4078 4078 W hht_ota_mgr: type=1400 audit(0.0:465): avc: denied { read append } for name="NvmSim_yy.dat" dev="dm-10" ino=391 scontext=u:r:hht_ota_mgr:s0 tcontext=u:object_r:system_data_file:s0 tclass=file permissive=0
03-22 02:43:47.968 4078 4078 E vota : [c91264f8]: [vota]: [lock_profiler]: lock: 0xb400007567bf4e2c, name: allocator, occupied: 0
03-22 02:43:47.968 4078 4078 E vota : [c91264f8]: [vota]: [small_allocator]:
03-22 02:43:47.968 4078 4078 E vota : [c91264f8]: [vota]: [static_fixed_pool]: [16]: peak_size: 288, wast_rate: 4074/10000, pred_failed: 0, item_maxn: 245, free_count: 18, malloc_count: 18
03-22 02:43:47.968 4078 4078 E vota : [c91264f8]: [vota]: [static_fixed_pool]: [96]: peak_size: 2208, wast_rate: 1028/10000, pred_failed: 0, item_maxn: 248, free_count: 23, malloc_count: 23
03-22 02:43:47.968 4078 4078 E vota : [c91264f8]: [vota]: [static_fixed_pool]: [128]: peak_size: 9216, wast_rate: 791/10000, pred_failed: 0, item_maxn: 249, free_count: 72, malloc_count: 72
03-22 02:43:47.968 4078 4078 E vota : [c91264f8]: [vota]: [static_fixed_pool]: [192]: peak_size: 2112, wast_rate: 541/10000, pred_failed: 0, item_maxn: 250, free_count: 11, malloc_count: 11
03-22 02:43:47.968 4078 4078 E vota : [c91264f8]: [vota]: [static_fixed_pool]: [256]: peak_size: 256, wast_rate: 411/10000, pred_failed: 0, item_maxn: 251, free_count: 1, malloc_count: 1
03-22 02:43:47.968 4078 4078 E vota : [c91264f8]: [vota]: [static_fixed_pool]: [384]: peak_size: 5376, wast_rate: 278/10000, pred_failed: 0, item_maxn: 252, free_count: 14, malloc_count: 14
03-22 02:43:47.968 4078 4078 E vota : [c91264f8]: [vota]: [static_fixed_pool]: [512]: peak_size: 5632, wast_rate: 210/10000, pred_failed: 0, item_maxn: 253, free_count: 11, malloc_count: 11
03-22 02:43:47.968 4078 4078 E vota : [c91264f8]: [vota]: [static_fixed_pool]: [1024]: peak_size: 2048, wast_rate: 106/10000, pred_failed: 0, item_maxn: 254, free_count: 2, malloc_count: 2
03-22 02:43:47.968 4078 4078 E vota : [c91264f8]: [vota]: [native_large_allocator]:
03-22 02:43:47.968 4078 4078 E vota : [c91264f8]: [vota]: [native_large_allocator]: peak_size: 3373986
03-22 02:43:47.968 4078 4078 E vota : [c91264f8]: [vota]: [native_large_allocator]: wast_rate: 4/10000
03-22 02:43:47.968 4078 4078 E vota : [c91264f8]: [vota]: [native_large_allocator]: free_count: 52
03-22 02:43:47.968 4078 4078 E vota : [c91264f8]: [vota]: [native_large_allocator]: malloc_count: 52
03-22 02:43:47.968 4078 4078 E vota : [c91264f8]: [vota]: [native_large_allocator]: ralloc_count: 0
03-22 02:43:47.968 4078 4078 E vota : [c91264f8]: [vota]: exit: ok
01-01 08:02:34.623 0 0 I init : Service 'hht_ota_mgr_service' (pid 4078) exited with status 0
01-01 08:02:34.623 0 0 I init : Sending signal 9 to service 'hht_ota_mgr_service' (pid 4078) process group...
01-01 08:02:34.624 0 0 I libprocessgroup: Successfully killed process cgroup uid 0 pid 4078 in 0ms
03-22 02:43:48.192 2757 2757 W hpplay-java: [main]:IPManager:getActiveNets invalid networkInfo:null
03-22 02:43:48.192 2757 2757 I hpplay-java: [main]:IPManager:getActiveNets eth0:false wifi:false mobile:false ap:false
03-22 02:43:48.192 2757 2757 I hpplay-java: [main]:ServerTaskManager:get local ip:null
03-22 02:43:48.334 645 660 I mpu_uart: [MSG-P:RECV]:No message received in 1000 ms
03-22 02:43:48.670 1337 1453 E tlogd : [TzLogger](isPathReadable) file /sys/kernel/debug/tzdbg/qsee_log isn't exist or no permission, err: No such file or directory
03-22 02:43:48.671 1337 1453 E tlogd : [TzLogger](saveTzlogAsync) /sys/kernel/debug/tzdbg/qsee_log can not read.
03-22 02:43:48.671 1337 1453 E tlogd : [TzLogger](isPathReadable) file /sys/kernel/debug/tzdbg/log isn't exist or no permission, err: No such file or directory
03-22 02:43:48.671 1337 1453 E tlogd : [TzLogger](saveTzlogAsync) /sys/kernel/debug/tzdbg/log can not read.
03-22 02:43:49.193 2757 2757 W hpplay-java: [main]:IPManager:getActiveNets invalid networkInfo:null
03-22 02:43:49.193 2757 2757 I hpplay-java: [main]:IPManager:getActiveNets eth0:false wifi:false mobile:false ap:false
03-22 02:43:49.194 2757 2757 I hpplay-java: [main]:ServerTaskManager:get local ip:null
03-22 02:43:49.334 645 660 I mpu_uart: [MSG-P:RECV]:No message received in 1000 ms
03-22 02:43:50.195 2757 2757 W hpplay-java: [main]:IPManager:getActiveNets invalid networkInfo:null
03-22 02:43:50.195 2757 2757 I hpplay-java: [main]:IPManager:getActiveNets eth0:false wifi:false mobile:false ap:false
03-22 02:43:50.195 2757 2757 I hpplay-java: [main]:ServerTaskManager:get local ip:null
03-22 02:43:50.334 645 660 I mpu_uart: [MSG-P:RECV]:No message received in 1000 ms
03-22 02:43:50.415 645 659 I mpu_uart: [MSG-P:R]:recv sync frame timeout
03-22 02:43:50.439 1237 1237 W cnss_diag: type=1400 audit(0.0:466): avc: denied { getattr } for path="/data/vendor/wifi/wlan_logs" dev="dm-10" ino=384 scontext=u:r:vendor_wcnss_service:s0 tcontext=u:object_r:vendor_wifi_vendor_log_data_file:s0 tclass=dir permissive=0
03-22 02:43:50.444 1237 1237 I CNSS : cnss_open_log_file: create directory /data/vendor/wifi/wlan_logs/ ret = -1 errno= 17
03-22 02:43:50.444 1237 1237 I CNSS : failed to open file a+ mode or file size 0 is less than max_file_size 31457280
03-22 02:43:50.444 1237 1237 I CNSS : Failed to open file /data/vendor/wifi/wlan_logs/cnss_fw_logs_current.txt: 13
03-22 02:43:50.439 1237 1237 W cnss_diag: type=1400 audit(0.0:467): avc: denied { read } for name="wlan_logs" dev="dm-10" ino=384 scontext=u:r:vendor_wcnss_service:s0 tcontext=u:object_r:vendor_wifi_vendor_log_data_file:s0 tclass=dir permissive=0
03-22 02:43:50.439 1237 1237 W cnss_diag: type=1400 audit(0.0:468): avc: denied { search } for name="wlan_logs" dev="dm-10" ino=384 scontext=u:r:vendor_wcnss_service:s0 tcontext=u:object_r:vendor_wifi_vendor_log_data_file:s0 tclass=dir permissive=0
03-22 02:43:51.197 2757 2757 W hpplay-java: [main]:IPManager:getActiveNets invalid networkInfo:null
03-22 02:43:51.197 2757 2757 I hpplay-java: [main]:IPManager:getActiveNets eth0:false wifi:false mobile:false ap:false
03-22 02:43:51.197 2757 2757 I hpplay-java: [main]:ServerTaskManager:get local ip:null
03-22 02:43:51.335 645 660 I mpu_uart: [MSG-P:RECV]:No message received in 1000 ms
01-01 08:02:38.633 0 0 E DTC_ETH,link_delay_work_func: 3003, SQI=0, link=0
03-22 02:43:52.017 2315 2315 D RemoteControlService: startVlanDispatchThread
03-22 02:43:52.199 2757 2757 W hpplay-java: [main]:IPManager:getActiveNets invalid networkInfo:null
03-22 02:43:52.199 2757 2757 I hpplay-java: [main]:IPManager:getActiveNets eth0:false wifi:false mobile:false ap:false
03-22 02:43:52.199 2757 2757 I hpplay-java: [main]:ServerTaskManager:get local ip:null
03-22 02:43:52.335 645 660 I mpu_uart: [MSG-P:RECV]:No message received in 1000 ms
01-01 08:02:39.544 0 0 I init : starting service 'hht_ota_mgr_service'...
03-22 02:43:52.932 4081 4081 E vota : [4636a4f8]: [vota]: init: ..
03-22 02:43:52.932 4081 4081 E vota : [4636a4f8]: [vota]: [warning]: the java machine be not inited, please pass it to the tb_init function! at tb_android_init_env(): 43, src/vota/platform/android/android.c
03-22 02:43:52.933 4081 4081 E vota : [4636a4f8]: [vota]: version: tbox_v1_6_7_202302251411_arm64-v8a_elf by Android (8481493, based on r416183c2) Clang 12.0.9 (https://android.googlesource.com/toolchain/llvm-project c935d99d7cf2016289302412d708641d52d2f7ee)
03-22 02:43:52.933 4081 4081 E vota : [4636a4f8]: [vota]: init: ok
03-22 02:43:52.933 4081 4081 E vota : [4636a4f8]: [vota]: [scheduler]: start ..
03-22 02:43:52.933 4081 4081 E vota : [4636a4f8]: [vota]: [coroutine]: init 0x7a44d80158
03-22 02:43:52.933 4081 4081 E vota : [4636a4f8]: [vota]: [scheduler]: start ok
03-22 02:43:52.933 4081 4081 E vota : [4636a4f8]: [vota]: [scheduler]: switch to coroutine(0x7a44d80158) from coroutine(0x7a44e7aca0)
03-22 02:43:52.933 4081 4081 E vota : [4636a4f8]: [vota]: [coroutine]: entry: 0x7a44d80158 stack: 0x7a44d801b8 - 0x7a44dc01b8 from coroutine(0x7a44e7aca0)
03-22 02:43:52.933 4081 4081 I hiphi_update_api: Hh_GetVersion calling ......
03-22 02:43:52.933 4081 4081 I hiphi_update_api: get version:01.00.C101_20230322_private_user薶?e
03-22 02:43:52.933 4081 4081 I hiphi_update_api: Hh_GetVersion ret:0
03-22 02:43:52.977 4081 4081 E vota : [4636a4f8]: [vota]: [scheduler]: finish coroutine(0x7a44d80158)
03-22 02:43:52.977 4081 4081 E vota : [4636a4f8]: [vota]: [scheduler]: switch to original coroutine
03-22 02:43:52.977 4081 4081 E vota : [4636a4f8]: [vota]: [scheduler]: switch to coroutine(0x7a44e7aca0) from coroutine(0x7a44d80158)
03-22 02:43:52.977 4081 4081 E vota : [4636a4f8]: [vota]: [scheduler]: [loop]: ready 0
03-22 02:43:52.977 4081 4081 E vota : [4636a4f8]: [vota]: [coroutine]: exit: 0x7a44d80158
03-22 02:43:52.978 4081 4081 E vota : [4636a4f8]: [vota]: [lock_profiler]:
03-22 02:43:52.978 4081 4081 E vota : [4636a4f8]: [vota]: [lock_profiler]: lock: 0xb4000077ed1e1a0c, name: allocator, occupied: 0
03-22 02:43:52.978 4081 4081 E vota : [4636a4f8]: [vota]: [lock_profiler]: lock: 0xb4000077dd1e4e34, name: native_large_allocator, occupied: 0
03-22 02:43:52.978 4081 4081 E vota : [4636a4f8]: [vota]: [small_allocator]:
03-22 02:43:52.978 4081 4081 E vota : [4636a4f8]: [vota]: [static_fixed_pool]: [16]: peak_size: 288, wast_rate: 4074/10000, pred_failed: 0, item_maxn: 245, free_count: 18, malloc_count: 18
03-22 02:43:52.978 4081 4081 E vota : [4636a4f8]: [vota]: [static_fixed_pool]: [96]: peak_size: 2208, wast_rate: 1028/10000, pred_failed: 0, item_maxn: 248, free_count: 23, malloc_count: 23
03-22 02:43:52.978 4081 4081 E vota : [4636a4f8]: [vota]: [static_fixed_pool]: [128]: peak_size: 9216, wast_rate: 791/10000, pred_failed: 0, item_maxn: 249, free_count: 72, malloc_count: 72
03-22 02:43:52.978 4081 4081 E vota : [4636a4f8]: [vota]: [static_fixed_pool]: [192]: peak_size: 2112, wast_rate: 541/10000, pred_failed: 0, item_maxn: 250, free_count: 11, malloc_count: 11
03-22 02:43:52.978 4081 4081 E vota : [4636a4f8]: [vota]: [static_fixed_pool]: [256]: peak_size: 256, wast_rate: 411/10000, pred_failed: 0, item_maxn: 251, free_count: 1, malloc_count: 1
03-22 02:43:52.978 4081 4081 E vota : [4636a4f8]: [vota]: [static_fixed_pool]: [384]: peak_size: 5376, wast_rate: 278/10000, pred_failed: 0, item_maxn: 252, free_count: 14, malloc_count: 14
03-22 02:43:52.978 4081 4081 E vota : [4636a4f8]: [vota]: [static_fixed_pool]: [512]: peak_size: 5632, wast_rate: 210/10000, pred_failed: 0, item_maxn: 253, free_count: 11, malloc_count: 11
03-22 02:43:52.978 4081 4081 E vota : [4636a4f8]: [vota]: [static_fixed_pool]: [1024]: peak_size: 2048, wast_rate: 106/10000, pred_failed: 0, item_maxn: 254, free_count: 2, malloc_count: 2
03-22 02:43:52.978 4081 4081 E vota : [4636a4f8]: [vota]: [native_large_allocator]:
03-22 02:43:52.978 4081 4081 E vota : [4636a4f8]: [vota]: [native_large_allocator]: peak_size: 3373986
03-22 02:43:52.978 4081 4081 E vota : [4636a4f8]: [vota]: [native_large_allocator]: wast_rate: 4/10000
03-22 02:43:52.978 4081 4081 E vota : [4636a4f8]: [vota]: [native_large_allocator]: free_count: 52
03-22 02:43:52.978 4081 4081 E vota : [4636a4f8]: [vota]: [native_large_allocator]: malloc_count: 52
03-22 02:43:52.978 4081 4081 E vota : [4636a4f8]: [vota]: [native_large_allocator]: ralloc_count: 0
03-22 02:43:52.978 4081 4081 E vota : [4636a4f8]: [vota]: exit: ok
03-22 02:43:52.971 4081 4081 W hht_ota_mgr: type=1400 audit(0.0:469): avc: denied { read append } for name="NvmSim_yy.dat" dev="dm-10" ino=391 scontext=u:r:hht_ota_mgr:s0 tcontext=u:object_r:system_data_file:s0 tclass=file permissive=0
01-01 08:02:39.634 0 0 I init : Service 'hht_ota_mgr_service' (pid 4081) exited with status 0
01-01 08:02:39.634 0 0 I init : Sending signal 9 to service 'hht_ota_mgr_service' (pid 4081) process group...
01-01 08:02:39.634 0 0 I libprocessgroup: Successfully killed process cgroup uid 0 pid 4081 in 0ms
03-22 02:43:53.201 2757 2757 W hpplay-java: [main]:IPManager:getActiveNets invalid networkInfo:null
03-22 02:43:53.201 2757 2757 I hpplay-java: [main]:IPManager:getActiveNets eth0:false wifi:false mobile:false ap:false
03-22 02:43:53.201 2757 2757 I hpplay-java: [main]:ServerTaskManager:get local ip:null
03-22 02:43:53.336 645 660 I mpu_uart: [MSG-P:RECV]:No message received in 1000 ms
03-22 02:43:53.418 645 659 I mpu_uart: [MSG-P:R]:recv sync frame timeout
03-22 02:43:53.439 1237 1237 W cnss_diag: type=1400 audit(0.0:470): avc: denied { getattr } for path="/data/vendor/wifi/wlan_logs" dev="dm-10" ino=384 scontext=u:r:vendor_wcnss_service:s0 tcontext=u:object_r:vendor_wifi_vendor_log_data_file:s0 tclass=dir permissive=0
03-22 02:43:53.444 1237 1237 I CNSS : cnss_open_log_file: create directory /data/vendor/wifi/wlan_logs/ ret = -1 errno= 17
03-22 02:43:53.445 1237 1237 I CNSS : failed to open file a+ mode or file size 0 is less than max_file_size 31457280
03-22 02:43:53.445 1237 1237 I CNSS : Failed to open file /data/vendor/wifi/wlan_logs/cnss_fw_logs_current.txt: 13
03-22 02:43:53.439 1237 1237 W cnss_diag: type=1400 audit(0.0:471): avc: denied { read } for name="wlan_logs" dev="dm-10" ino=384 scontext=u:r:vendor_wcnss_service:s0 tcontext=u:object_r:vendor_wifi_vendor_log_data_file:s0 tclass=dir permissive=0
03-22 02:43:53.439 1237 1237 W cnss_diag: type=1400 audit(0.0:472): avc: denied { search } for name="wlan_logs" dev="dm-10" ino=384 scontext=u:r:vendor_wcnss_service:s0 tcontext=u:object_r:vendor_wifi_vendor_log_data_file:s0 tclass=dir permissive=0
03-22 02:43:53.608 1255 1319 I selfinstaller: create socket failed: Network is unreachable 101
03-22 02:43:53.671 1337 1453 E tlogd : [TzLogger](isPathReadable) file /sys/kernel/debug/tzdbg/qsee_log isn't exist or no permission, err: No such file or directory
03-22 02:43:53.671 1337 1453 E tlogd : [TzLogger](saveTzlogAsync) /sys/kernel/debug/tzdbg/qsee_log can not read.
03-22 02:43:53.671 1337 1453 E tlogd : [TzLogger](isPathReadable) file /sys/kernel/debug/tzdbg/log isn't exist or no permission, err: No such file or directory
03-22 02:43:53.671 1337 1453 E tlogd : [TzLogger](saveTzlogAsync) /sys/kernel/debug/tzdbg/log can not read.
03-22 02:43:54.203 2757 2757 W hpplay-java: [main]:IPManager:getActiveNets invalid networkInfo:null
03-22 02:43:54.203 2757 2757 I hpplay-java: [main]:IPManager:getActiveNets eth0:false wifi:false mobile:false ap:false
03-22 02:43:54.203 2757 2757 I hpplay-java: [main]:ServerTaskManager:get local ip:null
03-22 02:43:54.336 645 660 I mpu_uart: [MSG-P:RECV]:No message received in 1000 ms
03-22 02:43:55.205 2757 2757 W hpplay-java: [main]:IPManager:getActiveNets invalid networkInfo:null
03-22 02:43:55.205 2757 2757 I hpplay-java: [main]:IPManager:getActiveNets eth0:false wifi:false mobile:false ap:false
03-22 02:43:55.205 2757 2757 I hpplay-java: [main]:ServerTaskManager:get local ip:null
03-22 02:43:55.337 645 660 I mpu_uart: [MSG-P:RECV]:No message received in 1000 ms
03-22 02:43:56.207 2757 2757 W hpplay-java: [main]:IPManager:getActiveNets invalid networkInfo:null
03-22 02:43:56.207 2757 2757 I hpplay-java: [main]:IPManager:getActiveNets eth0:false wifi:false mobile:false ap:false
03-22 02:43:56.207 2757 2757 I hpplay-java: [main]:ServerTaskManager:get local ip:null
03-22 02:43:56.337 645 660 I mpu_uart: [MSG-P:RECV]:No message received in 1000 ms
03-22 02:43:56.419 645 659 I mpu_uart: [MSG-P:R]:recv sync frame timeout
03-22 02:43:56.439 1237 1237 W cnss_diag: type=1400 audit(0.0:473): avc: denied { getattr } for path="/data/vendor/wifi/wlan_logs" dev="dm-10" ino=384 scontext=u:r:vendor_wcnss_service:s0 tcontext=u:object_r:vendor_wifi_vendor_log_data_file:s0 tclass=dir permissive=0
03-22 02:43:56.445 1237 1237 I CNSS : cnss_open_log_file: create directory /data/vendor/wifi/wlan_logs/ ret = -1 errno= 17
03-22 02:43:56.445 1237 1237 I CNSS : failed to open file a+ mode or file size 0 is less than max_file_size 31457280
03-22 02:43:56.445 1237 1237 I CNSS : Failed to open file /data/vendor/wifi/wlan_logs/cnss_fw_logs_current.txt: 13
03-22 02:43:56.439 1237 1237 W cnss_diag: type=1400 audit(0.0:474): avc: denied { read } for name="wlan_logs" dev="dm-10" ino=384 scontext=u:r:vendor_wcnss_service:s0 tcontext=u:object_r:vendor_wifi_vendor_log_data_file:s0 tclass=dir permissive=0
03-22 02:43:56.439 1237 1237 W cnss_diag: type=1400 audit(0.0:475): avc: denied { search } for name="wlan_logs" dev="dm-10" ino=384 scontext=u:r:vendor_wcnss_service:s0 tcontext=u:object_r:vendor_wifi_vendor_log_data_file:s0 tclass=dir permissive=0
03-22 02:43:57.031 2315 2315 D RemoteControlService: startVlanDispatchThread
01-01 08:02:43.753 0 0 E DTC_ETH,link_delay_work_func: 3003, SQI=0, link=0
03-22 02:43:57.209 2757 2757 W hpplay-java: [main]:IPManager:getActiveNets invalid networkInfo:null
03-22 02:43:57.209 2757 2757 I hpplay-java: [main]:IPManager:getActiveNets eth0:false wifi:false mobile:false ap:false
03-22 02:43:57.209 2757 2757 I hpplay-java: [main]:ServerTaskManager:get local ip:null
03-22 02:43:57.337 645 660 I mpu_uart: [MSG-P:RECV]:No message received in 1000 ms
01-01 08:02:44.554 0 0 I init : starting service 'hht_ota_mgr_service'...
03-22 02:43:57.939 4087 4087 E vota : [c42144f8]: [vota]: init: ..
03-22 02:43:57.939 4087 4087 E vota : [c42144f8]: [vota]: [warning]: the java machine be not inited, please pass it to the tb_init function! at tb_android_init_env(): 43, src/vota/platform/android/android.c
03-22 02:43:57.940 4087 4087 E vota : [c42144f8]: [vota]: version: tbox_v1_6_7_202302251411_arm64-v8a_elf by Android (8481493, based on r416183c2) Clang 12.0.9 (https://android.googlesource.com/toolchain/llvm-project c935d99d7cf2016289302412d708641d52d2f7ee)
03-22 02:43:57.940 4087 4087 E vota : [c42144f8]: [vota]: init: ok
03-22 02:43:57.940 4087 4087 E vota : [c42144f8]: [vota]: [scheduler]: start ..
03-22 02:43:57.940 4087 4087 E vota : [c42144f8]: [vota]: [coroutine]: init 0x6fc2c09158
03-22 02:43:57.940 4087 4087 E vota : [c42144f8]: [vota]: [scheduler]: start ok
03-22 02:43:57.940 4087 4087 E vota : [c42144f8]: [vota]: [scheduler]: switch to coroutine(0x6fc2c09158) from coroutine(0x6fc2cf1ca0)
03-22 02:43:57.940 4087 4087 E vota : [c42144f8]: [vota]: [coroutine]: entry: 0x6fc2c09158 stack: 0x6fc2c091b8 - 0x6fc2c491b8 from coroutine(0x6fc2cf1ca0)
03-22 02:43:57.940 4087 4087 I hiphi_update_api: Hh_GetVersion calling ......
03-22 02:43:57.940 4087 4087 I hiphi_update_api: get version:01.00.C101_20230322_private_user薍粇_
03-22 02:43:57.940 4087 4087 I hiphi_update_api: Hh_GetVersion ret:0
03-22 02:43:57.986 4087 4087 E vota : [c42144f8]: [vota]: [scheduler]: finish coroutine(0x6fc2c09158)
03-22 02:43:57.986 4087 4087 E vota : [c42144f8]: [vota]: [scheduler]: switch to original coroutine
03-22 02:43:57.986 4087 4087 E vota : [c42144f8]: [vota]: [scheduler]: switch to coroutine(0x6fc2cf1ca0) from coroutine(0x6fc2c09158)
03-22 02:43:57.986 4087 4087 E vota : [c42144f8]: [vota]: [scheduler]: [loop]: ready 0
03-22 02:43:57.986 4087 4087 E vota : [c42144f8]: [vota]: [coroutine]: exit: 0x6fc2c09158
03-22 02:43:57.987 4087 4087 E vota : [c42144f8]: [vota]: [lock_profiler]:
03-22 02:43:57.987 4087 4087 E vota : [c42144f8]: [vota]: [lock_profiler]: lock: 0xb400006d53e51374, name: native_large_allocator, occupied: 0
03-22 02:43:57.987 4087 4087 E vota : [c42144f8]: [vota]: [lock_profiler]: lock: 0xb400006d63e5790c, name: allocator, occupied: 0
03-22 02:43:57.987 4087 4087 E vota : [c42144f8]: [vota]: [small_allocator]:
03-22 02:43:57.987 4087 4087 E vota : [c42144f8]: [vota]: [static_fixed_pool]: [16]: peak_size: 288, wast_rate: 4074/10000, pred_failed: 0, item_maxn: 245, free_count: 18, malloc_count: 18
03-22 02:43:57.987 4087 4087 E vota : [c42144f8]: [vota]: [static_fixed_pool]: [96]: peak_size: 2208, wast_rate: 1028/10000, pred_failed: 0, item_maxn: 248, free_count: 23, malloc_count: 23
03-22 02:43:57.987 4087 4087 E vota : [c42144f8]: [vota]: [static_fixed_pool]: [128]: peak_size: 9216, wast_rate: 791/10000, pred_failed: 0, item_maxn: 249, free_count: 72, malloc_count: 72
03-22 02:43:57.983 4087 4087 W hht_ota_mgr: type=1400 audit(0.0:476): avc: denied { read append } for name="NvmSim_yy.dat" dev="dm-10" ino=391 scontext=u:r:hht_ota_mgr:s0 tcontext=u:object_r:system_data_file:s0 tclass=file permissive=0
03-22 02:43:57.987 4087 4087 E vota : [c42144f8]: [vota]: [static_fixed_pool]: [192]: peak_size: 2112, wast_rate: 541/10000, pred_failed: 0, item_maxn: 250, free_count: 11, malloc_count: 11
03-22 02:43:57.987 4087 4087 E vota : [c42144f8]: [vota]: [static_fixed_pool]: [256]: peak_size: 256, wast_rate: 411/10000, pred_failed: 0, item_maxn: 251, free_count: 1, malloc_count: 1
03-22 02:43:57.987 4087 4087 E vota : [c42144f8]: [vota]: [static_fixed_pool]: [384]: peak_size: 5376, wast_rate: 278/10000, pred_failed: 0, item_maxn: 252, free_count: 14, malloc_count: 14
03-22 02:43:57.987 4087 4087 E vota : [c42144f8]: [vota]: [static_fixed_pool]: [512]: peak_size: 5632, wast_rate: 210/10000, pred_failed: 0, item_maxn: 253, free_count: 11, malloc_count: 11
03-22 02:43:57.987 4087 4087 E vota : [c42144f8]: [vota]: [static_fixed_pool]: [1024]: peak_size: 2048, wast_rate: 106/10000, pred_failed: 0, item_maxn: 254, free_count: 2, malloc_count: 2
03-22 02:43:57.987 4087 4087 E vota : [c42144f8]: [vota]: [native_large_allocator]:
03-22 02:43:57.987 4087 4087 E vota : [c42144f8]: [vota]: [native_large_allocator]: peak_size: 3373986
03-22 02:43:57.987 4087 4087 E vota : [c42144f8]: [vota]: [native_large_allocator]: wast_rate: 4/10000
03-22 02:43:57.987 4087 4087 E vota : [c42144f8]: [vota]: [native_large_allocator]: free_count: 52
03-22 02:43:57.987 4087 4087 E vota : [c42144f8]: [vota]: [native_large_allocator]: malloc_count: 52
03-22 02:43:57.987 4087 4087 E vota : [c42144f8]: [vota]: [native_large_allocator]: ralloc_count: 0
03-22 02:43:57.987 4087 4087 E vota : [c42144f8]: [vota]: exit: ok
01-01 08:02:44.643 0 0 I init : Service 'hht_ota_mgr_service' (pid 4087) exited with status 0
