03-22 02:42:50.295 1206 3928 I system_server: libdebuggerd_client: done dumping process 1225
03-22 02:42:50.297 1206 3928 I ActivityManager: Collecting stacks for native pid 1238
03-22 02:42:50.298 1206 3928 I system_server: libdebuggerd_client: started dumping process 1238
01-01 08:01:36.951 0 0 I init : Untracked pid 3946 exited with status 0
01-01 08:01:36.951 0 0 I init : Untracked pid 3948 exited with status 0
03-22 02:42:50.299 626 626 I tombstoned: registered intercept for pid 1238 and type kDebuggerdNativeBacktrace
03-22 02:42:50.299 1238 1238 I libc : Requested dump for tid 1238 (cameraserver)
03-22 02:42:50.312 645 660 I mpu_uart: [MSG-P:RECV]:No message received in 1000 ms
03-22 02:42:50.325 3952 3952 I crash_dump64: obtaining output fd from tombstoned, type: kDebuggerdNativeBacktrace
03-22 02:42:50.326 626 626 I tombstoned: received crash request for pid 1238
03-22 02:42:50.326 626 626 I tombstoned: found intercept fd 512 for pid 1238 and type kDebuggerdNativeBacktrace
03-22 02:42:50.326 3952 3952 I crash_dump64: performing dump of process 1238 (target tid = 1238)
03-22 02:42:50.342 1206 3928 I system_server: libdebuggerd_client: done dumping process 1238
03-22 02:42:50.342 626 626 W tombstoned: missing output fd
03-22 02:42:50.344 1206 3928 I ActivityManager: Collecting stacks for native pid 664
03-22 02:42:50.345 1206 3928 I system_server: libdebuggerd_client: started dumping process 664
01-01 08:01:36.999 0 0 I init : Untracked pid 3952 exited with status 0
03-22 02:42:50.347 626 626 I tombstoned: registered intercept for pid 664 and type kDebuggerdNativeBacktrace
03-22 02:42:50.347 664 664 I libc : Requested dump for tid 664 (Binder:664_2)
03-22 02:42:50.354 645 659 I mpu_uart: [MSG-P:R]:recv sync frame timeout
03-22 02:42:50.366 3957 3957 I crash_dump64: obtaining output fd from tombstoned, type: kDebuggerdNativeBacktrace
03-22 02:42:50.367 626 626 I tombstoned: received crash request for pid 664
03-22 02:42:50.367 626 626 I tombstoned: found intercept fd 512 for pid 664 and type kDebuggerdNativeBacktrace
03-22 02:42:50.367 3957 3957 I crash_dump64: performing dump of process 664 (target tid = 664)
03-22 02:42:50.383 1206 3928 I system_server: libdebuggerd_client: done dumping process 664
03-22 02:42:50.383 626 626 W tombstoned: missing output fd
03-22 02:42:50.385 1206 3928 I ActivityManager: Collecting stacks for native pid 857
03-22 02:42:50.386 1206 3928 I system_server: libdebuggerd_client: started dumping process 857
03-22 02:42:50.386 626 626 I tombstoned: registered intercept for pid 857 and type kDebuggerdNativeBacktrace
03-22 02:42:50.387 857 857 I libc : Requested dump for tid 857 (composer-servic)
03-22 02:42:50.411 3964 3964 I crash_dump64: obtaining output fd from tombstoned, type: kDebuggerdNativeBacktrace
03-22 02:42:50.411 626 626 I tombstoned: received crash request for pid 857
03-22 02:42:50.412 626 626 I tombstoned: found intercept fd 512 for pid 857 and type kDebuggerdNativeBacktrace
03-22 02:42:50.412 3964 3964 I crash_dump64: performing dump of process 857 (target tid = 857)
03-22 02:42:50.423 1237 1237 W cnss_diag: type=1400 audit(0.0:390): avc: denied { getattr } for path="/data/vendor/wifi/wlan_logs" dev="dm-10" ino=384 scontext=u:r:vendor_wcnss_service:s0 tcontext=u:object_r:vendor_wifi_vendor_log_data_file:s0 tclass=dir permissive=0
03-22 02:42:50.423 1237 1237 W cnss_diag: type=1400 audit(0.0:391): avc: denied { read } for name="wlan_logs" dev="dm-10" ino=384 scontext=u:r:vendor_wcnss_service:s0 tcontext=u:object_r:vendor_wifi_vendor_log_data_file:s0 tclass=dir permissive=0
03-22 02:42:50.423 1237 1237 W cnss_diag: type=1400 audit(0.0:392): avc: denied { search } for name="wlan_logs" dev="dm-10" ino=384 scontext=u:r:vendor_wcnss_service:s0 tcontext=u:object_r:vendor_wifi_vendor_log_data_file:s0 tclass=dir permissive=0
03-22 02:42:50.429 1237 1237 I CNSS : cnss_open_log_file: create directory /data/vendor/wifi/wlan_logs/ ret = -1 errno= 17
03-22 02:42:50.429 1237 1237 I CNSS : failed to open file a+ mode or file size 0 is less than max_file_size 31457280
03-22 02:42:50.429 1237 1237 I CNSS : Failed to open file /data/vendor/wifi/wlan_logs/host_driver_logs_current.txt: 13
03-22 02:42:50.448 1206 3928 I system_server: libdebuggerd_client: done dumping process 857
03-22 02:42:50.448 626 626 W tombstoned: missing output fd
03-22 02:42:50.450 1206 3928 I ActivityManager: Collecting stacks for native pid 665
03-22 02:42:50.451 1206 3928 I system_server: libdebuggerd_client: started dumping process 665
03-22 02:42:50.452 626 626 I tombstoned: registered intercept for pid 665 and type kDebuggerdNativeBacktrace
03-22 02:42:50.453 665 665 I libc : Requested dump for tid 665 (Binder:665_4)
03-22 02:42:50.477 3970 3970 I crash_dump64: obtaining output fd from tombstoned, type: kDebuggerdNativeBacktrace
03-22 02:42:50.477 626 626 I tombstoned: received crash request for pid 665
03-22 02:42:50.477 626 626 I tombstoned: found intercept fd 512 for pid 665 and type kDebuggerdNativeBacktrace
03-22 02:42:50.477 3970 3970 I crash_dump64: performing dump of process 665 (target tid = 665)
03-22 02:42:50.509 1206 3928 I system_server: libdebuggerd_client: done dumping process 665
03-22 02:42:50.509 626 626 W tombstoned: missing output fd
03-22 02:42:50.511 1206 3928 I ActivityManager: Collecting stacks for native pid 1309
03-22 02:42:50.512 1206 3928 I system_server: libdebuggerd_client: started dumping process 1309
03-22 02:42:50.513 626 626 I tombstoned: registered intercept for pid 1309 and type kDebuggerdNativeBacktrace
03-22 02:42:50.513 626 626 I tombstoned: received crash request for pid 1309
03-22 02:42:50.513 626 626 I tombstoned: found intercept fd 512 for pid 1309 and type kDebuggerdNativeBacktrace
01-01 08:01:37.193 0 0 E DTC_ETH,link_delay_work_func: 3003, SQI=0, link=0
03-22 02:42:50.686 626 626 W tombstoned: missing output fd
03-22 02:42:50.686 1206 3928 I system_server: libdebuggerd_client: done dumping process 1309
03-22 02:42:50.688 1206 3928 I ActivityManager: Collecting stacks for native pid 1247
03-22 02:42:50.689 1206 3928 I system_server: libdebuggerd_client: started dumping process 1247
03-22 02:42:50.690 626 626 I tombstoned: registered intercept for pid 1247 and type kDebuggerdNativeBacktrace
03-22 02:42:50.690 626 626 I tombstoned: received crash request for pid 1247
03-22 02:42:50.690 626 626 I tombstoned: found intercept fd 512 for pid 1247 and type kDebuggerdNativeBacktrace
03-22 02:42:50.748 1206 3928 I system_server: libdebuggerd_client: done dumping process 1247
03-22 02:42:50.748 626 626 W tombstoned: missing output fd
03-22 02:42:50.750 1206 3928 I ActivityManager: Collecting stacks for native pid 1248
03-22 02:42:50.751 1206 3928 I system_server: libdebuggerd_client: started dumping process 1248
03-22 02:42:50.751 626 626 I tombstoned: registered intercept for pid 1248 and type kDebuggerdNativeBacktrace
03-22 02:42:50.752 1248 1248 I libc : Requested dump for tid 1248 (mediametrics)
03-22 02:42:50.770 3975 3975 I crash_dump64: obtaining output fd from tombstoned, type: kDebuggerdNativeBacktrace
03-22 02:42:50.770 626 626 I tombstoned: received crash request for pid 1248
03-22 02:42:50.770 626 626 I tombstoned: found intercept fd 512 for pid 1248 and type kDebuggerdNativeBacktrace
03-22 02:42:50.771 3975 3975 I crash_dump64: performing dump of process 1248 (target tid = 1248)
03-22 02:42:50.783 626 626 W tombstoned: missing output fd
03-22 02:42:50.784 1206 3928 I system_server: libdebuggerd_client: done dumping process 1248
03-22 02:42:50.786 1206 3928 I ActivityManager: Collecting stacks for native pid 802
03-22 02:42:50.787 1206 3928 I system_server: libdebuggerd_client: started dumping process 802
03-22 02:42:50.787 626 626 I tombstoned: registered intercept for pid 802 and type kDebuggerdNativeBacktrace
03-22 02:42:50.788 802 802 I libc : Requested dump for tid 802 (audio.service)
03-22 02:42:50.821 3981 3981 I crash_dump32: obtaining output fd from tombstoned, type: kDebuggerdNativeBacktrace
03-22 02:42:50.822 626 626 I tombstoned: received crash request for pid 802
03-22 02:42:50.822 626 626 I tombstoned: found intercept fd 512 for pid 802 and type kDebuggerdNativeBacktrace
03-22 02:42:50.822 3981 3981 I crash_dump32: performing dump of process 802 (target tid = 802)
03-22 02:42:50.863 626 626 W tombstoned: missing output fd
03-22 02:42:50.864 1206 3928 I system_server: libdebuggerd_client: done dumping process 802
03-22 02:42:50.867 1206 3928 I ActivityManager: Collecting stacks for native pid 995
03-22 02:42:50.869 1206 3928 I system_server: libdebuggerd_client: started dumping process 995
03-22 02:42:50.870 626 626 I tombstoned: registered intercept for pid 995 and type kDebuggerdNativeBacktrace
03-22 02:42:50.871 995 995 I libc : Requested dump for tid 995 (audioserver)
03-22 02:42:50.924 3988 3988 I crash_dump64: obtaining output fd from tombstoned, type: kDebuggerdNativeBacktrace
03-22 02:42:50.925 626 626 I tombstoned: received crash request for pid 995
03-22 02:42:50.925 626 626 I tombstoned: found intercept fd 512 for pid 995 and type kDebuggerdNativeBacktrace
03-22 02:42:50.925 3988 3988 I crash_dump64: performing dump of process 995 (target tid = 995)
03-22 02:42:50.960 626 626 W tombstoned: missing output fd
03-22 02:42:50.961 1206 3928 I system_server: libdebuggerd_client: done dumping process 995
03-22 02:42:50.966 1206 3928 I ActivityManager: Collecting stacks for native pid 1252
03-22 02:42:50.968 1206 3928 I system_server: libdebuggerd_client: started dumping process 1252
03-22 02:42:50.969 626 626 I tombstoned: registered intercept for pid 1252 and type kDebuggerdNativeBacktrace
03-22 02:42:50.969 1252 1252 I libc : Requested dump for tid 1252 (mediaserver)
03-22 02:42:51.015 3993 3993 I crash_dump32: obtaining output fd from tombstoned, type: kDebuggerdNativeBacktrace
03-22 02:42:51.015 626 626 I tombstoned: received crash request for pid 1252
03-22 02:42:51.015 626 626 I tombstoned: found intercept fd 512 for pid 1252 and type kDebuggerdNativeBacktrace
03-22 02:42:51.015 3993 3993 I crash_dump32: performing dump of process 1252 (target tid = 1252)
03-22 02:42:51.044 626 626 W tombstoned: missing output fd
03-22 02:42:51.044 1206 3928 I system_server: libdebuggerd_client: done dumping process 1252
03-22 02:42:51.046 1206 3928 I ActivityManager: Collecting stacks for native pid 812
03-22 02:42:51.047 1206 3928 I system_server: libdebuggerd_client: started dumping process 812
03-22 02:42:51.048 626 626 I tombstoned: registered intercept for pid 812 and type kDebuggerdNativeBacktrace
03-22 02:42:51.049 812 812 I libc : Requested dump for tid 812 (bluetooth@1.0-s)
03-22 02:42:51.062 2757 2757 W hpplay-java: [main]:IPManager:getActiveNets invalid networkInfo:null
03-22 02:42:51.062 2757 2757 I hpplay-java: [main]:IPManager:getActiveNets eth0:false wifi:false mobile:false ap:false
03-22 02:42:51.062 2757 2757 I hpplay-java: [main]:ServerTaskManager:get local ip:null
03-22 02:42:51.074 3998 3998 I crash_dump64: obtaining output fd from tombstoned, type: kDebuggerdNativeBacktrace
03-22 02:42:51.074 626 626 I tombstoned: received crash request for pid 812
03-22 02:42:51.074 626 626 I tombstoned: found intercept fd 512 for pid 812 and type kDebuggerdNativeBacktrace
03-22 02:42:51.075 3998 3998 I crash_dump64: performing dump of process 812 (target tid = 812)
03-22 02:42:51.087 626 626 W tombstoned: missing output fd
03-22 02:42:51.087 1206 3928 I system_server: libdebuggerd_client: done dumping process 812
03-22 02:42:51.089 1206 3928 I ActivityManager: Collecting stacks for native pid 877
03-22 02:42:51.091 1206 3928 I system_server: libdebuggerd_client: started dumping process 877
03-22 02:42:51.091 626 626 I tombstoned: registered intercept for pid 877 and type kDebuggerdNativeBacktrace
03-22 02:42:51.092 626 626 I tombstoned: received crash request for pid 877
03-22 02:42:51.092 626 626 I tombstoned: found intercept fd 512 for pid 877 and type kDebuggerdNativeBacktrace
03-22 02:42:51.312 626 626 W tombstoned: missing output fd
03-22 02:42:51.312 1206 3928 I system_server: libdebuggerd_client: done dumping process 877
03-22 02:42:51.312 645 660 I mpu_uart: [MSG-P:RECV]:No message received in 1000 ms
03-22 02:42:51.314 1206 3928 I ActivityManager: Collecting stacks for native pid 1007
03-22 02:42:51.315 1206 3928 I system_server: libdebuggerd_client: started dumping process 1007
03-22 02:42:51.316 626 626 I tombstoned: registered intercept for pid 1007 and type kDebuggerdNativeBacktrace
03-22 02:42:51.316 1007 1007 I libc : Requested dump for tid 1007 (surfaceflinger)
03-22 02:42:51.358 4003 4003 I crash_dump64: obtaining output fd from tombstoned, type: kDebuggerdNativeBacktrace
03-22 02:42:51.359 626 626 I tombstoned: received crash request for pid 1007
03-22 02:42:51.359 626 626 I tombstoned: found intercept fd 512 for pid 1007 and type kDebuggerdNativeBacktrace
03-22 02:42:51.359 4003 4003 I crash_dump64: performing dump of process 1007 (target tid = 1007)
03-22 02:42:51.395 1206 3928 I system_server: libdebuggerd_client: done dumping process 1007
03-22 02:42:51.395 626 626 W tombstoned: missing output fd
03-22 02:42:51.397 1206 3928 I ActivityManager: Collecting stacks for native pid 816
03-22 02:42:51.398 1206 3928 I system_server: libdebuggerd_client: started dumping process 816
03-22 02:42:51.398 626 626 I tombstoned: registered intercept for pid 816 and type kDebuggerdNativeBacktrace
03-22 02:42:51.402 816 816 I libc : Requested dump for tid 816 (gnss@2.1-servic)
03-22 02:42:51.423 4008 4008 I crash_dump64: obtaining output fd from tombstoned, type: kDebuggerdNativeBacktrace
03-22 02:42:51.423 626 626 I tombstoned: received crash request for pid 816
03-22 02:42:51.423 626 626 I tombstoned: found intercept fd 512 for pid 816 and type kDebuggerdNativeBacktrace
03-22 02:42:51.424 4008 4008 I crash_dump64: performing dump of process 816 (target tid = 816)
03-22 02:42:51.444 1206 3928 I system_server: libdebuggerd_client: done dumping process 816
03-22 02:42:51.444 626 626 W tombstoned: missing output fd
03-22 02:42:51.447 1206 3928 I ActivityManager: Collecting stacks for native pid 818
03-22 02:42:51.448 1206 3928 I system_server: libdebuggerd_client: started dumping process 818
03-22 02:42:51.449 626 626 I tombstoned: registered intercept for pid 818 and type kDebuggerdNativeBacktrace
03-22 02:42:51.449 818 818 I libc : Requested dump for tid 818 (health@2.1-serv)
03-22 02:42:51.477 4013 4013 I crash_dump64: obtaining output fd from tombstoned, type: kDebuggerdNativeBacktrace
03-22 02:42:51.477 626 626 I tombstoned: received crash request for pid 818
03-22 02:42:51.477 626 626 I tombstoned: found intercept fd 512 for pid 818 and type kDebuggerdNativeBacktrace
03-22 02:42:51.477 4013 4013 I crash_dump64: performing dump of process 818 (target tid = 818)
03-22 02:42:51.481 1206 3928 I system_server: libdebuggerd_client: done dumping process 818
03-22 02:42:51.481 626 626 W tombstoned: missing output fd
03-22 02:42:51.483 1206 3928 I ActivityManager: Collecting stacks for native pid 819
03-22 02:42:51.484 1206 3928 I system_server: libdebuggerd_client: started dumping process 819
03-22 02:42:51.484 626 626 I tombstoned: registered intercept for pid 819 and type kDebuggerdNativeBacktrace
03-22 02:42:51.484 819 819 I libc : Requested dump for tid 819 (android.hardwar)
03-22 02:42:51.503 4018 4018 I crash_dump64: obtaining output fd from tombstoned, type: kDebuggerdNativeBacktrace
03-22 02:42:51.504 626 626 I tombstoned: received crash request for pid 819
03-22 02:42:51.504 626 626 I tombstoned: found intercept fd 512 for pid 819 and type kDebuggerdNativeBacktrace
03-22 02:42:51.504 4018 4018 I crash_dump64: performing dump of process 819 (target tid = 819)
03-22 02:42:51.509 1206 3928 I system_server: libdebuggerd_client: done dumping process 819
03-22 02:42:51.509 626 626 W tombstoned: missing output fd
03-22 02:42:51.511 1206 3928 I ActivityManager: Collecting stacks for native pid 1268
03-22 02:42:51.512 1206 3928 I system_server: libdebuggerd_client: started dumping process 1268
03-22 02:42:51.512 626 626 I tombstoned: registered intercept for pid 1268 and type kDebuggerdNativeBacktrace
03-22 02:42:51.513 626 626 I tombstoned: received crash request for pid 1268
03-22 02:42:51.513 626 626 I tombstoned: found intercept fd 512 for pid 1268 and type kDebuggerdNativeBacktrace
03-22 02:42:51.853 1268 3903 I OMX-VENC: venc_dev: stats: avg. fps 0.05, bitrate 807
03-22 02:42:51.881 626 626 W tombstoned: missing output fd
03-22 02:42:51.881 1206 3928 I system_server: libdebuggerd_client: done dumping process 1268
03-22 02:42:51.884 1206 3928 I ActivityManager: Collecting stacks for native pid 821
03-22 02:42:51.884 1206 3928 I system_server: libdebuggerd_client: started dumping process 821
03-22 02:42:51.885 626 626 I tombstoned: registered intercept for pid 821 and type kDebuggerdNativeBacktrace
03-22 02:42:51.886 821 821 I libc : Requested dump for tid 821 (neuralnetworks@)
03-22 02:42:51.899 2315 2315 D RemoteControlService: startVlanDispatchThread
03-22 02:42:51.910 4024 4024 I crash_dump64: obtaining output fd from tombstoned, type: kDebuggerdNativeBacktrace
03-22 02:42:51.910 626 626 I tombstoned: received crash request for pid 821
03-22 02:42:51.910 626 626 I tombstoned: found intercept fd 512 for pid 821 and type kDebuggerdNativeBacktrace
03-22 02:42:51.911 4024 4024 I crash_dump64: performing dump of process 821 (target tid = 821)
03-22 02:42:51.936 1206 3928 I system_server: libdebuggerd_client: done dumping process 821
03-22 02:42:51.936 626 626 W tombstoned: missing output fd
03-22 02:42:51.938 1206 3928 I ActivityManager: Collecting stacks for native pid 570
03-22 02:42:51.939 1206 3928 I system_server: libdebuggerd_client: started dumping process 570
03-22 02:42:51.939 626 626 I tombstoned: registered intercept for pid 570 and type kDebuggerdNativeBacktrace
03-22 02:42:51.940 570 570 I libc : Requested dump for tid 570 (suspend@1.0-ser)
03-22 02:42:51.956 4029 4029 I crash_dump64: obtaining output fd from tombstoned, type: kDebuggerdNativeBacktrace
03-22 02:42:51.956 626 626 I tombstoned: received crash request for pid 570
03-22 02:42:51.956 626 626 I tombstoned: found intercept fd 512 for pid 570 and type kDebuggerdNativeBacktrace
03-22 02:42:51.956 4029 4029 I crash_dump64: performing dump of process 570 (target tid = 570)
03-22 02:42:51.965 1206 3928 I system_server: libdebuggerd_client: done dumping process 570
03-22 02:42:51.965 626 626 W tombstoned: missing output fd
03-22 02:42:51.967 1206 3928 I ActivityManager: Collecting stacks for native pid 827
03-22 02:42:51.968 1206 3928 I system_server: libdebuggerd_client: started dumping process 827
03-22 02:42:51.968 626 626 I tombstoned: registered intercept for pid 827 and type kDebuggerdNativeBacktrace
03-22 02:42:51.969 827 827 I libc : Requested dump for tid 827 (sensors@2.0-ser)
03-22 02:42:51.989 4034 4034 I crash_dump64: obtaining output fd from tombstoned, type: kDebuggerdNativeBacktrace
03-22 02:42:51.989 626 626 I tombstoned: received crash request for pid 827
03-22 02:42:51.989 626 626 I tombstoned: found intercept fd 512 for pid 827 and type kDebuggerdNativeBacktrace
03-22 02:42:51.990 4034 4034 I crash_dump64: performing dump of process 827 (target tid = 827)
03-22 02:42:52.005 1206 3928 I system_server: libdebuggerd_client: done dumping process 827
03-22 02:42:52.005 626 626 W tombstoned: missing output fd
03-22 02:42:52.008 1206 3928 I ActivityManager: Collecting stacks for native pid 571
03-22 02:42:52.008 1206 3928 I system_server: libdebuggerd_client: started dumping process 571
03-22 02:42:52.008 626 626 I tombstoned: registered intercept for pid 571 and type kDebuggerdNativeBacktrace
03-22 02:42:52.009 571 571 I libc : Requested dump for tid 571 (Binder:571_2)
03-22 02:42:52.027 4040 4040 F crash_dump64: crash_dump.cpp:482] failed to attach to thread 571: Permission denied
03-22 02:42:52.023 4040 4040 W crash_dump64: type=1400 audit(0.0:393): avc: denied { ptrace } for scontext=u:r:crash_dump:s0 tcontext=u:r:keystore:s0 tclass=process permissive=0
03-22 02:42:52.028 626 626 I tombstoned: received crash request for pid 571
03-22 02:42:52.028 626 626 I tombstoned: found registered intercept of type kDebuggerdNativeBacktrace for requested type kDebuggerdAnyIntercept
03-22 02:42:52.028 626 626 I tombstoned: found intercept fd 512 for pid 571 and type kDebuggerdNativeBacktrace
03-22 02:42:52.029 1206 3928 I system_server: libdebuggerd_client: done dumping process 571
03-22 02:42:52.029 626 626 W tombstoned: crash socket received short read of length 0 (expected 12)
03-22 02:42:52.030 571 571 F libc : crash_dump helper failed to exec, or was killed
03-22 02:42:52.031 1206 3928 I ActivityManager: Collecting stacks for native pid 1342
03-22 02:42:52.031 1206 3928 I system_server: libdebuggerd_client: started dumping process 1342
03-22 02:42:52.031 626 626 I tombstoned: registered intercept for pid 1342 and type kDebuggerdNativeBacktrace
03-22 02:42:52.032 1342 1342 I libc : Requested dump for tid 1342 (qfp-daemon)
03-22 02:42:52.045 4043 4043 I crash_dump64: obtaining output fd from tombstoned, type: kDebuggerdNativeBacktrace
03-22 02:42:52.046 626 626 I tombstoned: received crash request for pid 1342
03-22 02:42:52.046 626 626 I tombstoned: found intercept fd 512 for pid 1342 and type kDebuggerdNativeBacktrace
03-22 02:42:52.046 4043 4043 I crash_dump64: performing dump of process 1342 (target tid = 1342)
03-22 02:42:52.054 1206 3928 I system_server: libdebuggerd_client: done dumping process 1342
03-22 02:42:52.054 626 626 W tombstoned: missing output fd
03-22 02:42:52.055 1206 3928 I ActivityManager: Done dumping
03-22 02:42:52.060 1206 3928 E ActivityManager: ANR in com.android.systemui (com.android.systemui/.usb.UsbDebuggingActivity)
03-22 02:42:52.060 1206 3928 E ActivityManager: PID: 2002
03-22 02:42:52.060 1206 3928 E ActivityManager: Reason: Input dispatching timed out (Application does not have a focused window)
03-22 02:42:52.060 1206 3928 E ActivityManager: Parent: com.android.systemui/.usb.UsbDebuggingActivity
03-22 02:42:52.060 1206 3928 E ActivityManager: Frozen: false
03-22 02:42:52.060 1206 3928 E ActivityManager: Load: 0.87 / 0.42 / 0.16
03-22 02:42:52.060 1206 3928 E ActivityManager: ----- Output from /proc/pressure/memory -----
03-22 02:42:52.060 1206 3928 E ActivityManager: some avg10=0.00 avg60=0.00 avg300=0.00 total=0
03-22 02:42:52.060 1206 3928 E ActivityManager: full avg10=0.00 avg60=0.00 avg300=0.00 total=0
03-22 02:42:52.060 1206 3928 E ActivityManager: ----- End output from /proc/pressure/memory -----
03-22 02:42:52.060 1206 3928 E ActivityManager:
03-22 02:42:52.060 1206 3928 E ActivityManager: CPU usage from 82838ms to 0ms ago (2023-03-22 02:41:25.003 to 2023-03-22 02:42:47.841):
03-22 02:42:52.060 1206 3928 E ActivityManager: 8.2% 1206/system_server: 5.5% user + 2.6% kernel / faults: 34002 minor 8 major
03-22 02:42:52.060 1206 3928 E ActivityManager: 6.3% 857/vendor.qti.hardware.display.composer-service: 3.9% user + 2.4% kernel / faults: 408 minor
03-22 02:42:52.060 1206 3928 E ActivityManager: 3.6% 1252/mediaserver: 2.1% user + 1.4% kernel / faults: 1762 minor
03-22 02:42:52.060 1206 3928 E ActivityManager: 3.2% 1007/surfaceflinger: 2% user + 1.1% kernel / faults: 620 minor
03-22 02:42:52.060 1206 3928 E ActivityManager: 1.8% 1268/media.codec: 0.4% user + 1.4% kernel / faults: 11515 minor
03-22 02:42:52.060 1206 3928 E ActivityManager: 1.2% 336/kworker/u16:11-ufs_pm_qos_0: 0% user + 1.2% kernel
03-22 02:42:52.060 1206 3928 E ActivityManager: 1.1% 281/kworker/u16:7-kgsl_devfreq_wq: 0% user + 1.1% kernel / faults: 5 minor
03-22 02:42:52.060 1206 3928 E ActivityManager: 1.1% 329/kworker/u16:9-ufs_pm_qos_0: 0% user + 1.1% kernel / faults: 3 minor
03-22 02:42:52.060 1206 3928 E ActivityManager: 1% 342/kworker/u16:12-kverityd: 0% user + 1% kernel / faults: 7 minor
03-22 02:42:52.060 1206 3928 E ActivityManager: 0.9% 1342/qfp-daemon: 0% user + 0.9% kernel / faults: 5511 minor
03-22 02:42:52.060 1206 3928 E ActivityManager: 0.9% 667/zygote: 0.8% user + 0.1% kernel / faults: 19675 minor 2 major
03-22 02:42:52.060 1206 3928 E ActivityManager: 0.9% 506/logd: 0.2% user + 0.6% kernel / faults: 299 minor
03-22 02:42:52.060 1206 3928 E ActivityManager: 0.7% 335/kworker/u16:10-kverityd: 0% user + 0.7% kernel / faults: 14 minor
03-22 02:42:52.060 1206 3928 E ActivityManager: 0.6% 287/kgsl_worker_thr: 0% user + 0.6% kernel
03-22 02:42:52.060 1206 3928 E ActivityManager: 0.6% 1258/tlog: 0.3% user + 0.2% kernel / faults: 23 minor
03-22 02:42:52.060 1206 3928 E ActivityManager: 0.5% 666/zygote64: 0% user + 0.5% kernel / faults: 2589 minor
03-22 02:42:52.060 1206 3928 E ActivityManager: 0.4% 1/init: 0.1% user + 0.3% kernel / faults: 2344 minor
03-22 02:42:52.060 1206 3928 E ActivityManager: 0.4% 995/audioserver: 0.2% user + 0.2% kernel / faults: 86 minor
03-22 02:42:52.060 1206 3928 E ActivityManager: 0.3% 748/crtc_commit:125: 0% user + 0.3% kernel
03-22 02:42:52.060 1206 3928 E ActivityManager: 0.3% 1247/media.extractor: 0.1% user + 0.1% kernel / faults: 1542 minor
03-22 02:42:52.060 1206 3928 E ActivityManager: 0.3% 508/servicemanager: 0.1% user + 0.1% kernel / faults: 22 minor
03-22 02:42:52.060 1206 3928 E ActivityManager: 0.3% 1309/media.swcodec: 0.1% user + 0.1% kernel / faults: 1536 minor
03-22 02:42:52.060 1206 3928 E ActivityManager: 0.2% 10/rcu_preempt: 0% user + 0.2% kernel
03-22 02:42:52.060 1206 3928 E ActivityManager: 0.2% 109/ion-pool-uncach: 0% user + 0.2% kernel
03-22 02:42:52.060 1206 3928 E ActivityManager: 0.2% 509/hwservicemanager: 0.1% user + 0% kernel / faults: 179 minor
03-22 02:42:52.060 1206 3928 E ActivityManager: 0.2% 479/ueventd: 0.1% user + 0% kernel / faults: 644 minor
03-22 02:42:52.060 1206 3928 E ActivityManager: 0.1% 645/vendor.ts.uart@1.0-service: 0% user + 0.1% kernel / faults: 6 minor
03-22 02:42:52.060 1206 3928 E ActivityManager: 0.1% 665/netd: 0% user + 0.1% kernel / faults: 87 minor
03-22 02:42:52.060 1206 3928 E ActivityManager: 0.1% 664/statsd: 0% user + 0.1% kernel / faults: 163 minor
03-22 02:42:52.060 1206 3928 E ActivityManager: 0.1% 21/ksoftirqd/1: 0% user + 0.1% kernel
03-22 02:42:52.060 1206 3928 E ActivityManager: 0.1% 32/rcuop/2: 0% user + 0.1% kernel
03-22 02:42:52.060 1206 3928 E ActivityManager: 0.1% 832/android.hardware.wifi@1.0-service: 0% user + 0% kernel / faults: 494 minor
03-22 02:42:52.060 1206 3928 E ActivityManager: 0.1% 13/rcuop/0: 0% user + 0.1% kernel
03-22 02:42:52.060 1206 3928 E ActivityManager: 0.1% 471/kworker/0:3+pm: 0% user + 0.1% kernel
03-22 02:42:52.060 1206 3928 E ActivityManager: 0.1% 692/kworker/u17:23-kgsl-events: 0% user + 0.1% kernel
03-22 02:42:52.060 1206 3928 E ActivityManager: 0.1% 1246/installd: 0% user + 0% kernel / faults: 6 minor
03-22 02:42:52.060 1206 3928 E ActivityManager: 0.1% 1481/msm_irqbalance: 0% user + 0% kernel / faults: 1 minor
03-22 02:42:52.060 1206 3928 E ActivityManager: 0.1% 452/kworker/u16:15-kverityd: 0% user + 0.1% kernel
03-22 02:42:52.060 1206 3928 E ActivityManager: 0% 570/android.system.suspend@1.0-service: 0% user + 0% kernel
03-22 02:42:52.060 1206 3928 E ActivityManager: 0% 812/android.hardware.bluetooth@1.0-service-qti: 0% user + 0% kernel / faults: 392 minor
03-22 02:42:52.060 1206 3928 E ActivityManager: 0% 865/vendor.qti.hardware.perf@2.2-service: 0% user + 0% kernel / faults: 829 minor
03-22 02:42:52.060 1206 3928 E ActivityManager: 0% 81/kworker/1:1-events: 0% user + 0% kernel
03-22 02:42:52.060 1206 3928 E ActivityManager: 0% 681/kworker/u17:13-pil_workqueue: 0% user + 0% kernel
03-22 02:42:52.060 1206 3928 E ActivityManager: 0% 820/android.hardware.memtrack@1.0-service: 0% user + 0% kernel
03-22 02:42:52.060 1206 3928 E ActivityManager: 0% 88/qmp_aop: 0% user + 0% kernel
03-22 02:42:52.060 1206 3928 E ActivityManager: 0% 111/system: 0% user + 0% kernel
03-22 02:42:52.060 1206 3928 E ActivityManager: 0% 507/lmkd: 0% user + 0% kernel / faults: 186 minor
03-22 02:42:52.060 1206 3928 E ActivityManager: 0% 877/media.hwcodec: 0% user + 0% kernel / faults: 130 minor
03-22 02:42:52.060 1206 3928 E ActivityManager: 0% 894/qrtr-ns: 0% user + 0% kernel
03-22 02:42:52.060 1206 3928 E ActivityManager: 0% 1311/cnss-daemon: 0% user + 0% kernel / faults: 459 minor
03-22 02:42:52.060 1206 3928 E ActivityManager: 0% 24/rcuop/1: 0% user + 0% kernel
03-22 02:42:52.060 1206 3928 E ActivityManager: 0% 37/ksoftirqd/3: 0% user + 0% kernel
03-22 02:42:52.060 1206 3928 E ActivityManager: 0% 84/kworker/2:1-sock_diag_events: 0% user + 0% kernel
03-22 02:42:52.060 1206 3928 E ActivityManager: 0% 519/qseecomd: 0% user + 0% kernel
03-22 02:42:52.060 1206 3928 E ActivityManager: 0% 749/crtc_event:125: 0% user + 0% kernel
03-22 02:42:52.060 1206 3928 E ActivityManager: 0% 1264/wificond: 0% user + 0% kernel / faults: 49 minor
03-22 02:42:52.060 1206 3928 E ActivityManager: 0% 9/ksoftirqd/0: 0% user + 0% kernel
03-22 02:42:52.060 1206 3928 E ActivityManager: 0% 40/rcuop/3: 0% user + 0% kernel
03-22 02:42:52.060 1206 3928 E ActivityManager: 0% 350/irq/382-atmel_m: 0% user + 0% kernel
03-22 02:42:52.060 1206 3928 E ActivityManager: 0% 1248/media.metrics: 0% user + 0% kernel / faults: 207 minor
03-22 02:42:52.060 1206 3928 E ActivityManager: 0% 1255/selfinstaller: 0% user + 0% kernel
03-22 02:42:52.060 1206 3928 E ActivityManager: 0% 1265/perfservice: 0% user + 0% kernel / faults: 32 minor
03-22 02:42:52.060 1206 3928 E ActivityManager: 0% 1351/lowi-server: 0% user + 0% kernel / faults: 172 minor
03-22 02:42:52.060 1206 3928 E ActivityManager: 0% 11/rcu_sched: 0% user + 0% kernel
03-22 02:42:52.060 1206 3928 E ActivityManager: 0% 29/ksoftirqd/2: 0% user + 0% kernel
03-22 02:42:52.060 1206 3928 E ActivityManager: 0% 56/rcuop/5: 0% user + 0% kernel
03-22 02:42:52.060 1206 3928 E ActivityManager: 0% 64/rcuop/6: 0% user + 0% kernel
03-22 02:42:52.060 1206 3928 E ActivityManager: 0% 72/rcuop/7: 0% user + 0% kernel
03-22 02:42:52.060 1206 3928 E ActivityManager: 0% 387/kworker/3:4-events: 0% user + 0% kernel
03-22 02:42:52.060 1206 3928 E ActivityManager: 0% 521/vold: 0% user + 0% kernel / faults: 237 minor
03-22 02:42:52.060 1206 3928 E ActivityManager: 0% 797/ssgtzd: 0% user + 0% kernel / faults: 18 minor
03-22 02:42:52.060 1206 3928 E ActivityManager: 0% 816/android.hardware.gnss@2.1-service-qti: 0% user + 0% kernel / faults: 170 minor
03-22 02:42:52.060 1206 3928 E ActivityManager: 0% 859/vendor.qti.hardware.iop@2.0-service: 0% user + 0% kernel / faults: 210 minor
03-22 02:42:52.060 1206 3928 E ActivityManager: 0% 869/vendor.qti.hardware.servicetracker@1.2-service: 0% user + 0% kernel / faults: 10 minor
03-22 02:42:52.060 1206 3928 E ActivityManager: 0% 1018/tftp_server: 0% user + 0% kernel
03-22 02:42:52.060 1206 3928 E ActivityManager: 0% 1237/cnss_diag: 0% user + 0% kernel
03-22 02:42:52.060 1206 3928 E ActivityManager: 0% 1238/cameraserver: 0% user + 0% kernel / faults: 87 minor
03-22 02:42:52.060 1206 3928 E ActivityManager: 0% 1352/slim_daemon: 0% user + 0% kernel / faults: 73 minor
03-22 02:42:52.060 1206 3928 E ActivityManager: 0% 14/rcuos/0: 0% user + 0% kernel
03-22 02:42:52.060 1206 3928 E ActivityManager: 0% 16/migration/0: 0% user + 0% kernel
03-22 02:42:52.060 1206 3928 E ActivityManager: 0% 20/migration/1: 0% user + 0% kernel
03-22 02:42:52.060 1206 3928 E ActivityManager: 0% 33/rcuos/2: 0% user + 0% kernel
03-22 02:42:52.060 1206 3928 E ActivityManager: 0% 48/rcuop/4: 0% user + 0% kernel
03-22 02:42:52.060 1206 3928 E ActivityManager: 0% 79/kworker/6:1-sock_diag_events: 0% user + 0% kernel
03-22 02:42:52.060 1206 3928 E ActivityManager: 0% 82/kworker/4:1-sock_diag_events: 0% user + 0% kernel
03-22 02:42:52.060 1206 3928 E ActivityManager: 0% 83/kworker/7:1-events_freezable_power_: 0% user + 0% kernel
03-22 02:42:52.060 1206 3928 E ActivityManager: 0% 101/irq/41-tsens-up: 0% user + 0% kernel
03-22 02:42:52.060 1206 3928 E ActivityManager: 0% 477/init: 0% user + 0% kernel / faults: 6 minor
03-22 02:42:52.060 1206 3928 E ActivityManager: 0% 510/vndservicemanager: 0% user + 0% kernel
03-22 02:42:52.060 1206 3928 E ActivityManager: 0% 518/android.hardware.keymaster@4.1-service-qti: 0% user + 0% kernel
03-22 02:42:52.060 1206 3928 E ActivityManager: 0% 580/kworker/5:2-sock_diag_events: 0% user + 0% kernel
03-22 02:42:52.060 1206 3928 E ActivityManager: 0% 644/ipacm: 0% user + 0% kernel
03-22 02:42:52.060 1206 3928 E ActivityManager: 0% 686/kworker/u17:17-pil_workqueue: 0% user + 0% kernel
03-22 02:42:52.060 1206 3928 E ActivityManager: 0% 717/ip6tables-restore: 0% user + 0% kernel / faults: 8 minor
03-22 02:42:52.060 1206 3928 E ActivityManager: 0% 805/android.hidl.allocator@1.0-service: 0% user + 0% kernel
03-22 02:42:52.060 1206 3928 E ActivityManager: 0% 852/vendor.qti.hardware.display.allocator-service: 0% user + 0% kernel / faults: 29 minor
03-22 02:42:52.060 1206 3928 E ActivityManager: 0% 866/vendor.qti.hardware.qccvndhal@1.0-service: 0% user + 0% kernel
03-22 02:42:52.060 1206 3928 E ActivityManager: 0% 885/vendor.qti.qspmhal@1.0-service: 0% user + 0% kernel / faults: 2 minor
03-22 02:42:52.060 1206 3928 E ActivityManager: 0% 887/vendor.thundercomm.hardware.tsnv@1.0-service: 0% user + 0% kernel / faults: 17 minor
03-22 02:42:52.060 1206 3928 E ActivityManager: 0% 955/pd-mapper: 0% user + 0% kernel / faults: 1 minor
03-22 02:42:52.060 1206 3928 E ActivityManager: 0% 959/pm-service: 0% user + 0% kernel / faults: 1 minor
03-22 02:42:52.060 1206 3928 E ActivityManager: 0% 997/gpuservice: 0% user + 0% kernel / faults: 26 minor
03-22 02:42:52.060 1206 3928 E ActivityManager: 0% 1179/wlan_logging_th: 0% user + 0% kernel
03-22 02:42:52.060 1206 3928 E ActivityManager: 0% 1225/drmserver: 0% user + 0% kernel / faults: 18 minor
03-22 02:42:52.060 1206 3928 E ActivityManager: 0% 1226/iorapd: 0% user + 0% kernel / faults: 107 minor
03-22 02:42:52.060 1206 3928 E ActivityManager: 0% 1257/storaged: 0% user + 0% kernel / faults: 35 minor
03-22 02:42:52.060 1206 3928 E ActivityManager: 0% 1288/cnd: 0% user + 0% kernel / faults: 4 minor
03-22 02:42:52.060 1206 3928 E ActivityManager: 0% 1337/tzlog: 0% user + 0% kernel
03-22 02:42:52.060 1206 3928 E ActivityManager: 0% 1339/update_engine: 0% user + 0% kernel / faults: 8 minor
03-22 02:42:52.060 1206 3928 E ActivityManager: 0% 1363/imsdatadaemon: 0% user + 0% kernel
03-22 02:42:52.060 1206 3928 E ActivityManager: +0% 1966/dsi_err_workq: 0% user + 0% kernel
03-22 02:42:52.060 1206 3928 E ActivityManager: +0% 1973/iorap.prefetcherd: 0% user + 0% kernel
03-22 02:42:52.060 1206 3928 E ActivityManager: +0% 1988/com.android.bluetooth: 0% user + 0% kernel
03-22 02:42:52.060 1206 3928 E ActivityManager: +0% 2002/com.android.systemui: 0% user + 0% kernel
03-22 02:42:52.060 1206 3928 E ActivityManager: +0% 2044/com.android.networkstack.process: 0% user + 0% kernel
03-22 02:42:52.060 1206 3928 E ActivityManager: +0% 2116/com.thundercomm.gamemode: 0% user + 0% kernel
03-22 02:42:52.060 1206 3928 E ActivityManager: +0% 2153/webview_zygote: 0% user + 0% kernel
03-22 02:42:52.060 1206 3928 E ActivityManager: +0% 2176/com.thundercomm.microservice: 0% user + 0% kernel
03-22 02:42:52.060 1206 3928 E ActivityManager: +0% 2180/com.thundercomm.microsettings: 0% user + 0% kernel
03-22 02:42:52.060 1206 3928 E ActivityManager: +0% 2185/.dataservices: 0% user + 0% kernel
03-22 02:42:52.060 1206 3928 E ActivityManager: +0% 2188/.qtidataservices: 0% user + 0% kernel
03-22 02:42:52.060 1206 3928 E ActivityManager: +0% 2197/com.thundercomm.tchttpserver: 0% user + 0% kernel
03-22 02:42:52.060 1206 3928 E ActivityManager: +0% 2211/com.tc.logclient: 0% user + 0% kernel
03-22 02:42:52.060 1206 3928 E ActivityManager: +0% 2258/com.thundercomm.tcsetupwizard: 0% user + 0% kernel
03-22 02:42:52.060 1206 3928 E ActivityManager: +0% 2273/vendor.qti.qesdk.sysservice: 0% user + 0% kernel
03-22 02:42:52.060 1206 3928 E ActivityManager: +0% 2284/com.qti.qualcomm.mstatssystemservice: 0% user + 0% kernel
03-22 02:42:52.060 1206 3928 E ActivityManager: +0% 2292/com.android.se: 0% user + 0% kernel
03-22 02:42:52.060 1206 3928 E ActivityManager: +0% 2315/com.thundercomm.remotecontrolservice: 0% user + 0% kernel
03-22 02:42:52.060 1206 3928 E ActivityManager: +0% 2335/com.thundercomm.tcservice: 0% user + 0% kernel
03-22 02:42:52.060 1206 3928 E ActivityManager: +0% 2388/com.qualcomm.qti.qdma: 0% user + 0% kernel
03-22 02:42:52.060 1206 3928 E ActivityManager: +0% 2397/com.android.settings: 0% user + 0% kernel
03-22 02:42:52.060 1206 3928 E ActivityManager: +0% 2408/android.ext.services: 0% user + 0% kernel
03-22 02:42:52.060 1206 3928 E ActivityManager: +0% 2431/com.thundercomm.gamemode.provider: 0% user + 0% kernel
03-22 02:42:52.060 1206 3928 E ActivityManager: +0% 2538/com.qualcomm.qti.qccauthmgr: 0% user + 0% kernel
03-22 02:42:52.060 1206 3928 E ActivityManager: +0% 2566/com.android.launcher3: 0% user + 0% kernel
03-22 02:42:52.060 1206 3928 E ActivityManager: +0% 2639/irq/350-mhi: 0% user + 0% kernel
03-22 02:42:52.060 1206 3928 E ActivityManager: +0% 2669/com.qualcomm.location: 0% user + 0% kernel
03-22 02:42:52.060 1206 3928 E ActivityManager: +0% 2671/adbd: 0% user + 0% kernel
03-22 02:42:52.060 1206 3928 E ActivityManager: +0% 2692/mdnsd: 0% user + 0% kernel
03-22 02:42:52.060 1206 3928 E ActivityManager: +0% 2704/irq/16-90b6400.: 0% user + 0% kernel
03-22 02:42:52.060 1206 3928 E ActivityManager: +0% 2709/irq/17-9091000.: 0% user + 0% kernel
03-22 02:42:52.060 1206 3928 E ActivityManager: +0% 2714/qspmsvc: 0% user + 0% kernel
03-22 02:42:52.060 1206 3928 E ActivityManager: +0% 2757/com.hht.lebocast: 0% user + 0% kernel
03-22 02:42:52.060 1206 3928 E ActivityManager: +0% 2762/qrtr_rx: 0% user + 0% kernel
03-22 02:42:52.060 1206 3928 E ActivityManager: +0% 2783/ts.car.uart: 0% user + 0% kernel
03-22 02:42:52.060 1206 3928 E ActivityManager: +0% 2802/com.hryt.hiphishowfsecontrol: 0% user + 0% kernel
03-22 02:42:52.060 1206 3928 E ActivityManager: +0% 2808/.pasr: 0% user + 0% kernel
03-22 02:42:52.060 1206 3928 E ActivityManager: +0% 2817/com.qualcomm.qti.services.systemhelper:systemhelper_service: 0% user + 0% kernel
03-22 02:42:52.060 1206 3928 E ActivityManager: +0% 2850/com.qualcomm.qti.qccnetstat: 0% user + 0% kernel
03-22 02:42:52.060 1206 3928 E ActivityManager: +0% 2870/com.qualcomm.qti.workloadclassifier: 0% user + 0% kernel
03-22 02:42:52.060 1206 3928 E ActivityManager: +0% 2878/com.android.providers.media.module: 0% user + 0% kernel
03-22 02:42:52.060 1206 3928 E ActivityManager: +0% 2881/com.qualcomm.qtil.aptxui: 0% user + 0% kernel
03-22 02:42:52.060 1206 3928 E ActivityManager: +0% 2901/com.qualcomm.location.XT: 0% user + 0% kernel
03-22 02:42:52.060 1206 3928 E ActivityManager: +0% 2968/com.android.keychain: 0% user + 0% kernel
03-22 02:42:52.060 1206 3928 E ActivityManager: +0% 2979/android.process.media: 0% user + 0% kernel
03-22 02:42:52.060 1206 3928 E ActivityManager: +0% 3029/com.android.traceur: 0% user + 0% kernel
03-22 02:42:52.060 1206 3928 E ActivityManager: +0% 3081/com.qualcomm.qti.devicestatisticsservice: 0% user + 0% kernel
03-22 02:42:52.060 1206 3928 E ActivityManager: +0% 3130/thermal-engine: 0% user + 0% kernel
03-22 02:42:52.060 1206 3928 E ActivityManager: +0% 3152/com.qti.diagservices: 0% user + 0% kernel
03-22 02:42:52.060 1206 3928 E ActivityManager: +0% 3235/android.process.acore: 0% user + 0% kernel
03-22 02:42:52.060 1206 3928 E ActivityManager: +0% 3335/scheduler_threa: 0% user + 0% kernel
03-22 02:42:52.060 1206 3928 E ActivityManager: +0% 3336/cds_ol_rx_threa: 0% user + 0% kernel
03-22 02:42:52.060 1206 3928 E ActivityManager: +0% 3337/dp_rx_thread_0: 0% user + 0% kernel
03-22 02:42:52.060 1206 3928 E ActivityManager: +0% 3338/dp_rx_thread_1: 0% user + 0% kernel
03-22 02:42:52.060 1206 3928 E ActivityManager: +0% 3339/dp_rx_thread_2: 0% user + 0% kernel
03-22 02:42:52.060 1206 3928 E ActivityManager: +0% 3351/wpa_supplicant: 0% user + 0% kernel
03-22 02:42:52.060 1206 3928 E ActivityManager: +0% 3359/com.android.localtransport: 0% user + 0% kernel
03-22 02:42:52.060 1206 3928 E ActivityManager: +0% 3361/com.android.dynsystem: 0% user + 0% kernel
03-22 02:42:52.060 1206 3928 E ActivityManager: +0% 3399/com.android.dynsystem:dynsystem: 0% user + 0% kernel
03-22 02:42:52.060 1206 3928 E ActivityManager: +0% 3437/com.android.managedprovisioning: 0% user + 0% kernel
03-22 02:42:52.060 1206 3928 E ActivityManager: +0% 3453/com.android.music: 0% user + 0% kernel
03-22 02:42:52.060 1206 3928 E ActivityManager: +0% 3470/com.android.onetimeinitializer: 0% user + 0% kernel
03-22 02:42:52.060 1206 3928 E ActivityManager: +0% 3487/com.android.packageinstaller: 0% user + 0% kernel
03-22 02:42:52.060 1206 3928 E ActivityManager: +0% 3502/com.android.permissioncontroller: 0% user + 0% kernel
03-22 02:42:52.060 1206 3928 E ActivityManager: +0% 3518/com.android.providers.calendar: 0% user + 0% kernel
03-22 02:42:52.060 1206 3928 E ActivityManager: +0% 3539/com.android.shell: 0% user + 0% kernel
03-22 02:42:52.060 1206 3928 E ActivityManager: +0% 3604/com.qualcomm.qti.qms.service.connectionsecurity: 0% user + 0% kernel
03-22 02:42:52.060 1206 3928 E ActivityManager: +0% 3630/com.android.externalstorage: 0% user + 0% kernel
03-22 02:42:52.060 1206 3928 E ActivityManager: +0% 3763/com.qualcomm.qti.qms.service.trustzoneaccess: 0% user + 0% kernel
03-22 02:42:52.060 1206 3928 E ActivityManager: +0% 3810/kworker/2:2-events_freezable_power_: 0% user + 0% kernel
03-22 02:42:52.060 1206 3928 E ActivityManager: +0% 3863/getevent: 0% user + 0% kernel
03-22 02:42:52.060 1206 3928 E ActivityManager: +0% 3879/sh: 0% user + 0% kernel
03-22 02:42:52.060 1206 3928 E ActivityManager: +0% 3881/app_process: 0% user + 0% kernel
03-22 02:42:52.060 1206 3928 E ActivityManager: +0% 3895/app_process: 0% user + 0% kernel
03-22 02:42:52.060 1206 3928 E ActivityManager: 7.8% TOTAL: 3.6% user + 3.6% kernel + 0.1% iowait + 0.3% irq + 0.1% softirq
03-22 02:42:52.060 1206 3928 E ActivityManager: CPU usage from 75ms to 387ms later (2023-03-22 02:42:47.916 to 2023-03-22 02:42:48.227):
03-22 02:42:52.060 1206 3928 E ActivityManager: 23% 1206/system_server: 15% user + 7.7% kernel / faults: 370 minor
03-22 02:42:52.060 1206 3928 E ActivityManager: 23% 3928/AnrConsumer: 11% user + 11% kernel
03-22 02:42:52.060 1206 3928 E ActivityManager: 3.4% 281/kworker/u16:7-memlat_wq: 0% user + 3.4% kernel
03-22 02:42:52.060 1206 3928 E ActivityManager: 3.5% 387/kworker/3:4-mm_percpu_wq: 0% user + 3.5% kernel
03-22 02:42:52.060 1206 3928 E ActivityManager: 5.6% TOTAL: 3.2% user + 2% kernel + 0.4% irq
03-22 02:42:52.064 1206 3928 D ActivityManager: Completed ANR of com.android.systemui in 4223ms, latency 1ms
03-22 02:42:52.064 2757 2757 W hpplay-java: [main]:IPManager:getActiveNets invalid networkInfo:null
03-22 02:42:52.064 2757 2757 I hpplay-java: [main]:IPManager:getActiveNets eth0:false wifi:false mobile:false ap:false
03-22 02:42:52.064 2757 2757 I hpplay-java: [main]:ServerTaskManager:get local ip:null
03-22 02:42:52.073 1206 1535 D CompatibilityChangeReporter: Compat change id reported: 171228096; UID 1000; state: ENABLED
03-22 02:42:52.073 1206 4046 I DropBoxManagerService: add tag=system_app_anr isTagEnabled=true flags=0x6
03-22 02:42:52.104 1206 4047 I AdrenoGLES-0: QUALCOMM build : 47421dbee6, I139f36ad46
03-22 02:42:52.104 1206 4047 I AdrenoGLES-0: Build Date : 02/18/22
03-22 02:42:52.104 1206 4047 I AdrenoGLES-0: OpenGL ES Shader Compiler Version: EV031.32.02.17
03-22 02:42:52.104 1206 4047 I AdrenoGLES-0: Local Branch :
03-22 02:42:52.104 1206 4047 I AdrenoGLES-0: Remote Branch :
03-22 02:42:52.104 1206 4047 I AdrenoGLES-0: Remote Branch :
03-22 02:42:52.104 1206 4047 I AdrenoGLES-0: Reconstruct Branch :
03-22 02:42:52.104 1206 4047 I AdrenoGLES-0: Build Config : S P 10.0.7 AArch64
03-22 02:42:52.104 1206 4047 I AdrenoGLES-0: Driver Path : /vendor/lib64/egl/libGLESv2_adreno.so
03-22 02:42:52.106 509 509 I hwservicemanager: getTransport: Cannot find entry android.hardware.graphics.mapper@4.0::IMapper/default in either framework or device VINTF manifest.
03-22 02:42:52.112 1206 4047 I AdrenoGLES-0: PFP: 0x016dd093, ME: 0x00000000
03-22 02:42:52.123 1206 4047 D libEGL : MSAA-->msaa:0 gamemode:0 4x_msaa:0
03-22 02:42:52.124 1206 4047 D libEGL : MSAA-->msaa:0 gamemode:0 4x_msaa:0
03-22 02:42:52.125 1206 4047 D libEGL : MSAA-->msaa:0 gamemode:0 4x_msaa:0
03-22 02:42:52.131 857 857 I SDM : HWCDisplay::GetColorModeCount: Supported color mode count = 1
03-22 02:42:52.131 857 857 I SDM : HWCDisplay::GetColorModes: Color mode = 0 is supported
03-22 02:42:52.132 1007 1061 E HWComposer: getSupportedContentTypes: getSupportedContentTypes failed for display 4630946816427681409: Unsupported (8)
03-22 02:42:52.133 509 509 I hwservicemanager: getTransport: Cannot find entry android.hardware.graphics.mapper@4.0::IMapper/default in either framework or device VINTF manifest.
03-22 02:42:52.133 1206 4048 I Gralloc4: mapper 4.x is not supported
03-22 02:42:52.134 509 509 I hwservicemanager: getTransport: Cannot find entry android.hardware.graphics.allocator@4.0::IAllocator/default in either framework or device VINTF manifest.
03-22 02:42:52.134 1206 4048 W Gralloc4: allocator 4.x is not supported
03-22 02:42:52.313 645 660 I mpu_uart: [MSG-P:RECV]:No message received in 1000 ms
01-01 08:01:39.442 0 0 I init : starting service 'hht_ota_mgr_service'...
03-22 02:42:52.836 4053 4053 E vota : [7b0dc4f8]: [vota]: init: ..
03-22 02:42:52.836 4053 4053 E vota : [7b0dc4f8]: [vota]: [warning]: the java machine be not inited, please pass it to the tb_init function! at tb_android_init_env(): 43, src/vota/platform/android/android.c
03-22 02:42:52.837 4053 4053 E vota : [7b0dc4f8]: [vota]: version: tbox_v1_6_7_202302251411_arm64-v8a_elf by Android (8481493, based on r416183c2) Clang 12.0.9 (https://android.googlesource.com/toolchain/llvm-project c935d99d7cf2016289302412d708641d52d2f7ee)
03-22 02:42:52.837 4053 4053 E vota : [7b0dc4f8]: [vota]: init: ok
03-22 02:42:52.837 4053 4053 E vota : [7b0dc4f8]: [vota]: [scheduler]: start ..
03-22 02:42:52.837 4053 4053 E vota : [7b0dc4f8]: [vota]: [coroutine]: init 0x7479afe158
03-22 02:42:52.837 4053 4053 E vota : [7b0dc4f8]: [vota]: [scheduler]: start ok
03-22 02:42:52.837 4053 4053 E vota : [7b0dc4f8]: [vota]: [scheduler]: switch to coroutine(0x7479afe158) from coroutine(0x7479becca0)
03-22 02:42:52.837 4053 4053 E vota : [7b0dc4f8]: [vota]: [coroutine]: entry: 0x7479afe158 stack: 0x7479afe1b8 - 0x7479b3e1b8 from coroutine(0x7479becca0)
03-22 02:42:52.837 4053 4053 I hiphi_update_api: Hh_GetVersion calling ......
03-22 02:42:52.837 4053 4053 I hiphi_update_api: get version:01.00.C101_20230322_private_user锁璿a
03-22 02:42:52.837 4053 4053 I hiphi_update_api: Hh_GetVersion ret:0
03-22 02:42:52.881 4053 4053 E vota : [7b0dc4f8]: [vota]: [scheduler]: finish coroutine(0x7479afe158)
03-22 02:42:52.881 4053 4053 E vota : [7b0dc4f8]: [vota]: [scheduler]: switch to original coroutine
03-22 02:42:52.881 4053 4053 E vota : [7b0dc4f8]: [vota]: [scheduler]: switch to coroutine(0x7479becca0) from coroutine(0x7479afe158)
03-22 02:42:52.881 4053 4053 E vota : [7b0dc4f8]: [vota]: [scheduler]: [loop]: ready 0
03-22 02:42:52.881 4053 4053 E vota : [7b0dc4f8]: [vota]: [coroutine]: exit: 0x7479afe158
03-22 02:42:52.881 4053 4053 E vota : [7b0dc4f8]: [vota]: [lock_profiler]:
03-22 02:42:52.881 4053 4053 E vota : [7b0dc4f8]: [vota]: [lock_profiler]: lock: 0xb40000721c21656c, name: allocator, occupied: 0
03-22 02:42:52.881 4053 4053 E vota : [7b0dc4f8]: [vota]: [lock_profiler]: lock: 0xb40000720c220f54, name: native_large_allocator, occupied: 0
03-22 02:42:52.881 4053 4053 E vota : [7b0dc4f8]: [vota]: [small_allocator]:
03-22 02:42:52.881 4053 4053 E vota : [7b0dc4f8]: [vota]: [static_fixed_pool]: [16]: peak_size: 288, wast_rate: 4074/10000, pred_failed: 0, item_maxn: 245, free_count: 18, malloc_count: 18
03-22 02:42:52.881 4053 4053 E vota : [7b0dc4f8]: [vota]: [static_fixed_pool]: [96]: peak_size: 2208, wast_rate: 1028/10000, pred_failed: 0, item_maxn: 248, free_count: 23, malloc_count: 23
03-22 02:42:52.881 4053 4053 E vota : [7b0dc4f8]: [vota]: [static_fixed_pool]: [128]: peak_size: 9216, wast_rate: 791/10000, pred_failed: 0, item_maxn: 249, free_count: 72, malloc_count: 72
03-22 02:42:52.881 4053 4053 E vota : [7b0dc4f8]: [vota]: [static_fixed_pool]: [192]: peak_size: 2112, wast_rate: 541/10000, pred_failed: 0, item_maxn: 250, free_count: 11, malloc_count: 11
03-22 02:42:52.881 4053 4053 E vota : [7b0dc4f8]: [vota]: [static_fixed_pool]: [256]: peak_size: 256, wast_rate: 411/10000, pred_failed: 0, item_maxn: 251, free_count: 1, malloc_count: 1
03-22 02:42:52.881 4053 4053 E vota : [7b0dc4f8]: [vota]: [static_fixed_pool]: [384]: peak_size: 5376, wast_rate: 278/10000, pred_failed: 0, item_maxn: 252, free_count: 14, malloc_count: 14
03-22 02:42:52.881 4053 4053 E vota : [7b0dc4f8]: [vota]: [static_fixed_pool]: [512]: peak_size: 5632, wast_rate: 210/10000, pred_failed: 0, item_maxn: 253, free_count: 11, malloc_count: 11
03-22 02:42:52.881 4053 4053 E vota : [7b0dc4f8]: [vota]: [static_fixed_pool]: [1024]: peak_size: 2048, wast_rate: 106/10000, pred_failed: 0, item_maxn: 254, free_count: 2, malloc_count: 2
03-22 02:42:52.882 4053 4053 E vota : [7b0dc4f8]: [vota]: [native_large_allocator]:
03-22 02:42:52.875 4053 4053 W hht_ota_mgr: type=1400 audit(0.0:394): avc: denied { read append } for name="NvmSim_yy.dat" dev="dm-10" ino=391 scontext=u:r:hht_ota_mgr:s0 tcontext=u:object_r:system_data_file:s0 tclass=file permissive=0
03-22 02:42:52.882 4053 4053 E vota : [7b0dc4f8]: [vota]: [native_large_allocator]: peak_size: 3373986
03-22 02:42:52.882 4053 4053 E vota : [7b0dc4f8]: [vota]: [native_large_allocator]: wast_rate: 4/10000
03-22 02:42:52.882 4053 4053 E vota : [7b0dc4f8]: [vota]: [native_large_allocator]: free_count: 52
03-22 02:42:52.882 4053 4053 E vota : [7b0dc4f8]: [vota]: [native_large_allocator]: malloc_count: 52
