03-23 06:42:17.380 2361 2361 E EmergencyButton: at com.android.systemui.statusbar.phone.NotificationPanelViewController.reInflateViews(NotificationPanelViewController.java:1154)
03-23 06:42:17.380 2361 2361 E EmergencyButton: at com.android.systemui.statusbar.phone.NotificationPanelViewController.access$10100(NotificationPanelViewController.java:184)
03-23 06:42:17.380 2361 2361 E EmergencyButton: at com.android.systemui.statusbar.phone.NotificationPanelViewController$ConfigurationListener.onDensityOrFontScaleChanged(NotificationPanelViewController.java:4419)
03-23 06:42:17.380 2361 2361 E EmergencyButton: at com.android.systemui.statusbar.phone.ConfigurationControllerImpl.onConfigurationChanged(ConfigurationControllerImpl.kt:74)
03-23 06:42:17.380 2361 2361 E EmergencyButton: at com.android.systemui.SystemUIApplication.onConfigurationChanged(SystemUIApplication.java:247)
03-23 06:42:17.380 2361 2361 E EmergencyButton: at android.app.ConfigurationController.performConfigurationChanged(ConfigurationController.java:273)
03-23 06:42:17.380 2361 2361 E EmergencyButton: at android.app.ConfigurationController.handleConfigurationChanged(ConfigurationController.java:240)
03-23 06:42:17.380 2361 2361 E EmergencyButton: at android.app.ConfigurationController.handleConfigurationChanged(ConfigurationController.java:138)
03-23 06:42:17.380 2361 2361 E EmergencyButton: at android.app.ActivityThread.handleConfigurationChanged(ActivityThread.java:5948)
03-23 06:42:17.380 2361 2361 E EmergencyButton: at android.app.servertransaction.ConfigurationChangeItem.execute(ConfigurationChangeItem.java:43)
03-23 06:42:17.380 2361 2361 E EmergencyButton: at android.app.servertransaction.TransactionExecutor.executeCallbacks(TransactionExecutor.java:135)
03-23 06:42:17.380 2361 2361 E EmergencyButton: at android.app.servertransaction.TransactionExecutor.execute(TransactionExecutor.java:95)
03-23 06:42:17.380 2361 2361 E EmergencyButton: at android.app.ActivityThread$H.handleMessage(ActivityThread.java:2211)
03-23 06:42:17.380 2361 2361 E EmergencyButton: at android.os.Handler.dispatchMessage(Handler.java:106)
03-23 06:42:17.380 2361 2361 E EmergencyButton: at android.os.Looper.loopOnce(Looper.java:201)
03-23 06:42:17.380 2361 2361 E EmergencyButton: at android.os.Looper.loop(Looper.java:288)
03-23 06:42:17.380 2361 2361 E EmergencyButton: at android.app.ActivityThread.main(ActivityThread.java:7880)
03-23 06:42:17.380 2361 2361 E EmergencyButton: at java.lang.reflect.Method.invoke(Native Method)
03-23 06:42:17.380 2361 2361 E EmergencyButton: at com.android.internal.os.RuntimeInit$MethodAndArgsCaller.run(RuntimeInit.java:548)
03-23 06:42:17.380 2361 2361 E EmergencyButton: at com.android.internal.os.ZygoteInit.main(ZygoteInit.java:1009)
03-23 06:42:17.380 2866 2866 D EditModeHelper: setHotseatVisibility: 0
03-23 06:42:17.385 2866 2934 D BaseIconFactory: normalizeAndWrapToAdaptiveIcon: scale=0.8096529
03-23 06:42:17.387 1512 2466 W FreeFormWindowHelper: Current Display FreeFormTask is null
03-23 06:42:17.388 2866 2866 W View : requestLayout() improperly called by com.android.launcher3.views.NoInsetView{c80d77b V.ED..... ......ID 0,0-342,1080 #7f09007c app:id/bg_hotseat} during layout: running second layout pass
03-23 06:42:17.388 2866 2934 D BaseIconFactory: normalizeAndWrapToAdaptiveIcon: scale=0.8085681
03-23 06:42:17.390 1512 2466 I wm_stop_activity: [0,88042559,com.android.launcher3/.uioverrides.QuickstepLauncher]
03-23 06:42:17.391 2866 2934 D BaseIconFactory: normalizeAndWrapToAdaptiveIcon: scale=0.81813693
03-23 06:42:17.392 2866 2866 D StateManager: goToState: Normal
03-23 06:42:17.394 2866 2866 I wm_on_stop_called: [88042559,com.android.launcher3.uioverrides.QuickstepLauncher,STOP_ACTIVITY_ITEM]
03-23 06:42:17.395 2866 2934 D LoaderTask: loadWorkspace
03-23 06:42:17.395 2866 2934 D LauncherProvider: call: method=remove_ghost_widgets,arg=null,extras=null
03-23 06:42:17.396 2866 2934 D LoaderTask: sanitizeData
03-23 06:42:17.396 2866 2934 D LoaderTask: bindWorkspace
03-23 06:42:17.397 2866 2934 D LoaderTask: sendFirstScreenActiveInstallsBroadcast
03-23 06:42:17.399 2866 2866 D HotseatController: adjustPadding: height=800,size=1
03-23 06:42:17.399 2866 2866 D HotseatController: adjustPadding: height=800,size=2
03-23 06:42:17.400 2866 2866 D HotseatController: adjustPadding: height=800,size=3
03-23 06:42:17.400 1512 1667 I am_pss : [2850,10063,com.thundercomm.gamemode.provider,7740416,6004736,0,96595968,0,19,4]
03-23 06:42:17.400 2866 2866 D HotseatController: adjustPadding: height=800,size=4
03-23 06:42:17.400 2866 2866 D HotseatController: clearEmptyGrid: size=4
03-23 06:42:17.400 2866 2866 D HotseatController: adjustPadding: height=800,size=4
03-23 06:42:17.401 2866 2866 D HotseatController: clearEmptyGrid: size=4
03-23 06:42:17.401 2866 2866 D HotseatController: adjustPadding: height=800,size=4
03-23 06:42:17.410 2866 2934 D LoaderTask: step 1 complete
03-23 06:42:17.410 1512 3353 W InputManager-JNI: Input channel object '4f5d7ae EdgeBackGestureHandler0 (client)' was disposed without first being removed with the input manager!
03-23 06:42:17.411 2866 2891 I droid.launcher: Compiler allocated 4954KB to compile void com.android.launcher3.model.LoaderTask.loadWorkspace(java.util.List, android.net.Uri, java.lang.String)
03-23 06:42:17.411 1512 3353 W InputManager-JNI: Input channel object '9e73bf1 SecondaryHomeHandle0 (client)' was disposed without first being removed with the input manager!
03-23 06:42:17.415 2866 2934 D LoaderTask: loadAllApps
03-23 06:42:17.417 2866 2934 D LoaderTask: apps.size 8
03-23 06:42:17.417 2866 2934 D LoaderTask: app pkg com.android.gallery3d
03-23 06:42:17.417 2866 2934 D LoaderTask: app pkg com.android.music
03-23 06:42:17.418 2866 2934 D LoaderTask: app pkg com.android.music
03-23 06:42:17.418 2866 2934 D LoaderTask: app pkg com.android.settings
03-23 06:42:17.418 2866 2934 D LoaderTask: app pkg com.microsoft.emmx
03-23 06:42:17.418 2866 2934 D LoaderTask: app pkg com.android.documentsui
03-23 06:42:17.419 2866 2934 D LoaderTask: app pkg com.hht.lebocast
03-23 06:42:17.419 2866 2934 D LoaderTask: app pkg com.sohu.inputmethod.sogou.car
03-23 06:42:17.419 2866 2934 D LoaderTask: installQueue.size 8
03-23 06:42:17.419 2866 2934 D BaseModelUpdateTask: BaseModelUpdateTask constructor
03-23 06:42:17.419 2866 2934 D BaseModelUpdateTask: java.lang.Exception
03-23 06:42:17.419 2866 2934 D BaseModelUpdateTask: at com.android.launcher3.model.BaseModelUpdateTask.(BaseModelUpdateTask.java:57)
03-23 06:42:17.419 2866 2934 D BaseModelUpdateTask: at com.android.launcher3.model.AddWorkspaceItemsTask.(AddWorkspaceItemsTask.java:58)
03-23 06:42:17.419 2866 2934 D BaseModelUpdateTask: at com.android.launcher3.LauncherModel.addAndBindAddedWorkspaceItems(LauncherModel.java:145)
03-23 06:42:17.419 2866 2934 D BaseModelUpdateTask: at com.android.launcher3.model.LoaderTask.verifyApplications(LoaderTask.java:1061)
03-23 06:42:17.419 2866 2934 D BaseModelUpdateTask: at com.android.launcher3.model.LoaderTask.run(LoaderTask.java:229)
03-23 06:42:17.419 2866 2934 D BaseModelUpdateTask: at android.os.Handler.handleCallback(Handler.java:938)
03-23 06:42:17.419 2866 2934 D BaseModelUpdateTask: at android.os.Handler.dispatchMessage(Handler.java:99)
03-23 06:42:17.419 2866 2934 D BaseModelUpdateTask: at android.os.Looper.loopOnce(Looper.java:201)
03-23 06:42:17.419 2866 2934 D BaseModelUpdateTask: at android.os.Looper.loop(Looper.java:288)
03-23 06:42:17.419 2866 2934 D BaseModelUpdateTask: at android.os.HandlerThread.run(HandlerThread.java:67)
03-23 06:42:17.420 2866 2934 D LoaderTask: bindAllApps
03-23 06:42:17.421 1512 1659 I input_focus: [Focus request 1a41036 com.android.settings/com.android.settings.Settings,reason=UpdateInputWindows]
03-23 06:42:17.423 2866 2934 D LoaderTask: update icon cache
03-23 06:42:17.423 2866 2934 D LoaderTask: save shortcuts in icon cache
03-23 06:42:17.423 2866 2934 D LoaderTask: step 2 complete
03-23 06:42:17.423 1512 4101 I InputDispatcher: Created monitor edge-swipe for display 0, gesture=true, pid=2361
03-23 06:42:17.424 2866 2934 D LoaderTask: loadDeepShortcuts
03-23 06:42:17.424 2866 2934 D LoaderTask: bindDeepShortcuts
03-23 06:42:17.424 2866 2934 D LoaderTask: save deep shortcuts in icon cache
03-23 06:42:17.424 2866 2934 D LoaderTask: step 3 complete
03-23 06:42:17.428 2361 2361 D NavigationModeController: getCurrentUserContext: contextUser=0 currentUser=0
03-23 06:42:17.428 2866 2934 D BaseIconFactory: normalizeAndWrapToAdaptiveIcon: scale=0.8096529
03-23 06:42:17.433 2866 2934 D BaseIconFactory: normalizeAndWrapToAdaptiveIcon: scale=0.8096529
03-23 06:42:17.438 2866 2934 D BaseIconFactory: normalizeAndWrapToAdaptiveIcon: scale=0.8096529
03-23 06:42:17.443 2866 2934 D BaseIconFactory: normalizeAndWrapToAdaptiveIcon: scale=0.8096529
03-23 06:42:17.447 2361 4870 I OpenGLRenderer: Davey! duration=9223371959475ms; Flags=1, FrameTimelineVsyncId=4999, IntendedVsync=77379270047, Vsync=77479270043, InputEventId=0, HandleInputStart=77484906010, AnimationStart=77484906948, PerformTraversalsStart=77484907729, DrawStart=77510683146, FrameDeadline=77395936713, FrameInterval=77484901688, FrameStartTime=16666666, SyncQueued=77511175542, SyncStart=77511335906, IssueDrawCommandsStart=77511390385, SwapBuffers=77511682521, FrameCompleted=9223372036854775807, DequeueBufferDuration=8646, QueueBufferDuration=385625, GpuCompleted=9223372036854775807, SwapBuffersCompleted=77512194760, DisplayPresentTime=0,
03-23 06:42:17.448 2866 2934 D LoaderTask: load widgets
03-23 06:42:17.459 2866 2934 I WidgetsModel: found whitelist widget: com.android.settings, label: 设置快捷方式, sectionName:S
03-23 06:42:17.460 2866 2934 I WidgetsModel: found whitelist widget: com.android.gallery3d, label: 照片, sectionName:T
03-23 06:42:17.460 2866 2934 I WidgetsModel: found whitelist widget: com.android.systemui, label: 对话, sectionName:D
03-23 06:42:17.461 2866 2934 I WidgetsModel: found whitelist widget: com.android.music, label: 音乐, sectionName:Y
03-23 06:42:17.461 2866 2934 D LoaderTask: bindWidgets
03-23 06:42:17.462 2866 2934 D LoaderTask: save widgets in icon cache
03-23 06:42:17.463 2866 2934 D LoaderTask: finish icon update
03-23 06:42:17.467 2866 2934 D LauncherProvider: call: method=new_db_transaction,arg=null,extras=null
03-23 06:42:17.467 1512 4101 I WindowManager: finishDrawing of relaunch: Window{1a41036 u0 com.android.settings/com.android.settings.Settings} 179ms
03-23 06:42:17.468 2959 2959 W BatteryBroadcastRcvr: Problem reading the battery meter.
03-23 06:42:17.468 2959 2959 D BatteryInfo: time for callback: 0ms
03-23 06:42:17.468 1512 1765 I commit_sys_config_file: [settings-1-0,7]
03-23 06:42:17.471 2959 3011 D BatteryInfo: time for getStats: 0ms
03-23 06:42:17.471 2959 3011 D BatteryInfo: time for regular BatteryInfo: 0ms
03-23 06:42:17.471 2959 3011 D BatteryInfo: time for getBatteryInfo: 0ms
03-23 06:42:17.472 2866 2934 D BaseIconFactory: normalizeAndWrapToAdaptiveIcon: scale=1.0
03-23 06:42:17.474 2959 2959 D BatteryInfo: time for callback: 1ms
03-23 06:42:17.475 2959 4697 D BatteryTipLoader: BatteryInfoLoader post query: 1ms
03-23 06:42:17.475 2959 4697 D BatteryInfo: time for getBatteryInfo: 0ms
03-23 06:42:17.475 2959 4697 D BatteryTipLoader: BatteryInfoLoader.loadInBackground: 1ms
03-23 06:42:17.477 2866 2934 D BaseIconFactory: normalizeAndWrapToAdaptiveIcon: scale=0.8096529
03-23 06:42:17.477 1512 1816 I input_focus: [Focus entering 1a41036 com.android.settings/com.android.settings.Settings (server),reason=Window became focusable. Previous reason: NOT_VISIBLE]
03-23 06:42:17.477 1512 1659 I WindowManager: Screen frozen for +201ms due to Window{1a41036 u0 com.android.settings/com.android.settings.Settings}
03-23 06:42:17.482 2866 2934 D BaseIconFactory: normalizeAndWrapToAdaptiveIcon: scale=0.8096529
03-23 06:42:17.485 1512 1659 W ImageReader_JNI: Unable to acquire a buffer item, very likely client tried to acquire more than maxImages buffers
03-23 06:42:17.491 2866 2934 D BaseIconFactory: normalizeAndWrapToAdaptiveIcon: scale=0.8096529
03-23 06:42:17.498 2866 2934 D BaseIconFactory: normalizeAndWrapToAdaptiveIcon: scale=0.8096529
03-23 06:42:17.500 3134 4894 W adbd : timed out while waiting for FUNCTIONFS_BIND, trying again
03-23 06:42:17.500 3134 4894 I adbd : UsbFfs: connection terminated: monitor thread finished
03-23 06:42:17.500 3134 3134 I adbd : UsbFfs: already offline
03-23 06:42:17.500 3134 3134 I adbd : destroying transport UsbFfs
03-23 06:42:17.500 3134 3134 I adbd : UsbFfsConnection being destroyed
03-23 06:42:17.503 2866 2934 D BaseIconFactory: normalizeAndWrapToAdaptiveIcon: scale=0.8096529
03-23 06:42:17.503 3298 3298 W hpplay-java: [main]:IPManager:getActiveNets invalid networkInfo:null
03-23 06:42:17.503 3298 3298 I hpplay-java: [main]:IPManager:getActiveNets eth0:false wifi:false mobile:false ap:false
03-23 06:42:17.503 3298 3298 I hpplay-java: [main]:ServerTaskManager:get local ip:null
03-23 06:42:17.509 2866 2934 D BaseIconFactory: normalizeAndWrapToAdaptiveIcon: scale=0.91217864
03-23 06:42:17.513 3134 3150 I adbd : opening control endpoint /dev/usb-ffs/adb/ep0
03-23 06:42:17.514 3134 3150 I adbd : UsbFfsConnection constructed
03-23 06:42:17.514 3134 4911 I adbd : UsbFfs-monitor thread spawned
01-01 13:45:02.375 0 0 I : read descriptors
01-01 13:45:02.375 0 0 I : read strings
03-23 06:42:17.520 2866 2934 D BaseIconFactory: normalizeAndWrapToAdaptiveIcon: scale=0.8096529
03-23 06:42:17.526 2866 2934 D BaseIconFactory: normalizeAndWrapToAdaptiveIcon: scale=0.8096529
03-23 06:42:17.530 2866 2934 D BaseIconFactory: normalizeAndWrapToAdaptiveIcon: scale=0.8096529
03-23 06:42:17.538 2866 2934 D BaseIconFactory: normalizeAndWrapToAdaptiveIcon: scale=0.8096529
03-23 06:42:17.549 2361 2361 D QSPanel : setHorizontalContentContainer
03-23 06:42:17.559 2361 2361 D QSPanel : setHorizontalContentContainer
03-23 06:42:17.560 2361 2361 D QSPanel : setHorizontalContentContainer
03-23 06:42:17.561 2361 2361 D QSPanel : setHorizontalContentContainer
03-23 06:42:17.561 2361 2361 D QSPanel : qs brightness view is null
03-23 06:42:17.564 2361 2361 D QSPanel : setHorizontalContentContainer
03-23 06:42:17.564 2361 2361 D QSPanel : qs brightness view is null
03-23 06:42:17.599 2361 2463 E ndroid.systemu: No package ID 7f found for ID 0x7f030001.
03-23 06:42:17.599 2361 2463 E ContrastColorUtil: Drawable not found: 2130903041
03-23 06:42:17.601 2361 2463 E ndroid.systemu: No package ID 7f found for ID 0x7f030001.
03-23 06:42:17.601 2361 2463 E ContrastColorUtil: Drawable not found: 2130903041
03-23 06:42:17.605 1512 1816 I input_interaction: Interaction with: 2edafe7 StatusBar (server), swipe-up (server), edge-swipe (server), PointerEventDispatcher0 (server),
03-23 06:42:17.616 2361 2361 W View : requestLayout() improperly called by com.android.keyguard.AlphaOptimizedLinearLayout{b36c03d V.E...... ......ID 4,0-34,33 #7f0b069b app:id/wifi_group} during layout: running second layout pass
03-23 06:42:17.623 2361 2361 I sysui_multi_action: [757,803,799,panel_open,802,1]
03-23 06:42:17.623 2361 2361 I sysui_multi_action: [757,1328,758,4,1326,75,1327,0,1329,0]
03-23 06:42:17.663 2361 2361 D StatusBar: disable disable2
03-23 06:42:17.663 1512 2435 I sysui_multi_action: [757,127,758,1]
03-23 06:42:17.663 1512 2435 I sysui_multi_action: [757,804,799,note_load,801,2,802,1]
03-23 06:42:17.663 1512 2435 I notification_panel_revealed: 2
03-23 06:42:17.671 1512 1659 I input_focus: [Focus request f8e39da NotificationShade,reason=UpdateInputWindows]
03-23 06:42:17.694 1512 4101 I sysui_multi_action: [757,128,758,1,793,54406,794,0,795,54406,796,17303299,797,com.android.wifi,798,0,806,android,857,NETWORK_AVAILABLE,858,2,947,0,1395,2,1500,54204,1688,1]
03-23 06:42:17.694 1512 1816 I input_focus: [Focus leaving 1a41036 com.android.settings/com.android.settings.Settings (server),reason=Waiting for window because NOT_VISIBLE]
03-23 06:42:17.695 1512 4101 I sysui_multi_action: [757,804,799,note_freshness,801,54406,802,1]
03-23 06:42:17.695 1512 4101 I notification_visibility: [0|android|17303299|com.android.wifi|1000,1,54406,54406,0,0]
03-23 06:42:17.695 1512 4101 I sysui_multi_action: [757,128,758,1,793,55175,794,0,795,55175,796,32,798,1,806,android,857,USB,858,1,947,0,1395,2,1500,54908,1688,1]
03-23 06:42:17.695 1512 4101 I sysui_multi_action: [757,804,799,note_freshness,801,55175,802,1]
03-23 06:42:17.695 1512 4101 I notification_visibility: [-1|android|32|null|1000,1,55175,55175,0,1]
03-23 06:42:17.711 1512 1816 I input_focus: [Focus entering f8e39da NotificationShade (server),reason=Window became focusable. Previous reason: NOT_VISIBLE]
03-23 06:42:17.714 2361 2361 I sysui_multi_action: [757,111,758,1]
03-23 06:42:17.714 2361 2361 I sysui_multi_action: [757,126,758,1,759,126,927,0,928,1,1593,0]
03-23 06:42:17.714 2361 2361 I sysui_multi_action: [757,113,758,1,759,113,927,1,928,1,1593,0]
03-23 06:42:17.714 2361 2361 I sysui_multi_action: [757,0,758,1,759,0,927,2,928,0,1593,0]
03-23 06:42:17.714 2361 2361 I sysui_multi_action: [757,0,758,1,759,0,927,3,928,0,1593,0]
03-23 06:42:17.714 2361 2361 I sysui_multi_action: [757,491,758,1,759,491,927,4,928,0,1311,-1,1593,0]
03-23 06:42:17.714 2361 2361 I sysui_multi_action: [757,0,758,1,759,0,927,5,928,0,1593,0]
03-23 06:42:17.714 2361 2361 I sysui_multi_action: [757,111,758,1]
03-23 06:42:17.714 2361 2361 I sysui_multi_action: [757,126,758,1,759,126,927,0,928,1,1593,0]
03-23 06:42:17.714 2361 2361 I sysui_multi_action: [757,113,758,1,759,113,927,1,928,1,1593,0]
03-23 06:42:17.714 2361 2361 I sysui_multi_action: [757,0,758,1,759,0,927,2,928,0,1593,0]
03-23 06:42:17.714 2361 2361 I sysui_multi_action: [757,0,758,1,759,0,927,3,928,0,1593,0]
01-01 13:45:02.582 0 0 E DTC_ETH,link_delay_work_func: 3003, SQI=0, link=0
03-23 06:42:17.817 653 668 I mpu_uart: [MSG-P:RECV]:No message received in 1000 ms
03-23 06:42:17.845 653 667 I mpu_uart: [MSG-P:R]:recv sync frame timeout
03-23 06:42:18.505 3298 3298 W hpplay-java: [main]:IPManager:getActiveNets invalid networkInfo:null
03-23 06:42:18.505 3298 3298 I hpplay-java: [main]:IPManager:getActiveNets eth0:false wifi:false mobile:false ap:false
03-23 06:42:18.505 3298 3298 I hpplay-java: [main]:ServerTaskManager:get local ip:null
03-23 06:42:18.516 3134 4911 W adbd : timed out while waiting for FUNCTIONFS_BIND, trying again
03-23 06:42:18.516 3134 4911 I adbd : UsbFfs: connection terminated: monitor thread finished
03-23 06:42:18.516 3134 3134 I adbd : UsbFfs: already offline
03-23 06:42:18.516 3134 3134 I adbd : destroying transport UsbFfs
03-23 06:42:18.516 3134 3134 I adbd : UsbFfsConnection being destroyed
03-23 06:42:18.537 3134 3150 I adbd : opening control endpoint /dev/usb-ffs/adb/ep0
03-23 06:42:18.538 3134 3150 I adbd : UsbFfsConnection constructed
03-23 06:42:18.539 3134 4916 I adbd : UsbFfs-monitor thread spawned
01-01 13:45:03.399 0 0 I : read descriptors
01-01 13:45:03.399 0 0 I : read strings
03-23 06:42:18.817 653 668 I mpu_uart: [MSG-P:RECV]:No message received in 1000 ms
01-01 13:45:03.949 0 0 E DTC_Display: screen not ready
03-23 06:42:19.337 2866 2866 E Launcher: Check mcu protect state
03-23 06:42:19.508 3298 3298 W hpplay-java: [main]:IPManager:getActiveNets invalid networkInfo:null
03-23 06:42:19.508 3298 3298 I hpplay-java: [main]:IPManager:getActiveNets eth0:false wifi:false mobile:false ap:false
03-23 06:42:19.508 3298 3298 I hpplay-java: [main]:ServerTaskManager:get local ip:null
03-23 06:42:19.540 3134 4916 W adbd : timed out while waiting for FUNCTIONFS_BIND, trying again
03-23 06:42:19.540 3134 4916 I adbd : UsbFfs: connection terminated: monitor thread finished
03-23 06:42:19.540 3134 3134 I adbd : UsbFfs: already offline
03-23 06:42:19.540 3134 3134 I adbd : destroying transport UsbFfs
03-23 06:42:19.540 3134 3134 I adbd : UsbFfsConnection being destroyed
03-23 06:42:19.561 3134 3150 I adbd : opening control endpoint /dev/usb-ffs/adb/ep0
03-23 06:42:19.562 3134 3150 I adbd : UsbFfsConnection constructed
03-23 06:42:19.563 3134 4917 I adbd : UsbFfs-monitor thread spawned
01-01 13:45:04.423 0 0 I : read descriptors
01-01 13:45:04.423 0 0 I : read strings
03-23 06:42:19.604 1512 1658 I system_server: Explicit concurrent copying GC freed 68609(2959KB) AllocSpace objects, 9(192KB) LOS objects, 49% free, 11MB/22MB, paused 285us,53us total 113.470ms
03-23 06:42:19.605 1512 1538 W JavaBinder: BinderProxy is being destroyed but the application did not call unlinkToDeath to unlink all of its death recipients beforehand. Releasing leaked death recipient: com.android.server.wm.ActivityRecord$$ExternalSyntheticLambda0
03-23 06:42:19.605 1512 1538 I BpBinder: onLastStrongRef automatically unlinking death recipients:
03-23 06:42:19.608 1512 1539 W System : A resource failed to call close.
03-23 06:42:19.609 1512 1539 W System : A resource failed to call close.
03-23 06:42:19.817 653 668 I mpu_uart: [MSG-P:RECV]:No message received in 1000 ms
03-23 06:42:20.216 1512 2301 I GameModeConfig: isGameModeOn = false
03-23 06:42:20.417 1512 2301 I GameModeConfig: isGameModeOn = false
03-23 06:42:20.511 3298 3298 W hpplay-java: [main]:IPManager:getActiveNets invalid networkInfo:null
03-23 06:42:20.511 3298 3298 I hpplay-java: [main]:IPManager:getActiveNets eth0:false wifi:false mobile:false ap:false
03-23 06:42:20.511 3298 3298 I hpplay-java: [main]:ServerTaskManager:get local ip:null
03-23 06:42:20.565 3134 4917 W adbd : timed out while waiting for FUNCTIONFS_BIND, trying again
03-23 06:42:20.565 3134 4917 I adbd : UsbFfs: connection terminated: monitor thread finished
03-23 06:42:20.565 3134 3134 I adbd : UsbFfs: already offline
03-23 06:42:20.566 3134 3134 I adbd : destroying transport UsbFfs
03-23 06:42:20.566 3134 3134 I adbd : UsbFfsConnection being destroyed
03-23 06:42:20.573 3134 3150 I adbd : opening control endpoint /dev/usb-ffs/adb/ep0
03-23 06:42:20.576 3134 3150 I adbd : UsbFfsConnection constructed
01-01 13:45:05.435 0 0 I : read descriptors
01-01 13:45:05.435 0 0 I : read strings
03-23 06:42:20.577 3134 4918 I adbd : UsbFfs-monitor thread spawned
03-23 06:42:20.677 1512 1655 D CompatibilityInfo: mCompatibilityFlags - 4
03-23 06:42:20.677 1512 1655 D CompatibilityInfo: applicationDensity - 240
03-23 06:42:20.677 1512 1655 D CompatibilityInfo: applicationScale - 1.0
03-23 06:42:20.682 2364 4702 I PermissionControllerServiceImpl: Updating user sensitive for user 0
03-23 06:42:20.818 653 668 I mpu_uart: [MSG-P:RECV]:No message received in 1000 ms
03-23 06:42:20.848 653 667 I mpu_uart: [MSG-P:R]:recv sync frame timeout
03-23 06:42:21.491 2764 2764 D RemoteControlService: startVlanDispatchThread
03-23 06:42:21.513 3298 3298 W hpplay-java: [main]:IPManager:getActiveNets invalid networkInfo:null
03-23 06:42:21.513 3298 3298 I hpplay-java: [main]:IPManager:getActiveNets eth0:false wifi:false mobile:false ap:false
03-23 06:42:21.513 3298 3298 I hpplay-java: [main]:ServerTaskManager:get local ip:null
03-23 06:42:21.578 3134 4918 W adbd : timed out while waiting for FUNCTIONFS_BIND, trying again
03-23 06:42:21.579 3134 4918 I adbd : UsbFfs: connection terminated: monitor thread finished
03-23 06:42:21.579 3134 3134 I adbd : UsbFfs: already offline
03-23 06:42:21.579 3134 3134 I adbd : destroying transport UsbFfs
03-23 06:42:21.579 3134 3134 I adbd : UsbFfsConnection being destroyed
03-23 06:42:21.589 3134 3150 I adbd : opening control endpoint /dev/usb-ffs/adb/ep0
01-01 13:45:06.451 0 0 I : read descriptors
03-23 06:42:21.592 3134 3150 I adbd : UsbFfsConnection constructed
01-01 13:45:06.451 0 0 I : read strings
03-23 06:42:21.593 3134 4919 I adbd : UsbFfs-monitor thread spawned
03-23 06:42:21.717 1264 1435 E tlogd : [TzLogger](isPathReadable) file /sys/kernel/debug/tzdbg/qsee_log isn't exist or no permission, err: No such file or directory
03-23 06:42:21.718 1264 1435 E tlogd : [TzLogger](saveTzlogAsync) /sys/kernel/debug/tzdbg/qsee_log can not read.
03-23 06:42:21.718 1264 1435 E tlogd : [TzLogger](isPathReadable) file /sys/kernel/debug/tzdbg/log isn't exist or no permission, err: No such file or directory
03-23 06:42:21.718 1264 1435 E tlogd : [TzLogger](saveTzlogAsync) /sys/kernel/debug/tzdbg/log can not read.
03-23 06:42:21.818 653 668 I mpu_uart: [MSG-P:RECV]:No message received in 1000 ms
03-23 06:42:22.515 3298 3298 W hpplay-java: [main]:IPManager:getActiveNets invalid networkInfo:null
03-23 06:42:22.516 3298 3298 I hpplay-java: [main]:IPManager:getActiveNets eth0:false wifi:false mobile:false ap:false
03-23 06:42:22.516 3298 3298 I hpplay-java: [main]:ServerTaskManager:get local ip:null
03-23 06:42:22.594 3134 4919 W adbd : timed out while waiting for FUNCTIONFS_BIND, trying again
03-23 06:42:22.595 3134 4919 I adbd : UsbFfs: connection terminated: monitor thread finished
03-23 06:42:22.595 3134 3134 I adbd : UsbFfs: already offline
03-23 06:42:22.595 3134 3134 I adbd : destroying transport UsbFfs
03-23 06:42:22.595 3134 3134 I adbd : UsbFfsConnection being destroyed
03-23 06:42:22.609 3134 3150 I adbd : opening control endpoint /dev/usb-ffs/adb/ep0
03-23 06:42:22.611 3134 3150 I adbd : UsbFfsConnection constructed
03-23 06:42:22.612 3134 4920 I adbd : UsbFfs-monitor thread spawned
01-01 13:45:07.471 0 0 I : read descriptors
01-01 13:45:07.471 0 0 I : read strings
03-23 06:42:22.675 2866 2866 E Launcher: Check mcu protect state
03-23 06:42:22.818 653 668 I mpu_uart: [MSG-P:RECV]:No message received in 1000 ms
01-01 13:45:07.703 0 0 E DTC_ETH,link_delay_work_func: 3003, SQI=0, link=0
01-01 13:45:07.735 0 0 E DTC_Display: screen not ready
03-23 06:42:23.518 3298 3298 W hpplay-java: [main]:IPManager:getActiveNets invalid networkInfo:null
03-23 06:42:23.518 3298 3298 I hpplay-java: [main]:IPManager:getActiveNets eth0:false wifi:false mobile:false ap:false
03-23 06:42:23.518 3298 3298 I hpplay-java: [main]:ServerTaskManager:get local ip:null
03-23 06:42:23.613 3134 4920 W adbd : timed out while waiting for FUNCTIONFS_BIND, trying again
03-23 06:42:23.613 3134 4920 I adbd : UsbFfs: connection terminated: monitor thread finished
03-23 06:42:23.613 3134 3134 I adbd : UsbFfs: already offline
03-23 06:42:23.613 3134 3134 I adbd : destroying transport UsbFfs
03-23 06:42:23.614 3134 3134 I adbd : UsbFfsConnection being destroyed
03-23 06:42:23.629 3134 3150 I adbd : opening control endpoint /dev/usb-ffs/adb/ep0
03-23 06:42:23.631 3134 3150 I adbd : UsbFfsConnection constructed
03-23 06:42:23.631 3134 4921 I adbd : UsbFfs-monitor thread spawned
01-01 13:45:08.491 0 0 I : read descriptors
01-01 13:45:08.491 0 0 I : read strings
03-23 06:42:23.742 1512 2301 I GameModeConfig: isGameModeOn = false
03-23 06:42:23.818 653 668 I mpu_uart: [MSG-P:RECV]:No message received in 1000 ms
03-23 06:42:23.852 653 667 I mpu_uart: [MSG-P:R]:recv sync frame timeout
03-23 06:42:23.940 1512 2301 I GameModeConfig: isGameModeOn = false
03-23 06:42:24.520 3298 3298 W hpplay-java: [main]:IPManager:getActiveNets invalid networkInfo:null
03-23 06:42:24.520 3298 3298 I hpplay-java: [main]:IPManager:getActiveNets eth0:false wifi:false mobile:false ap:false
03-23 06:42:24.520 3298 3298 I hpplay-java: [main]:ServerTaskManager:get local ip:null
03-23 06:42:24.633 3134 4921 W adbd : timed out while waiting for FUNCTIONFS_BIND, trying again
03-23 06:42:24.633 3134 4921 I adbd : UsbFfs: connection terminated: monitor thread finished
03-23 06:42:24.633 3134 3134 I adbd : UsbFfs: already offline
03-23 06:42:24.633 3134 3134 I adbd : destroying transport UsbFfs
03-23 06:42:24.633 3134 3134 I adbd : UsbFfsConnection being destroyed
03-23 06:42:24.645 3134 3150 I adbd : opening control endpoint /dev/usb-ffs/adb/ep0
03-23 06:42:24.647 3134 3150 I adbd : UsbFfsConnection constructed
03-23 06:42:24.648 3134 4922 I adbd : UsbFfs-monitor thread spawned
01-01 13:45:09.507 0 0 I : read descriptors
01-01 13:45:09.507 0 0 I : read strings
03-23 06:42:24.819 653 668 I mpu_uart: [MSG-P:RECV]:No message received in 1000 ms
03-23 06:42:25.379 2866 2866 E Launcher: Check mcu protect state
03-23 06:42:25.521 3298 3298 W hpplay-java: [main]:IPManager:getActiveNets invalid networkInfo:null
03-23 06:42:25.522 3298 3298 I hpplay-java: [main]:IPManager:getActiveNets eth0:false wifi:false mobile:false ap:false
03-23 06:42:25.522 3298 3298 I hpplay-java: [main]:ServerTaskManager:get local ip:null
03-23 06:42:25.649 3134 4922 W adbd : timed out while waiting for FUNCTIONFS_BIND, trying again
03-23 06:42:25.649 3134 4922 I adbd : UsbFfs: connection terminated: monitor thread finished
03-23 06:42:25.649 3134 3134 I adbd : UsbFfs: already offline
03-23 06:42:25.649 3134 3134 I adbd : destroying transport UsbFfs
03-23 06:42:25.649 3134 3134 I adbd : UsbFfsConnection being destroyed
03-23 06:42:25.669 3134 3150 I adbd : opening control endpoint /dev/usb-ffs/adb/ep0
03-23 06:42:25.670 3134 3150 I adbd : UsbFfsConnection constructed
03-23 06:42:25.671 3134 4924 I adbd : UsbFfs-monitor thread spawned
01-01 13:45:10.530 0 0 I : read descriptors
01-01 13:45:10.530 0 0 I : read strings
03-23 06:42:25.819 653 668 I mpu_uart: [MSG-P:RECV]:No message received in 1000 ms
01-01 13:45:10.911 0 0 E DTC_Display: screen not ready
03-23 06:42:26.502 2764 2764 D RemoteControlService: startVlanDispatchThread
03-23 06:42:26.524 3298 3298 W hpplay-java: [main]:IPManager:getActiveNets invalid networkInfo:null
03-23 06:42:26.524 3298 3298 I hpplay-java: [main]:IPManager:getActiveNets eth0:false wifi:false mobile:false ap:false
03-23 06:42:26.524 3298 3298 I hpplay-java: [main]:ServerTaskManager:get local ip:null
03-23 06:42:26.621 1512 2301 I GameModeConfig: isGameModeOn = false
03-23 06:42:26.672 3134 4924 W adbd : timed out while waiting for FUNCTIONFS_BIND, trying again
03-23 06:42:26.672 3134 4924 I adbd : UsbFfs: connection terminated: monitor thread finished
03-23 06:42:26.672 3134 3134 I adbd : UsbFfs: already offline
03-23 06:42:26.673 3134 3134 I adbd : destroying transport UsbFfs
03-23 06:42:26.673 3134 3134 I adbd : UsbFfsConnection being destroyed
03-23 06:42:26.689 3134 3150 I adbd : opening control endpoint /dev/usb-ffs/adb/ep0
03-23 06:42:26.692 3134 3150 I adbd : UsbFfsConnection constructed
03-23 06:42:26.693 3134 4925 I adbd : UsbFfs-monitor thread spawned
01-01 13:45:11.551 0 0 I : read descriptors
01-01 13:45:11.551 0 0 I : read strings
03-23 06:42:26.718 1264 1435 E tlogd : [TzLogger](isPathReadable) file /sys/kernel/debug/tzdbg/qsee_log isn't exist or no permission, err: No such file or directory
03-23 06:42:26.718 1264 1435 E tlogd : [TzLogger](saveTzlogAsync) /sys/kernel/debug/tzdbg/qsee_log can not read.
03-23 06:42:26.718 1264 1435 E tlogd : [TzLogger](isPathReadable) file /sys/kernel/debug/tzdbg/log isn't exist or no permission, err: No such file or directory
03-23 06:42:26.718 1264 1435 E tlogd : [TzLogger](saveTzlogAsync) /sys/kernel/debug/tzdbg/log can not read.
03-23 06:42:26.815 1512 2301 I GameModeConfig: isGameModeOn = false
03-23 06:42:26.819 653 668 I mpu_uart: [MSG-P:RECV]:No message received in 1000 ms
03-23 06:42:26.842 2361 2361 D InterruptionStateProvider: No alerting: filtered notification: 0|com.android.systemui|1|empty_media|10077
03-23 06:42:26.843 2361 2361 D InterruptionStateProvider: No bubble up: not allowed to bubble: 0|com.android.systemui|2048|null|10077
03-23 06:42:26.843 2361 2361 D InterruptionStateProvider: No bubble up: not allowed to bubble: 0|android|17303299|com.android.wifi|1000
03-23 06:42:26.843 2361 2361 D InterruptionStateProvider: No bubble up: not allowed to bubble: -1|android|32|null|1000
03-23 06:42:26.855 653 667 I mpu_uart: [MSG-P:R]:recv sync frame timeout
03-23 06:42:26.873 2361 4802 I OpenGLRenderer: Davey! duration=9223371949936ms; Flags=0, FrameTimelineVsyncId=5276, IntendedVsync=86918213067, Vsync=86918213067, InputEventId=0, HandleInputStart=86918526996, AnimationStart=86918530330, PerformTraversalsStart=86918532517, DrawStart=86924410486, FrameDeadline=86934879733, FrameInterval=86918518090, FrameStartTime=16666666, SyncQueued=86925242153, SyncStart=86925313142, IssueDrawCommandsStart=86926247830, SwapBuffers=86931868194, FrameCompleted=9223372036854775807, DequeueBufferDuration=47916, QueueBufferDuration=1143541, GpuCompleted=9223372036854775807, SwapBuffersCompleted=86933600434, DisplayPresentTime=0,
03-23 06:42:27.409 3298 3298 I hpplay-java: [main]:IMTask:getIMRoot
03-23 06:42:27.417 3298 4926 W hpplay-java: [AsyncTask #32]:HttpRequest:
03-23 06:42:27.418 3298 4926 W hpplay-java: [AsyncTask #32]:HttpRequest:
03-23 06:42:27.419 3298 4926 W hpplay-java: [AsyncTask #32]:HttpRequest:
03-23 06:42:27.419 3298 3298 E hpplay-java: [main]:IMTask:getIMRoot failed
03-23 06:42:27.526 3298 3298 W hpplay-java: [main]:IPManager:getActiveNets invalid networkInfo:null
03-23 06:42:27.526 3298 3298 I hpplay-java: [main]:IPManager:getActiveNets eth0:false wifi:false mobile:false ap:false
03-23 06:42:27.526 3298 3298 I hpplay-java: [main]:ServerTaskManager:get local ip:null
03-23 06:42:27.694 3134 4925 W adbd : timed out while waiting for FUNCTIONFS_BIND, trying again
03-23 06:42:27.694 3134 4925 I adbd : UsbFfs: connection terminated: monitor thread finished
03-23 06:42:27.695 3134 3134 I adbd : UsbFfs: already offline
03-23 06:42:27.695 3134 3134 I adbd : destroying transport UsbFfs
03-23 06:42:27.695 3134 3134 I adbd : UsbFfsConnection being destroyed
03-23 06:42:27.705 3134 3150 I adbd : opening control endpoint /dev/usb-ffs/adb/ep0
03-23 06:42:27.708 3134 3150 I adbd : UsbFfsConnection constructed
03-23 06:42:27.708 3134 4928 I adbd : UsbFfs-monitor thread spawned
01-01 13:45:12.567 0 0 I : read descriptors
01-01 13:45:12.567 0 0 I : read strings
03-23 06:42:27.820 653 668 I mpu_uart: [MSG-P:RECV]:No message received in 1000 ms
01-01 13:45:12.823 0 0 E DTC_ETH,link_delay_work_func: 3003, SQI=0, link=0
03-23 06:42:28.528 3298 3298 W hpplay-java: [main]:IPManager:getActiveNets invalid networkInfo:null
03-23 06:42:28.528 3298 3298 I hpplay-java: [main]:IPManager:getActiveNets eth0:false wifi:false mobile:false ap:false
03-23 06:42:28.528 3298 3298 I hpplay-java: [main]:ServerTaskManager:get local ip:null
03-23 06:42:28.710 3134 4928 W adbd : timed out while waiting for FUNCTIONFS_BIND, trying again
03-23 06:42:28.710 3134 4928 I adbd : UsbFfs: connection terminated: monitor thread finished
03-23 06:42:28.711 3134 3134 I adbd : UsbFfs: already offline
03-23 06:42:28.711 3134 3134 I adbd : destroying transport UsbFfs
03-23 06:42:28.711 3134 3134 I adbd : UsbFfsConnection being destroyed
03-23 06:42:28.721 3134 3150 I adbd : opening control endpoint /dev/usb-ffs/adb/ep0
03-23 06:42:28.723 3134 3150 I adbd : UsbFfsConnection constructed
03-23 06:42:28.724 3134 4929 I adbd : UsbFfs-monitor thread spawned
01-01 13:45:13.583 0 0 I : read descriptors
01-01 13:45:13.583 0 0 I : read strings
03-23 06:42:28.820 653 668 I mpu_uart: [MSG-P:RECV]:No message received in 1000 ms
03-23 06:42:29.530 3298 3298 W hpplay-java: [main]:IPManager:getActiveNets invalid networkInfo:null
03-23 06:42:29.530 3298 3298 I hpplay-java: [main]:IPManager:getActiveNets eth0:false wifi:false mobile:false ap:false
03-23 06:42:29.530 3298 3298 I hpplay-java: [main]:ServerTaskManager:get local ip:null
03-23 06:42:29.725 3134 4929 W adbd : timed out while waiting for FUNCTIONFS_BIND, trying again
03-23 06:42:29.725 3134 4929 I adbd : UsbFfs: connection terminated: monitor thread finished
03-23 06:42:29.725 3134 3134 I adbd : UsbFfs: already offline
03-23 06:42:29.725 3134 3134 I adbd : destroying transport UsbFfs
03-23 06:42:29.725 3134 3134 I adbd : UsbFfsConnection being destroyed
03-23 06:42:29.737 3134 3150 I adbd : opening control endpoint /dev/usb-ffs/adb/ep0
03-23 06:42:29.738 3134 3150 I adbd : UsbFfsConnection constructed
03-23 06:42:29.739 3134 4930 I adbd : UsbFfs-monitor thread spawned
01-01 13:45:14.599 0 0 I : read descriptors
01-01 13:45:14.599 0 0 I : read strings
01-01 13:45:14.601 0 0 E DTC_Display: screen not ready
03-23 06:42:29.820 653 668 I mpu_uart: [MSG-P:RECV]:No message received in 1000 ms
03-23 06:42:29.858 653 667 I mpu_uart: [MSG-P:R]:recv sync frame timeout
03-23 06:42:30.532 3298 3298 W hpplay-java: [main]:IPManager:getActiveNets invalid networkInfo:null
03-23 06:42:30.532 3298 3298 I hpplay-java: [main]:IPManager:getActiveNets eth0:false wifi:false mobile:false ap:false
03-23 06:42:30.532 3298 3298 I hpplay-java: [main]:ServerTaskManager:get local ip:null
03-23 06:42:30.740 3134 4930 W adbd : timed out while waiting for FUNCTIONFS_BIND, trying again
03-23 06:42:30.740 3134 4930 I adbd : UsbFfs: connection terminated: monitor thread finished
03-23 06:42:30.741 3134 3134 I adbd : UsbFfs: already offline
03-23 06:42:30.741 3134 3134 I adbd : destroying transport UsbFfs
03-23 06:42:30.741 3134 3134 I adbd : UsbFfsConnection being destroyed
03-23 06:42:30.753 3134 3150 I adbd : opening control endpoint /dev/usb-ffs/adb/ep0
03-23 06:42:30.755 3134 3150 I adbd : UsbFfsConnection constructed
03-23 06:42:30.756 3134 4931 I adbd : UsbFfs-monitor thread spawned
01-01 13:45:15.615 0 0 I : read descriptors
01-01 13:45:15.615 0 0 I : read strings
03-23 06:42:30.796 1512 1667 I am_pss : [3466,10091,com.android.providers.media.module,19003392,15421440,0,125259776,0,0,12]
03-23 06:42:30.806 1512 1667 I am_pss : [3087,10072,com.qualcomm.location,9859072,7483392,0,103968768,0,0,8]
03-23 06:42:30.821 653 668 I mpu_uart: [MSG-P:RECV]:No message received in 1000 ms
03-23 06:42:31.515 2764 2764 D RemoteControlService: startVlanDispatchThread
03-23 06:42:31.535 3298 3298 W hpplay-java: [main]:IPManager:getActiveNets invalid networkInfo:null
03-23 06:42:31.535 3298 3298 I hpplay-java: [main]:IPManager:getActiveNets eth0:false wifi:false mobile:false ap:false
03-23 06:42:31.535 3298 3298 I hpplay-java: [main]:ServerTaskManager:get local ip:null
03-23 06:42:31.718 1264 1435 E tlogd : [TzLogger](isPathReadable) file /sys/kernel/debug/tzdbg/qsee_log isn't exist or no permission, err: No such file or directory
03-23 06:42:31.718 1264 1435 E tlogd : [TzLogger](saveTzlogAsync) /sys/kernel/debug/tzdbg/qsee_log can not read.
03-23 06:42:31.719 1264 1435 E tlogd : [TzLogger](isPathReadable) file /sys/kernel/debug/tzdbg/log isn't exist or no permission, err: No such file or directory
03-23 06:42:31.719 1264 1435 E tlogd : [TzLogger](saveTzlogAsync) /sys/kernel/debug/tzdbg/log can not read.
03-23 06:42:31.757 3134 4931 W adbd : timed out while waiting for FUNCTIONFS_BIND, trying again
03-23 06:42:31.757 3134 4931 I adbd : UsbFfs: connection terminated: monitor thread finished
03-23 06:42:31.757 3134 3134 I adbd : UsbFfs: already offline
03-23 06:42:31.757 3134 3134 I adbd : destroying transport UsbFfs
03-23 06:42:31.758 3134 3134 I adbd : UsbFfsConnection being destroyed
03-23 06:42:31.773 3134 3150 I adbd : opening control endpoint /dev/usb-ffs/adb/ep0
03-23 06:42:31.776 3134 3150 I adbd : UsbFfsConnection constructed
01-01 13:45:16.635 0 0 I : read descriptors
03-23 06:42:31.777 3134 4932 I adbd : UsbFfs-monitor thread spawned
01-01 13:45:16.635 0 0 I : read strings
03-23 06:42:31.821 653 668 I mpu_uart: [MSG-P:RECV]:No message received in 1000 ms
03-23 06:42:32.537 3298 3298 W hpplay-java: [main]:IPManager:getActiveNets invalid networkInfo:null
03-23 06:42:32.537 3298 3298 I hpplay-java: [main]:IPManager:getActiveNets eth0:false wifi:false mobile:false ap:false
03-23 06:42:32.537 3298 3298 I hpplay-java: [main]:ServerTaskManager:get local ip:null
01-01 13:45:17.447 0 0 E DTC_Display: screen not ready
03-23 06:42:32.778 3134 4932 W adbd : timed out while waiting for FUNCTIONFS_BIND, trying again
03-23 06:42:32.778 3134 4932 I adbd : UsbFfs: connection terminated: monitor thread finished
03-23 06:42:32.779 3134 3134 I adbd : UsbFfs: already offline
03-23 06:42:32.779 3134 3134 I adbd : destroying transport UsbFfs
03-23 06:42:32.779 3134 3134 I adbd : UsbFfsConnection being destroyed
03-23 06:42:32.789 3134 3150 I adbd : opening control endpoint /dev/usb-ffs/adb/ep0
03-23 06:42:32.791 3134 3150 I adbd : UsbFfsConnection constructed
03-23 06:42:32.792 3134 4933 I adbd : UsbFfs-monitor thread spawned
01-01 13:45:17.651 0 0 I : read descriptors
01-01 13:45:17.651 0 0 I : read strings
03-23 06:42:32.821 653 668 I mpu_uart: [MSG-P:RECV]:No message received in 1000 ms
03-23 06:42:32.859 653 667 I mpu_uart: [MSG-P:R]:recv sync frame timeout
01-01 13:45:17.943 0 0 E DTC_ETH,link_delay_work_func: 3003, SQI=0, link=0
03-23 06:42:33.539 3298 3298 W hpplay-java: [main]:IPManager:getActiveNets invalid networkInfo:null
03-23 06:42:33.539 3298 3298 I hpplay-java: [main]:IPManager:getActiveNets eth0:false wifi:false mobile:false ap:false
03-23 06:42:33.539 3298 3298 I hpplay-java: [main]:ServerTaskManager:get local ip:null
03-23 06:42:33.793 3134 4933 W adbd : timed out while waiting for FUNCTIONFS_BIND, trying again
03-23 06:42:33.793 3134 4933 I adbd : UsbFfs: connection terminated: monitor thread finished
03-23 06:42:33.794 3134 3134 I adbd : UsbFfs: already offline
03-23 06:42:33.794 3134 3134 I adbd : destroying transport UsbFfs
03-23 06:42:33.794 3134 3134 I adbd : UsbFfsConnection being destroyed
03-23 06:42:33.809 3134 3150 I adbd : opening control endpoint /dev/usb-ffs/adb/ep0
03-23 06:42:33.811 3134 3150 I adbd : UsbFfsConnection constructed
03-23 06:42:33.812 3134 4934 I adbd : UsbFfs-monitor thread spawned
01-01 13:45:18.671 0 0 I : read descriptors
01-01 13:45:18.671 0 0 I : read strings
03-23 06:42:33.822 653 668 I mpu_uart: [MSG-P:RECV]:No message received in 1000 ms
03-23 06:42:34.540 3298 3298 W hpplay-java: [main]:IPManager:getActiveNets invalid networkInfo:null
03-23 06:42:34.541 3298 3298 I hpplay-java: [main]:IPManager:getActiveNets eth0:false wifi:false mobile:false ap:false
03-23 06:42:34.541 3298 3298 I hpplay-java: [main]:ServerTaskManager:get local ip:null
03-23 06:42:34.813 3134 4934 W adbd : timed out while waiting for FUNCTIONFS_BIND, trying again
03-23 06:42:34.813 3134 4934 I adbd : UsbFfs: connection terminated: monitor thread finished
03-23 06:42:34.814 3134 3134 I adbd : UsbFfs: already offline
03-23 06:42:34.814 3134 3134 I adbd : destroying transport UsbFfs
03-23 06:42:34.814 3134 3134 I adbd : UsbFfsConnection being destroyed
03-23 06:42:34.822 653 668 I mpu_uart: [MSG-P:RECV]:No message received in 1000 ms
03-23 06:42:34.825 3134 3150 I adbd : opening control endpoint /dev/usb-ffs/adb/ep0
01-01 13:45:19.687 0 0 I : read descriptors
03-23 06:42:34.827 3134 3150 I adbd : UsbFfsConnection constructed
03-23 06:42:34.827 3134 4935 I adbd : UsbFfs-monitor thread spawned
01-01 13:45:19.687 0 0 I : read strings
03-23 06:42:35.543 3298 3298 W hpplay-java: [main]:IPManager:getActiveNets invalid networkInfo:null
03-23 06:42:35.543 3298 3298 I hpplay-java: [main]:IPManager:getActiveNets eth0:false wifi:false mobile:false ap:false
03-23 06:42:35.543 3298 3298 I hpplay-java: [main]:ServerTaskManager:get local ip:null
03-23 06:42:35.822 653 668 I mpu_uart: [MSG-P:RECV]:No message received in 1000 ms
03-23 06:42:35.829 3134 4935 W adbd : timed out while waiting for FUNCTIONFS_BIND, trying again
03-23 06:42:35.829 3134 4935 I adbd : UsbFfs: connection terminated: monitor thread finished
03-23 06:42:35.829 3134 3134 I adbd : UsbFfs: already offline
03-23 06:42:35.829 3134 3134 I adbd : destroying transport UsbFfs
03-23 06:42:35.829 3134 3134 I adbd : UsbFfsConnection being destroyed
03-23 06:42:35.841 3134 3150 I adbd : opening control endpoint /dev/usb-ffs/adb/ep0
03-23 06:42:35.844 3134 3150 I adbd : UsbFfsConnection constructed
03-23 06:42:35.844 3134 4936 I adbd : UsbFfs-monitor thread spawned
01-01 13:45:20.703 0 0 I : read descriptors
01-01 13:45:20.703 0 0 I : read strings
03-23 06:42:35.862 653 667 I mpu_uart: [MSG-P:R]:recv sync frame timeout
01-01 13:45:21.231 0 0 E DTC_Display: screen not ready
03-23 06:42:36.525 2764 2764 D RemoteControlService: startVlanDispatchThread
03-23 06:42:36.546 3298 3298 W hpplay-java: [main]:IPManager:getActiveNets invalid networkInfo:null
03-23 06:42:36.546 3298 3298 I hpplay-java: [main]:IPManager:getActiveNets eth0:false wifi:false mobile:false ap:false
03-23 06:42:36.546 3298 3298 I hpplay-java: [main]:ServerTaskManager:get local ip:null
03-23 06:42:36.719 1264 1435 E tlogd : [TzLogger](isPathReadable) file /sys/kernel/debug/tzdbg/qsee_log isn't exist or no permission, err: No such file or directory
03-23 06:42:36.719 1264 1435 E tlogd : [TzLogger](saveTzlogAsync) /sys/kernel/debug/tzdbg/qsee_log can not read.
03-23 06:42:36.719 1264 1435 E tlogd : [TzLogger](isPathReadable) file /sys/kernel/debug/tzdbg/log isn't exist or no permission, err: No such file or directory
03-23 06:42:36.719 1264 1435 E tlogd : [TzLogger](saveTzlogAsync) /sys/kernel/debug/tzdbg/log can not read.
03-23 06:42:36.822 653 668 I mpu_uart: [MSG-P:RECV]:No message received in 1000 ms
03-23 06:42:36.846 3134 4936 W adbd : timed out while waiting for FUNCTIONFS_BIND, trying again
03-23 06:42:36.846 3134 4936 I adbd : UsbFfs: connection terminated: monitor thread finished
03-23 06:42:36.846 3134 3134 I adbd : UsbFfs: already offline
03-23 06:42:36.846 3134 3134 I adbd : destroying transport UsbFfs
03-23 06:42:36.846 3134 3134 I adbd : UsbFfsConnection being destroyed
03-23 06:42:36.853 3134 3150 I adbd : opening control endpoint /dev/usb-ffs/adb/ep0
03-23 06:42:36.855 3134 3150 I adbd : UsbFfsConnection constructed
03-23 06:42:36.856 3134 4937 I adbd : UsbFfs-monitor thread spawned
01-01 13:45:21.715 0 0 I : read descriptors
01-01 13:45:21.715 0 0 I : read strings
03-23 06:42:37.548 3298 3298 W hpplay-java: [main]:IPManager:getActiveNets invalid networkInfo:null
03-23 06:42:37.548 3298 3298 I hpplay-java: [main]:IPManager:getActiveNets eth0:false wifi:false mobile:false ap:false
03-23 06:42:37.548 3298 3298 I hpplay-java: [main]:ServerTaskManager:get local ip:null
03-23 06:42:37.823 653 668 I mpu_uart: [MSG-P:RECV]:No message received in 1000 ms
03-23 06:42:37.858 3134 4937 W adbd : timed out while waiting for FUNCTIONFS_BIND, trying again
03-23 06:42:37.858 3134 4937 I adbd : UsbFfs: connection terminated: monitor thread finished
03-23 06:42:37.858 3134 3134 I adbd : UsbFfs: already offline
03-23 06:42:37.858 3134 3134 I adbd : destroying transport UsbFfs
03-23 06:42:37.858 3134 3134 I adbd : UsbFfsConnection being destroyed
03-23 06:42:37.865 3134 3150 I adbd : opening control endpoint /dev/usb-ffs/adb/ep0
03-23 06:42:37.867 3134 3150 I adbd : UsbFfsConnection constructed
03-23 06:42:37.868 3134 4938 I adbd : UsbFfs-monitor thread spawned
01-01 13:45:22.727 0 0 I : read descriptors
01-01 13:45:22.727 0 0 I : read strings
01-01 13:45:23.063 0 0 E DTC_ETH,link_delay_work_func: 3003, SQI=0, link=0
03-23 06:42:38.550 3298 3298 W hpplay-java: [main]:IPManager:getActiveNets invalid networkInfo:null
03-23 06:42:38.550 3298 3298 I hpplay-java: [main]:IPManager:getActiveNets eth0:false wifi:false mobile:false ap:false
03-23 06:42:38.550 3298 3298 I hpplay-java: [main]:ServerTaskManager:get local ip:null
03-23 06:42:38.823 653 668 I mpu_uart: [MSG-P:RECV]:No message received in 1000 ms
03-23 06:42:38.865 653 667 I mpu_uart: [MSG-P:R]:recv sync frame timeout
03-23 06:42:38.869 3134 4938 W adbd : timed out while waiting for FUNCTIONFS_BIND, trying again
03-23 06:42:38.869 3134 4938 I adbd : UsbFfs: connection terminated: monitor thread finished
03-23 06:42:38.869 3134 3134 I adbd : UsbFfs: already offline
03-23 06:42:38.869 3134 3134 I adbd : destroying transport UsbFfs
03-23 06:42:38.870 3134 3134 I adbd : UsbFfsConnection being destroyed
03-23 06:42:38.877 3134 3150 I adbd : opening control endpoint /dev/usb-ffs/adb/ep0
03-23 06:42:38.879 3134 3150 I adbd : UsbFfsConnection constructed
03-23 06:42:38.879 3134 4939 I adbd : UsbFfs-monitor thread spawned
01-01 13:45:23.739 0 0 I : read descriptors
01-01 13:45:23.739 0 0 I : read strings
01-01 13:45:24.391 0 0 E DTC_Display: screen not ready
03-23 06:42:39.552 3298 3298 W hpplay-java: [main]:IPManager:getActiveNets invalid networkInfo:null
03-23 06:42:39.552 3298 3298 I hpplay-java: [main]:IPManager:getActiveNets eth0:false wifi:false mobile:false ap:false
03-23 06:42:39.552 3298 3298 I hpplay-java: [main]:ServerTaskManager:get local ip:null
03-23 06:42:39.824 653 668 I mpu_uart: [MSG-P:RECV]:No message received in 1000 ms
03-23 06:42:39.881 3134 4939 W adbd : timed out while waiting for FUNCTIONFS_BIND, trying again
03-23 06:42:39.881 3134 4939 I adbd : UsbFfs: connection terminated: monitor thread finished
03-23 06:42:39.881 3134 3134 I adbd : UsbFfs: already offline
03-23 06:42:39.881 3134 3134 I adbd : destroying transport UsbFfs
03-23 06:42:39.881 3134 3134 I adbd : UsbFfsConnection being destroyed
03-23 06:42:39.889 3134 3150 I adbd : opening control endpoint /dev/usb-ffs/adb/ep0
03-23 06:42:39.891 3134 3150 I adbd : UsbFfsConnection constructed
03-23 06:42:39.892 3134 4940 I adbd : UsbFfs-monitor thread spawned
01-01 13:45:24.751 0 0 I : read descriptors
01-01 13:45:24.751 0 0 I : read strings
03-23 06:42:40.554 3298 3298 W hpplay-java: [main]:IPManager:getActiveNets invalid networkInfo:null
03-23 06:42:40.554 3298 3298 I hpplay-java: [main]:IPManager:getActiveNets eth0:false wifi:false mobile:false ap:false
03-23 06:42:40.554 3298 3298 I hpplay-java: [main]:ServerTaskManager:get local ip:null
03-23 06:42:40.824 653 668 I mpu_uart: [MSG-P:RECV]:No message received in 1000 ms
03-23 06:42:40.893 3134 4940 W adbd : timed out while waiting for FUNCTIONFS_BIND, trying again
03-23 06:42:40.893 3134 4940 I adbd : UsbFfs: connection terminated: monitor thread finished
03-23 06:42:40.893 3134 3134 I adbd : UsbFfs: already offline
03-23 06:42:40.893 3134 3134 I adbd : destroying transport UsbFfs
03-23 06:42:40.893 3134 3134 I adbd : UsbFfsConnection being destroyed
03-23 06:42:40.909 3134 3150 I adbd : opening control endpoint /dev/usb-ffs/adb/ep0
03-23 06:42:40.911 3134 3150 I adbd : UsbFfsConnection constructed
03-23 06:42:40.911 3134 4941 I adbd : UsbFfs-monitor thread spawned
01-01 13:45:25.771 0 0 I : read descriptors
01-01 13:45:25.771 0 0 I : read strings
01-01 13:45:26.202 0 0 I : boot log copy done
03-23 06:42:41.534 2764 2764 D RemoteControlService: startVlanDispatchThread
