01-01 13:43:57.563 1512 1663 I SystemConfig: Reading permissions from /system/etc/permissions/android.software.webview.xml
01-01 13:43:57.563 1512 1512 D CompatConfig: Adding: com.android.server.compat.config.Change@bc6a9f7
01-01 13:43:57.563 1512 1512 D CompatConfig: Adding: com.android.server.compat.config.Change@769d064
01-01 13:43:57.563 1512 1512 D CompatConfig: Adding: com.android.server.compat.config.Change@6e462cd
01-01 13:43:57.563 1512 1663 I SystemConfig: Reading permissions from /system/etc/permissions/privapp-permissions-platform.xml
01-01 13:43:57.563 1512 1512 D CompatConfig: Adding: com.android.server.compat.config.Change@ab1ee93
01-01 13:43:57.563 1512 1512 D CompatConfig: Adding: com.android.server.compat.config.Change@d258ed0
01-01 13:43:57.563 1512 1512 D CompatConfig: Adding: com.android.server.compat.config.Change@f615ec9
01-01 13:43:57.563 1512 1512 D CompatConfig: Adding: com.android.server.compat.config.Change@fccc9ce
01-01 13:43:57.563 1512 1512 D CompatConfig: Adding: com.android.server.compat.config.Change@302e0ef
01-01 13:43:57.564 1512 1512 D CompatConfig: Adding: com.android.server.compat.config.Change@9cc7fc
01-01 13:43:57.564 1512 1512 D CompatConfig: Adding: com.android.server.compat.config.Change@981e85
01-01 13:43:57.564 1512 1512 D CompatConfig: Adding: com.android.server.compat.config.Change@9efb4da
01-01 13:43:57.564 1512 1512 D CompatConfig: Adding: com.android.server.compat.config.Change@ec69d0b
01-01 13:43:57.564 1512 1512 D CompatConfig: Adding: com.android.server.compat.config.Change@fec67e8
01-01 13:43:57.564 1512 1512 D CompatConfig: Adding: com.android.server.compat.config.Change@4c11e01
01-01 13:43:57.564 1512 1512 D CompatConfig: Adding: com.android.server.compat.config.Change@32444a6
01-01 13:43:57.564 1512 1512 D CompatConfig: Adding: com.android.server.compat.config.Change@1bffee7
01-01 13:43:57.565 1512 1512 D CompatConfig: Adding: com.android.server.compat.config.Change@c141a94
01-01 13:43:57.565 1512 1512 D CompatConfig: Adding: com.android.server.compat.config.Change@720993d
01-01 13:43:57.565 1512 1512 D CompatConfig: Adding: com.android.server.compat.config.Change@9c00532
01-01 13:43:57.565 1512 1512 D CompatConfig: Adding: com.android.server.compat.config.Change@f03a283
01-01 13:43:57.565 1512 1512 D CompatConfig: Adding: com.android.server.compat.config.Change@4624c00
01-01 13:43:57.565 1512 1512 D CompatConfig: Adding: com.android.server.compat.config.Change@9028c39
01-01 13:43:57.565 1512 1512 D CompatConfig: Adding: com.android.server.compat.config.Change@9e5427e
01-01 13:43:57.565 1512 1512 D CompatConfig: Adding: com.android.server.compat.config.Change@c53e3df
01-01 13:43:57.565 1512 1512 D CompatConfig: Adding: com.android.server.compat.config.Change@a76b2f5
01-01 13:43:57.566 1512 1663 I SystemConfig: Reading permissions from /system/etc/permissions/com.thundercomm.screensaver.xml
01-01 13:43:57.566 1512 1512 D CompatConfig: Adding: com.android.server.compat.config.Change@d8f088a
01-01 13:43:57.566 1512 1512 D CompatConfig: Adding: com.android.server.compat.config.Change@f3cdefb
01-01 13:43:57.566 1512 1512 D CompatConfig: Adding: com.android.server.compat.config.Change@2cc8971
01-01 13:43:57.566 1512 1663 I SystemConfig: Reading permissions from /system/etc/permissions/com.android.networkstack.xml
01-01 13:43:57.566 1512 1512 D CompatConfig: Adding: com.android.server.compat.config.Change@15d2356
01-01 13:43:57.566 1512 1512 D CompatConfig: Adding: com.android.server.compat.config.Change@ff06fd7
01-01 13:43:57.566 1512 1512 D CompatConfig: Adding: com.android.server.compat.config.Change@2bd50c4
01-01 13:43:57.566 1512 1663 I SystemConfig: Reading permissions from /system/etc/permissions/android.test.base.xml
01-01 13:43:57.566 1512 1512 D CompatConfig: Adding: com.android.server.compat.config.Change@a201ee2
01-01 13:43:57.566 1512 1512 D CompatConfig: Adding: com.android.server.compat.config.Change@de23273
01-01 13:43:57.567 1512 1512 D CompatConfig: Adding: com.android.server.compat.config.Change@ca0b530
01-01 13:43:57.567 1512 1663 I SystemConfig: Reading permissions from /system/etc/permissions/com.android.documentsui.xml
01-01 13:43:57.567 1512 1512 D CompatConfig: Adding: com.android.server.compat.config.Change@725472e
01-01 13:43:57.567 1512 1512 D CompatConfig: Adding: com.android.server.compat.config.Change@22382cf
01-01 13:43:57.567 1512 1512 D CompatConfig: Adding: com.android.server.compat.config.Change@613f45c
01-01 13:43:57.567 1512 1663 I SystemConfig: Reading permissions from /system/etc/permissions/android.test.runner.xml
01-01 13:43:57.567 1512 1512 D CompatConfig: Adding: com.android.server.compat.config.Change@d42a83a
01-01 13:43:57.567 1512 1512 D CompatConfig: Adding: com.android.server.compat.config.Change@b7f7ceb
01-01 13:43:57.567 1512 1512 D CompatConfig: Adding: com.android.server.compat.config.Change@619fa48
01-01 13:43:57.567 1512 1663 I SystemConfig: Reading permissions from /system/etc/permissions/com.thundercomm.debugtools.xml
01-01 13:43:57.567 1512 1512 D CompatConfig: Adding: com.android.server.compat.config.Change@6a30e06
01-01 13:43:57.568 1512 1512 D CompatConfig: Adding: com.android.server.compat.config.Change@56fcc7
01-01 13:43:57.568 1512 1512 D CompatConfig: Adding: com.android.server.compat.config.Change@ef872f4
01-01 13:43:57.568 1512 1663 I SystemConfig: Reading permissions from /system/etc/permissions/com.android.mediadrm.signer.xml
01-01 13:43:57.568 1512 1512 D CompatConfig: Adding: com.android.server.compat.config.Change@3520492
01-01 13:43:57.568 1512 1512 D CompatConfig: Adding: com.android.server.compat.config.Change@23c9e63
01-01 13:43:57.568 1512 1512 D CompatConfig: Adding: com.android.server.compat.config.Change@fa3ca60
01-01 13:43:57.568 1512 1512 D CompatConfig: Adding: com.android.server.compat.config.Change@6a69b19
01-01 13:43:57.568 1512 1663 I SystemConfig: Reading permissions from /system/etc/permissions/com.android.nfc_extras.xml
01-01 13:43:57.568 1512 1512 D CompatConfig: Adding: com.android.server.compat.config.Change@f50bdbf
01-01 13:43:57.568 1512 1512 D CompatConfig: Adding: com.android.server.compat.config.Change@feb2c8c
01-01 13:43:57.569 1512 1512 D CompatConfig: Adding: com.android.server.compat.config.Change@efccfd5
01-01 13:43:57.569 1512 1663 I SystemConfig: Reading permissions from /system/etc/permissions/com.android.networkstack.tethering.xml
01-01 13:43:57.569 1512 1512 D CompatConfig: Found a config file: /system/system_ext/etc/compatconfig/settings-platform-compat-config.xml
01-01 13:43:57.569 1512 1663 I SystemConfig: Reading permissions from /system/etc/permissions/com.thundercomm.tcservice.xml
01-01 13:43:57.569 1512 1512 D CompatConfig: Adding: com.android.server.compat.config.Change@5479451
01-01 13:43:57.569 1512 1663 I SystemConfig: Reading permissions from /system/etc/permissions/android.test.mock.xml
01-01 13:43:57.570 1512 1663 I SystemConfig: Reading permissions from /system/etc/permissions/com.android.location.provider.xml
01-01 13:43:57.570 1512 1512 D CompatConfig: No directory /apex/com.android.vndk.v30/etc/compatconfig, skipping
01-01 13:43:57.570 1512 1512 D CompatConfig: No directory /apex/com.android.wifi/etc/compatconfig, skipping
01-01 13:43:57.570 1512 1512 D CompatConfig: No directory /apex/com.android.vndk.v31/etc/compatconfig, skipping
01-01 13:43:57.570 1512 1663 I SystemConfig: Reading permissions from /system/etc/permissions/com.android.future.usb.accessory.xml
01-01 13:43:57.570 1512 1512 D CompatConfig: No directory /apex/com.android.tzdata/etc/compatconfig, skipping
01-01 13:43:57.570 1512 1512 D CompatConfig: No directory /apex/com.android.tethering/etc/compatconfig, skipping
01-01 13:43:57.570 1512 1512 D CompatConfig: No directory /apex/com.android.sdkext/etc/compatconfig, skipping
01-01 13:43:57.570 1512 1512 D CompatConfig: No directory /apex/com.android.scheduling/etc/compatconfig, skipping
01-01 13:43:57.570 1512 1512 D CompatConfig: No directory /apex/com.android.runtime/etc/compatconfig, skipping
01-01 13:43:57.570 1512 1512 D CompatConfig: No directory /apex/com.android.resolv/etc/compatconfig, skipping
01-01 13:43:57.570 1512 1512 D CompatConfig: No directory /apex/com.android.permission/etc/compatconfig, skipping
01-01 13:43:57.570 1512 1663 I SystemConfig: Reading permissions from /system/etc/permissions/platform.xml
01-01 13:43:57.570 1512 1512 D CompatConfig: No directory /apex/com.android.os.statsd/etc/compatconfig, skipping
01-01 13:43:57.570 1512 1512 D CompatConfig: No directory /apex/com.android.neuralnetworks/etc/compatconfig, skipping
01-01 13:43:57.570 1512 1512 D CompatConfig: Found a config file: /apex/com.android.mediaprovider/etc/compatconfig/media-provider-platform-compat-config.xml
01-01 13:43:57.571 1512 1512 D CompatConfig: Adding: com.android.server.compat.config.Change@c1e653
01-01 13:43:57.571 1512 1512 D CompatConfig: Adding: com.android.server.compat.config.Change@dee8b90
01-01 13:43:57.571 1512 1512 D CompatConfig: Adding: com.android.server.compat.config.Change@e777c89
01-01 13:43:57.571 1512 1512 D CompatConfig: Adding: com.android.server.compat.config.Change@bc7f48e
01-01 13:43:57.571 1512 1512 D CompatConfig: Adding: com.android.server.compat.config.Change@47a94af
01-01 13:43:57.572 1512 1512 D CompatConfig: Adding: com.android.server.compat.config.Change@fd8d0bc
01-01 13:43:57.572 1512 1663 I SystemConfig: Reading permissions from /vendor/etc/permissions/handheld_core_hardware.xml
01-01 13:43:57.572 1512 1512 D CompatConfig: Adding: com.android.server.compat.config.Change@52cb9a
01-01 13:43:57.572 1512 1512 D CompatConfig: No directory /apex/com.android.media.swcodec/etc/compatconfig, skipping
01-01 13:43:57.572 1512 1512 D CompatConfig: No directory /apex/com.android.media/etc/compatconfig, skipping
01-01 13:43:57.572 1512 1512 D CompatConfig: No directory /apex/com.android.ipsec/etc/compatconfig, skipping
01-01 13:43:57.572 1512 1512 D CompatConfig: No directory /apex/com.android.i18n/etc/compatconfig, skipping
01-01 13:43:57.572 1512 1663 I SystemConfig: Reading permissions from /vendor/etc/permissions/vendor-qti-hardware-sensorscalibrate.xml
01-01 13:43:57.572 1512 1512 D CompatConfig: No directory /apex/com.android.extservices/etc/compatconfig, skipping
01-01 13:43:57.572 1512 1512 D CompatConfig: No directory /apex/com.android.conscrypt/etc/compatconfig, skipping
01-01 13:43:57.572 1512 1512 D CompatConfig: Found a config file: /apex/com.android.art/etc/compatconfig/libcore-platform-compat-config.xml
01-01 13:43:57.572 1512 1663 I SystemConfig: Reading permissions from /vendor/etc/permissions/android.hardware.sensor.accelerometer.xml
01-01 13:43:57.573 1512 1512 D CompatConfig: Adding: com.android.server.compat.config.Change@820766
01-01 13:43:57.573 1512 1663 I SystemConfig: Reading permissions from /vendor/etc/permissions/android.software.device_id_attestation.xml
01-01 13:43:57.573 1512 1512 D CompatConfig: Adding: com.android.server.compat.config.Change@c307b54
01-01 13:43:57.573 1512 1512 D CompatConfig: Adding: com.android.server.compat.config.Change@d304afd
01-01 13:43:57.573 1512 1663 I SystemConfig: Reading permissions from /vendor/etc/permissions/android.hardware.wifi.rtt.xml
01-01 13:43:57.573 1512 1512 D CompatConfig: Adding: com.android.server.compat.config.Change@7e10a43
01-01 13:43:57.573 1512 1512 D CompatConfig: Adding: com.android.server.compat.config.Change@ec3f8c0
01-01 13:43:57.573 1512 1663 I SystemConfig: Reading permissions from /vendor/etc/permissions/android.hardware.wifi.aware.xml
01-01 13:43:57.573 1512 1512 D CompatConfig: No directory /apex/com.android.appsearch/etc/compatconfig, skipping
01-01 13:43:57.573 1512 1512 D CompatConfig: No directory /apex/com.android.adbd/etc/compatconfig, skipping
01-01 13:43:57.574 1512 1663 I SystemConfig: Reading permissions from /vendor/etc/permissions/android.hardware.wifi.xml
01-01 13:43:57.574 1512 1512 I SystemServerTiming: StartFileIntegrityService
01-01 13:43:57.574 1512 1512 I SystemServiceManager: Starting com.android.server.security.FileIntegrityService
01-01 13:43:57.574 1512 1663 I SystemConfig: Reading permissions from /vendor/etc/permissions/android.hardware.light.xml
01-01 13:43:57.574 1512 1663 I SystemConfig: Reading permissions from /vendor/etc/permissions/android.software.verified_boot.xml
01-01 13:43:57.575 1512 1663 I SystemConfig: Reading permissions from /vendor/etc/permissions/android.hardware.se.omapi.ese.xml
01-01 13:43:57.575 1512 1663 I SystemConfig: Reading permissions from /vendor/etc/permissions/android.hardware.location.gps.xml
01-01 13:43:57.576 1512 1663 I SystemConfig: Reading permissions from /vendor/etc/permissions/android.hardware.audio.pro.xml
01-01 13:43:57.576 1512 1663 I SystemConfig: Reading permissions from /vendor/etc/permissions/android.hardware.wifi.passpoint.xml
01-01 13:43:57.576 1512 1663 I SystemConfig: Reading permissions from /vendor/etc/permissions/android.hardware.fingerprint.xml
01-01 13:43:57.576 1512 1663 I SystemConfig: Reading permissions from /vendor/etc/permissions/android.hardware.vulkan.compute-0.xml
01-01 13:43:57.577 1512 1663 I SystemConfig: Reading permissions from /vendor/etc/permissions/android.hardware.vulkan.version-1_1.xml
01-01 13:43:57.577 1512 1663 I SystemConfig: Reading permissions from /vendor/etc/permissions/android.hardware.opengles.aep.xml
01-01 13:43:57.577 1512 1663 I SystemConfig: Reading permissions from /vendor/etc/permissions/android.hardware.wifi.direct.xml
01-01 13:43:57.577 1512 1663 I SystemConfig: Reading permissions from /vendor/etc/permissions/android.software.midi.xml
01-01 13:43:57.578 1512 1663 I SystemConfig: Reading permissions from /vendor/etc/permissions/android.hardware.se.omapi.uicc.xml
01-01 13:43:57.578 1512 1512 I SystemServerTiming: StartInstaller
01-01 13:43:57.578 1512 1512 I SystemServiceManager: Starting com.android.server.pm.Installer
01-01 13:43:57.578 1512 1663 I SystemConfig: Reading permissions from /vendor/etc/permissions/android.hardware.sensor.compass.xml
01-01 13:43:57.578 1512 1663 I SystemConfig: Reading permissions from /vendor/etc/permissions/android.hardware.touchscreen.multitouch.jazzhand.xml
01-01 13:43:57.575 1189 1189 I auditd : type=1400 audit(0.0:167): avc: denied { read } for comm="Binder:1189_3" name="persist" dev="tmpfs" ino=12333 scontext=u:r:installd:s0 tcontext=u:object_r:tmpfs:s0 tclass=lnk_file permissive=0
01-01 13:43:57.579 1512 1663 I SystemConfig: Reading permissions from /vendor/etc/permissions/android.hardware.bluetooth.xml
01-01 13:43:57.575 1189 1189 I auditd : type=1400 audit(0.0:168): avc: denied { read } for comm="Binder:1189_3" name="persist" dev="tmpfs" ino=12333 scontext=u:r:installd:s0 tcontext=u:object_r:tmpfs:s0 tclass=lnk_file permissive=0
01-01 13:43:57.579 1512 1663 I SystemConfig: Reading permissions from /vendor/etc/permissions/android.hardware.sensor.relative_humidity.xml
01-01 13:43:57.579 1512 1512 I SystemServerTiming: DeviceIdentifiersPolicyService
01-01 13:43:57.579 1512 1512 I SystemServiceManager: Starting com.android.server.os.DeviceIdentifiersPolicyService
01-01 13:43:57.579 1512 1663 I SystemConfig: Reading permissions from /vendor/etc/permissions/android.hardware.sensor.hifi_sensors.xml
01-01 13:43:57.579 1512 1512 I SystemServerTiming: UriGrantsManagerService
01-01 13:43:57.579 1512 1512 I SystemServiceManager: Starting com.android.server.uri.UriGrantsManagerService$Lifecycle
01-01 13:43:57.579 1512 1663 I SystemConfig: Reading permissions from /vendor/etc/permissions/android.hardware.vulkan.level-1.xml
01-01 13:43:57.580 1512 1512 I SystemServerTiming: StartPowerStatsService
01-01 13:43:57.580 1512 1512 I SystemServiceManager: Starting com.android.server.powerstats.PowerStatsService
01-01 13:43:57.580 1512 1663 I SystemConfig: Reading permissions from /vendor/etc/permissions/android.hardware.usb.accessory.xml
01-01 13:43:57.580 1512 1663 I SystemConfig: Reading permissions from /vendor/etc/permissions/android.hardware.audio.low_latency.xml
01-01 13:43:57.580 1512 1663 I SystemConfig: Reading permissions from /vendor/etc/permissions/android.hardware.bluetooth_le.xml
01-01 13:43:57.581 1512 1512 I SystemServerTiming: StartIStatsService
01-01 13:43:57.581 1512 1663 I SystemConfig: Reading permissions from /vendor/etc/permissions/android.hardware.sensor.barometer.xml
01-01 13:43:57.581 1512 1663 I SystemConfig: Reading permissions from /vendor/etc/permissions/android.software.ipsec_tunnels.xml
01-01 13:43:57.581 1512 1663 I SystemConfig: Reading permissions from /vendor/etc/permissions/android.hardware.sensor.ambient_temperature.xml
01-01 13:43:57.581 1512 1512 I SystemServerTiming: MemtrackProxyService
01-01 13:43:57.582 1512 1663 I SystemConfig: Reading permissions from /vendor/etc/permissions/android.hardware.sensor.gyroscope.xml
01-01 13:43:57.580 0 0 I binder : 1512:1512 ioctl 40046210 7ff2285264 returned -22
01-01 13:43:57.582 1512 1663 I SystemConfig: Reading permissions from /vendor/etc/permissions/vendor.qti.hardware.factory.xml
01-01 13:43:57.582 1512 1512 I SystemServerTiming: StartActivityManager
01-01 13:43:57.583 1512 1512 I SystemServiceManager: Starting com.android.server.wm.ActivityTaskManagerService$Lifecycle
01-01 13:43:57.583 1512 1663 I SystemConfig: Reading permissions from /vendor/etc/permissions/android.hardware.usb.host.xml
01-01 13:43:57.583 1512 1663 I SystemConfig: Reading permissions from /vendor/etc/permissions/android.software.vulkan.deqp.level.xml
01-01 13:43:57.584 1512 1663 I SystemConfig: Reading permissions from /vendor/etc/permissions/qti_fingerprint_interface.xml
01-01 13:43:57.585 1512 1663 I SystemConfig: Reading permissions from /product/etc/sysconfig/preinstalled-packages-platform-overlays.xml
01-01 13:43:57.586 1512 1663 I SystemConfig: Reading permissions from /product/etc/sysconfig/preinstalled-packages-platform-handheld-product.xml
01-01 13:43:57.587 1512 1663 I SystemConfig: Reading permissions from /product/etc/permissions/UimService.xml
01-01 13:43:57.587 1512 1512 I SystemServiceManager: Starting com.android.server.am.ActivityManagerService$Lifecycle
01-01 13:43:57.587 1512 1663 I SystemConfig: Reading permissions from /product/etc/permissions/com.qti.snapdragon.sdk.display.xml
01-01 13:43:57.587 1512 1663 I SystemConfig: Reading permissions from /product/etc/permissions/vendor.qti.hardware.data.connection-V1.0-java.xml
01-01 13:43:57.588 1512 1663 I SystemConfig: Reading permissions from /product/etc/permissions/vendor.qti.hardware.data.connection-V1.1-java.xml
01-01 13:43:57.588 1512 1663 I SystemConfig: Reading permissions from /product/etc/permissions/com.android.settings.intelligence.xml
01-01 13:43:57.589 1512 1663 I SystemConfig: Reading permissions from /product/etc/permissions/ims_ext_common.xml
01-01 13:43:57.590 1512 1663 I SystemConfig: Reading permissions from /product/etc/permissions/telephony_product_privapp-permissions-qti.xml
01-01 13:43:57.590 1512 1663 I SystemConfig: Reading permissions from /system_ext/etc/sysconfig/qti_whitelist_system_ext.xml
01-01 13:43:57.591 1512 1663 I SystemConfig: Reading permissions from /system_ext/etc/sysconfig/qti_telephony_system_packages_config.xml
01-01 13:43:57.591 1512 1512 I ActivityManager: Memory class: 512
01-01 13:43:57.591 1512 1663 I SystemConfig: Reading permissions from /system_ext/etc/permissions/com.thundercomm.microsettings.xml
01-01 13:43:57.592 1512 1663 I SystemConfig: Reading permissions from /system_ext/etc/permissions/telephony_system-ext_privapp-permissions-qti.xml
01-01 13:43:57.592 1512 1670 I Binder : Setting heavy hitter watcher config: false, 0, 0.0
01-01 13:43:57.593 1512 1663 I SystemConfig: Reading permissions from /system_ext/etc/permissions/com.qti.location.sdk.xml
01-01 13:43:57.593 1512 1663 I SystemConfig: Reading permissions from /system_ext/etc/permissions/com.qualcomm.qti.imscmservice.xml
01-01 13:43:57.596 1512 1663 I SystemConfig: Reading permissions from /system_ext/etc/permissions/com.android.provision.xml
01-01 13:43:57.596 1512 1663 I SystemConfig: Reading permissions from /system_ext/etc/permissions/wfd-system-ext-privapp-permissions-qti.xml
01-01 13:43:57.597 1512 1663 I SystemConfig: Reading permissions from /system_ext/etc/permissions/com.qualcomm.qti.imscmservice-V2.2-java.xml
01-01 13:43:57.597 1512 1663 I SystemConfig: Reading permissions from /system_ext/etc/permissions/qti_supplicant_interface.xml
01-01 13:43:57.597 1512 1663 I SystemConfig: Reading permissions from /system_ext/etc/permissions/com.qualcomm.qti.imscmservice-V2.0-java.xml
01-01 13:43:57.597 1512 1663 I SystemConfig: Reading permissions from /system_ext/etc/permissions/com.android.launcher3.xml
01-01 13:43:57.598 1512 1663 I SystemConfig: Reading permissions from /system_ext/etc/permissions/com.qualcomm.qmapbridge.xml
01-01 13:43:57.598 1512 1663 I SystemConfig: Reading permissions from /system_ext/etc/permissions/privapp-permissions-aptxals.xml
01-01 13:43:57.598 1512 1663 I SystemConfig: Reading permissions from /system_ext/etc/permissions/qti_permissions.xml
01-01 13:43:57.599 1512 1663 I SystemConfig: Reading permissions from /system_ext/etc/permissions/com.android.systemui.xml
01-01 13:43:57.599 1512 1663 I SystemConfig: Reading permissions from /system_ext/etc/permissions/com.qualcomm.qti.izattools.xml
01-01 13:43:57.599 1512 1663 I SystemConfig: Reading permissions from /system_ext/etc/permissions/privapp-permissions-com.qualcomm.location.xml
01-01 13:43:57.600 1512 1663 I SystemConfig: Reading permissions from /system_ext/etc/permissions/com.qti.media.secureprocessor.xml
01-01 13:43:57.600 1512 1663 I SystemConfig: Reading permissions from /system_ext/etc/permissions/com.qti.dpmframework.xml
01-01 13:43:57.600 1512 1663 I SystemConfig: Reading permissions from /system_ext/etc/permissions/privapp-permissions-qti-system-ext.xml
01-01 13:43:57.601 1512 1663 I SystemConfig: Reading permissions from /system_ext/etc/permissions/com.qualcomm.location.xml
01-01 13:43:57.601 1512 1663 I SystemConfig: Reading permissions from /system_ext/etc/permissions/com.android.storagemanager.xml
01-01 13:43:57.601 1512 1663 I SystemConfig: Reading permissions from /system_ext/etc/permissions/embms-noship_product_privapp_permissions_qti.xml
01-01 13:43:57.602 1512 1663 I SystemConfig: Reading permissions from /system_ext/etc/permissions/vendor.qti.ims.rcsservice.xml
01-01 13:43:57.602 1512 1663 I SystemConfig: Reading permissions from /system_ext/etc/permissions/com.android.settings.xml
01-01 13:43:57.602 1512 1663 I SystemConfig: Reading permissions from /system_ext/etc/permissions/com.qualcomm.qti.imscmservice-V2.1-java.xml
01-01 13:43:57.603 1512 1663 I SystemConfig: Reading permissions from /system_ext/etc/permissions/dpmapi.xml
01-01 13:43:57.603 1512 1663 I SystemConfig: Reading permissions from /system_ext/etc/permissions/android.software.verified_boot.xml
01-01 13:43:57.603 1512 1663 I SystemConfig: Reading permissions from /system_ext/etc/permissions/embms.xml
01-01 13:43:57.603 1512 1663 I SystemConfig: Reading permissions from /system_ext/etc/permissions/audiosphere.xml
01-01 13:43:57.604 1512 1663 I SystemConfig: Reading permissions from /system_ext/etc/permissions/com.nxp.nfc.nq.xml
01-01 13:43:57.604 1512 1663 I SystemConfig: Reading permissions from /system_ext/etc/permissions/qti_libpermissions.xml
01-01 13:43:57.604 1512 1663 I SystemConfig: Reading permissions from /system_ext/etc/permissions/com.hht.lebocast.xml
01-01 13:43:57.605 1512 1663 I SystemConfig: Reading permissions from /system_ext/etc/permissions/com.android.emergency.xml
01-01 13:43:57.605 1512 1663 I SystemConfig: Reading permissions from /system_ext/etc/permissions/izat.xt.srv.xml
01-01 13:43:57.606 1512 1663 I SystemConfig: Reading permissions from /apex/com.android.ipsec/etc/permissions/android.net.ipsec.ike.xml
01-01 13:43:57.614 1512 1512 D BatteryStatsImpl: Reading daily items from /data/system/batterystats-daily.xml
01-01 13:43:57.616 1512 1677 I KernelCpuUidFreqTimeReader: mPerClusterTimesAvailable=false
01-01 13:43:57.617 1512 1677 E KernelCpuSpeedReader: Failed to read cpu-freq: /sys/devices/system/cpu/cpu4/cpufreq/stats/time_in_state: open failed: ENOENT (No such file or directory)
01-01 13:43:57.618 1512 1677 E KernelCpuSpeedReader: Failed to read cpu-freq: /sys/devices/system/cpu/cpu0/cpufreq/stats/time_in_state: open failed: ENOENT (No such file or directory)
01-01 13:43:57.615 570 570 I auditd : type=1400 audit(0.0:169): avc: denied { read } for comm="Binder:570_2" name="wakeup58" dev="sysfs" ino=71787 scontext=u:r:system_suspend:s0 tcontext=u:object_r:sysfs:s0 tclass=dir permissive=0
01-01 13:43:57.615 570 570 I auditd : type=1400 audit(0.0:170): avc: denied { read } for comm="Binder:570_2" name="wakeup48" dev="sysfs" ino=67483 scontext=u:r:system_suspend:s0 tcontext=u:object_r:sysfs:s0 tclass=dir permissive=0
01-01 13:43:57.615 570 570 I auditd : type=1400 audit(0.0:171): avc: denied { read } for comm="Binder:570_2" name="wakeup4" dev="sysfs" ino=47037 scontext=u:r:system_suspend:s0 tcontext=u:object_r:sysfs:s0 tclass=dir permissive=0
01-01 13:43:57.615 570 570 I auditd : type=1400 audit(0.0:172): avc: denied { read } for comm="Binder:570_2" name="wakeup76" dev="sysfs" ino=76855 scontext=u:r:system_suspend:s0 tcontext=u:object_r:sysfs:s0 tclass=dir permissive=0
01-01 13:43:57.615 570 570 I auditd : type=1400 audit(0.0:173): avc: denied { read } for comm="Binder:570_2" name="wakeup28" dev="sysfs" ino=53242 scontext=u:r:system_suspend:s0 tcontext=u:object_r:sysfs:s0 tclass=dir permissive=0
01-01 13:43:57.615 570 570 I auditd : type=1400 audit(0.0:174): avc: denied { read } for comm="Binder:570_2" name="wakeup56" dev="sysfs" ino=71715 scontext=u:r:system_suspend:s0 tcontext=u:object_r:sysfs:s0 tclass=dir permissive=0
01-01 13:43:57.615 570 570 I auditd : type=1400 audit(0.0:175): avc: denied { read } for comm="Binder:570_2" name="wakeup2" dev="sysfs" ino=46561 scontext=u:r:system_suspend:s0 tcontext=u:object_r:sysfs:s0 tclass=dir permissive=0
01-01 13:43:57.615 570 570 I auditd : type=1400 audit(0.0:176): avc: denied { read } for comm="Binder:570_2" name="wakeup36" dev="sysfs" ino=62475 scontext=u:r:system_suspend:s0 tcontext=u:object_r:sysfs:s0 tclass=dir permissive=0
01-01 13:43:57.615 570 570 I auditd : type=1400 audit(0.0:177): avc: denied { read } for comm="Binder:570_2" name="wakeup54" dev="sysfs" ino=71643 scontext=u:r:system_suspend:s0 tcontext=u:object_r:sysfs:s0 tclass=dir permissive=0
01-01 13:43:57.615 570 570 I auditd : type=1400 audit(0.0:178): avc: denied { read } for comm="Binder:570_2" name="wakeup44" dev="sysfs" ino=66336 scontext=u:r:system_suspend:s0 tcontext=u:object_r:sysfs:s0 tclass=dir permissive=0
01-01 13:43:57.615 570 570 I auditd : type=1400 audit(0.0:179): avc: denied { read } for comm="Binder:570_2" name="wakeup0" dev="sysfs" ino=43769 scontext=u:r:system_suspend:s0 tcontext=u:object_r:sysfs:s0 tclass=dir permissive=0
01-01 13:43:57.615 570 570 I auditd : type=1400 audit(0.0:180): avc: denied { read } for comm="Binder:570_2" name="wakeup62" dev="sysfs" ino=71943 scontext=u:r:system_suspend:s0 tcontext=u:object_r:sysfs:s0 tclass=dir permissive=0
01-01 13:43:57.615 570 570 I auditd : type=1400 audit(0.0:181): avc: denied { read } for comm="Binder:570_2" name="wakeup52" dev="sysfs" ino=71571 scontext=u:r:system_suspend:s0 tcontext=u:object_r:sysfs:s0 tclass=dir permissive=0
01-01 13:43:57.615 570 570 I auditd : type=1400 audit(0.0:182): avc: denied { read } for comm="Binder:570_2" name="wakeup9" dev="sysfs" ino=52226 scontext=u:r:system_suspend:s0 tcontext=u:object_r:sysfs:s0 tclass=dir permissive=0
01-01 13:43:57.615 570 570 I auditd : type=1400 audit(0.0:183): avc: denied { read } for comm="Binder:570_2" name="wakeup32" dev="sysfs" ino=53632 scontext=u:r:system_suspend:s0 tcontext=u:object_r:sysfs:s0 tclass=dir permissive=0
01-01 13:43:57.615 570 570 I auditd : type=1400 audit(0.0:184): avc: denied { read } for comm="Binder:570_2" name="wakeup60" dev="sysfs" ino=71871 scontext=u:r:system_suspend:s0 tcontext=u:object_r:sysfs:s0 tclass=dir permissive=0
01-01 13:43:57.615 570 570 I auditd : type=1400 audit(0.0:185): avc: denied { read } for comm="Binder:570_2" name="wakeup50" dev="sysfs" ino=71499 scontext=u:r:system_suspend:s0 tcontext=u:object_r:sysfs:s0 tclass=dir permissive=0
01-01 13:43:57.615 570 570 I auditd : type=1400 audit(0.0:186): avc: denied { read } for comm="Binder:570_2" name="wakeup7" dev="sysfs" ino=52138 scontext=u:r:system_suspend:s0 tcontext=u:object_r:sysfs:s0 tclass=dir permissive=0
01-01 13:43:57.615 570 570 I auditd : type=1400 audit(0.0:187): avc: denied { read } for comm="Binder:570_2" name="wakeup40" dev="sysfs" ino=63144 scontext=u:r:system_suspend:s0 tcontext=u:object_r:sysfs:s0 tclass=dir permissive=0
01-01 13:43:57.615 570 570 I auditd : type=1400 audit(0.0:188): avc: denied { read } for comm="Binder:570_2" name="wakeup30" dev="sysfs" ino=53453 scontext=u:r:system_suspend:s0 tcontext=u:object_r:sysfs:s0 tclass=dir permissive=0
01-01 13:43:57.615 570 570 I auditd : type=1400 audit(0.0:189): avc: denied { read } for comm="Binder:570_2" name="wakeup59" dev="sysfs" ino=71835 scontext=u:r:system_suspend:s0 tcontext=u:object_r:sysfs:s0 tclass=dir permissive=0
01-01 13:43:57.615 570 570 I auditd : type=1400 audit(0.0:190): avc: denied { read } for comm="Binder:570_2" name="wakeup5" dev="sysfs" ino=47069 scontext=u:r:system_suspend:s0 tcontext=u:object_r:sysfs:s0 tclass=dir permissive=0
01-01 13:43:57.615 570 570 I auditd : type=1400 audit(0.0:191): avc: denied { read } for comm="Binder:570_2" name="wakeup77" dev="sysfs" ino=76880 scontext=u:r:system_suspend:s0 tcontext=u:object_r:sysfs:s0 tclass=dir permissive=0
01-01 13:43:57.615 570 570 I auditd : type=1400 audit(0.0:192): avc: denied { read } for comm="Binder:570_2" name="wakeup39" dev="sysfs" ino=63108 scontext=u:r:system_suspend:s0 tcontext=u:object_r:sysfs:s0 tclass=dir permissive=0
01-01 13:43:57.615 570 570 I auditd : type=1400 audit(0.0:193): avc: denied { read } for comm="Binder:570_2" name="wakeup29" dev="sysfs" ino=53351 scontext=u:r:system_suspend:s0 tcontext=u:object_r:sysfs:s0 tclass=dir permissive=0
01-01 13:43:57.615 570 570 I auditd : type=1400 audit(0.0:194): avc: denied { read } for comm="Binder:570_2" name="wakeup57" dev="sysfs" ino=71751 scontext=u:r:system_suspend:s0 tcontext=u:object_r:sysfs:s0 tclass=dir permissive=0
01-01 13:43:57.615 570 570 I auditd : type=1400 audit(0.0:195): avc: denied { read } for comm="Binder:570_2" name="wakeup19" dev="sysfs" ino=52671 scontext=u:r:system_suspend:s0 tcontext=u:object_r:sysfs:s0 tclass=dir permissive=0
01-01 13:43:57.615 570 570 I auditd : type=1400 audit(0.0:196): avc: denied { read } for comm="Binder:570_2" name="wakeup75" dev="sysfs" ino=76765 scontext=u:r:system_suspend:s0 tcontext=u:object_r:sysfs:s0 tclass=dir permissive=0
01-01 13:43:57.615 570 570 I auditd : type=1400 audit(0.0:197): avc: denied { read } for comm="Binder:570_2" name="wakeup37" dev="sysfs" ino=62511 scontext=u:r:system_suspend:s0 tcontext=u:object_r:sysfs:s0 tclass=dir permissive=0
01-01 13:43:57.615 570 570 I auditd : type=1400 audit(0.0:198): avc: denied { read } for comm="Binder:570_2" name="wakeup27" dev="sysfs" ino=53208 scontext=u:r:system_suspend:s0 tcontext=u:object_r:sysfs:s0 tclass=dir permissive=0
01-01 13:43:57.615 570 570 I auditd : type=1400 audit(0.0:199): avc: denied { read } for comm="Binder:570_2" name="wakeup55" dev="sysfs" ino=71679 scontext=u:r:system_suspend:s0 tcontext=u:object_r:sysfs:s0 tclass=dir permissive=0
01-01 13:43:57.615 570 570 I auditd : type=1400 audit(0.0:200): avc: denied { read } for comm="Binder:570_2" name="wakeup17" dev="sysfs" ino=52595 scontext=u:r:system_suspend:s0 tcontext=u:object_r:sysfs:s0 tclass=dir permissive=0
01-01 13:43:57.615 570 570 I auditd : type=1400 audit(0.0:201): avc: denied { read } for comm="Binder:570_2" name="wakeup1" dev="sysfs" ino=43797 scontext=u:r:system_suspend:s0 tcontext=u:object_r:sysfs:s0 tclass=dir permissive=0
01-01 13:43:57.615 570 570 I auditd : type=1400 audit(0.0:202): avc: denied { read } for comm="Binder:570_2" name="wakeup63" dev="sysfs" ino=71979 scontext=u:r:system_suspend:s0 tcontext=u:object_r:sysfs:s0 tclass=dir permissive=0
01-01 13:43:57.615 570 570 I auditd : type=1400 audit(0.0:203): avc: denied { read } for comm="Binder:570_2" name="wakeup25" dev="sysfs" ino=53005 scontext=u:r:system_suspend:s0 tcontext=u:object_r:sysfs:s0 tclass=dir permissive=0
01-01 13:43:57.615 570 570 I auditd : type=1400 audit(0.0:204): avc: denied { read } for comm="Binder:570_2" name="wakeup53" dev="sysfs" ino=71607 scontext=u:r:system_suspend:s0 tcontext=u:object_r:sysfs:s0 tclass=dir permissive=0
01-01 13:43:57.615 570 570 I auditd : type=1400 audit(0.0:205): avc: denied { read } for comm="Binder:570_2" name="wakeup15" dev="sysfs" ino=52495 scontext=u:r:system_suspend:s0 tcontext=u:object_r:sysfs:s0 tclass=dir permissive=0
01-01 13:43:57.615 570 570 I auditd : type=1400 audit(0.0:206): avc: denied { read } for comm="Binder:570_2" name="wakeup43" dev="sysfs" ino=66318 scontext=u:r:system_suspend:s0 tcontext=u:object_r:sysfs:s0 tclass=dir permissive=0
01-01 13:43:57.615 570 570 I auditd : type=1400 audit(0.0:207): avc: denied { read } for comm="Binder:570_2" name="wakeup33" dev="sysfs" ino=57111 scontext=u:r:system_suspend:s0 tcontext=u:object_r:sysfs:s0 tclass=dir permissive=0
01-01 13:43:57.615 570 570 I auditd : type=1400 audit(0.0:208): avc: denied { read } for comm="Binder:570_2" name="wakeup61" dev="sysfs" ino=71907 scontext=u:r:system_suspend:s0 tcontext=u:object_r:sysfs:s0 tclass=dir permissive=0
01-01 13:43:57.615 570 570 I auditd : type=1400 audit(0.0:209): avc: denied { read } for comm="Binder:570_2" name="wakeup23" dev="sysfs" ino=52906 scontext=u:r:system_suspend:s0 tcontext=u:object_r:sysfs:s0 tclass=dir permissive=0
01-01 13:43:57.615 570 570 I auditd : type=1400 audit(0.0:210): avc: denied { read } for comm="Binder:570_2" name="wakeup51" dev="sysfs" ino=71535 scontext=u:r:system_suspend:s0 tcontext=u:object_r:sysfs:s0 tclass=dir permissive=0
01-01 13:43:57.615 570 570 I auditd : type=1400 audit(0.0:211): avc: denied { read } for comm="Binder:570_2" name="wakeup8" dev="sysfs" ino=52164 scontext=u:r:system_suspend:s0 tcontext=u:object_r:sysfs:s0 tclass=dir permissive=0
01-01 13:43:57.615 570 570 I auditd : type=1400 audit(0.0:212): avc: denied { read } for comm="Binder:570_2" name="wakeup13" dev="sysfs" ino=52387 scontext=u:r:system_suspend:s0 tcontext=u:object_r:sysfs:s0 tclass=dir permissive=0
01-01 13:43:57.615 570 570 I auditd : type=1400 audit(0.0:213): avc: denied { read } for comm="Binder:570_2" name="wakeup41" dev="sysfs" ino=63837 scontext=u:r:system_suspend:s0 tcontext=u:object_r:sysfs:s0 tclass=dir permissive=0
01-01 13:43:57.615 570 570 I auditd : type=1400 audit(0.0:214): avc: denied { read } for comm="Binder:570_2" name="wakeup31" dev="sysfs" ino=53510 scontext=u:r:system_suspend:s0 tcontext=u:object_r:sysfs:s0 tclass=dir permissive=0
01-01 13:43:57.615 570 570 I auditd : type=1400 audit(0.0:215): avc: denied { read } for comm="Binder:570_2" name="wakeup21" dev="sysfs" ino=52746 scontext=u:r:system_suspend:s0 tcontext=u:object_r:sysfs:s0 tclass=dir permissive=0
01-01 13:43:57.615 570 570 I auditd : type=1400 audit(0.0:216): avc: denied { read } for comm="Binder:570_2" name="wakeup6" dev="sysfs" ino=52112 scontext=u:r:system_suspend:s0 tcontext=u:object_r:sysfs:s0 tclass=dir permissive=0
01-01 13:43:57.619 570 570 I auditd : type=1400 audit(0.0:217): avc: denied { read } for comm="Binder:570_2" name="wakeup11" dev="sysfs" ino=52302 scontext=u:r:system_suspend:s0 tcontext=u:object_r:sysfs:s0 tclass=dir permissive=0
01-01 13:43:57.623 1512 1677 W KernelMemoryBandwidthStats: No kernel memory bandwidth stats available
01-01 13:43:57.650 1512 1667 I commit_sys_config_file: [batterystats,26]
01-01 13:43:57.651 1512 1667 I commit_sys_config_file: [batterystats,1]
01-01 13:43:57.651 1512 1512 I AppOps : No existing app ops /data/system/appops.xml; starting empty
01-01 13:43:57.651 1512 1512 I IntentFirewall: Read new rules (A:0 B:0 S:0)
01-01 13:43:57.654 1512 1512 D AppOps : AppOpsService published
01-01 13:43:57.655 1512 1512 I SystemServerTiming: StartDataLoaderManagerService
01-01 13:43:57.655 1512 1512 I SystemServiceManager: Starting com.android.server.pm.DataLoaderManagerService
01-01 13:43:57.655 1512 1512 I SystemServerTiming: StartIncrementalService
01-01 13:43:57.659 1512 1512 I SystemServerTiming: StartPowerManager
01-01 13:43:57.659 1512 1512 I SystemServiceManager: Starting com.android.server.power.PowerManagerService
01-01 13:43:57.665 1512 1512 I SystemServerTiming: StartThermalManager
01-01 13:43:57.665 1512 1512 I SystemServiceManager: Starting com.android.server.power.ThermalManagerService
01-01 13:43:57.665 1512 1512 I SystemServerTiming: StartHintManager
01-01 13:43:57.665 1512 1512 I SystemServiceManager: Starting com.android.server.power.hint.HintManagerService
01-01 13:43:57.665 1512 1512 I SystemServerTiming: InitPowerManagement
01-01 13:43:57.666 1512 1512 I SystemServerTiming: StartRecoverySystemService
01-01 13:43:57.666 1512 1512 I SystemServiceManager: Starting com.android.server.recoverysystem.RecoverySystemService$Lifecycle
01-01 13:43:57.667 1512 1512 I PackageWatchdog: Syncing state, reason: added new observer
01-01 13:43:57.667 1512 1512 I PackageWatchdog: Not pruning observers, elapsed time: 0ms
01-01 13:43:57.667 1512 1512 I PackageWatchdog: Cancelling state sync, nothing to sync
01-01 13:43:57.667 1512 1667 I PackageWatchdog: Saving observer state to file
01-01 13:43:57.667 1512 1512 I rescue_note: [0,1,12876]
01-01 13:43:57.667 1512 1512 I SystemServerTiming: StartLightsService
01-01 13:43:57.667 1512 1512 I SystemServiceManager: Starting com.android.server.lights.LightsService
01-01 13:43:57.669 1512 1512 I SystemServerTiming: StartSidekickService
01-01 13:43:57.669 1512 1512 I SystemServerTiming: StartDisplayManager
01-01 13:43:57.669 1512 1512 I SystemServiceManager: Starting com.android.server.display.DisplayManagerService
01-01 13:43:57.672 1512 1512 I SystemServerTiming: WaitForDisplay
01-01 13:43:57.672 1512 1512 I SystemServiceManager: Starting phase 100
01-01 13:43:57.672 1512 1512 I SystemServerTiming: OnBootPhase_100
01-01 13:43:57.672 1512 1512 I SystemServerTiming: OnBootPhase_100_com.android.server.security.FileIntegrityService
01-01 13:43:57.672 1512 1512 I SystemServerTiming: OnBootPhase_100_com.android.server.pm.Installer
01-01 13:43:57.672 1512 1512 I SystemServerTiming: OnBootPhase_100_com.android.server.os.DeviceIdentifiersPolicyService
01-01 13:43:57.672 1512 1512 I SystemServerTiming: OnBootPhase_100_com.android.server.uri.UriGrantsManagerService$Lifecycle
01-01 13:43:57.672 1512 1512 I SystemServerTiming: OnBootPhase_100_com.android.server.powerstats.PowerStatsService
01-01 13:43:57.672 1512 1512 I SystemServerTiming: OnBootPhase_100_com.android.server.wm.ActivityTaskManagerService$Lifecycle
01-01 13:43:57.672 1512 1512 I SystemServerTiming: OnBootPhase_100_com.android.server.am.ActivityManagerService$Lifecycle
01-01 13:43:57.672 1512 1512 I SystemServerTiming: OnBootPhase_100_com.android.server.pm.DataLoaderManagerService
01-01 13:43:57.672 1512 1512 I SystemServerTiming: OnBootPhase_100_com.android.server.power.PowerManagerService
01-01 13:43:57.672 1512 1512 I SystemServerTiming: OnBootPhase_100_com.android.server.power.ThermalManagerService
01-01 13:43:57.672 1512 1512 I SystemServerTiming: OnBootPhase_100_com.android.server.power.hint.HintManagerService
01-01 13:43:57.672 1512 1512 I SystemServerTiming: OnBootPhase_100_com.android.server.recoverysystem.RecoverySystemService$Lifecycle
01-01 13:43:57.672 1512 1512 I SystemServerTiming: OnBootPhase_100_com.android.server.lights.LightsService
01-01 13:43:57.672 1512 1512 I SystemServerTiming: OnBootPhase_100_com.android.server.display.DisplayManagerService
01-01 13:43:57.677 1512 1658 I DisplayDeviceRepository: Display device added: DisplayDeviceInfo{"内置屏幕": uniqueId="local:4630946816427681409", 2560 x 1080, modeId 1, defaultModeId 1, supportedModes [{id=1, width=2560, height=1080, fps=60.000004, alternativeRefreshRates=[30.000002, 45.0]}, {id=2, width=2560, height=1080, fps=45.0, alternativeRefreshRates=[30.000002, 60.000004]}, {id=3, width=2560, height=1080, fps=30.000002, alternativeRefreshRates=[45.0, 60.000004]}], colorMode 0, supportedColorModes [0], hdrCapabilities HdrCapabilities{mSupportedHdrTypes=[2, 3, 4], mMaxLuminance=500.0, mMaxAverageLuminance=500.0, mMinLuminance=0.0}, allmSupported false, gameContentTypeSupported false, density 240, 320.315 x 318.976 dpi, appVsyncOff 1000000, presDeadline 16666666, touch INTERNAL, rotation 0, type INTERNAL, address {port=129, model=0x40446d97fee5e6}, deviceProductInfo DeviceProductInfo{name=, manufacturerPnpId=QCM, productId=1, modelYear=null, manufactureDate=ManufactureDate{week=27, year=2006}, connectionToSinkType=0}, state UNKNOWN, frameRateOverride , brightnessMinimum 0.0, brightnessMaximum 1.0, brightnessDefault 1.0, FLAG_DEFAULT_DISPLAY, FLAG_ROTATES_WITH_CONTENT, FLAG_SECURE, FLAG_SUPPORTS_PROTECTED_BUFFERS}
01-01 13:43:57.677 1512 1658 I LogicalDisplayMapper: Applying layout: [{addr: {port=129, model=0x40446d97fee5e6}, dispId: 0(ON)}], Previous layout: null
01-01 13:43:57.678 1512 1658 I LogicalDisplayMapper: Adding new display: 0: DisplayInfo{"内置屏幕", displayId 0", displayGroupId -1, FLAG_SECURE, FLAG_SUPPORTS_PROTECTED_BUFFERS, FLAG_TRUSTED, real 2560 x 1080, largest app 2560 x 1080, smallest app 2560 x 1080, appVsyncOff 1000000, presDeadline 16666666, mode 1, defaultMode 1, modes [{id=1, width=2560, height=1080, fps=60.000004, alternativeRefreshRates=[30.000002, 45.0]}, {id=2, width=2560, height=1080, fps=45.0, alternativeRefreshRates=[30.000002, 60.000004]}, {id=3, width=2560, height=1080, fps=30.000002, alternativeRefreshRates=[45.0, 60.000004]}], hdrCapabilities HdrCapabilities{mSupportedHdrTypes=[2, 3, 4], mMaxLuminance=500.0, mMaxAverageLuminance=500.0, mMinLuminance=0.0}, userDisabledHdrTypes [], minimalPostProcessingSupported false, rotation 0, state UNKNOWN, type INTERNAL, uniqueId "local:4630946816427681409", app 2560 x 1080, density 240 (320.315 x 318.976) dpi, layerStack 0, colorMode 0, supportedColorModes [0], address {port=129, model=0x40446d97fee5e6}, deviceProductInfo DeviceProductInfo{name=, manufacturerPnpId=QCM, productId=1, modelYear=null, manufactureDate=ManufactureDate{week=27, year=2006}, connectionToSinkType=0}, removeMode 0, refreshRateOverride 0.0, brightnessMinimum 0.0, brightnessMaximum 1.0, brightnessDefault 1.0}
01-01 13:43:57.678 1512 1658 I LogicalDisplayMapper: Setting new display group 0 for display 0, from previous group: null
01-01 13:43:57.679 1512 1658 I commit_sys_config_file: [display-state,1]
01-01 13:43:57.680 1512 1658 E DisplayDeviceConfig: requesting nits when no mapping exists.
01-01 13:43:57.683 1512 1658 I am_wtf : [0,1512,system_server,-1,DisplayDeviceConfig,requesting nits when no mapping exists.]
01-01 13:43:57.683 1512 1658 E DisplayDeviceConfig: requesting nits when no mapping exists.
01-01 13:43:57.683 1512 1658 I am_wtf : [0,1512,system_server,-1,DisplayDeviceConfig,requesting nits when no mapping exists.]
01-01 13:43:57.683 1512 1512 I SystemServerTiming: StartDomainVerificationService
01-01 13:43:57.683 1512 1658 I DisplayDeviceRepository: Display device changed state: "内置屏幕", ON
01-01 13:43:57.679 996 996 I auditd : type=1400 audit(0.0:218): avc: denied { read write } for comm="sensors.qti" name="diag" dev="tmpfs" ino=11411 scontext=u:r:vendor_sensors_qti:s0 tcontext=u:object_r:vendor_diag_device:s0 tclass=chr_file permissive=0
01-01 13:43:57.686 1512 1512 I SystemServerTiming: StartPackageManagerService
01-01 13:43:57.686 1512 1512 I Watchdog: Pausing HandlerChecker: main thread for reason: packagemanagermain. Pause count: 1
01-01 13:43:57.688 1512 1512 I PackageManagerTiming: create package manager
01-01 13:43:57.690 1512 1512 I boot_progress_pms_start: 12899
01-01 13:43:57.690 1512 1512 I PackageManagerTiming: readListOfPackagesToBeDisabled
01-01 13:43:57.690 1512 1512 D PackageManager: Disabling packages for wifi-only device, source: /vendor/etc/telephony_packages.xml
01-01 13:43:57.690 1512 1512 I PackageManagerTiming: createSubComponents
01-01 13:43:57.696 1512 1512 W FileUtils: Failed to chmod(/data/system/packages.list): android.system.ErrnoException: chmod failed: ENOENT (No such file or directory)
01-01 13:43:57.698 1512 1512 I PackageManagerTiming: addSharedUsers
01-01 13:43:57.699 1512 1512 I PackageManagerTiming: get system config
01-01 13:43:57.700 1512 1512 D PackageManager: Directories scanned as system partitions: [/system:0, /vendor:524288, /odm:4194304, /oem:262144, /product:1048576, /system_ext:2097152, /apex/com.android.vndk.v30:8388608, /apex/com.android.wifi:8388608, /apex/com.android.vndk.v31:8388608, /apex/com.android.tzdata:8388608, /apex/com.android.tethering:8388608, /apex/com.android.sdkext:8388608, /apex/com.android.scheduling:8388608, /apex/com.android.runtime:8388608, /apex/com.android.resolv:8388608, /apex/com.android.permission:8388608, /apex/com.android.os.statsd:8388608, /apex/com.android.neuralnetworks:8388608, /apex/com.android.mediaprovider:8388608, /apex/com.android.media.swcodec:8388608, /apex/com.android.media:8388608, /apex/com.android.ipsec:8388608, /apex/com.android.i18n:8388608, /apex/com.android.extservices:8388608, /apex/com.android.conscrypt:8388608, /apex/com.android.art:8388608, /apex/com.android.appsearch:8388608, /apex/com.android.adbd:8388608]
01-01 13:43:57.700 1512 1512 D SELinuxMMAC: Using policy file /system/etc/selinux/plat_mac_permissions.xml
01-01 13:43:57.702 1512 1512 D SELinuxMMAC: Using policy file /system_ext/etc/selinux/system_ext_mac_permissions.xml
01-01 13:43:57.702 1512 1512 D SELinuxMMAC: Using policy file /product/etc/selinux/product_mac_permissions.xml
01-01 13:43:57.702 1512 1512 D SELinuxMMAC: Using policy file /vendor/etc/selinux/vendor_mac_permissions.xml
01-01 13:43:57.703 1512 1512 D SELinuxMMAC: Using policy file /odm/etc/selinux/odm_mac_permissions.xml
01-01 13:43:57.703 1512 1512 I PackageManagerTiming: loadFallbacks
01-01 13:43:57.704 1512 1512 I PackageManagerTiming: read user settings
01-01 13:43:57.704 1512 1512 I PackageManager: No settings file; creating initial state
01-01 13:43:57.704 1512 1512 I pm_critical_info: No settings file; creating initial state
01-01 13:43:57.705 1512 1512 I boot_progress_pms_system_scan_start: 12914
01-01 13:43:57.706 1512 1512 W android.permission.PermissionManager: Missing ActivityManager; assuming 1000 holds android.permission.WATCH_APPOPS
01-01 13:43:57.706 1512 1512 W android.permission.PermissionManager: Missing ActivityManager; assuming 1000 holds android.permission.WATCH_APPOPS
01-01 13:43:57.707 1512 1691 W ProcessCpuTracker: Failed to stat(/proc/1669): android.system.ErrnoException: stat failed: ENOENT (No such file or directory)
01-01 13:43:57.707 1512 1691 W ProcessCpuTracker: Skipping unknown process pid 1669
01-01 13:43:57.709 1512 1512 I PackageManager: /product/overlay/FrameworksResCommonQva_Sys.apk changed; collecting certs
01-01 13:43:57.711 1512 1512 D CompatibilityChangeReporter: Compat change id reported: 143539591; UID -1; state: ENABLED
01-01 13:43:57.714 1512 1512 I PackageManager: /product/overlay/NavigationBarModeGesturalNarrowBack changed; collecting certs
01-01 13:43:57.715 1512 1512 I PackageManager: /product/overlay/FrameworksResCommon_Sys.apk changed; collecting certs
01-01 13:43:57.716 1512 1512 I PackageManager: /product/overlay/NavigationBarModeGestural changed; collecting certs
01-01 13:43:57.717 1512 1512 I PackageManager: /product/overlay/OneHandedModeGestural changed; collecting certs
01-01 13:43:57.718 1512 1512 I PackageManager: /product/overlay/DisplayCutoutEmulationWaterfall changed; collecting certs
01-01 13:43:57.719 1512 1512 I PackageManager: /product/overlay/FrameworkResource changed; collecting certs
01-01 13:43:57.720 1512 1512 I PackageManager: /product/overlay/SettingsResCommon_Sys.apk changed; collecting certs
01-01 13:43:57.721 1512 1512 I PackageManager: /product/overlay/NavigationBarModeGesturalExtraWideBack changed; collecting certs
01-01 13:43:57.722 1512 1512 I PackageManager: /product/overlay/FontNotoSerifSource changed; collecting certs
01-01 13:43:57.723 1512 1512 I PackageManager: /product/overlay/NavigationBarModeGesturalWideBack changed; collecting certs
01-01 13:43:57.724 1512 1512 I PackageManager: /product/overlay/CellBroadcastReceiverResCommon_Sys.apk changed; collecting certs
01-01 13:43:57.724 1512 1512 I PackageManager: /product/overlay/SettingsProviderResource changed; collecting certs
01-01 13:43:57.725 1512 1512 I PackageManager: /product/overlay/SystemUIResCommon_Sys.apk changed; collecting certs
01-01 13:43:57.726 1512 1512 I PackageManager: /product/overlay/WifiResCommon_Sys.apk changed; collecting certs
01-01 13:43:57.728 1512 1512 I PackageManager: /vendor/overlay/FrameworksResTarget.apk changed; collecting certs
01-01 13:43:57.729 1512 1512 D CompatibilityChangeReporter: Compat change id reported: 143539591; UID -1; state: DISABLED
01-01 13:43:57.729 1512 1512 D CompatibilityChangeReporter: Compat change id reported: 168782947; UID -1; state: ENABLED
01-01 13:43:57.730 1512 1512 I PackageManager: /vendor/overlay/WifiResTarget.apk changed; collecting certs
01-01 13:43:57.731 1512 1512 W PackageManager: Failed to parse /system/framework/arm64: Missing base APK in /system/framework/arm64
01-01 13:43:57.733 1512 1512 W PackageManager: Failed to parse /system/framework/oat: Missing base APK in /system/framework/oat
01-01 13:43:57.733 1512 1512 W PackageManager: Failed to parse /system/framework/arm: Missing base APK in /system/framework/arm
01-01 13:43:57.753 1512 1512 I PackageManager: /system/framework/framework-res.apk changed; collecting certs
