01-01 13:43:57.755 1512 1512 W PackageManager: Adding duplicate shared id: 1000 name=android
01-01 13:43:57.755 1512 1512 I pm_critical_info: Adding duplicate shared id: 1000 name=android
01-01 13:43:57.759 0 0 W : ------------[ cut here ]------------
01-01 13:43:57.759 0 0 W : Unbalanced enable for IRQ 395
01-01 13:43:57.759 0 0 W : WARNING: CPU: 4 PID: 644 at kernel/irq/manage.c:621 enable_irq+0x90/0xe8
01-01 13:43:57.759 0 0 W : Modules linked in: wlan(O+) tsnv(O) machine_dlkm(O) wcd938x_slave_dlkm(O) wcd938x_dlkm(O) wcd9xxx_dlkm(O) mbhc_dlkm(O) tx_macro_dlkm(O) rx_macro_dlkm(O) va_macro_dlkm(O) wsa_macro_dlkm(O) swr_ctrl_dlkm(O) bolero_cdc_dlkm(O) wsa881x_dlkm(O) wcd_core_dlkm(O) stub_dlkm(O) hdmi_dlkm(O) swr_dlkm(O) pinctrl_lpi_dlkm(O) pinctrl_wcd_dlkm(O) usf_dlkm(O) native_dlkm(O) platform_dlkm(O) q6_dlkm(O) adsp_loader_dlkm(O) apr_dlkm(O) snd_event_dlkm(O) q6_notifier_dlkm(O) q6_pdr_dlkm(O) msm_11ad_proxy
01-01 13:43:57.759 0 0 W : CPU: 4 PID: 644 Comm: kworker/4:2 Tainted: G S O 4.19.157-perf+ #1
01-01 13:43:57.759 0 0 W Hardware name: Qualcomm Technologies, Inc. kona MTP-RmPM8150b. VC1(FSE) DVT1 (DT)
01-01 13:43:57.759 0 0 W Workqueue: pm pm_runtime_work
01-01 13:43:57.759 0 0 W pstate : 60c00085 (nZCv daIf +PAN +UAO)
01-01 13:43:57.759 0 0 W pc : enable_irq+0x90/0xe8
01-01 13:43:57.759 0 0 W lr : enable_irq+0x90/0xe8
01-01 13:43:57.759 0 0 W sp : ffffff801904bbb0
01-01 13:43:57.759 0 0 W : x29: ffffff801904bbc0 x28: 0000000000000002
01-01 13:43:57.759 0 0 W : x27: 00000000000001b0 x26: 0000000000000000
01-01 13:43:57.759 0 0 W : x25: 0000000000000000 x24: ffffffda2d2cf37d
01-01 13:43:57.759 0 0 W : x23: ffffffda2d2cdca1 x22: ffffffda2d2cf248
01-01 13:43:57.759 0 0 W : x21: ffffffda13d3a010 x20: 000000000000018b
01-01 13:43:57.759 0 0 W : x19: ffffffda3e286e00 x18: 0000000000000030
01-01 13:43:57.759 0 0 W : x17: ffffffa5ffc20000 x16: 00000000fffc0b50
01-01 13:43:57.759 0 0 W : x15: 00000000000c0b50 x14: 0000000000000086
01-01 13:43:57.759 0 0 W : x13: 0000000000000030 x12: 0000000000000000
01-01 13:43:57.759 0 0 W : x11: 0000000000000000 x10: 0000000000000007
01-01 13:43:57.759 0 0 W : x9 : 628e887e69550900 x8 : 628e887e69550900
01-01 13:43:57.759 0 0 W : x7 : 0000000000000000 x6 : ffffffda7987f4dd
01-01 13:43:57.759 0 0 W : x5 : 0000000000000000 x4 : 0000000000000006
01-01 13:43:57.759 0 0 W : x3 : 0000000000000035 x2 : 0000000000000007
01-01 13:43:57.759 0 0 W : x1 : 0000000000000007 x0 : 000000000000001d
01-01 13:43:57.759 0 0 W Call trace:
01-01 13:43:57.759 0 0 W : enable_irq+0x90/0xe8
01-01 13:43:57.759 0 0 W : swrm_runtime_suspend+0x428/0x4d8 [swr_ctrl_dlkm]
01-01 13:43:57.759 0 0 W : pm_generic_runtime_suspend+0x24/0x38
01-01 13:43:57.759 0 0 W : __rpm_callback+0x124/0x228
01-01 13:43:57.759 0 0 W : rpm_suspend+0x464/0x818
01-01 13:43:57.759 0 0 W : pm_runtime_work+0x90/0xa0
01-01 13:43:57.759 0 0 W : process_one_work+0x278/0x440
01-01 13:43:57.759 0 0 W : worker_thread+0x260/0x4a8
01-01 13:43:57.759 0 0 W : kthread+0x140/0x150
01-01 13:43:57.759 0 0 W : ret_from_fork+0x10/0x18
01-01 13:43:57.759 0 0 W : ---[ end trace efcfe04893ded0da ]---
01-01 13:43:57.760 1512 1512 I PackageManager: /system/priv-app/SharedStorageBackup changed; collecting certs
01-01 13:43:57.762 1512 1512 I PackageManager: /system/priv-app/MusicFX changed; collecting certs
01-01 13:43:57.764 1512 1512 I PackageManager: /system/priv-app/ExternalStorageProvider changed; collecting certs
01-01 13:43:57.770 1512 1512 I PackageManager: /system/priv-app/PackageInstaller changed; collecting certs
01-01 13:43:57.772 1512 1512 I PackageManager: /system/priv-app/CalendarProvider changed; collecting certs
01-01 13:43:57.773 1512 1512 W PackageManager: Adding duplicate app id: 10021 name=com.android.providers.calendar
01-01 13:43:57.773 1512 1512 I pm_critical_info: Adding duplicate app id: 10021 name=com.android.providers.calendar
01-01 13:43:57.773 1512 1512 I PackageManager: /system/priv-app/CtsShimPrivPrebuilt changed; collecting certs
01-01 13:43:57.774 1512 1512 D CompatibilityChangeReporter: Compat change id reported: 168782947; UID -1; state: DISABLED
01-01 13:43:57.775 1512 1512 I PackageManager: /system/priv-app/Shell changed; collecting certs
01-01 13:43:57.776 1512 1512 W PackageManager: Adding duplicate shared id: 2000 name=com.android.shell
01-01 13:43:57.776 1512 1512 I pm_critical_info: Adding duplicate shared id: 2000 name=com.android.shell
01-01 13:43:57.776 1512 1512 I PackageManager: /system/priv-app/InputDevices changed; collecting certs
01-01 13:43:57.777 1512 1512 W PackageManager: Adding duplicate shared id: 1000 name=com.android.inputdevices
01-01 13:43:57.777 1512 1512 I pm_critical_info: Adding duplicate shared id: 1000 name=com.android.inputdevices
01-01 13:43:57.778 1512 1512 I PackageManager: /system/priv-app/DebugTools changed; collecting certs
01-01 13:43:57.779 1512 1512 W PackageManager: Adding duplicate shared id: 1000 name=com.thundercomm.debugtools
01-01 13:43:57.779 1512 1512 I pm_critical_info: Adding duplicate shared id: 1000 name=com.thundercomm.debugtools
01-01 13:43:57.779 1512 1512 I PackageManager: /system/priv-app/ProxyHandler changed; collecting certs
01-01 13:43:57.780 1512 1512 I PackageManager: /system/priv-app/MtpService changed; collecting certs
01-01 13:43:57.781 1512 1512 W PackageManager: Adding duplicate app id: 10024 name=com.android.mtp
01-01 13:43:57.781 1512 1512 I pm_critical_info: Adding duplicate app id: 10024 name=com.android.mtp
01-01 13:43:57.782 1512 1512 I PackageManager: /system/priv-app/DocumentsUI changed; collecting certs
01-01 13:43:57.784 1512 1512 I PackageManager: /system/priv-app/NetworkStack changed; collecting certs
01-01 13:43:57.784 1512 1512 W PackageManager: Adding duplicate shared id: 1073 name=com.android.networkstack
01-01 13:43:57.785 1512 1512 I pm_critical_info: Adding duplicate shared id: 1073 name=com.android.networkstack
01-01 13:43:57.788 1512 1712 W PackageParsing: Ignoring duplicate uses-permissions/uses-permissions-sdk-m: android.permission.ACCESS_WIFI_STATE in package: com.microsoft.emmx at: Binary XML file line #105
01-01 13:43:57.788 1512 1512 I PackageManager: /system/priv-app/SoundPicker changed; collecting certs
01-01 13:43:57.789 1512 1512 W PackageManager: Adding duplicate app id: 10024 name=com.android.soundpicker
01-01 13:43:57.789 1512 1512 I pm_critical_info: Adding duplicate app id: 10024 name=com.android.soundpicker
01-01 13:43:57.791 1512 1512 I PackageManager: /system/priv-app/BackupRestoreConfirmation changed; collecting certs
01-01 13:43:57.796 1512 1714 W PackageParsing: No actions in intent-filter at /system/priv-app/BuiltInPrintService/BuiltInPrintService.apk Binary XML file line #53
01-01 13:43:57.797 1512 1512 I PackageManager: /system/priv-app/Telecom changed; collecting certs
01-01 13:43:57.798 1512 1512 W PackageManager: Adding duplicate shared id: 1000 name=com.android.server.telecom
01-01 13:43:57.798 1512 1512 I pm_critical_info: Adding duplicate shared id: 1000 name=com.android.server.telecom
01-01 13:43:57.799 1512 1512 I PackageManager: /system/priv-app/BuiltInPrintService changed; collecting certs
01-01 13:43:57.801 1512 1512 I PackageManager: /system/priv-app/Tag changed; collecting certs
01-01 13:43:57.803 1512 1512 I PackageManager: /system/priv-app/ManagedProvisioning changed; collecting certs
01-01 13:43:57.804 1512 1512 I PackageManager: /system/priv-app/FusedLocation changed; collecting certs
01-01 13:43:57.805 1512 1512 W PackageManager: Adding duplicate shared id: 1000 name=com.android.location.fused
01-01 13:43:57.805 1512 1512 I pm_critical_info: Adding duplicate shared id: 1000 name=com.android.location.fused
01-01 13:43:57.806 1512 1512 I PackageManager: /system/priv-app/com.microsoft.emmx_134305015 changed; collecting certs
01-01 13:43:57.822 1512 1711 D CompatibilityChangeReporter: Compat change id reported: 150232615; UID -1; state: DISABLED
01-01 13:43:57.826 1512 1711 W PackageParsing: No actions in intent-filter at /system/priv-app/baidu_ime-mainLine-release/baidu_ime-mainLine-release.apk Binary XML file line #1529
01-01 13:43:57.879 996 996 I auditd : type=1400 audit(0.0:219): avc: denied { read write } for comm="sensors.qti" name="diag" dev="tmpfs" ino=11411 scontext=u:r:vendor_sensors_qti:s0 tcontext=u:object_r:vendor_diag_device:s0 tclass=chr_file permissive=0
01-01 13:43:57.983 1512 1512 I PackageManager: /system/priv-app/SettingsProvider changed; collecting certs
01-01 13:43:57.984 1512 1512 W PackageManager: Adding duplicate shared id: 1000 name=com.android.providers.settings
01-01 13:43:57.984 1512 1512 I pm_critical_info: Adding duplicate shared id: 1000 name=com.android.providers.settings
01-01 13:43:57.984 1512 1512 I PackageManager: /system/priv-app/app-HiphiShowFSE-1.0.4.23-03-10-1617.earth-4-release changed; collecting certs
01-01 13:43:57.989 1512 1512 W PackageManager: Adding duplicate shared id: 1000 name=com.hryt.hiphishowfsecontrol
01-01 13:43:57.989 1512 1512 I pm_critical_info: Adding duplicate shared id: 1000 name=com.hryt.hiphishowfsecontrol
01-01 13:43:57.990 1512 1512 I PackageManager: /system/priv-app/DownloadProvider changed; collecting certs
01-01 13:43:57.990 1512 1512 W PackageManager: Adding duplicate app id: 10024 name=com.android.providers.downloads
01-01 13:43:57.990 1512 1512 I pm_critical_info: Adding duplicate app id: 10024 name=com.android.providers.downloads
01-01 13:43:57.991 1512 1512 I PackageManager: /system/priv-app/LocalTransport changed; collecting certs
01-01 13:43:57.991 1512 1512 W PackageManager: Adding duplicate shared id: 1000 name=com.android.localtransport
01-01 13:43:57.991 1512 1512 I pm_critical_info: Adding duplicate shared id: 1000 name=com.android.localtransport
01-01 13:43:57.992 1512 1512 I PackageManager: /system/priv-app/DownloadProviderUi changed; collecting certs
01-01 13:43:57.992 1512 1512 W PackageManager: Adding duplicate app id: 10024 name=com.android.providers.downloads.ui
01-01 13:43:57.992 1512 1512 I pm_critical_info: Adding duplicate app id: 10024 name=com.android.providers.downloads.ui
01-01 13:43:57.993 1512 1512 I PackageManager: /system/priv-app/DynamicSystemInstallationService changed; collecting certs
01-01 13:43:57.993 1512 1512 W PackageManager: Adding duplicate shared id: 1000 name=com.android.dynsystem
01-01 13:43:57.993 1512 1512 I pm_critical_info: Adding duplicate shared id: 1000 name=com.android.dynsystem
01-01 13:43:57.994 1512 1512 I PackageManager: /system/priv-app/NetworkPermissionConfig changed; collecting certs
01-01 13:43:57.994 1512 1512 W PackageManager: Adding duplicate shared id: 1073 name=com.android.networkstack.permissionconfig
01-01 13:43:57.995 1512 1512 I pm_critical_info: Adding duplicate shared id: 1073 name=com.android.networkstack.permissionconfig
01-01 13:43:57.995 1512 1512 I PackageManager: /system/priv-app/MediaProviderLegacy changed; collecting certs
01-01 13:43:57.996 1512 1512 W PackageManager: Adding duplicate app id: 10024 name=com.android.providers.media
01-01 13:43:57.996 1512 1512 I pm_critical_info: Adding duplicate app id: 10024 name=com.android.providers.media
01-01 13:43:57.996 1512 1512 I PackageManager: /system/priv-app/UserDictionaryProvider changed; collecting certs
01-01 13:43:57.997 1512 1512 W PackageManager: Adding duplicate app id: 10031 name=com.android.providers.userdictionary
01-01 13:43:57.997 1512 1512 I pm_critical_info: Adding duplicate app id: 10031 name=com.android.providers.userdictionary
01-01 13:43:57.997 1512 1512 I PackageManager: /system/priv-app/TcService changed; collecting certs
01-01 13:43:57.998 1512 1512 W PackageManager: Adding duplicate shared id: 1000 name=com.thundercomm.tcservice
01-01 13:43:57.998 1512 1512 I pm_critical_info: Adding duplicate shared id: 1000 name=com.thundercomm.tcservice
01-01 13:43:57.998 1512 1512 I PackageManager: /system/priv-app/ContactsProvider changed; collecting certs
01-01 13:43:57.999 1512 1512 W PackageManager: Adding duplicate app id: 10031 name=com.android.providers.contacts
01-01 13:43:57.999 1512 1512 I pm_critical_info: Adding duplicate app id: 10031 name=com.android.providers.contacts
01-01 13:43:57.999 1512 1512 I PackageManager: /system/priv-app/SogouInput_huaren_1.0.0.255_Build_14302_20210415 changed; collecting certs
01-01 13:43:58.012 1512 1512 I PackageManager: /system/priv-app/VpnDialogs changed; collecting certs
01-01 13:43:58.013 1512 1512 I PackageManager: /system/priv-app/baidu_ime-mainLine-release changed; collecting certs
01-01 13:43:58.079 996 996 I auditd : type=1400 audit(0.0:220): avc: denied { read write } for comm="sensors.qti" name="diag" dev="tmpfs" ino=11411 scontext=u:r:vendor_sensors_qti:s0 tcontext=u:object_r:vendor_diag_device:s0 tclass=chr_file permissive=0
01-01 13:43:58.279 996 996 I auditd : type=1400 audit(0.0:221): avc: denied { read write } for comm="sensors.qti" name="diag" dev="tmpfs" ino=11411 scontext=u:r:vendor_sensors_qti:s0 tcontext=u:object_r:vendor_diag_device:s0 tclass=chr_file permissive=0
01-01 13:43:58.288 1512 1512 I PackageManager: /system/priv-app/Traceur changed; collecting certs
01-01 13:43:58.294 1512 1512 I PackageManager: /system/app/BluetoothMidiService changed; collecting certs
01-01 13:43:58.296 1512 1512 I PackageManager: /system/app/CaptivePortalLogin changed; collecting certs
01-01 13:43:58.297 1512 1512 I PackageManager: /system/app/ExtShared changed; collecting certs
01-01 13:43:58.298 1512 1512 I PackageManager: /system/app/WallpaperBackup changed; collecting certs
01-01 13:43:58.299 1512 1512 W PackageManager: Adding duplicate shared id: 1000 name=com.android.wallpaperbackup
01-01 13:43:58.299 1512 1512 I pm_critical_info: Adding duplicate shared id: 1000 name=com.android.wallpaperbackup
01-01 13:43:58.299 1512 1512 I PackageManager: /system/app/CtsShimPrebuilt changed; collecting certs
01-01 13:43:58.300 1512 1512 I PackageManager: /system/app/KeyChain changed; collecting certs
01-01 13:43:58.301 1512 1512 W PackageManager: Adding duplicate shared id: 1000 name=com.android.keychain
01-01 13:43:58.301 1512 1512 I pm_critical_info: Adding duplicate shared id: 1000 name=com.android.keychain
01-01 13:43:58.302 1512 1512 I PackageManager: /system/app/BookmarkProvider changed; collecting certs
01-01 13:43:58.303 1512 1512 I PackageManager: /system/app/CameraExtensionsProxy changed; collecting certs
01-01 13:43:58.304 1512 1512 I PackageManager: /system/app/LiveWallpapersPicker changed; collecting certs
01-01 13:43:58.305 1512 1512 I PackageManager: /system/app/TCHttpServer changed; collecting certs
01-01 13:43:58.306 1512 1512 W PackageManager: Adding duplicate shared id: 1000 name=com.thundercomm.tchttpserver
01-01 13:43:58.306 1512 1512 I pm_critical_info: Adding duplicate shared id: 1000 name=com.thundercomm.tchttpserver
01-01 13:43:58.306 1512 1512 I PackageManager: /system/app/CompanionDeviceManager changed; collecting certs
01-01 13:43:58.307 1512 1712 W PackageParsing: No actions in intent-filter at /system/app/Bluetooth/Bluetooth.apk Binary XML file line #186
01-01 13:43:58.307 1512 1712 W PackageParsing: No actions in intent-filter at /system/app/Bluetooth/Bluetooth.apk Binary XML file line #210
01-01 13:43:58.307 1512 1712 W PackageParsing: No actions in intent-filter at /system/app/Bluetooth/Bluetooth.apk Binary XML file line #284
01-01 13:43:58.308 1512 1512 I PackageManager: /system/app/SecureElement changed; collecting certs
01-01 13:43:58.309 1512 1512 W PackageManager: Adding duplicate shared id: 1068 name=com.android.se
01-01 13:43:58.309 1512 1512 I pm_critical_info: Adding duplicate shared id: 1068 name=com.android.se
01-01 13:43:58.309 1512 1512 I PackageManager: /system/app/PrintRecommendationService changed; collecting certs
01-01 13:43:58.310 1512 1512 I PackageManager: /system/app/HTMLViewer changed; collecting certs
01-01 13:43:58.310 1512 1512 I service_manager_stats: [100,14,13520]
01-01 13:43:58.311 1512 1512 I PackageManager: /system/app/Bluetooth changed; collecting certs
01-01 13:43:58.312 1512 1512 W PackageManager: Adding duplicate shared id: 1002 name=com.android.bluetooth
01-01 13:43:58.312 1512 1512 I pm_critical_info: Adding duplicate shared id: 1002 name=com.android.bluetooth
01-01 13:43:58.313 1512 1512 I PackageManager: /system/app/LogClient changed; collecting certs
01-01 13:43:58.314 1512 1512 W PackageManager: Adding duplicate shared id: 1000 name=com.tc.logclient
01-01 13:43:58.314 1512 1512 I pm_critical_info: Adding duplicate shared id: 1000 name=com.tc.logclient
01-01 13:43:58.315 1512 1512 I PackageManager: /system/app/PrintSpooler changed; collecting certs
01-01 13:43:58.316 1512 1512 I PackageManager: /system/app/PacProcessor changed; collecting certs
01-01 13:43:58.317 1512 1512 I PackageManager: /system/app/EasterEgg changed; collecting certs
01-01 13:43:58.318 1512 1512 I PackageManager: /system/app/CertInstaller changed; collecting certs
01-01 13:43:58.319 1512 1512 I PackageManager: /system/app/BasicDreams changed; collecting certs
01-01 13:43:58.320 1512 1512 I PackageManager: /system/app/ScreenSaver changed; collecting certs
01-01 13:43:58.323 1512 1512 I PackageManager: /vendor/app/com.qualcomm.qti.gpudrivers.kona.api30 changed; collecting certs
01-01 13:43:58.325 1512 1512 I PackageManager: /vendor/app/TimeService changed; collecting certs
01-01 13:43:58.326 1512 1512 I PackageManager: /vendor/app/TrustZoneAccessService changed; collecting certs
01-01 13:43:58.327 1512 1512 I PackageManager: /vendor/app/pasrservice changed; collecting certs
01-01 13:43:58.328 1512 1512 W PackageManager: Failed to parse /vendor/app/CneApp: Missing base APK in /vendor/app/CneApp/lib/arm64
01-01 13:43:58.328 1512 1512 I PackageManager: /vendor/app/TsUartService changed; collecting certs
01-01 13:43:58.328 1512 1512 I PackageManager: /vendor/app/ConnectionSecurityService changed; collecting certs
01-01 13:43:58.331 1512 1512 I PackageManager: /vendor/app/CACertService changed; collecting certs
01-01 13:43:58.332 1512 1512 W PackageManager: Adding duplicate app id: 10058 name=vendor.qti.hardware.cacert.server
01-01 13:43:58.332 1512 1512 I pm_critical_info: Adding duplicate app id: 10058 name=vendor.qti.hardware.cacert.server
01-01 13:43:58.332 1512 1512 I PackageManager: /vendor/app/IWlanService changed; collecting certs
01-01 13:43:58.333 1512 1512 W PackageManager: Adding duplicate app id: 10058 name=vendor.qti.iwlan
01-01 13:43:58.333 1512 1512 I pm_critical_info: Adding duplicate app id: 10058 name=vendor.qti.iwlan
01-01 13:43:58.335 1512 1512 I PackageManager: /product/priv-app/OneTimeInitializer changed; collecting certs
01-01 13:43:58.337 1512 1512 I PackageManager: /product/priv-app/SettingsIntelligence changed; collecting certs
01-01 13:43:58.341 1512 1512 I PackageManager: /product/app/ModuleMetadata changed; collecting certs
01-01 13:43:58.343 1512 1512 I PackageManager: /product/app/DeviceStatisticsService changed; collecting certs
01-01 13:43:58.344 1512 1512 I PackageManager: /product/app/GameModeProvider changed; collecting certs
01-01 13:43:58.348 1512 1512 I PackageManager: /product/app/Gallery2 changed; collecting certs
01-01 13:43:58.350 1512 1512 I PackageManager: /product/app/PhotoTable changed; collecting certs
01-01 13:43:58.352 1512 1512 I PackageManager: /product/app/webview changed; collecting certs
01-01 13:43:58.359 1512 1512 I PackageManager: /product/app/LatinIME changed; collecting certs
01-01 13:43:58.363 1512 1512 I PackageManager: /system_ext/priv-app/com.qualcomm.qti.services.systemhelper changed; collecting certs
01-01 13:43:58.365 1512 1512 I PackageManager: /system_ext/priv-app/WallpaperCropper changed; collecting certs
01-01 13:43:58.366 1512 1512 I PackageManager: /system_ext/priv-app/WfdService changed; collecting certs
01-01 13:43:58.370 1512 1512 I PackageManager: /system_ext/priv-app/dpmserviceapp changed; collecting certs
01-01 13:43:58.372 1512 1512 W PackageManager: Adding duplicate shared id: 1001 name=com.qti.dpmserviceapp
01-01 13:43:58.372 1512 1512 I pm_critical_info: Adding duplicate shared id: 1001 name=com.qti.dpmserviceapp
01-01 13:43:58.372 1512 1512 I PackageManager: /system_ext/priv-app/Launcher3QuickStep changed; collecting certs
01-01 13:43:58.375 1512 1512 I PackageManager: /system_ext/priv-app/xrvdservice changed; collecting certs
01-01 13:43:58.376 1512 1512 W PackageManager: Adding duplicate shared id: 1000 name=com.qualcomm.qti.xrvd.service
01-01 13:43:58.376 1512 1512 I pm_critical_info: Adding duplicate shared id: 1000 name=com.qualcomm.qti.xrvd.service
01-01 13:43:58.377 1512 1512 I PackageManager: /system_ext/priv-app/com.qualcomm.location changed; collecting certs
01-01 13:43:58.378 1512 1512 I PackageManager: /system_ext/priv-app/xrcbservice changed; collecting certs
01-01 13:43:58.380 1512 1512 I PackageManager: /system_ext/priv-app/Provision changed; collecting certs
01-01 13:43:58.382 1512 1512 W PackageManager: Adding duplicate shared id: 1000 name=com.android.provision
01-01 13:43:58.382 1512 1512 I pm_critical_info: Adding duplicate shared id: 1000 name=com.android.provision
01-01 13:43:58.383 1512 1512 I PackageManager: /system_ext/priv-app/QAS_DVC_MSP changed; collecting certs
01-01 13:43:58.403 1512 1512 I PackageManager: /system_ext/priv-app/EmergencyInfo changed; collecting certs
01-01 13:43:58.404 1512 1512 W PackageManager: Adding duplicate app id: 10075 name=com.android.emergency
01-01 13:43:58.404 1512 1512 I pm_critical_info: Adding duplicate app id: 10075 name=com.android.emergency
01-01 13:43:58.406 0 0 E DTC_Display: screen not ready
01-01 13:43:58.408 1512 1711 W PackageParsing: Ignoring duplicate uses-permissions/uses-permissions-sdk-m: android.permission.CONFIGURE_WIFI_DISPLAY in package: com.android.systemui at: Binary XML file line #160
01-01 13:43:58.412 1512 1512 I PackageManager: /system_ext/priv-app/GameMode changed; collecting certs
01-01 13:43:58.413 1512 1512 W PackageManager: Adding duplicate shared id: 1000 name=com.thundercomm.gamemode
01-01 13:43:58.413 1512 1512 I pm_critical_info: Adding duplicate shared id: 1000 name=com.thundercomm.gamemode
01-01 13:43:58.414 1512 1512 I PackageManager: /system_ext/priv-app/StorageManager changed; collecting certs
01-01 13:43:58.417 1512 1512 I PackageManager: /system_ext/priv-app/SystemUI changed; collecting certs
01-01 13:43:58.419 1512 1512 W PackageManager: Adding duplicate app id: 10077 name=com.android.systemui
01-01 13:43:58.419 1512 1512 I pm_critical_info: Adding duplicate app id: 10077 name=com.android.systemui
01-01 13:43:58.420 1512 1512 I PackageManager: /system_ext/priv-app/xtra_t_app changed; collecting certs
01-01 13:43:58.420 1512 1512 W PackageManager: Adding duplicate app id: 10078 name=com.qualcomm.location.XT
01-01 13:43:58.420 1512 1512 I pm_critical_info: Adding duplicate app id: 10078 name=com.qualcomm.location.XT
01-01 13:43:58.437 0 0 I msm_cvp : warn: DBLP Set: status 0 0
01-01 13:43:58.479 996 996 I auditd : type=1400 audit(0.0:222): avc: denied { read write } for comm="sensors.qti" name="diag" dev="tmpfs" ino=11411 scontext=u:r:vendor_sensors_qti:s0 tcontext=u:object_r:vendor_diag_device:s0 tclass=chr_file permissive=0
01-01 13:43:58.521 1512 1512 I PackageManager: /system_ext/priv-app/Settings changed; collecting certs
01-01 13:43:58.523 1512 1512 W PackageManager: Adding duplicate shared id: 1000 name=com.android.settings
01-01 13:43:58.523 1512 1512 I pm_critical_info: Adding duplicate shared id: 1000 name=com.android.settings
01-01 13:43:58.528 1512 1512 I PackageManager: /system_ext/app/MStatsSystemService changed; collecting certs
01-01 13:43:58.530 1512 1512 I PackageManager: /system_ext/app/QCC-Netstat changed; collecting certs
01-01 13:43:58.531 1512 1512 I PackageManager: /system_ext/app/QdcmFF changed; collecting certs
01-01 13:43:58.532 1512 1512 W PackageManager: Adding duplicate shared id: 1000 name=com.qti.snapdragon.qdcm_ff
01-01 13:43:58.532 1512 1512 I pm_critical_info: Adding duplicate shared id: 1000 name=com.qti.snapdragon.qdcm_ff
01-01 13:43:58.533 1512 1512 I PackageManager: /system_ext/app/NQNfcNci changed; collecting certs
01-01 13:43:58.534 1512 1512 W PackageManager: Adding duplicate shared id: 1027 name=com.android.nfc
01-01 13:43:58.534 1512 1512 I pm_critical_info: Adding duplicate shared id: 1027 name=com.android.nfc
01-01 13:43:58.534 1512 1512 I PackageManager: /system_ext/app/TCSetupWizard changed; collecting certs
01-01 13:43:58.536 1512 1512 W PackageManager: Adding duplicate shared id: 1000 name=com.thundercomm.tcsetupwizard
01-01 13:43:58.536 1512 1512 I pm_critical_info: Adding duplicate shared id: 1000 name=com.thundercomm.tcsetupwizard
01-01 13:43:58.537 1512 1512 I PackageManager: /system_ext/app/uceShimService changed; collecting certs
01-01 13:43:58.538 1512 1512 W PackageManager: Adding duplicate shared id: 1001 name=com.qualcomm.qti.uceShimService
01-01 13:43:58.538 1512 1512 I pm_critical_info: Adding duplicate shared id: 1001 name=com.qualcomm.qti.uceShimService
01-01 13:43:58.539 1512 1714 W PackageParsing: No actions in intent-filter at /system_ext/app/SnapdragonMusic/SnapdragonMusic.apk Binary XML file line #83
01-01 13:43:58.539 1512 1512 I PackageManager: /system_ext/app/workloadclassifier changed; collecting certs
01-01 13:43:58.539 0 0 E init : Control message: Could not find 'android.frameworks.sensorservice@1.0::ISensorManager/default' for ctl.interface_start from pid: 509 (/system/bin/hwservicemanager)
01-01 13:43:58.539 1512 1714 W PackageParsing: No actions in intent-filter at /system_ext/app/SnapdragonMusic/SnapdragonMusic.apk Binary XML file line #206
01-01 13:43:58.540 1512 1512 I PackageManager: /system_ext/app/embms changed; collecting certs
01-01 13:43:58.541 1512 1712 W PackageParsing: Ignoring duplicate uses-permissions/uses-permissions-sdk-m: android.permission.INTERACT_ACROSS_USERS in package: com.thundercomm.microsettings at: Binary XML file line #13
01-01 13:43:58.541 1512 1712 W PackageParsing: Ignoring duplicate uses-permissions/uses-permissions-sdk-m: android.permission.SET_TIME_ZONE in package: com.thundercomm.microsettings at: Binary XML file line #31
01-01 13:43:58.542 1512 1712 W PackageParsing: Ignoring duplicate uses-permissions/uses-permissions-sdk-m: android.permission.WRITE_EXTERNAL_STORAGE in package: com.thundercomm.microsettings at: Binary XML file line #37
01-01 13:43:58.543 1512 1512 I PackageManager: /system_ext/app/QCC changed; collecting certs
01-01 13:43:58.544 1512 1512 W PackageManager: Adding duplicate shared id: 1000 name=com.qualcomm.qti.qdma
01-01 13:43:58.544 1512 1512 I pm_critical_info: Adding duplicate shared id: 1000 name=com.qualcomm.qti.qdma
01-01 13:43:58.545 1512 1512 I PackageManager: /system_ext/app/SnapdragonMusic changed; collecting certs
01-01 13:43:58.546 1512 1512 I PackageManager: /system_ext/app/aptxui changed; collecting certs
01-01 13:43:58.548 1512 1512 I PackageManager: /system_ext/app/TCCast changed; collecting certs
01-01 13:43:58.549 0 0 E init : Control message: Could not find 'android.frameworks.sensorservice@1.0::ISensorManager/default' for ctl.interface_start from pid: 509 (/system/bin/hwservicemanager)
01-01 13:43:58.550 1512 1512 I PackageManager: /system_ext/app/QesdkSysService changed; collecting certs
01-01 13:43:58.551 1512 1512 W PackageManager: Adding duplicate shared id: 1000 name=vendor.qti.qesdk.sysservice
01-01 13:43:58.551 1512 1512 I pm_critical_info: Adding duplicate shared id: 1000 name=vendor.qti.qesdk.sysservice
01-01 13:43:58.552 1512 1512 I PackageManager: /system_ext/app/DynamicDDSService changed; collecting certs
01-01 13:43:58.552 1512 1512 W PackageManager: Adding duplicate shared id: 1001 name=com.qualcomm.qti.dynamicddsservice
01-01 13:43:58.552 1512 1512 I pm_critical_info: Adding duplicate shared id: 1001 name=com.qualcomm.qti.dynamicddsservice
01-01 13:43:58.553 1512 1512 I PackageManager: /system_ext/app/MicroSettings changed; collecting certs
01-01 13:43:58.554 1512 1512 W PackageManager: Adding duplicate shared id: 1000 name=com.thundercomm.microsettings
01-01 13:43:58.554 1512 1512 I pm_critical_info: Adding duplicate shared id: 1000 name=com.thundercomm.microsettings
01-01 13:43:58.554 1512 1512 I PackageManager: /system_ext/app/QTIDiagServices changed; collecting certs
01-01 13:43:58.555 1512 1512 W PackageManager: Adding duplicate shared id: 1000 name=com.qti.diagservices
01-01 13:43:58.555 1512 1512 I pm_critical_info: Adding duplicate shared id: 1000 name=com.qti.diagservices
01-01 13:43:58.555 1512 1512 I PackageManager: /system_ext/app/QCC-AUTHMGR changed; collecting certs
01-01 13:43:58.556 1512 1512 I PackageManager: /system_ext/app/MircoService changed; collecting certs
01-01 13:43:58.557 1512 1512 W PackageManager: Adding duplicate shared id: 1000 name=com.thundercomm.microservice
01-01 13:43:58.557 1512 1512 I pm_critical_info: Adding duplicate shared id: 1000 name=com.thundercomm.microservice
01-01 13:43:58.557 1512 1512 I PackageManager: /system_ext/app/RemoteControlServer changed; collecting certs
01-01 13:43:58.558 1512 1512 W PackageManager: Adding duplicate shared id: 1000 name=com.thundercomm.remotecontrolservice
01-01 13:43:58.558 1512 1512 I pm_critical_info: Adding duplicate shared id: 1000 name=com.thundercomm.remotecontrolservice
01-01 13:43:58.563 1512 1512 I PackageManager: /apex/com.android.wifi/priv-app/ServiceWifiResources changed; collecting certs
01-01 13:43:58.567 1512 1512 I PackageManager: /apex/com.android.wifi/app/OsuLogin changed; collecting certs
01-01 13:43:58.571 1512 1512 I PackageManager: /apex/com.android.tethering/priv-app/ServiceConnectivityResources changed; collecting certs
01-01 13:43:58.573 1512 1512 I PackageManager: /apex/com.android.tethering/priv-app/Tethering changed; collecting certs
01-01 13:43:58.574 1512 1512 W PackageManager: Adding duplicate shared id: 1073 name=com.android.networkstack.tethering
01-01 13:43:58.574 1512 1512 I pm_critical_info: Adding duplicate shared id: 1073 name=com.android.networkstack.tethering
01-01 13:43:58.587 1512 1512 I PackageManager: /apex/com.android.permission/priv-app/PermissionController changed; collecting certs
01-01 13:43:58.588 1512 1512 W PackageManager: Skipping provider name com.android.permissioncontroller (in package com.android.permissioncontroller): name already used by com.android.settings
01-01 13:43:58.588 1512 1512 W PackageManager: Skipping provider name com.android.permissioncontroller.role (in package com.android.permissioncontroller): name already used by com.android.settings
01-01 13:43:58.594 1512 1512 I PackageManager: /apex/com.android.mediaprovider/priv-app/MediaProvider changed; collecting certs
01-01 13:43:58.599 1512 1512 I PackageManager: /apex/com.android.extservices/priv-app/ExtServices changed; collecting certs
01-01 13:43:58.603 1512 1512 I PackageManager: Finished scanning system apps. Time: 898 ms, packageCount: 135 , timePerPackage: 6 , cached: 0
01-01 13:43:58.603 1512 1512 I boot_progress_pms_data_scan_start: 13812
01-01 13:43:58.603 1512 1512 I PackageManager: Finished scanning non-system apps. Time: 0 ms, packageCount: 0 , timePerPackage: 0 , cached: 0
01-01 13:43:58.604 1512 1512 E PackageManager: updateAllSharedLibrariesLPw failed: Package com.qualcomm.embms requires unavailable shared library com.qualcomm.qcrilhook; failing!
01-01 13:43:58.604 1512 1512 E PackageManager: updateAllSharedLibrariesLPw failed: Package com.android.systemui requires unavailable shared library com.qti.extphone.extphonelib; failing!
01-01 13:43:58.604 1512 1512 E PackageManager: updateAllSharedLibrariesLPw failed: Package com.android.settings requires unavailable shared library com.qti.extphone.extphonelib; failing!
01-01 13:43:58.604 1512 1512 E PackageManager: updateAllSharedLibrariesLPw failed: Package com.qualcomm.qti.devicestatisticsservice requires unavailable shared library qti-telephony-hidl-wrapper-prd; failing!
01-01 13:43:58.604 1512 1512 E PackageManager: updateAllSharedLibrariesLPw failed: Package com.qti.snapdragon.qdcm_ff requires unavailable shared library vendor.display.color.V1_0.IDisplayColor; failing!
01-01 13:43:58.604 1512 1512 E PackageManager: updateAllSharedLibrariesLPw failed: Package com.qti.pasrservice requires unavailable shared library vendor.qti.power.pasrmanager.V1_0.IPasrManager; failing!
01-01 13:43:58.604 1512 1512 E PackageManager: updateAllSharedLibrariesLPw failed: Package com.qualcomm.wfd.service requires unavailable shared library .WfdService; failing!
01-01 13:43:58.606 1512 1512 I boot_progress_pms_scan_end: 13816
01-01 13:43:58.606 1512 1512 I PackageManager: Time to scan packages: 0.902 seconds
01-01 13:43:58.606 1512 1512 I PackageManager: Permission ownership changed. Updating all permissions.
01-01 13:43:58.615 1512 1512 V PackageManager: reconcileAppsData for null u0 0x1 migrateAppData=true
01-01 13:43:58.645 1512 1512 V PackageManager: reconcileAppsData finished 27 packages
01-01 13:43:58.645 1512 1512 I PackageManagerTiming: write settings
01-01 13:43:58.645 1512 1740 I SystemServerTimingAsync: InitThreadPoolExec:prepareAppData
01-01 13:43:58.668 1512 1512 I commit_sys_config_file: [package-user-0,1]
01-01 13:43:58.668 1512 1512 I commit_sys_config_file: [package,23]
01-01 13:43:58.668 1512 1512 I boot_progress_pms_ready: 13878
01-01 13:43:58.669 1512 1512 W PackageManager: Intent filter verifier not found
01-01 13:43:58.669 1512 1512 W PackageManager: Domain verification agent not found
01-01 13:43:58.670 1512 1512 I PackageManagerTiming: GC
01-01 13:43:58.670 1512 1512 I PackageManager: Fix for b/169414761 is applied
01-01 13:43:58.671 1512 1512 V UserManagerService: Checking that all system packages are whitelisted.
01-01 13:43:58.672 1512 1512 W UserManagerService: checkWhitelistedSystemPackages(mode=ENFORCE|IMPLICIT_WHITELIST|IMPLICIT_WHITELIST_SYSTEM) has 68 warnings:
01-01 13:43:58.672 1512 1512 W UserManagerService: com.android.internal.display.cutout.emulation.corner is allowlisted but not present.
01-01 13:43:58.672 1512 1512 W UserManagerService: com.android.internal.display.cutout.emulation.double is allowlisted but not present.
01-01 13:43:58.672 1512 1512 W UserManagerService: com.android.theme.color.amethyst is allowlisted but not present.
01-01 13:43:58.672 1512 1512 W UserManagerService: com.android.theme.icon.pebble is allowlisted but not present.
01-01 13:43:58.672 1512 1512 W UserManagerService: com.android.theme.color.sand is allowlisted but not present.
01-01 13:43:58.672 1512 1512 W UserManagerService: com.android.theme.icon.vessel is allowlisted but not present.
01-01 13:43:58.672 1512 1512 W UserManagerService: com.android.theme.color.cinnamon is allowlisted but not present.
01-01 13:43:58.672 1512 1512 W UserManagerService: com.android.theme.icon_pack.victor.settings is allowlisted but not present.
01-01 13:43:58.672 1512 1512 W UserManagerService: com.android.theme.icon_pack.rounded.systemui is allowlisted but not present.
01-01 13:43:58.672 1512 1512 W UserManagerService: com.android.theme.icon.taperedrect is allowlisted but not present.
01-01 13:43:58.672 1512 1512 W UserManagerService: com.android.theme.icon_pack.rounded.android is allowlisted but not present.
01-01 13:43:58.672 1512 1512 W UserManagerService: com.qualcomm.qti.euiccresource is allowlisted but not present.
01-01 13:43:58.672 1512 1512 W UserManagerService: com.qualcomm.qti.telephonyservice is allowlisted but not present.
01-01 13:43:58.672 1512 1512 W UserManagerService: com.android.theme.icon_pack.victor.systemui is allowlisted but not present.
01-01 13:43:58.672 1512 1512 W UserManagerService: com.android.theme.icon_pack.circular.themepicker is allowlisted but not present.
01-01 13:43:58.672 1512 1512 W UserManagerService: com.android.theme.color.tangerine is allowlisted but not present.
01-01 13:43:58.672 1512 1512 W UserManagerService: com.android.theme.color.aquamarine is allowlisted but not present.
01-01 13:43:58.672 1512 1512 W UserManagerService: com.android.internal.display.cutout.emulation.hole is allowlisted but not present.
01-01 13:43:58.672 1512 1512 W UserManagerService: com.android.internal.display.cutout.emulation.tall is allowlisted but not present.
01-01 13:43:58.672 1512 1512 W UserManagerService: com.android.theme.color.black is allowlisted but not present.
01-01 13:43:58.672 1512 1512 W UserManagerService: com.android.theme.color.green is allowlisted but not present.
01-01 13:43:58.672 1512 1512 W UserManagerService: com.android.theme.color.ocean is allowlisted but not present.
01-01 13:43:58.672 1512 1512 W UserManagerService: com.android.theme.color.space is allowlisted but not present.
01-01 13:43:58.672 1512 1512 W UserManagerService: com.android.internal.systemui.navbar.threebutton is allowlisted but not present.
01-01 13:43:58.672 1512 1512 W UserManagerService: com.qti.qualcomm.datastatusnotification is allowlisted but not present.
01-01 13:43:58.672 1512 1512 W UserManagerService: com.qualcomm.qti.callfeaturessetting is allowlisted but not present.
01-01 13:43:58.672 1512 1512 W UserManagerService: com.android.theme.icon_pack.rounded.launcher is allowlisted but not present.
01-01 13:43:58.672 1512 1512 W UserManagerService: com.qti.qualcomm.deviceinfo is allowlisted but not present.
01-01 13:43:58.672 1512 1512 W UserManagerService: com.android.theme.icon_pack.kai.settings is allowlisted but not present.
01-01 13:43:58.672 1512 1512 W UserManagerService: com.android.internal.systemui.navbar.twobutton is allowlisted but not present.
01-01 13:43:58.672 1512 1512 W UserManagerService: org.codeaurora.ims is allowlisted but not present.
01-01 13:43:58.672 1512 1512 W UserManagerService: com.android.theme.icon_pack.sam.settings is allowlisted but not present.
01-01 13:43:58.672 1512 1512 W UserManagerService: com.android.theme.icon_pack.kai.themepicker is allowlisted but not present.
01-01 13:43:58.672 1512 1512 W UserManagerService: com.qualcomm.qcrilmsgtunnel is allowlisted but not present.
01-01 13:43:58.672 1512 1512 W UserManagerService: com.android.theme.icon_pack.victor.launcher is allowlisted but not present.
01-01 13:43:58.672 1512 1512 W UserManagerService: com.android.theme.icon_pack.filled.settings is allowlisted but not present.
01-01 13:43:58.672 1512 1512 W UserManagerService: com.android.theme.icon_pack.kai.systemui is allowlisted but not present.
01-01 13:43:58.672 1512 1512 W UserManagerService: com.android.theme.icon_pack.circular.settings is allowlisted but not present.
01-01 13:43:58.672 1512 1512 W UserManagerService: com.qti.xdivert is allowlisted but not present.
01-01 13:43:58.672 1512 1512 W UserManagerService: com.android.theme.icon_pack.sam.systemui is allowlisted but not present.
01-01 13:43:58.672 1512 1512 W UserManagerService: com.android.theme.icon.teardrop is allowlisted but not present.
01-01 13:43:58.672 1512 1512 W UserManagerService: com.android.theme.icon_pack.rounded.themepicker is allowlisted but not present.
01-01 13:43:58.672 1512 1512 W UserManagerService: com.android.theme.icon_pack.filled.systemui is allowlisted but not present.
01-01 13:43:58.672 1512 1512 W UserManagerService: com.qualcomm.qti.imsiprivacy.tests is allowlisted but not present.
01-01 13:43:58.672 1512 1512 W UserManagerService: com.android.theme.icon_pack.sam.android is allowlisted but not present.
01-01 13:43:58.672 1512 1512 W UserManagerService: com.android.theme.icon_pack.filled.android is allowlisted but not present.
01-01 13:43:58.672 1512 1512 W UserManagerService: com.android.theme.icon_pack.circular.systemui is allowlisted but not present.
01-01 13:43:58.672 1512 1512 W UserManagerService: com.android.theme.icon_pack.kai.android is allowlisted but not present.
01-01 13:43:58.672 1512 1512 W UserManagerService: com.android.theme.icon_pack.kai.launcher is allowlisted but not present.
01-01 13:43:58.672 1512 1512 W UserManagerService: com.qualcomm.qti.sam.service is allowlisted but not present.
01-01 13:43:58.672 1512 1512 W UserManagerService: com.android.theme.icon_pack.sam.launcher is allowlisted but not present.
01-01 13:43:58.672 1512 1512 W UserManagerService: com.android.theme.icon.squircle is allowlisted but not present.
01-01 13:43:58.672 1512 1512 W UserManagerService: com.android.theme.icon_pack.victor.android is allowlisted but not present.
01-01 13:43:58.672 1512 1512 W UserManagerService: com.android.theme.color.palette is allowlisted but not present.
01-01 13:43:58.672 1512 1512 W UserManagerService: com.android.theme.icon_pack.filled.launcher is allowlisted but not present.
01-01 13:43:58.672 1512 1512 W UserManagerService: com.android.theme.color.carbon is allowlisted but not present.
01-01 13:43:58.672 1512 1512 W UserManagerService: com.android.theme.icon_pack.circular.launcher is allowlisted but not present.
01-01 13:43:58.672 1512 1512 W UserManagerService: com.android.theme.icon_pack.filled.themepicker is allowlisted but not present.
01-01 13:43:58.672 1512 1512 W UserManagerService: com.android.theme.icon_pack.victor.themepicker is allowlisted but not present.
01-01 13:43:58.672 1512 1512 W UserManagerService: com.android.theme.color.orchid is allowlisted but not present.
01-01 13:43:58.672 1512 1512 W UserManagerService: com.android.theme.color.purple is allowlisted but not present.
01-01 13:43:58.672 1512 1512 W UserManagerService: com.qualcomm.qti.confdialer is allowlisted but not present.
01-01 13:43:58.672 1512 1512 W UserManagerService: com.android.theme.icon_pack.sam.themepicker is allowlisted but not present.
01-01 13:43:58.672 1512 1512 W UserManagerService: com.qualcomm.atfwd is allowlisted but not present.
01-01 13:43:58.672 1512 1512 W UserManagerService: com.android.theme.icon.roundedrect is allowlisted but not present.
01-01 13:43:58.672 1512 1512 W UserManagerService: com.android.theme.icon_pack.rounded.settings is allowlisted but not present.
01-01 13:43:58.672 1512 1512 W UserManagerService: org.codeaurora.qti.nrNetworkSettingApp is allowlisted but not present.
01-01 13:43:58.672 1512 1512 W UserManagerService: com.android.theme.icon_pack.circular.android is allowlisted but not present.
01-01 13:43:58.672 1512 1512 I UserManagerService: Reviewing whitelisted packages due to [firstBoot]
01-01 13:43:58.673 1512 1512 I Watchdog: Resuming HandlerChecker: main thread for reason: packagemanagermain. Pause count: 0
01-01 13:43:58.673 1512 1512 I SystemServerDexLoadReporter: Configuring system server dex reporter
01-01 13:43:58.674 1512 1512 I SystemServerTiming: StartOtaDexOptService
01-01 13:43:58.675 1512 1512 I Watchdog: Pausing HandlerChecker: main thread for reason: moveab. Pause count: 1
01-01 13:43:58.675 1512 1512 D OTADexopt: No upgrade, skipping A/B artifacts check.
01-01 13:43:58.675 1512 1512 I Watchdog: Resuming HandlerChecker: main thread for reason: moveab. Pause count: 0
01-01 13:43:58.675 1512 1512 I SystemServerTiming: StartUserManagerService
01-01 13:43:58.675 1512 1512 I SystemServiceManager: Starting com.android.server.pm.UserManagerService$LifeCycle
01-01 13:43:58.675 1512 1512 I SystemServerTiming: InitAttributerCache
01-01 13:43:58.675 1512 1512 I SystemServerTiming: SetSystemProcess
01-01 13:43:58.677 1512 1512 I am_uid_running: 1000
01-01 13:43:58.677 1512 1672 I ActivityManager: Connection with lmkd established
01-01 13:43:58.677 1512 1512 I am_uid_active: 1000
01-01 13:43:58.678 1512 1512 I SystemServerTiming: InitWatchdog
01-01 13:43:58.678 1512 1512 I SystemServerTiming: StartOverlayManagerService
01-01 13:43:58.681 0 0 I init : Control message: Processed ctl.start for 'idmap2d' from pid: 1512 (system_server)
01-01 13:43:58.684 1512 1612 V HistoricalRegistry: Interaction before persistence initialized
01-01 13:43:58.679 996 996 I auditd : type=1400 audit(0.0:223): avc: denied { read write } for comm="sensors.qti" name="diag" dev="tmpfs" ino=11411 scontext=u:r:vendor_sensors_qti:s0 tcontext=u:object_r:vendor_diag_device:s0 tclass=chr_file permissive=0
01-01 13:43:58.693 1512 1612 V HistoricalRegistry: Interaction before persistence initialized
01-01 13:43:58.712 1204 1751 I storaged: storaged: Start
01-01 13:43:58.719 1512 1512 I commit_sys_config_file: [overlays,14]
01-01 13:43:58.741 1512 1512 I SystemServerTiming: StartSensorPrivacyService
01-01 13:43:58.747 1512 1512 I SystemServerTiming: StartThunderBoostPerfService
01-01 13:43:58.748 1512 1512 I SystemServerTiming: StartSensorService
01-01 13:43:58.748 1512 1512 I SystemServiceManager: Starting com.android.server.sensors.SensorService
01-01 13:43:58.748 1512 1512 I SystemServerTiming: startCoreServices
01-01 13:43:58.748 1512 1512 I SystemServerTiming: StartSystemConfigService
01-01 13:43:58.748 1512 1512 I SystemServiceManager: Starting com.android.server.SystemConfigService
01-01 13:43:58.748 1512 1753 I SystemServerTimingAsync: InitThreadPoolExec:StartNativeSensorService
01-01 13:43:58.748 1512 1753 I SystemServerTimingAsync: StartNativeSensorService
01-01 13:43:58.748 1512 1512 I SystemServerTiming: StartBatteryService
01-01 13:43:58.748 1512 1512 I SystemServiceManager: Starting com.android.server.BatteryService
01-01 13:43:58.750 1512 1666 I battery_status: [1,1,0,0,]
01-01 13:43:58.750 0 0 W healthd : battery none chg=
01-01 13:43:58.751 1512 1512 I HealthServiceWrapper: health: HealthServiceWrapper listening to instance default
01-01 13:43:58.751 1512 1512 I BatteryService: health: Waited 0ms and received the update.
01-01 13:43:58.752 1512 1512 I SystemServerTiming: StartUsageService
01-01 13:43:58.752 1512 1512 I SystemServiceManager: Starting com.android.server.usage.UsageStatsService
01-01 13:43:58.755 1512 1512 I SystemServerTiming: StartWebViewUpdateService
01-01 13:43:58.756 1512 1512 I SystemServiceManager: Starting com.android.server.webkit.WebViewUpdateService
01-01 13:43:58.756 1512 1512 I SystemServerTiming: StartCachedDeviceStateService
01-01 13:43:58.756 1512 1512 I SystemServiceManager: Starting com.android.server.CachedDeviceStateService
01-01 13:43:58.756 1512 1512 I SystemServerTiming: StartBinderCallsStatsService
01-01 13:43:58.756 1512 1512 I SystemServiceManager: Starting com.android.server.BinderCallsStatsService$LifeCycle
01-01 13:43:58.756 1512 1512 I SystemServerTiming: StartLooperStatsService
01-01 13:43:58.756 1512 1512 I SystemServiceManager: Starting com.android.server.LooperStatsService$Lifecycle
01-01 13:43:58.757 1512 1512 I SystemServerTiming: StartRollbackManagerService
01-01 13:43:58.757 1512 1512 I SystemServiceManager: Starting com.android.server.rollback.RollbackManagerService
01-01 13:43:58.751 1189 1189 I auditd : type=1400 audit(0.0:224): avc: denied { read } for comm="Binder:1189_4" name="persist" dev="tmpfs" ino=12333 scontext=u:r:installd:s0 tcontext=u:object_r:tmpfs:s0 tclass=lnk_file permissive=0
01-01 13:43:58.751 1189 1189 I auditd : type=1400 audit(0.0:225): avc: denied { read } for comm="Binder:1189_4" name="persist" dev="tmpfs" ino=12333 scontext=u:r:installd:s0 tcontext=u:object_r:tmpfs:s0 tclass=lnk_file permissive=0
01-01 13:43:58.758 1512 1512 I PackageWatchdog: Syncing state, reason: added new observer
01-01 13:43:58.758 1512 1512 I PackageWatchdog: Not pruning observers, elapsed time: 0ms
01-01 13:43:58.758 1512 1512 I PackageWatchdog: Cancelling state sync, nothing to sync
01-01 13:43:58.758 1512 1667 I PackageWatchdog: Saving observer state to file
01-01 13:43:58.759 1512 1512 I SystemServerTiming: StartNativeTombstoneManagerService
01-01 13:43:58.759 1512 1512 I SystemServiceManager: Starting com.android.server.os.NativeTombstoneManagerService
01-01 13:43:58.759 1512 1512 I SystemServerTiming: StartBugreportManagerService
01-01 13:43:58.759 1512 1512 I SystemServiceManager: Starting com.android.server.os.BugreportManagerService
01-01 13:43:58.759 1512 1512 I SystemServerTiming: GpuService
01-01 13:43:58.759 1512 1512 I SystemServiceManager: Starting com.android.server.gpu.GpuService
01-01 13:43:58.759 1512 1512 I SystemServerTiming: startOtherServices
01-01 13:43:58.759 1512 1512 I SystemServerTiming: StartKeyAttestationApplicationIdProviderService
01-01 13:43:58.759 1512 1761 I SystemServerTimingAsync: InitThreadPoolExec:SecondaryZygotePreload
01-01 13:43:58.760 1512 1761 I SystemServer: SecondaryZygotePreload
01-01 13:43:58.760 1512 1761 I SystemServerTimingAsync: SecondaryZygotePreload
01-01 13:43:58.760 1512 1512 I SystemServerTiming: StartKeyChainSystemService
01-01 13:43:58.760 1512 1512 I SystemServiceManager: Starting com.android.server.security.KeyChainSystemService
01-01 13:43:58.760 1512 1512 I SystemServerTiming: StartSchedulingPolicyService
01-01 13:43:58.760 1512 1512 I SystemServerTiming: StartTelecomLoaderService
01-01 13:43:58.760 1512 1512 I SystemServiceManager: Starting com.android.server.telecom.TelecomLoaderService
01-01 13:43:58.760 1512 1512 I SystemServerTiming: StartTelephonyRegistry
01-01 13:43:58.760 1512 1762 I SystemServerTimingAsync: InitThreadPoolExec:SchedulingPolicyService.
01-01 13:43:58.761 1512 1512 I SystemServerTiming: StartEntropyMixer
01-01 13:43:58.761 1512 1512 W EntropyMixer: No existing entropy file -- first boot?
01-01 13:43:58.761 1512 1512 I EntropyMixer: Writing entropy...
01-01 13:43:58.764 1512 1512 I SystemServerTiming: StartAccountManagerService
01-01 13:43:58.764 1512 1512 I SystemServiceManager: Starting com.android.server.accounts.AccountManagerService$Lifecycle
01-01 13:43:58.766 1512 1512 I SystemServerTiming: StartContentService
01-01 13:43:58.766 1512 1512 I SystemServiceManager: Starting com.android.server.content.ContentService$Lifecycle
01-01 13:43:58.766 1512 1512 I SystemServerTiming: InstallSystemProviders
01-01 13:43:58.806 1512 1740 I PackageManager: Deferred reconcileAppsData finished 108 packages
01-01 13:43:58.823 1512 1512 W SettingsState: No settings state /data/system/users/0/settings_system.xml
01-01 13:43:58.825 1512 1512 I SettingsState: directory info for directory/file /data/system/users/0/settings_system.xml with stacktrace
01-01 13:43:58.825 1512 1512 I SettingsState: java.lang.Exception
