03-23 06:43:56.933 653 667 I mpu_uart: [MSG-P:R]:recv sync frame timeout
03-23 06:43:57.272 3134 5145 W adbd : timed out while waiting for FUNCTIONFS_BIND, trying again
03-23 06:43:57.272 3134 5145 I adbd : UsbFfs: connection terminated: monitor thread finished
03-23 06:43:57.273 3134 3134 I adbd : UsbFfs: already offline
03-23 06:43:57.273 3134 3134 I adbd : destroying transport UsbFfs
03-23 06:43:57.273 3134 3134 I adbd : UsbFfsConnection being destroyed
03-23 06:43:57.285 3134 3150 I adbd : opening control endpoint /dev/usb-ffs/adb/ep0
03-23 06:43:57.286 3134 3150 I adbd : UsbFfsConnection constructed
03-23 06:43:57.287 3134 5146 I adbd : UsbFfs-monitor thread spawned
01-01 13:46:42.147 0 0 I : read descriptors
01-01 13:46:42.147 0 0 I : read strings
03-23 06:43:57.716 3298 3298 W hpplay-java: [main]:IPManager:getActiveNets invalid networkInfo:null
03-23 06:43:57.717 3298 3298 I hpplay-java: [main]:IPManager:getActiveNets eth0:false wifi:false mobile:false ap:false
03-23 06:43:57.717 3298 3298 I hpplay-java: [main]:ServerTaskManager:get local ip:null
01-01 13:46:42.583 0 0 E DTC_Display: Abnormal voltage: 0mV
01-01 13:46:42.583 0 0 E DTC_Display: screen not ready
03-23 06:43:57.853 653 668 I mpu_uart: [MSG-P:RECV]:No message received in 1000 ms
03-23 06:43:58.288 3134 5146 W adbd : timed out while waiting for FUNCTIONFS_BIND, trying again
03-23 06:43:58.288 3134 5146 I adbd : UsbFfs: connection terminated: monitor thread finished
03-23 06:43:58.289 3134 3134 I adbd : UsbFfs: already offline
03-23 06:43:58.289 3134 3134 I adbd : destroying transport UsbFfs
03-23 06:43:58.289 3134 3134 I adbd : UsbFfsConnection being destroyed
03-23 06:43:58.301 3134 3150 I adbd : opening control endpoint /dev/usb-ffs/adb/ep0
03-23 06:43:58.302 3134 3150 I adbd : UsbFfsConnection constructed
03-23 06:43:58.303 3134 5147 I adbd : UsbFfs-monitor thread spawned
01-01 13:46:43.163 0 0 I : read descriptors
01-01 13:46:43.163 0 0 I : read strings
03-23 06:43:58.719 3298 3298 W hpplay-java: [main]:IPManager:getActiveNets invalid networkInfo:null
03-23 06:43:58.719 3298 3298 I hpplay-java: [main]:IPManager:getActiveNets eth0:false wifi:false mobile:false ap:false
03-23 06:43:58.719 3298 3298 I hpplay-java: [main]:ServerTaskManager:get local ip:null
03-23 06:43:58.853 653 668 I mpu_uart: [MSG-P:RECV]:No message received in 1000 ms
03-23 06:43:59.304 3134 5147 W adbd : timed out while waiting for FUNCTIONFS_BIND, trying again
03-23 06:43:59.305 3134 5147 I adbd : UsbFfs: connection terminated: monitor thread finished
03-23 06:43:59.305 3134 3134 I adbd : UsbFfs: already offline
03-23 06:43:59.305 3134 3134 I adbd : destroying transport UsbFfs
03-23 06:43:59.305 3134 3134 I adbd : UsbFfsConnection being destroyed
03-23 06:43:59.321 3134 3150 I adbd : opening control endpoint /dev/usb-ffs/adb/ep0
03-23 06:43:59.322 3134 3150 I adbd : UsbFfsConnection constructed
03-23 06:43:59.323 3134 5148 I adbd : UsbFfs-monitor thread spawned
01-01 13:46:44.183 0 0 I : read descriptors
01-01 13:46:44.183 0 0 I : read strings
03-23 06:43:59.720 3298 3298 W hpplay-java: [main]:IPManager:getActiveNets invalid networkInfo:null
03-23 06:43:59.721 3298 3298 I hpplay-java: [main]:IPManager:getActiveNets eth0:false wifi:false mobile:false ap:false
03-23 06:43:59.721 3298 3298 I hpplay-java: [main]:ServerTaskManager:get local ip:null
03-23 06:43:59.854 653 668 I mpu_uart: [MSG-P:RECV]:No message received in 1000 ms
03-23 06:43:59.936 653 667 I mpu_uart: [MSG-P:R]:recv sync frame timeout
03-23 06:44:00.006 2361 2361 D KeyguardUpdateMonitor: received broadcast android.intent.action.TIME_TICK
03-23 06:44:00.010 2361 2361 D KeyguardUpdateMonitor: handleTimeUpdate
01-01 13:46:44.982 0 0 E DTC_ETH,link_delay_work_func: 3003, SQI=0, link=0
03-23 06:44:00.325 3134 5148 W adbd : timed out while waiting for FUNCTIONFS_BIND, trying again
03-23 06:44:00.325 3134 5148 I adbd : UsbFfs: connection terminated: monitor thread finished
03-23 06:44:00.325 3134 3134 I adbd : UsbFfs: already offline
03-23 06:44:00.325 3134 3134 I adbd : destroying transport UsbFfs
03-23 06:44:00.325 3134 3134 I adbd : UsbFfsConnection being destroyed
03-23 06:44:00.337 3134 3150 I adbd : opening control endpoint /dev/usb-ffs/adb/ep0
03-23 06:44:00.339 3134 3150 I adbd : UsbFfsConnection constructed
03-23 06:44:00.340 3134 5149 I adbd : UsbFfs-monitor thread spawned
01-01 13:46:45.199 0 0 I : read descriptors
01-01 13:46:45.199 0 0 I : read strings
03-23 06:44:00.723 3298 3298 W hpplay-java: [main]:IPManager:getActiveNets invalid networkInfo:null
03-23 06:44:00.723 3298 3298 I hpplay-java: [main]:IPManager:getActiveNets eth0:false wifi:false mobile:false ap:false
03-23 06:44:00.724 3298 3298 I hpplay-java: [main]:ServerTaskManager:get local ip:null
03-23 06:44:00.854 653 668 I mpu_uart: [MSG-P:RECV]:No message received in 1000 ms
03-23 06:44:01.341 3134 5149 W adbd : timed out while waiting for FUNCTIONFS_BIND, trying again
03-23 06:44:01.341 3134 5149 I adbd : UsbFfs: connection terminated: monitor thread finished
03-23 06:44:01.341 3134 3134 I adbd : UsbFfs: already offline
03-23 06:44:01.342 3134 3134 I adbd : destroying transport UsbFfs
03-23 06:44:01.342 3134 3134 I adbd : UsbFfsConnection being destroyed
03-23 06:44:01.353 3134 3150 I adbd : opening control endpoint /dev/usb-ffs/adb/ep0
03-23 06:44:01.354 3134 3150 I adbd : UsbFfsConnection constructed
03-23 06:44:01.355 3134 5150 I adbd : UsbFfs-monitor thread spawned
01-01 13:46:46.215 0 0 I : read descriptors
01-01 13:46:46.215 0 0 I : read strings
03-23 06:44:01.673 2764 2764 D RemoteControlService: startVlanDispatchThread
03-23 06:44:01.726 3298 3298 W hpplay-java: [main]:IPManager:getActiveNets invalid networkInfo:null
03-23 06:44:01.726 3298 3298 I hpplay-java: [main]:IPManager:getActiveNets eth0:false wifi:false mobile:false ap:false
03-23 06:44:01.726 3298 3298 I hpplay-java: [main]:ServerTaskManager:get local ip:null
03-23 06:44:01.727 1264 1435 E tlogd : [TzLogger](isPathReadable) file /sys/kernel/debug/tzdbg/qsee_log isn't exist or no permission, err: No such file or directory
03-23 06:44:01.727 1264 1435 E tlogd : [TzLogger](saveTzlogAsync) /sys/kernel/debug/tzdbg/qsee_log can not read.
03-23 06:44:01.727 1264 1435 E tlogd : [TzLogger](isPathReadable) file /sys/kernel/debug/tzdbg/log isn't exist or no permission, err: No such file or directory
03-23 06:44:01.727 1264 1435 E tlogd : [TzLogger](saveTzlogAsync) /sys/kernel/debug/tzdbg/log can not read.
03-23 06:44:01.855 653 668 I mpu_uart: [MSG-P:RECV]:No message received in 1000 ms
03-23 06:44:02.356 3134 5150 W adbd : timed out while waiting for FUNCTIONFS_BIND, trying again
03-23 06:44:02.356 3134 5150 I adbd : UsbFfs: connection terminated: monitor thread finished
03-23 06:44:02.356 3134 3134 I adbd : UsbFfs: already offline
03-23 06:44:02.357 3134 3134 I adbd : destroying transport UsbFfs
03-23 06:44:02.357 3134 3134 I adbd : UsbFfsConnection being destroyed
03-23 06:44:02.369 3134 3150 I adbd : opening control endpoint /dev/usb-ffs/adb/ep0
03-23 06:44:02.370 3134 3150 I adbd : UsbFfsConnection constructed
03-23 06:44:02.371 3134 5151 I adbd : UsbFfs-monitor thread spawned
01-01 13:46:47.231 0 0 I : read descriptors
01-01 13:46:47.231 0 0 I : read strings
03-23 06:44:02.728 3298 3298 W hpplay-java: [main]:IPManager:getActiveNets invalid networkInfo:null
03-23 06:44:02.728 3298 3298 I hpplay-java: [main]:IPManager:getActiveNets eth0:false wifi:false mobile:false ap:false
03-23 06:44:02.728 3298 3298 I hpplay-java: [main]:ServerTaskManager:get local ip:null
03-23 06:44:02.855 653 668 I mpu_uart: [MSG-P:RECV]:No message received in 1000 ms
03-23 06:44:02.937 653 667 I mpu_uart: [MSG-P:R]:recv sync frame timeout
03-23 06:44:03.139 1512 1697 I PowerManagerService: Napping display group (groupId=0, uid=1000)...
03-23 06:44:03.139 1512 1697 I PowerManagerService: Nap time (uid 1000)...
03-23 06:44:03.141 1512 1697 I DreamManagerService: Entering dreamland.
03-23 06:44:03.144 1512 1697 I PowerManagerService: Dreaming...
03-23 06:44:03.155 1512 1655 I DreamController: Starting dream: name=ComponentInfo{com.thundercomm.screensaver/com.thundercomm.screensaver.service.SystemDream}, isTest=false, canDoze=false, userId=0
03-23 06:44:03.155 1512 1655 I sysui_multi_action: [757,222,758,1]
03-23 06:44:03.158 1512 1655 I am_uid_running: 10051
03-23 06:44:03.158 1512 1655 D CompatibilityChangeReporter: Compat change id reported: 135634846; UID 10051; state: DISABLED
03-23 06:44:03.159 1512 1655 D CompatibilityChangeReporter: Compat change id reported: 177438394; UID 10051; state: DISABLED
03-23 06:44:03.159 1512 1655 D CompatibilityChangeReporter: Compat change id reported: 135772972; UID 10051; state: DISABLED
03-23 06:44:03.159 1512 1655 D CompatibilityChangeReporter: Compat change id reported: 135754954; UID 10051; state: ENABLED
03-23 06:44:03.159 1512 1671 D CompatibilityChangeReporter: Compat change id reported: 143937733; UID 10051; state: ENABLED
03-23 06:44:03.166 2361 2361 V ShadeControllerImpl: NotificationShadeWindow: com.android.systemui.statusbar.phone.NotificationShadeWindowView{1f734f8 I.E...... ......ID 0,0-2560,1080} canPanelBeCollapsed(): false
03-23 06:44:03.169 674 674 D Zygote : Forked child process 5152
03-23 06:44:03.170 1512 1671 I am_proc_start: [0,5152,10051,com.thundercomm.screensaver,service,{com.thundercomm.screensaver/com.thundercomm.screensaver.service.SystemDream}]
03-23 06:44:03.171 1512 1671 I ActivityManager: Start proc 5152:com.thundercomm.screensaver/u0a51 for service {com.thundercomm.screensaver/com.thundercomm.screensaver.service.SystemDream}
03-23 06:44:03.172 1512 1667 I am_pss : [2959,1000,com.android.settings,369729536,352047104,0,519995392,0,2,20]
03-23 06:44:03.189 5152 5152 E omm.screensave: Not starting debugger since process cannot load the jdwp agent.
03-23 06:44:03.191 5152 5152 D ProcessState: Binder ioctl to enable oneway spam detection failed: Invalid argument
01-01 13:46:48.053 0 0 I binder : 5152:5152 ioctl 40046210 7ff2285824 returned -22
03-23 06:44:03.198 1512 2466 I am_proc_bound: [0,5152,com.thundercomm.screensaver]
03-23 06:44:03.199 1512 2466 D CompatibilityChangeReporter: Compat change id reported: 168419799; UID 10051; state: DISABLED
03-23 06:44:03.199 1512 2466 D CompatibilityInfo: mCompatibilityFlags - 4
03-23 06:44:03.199 1512 2466 D CompatibilityInfo: applicationDensity - 240
03-23 06:44:03.199 1512 2466 D CompatibilityInfo: applicationScale - 1.0
03-23 06:44:03.201 1512 2466 I am_uid_active: 10051
03-23 06:44:03.202 1512 2466 D CompatibilityInfo: mCompatibilityFlags - 4
03-23 06:44:03.202 1512 2466 D CompatibilityInfo: applicationDensity - 240
03-23 06:44:03.202 1512 2466 D CompatibilityInfo: applicationScale - 1.0
03-23 06:44:03.204 5152 5152 D CompatibilityChangeReporter: Compat change id reported: 171979766; UID 10051; state: ENABLED
03-23 06:44:03.212 5152 5152 I Perf : Connecting to perf service.
03-23 06:44:03.215 5152 5152 V GraphicsEnvironment: ANGLE Developer option for 'com.thundercomm.screensaver' set to: 'default'
03-23 06:44:03.215 5152 5152 V GraphicsEnvironment: ANGLE GameManagerService for com.thundercomm.screensaver: false
03-23 06:44:03.215 5152 5152 D NetworkSecurityConfig: Using Network Security Config from resource network_security_config debugBuild: false
03-23 06:44:03.216 5152 5152 D NetworkSecurityConfig: Using Network Security Config from resource network_security_config debugBuild: false
03-23 06:44:03.217 5152 5152 I ScreenSaver_12: [ScreenSaverApplication] onCreate
03-23 06:44:03.221 5152 5152 D ScreenSaver_12: [ScreensaverManager] connect:109 start connect screensaver service...
03-23 06:44:03.221 5152 5152 D ScreenSaver_12: [ScreensaverManager] bindService:114 start bindService
03-23 06:44:03.221 1512 2466 D CompatibilityInfo: mCompatibilityFlags - 4
03-23 06:44:03.222 1512 2466 D CompatibilityInfo: applicationDensity - 240
03-23 06:44:03.222 1512 2466 D CompatibilityInfo: applicationScale - 1.0
03-23 06:44:03.222 5152 5152 D ScreenSaver_12: [ScreensaverManager] bindService:121 bindService mIsBind: true
03-23 06:44:03.223 5152 5152 I ScreenSaver_12: [AlbumSettings] readSubscribedThemesLocked readSubscribedThemesLocked.size: 0
03-23 06:44:03.223 5152 5152 I ScreenSaver_12: [AlbumSettings] readMoreThemesLocked mMoreThemes.size: 0
03-23 06:44:03.226 5152 5152 I ScreenSaver_12: [ScreensaverService] started
03-23 06:44:03.227 5152 5152 D MicroServiceManager: add linkToDeath
03-23 06:44:03.227 5152 5152 D MicroServiceManager: bindMicroService: called already get service
03-23 06:44:03.227 5152 5152 D ScreenSaver_12: [ScreensaverMicroService] getInstance:38 getInstance
03-23 06:44:03.227 5152 5152 I ScreenSaver_12: [ScreensaverMicroService] ScreensaverMicroService
03-23 06:44:03.227 5152 5152 I ScreenSaver_12: [ScreensaverMicroService] initMicroService
03-23 06:44:03.227 5152 5152 I MicroServiceManager: addCommonCallbackListener add listener
03-23 06:44:03.227 5152 5152 I MicroServiceManager: addConnectChangedListener add listener
03-23 06:44:03.227 5152 5152 D ScreenSaver_12: [ScreensaverMicroService] onBindStatus:162 connect micro service ok!!!
03-23 06:44:03.228 5152 5152 I ScreenSaver_12: [ScreensaverService] onBind
03-23 06:44:03.228 5152 5152 D ScreenSaver_12: [ScreensaverService] getBinder:39 getBinder
03-23 06:44:03.228 5152 5152 D ScreenSaver_12: [ScreensaverService] getBinder:43 action: com.thundercomm.serviceserver.microservice.IBinderScreensaverService
03-23 06:44:03.228 2584 2610 I MicroService: registerCommonListener: 3
03-23 06:44:03.228 2584 2610 I MicroService: registerConnectListener: 3
03-23 06:44:03.228 2584 2610 I MicroService: onConnectStateChanged: -1
03-23 06:44:03.228 2584 2610 I MicroService: onConnectStateChanged count = 3
03-23 06:44:03.229 2593 2691 D SettingMicroservices: onNettyConnectState: -1mLastNettyState: -1
03-23 06:44:03.229 1512 2466 I ActivityTaskManager: START u0 {flg=0x10000000 pkg=com.thundercomm.screensaver cmp=com.thundercomm.screensaver/android.service.dreams.DreamActivity (has extras)} from uid 10051
03-23 06:44:03.229 1512 1658 I EventSequenceValidator: Transition from REPORT_FULLY_DRAWN to INTENT_STARTED
03-23 06:44:03.230 5152 5166 D ScreenSaver_12: [ScreensaverMicroService] onConnectStateChange:136 onConnectStateChange: -1, mLastNettyState: 0
03-23 06:44:03.230 5152 5166 D ScreenSaver_12: [ScreensaverMicroService] onConnectStateChange:145 disconnect
03-23 06:44:03.231 1512 2466 D CompatibilityChangeReporter: Compat change id reported: 184838306; UID 10051; state: DISABLED
03-23 06:44:03.231 1512 2466 D CompatibilityChangeReporter: Compat change id reported: 185004937; UID 10051; state: DISABLED
03-23 06:44:03.232 1512 2466 D CompatibilityChangeReporter: Compat change id reported: 181136395; UID 10051; state: DISABLED
03-23 06:44:03.232 1512 2466 D CompatibilityChangeReporter: Compat change id reported: 174042936; UID 10051; state: DISABLED
03-23 06:44:03.232 1512 2466 D CompatibilityChangeReporter: Compat change id reported: 174042980; UID 10051; state: DISABLED
03-23 06:44:03.233 1512 2466 I wm_task_created: [12,-1]
03-23 06:44:03.233 1512 2466 W ActivityTaskManager: Can't find TaskDisplayArea to determine support for multi window. Task id=12 attached=false
03-23 06:44:03.236 1512 2466 I wm_task_moved: [12,1,7]
03-23 06:44:03.236 1512 2466 I wm_task_to_front: [0,12]
03-23 06:44:03.236 1512 2466 I wm_create_task: [0,12]
03-23 06:44:03.236 1512 2466 I wm_create_activity: [0,156882793,12,com.thundercomm.screensaver/android.service.dreams.DreamActivity,NULL,NULL,NULL,276824064]
03-23 06:44:03.236 1512 2466 I wm_task_moved: [12,1,7]
03-23 06:44:03.236 2959 2959 I wm_on_top_resumed_lost_called: [64326038,com.android.settings.Settings,topStateChangedWhenResumed]
03-23 06:44:03.236 1512 2466 D CompatibilityInfo: mCompatibilityFlags - 4
03-23 06:44:03.236 1512 2466 D CompatibilityInfo: applicationDensity - 240
03-23 06:44:03.236 1512 2466 D CompatibilityInfo: applicationScale - 1.0
03-23 06:44:03.237 1512 2466 D ActivityTrigger: ActivityTrigger activityPauseTrigger
03-23 06:44:03.237 1512 2466 I wm_pause_activity: [0,64326038,com.android.settings/.Settings,userLeaving=true,pauseBackTasks]
03-23 06:44:03.238 5152 5152 D ScreenSaver_12: [ScreensaverManager] onServiceConnected:130 ScreensaverManager onServiceConnected
03-23 06:44:03.238 5152 5152 D ScreenSaver_12: [ScreensaverManager] onServiceConnected:135 onServiceConnected: iBinder is success!
03-23 06:44:03.239 5152 5152 D ScreenSaver_12: [ScreensaverServiceBinder] registerScreensaverCallback:167 registerScreensaverCallback:
03-23 06:44:03.239 5152 5152 I ScreenSaver_12: [ScreensaverManager] subscribe screensaverService and mode Callback ok!
03-23 06:44:03.239 5152 5152 D ScreenSaver_12: [ScreensaverManager] requestRemoteThemeMoreData:306 requestRemoteThemeMoreData
03-23 06:44:03.239 5152 5152 I MicroServiceManager: requestResult(requestOperationInfo) parameters isnull.
03-23 06:44:03.239 2584 2610 E MicroService: Client is not connected.
03-23 06:44:03.239 2584 2610 E MicroService: Client is not connected.
03-23 06:44:03.240 2959 2959 I sysui_multi_action: [757,340,758,2,1089,59798]
03-23 06:44:03.240 1512 1658 I EventSequenceValidator: Transition from INTENT_STARTED to ACTIVITY_LAUNCHED
03-23 06:44:03.240 2959 2959 I sysui_multi_action: [757,35,758,2,1089,59799]
03-23 06:44:03.240 2959 2959 I wm_on_paused_called: [64326038,com.android.settings.Settings,performPause]
03-23 06:44:03.241 1512 3353 I ActivityTaskManager: FOREGROUND_APPLICATION_CHANGED to android.service.dreams.DreamActivity
03-23 06:44:03.241 1512 3353 I ActivityTaskManager: The Process com.thundercomm.screensaver Already Exists in BG. So sending its PID: 5152
03-23 06:44:03.241 1512 3353 I wm_add_to_stopping: [0,64326038,com.android.settings/.Settings,makeInvisible]
03-23 06:44:03.242 1512 3353 I wm_restart_activity: [0,156882793,12,com.thundercomm.screensaver/android.service.dreams.DreamActivity]
03-23 06:44:03.242 1512 3353 D CompatibilityInfo: mCompatibilityFlags - 4
03-23 06:44:03.242 1512 3353 D CompatibilityInfo: applicationDensity - 240
03-23 06:44:03.242 1512 3353 D CompatibilityInfo: applicationScale - 1.0
03-23 06:44:03.242 1512 3353 I wm_set_resumed_activity: [0,com.thundercomm.screensaver/android.service.dreams.DreamActivity,minimalResumeActivityLocked]
03-23 06:44:03.245 1512 1658 I sysui_multi_action: [757,803,799,window_time_0,802,122]
03-23 06:44:03.247 2562 4246 I GameMode_ActivityMonitoringService: onActivityLaunch: com.thundercomm.screensaver, isGameApp: false
03-23 06:44:03.247 2562 4246 V GameMode_GpuUtils: fps:60
03-23 06:44:03.248 2562 4246 D GameModeIF_GameModeSettings: getUriFor setting_content_uri_root = content://com.thundercomm.gamemode.api/gamemode_settings , name = gamemode_enable
03-23 06:44:03.248 1512 2435 I am_uid_active: 10063
03-23 06:44:03.250 5152 5152 I wm_on_create_called: [156882793,android.service.dreams.DreamActivity,performCreate]
03-23 06:44:03.251 5152 5152 I wm_on_start_called: [156882793,android.service.dreams.DreamActivity,handleStartActivity]
03-23 06:44:03.251 5152 5152 I wm_on_resume_called: [156882793,android.service.dreams.DreamActivity,RESUME_ACTIVITY]
03-23 06:44:03.255 1512 2466 W WindowManager: Failed looking up window session=Session{5834c87 5152:u0a10051} callers=com.android.server.wm.WindowManagerService.windowForClientLocked:5628 com.android.server.wm.Session.insetsModified:629 android.view.IWindowSession$Stub.onTransact:1151
03-23 06:44:03.256 2361 5078 D KeyguardViewMediator: setOccluded true
03-23 06:44:03.256 5152 5152 I wm_on_top_resumed_gained_called: [156882793,android.service.dreams.DreamActivity,topStateChangedWhenResumed]
03-23 06:44:03.257 2361 2361 V KeyguardUpdateMonitor: startListeningForFingerprint()
03-23 06:44:03.257 2361 2361 D KeyguardViewMediator: adjustStatusBarLocked: mShowing=false mOccluded=true isSecure=false force=false --> flags=0x0
03-23 06:44:03.257 2866 2866 E MCUUtil : saveLastActivity activityName=android.service.dreams.DreamActivity packageName=com.thundercomm.screensaver
03-23 06:44:03.263 1512 1816 I input_focus: [Focus leaving a36989 com.android.settings/com.android.settings.Settings (server),reason=NO_WINDOW]
03-23 06:44:03.269 5152 5152 W Glide : Failed to find GeneratedAppGlideModule. You should include an annotationProcessor compile dependency on com.github.bumptech.glide:compiler in your application and a @GlideModule annotated AppGlideModule implementation or LibraryGlideModules will be silently ignored
03-23 06:44:03.279 1512 1659 I input_focus: [Focus request 6f76752 com.thundercomm.screensaver/android.service.dreams.DreamActivity,reason=UpdateInputWindows]
03-23 06:44:03.279 2361 2361 E KeyguardBouncer: onFullyShown when view was null
03-23 06:44:03.280 1512 2466 I am_wtf : [0,2361,com.android.systemui,818462221,KeyguardBouncer,onFullyShown when view was null]
03-23 06:44:03.280 988 3806 W ServiceManager: Permission failure: android.permission.ACCESS_SURFACE_FLINGER from uid=10051 pid=5152
03-23 06:44:03.280 988 3806 D PermissionCache: checking android.permission.ACCESS_SURFACE_FLINGER for uid=10051 => denied (203 us)
03-23 06:44:03.280 988 3806 W ServiceManager: Permission failure: android.permission.ROTATE_SURFACE_FLINGER from uid=10051 pid=5152
03-23 06:44:03.280 988 3806 D PermissionCache: checking android.permission.ROTATE_SURFACE_FLINGER for uid=10051 => denied (113 us)
03-23 06:44:03.282 5152 5176 I AdrenoGLES-0: QUALCOMM build : 47421dbee6, I139f36ad46
03-23 06:44:03.282 5152 5176 I AdrenoGLES-0: Build Date : 02/18/22
03-23 06:44:03.282 5152 5176 I AdrenoGLES-0: OpenGL ES Shader Compiler Version: EV031.32.02.17
03-23 06:44:03.282 5152 5176 I AdrenoGLES-0: Local Branch :
03-23 06:44:03.282 5152 5176 I AdrenoGLES-0: Remote Branch :
03-23 06:44:03.282 5152 5176 I AdrenoGLES-0: Remote Branch :
03-23 06:44:03.282 5152 5176 I AdrenoGLES-0: Reconstruct Branch :
03-23 06:44:03.282 5152 5176 I AdrenoGLES-0: Build Config : S P 10.0.7 AArch64
03-23 06:44:03.282 5152 5176 I AdrenoGLES-0: Driver Path : /vendor/lib64/egl/libGLESv2_adreno.so
03-23 06:44:03.283 509 509 I hwservicemanager: getTransport: Cannot find entry android.hardware.graphics.mapper@4.0::IMapper/default in either framework or device VINTF manifest.
03-23 06:44:03.283 2361 2361 D StatusBar: disable disable2
03-23 06:44:03.283 2361 2361 D KeyguardUpdateMonitor: onKeyguardVisibilityChanged(false)
03-23 06:44:03.284 2361 2361 V KeyguardUpdateMonitor: startListeningForFingerprint()
03-23 06:44:03.284 2361 2361 D KeyguardUpdateMonitor: sendKeyguardBouncerChanged(false)
03-23 06:44:03.284 2361 2361 I sysui_multi_action: [757,196,758,2,759,0]
03-23 06:44:03.284 2361 2361 I sysui_status_bar_state: [0,0,1,0,0,1]
03-23 06:44:03.285 5152 5176 I AdrenoGLES-0: PFP: 0x016dd093, ME: 0x00000000
03-23 06:44:03.285 988 3806 I BpBinder: onLastStrongRef automatically unlinking death recipients:
03-23 06:44:03.286 1512 5185 I DropBoxManagerService: add tag=system_app_wtf isTagEnabled=true flags=0x2
03-23 06:44:03.287 2361 2361 D KeyguardUpdateMonitor: handleKeyguardBouncerChanged(0)
03-23 06:44:03.288 2361 2361 V KeyguardUpdateMonitor: startListeningForFingerprint()
03-23 06:44:03.289 5152 5176 D libEGL : MSAA-->msaa:0 gamemode:0 4x_msaa:0
03-23 06:44:03.289 5152 5176 D libEGL : MSAA-->msaa:0 gamemode:0 4x_msaa:0
03-23 06:44:03.289 5152 5176 D libEGL : MSAA-->msaa:0 gamemode:0 4x_msaa:0
03-23 06:44:03.291 848 1103 I SDM : HWCDisplay::GetColorModeCount: Supported color mode count = 1
03-23 06:44:03.292 848 1103 I SDM : HWCDisplay::GetColorModes: Color mode = 0 is supported
03-23 06:44:03.292 988 3806 E HWComposer: getSupportedContentTypes: getSupportedContentTypes failed for display 4630946816427681409: Unsupported (8)
03-23 06:44:03.292 5152 5176 D hw-ProcessState: Binder ioctl to enable oneway spam detection failed: Invalid argument
01-01 13:46:48.153 0 0 I binder : 5152:5176 ioctl 40046210 701975a1f4 returned -22
03-23 06:44:03.292 509 509 I hwservicemanager: getTransport: Cannot find entry android.hardware.graphics.mapper@4.0::IMapper/default in either framework or device VINTF manifest.
03-23 06:44:03.292 5152 5188 I Gralloc4: mapper 4.x is not supported
03-23 06:44:03.293 509 509 I hwservicemanager: getTransport: Cannot find entry android.hardware.graphics.allocator@4.0::IAllocator/default in either framework or device VINTF manifest.
03-23 06:44:03.293 5152 5188 W Gralloc4: allocator 4.x is not supported
03-23 06:44:03.299 1512 2466 D ConnectivityService: requestNetwork for uid/pid:10051/5152 activeRequest: null callbackRequest: 42 [NetworkRequest [ REQUEST id=43, [ Capabilities: INTERNET&NOT_RESTRICTED&TRUSTED&NOT_VCN_MANAGED Uid: 10051 RequestorUid: 10051 RequestorPkg: com.thundercomm.screensaver] ]] callback flags: 0 priority: 2147483647
03-23 06:44:03.300 1512 2296 D ConnectivityService: NetReassign [no changes]
03-23 06:44:03.300 1512 2331 D Ethernet: got request NetworkRequest [ REQUEST id=43, [ Capabilities: INTERNET&NOT_RESTRICTED&TRUSTED&NOT_VCN_MANAGED Uid: 10051 RequestorUid: 10051 RequestorPkg: com.thundercomm.screensaver] ]
03-23 06:44:03.300 1512 2331 D EthernetNetworkFactory: acceptRequest, request: NetworkRequest [ REQUEST id=43, [ Capabilities: INTERNET&NOT_RESTRICTED&TRUSTED&NOT_VCN_MANAGED Uid: 10051 RequestorUid: 10051 RequestorPkg: com.thundercomm.screensaver] ]
03-23 06:44:03.300 1512 2331 I EthernetNetworkFactory: networkForRequest, request: NetworkRequest [ REQUEST id=43, [ Capabilities: INTERNET&NOT_RESTRICTED&TRUSTED&NOT_VCN_MANAGED Uid: 10051 RequestorUid: 10051 RequestorPkg: com.thundercomm.screensaver] ], network: null
03-23 06:44:03.300 1512 2289 D WifiNetworkFactory: got request NetworkRequest [ REQUEST id=43, [ Capabilities: INTERNET&NOT_RESTRICTED&TRUSTED&NOT_VCN_MANAGED Uid: 10051 RequestorUid: 10051 RequestorPkg: com.thundercomm.screensaver] ]
03-23 06:44:03.300 1512 2289 D UntrustedWifiNetworkFactory: got request NetworkRequest [ REQUEST id=43, [ Capabilities: INTERNET&NOT_RESTRICTED&TRUSTED&NOT_VCN_MANAGED Uid: 10051 RequestorUid: 10051 RequestorPkg: com.thundercomm.screensaver] ]
03-23 06:44:03.300 1512 2289 D OemPaidWifiNetworkFactory: got request NetworkRequest [ REQUEST id=43, [ Capabilities: INTERNET&NOT_RESTRICTED&TRUSTED&NOT_VCN_MANAGED Uid: 10051 RequestorUid: 10051 RequestorPkg: com.thundercomm.screensaver] ]
03-23 06:44:03.306 2361 2361 D StatusBar: disable disable2
03-23 06:44:03.307 1512 1655 I sysui_multi_action: [319,76,322,71,325,183,757,761,758,8,759,2,806,com.thundercomm.screensaver,871,android.service.dreams.DreamActivity,904,com.thundercomm.screensaver,905,0,1320,4,1321,2]
03-23 06:44:03.308 1512 1655 I wm_activity_launch_time: [0,156882793,com.thundercomm.screensaver/android.service.dreams.DreamActivity,71]
03-23 06:44:03.308 1512 1697 V DisplayPowerController[0]: Brightness [1.0] reason changing to: 'manual', previous reason: 'manual [ dim ]'.
03-23 06:44:03.308 1512 1697 I sysui_multi_action: [757,1696,758,6,759,3]
03-23 06:44:03.308 1512 1655 I ActivityTaskManager: Displayed com.thundercomm.screensaver/android.service.dreams.DreamActivity: +71ms
03-23 06:44:03.309 1512 1658 I EventSequenceValidator: Transition from ACTIVITY_LAUNCHED to ACTIVITY_FINISHED
03-23 06:44:03.310 509 509 I hwservicemanager: getTransport: Cannot find entry android.hardware.graphics.mapper@4.0::IMapper/default in either framework or device VINTF manifest.
03-23 06:44:03.310 2562 3582 I Gralloc4: mapper 4.x is not supported
03-23 06:44:03.313 1512 2339 E DisplayDeviceConfig: requesting nits when no mapping exists.
03-23 06:44:03.313 1512 2339 E DisplayDeviceConfig: requesting nits when no mapping exists.
03-23 06:44:03.313 1512 1670 I am_wtf : [0,1512,system_server,-1,DisplayDeviceConfig,requesting nits when no mapping exists.]
03-23 06:44:03.313 1512 1670 I DropBoxManagerService: add tag=system_server_wtf isTagEnabled=true flags=0x2
03-23 06:44:03.314 1512 1670 I am_wtf : [0,1512,system_server,-1,DisplayDeviceConfig,requesting nits when no mapping exists.]
03-23 06:44:03.314 1512 1670 I DropBoxManagerService: add tag=system_server_wtf isTagEnabled=true flags=0x2
03-23 06:44:03.314 1512 1816 I input_focus: [Focus entering 6f76752 com.thundercomm.screensaver/android.service.dreams.DreamActivity (server),reason=Window became focusable. Previous reason: NOT_VISIBLE]
03-23 06:44:03.330 1512 2339 E DisplayDeviceConfig: requesting nits when no mapping exists.
03-23 06:44:03.330 1512 2339 E DisplayDeviceConfig: requesting nits when no mapping exists.
03-23 06:44:03.330 1512 1670 I am_wtf : [0,1512,system_server,-1,DisplayDeviceConfig,requesting nits when no mapping exists.]
03-23 06:44:03.334 1512 1670 I am_wtf : [0,1512,system_server,-1,DisplayDeviceConfig,requesting nits when no mapping exists.]
03-23 06:44:03.343 1512 4101 W FreeFormWindowHelper: Current Display FreeFormTask is null
03-23 06:44:03.346 1512 2339 E DisplayDeviceConfig: requesting nits when no mapping exists.
03-23 06:44:03.346 1512 2339 E DisplayDeviceConfig: requesting nits when no mapping exists.
03-23 06:44:03.346 1512 1670 I am_wtf : [0,1512,system_server,-1,DisplayDeviceConfig,requesting nits when no mapping exists.]
03-23 06:44:03.347 1512 1670 I am_wtf : [0,1512,system_server,-1,DisplayDeviceConfig,requesting nits when no mapping exists.]
03-23 06:44:03.363 1512 2339 E DisplayDeviceConfig: requesting nits when no mapping exists.
03-23 06:44:03.363 1512 2339 E DisplayDeviceConfig: requesting nits when no mapping exists.
03-23 06:44:03.363 1512 1670 I am_wtf : [0,1512,system_server,-1,DisplayDeviceConfig,requesting nits when no mapping exists.]
03-23 06:44:03.364 1512 1670 I am_wtf : [0,1512,system_server,-1,DisplayDeviceConfig,requesting nits when no mapping exists.]
03-23 06:44:03.372 3134 5151 W adbd : timed out while waiting for FUNCTIONFS_BIND, trying again
03-23 06:44:03.372 3134 5151 I adbd : UsbFfs: connection terminated: monitor thread finished
03-23 06:44:03.372 3134 3134 I adbd : UsbFfs: already offline
03-23 06:44:03.372 3134 3134 I adbd : destroying transport UsbFfs
03-23 06:44:03.372 3134 3134 I adbd : UsbFfsConnection being destroyed
03-23 06:44:03.376 2361 2374 W System : A resource failed to call close.
03-23 06:44:03.380 1512 2339 E DisplayDeviceConfig: requesting nits when no mapping exists.
03-23 06:44:03.380 1512 2339 E DisplayDeviceConfig: requesting nits when no mapping exists.
03-23 06:44:03.381 1512 1670 I am_wtf : [0,1512,system_server,-1,DisplayDeviceConfig,requesting nits when no mapping exists.]
03-23 06:44:03.382 1512 1670 I am_wtf : [0,1512,system_server,-1,DisplayDeviceConfig,requesting nits when no mapping exists.]
03-23 06:44:03.393 3134 3150 I adbd : opening control endpoint /dev/usb-ffs/adb/ep0
03-23 06:44:03.393 3134 3150 I adbd : UsbFfsConnection constructed
03-23 06:44:03.393 3134 5201 I adbd : UsbFfs-monitor thread spawned
03-23 06:44:03.396 1512 2339 E DisplayDeviceConfig: requesting nits when no mapping exists.
03-23 06:44:03.396 1512 2339 E DisplayDeviceConfig: requesting nits when no mapping exists.
03-23 06:44:03.396 1512 1670 I am_wtf : [0,1512,system_server,-1,DisplayDeviceConfig,requesting nits when no mapping exists.]
03-23 06:44:03.396 1512 1670 I service_manager_stats: [100,72,119415]
03-23 06:44:03.396 1512 1670 I am_wtf : [0,1512,system_server,-1,DisplayDeviceConfig,requesting nits when no mapping exists.]
01-01 13:46:48.254 0 0 I : read descriptors
01-01 13:46:48.254 0 0 I : read strings
03-23 06:44:03.413 1512 2339 E DisplayDeviceConfig: requesting nits when no mapping exists.
03-23 06:44:03.413 1512 2339 E DisplayDeviceConfig: requesting nits when no mapping exists.
03-23 06:44:03.413 1512 1670 I am_wtf : [0,1512,system_server,-1,DisplayDeviceConfig,requesting nits when no mapping exists.]
03-23 06:44:03.413 1512 1670 I am_wtf : [0,1512,system_server,-1,DisplayDeviceConfig,requesting nits when no mapping exists.]
03-23 06:44:03.429 1512 2339 E DisplayDeviceConfig: requesting nits when no mapping exists.
03-23 06:44:03.429 1512 2339 E DisplayDeviceConfig: requesting nits when no mapping exists.
03-23 06:44:03.429 1512 1670 I am_wtf : [0,1512,system_server,-1,DisplayDeviceConfig,requesting nits when no mapping exists.]
03-23 06:44:03.430 1512 1670 I am_wtf : [0,1512,system_server,-1,DisplayDeviceConfig,requesting nits when no mapping exists.]
03-23 06:44:03.446 1512 2339 E DisplayDeviceConfig: requesting nits when no mapping exists.
03-23 06:44:03.446 1512 2339 E DisplayDeviceConfig: requesting nits when no mapping exists.
03-23 06:44:03.446 1512 1670 I am_wtf : [0,1512,system_server,-1,DisplayDeviceConfig,requesting nits when no mapping exists.]
03-23 06:44:03.446 1512 1670 I am_wtf : [0,1512,system_server,-1,DisplayDeviceConfig,requesting nits when no mapping exists.]
03-23 06:44:03.463 1512 2339 E DisplayDeviceConfig: requesting nits when no mapping exists.
03-23 06:44:03.463 1512 2339 E DisplayDeviceConfig: requesting nits when no mapping exists.
03-23 06:44:03.463 1512 1670 I am_wtf : [0,1512,system_server,-1,DisplayDeviceConfig,requesting nits when no mapping exists.]
03-23 06:44:03.463 1512 1670 I am_wtf : [0,1512,system_server,-1,DisplayDeviceConfig,requesting nits when no mapping exists.]
03-23 06:44:03.479 1512 2339 E DisplayDeviceConfig: requesting nits when no mapping exists.
03-23 06:44:03.480 1512 2339 E DisplayDeviceConfig: requesting nits when no mapping exists.
03-23 06:44:03.480 1512 1670 I am_wtf : [0,1512,system_server,-1,DisplayDeviceConfig,requesting nits when no mapping exists.]
03-23 06:44:03.480 1512 1670 I am_wtf : [0,1512,system_server,-1,DisplayDeviceConfig,requesting nits when no mapping exists.]
03-23 06:44:03.496 1512 2339 E DisplayDeviceConfig: requesting nits when no mapping exists.
03-23 06:44:03.496 1512 2339 E DisplayDeviceConfig: requesting nits when no mapping exists.
03-23 06:44:03.496 1512 1670 I am_wtf : [0,1512,system_server,-1,DisplayDeviceConfig,requesting nits when no mapping exists.]
03-23 06:44:03.496 1512 1670 I am_wtf : [0,1512,system_server,-1,DisplayDeviceConfig,requesting nits when no mapping exists.]
03-23 06:44:03.513 1512 2339 E DisplayDeviceConfig: requesting nits when no mapping exists.
03-23 06:44:03.513 1512 2339 E DisplayDeviceConfig: requesting nits when no mapping exists.
03-23 06:44:03.513 1512 1670 I am_wtf : [0,1512,system_server,-1,DisplayDeviceConfig,requesting nits when no mapping exists.]
03-23 06:44:03.513 1512 1670 I am_wtf : [0,1512,system_server,-1,DisplayDeviceConfig,requesting nits when no mapping exists.]
03-23 06:44:03.529 1512 2339 E DisplayDeviceConfig: requesting nits when no mapping exists.
03-23 06:44:03.529 1512 2339 E DisplayDeviceConfig: requesting nits when no mapping exists.
03-23 06:44:03.529 1512 1670 I am_wtf : [0,1512,system_server,-1,DisplayDeviceConfig,requesting nits when no mapping exists.]
03-23 06:44:03.530 1512 1670 I am_wtf : [0,1512,system_server,-1,DisplayDeviceConfig,requesting nits when no mapping exists.]
03-23 06:44:03.546 1512 2339 E DisplayDeviceConfig: requesting nits when no mapping exists.
03-23 06:44:03.546 1512 2339 E DisplayDeviceConfig: requesting nits when no mapping exists.
03-23 06:44:03.546 1512 1670 I am_wtf : [0,1512,system_server,-1,DisplayDeviceConfig,requesting nits when no mapping exists.]
03-23 06:44:03.546 1512 1670 I am_wtf : [0,1512,system_server,-1,DisplayDeviceConfig,requesting nits when no mapping exists.]
03-23 06:44:03.563 1512 2339 E DisplayDeviceConfig: requesting nits when no mapping exists.
03-23 06:44:03.563 1512 2339 E DisplayDeviceConfig: requesting nits when no mapping exists.
03-23 06:44:03.563 1512 1670 I am_wtf : [0,1512,system_server,-1,DisplayDeviceConfig,requesting nits when no mapping exists.]
03-23 06:44:03.563 1512 1670 I am_wtf : [0,1512,system_server,-1,DisplayDeviceConfig,requesting nits when no mapping exists.]
03-23 06:44:03.580 1512 2339 E DisplayDeviceConfig: requesting nits when no mapping exists.
03-23 06:44:03.580 1512 2339 E DisplayDeviceConfig: requesting nits when no mapping exists.
03-23 06:44:03.580 1512 1670 I am_wtf : [0,1512,system_server,-1,DisplayDeviceConfig,requesting nits when no mapping exists.]
03-23 06:44:03.580 1512 1670 I am_wtf : [0,1512,system_server,-1,DisplayDeviceConfig,requesting nits when no mapping exists.]
03-23 06:44:03.596 1512 2339 E DisplayDeviceConfig: requesting nits when no mapping exists.
03-23 06:44:03.596 1512 2339 E DisplayDeviceConfig: requesting nits when no mapping exists.
03-23 06:44:03.596 1512 1670 I am_wtf : [0,1512,system_server,-1,DisplayDeviceConfig,requesting nits when no mapping exists.]
03-23 06:44:03.597 1512 1670 I am_wtf : [0,1512,system_server,-1,DisplayDeviceConfig,requesting nits when no mapping exists.]
03-23 06:44:03.613 1512 2339 E DisplayDeviceConfig: requesting nits when no mapping exists.
03-23 06:44:03.613 1512 2339 E DisplayDeviceConfig: requesting nits when no mapping exists.
03-23 06:44:03.613 1512 1670 I am_wtf : [0,1512,system_server,-1,DisplayDeviceConfig,requesting nits when no mapping exists.]
03-23 06:44:03.613 1512 1670 I am_wtf : [0,1512,system_server,-1,DisplayDeviceConfig,requesting nits when no mapping exists.]
03-23 06:44:03.630 1512 2339 E DisplayDeviceConfig: requesting nits when no mapping exists.
03-23 06:44:03.630 1512 1670 I am_wtf : [0,1512,system_server,-1,DisplayDeviceConfig,requesting nits when no mapping exists.]
03-23 06:44:03.630 1512 2339 E DisplayDeviceConfig: requesting nits when no mapping exists.
03-23 06:44:03.630 1512 1670 I am_wtf : [0,1512,system_server,-1,DisplayDeviceConfig,requesting nits when no mapping exists.]
03-23 06:44:03.646 1512 2339 E DisplayDeviceConfig: requesting nits when no mapping exists.
03-23 06:44:03.646 1512 1670 I am_wtf : [0,1512,system_server,-1,DisplayDeviceConfig,requesting nits when no mapping exists.]
03-23 06:44:03.646 1512 2339 E DisplayDeviceConfig: requesting nits when no mapping exists.
03-23 06:44:03.647 1512 1670 I am_wtf : [0,1512,system_server,-1,DisplayDeviceConfig,requesting nits when no mapping exists.]
03-23 06:44:03.663 1512 2339 E DisplayDeviceConfig: requesting nits when no mapping exists.
03-23 06:44:03.663 1512 1670 I am_wtf : [0,1512,system_server,-1,DisplayDeviceConfig,requesting nits when no mapping exists.]
03-23 06:44:03.663 1512 2339 E DisplayDeviceConfig: requesting nits when no mapping exists.
03-23 06:44:03.663 1512 1670 I am_wtf : [0,1512,system_server,-1,DisplayDeviceConfig,requesting nits when no mapping exists.]
03-23 06:44:03.680 1512 2339 E DisplayDeviceConfig: requesting nits when no mapping exists.
03-23 06:44:03.680 1512 1670 I am_wtf : [0,1512,system_server,-1,DisplayDeviceConfig,requesting nits when no mapping exists.]
03-23 06:44:03.680 1512 2339 E DisplayDeviceConfig: requesting nits when no mapping exists.
03-23 06:44:03.680 1512 1670 I am_wtf : [0,1512,system_server,-1,DisplayDeviceConfig,requesting nits when no mapping exists.]
03-23 06:44:03.696 1512 2339 E DisplayDeviceConfig: requesting nits when no mapping exists.
03-23 06:44:03.696 1512 2339 E DisplayDeviceConfig: requesting nits when no mapping exists.
03-23 06:44:03.696 1512 1670 I am_wtf : [0,1512,system_server,-1,DisplayDeviceConfig,requesting nits when no mapping exists.]
03-23 06:44:03.697 1512 1670 I am_wtf : [0,1512,system_server,-1,DisplayDeviceConfig,requesting nits when no mapping exists.]
03-23 06:44:03.713 1512 2339 E DisplayDeviceConfig: requesting nits when no mapping exists.
03-23 06:44:03.713 1512 2339 E DisplayDeviceConfig: requesting nits when no mapping exists.
03-23 06:44:03.713 1512 1670 I am_wtf : [0,1512,system_server,-1,DisplayDeviceConfig,requesting nits when no mapping exists.]
03-23 06:44:03.713 1512 1670 I am_wtf : [0,1512,system_server,-1,DisplayDeviceConfig,requesting nits when no mapping exists.]
03-23 06:44:03.729 3298 3298 W hpplay-java: [main]:IPManager:getActiveNets invalid networkInfo:null
03-23 06:44:03.729 3298 3298 I hpplay-java: [main]:IPManager:getActiveNets eth0:false wifi:false mobile:false ap:false
03-23 06:44:03.729 3298 3298 I hpplay-java: [main]:ServerTaskManager:get local ip:null
03-23 06:44:03.730 1512 2339 E DisplayDeviceConfig: requesting nits when no mapping exists.
03-23 06:44:03.730 1512 2339 E DisplayDeviceConfig: requesting nits when no mapping exists.
03-23 06:44:03.730 1512 1670 I am_wtf : [0,1512,system_server,-1,DisplayDeviceConfig,requesting nits when no mapping exists.]
03-23 06:44:03.730 1512 1670 I am_wtf : [0,1512,system_server,-1,DisplayDeviceConfig,requesting nits when no mapping exists.]
03-23 06:44:03.747 1512 2339 E DisplayDeviceConfig: requesting nits when no mapping exists.
03-23 06:44:03.747 1512 2339 E DisplayDeviceConfig: requesting nits when no mapping exists.
03-23 06:44:03.747 1512 1670 I am_wtf : [0,1512,system_server,-1,DisplayDeviceConfig,requesting nits when no mapping exists.]
03-23 06:44:03.747 1512 1670 I am_wtf : [0,1512,system_server,-1,DisplayDeviceConfig,requesting nits when no mapping exists.]
03-23 06:44:03.763 1512 2339 E DisplayDeviceConfig: requesting nits when no mapping exists.
03-23 06:44:03.763 1512 2339 E DisplayDeviceConfig: requesting nits when no mapping exists.
03-23 06:44:03.763 1512 1670 I am_wtf : [0,1512,system_server,-1,DisplayDeviceConfig,requesting nits when no mapping exists.]
03-23 06:44:03.763 1512 1670 I am_wtf : [0,1512,system_server,-1,DisplayDeviceConfig,requesting nits when no mapping exists.]
03-23 06:44:03.780 1512 2339 E DisplayDeviceConfig: requesting nits when no mapping exists.
03-23 06:44:03.780 1512 2339 E DisplayDeviceConfig: requesting nits when no mapping exists.
03-23 06:44:03.780 1512 1670 I am_wtf : [0,1512,system_server,-1,DisplayDeviceConfig,requesting nits when no mapping exists.]
03-23 06:44:03.780 1512 1670 I am_wtf : [0,1512,system_server,-1,DisplayDeviceConfig,requesting nits when no mapping exists.]
03-23 06:44:03.797 1512 2339 E DisplayDeviceConfig: requesting nits when no mapping exists.
03-23 06:44:03.797 1512 1670 I am_wtf : [0,1512,system_server,-1,DisplayDeviceConfig,requesting nits when no mapping exists.]
03-23 06:44:03.797 1512 2339 E DisplayDeviceConfig: requesting nits when no mapping exists.
03-23 06:44:03.797 1512 1670 I am_wtf : [0,1512,system_server,-1,DisplayDeviceConfig,requesting nits when no mapping exists.]
03-23 06:44:03.814 1512 2339 E DisplayDeviceConfig: requesting nits when no mapping exists.
03-23 06:44:03.814 1512 2339 E DisplayDeviceConfig: requesting nits when no mapping exists.
03-23 06:44:03.814 1512 1670 I am_wtf : [0,1512,system_server,-1,DisplayDeviceConfig,requesting nits when no mapping exists.]
03-23 06:44:03.814 1512 1670 I am_wtf : [0,1512,system_server,-1,DisplayDeviceConfig,requesting nits when no mapping exists.]
03-23 06:44:03.815 1512 1658 I wm_stop_activity: [0,64326038,com.android.settings/.Settings]
03-23 06:44:03.830 1512 2339 E DisplayDeviceConfig: requesting nits when no mapping exists.
03-23 06:44:03.830 1512 2339 E DisplayDeviceConfig: requesting nits when no mapping exists.
03-23 06:44:03.830 1512 1670 I am_wtf : [0,1512,system_server,-1,DisplayDeviceConfig,requesting nits when no mapping exists.]
03-23 06:44:03.831 1512 1670 I am_wtf : [0,1512,system_server,-1,DisplayDeviceConfig,requesting nits when no mapping exists.]
03-23 06:44:03.843 2959 2959 I wm_on_stop_called: [64326038,com.android.settings.Settings,STOP_ACTIVITY_ITEM]
03-23 06:44:03.847 1512 2339 E DisplayDeviceConfig: requesting nits when no mapping exists.
03-23 06:44:03.847 1512 2339 E DisplayDeviceConfig: requesting nits when no mapping exists.
03-23 06:44:03.847 1512 1670 I am_wtf : [0,1512,system_server,-1,DisplayDeviceConfig,requesting nits when no mapping exists.]
03-23 06:44:03.848 1512 1670 I am_wtf : [0,1512,system_server,-1,DisplayDeviceConfig,requesting nits when no mapping exists.]
03-23 06:44:03.850 1512 5202 I AdrenoGLES-0: QUALCOMM build : 47421dbee6, I139f36ad46
03-23 06:44:03.850 1512 5202 I AdrenoGLES-0: Build Date : 02/18/22
03-23 06:44:03.850 1512 5202 I AdrenoGLES-0: OpenGL ES Shader Compiler Version: EV031.32.02.17
03-23 06:44:03.850 1512 5202 I AdrenoGLES-0: Local Branch :
03-23 06:44:03.850 1512 5202 I AdrenoGLES-0: Remote Branch :
03-23 06:44:03.850 1512 5202 I AdrenoGLES-0: Remote Branch :
03-23 06:44:03.850 1512 5202 I AdrenoGLES-0: Reconstruct Branch :
03-23 06:44:03.850 1512 5202 I AdrenoGLES-0: Build Config : S P 10.0.7 AArch64
03-23 06:44:03.850 1512 5202 I AdrenoGLES-0: Driver Path : /vendor/lib64/egl/libGLESv2_adreno.so
03-23 06:44:03.852 509 509 I hwservicemanager: getTransport: Cannot find entry android.hardware.graphics.mapper@4.0::IMapper/default in either framework or device VINTF manifest.
03-23 06:44:03.853 1512 5202 I AdrenoGLES-0: PFP: 0x016dd093, ME: 0x00000000
03-23 06:44:03.855 653 668 I mpu_uart: [MSG-P:RECV]:No message received in 1000 ms
03-23 06:44:03.856 1512 5202 D libEGL : MSAA-->msaa:0 gamemode:0 4x_msaa:0
03-23 06:44:03.856 1512 5202 D libEGL : MSAA-->msaa:0 gamemode:0 4x_msaa:0
03-23 06:44:03.856 1512 5202 D libEGL : MSAA-->msaa:0 gamemode:0 4x_msaa:0
03-23 06:44:03.864 1512 2339 E DisplayDeviceConfig: requesting nits when no mapping exists.
03-23 06:44:03.864 1512 2339 E DisplayDeviceConfig: requesting nits when no mapping exists.
03-23 06:44:03.864 1512 1670 I am_wtf : [0,1512,system_server,-1,DisplayDeviceConfig,requesting nits when no mapping exists.]
03-23 06:44:03.864 1512 1670 I am_wtf : [0,1512,system_server,-1,DisplayDeviceConfig,requesting nits when no mapping exists.]
03-23 06:44:03.880 1512 2339 E DisplayDeviceConfig: requesting nits when no mapping exists.
03-23 06:44:03.880 1512 2339 E DisplayDeviceConfig: requesting nits when no mapping exists.
03-23 06:44:03.881 1512 1670 I am_wtf : [0,1512,system_server,-1,DisplayDeviceConfig,requesting nits when no mapping exists.]
03-23 06:44:03.881 1512 1670 I am_wtf : [0,1512,system_server,-1,DisplayDeviceConfig,requesting nits when no mapping exists.]
03-23 06:44:03.897 1512 2339 E DisplayDeviceConfig: requesting nits when no mapping exists.
03-23 06:44:03.897 1512 2339 E DisplayDeviceConfig: requesting nits when no mapping exists.
03-23 06:44:03.897 1512 1670 I am_wtf : [0,1512,system_server,-1,DisplayDeviceConfig,requesting nits when no mapping exists.]
03-23 06:44:03.898 1512 1670 I am_wtf : [0,1512,system_server,-1,DisplayDeviceConfig,requesting nits when no mapping exists.]
03-23 06:44:03.914 1512 2339 E DisplayDeviceConfig: requesting nits when no mapping exists.
03-23 06:44:03.914 1512 2339 E DisplayDeviceConfig: requesting nits when no mapping exists.
03-23 06:44:03.914 1512 1670 I am_wtf : [0,1512,system_server,-1,DisplayDeviceConfig,requesting nits when no mapping exists.]
03-23 06:44:03.914 1512 1670 I am_wtf : [0,1512,system_server,-1,DisplayDeviceConfig,requesting nits when no mapping exists.]
03-23 06:44:03.928 1512 1539 W System : A resource failed to call release.
03-23 06:44:03.930 1512 2339 E DisplayDeviceConfig: requesting nits when no mapping exists.
03-23 06:44:03.931 1512 2339 E DisplayDeviceConfig: requesting nits when no mapping exists.
03-23 06:44:03.931 1512 1670 I am_wtf : [0,1512,system_server,-1,DisplayDeviceConfig,requesting nits when no mapping exists.]
03-23 06:44:03.931 1512 1670 I am_wtf : [0,1512,system_server,-1,DisplayDeviceConfig,requesting nits when no mapping exists.]
03-23 06:44:03.949 1512 2339 E DisplayDeviceConfig: requesting nits when no mapping exists.
03-23 06:44:03.949 1512 2339 E DisplayDeviceConfig: requesting nits when no mapping exists.
03-23 06:44:03.949 1512 1670 I am_wtf : [0,1512,system_server,-1,DisplayDeviceConfig,requesting nits when no mapping exists.]
03-23 06:44:03.950 1512 1670 I am_wtf : [0,1512,system_server,-1,DisplayDeviceConfig,requesting nits when no mapping exists.]
03-23 06:44:03.964 1512 2339 E DisplayDeviceConfig: requesting nits when no mapping exists.
03-23 06:44:03.964 1512 1670 I am_wtf : [0,1512,system_server,-1,DisplayDeviceConfig,requesting nits when no mapping exists.]
03-23 06:44:03.964 1512 2339 E DisplayDeviceConfig: requesting nits when no mapping exists.
03-23 06:44:03.964 1512 1670 I am_wtf : [0,1512,system_server,-1,DisplayDeviceConfig,requesting nits when no mapping exists.]
03-23 06:44:03.980 1512 2339 E DisplayDeviceConfig: requesting nits when no mapping exists.
03-23 06:44:03.980 1512 1670 I am_wtf : [0,1512,system_server,-1,DisplayDeviceConfig,requesting nits when no mapping exists.]
03-23 06:44:03.980 1512 2339 E DisplayDeviceConfig: requesting nits when no mapping exists.
03-23 06:44:03.981 1512 1670 I am_wtf : [0,1512,system_server,-1,DisplayDeviceConfig,requesting nits when no mapping exists.]
03-23 06:44:03.997 1512 2339 E DisplayDeviceConfig: requesting nits when no mapping exists.
03-23 06:44:03.997 1512 2339 E DisplayDeviceConfig: requesting nits when no mapping exists.
03-23 06:44:03.997 1512 1670 I am_wtf : [0,1512,system_server,-1,DisplayDeviceConfig,requesting nits when no mapping exists.]
03-23 06:44:03.997 1512 1670 I am_wtf : [0,1512,system_server,-1,DisplayDeviceConfig,requesting nits when no mapping exists.]
03-23 06:44:04.014 1512 2339 E DisplayDeviceConfig: requesting nits when no mapping exists.
03-23 06:44:04.014 1512 2339 E DisplayDeviceConfig: requesting nits when no mapping exists.
03-23 06:44:04.014 1512 1670 I am_wtf : [0,1512,system_server,-1,DisplayDeviceConfig,requesting nits when no mapping exists.]
03-23 06:44:04.014 1512 1670 I am_wtf : [0,1512,system_server,-1,DisplayDeviceConfig,requesting nits when no mapping exists.]
03-23 06:44:04.030 1512 2339 E DisplayDeviceConfig: requesting nits when no mapping exists.
03-23 06:44:04.031 1512 2339 E DisplayDeviceConfig: requesting nits when no mapping exists.
03-23 06:44:04.031 1512 1670 I am_wtf : [0,1512,system_server,-1,DisplayDeviceConfig,requesting nits when no mapping exists.]
03-23 06:44:04.031 1512 1670 I am_wtf : [0,1512,system_server,-1,DisplayDeviceConfig,requesting nits when no mapping exists.]
03-23 06:44:04.047 1512 2339 E DisplayDeviceConfig: requesting nits when no mapping exists.
03-23 06:44:04.047 1512 1670 I am_wtf : [0,1512,system_server,-1,DisplayDeviceConfig,requesting nits when no mapping exists.]
