03-23 06:42:59.691 2866 2866 W View : requestLayout() improperly called by com.android.launcher3.views.NoInsetView{2201263 V.ED..... ......ID 2218,0-2560,1080 #7f09007c app:id/bg_hotseat} during layout: running second layout pass
03-23 06:42:59.692 2866 2934 D LoaderTask: step 1 complete
03-23 06:42:59.692 1512 1990 I wm_stop_activity: [0,88042559,com.android.launcher3/.uioverrides.QuickstepLauncher]
03-23 06:42:59.696 2866 2866 D StateManager: goToState: Normal
03-23 06:42:59.696 2866 2866 I wm_on_stop_called: [88042559,com.android.launcher3.uioverrides.QuickstepLauncher,STOP_ACTIVITY_ITEM]
03-23 06:42:59.703 2866 2934 D LoaderTask: loadAllApps
03-23 06:42:59.704 1512 1990 W InputManager-JNI: Input channel object '7b6bf94 EdgeBackGestureHandler0 (client)' was disposed without first being removed with the input manager!
03-23 06:42:59.706 2866 2934 D LoaderTask: apps.size 8
03-23 06:42:59.706 1512 1990 W InputManager-JNI: Input channel object 'a3ed9ef SecondaryHomeHandle0 (client)' was disposed without first being removed with the input manager!
03-23 06:42:59.707 2866 2934 D LoaderTask: app pkg com.android.gallery3d
03-23 06:42:59.707 2866 2934 D LoaderTask: app pkg com.android.music
03-23 06:42:59.708 2866 2934 D LoaderTask: app pkg com.android.music
03-23 06:42:59.709 2866 2934 D LoaderTask: app pkg com.android.settings
03-23 06:42:59.709 2866 2934 D LoaderTask: app pkg com.microsoft.emmx
03-23 06:42:59.710 2866 2934 D LoaderTask: app pkg com.android.documentsui
03-23 06:42:59.710 2866 2934 D LoaderTask: app pkg com.hht.lebocast
03-23 06:42:59.712 2866 2934 D LoaderTask: app pkg com.sohu.inputmethod.sogou.car
03-23 06:42:59.712 2866 2934 D LoaderTask: installQueue.size 8
03-23 06:42:59.713 2866 2934 D BaseModelUpdateTask: BaseModelUpdateTask constructor
03-23 06:42:59.713 2866 2934 D BaseModelUpdateTask: java.lang.Exception
03-23 06:42:59.713 2866 2934 D BaseModelUpdateTask: at com.android.launcher3.model.BaseModelUpdateTask.(BaseModelUpdateTask.java:57)
03-23 06:42:59.713 2866 2934 D BaseModelUpdateTask: at com.android.launcher3.model.AddWorkspaceItemsTask.(AddWorkspaceItemsTask.java:58)
03-23 06:42:59.713 2866 2934 D BaseModelUpdateTask: at com.android.launcher3.LauncherModel.addAndBindAddedWorkspaceItems(LauncherModel.java:145)
03-23 06:42:59.713 2866 2934 D BaseModelUpdateTask: at com.android.launcher3.model.LoaderTask.verifyApplications(LoaderTask.java:1061)
03-23 06:42:59.713 2866 2934 D BaseModelUpdateTask: at com.android.launcher3.model.LoaderTask.run(LoaderTask.java:229)
03-23 06:42:59.713 2866 2934 D BaseModelUpdateTask: at android.os.Handler.handleCallback(Handler.java:938)
03-23 06:42:59.713 2866 2934 D BaseModelUpdateTask: at android.os.Handler.dispatchMessage(Handler.java:99)
03-23 06:42:59.713 2866 2934 D BaseModelUpdateTask: at android.os.Looper.loopOnce(Looper.java:201)
03-23 06:42:59.713 2866 2934 D BaseModelUpdateTask: at android.os.Looper.loop(Looper.java:288)
03-23 06:42:59.713 2866 2934 D BaseModelUpdateTask: at android.os.HandlerThread.run(HandlerThread.java:67)
03-23 06:42:59.714 2866 2934 D LoaderTask: bindAllApps
03-23 06:42:59.717 1512 1659 I input_focus: [Focus request ef8213d com.android.settings/com.android.settings.Settings,reason=UpdateInputWindows]
03-23 06:42:59.721 2866 2934 D LoaderTask: update icon cache
03-23 06:42:59.721 2866 2934 D LoaderTask: save shortcuts in icon cache
03-23 06:42:59.721 2866 2934 D LoaderTask: step 2 complete
03-23 06:42:59.721 1512 1990 I InputDispatcher: Created monitor edge-swipe for display 0, gesture=true, pid=2361
03-23 06:42:59.722 2866 2934 D LoaderTask: loadDeepShortcuts
03-23 06:42:59.722 2866 2934 D LoaderTask: bindDeepShortcuts
03-23 06:42:59.722 2866 2934 D LoaderTask: save deep shortcuts in icon cache
03-23 06:42:59.722 2866 2934 D LoaderTask: step 3 complete
03-23 06:42:59.727 2866 2934 D BaseIconFactory: normalizeAndWrapToAdaptiveIcon: scale=0.8096529
03-23 06:42:59.729 2361 2361 D NavigationModeController: getCurrentUserContext: contextUser=0 currentUser=0
03-23 06:42:59.733 2866 2934 D BaseIconFactory: normalizeAndWrapToAdaptiveIcon: scale=0.8096529
03-23 06:42:59.738 2866 2934 D BaseIconFactory: normalizeAndWrapToAdaptiveIcon: scale=0.8096529
03-23 06:42:59.742 2866 2934 D BaseIconFactory: normalizeAndWrapToAdaptiveIcon: scale=0.8096529
03-23 06:42:59.745 2866 2934 D LoaderTask: load widgets
03-23 06:42:59.748 2866 2934 I WidgetsModel: found whitelist widget: com.android.settings, label: 设置快捷方式, sectionName:S
03-23 06:42:59.748 2866 2934 I WidgetsModel: found whitelist widget: com.android.gallery3d, label: 照片, sectionName:T
03-23 06:42:59.748 2866 2934 I WidgetsModel: found whitelist widget: com.android.systemui, label: 对话, sectionName:D
03-23 06:42:59.749 2866 2934 I WidgetsModel: found whitelist widget: com.android.music, label: 音乐, sectionName:Y
03-23 06:42:59.749 2866 2934 D LoaderTask: bindWidgets
03-23 06:42:59.749 2361 2953 I OpenGLRenderer: Davey! duration=9223371917190ms; Flags=1, FrameTimelineVsyncId=6477, IntendedVsync=119664195719, Vsync=119764195715, InputEventId=0, HandleInputStart=119779791411, AnimationStart=119779792557, PerformTraversalsStart=119779793286, DrawStart=119810442244, FrameDeadline=119680862385, FrameInterval=119779786567, FrameStartTime=16666666, SyncQueued=119810602713, SyncStart=119810914953, IssueDrawCommandsStart=119810960630, SwapBuffers=119811260213, FrameCompleted=9223372036854775807, DequeueBufferDuration=7604, QueueBufferDuration=278594, GpuCompleted=9223372036854775807, SwapBuffersCompleted=119811789848, DisplayPresentTime=6052838315446042655,
03-23 06:42:59.749 2866 2934 D LoaderTask: save widgets in icon cache
03-23 06:42:59.749 2866 2934 D LoaderTask: finish icon update
03-23 06:42:59.749 2361 2953 I OpenGLRenderer: Davey! duration=9223371917190ms; Flags=1, FrameTimelineVsyncId=6477, IntendedVsync=119664195719, Vsync=119764195715, InputEventId=0, HandleInputStart=119779791411, AnimationStart=119779792557, PerformTraversalsStart=119779793286, DrawStart=119813282713, FrameDeadline=119697529051, FrameInterval=119779786567, FrameStartTime=16666666, SyncQueued=119813471723, SyncStart=119813521671, IssueDrawCommandsStart=119813607921, SwapBuffers=119813957348, FrameCompleted=9223372036854775807, DequeueBufferDuration=11823, QueueBufferDuration=314010, GpuCompleted=9223372036854775807, SwapBuffersCompleted=119814387192, DisplayPresentTime=0,
03-23 06:42:59.750 1512 1765 I commit_sys_config_file: [settings-1-0,5]
03-23 06:42:59.750 2866 2934 D LauncherProvider: call: method=new_db_transaction,arg=null,extras=null
03-23 06:42:59.754 2866 2934 D BaseIconFactory: normalizeAndWrapToAdaptiveIcon: scale=1.0
03-23 06:42:59.758 2866 2934 D BaseIconFactory: normalizeAndWrapToAdaptiveIcon: scale=0.8096529
03-23 06:42:59.762 1512 1990 I WindowManager: finishDrawing of relaunch: Window{ef8213d u0 com.android.settings/com.android.settings.Settings} 188ms
03-23 06:42:59.763 2959 2959 W BatteryBroadcastRcvr: Problem reading the battery meter.
03-23 06:42:59.763 2959 2959 D BatteryInfo: time for callback: 0ms
03-23 06:42:59.765 2866 2934 D BaseIconFactory: normalizeAndWrapToAdaptiveIcon: scale=0.8096529
03-23 06:42:59.768 2959 5018 D BatteryInfo: time for getStats: 0ms
03-23 06:42:59.768 2959 5018 D BatteryInfo: time for regular BatteryInfo: 0ms
03-23 06:42:59.768 2959 5018 D BatteryInfo: time for getBatteryInfo: 0ms
03-23 06:42:59.771 2959 2959 D BatteryInfo: time for callback: 0ms
03-23 06:42:59.772 2959 4697 D BatteryTipLoader: BatteryInfoLoader post query: 0ms
03-23 06:42:59.772 2959 4697 D BatteryInfo: time for getBatteryInfo: 0ms
03-23 06:42:59.772 2959 4697 D BatteryTipLoader: BatteryInfoLoader.loadInBackground: 0ms
03-23 06:42:59.773 2866 2934 D BaseIconFactory: normalizeAndWrapToAdaptiveIcon: scale=0.8096529
03-23 06:42:59.778 1512 1816 I input_focus: [Focus entering ef8213d com.android.settings/com.android.settings.Settings (server),reason=Window became focusable. Previous reason: NOT_VISIBLE]
03-23 06:42:59.778 1512 1659 I WindowManager: Screen frozen for +216ms due to Window{ef8213d u0 com.android.settings/com.android.settings.Settings}
03-23 06:42:59.780 2866 2934 D BaseIconFactory: normalizeAndWrapToAdaptiveIcon: scale=0.8096529
03-23 06:42:59.785 2866 2934 D BaseIconFactory: normalizeAndWrapToAdaptiveIcon: scale=0.8096529
03-23 06:42:59.786 1512 1659 W ImageReader_JNI: Unable to acquire a buffer item, very likely client tried to acquire more than maxImages buffers
03-23 06:42:59.792 2866 2934 D BaseIconFactory: normalizeAndWrapToAdaptiveIcon: scale=0.91217864
03-23 06:42:59.798 2866 2934 D BaseIconFactory: normalizeAndWrapToAdaptiveIcon: scale=0.8096529
03-23 06:42:59.804 2866 2934 D BaseIconFactory: normalizeAndWrapToAdaptiveIcon: scale=0.8096529
03-23 06:42:59.809 2866 2934 D BaseIconFactory: normalizeAndWrapToAdaptiveIcon: scale=0.8096529
03-23 06:42:59.816 2866 2934 D BaseIconFactory: normalizeAndWrapToAdaptiveIcon: scale=0.8096529
03-23 06:42:59.829 653 668 I mpu_uart: [MSG-P:RECV]:No message received in 1000 ms
03-23 06:42:59.846 2361 2361 D QSPanel : setHorizontalContentContainer
03-23 06:42:59.854 2361 2361 D QSPanel : setHorizontalContentContainer
03-23 06:42:59.855 2361 2361 D QSPanel : setHorizontalContentContainer
03-23 06:42:59.856 2361 2361 D QSPanel : setHorizontalContentContainer
03-23 06:42:59.856 2361 2361 D QSPanel : qs brightness view is null
03-23 06:42:59.862 2361 2361 D QSPanel : setHorizontalContentContainer
03-23 06:42:59.862 2361 2361 D QSPanel : qs brightness view is null
03-23 06:42:59.883 653 667 I mpu_uart: [MSG-P:R]:recv sync frame timeout
03-23 06:42:59.907 2361 2463 E ndroid.systemu: No package ID 7f found for ID 0x7f030001.
03-23 06:42:59.907 2361 2463 E ContrastColorUtil: Drawable not found: 2130903041
03-23 06:42:59.909 2361 2463 E ndroid.systemu: No package ID 7f found for ID 0x7f030001.
03-23 06:42:59.909 2361 2463 E ContrastColorUtil: Drawable not found: 2130903041
03-23 06:42:59.921 2361 2361 W View : requestLayout() improperly called by com.android.keyguard.AlphaOptimizedLinearLayout{bdd885e V.E...... ......ID 4,0-34,33 #7f0b069b app:id/wifi_group} during layout: running second layout pass
03-23 06:43:00.018 2361 2361 D KeyguardUpdateMonitor: received broadcast android.intent.action.TIME_TICK
03-23 06:43:00.032 2361 2361 D KeyguardUpdateMonitor: handleTimeUpdate
03-23 06:43:00.243 3134 5026 W adbd : timed out while waiting for FUNCTIONFS_BIND, trying again
03-23 06:43:00.243 3134 5026 I adbd : UsbFfs: connection terminated: monitor thread finished
03-23 06:43:00.244 3134 3134 I adbd : UsbFfs: already offline
03-23 06:43:00.244 3134 3134 I adbd : destroying transport UsbFfs
03-23 06:43:00.244 3134 3134 I adbd : UsbFfsConnection being destroyed
03-23 06:43:00.261 3134 3150 I adbd : opening control endpoint /dev/usb-ffs/adb/ep0
03-23 06:43:00.263 3134 3150 I adbd : UsbFfsConnection constructed
03-23 06:43:00.264 3134 5041 I adbd : UsbFfs-monitor thread spawned
01-01 13:45:45.123 0 0 I : read descriptors
01-01 13:45:45.123 0 0 I : read strings
03-23 06:43:00.598 3298 3298 W hpplay-java: [main]:IPManager:getActiveNets invalid networkInfo:null
03-23 06:43:00.598 3298 3298 I hpplay-java: [main]:IPManager:getActiveNets eth0:false wifi:false mobile:false ap:false
03-23 06:43:00.598 3298 3298 I hpplay-java: [main]:ServerTaskManager:get local ip:null
03-23 06:43:00.729 1512 1816 I input_interaction: Interaction with: ef8213d com.android.settings/com.android.settings.Settings (server), swipe-up (server), edge-swipe (server), PointerEventDispatcher0 (server),
03-23 06:43:00.811 880 880 D vendor.qti.vibrator: Vibrator perform effect 21
03-23 06:43:00.811 880 880 D vendor.qti.vibrator: Vibrator perform effect 2
03-23 06:43:00.812 880 880 D vendor.qti.vibrator: QTI Vibrator off
03-23 06:43:00.829 653 668 I mpu_uart: [MSG-P:RECV]:No message received in 1000 ms
03-23 06:43:00.887 2959 4895 I OpenGLRenderer: Davey! duration=9223371915970ms; Flags=0, FrameTimelineVsyncId=6610, IntendedVsync=120883784428, Vsync=120883784428, InputEventId=960187371, HandleInputStart=120883976254, AnimationStart=120883978442, PerformTraversalsStart=120883995577, DrawStart=120940046463, FrameDeadline=120900451094, FrameInterval=120883971879, FrameStartTime=16666666, SyncQueued=120940898806, SyncStart=120941215838, IssueDrawCommandsStart=120942394327, SwapBuffers=120948939900, FrameCompleted=9223372036854775807, DequeueBufferDuration=58802, QueueBufferDuration=1294740, GpuCompleted=9223372036854775807, SwapBuffersCompleted=120951117036, DisplayPresentTime=0,
03-23 06:43:00.917 1512 1658 I configuration_changed: 1073741824
03-23 06:43:00.918 1512 1658 I ActivityTaskManager: Config changes=40000000 {1.0 ?mcc?mnc [zh_CN] ldltr sw720dp w1706dp h652dp 240dpi lrg long hdr land finger -keyb/v/h -nav/h winConfig={ mBounds=Rect(0, 0 - 2560, 1080) mAppBounds=Rect(0, 0 - 2560, 1014) mMaxBounds=Rect(0, 0 - 2560, 1080) mWindowingMode=fullscreen mDisplayWindowingMode=fullscreen mActivityType=undefined mAlwaysOnTop=undefined mRotation=ROTATION_0} s.607 fontWeightAdjustment=0}
03-23 06:43:00.926 3298 3298 I hpplay-java: [main]:DaemonService:onConfigurationChanged
03-23 06:43:00.931 1512 1658 I WindowManager: Override config changes=40000000 {1.0 ?mcc?mnc [zh_CN] ldltr sw720dp w1706dp h652dp 240dpi lrg long hdr land finger -keyb/v/h -nav/h winConfig={ mBounds=Rect(0, 0 - 2560, 1080) mAppBounds=Rect(0, 0 - 2560, 1014) mMaxBounds=Rect(0, 0 - 2560, 1080) mWindowingMode=fullscreen mDisplayWindowingMode=fullscreen mActivityType=undefined mAlwaysOnTop=undefined mRotation=ROTATION_0} s.607 fontWeightAdjustment=0} for displayId=0
03-23 06:43:00.936 3761 3761 I hintView: forceClose=true,resetShowChs=true
03-23 06:43:00.936 3761 3761 I hintView: dismissPop()
03-23 06:43:00.944 1512 1658 W ImageReader_JNI: Unable to acquire a buffer item, very likely client tried to acquire more than maxImages buffers
03-23 06:43:00.946 1512 1658 I wm_relaunch_resume_activity: [0,64326038,11,com.android.settings/.Settings]
03-23 06:43:00.946 2959 2959 I wm_on_top_resumed_lost_called: [64326038,com.android.settings.Settings,pausing]
03-23 06:43:00.947 2959 2959 I sysui_multi_action: [757,340,758,2,1089,1290]
03-23 06:43:00.947 2959 2959 I sysui_multi_action: [757,35,758,2,1089,1288]
03-23 06:43:00.948 2562 2562 D GameMode_WindowController: onConfigurationChanged orientation: 2, locate: [zh_CN]
03-23 06:43:00.948 2959 2959 I wm_on_paused_called: [64326038,com.android.settings.Settings,performPause]
03-23 06:43:00.949 1512 1990 I wm_relaunch_activity: [0,88042559,10,com.android.launcher3/.uioverrides.QuickstepLauncher]
03-23 06:43:00.949 1512 1990 I wm_add_to_stopping: [0,88042559,com.android.launcher3/.uioverrides.QuickstepLauncher,preloadRecents]
03-23 06:43:00.952 2959 2959 I wm_on_stop_called: [64326038,com.android.settings.Settings,handleRelaunchActivity]
03-23 06:43:00.952 2866 4613 E FrameEvents: updateAcquireFence: Did not find frame.
03-23 06:43:00.954 2866 4613 E FrameEvents: updateAcquireFence: Did not find frame.
03-23 06:43:00.955 1512 1816 I InputDispatcher: Erasing monitor edge-swipe (server) on display 0, pid=2361
03-23 06:43:00.955 2959 2959 I wm_on_destroy_called: [64326038,com.android.settings.Settings,performDestroy]
03-23 06:43:00.956 988 2440 I BpBinder: onLastStrongRef automatically unlinking death recipients:
03-23 06:43:00.956 1512 3353 W InputManager-JNI: Input channel object 'ef8213d com.android.settings/com.android.settings.Settings (client)' was disposed without first being removed with the input manager!
03-23 06:43:00.957 2866 4613 E FrameEvents: updateAcquireFence: Did not find frame.
03-23 06:43:00.958 2866 4613 E FrameEvents: updateAcquireFence: Did not find frame.
03-23 06:43:00.959 1512 3353 W InputManager-JNI: Input channel object 'a4c4bb1 NavigationBar0 (client)' was disposed without first being removed with the input manager!
03-23 06:43:00.962 2866 2866 D Launcher.Model: startLoader
03-23 06:43:00.962 2866 2866 D Launcher.Model: java.lang.Exception
03-23 06:43:00.962 2866 2866 D Launcher.Model: at com.android.launcher3.LauncherModel.startLoader(LauncherModel.java:353)
03-23 06:43:00.962 2866 2866 D Launcher.Model: at com.android.launcher3.LauncherModel.forceReload(LauncherModel.java:298)
03-23 06:43:00.962 2866 2866 D Launcher.Model: at com.android.launcher3.LauncherAppState.refreshAndReloadLauncher(LauncherAppState.java:161)
03-23 06:43:00.962 2866 2866 D Launcher.Model: at com.android.launcher3.LauncherAppState.lambda$new$0$LauncherAppState(LauncherAppState.java:89)
03-23 06:43:00.962 2866 2866 D Launcher.Model: at com.android.launcher3.LauncherAppState$$ExternalSyntheticLambda0.onIdpChanged(Unknown Source:2)
03-23 06:43:00.962 2866 2866 D Launcher.Model: at com.android.launcher3.InvariantDeviceProfile.onConfigChanged(InvariantDeviceProfile.java:379)
03-23 06:43:00.962 2866 2866 D Launcher.Model: at com.android.launcher3.InvariantDeviceProfile.lambda$new$0$InvariantDeviceProfile(InvariantDeviceProfile.java:199)
03-23 06:43:00.962 2866 2866 D Launcher.Model: at com.android.launcher3.InvariantDeviceProfile$$ExternalSyntheticLambda0.onDisplayInfoChanged(Unknown Source:2)
03-23 06:43:00.962 2866 2866 D Launcher.Model: at com.android.launcher3.util.DisplayController.notifyChange(DisplayController.java:237)
03-23 06:43:00.962 2866 2866 D Launcher.Model: at com.android.launcher3.util.DisplayController.lambda$handleInfoChange$0$DisplayController(DisplayController.java:231)
03-23 06:43:00.962 2866 2866 D Launcher.Model: at com.android.launcher3.util.DisplayController$$ExternalSyntheticLambda1.run(Unknown Source:6)
03-23 06:43:00.962 2866 2866 D Launcher.Model: at com.android.launcher3.util.LooperExecutor.execute(LooperExecutor.java:45)
03-23 06:43:00.962 2866 2866 D Launcher.Model: at com.android.launcher3.util.DisplayController.handleInfoChange(DisplayController.java:231)
03-23 06:43:00.962 2866 2866 D Launcher.Model: at com.android.launcher3.util.DisplayController.onConfigurationChanged(DisplayController.java:180)
03-23 06:43:00.962 2866 2866 D Launcher.Model: at android.content.ComponentCallbacksController.lambda$dispatchConfigurationChanged$0(ComponentCallbacksController.java:91)
03-23 06:43:00.962 2866 2866 D Launcher.Model: at android.content.ComponentCallbacksController$$ExternalSyntheticLambda1.accept(Unknown Source:4)
03-23 06:43:00.962 2866 2866 D Launcher.Model: at android.content.ComponentCallbacksController.forAllComponentCallbacks(ComponentCallbacksController.java:124)
03-23 06:43:00.962 2866 2866 D Launcher.Model: at android.content.ComponentCallbacksController.dispatchConfigurationChanged(ComponentCallbacksController.java:91)
03-23 06:43:00.962 2866 2866 D Launcher.Model: at android.window.WindowContext.dispatchConfigurationChanged(WindowContext.java:125)
03-23 06:43:00.962 2866 2866 D Launcher.Model: at android.window.WindowTokenClient.lambda$onConfigurationChanged$0(WindowTokenClient.java:90)
03-23 06:43:00.962 2866 2866 D Launcher.Model: at android.window.WindowTokenClient$$ExternalSyntheticLambda0.run(Unknown Source:4)
03-23 06:43:00.962 2866 2866 D Launcher.Model: at android.os.Handler.handleCallback(Handler.java:938)
03-23 06:43:00.962 2866 2866 D Launcher.Model: at android.os.Handler.dispatchMessage(Handler.java:99)
03-23 06:43:00.962 2866 2866 D Launcher.Model: at android.os.Looper.loopOnce(Looper.java:201)
03-23 06:43:00.962 2866 2866 D Launcher.Model: at android.os.Looper.loop(Looper.java:288)
03-23 06:43:00.962 2866 2866 D Launcher.Model: at android.app.ActivityThread.main(ActivityThread.java:7880)
03-23 06:43:00.962 2866 2866 D Launcher.Model: at java.lang.reflect.Method.invoke(Native Method)
03-23 06:43:00.962 2866 2866 D Launcher.Model: at com.android.internal.os.RuntimeInit$MethodAndArgsCaller.run(RuntimeInit.java:548)
03-23 06:43:00.962 2866 2866 D Launcher.Model: at com.android.internal.os.ZygoteInit.main(ZygoteInit.java:1009)
03-23 06:43:00.963 2361 2361 D NavigationModeController: getCurrentInteractionMode: mode=2 contextUser=0
03-23 06:43:00.963 2866 2866 E libprocessgroup: set_timerslack_ns write failed: Operation not permitted
03-23 06:43:00.963 2361 2361 D NavigationModeController: getCurrentInteractionMode: mode=2 contextUser=0
03-23 06:43:00.963 2866 2934 D LoaderTask: loadWorkspace: loading default favorites
03-23 06:43:00.964 2866 2934 D LauncherProvider: call: method=load_default_favorites,arg=null,extras=null
03-23 06:43:00.966 2866 2866 D DeviceProfile: updateIconDrawableOffset: folderIconSizePx=80
03-23 06:43:00.967 2959 2959 D PrefCtrlListHelper: Could not find Context-only controller for pref: com.android.settings.network.TopLevelNetworkEntryPreferenceController
03-23 06:43:00.967 2959 2959 D PrefCtrlListHelper: Could not find Context-only controller for pref: com.android.settings.connecteddevice.TopLevelConnectedDevicesPreferenceController
03-23 06:43:00.967 2959 2959 D PrefCtrlListHelper: Could not find Context-only controller for pref: com.android.settings.fuelgauge.TopLevelBatteryPreferenceController
03-23 06:43:00.967 2959 2959 D PrefCtrlListHelper: Could not find Context-only controller for pref: com.android.settings.deviceinfo.TopLevelStoragePreferenceController
03-23 06:43:00.967 2866 2934 D BaseIconFactory: normalizeAndWrapToAdaptiveIcon: scale=0.8096529
03-23 06:43:00.968 2959 2959 D PrefCtrlListHelper: Could not find Context-only controller for pref: com.android.settings.display.TopLevelDisplayPreferenceController
03-23 06:43:00.968 2959 2959 D PrefCtrlListHelper: Could not find Context-only controller for pref: com.android.settings.display.TopLevelWallpaperPreferenceController
03-23 06:43:00.968 2959 2959 D PrefCtrlListHelper: Could not find Context-only controller for pref: com.android.settings.accessibility.TopLevelAccessibilityPreferenceController
03-23 06:43:00.968 2959 2959 D PrefCtrlListHelper: Could not find Context-only controller for pref: com.android.settings.security.TopLevelSecurityEntryPreferenceController
03-23 06:43:00.968 2959 2959 D PrefCtrlListHelper: Could not find Context-only controller for pref: com.android.settings.location.TopLevelLocationPreferenceController
03-23 06:43:00.968 2361 2361 D NavigationModeController: getCurrentUserContext: contextUser=0 currentUser=0
03-23 06:43:00.968 2959 2959 D PrefCtrlListHelper: Could not find Context-only controller for pref: com.android.settings.accounts.TopLevelAccountEntryPreferenceController
03-23 06:43:00.968 2959 2959 D PrefCtrlListHelper: Could not find Context-only controller for pref: com.android.settings.deviceinfo.aboutphone.TopLevelAboutDevicePreferenceController
03-23 06:43:00.968 2959 2959 D PrefCtrlListHelper: Could not find Context-only controller for pref: com.android.settings.support.SupportPreferenceController
03-23 06:43:00.969 2866 2934 D BaseIconFactory: normalizeAndWrapToAdaptiveIcon: scale=0.8096529
03-23 06:43:00.969 1512 3353 E UserRestrictionsUtils: Unknown restriction queried by uid 1000 (vendor.qti.qesdk.sysservice et al): null
03-23 06:43:00.970 1512 4101 E UserRestrictionsUtils: Unknown restriction queried by uid 1000 (vendor.qti.qesdk.sysservice et al): null
03-23 06:43:00.970 1512 4101 E UserRestrictionsUtils: Unknown restriction queried by uid 1000 (vendor.qti.qesdk.sysservice et al): null
03-23 06:43:00.970 1512 2435 E UserRestrictionsUtils: Unknown restriction queried by uid 1000 (vendor.qti.qesdk.sysservice et al): null
03-23 06:43:00.970 2361 2361 D NavigationModeController: getCurrentInteractionMode: mode=2 contextUser=0
03-23 06:43:00.970 1512 4101 E UserRestrictionsUtils: Unknown restriction queried by uid 1000 (vendor.qti.qesdk.sysservice et al): null
03-23 06:43:00.970 1512 2435 E UserRestrictionsUtils: Unknown restriction queried by uid 1000 (vendor.qti.qesdk.sysservice et al): null
03-23 06:43:00.971 1512 2435 E UserRestrictionsUtils: Unknown restriction queried by uid 1000 (vendor.qti.qesdk.sysservice et al): null
03-23 06:43:00.971 1512 2435 E UserRestrictionsUtils: Unknown restriction queried by uid 1000 (vendor.qti.qesdk.sysservice et al): null
03-23 06:43:00.971 1512 2435 E UserRestrictionsUtils: Unknown restriction queried by uid 1000 (vendor.qti.qesdk.sysservice et al): null
03-23 06:43:00.971 2866 2934 D BaseIconFactory: normalizeAndWrapToAdaptiveIcon: scale=0.8096529
03-23 06:43:00.971 1512 2435 E UserRestrictionsUtils: Unknown restriction queried by uid 1000 (vendor.qti.qesdk.sysservice et al): null
03-23 06:43:00.971 1512 2435 E UserRestrictionsUtils: Unknown restriction queried by uid 1000 (vendor.qti.qesdk.sysservice et al): null
03-23 06:43:00.972 1512 2435 E UserRestrictionsUtils: Unknown restriction queried by uid 1000 (vendor.qti.qesdk.sysservice et al): null
03-23 06:43:00.972 1512 2435 E UserRestrictionsUtils: Unknown restriction queried by uid 1000 (vendor.qti.qesdk.sysservice et al): null
03-23 06:43:00.972 1512 3353 E UserRestrictionsUtils: Unknown restriction queried by uid 1000 (vendor.qti.qesdk.sysservice et al): null
03-23 06:43:00.972 1512 2435 E UserRestrictionsUtils: Unknown restriction queried by uid 1000 (vendor.qti.qesdk.sysservice et al): null
03-23 06:43:00.973 1512 2435 E UserRestrictionsUtils: Unknown restriction queried by uid 1000 (vendor.qti.qesdk.sysservice et al): null
03-23 06:43:00.973 1512 2435 E UserRestrictionsUtils: Unknown restriction queried by uid 1000 (vendor.qti.qesdk.sysservice et al): null
03-23 06:43:00.973 2866 2866 D EditModeHelper: setHotseatVisibility: 0
03-23 06:43:00.973 1512 2435 E UserRestrictionsUtils: Unknown restriction queried by uid 1000 (vendor.qti.qesdk.sysservice et al): null
03-23 06:43:00.973 2959 2959 W InstrumentedPrefFrag: Screen title missing for fragment com.android.settings.homepage.TopLevelSettings
03-23 06:43:00.974 2959 2959 D TopLevelSettings: NO dashboard tiles for TopLevelSettings
03-23 06:43:00.974 2959 2959 D TopLevelSettings: All preferences added, reporting fully drawn
03-23 06:43:00.974 2866 2934 D BaseIconFactory: normalizeAndWrapToAdaptiveIcon: scale=0.8096529
03-23 06:43:00.976 2866 2866 D Launcher.Model: startLoader
03-23 06:43:00.976 2866 2866 D Launcher.Model: java.lang.Exception
03-23 06:43:00.976 2866 2866 D Launcher.Model: at com.android.launcher3.LauncherModel.startLoader(LauncherModel.java:353)
03-23 06:43:00.976 2866 2866 D Launcher.Model: at com.android.launcher3.LauncherModel.rebindCallbacks(LauncherModel.java:307)
03-23 06:43:00.976 2866 2866 D Launcher.Model: at com.android.launcher3.Launcher.onIdpChanged(Launcher.java:659)
03-23 06:43:00.976 2866 2866 D Launcher.Model: at com.android.launcher3.InvariantDeviceProfile.onConfigChanged(InvariantDeviceProfile.java:379)
03-23 06:43:00.976 2866 2866 D Launcher.Model: at com.android.launcher3.InvariantDeviceProfile.lambda$new$0$InvariantDeviceProfile(InvariantDeviceProfile.java:199)
03-23 06:43:00.976 2866 2866 D Launcher.Model: at com.android.launcher3.InvariantDeviceProfile$$ExternalSyntheticLambda0.onDisplayInfoChanged(Unknown Source:2)
03-23 06:43:00.976 2866 2866 D Launcher.Model: at com.android.launcher3.util.DisplayController.notifyChange(DisplayController.java:237)
03-23 06:43:00.976 2866 2866 D Launcher.Model: at com.android.launcher3.util.DisplayController.lambda$handleInfoChange$0$DisplayController(DisplayController.java:231)
03-23 06:43:00.976 2866 2866 D Launcher.Model: at com.android.launcher3.util.DisplayController$$ExternalSyntheticLambda1.run(Unknown Source:6)
03-23 06:43:00.976 2866 2866 D Launcher.Model: at com.android.launcher3.util.LooperExecutor.execute(LooperExecutor.java:45)
03-23 06:43:00.976 2866 2866 D Launcher.Model: at com.android.launcher3.util.DisplayController.handleInfoChange(DisplayController.java:231)
03-23 06:43:00.976 2866 2866 D Launcher.Model: at com.android.launcher3.util.DisplayController.onConfigurationChanged(DisplayController.java:180)
03-23 06:43:00.976 2866 2866 D Launcher.Model: at android.content.ComponentCallbacksController.lambda$dispatchConfigurationChanged$0(ComponentCallbacksController.java:91)
03-23 06:43:00.976 2866 2866 D Launcher.Model: at android.content.ComponentCallbacksController$$ExternalSyntheticLambda1.accept(Unknown Source:4)
03-23 06:43:00.976 2866 2866 D Launcher.Model: at android.content.ComponentCallbacksController.forAllComponentCallbacks(ComponentCallbacksController.java:124)
03-23 06:43:00.976 2866 2866 D Launcher.Model: at android.content.ComponentCallbacksController.dispatchConfigurationChanged(ComponentCallbacksController.java:91)
03-23 06:43:00.976 2866 2866 D Launcher.Model: at android.window.WindowContext.dispatchConfigurationChanged(WindowContext.java:125)
03-23 06:43:00.976 2866 2866 D Launcher.Model: at android.window.WindowTokenClient.lambda$onConfigurationChanged$0(WindowTokenClient.java:90)
03-23 06:43:00.976 2866 2866 D Launcher.Model: at android.window.WindowTokenClient$$ExternalSyntheticLambda0.run(Unknown Source:4)
03-23 06:43:00.976 2866 2866 D Launcher.Model: at android.os.Handler.handleCallback(Handler.java:938)
03-23 06:43:00.976 2866 2866 D Launcher.Model: at android.os.Handler.dispatchMessage(Handler.java:99)
03-23 06:43:00.976 2866 2866 D Launcher.Model: at android.os.Looper.loopOnce(Looper.java:201)
03-23 06:43:00.976 2866 2866 D Launcher.Model: at android.os.Looper.loop(Looper.java:288)
03-23 06:43:00.976 2866 2866 D Launcher.Model: at android.app.ActivityThread.main(ActivityThread.java:7880)
03-23 06:43:00.976 2866 2866 D Launcher.Model: at java.lang.reflect.Method.invoke(Native Method)
03-23 06:43:00.976 2866 2866 D Launcher.Model: at com.android.internal.os.RuntimeInit$MethodAndArgsCaller.run(RuntimeInit.java:548)
03-23 06:43:00.976 2866 2866 D Launcher.Model: at com.android.internal.os.ZygoteInit.main(ZygoteInit.java:1009)
03-23 06:43:00.977 2866 2934 D BaseIconFactory: normalizeAndWrapToAdaptiveIcon: scale=0.8096529
03-23 06:43:00.978 2866 2934 D LoaderTask: loadWorkspace
03-23 06:43:00.978 2866 2934 D LoaderTask: Cancelled
03-23 06:43:00.979 2866 2934 D LoaderTask: loadWorkspace: loading default favorites
03-23 06:43:00.979 2866 2934 D LauncherProvider: call: method=load_default_favorites,arg=null,extras=null
03-23 06:43:00.979 2866 2866 D Launcher.Model: startLoader
03-23 06:43:00.979 2866 2866 D Launcher.Model: java.lang.Exception
03-23 06:43:00.979 2866 2866 D Launcher.Model: at com.android.launcher3.LauncherModel.startLoader(LauncherModel.java:353)
03-23 06:43:00.979 2866 2866 D Launcher.Model: at com.android.launcher3.LauncherModel.removeCallbacks(LauncherModel.java:320)
03-23 06:43:00.979 2866 2866 D Launcher.Model: at com.android.launcher3.Launcher.onDestroy(Launcher.java:1772)
03-23 06:43:00.979 2866 2866 D Launcher.Model: at com.android.launcher3.BaseQuickstepLauncher.onDestroy(BaseQuickstepLauncher.java:163)
03-23 06:43:00.979 2866 2866 D Launcher.Model: at com.android.launcher3.uioverrides.QuickstepLauncher.onDestroy(QuickstepLauncher.java:239)
03-23 06:43:00.979 2866 2866 D Launcher.Model: at android.app.Activity.performDestroy(Activity.java:8350)
03-23 06:43:00.979 2866 2866 D Launcher.Model: at android.app.Instrumentation.callActivityOnDestroy(Instrumentation.java:1365)
03-23 06:43:00.979 2866 2866 D Launcher.Model: at android.app.ActivityThread.performDestroyActivity(ActivityThread.java:5375)
03-23 06:43:00.979 2866 2866 D Launcher.Model: at android.app.ActivityThread.handleDestroyActivity(ActivityThread.java:5421)
03-23 06:43:00.979 2866 2866 D Launcher.Model: at android.app.ActivityThread.handleRelaunchActivityInner(ActivityThread.java:5715)
03-23 06:43:00.979 2866 2866 D Launcher.Model: at android.app.ActivityThread.handleRelaunchActivity(ActivityThread.java:5631)
03-23 06:43:00.979 2866 2866 D Launcher.Model: at android.app.servertransaction.ActivityRelaunchItem.execute(ActivityRelaunchItem.java:71)
03-23 06:43:00.979 2866 2866 D Launcher.Model: at android.app.servertransaction.ActivityTransactionItem.execute(ActivityTransactionItem.java:45)
03-23 06:43:00.979 2866 2866 D Launcher.Model: at android.app.servertransaction.TransactionExecutor.executeCallbacks(TransactionExecutor.java:135)
03-23 06:43:00.979 2866 2866 D Launcher.Model: at android.app.servertransaction.TransactionExecutor.execute(TransactionExecutor.java:95)
03-23 06:43:00.979 2866 2866 D Launcher.Model: at android.app.ActivityThread$H.handleMessage(ActivityThread.java:2211)
03-23 06:43:00.979 2866 2866 D Launcher.Model: at android.os.Handler.dispatchMessage(Handler.java:106)
03-23 06:43:00.979 2866 2866 D Launcher.Model: at android.os.Looper.loopOnce(Looper.java:201)
03-23 06:43:00.979 2866 2866 D Launcher.Model: at android.os.Looper.loop(Looper.java:288)
03-23 06:43:00.979 2866 2866 D Launcher.Model: at android.app.ActivityThread.main(ActivityThread.java:7880)
03-23 06:43:00.979 2866 2866 D Launcher.Model: at java.lang.reflect.Method.invoke(Native Method)
03-23 06:43:00.979 2866 2866 D Launcher.Model: at com.android.internal.os.RuntimeInit$MethodAndArgsCaller.run(RuntimeInit.java:548)
03-23 06:43:00.979 2866 2866 D Launcher.Model: at com.android.internal.os.ZygoteInit.main(ZygoteInit.java:1009)
03-23 06:43:00.980 2788 2832 D ProtectUartService: received unRegisterListener token:LAUNCHER_VOLTAGE_PROTECT
03-23 06:43:00.980 2866 2866 I wm_on_destroy_called: [88042559,com.android.launcher3.uioverrides.QuickstepLauncher,performDestroy]
03-23 06:43:00.981 2866 2934 D LoaderTask: loadWorkspace
03-23 06:43:00.981 2866 2934 D LoaderTask: Cancelled
03-23 06:43:00.982 1512 4101 W InputManager-JNI: Input channel object 'f26b693 com.android.launcher3/com.android.launcher3.uioverrides.QuickstepLauncher (client)' was disposed without first being removed with the input manager!
03-23 06:43:00.983 2361 2361 D StatusBar: disable disable2
03-23 06:43:00.983 2959 2959 D PrefCtrlListHelper: Could not find Context-only controller for pref: com.android.settings.display.AutoBrightnessPreferenceController
03-23 06:43:00.983 2959 2959 D PrefCtrlListHelper: Could not find Context-only controller for pref: com.android.settings.security.screenlock.LockScreenPreferenceController
03-23 06:43:00.984 2959 2959 D PrefCtrlListHelper: Could not find Context-only controller for pref: com.android.settings.display.DarkUIPreferenceController
03-23 06:43:00.985 2959 2959 D PrefCtrlListHelper: Could not find Context-only controller for pref: com.android.settings.display.FontSizePreferenceController
03-23 06:43:00.985 2959 2959 D PrefCtrlListHelper: Could not find Context-only controller for pref: com.android.settings.display.NightDisplayPreferenceController
03-23 06:43:00.986 2361 2361 W ConstraintSet: id unknown center_vertical_guideline
03-23 06:43:00.986 2959 2959 D PrefCtrlListHelper: Could not find Context-only controller for pref: com.android.settings.display.ColorModePreferenceController
03-23 06:43:00.986 2361 2361 W ConstraintSet: id unknown center_horizontal_guideline
03-23 06:43:00.986 2361 2361 W ConstraintSet: id unknown media_action_barrier
03-23 06:43:00.986 2959 2959 D PrefCtrlListHelper: Could not find Context-only controller for pref: com.android.settings.display.AutoRotatePreferenceController
03-23 06:43:00.986 2361 2361 W ConstraintSet: id unknown remove_text
03-23 06:43:00.986 2959 2959 D PrefCtrlListHelper: Could not find Context-only controller for pref: com.android.settings.display.DisplayWhiteBalancePreferenceController
03-23 06:43:00.986 2361 2361 W ConstraintSet: id unknown settings
03-23 06:43:00.986 2361 2361 W ConstraintSet: id unknown cancel
03-23 06:43:00.986 2361 2361 W ConstraintSet: id unknown dismiss
03-23 06:43:00.986 2959 2959 D PrefCtrlListHelper: Could not find Context-only controller for pref: com.android.settings.display.PeakRefreshRatePreferenceController
03-23 06:43:00.986 2959 2959 D RefreshRatePrefCtr: DEFAULT_REFRESH_RATE : 60.0 mPeakRefreshRate : 60.0
03-23 06:43:00.986 2959 2959 D PrefCtrlListHelper: Could not find Context-only controller for pref: com.android.settings.display.HotSeatDirPreferenceController
03-23 06:43:00.987 1512 4101 E UserRestrictionsUtils: Unknown restriction queried by uid 1000 (vendor.qti.qesdk.sysservice et al): null
03-23 06:43:00.988 1512 3375 E UserRestrictionsUtils: Unknown restriction queried by uid 1000 (vendor.qti.qesdk.sysservice et al): null
03-23 06:43:00.988 1512 3375 E UserRestrictionsUtils: Unknown restriction queried by uid 1000 (vendor.qti.qesdk.sysservice et al): null
03-23 06:43:00.989 1512 3375 E UserRestrictionsUtils: Unknown restriction queried by uid 1000 (vendor.qti.qesdk.sysservice et al): null
03-23 06:43:00.989 1512 3375 E UserRestrictionsUtils: Unknown restriction queried by uid 1000 (vendor.qti.qesdk.sysservice et al): null
03-23 06:43:00.991 2959 2959 D DisplaySettings: NO dashboard tiles for DisplaySettings
03-23 06:43:00.991 2959 2959 D DisplaySettings: All preferences added, reporting fully drawn
03-23 06:43:00.991 2866 2866 D DeviceProfile: updateIconDrawableOffset: folderIconSizePx=80
03-23 06:43:00.995 2959 2959 I SettingsHomepageActivity: SettingsHomepageActivity: onCreate
03-23 06:43:01.003 2959 2959 D AvatarViewMixin: Feature disabled by config. Skipping
03-23 06:43:01.004 2959 2959 I wm_on_create_called: [64326038,com.android.settings.Settings,performCreate]
03-23 06:43:01.006 2988 3002 D QCCAuthMgr: SMQContentProvider query uri: content://com.qti.smq.Feedback.provider/smq_settings, selection: key=?, uri_matcher: 1
03-23 06:43:01.006 2988 3002 D QCCAuthMgr: SMQContentProvider query tableName: smq_settings
03-23 06:43:01.008 2361 2361 W ConstraintSet: id unknown center_vertical_guideline
03-23 06:43:01.008 2361 2361 W ConstraintSet: id unknown center_horizontal_guideline
03-23 06:43:01.008 2361 2361 W ConstraintSet: id unknown media_action_barrier
03-23 06:43:01.008 2361 2361 W ConstraintSet: id unknown remove_text
03-23 06:43:01.008 2361 2361 W ConstraintSet: id unknown settings
03-23 06:43:01.008 2361 2361 W ConstraintSet: id unknown cancel
03-23 06:43:01.008 2361 2361 W ConstraintSet: id unknown dismiss
03-23 06:43:01.013 1512 3375 W FreeFormWindowHelper: Current Display FreeFormTask is null
03-23 06:43:01.014 2866 2866 E ThemeUtils: View class com.android.quickstep.views.ClearAllImageView is an AppCompat widget that can only be used with a Theme.AppCompat theme (or descendant).
03-23 06:43:01.017 2959 2959 D PrefCtrlListHelper: Could not find Context-only controller for pref: com.android.settings.network.TopLevelNetworkEntryPreferenceController
03-23 06:43:01.017 2959 2959 D PrefCtrlListHelper: Could not find Context-only controller for pref: com.android.settings.connecteddevice.TopLevelConnectedDevicesPreferenceController
03-23 06:43:01.017 2959 2959 D PrefCtrlListHelper: Could not find Context-only controller for pref: com.android.settings.fuelgauge.TopLevelBatteryPreferenceController
03-23 06:43:01.017 2959 2959 D PrefCtrlListHelper: Could not find Context-only controller for pref: com.android.settings.deviceinfo.TopLevelStoragePreferenceController
03-23 06:43:01.017 2959 2959 D PrefCtrlListHelper: Could not find Context-only controller for pref: com.android.settings.display.TopLevelDisplayPreferenceController
03-23 06:43:01.018 2959 2959 D PrefCtrlListHelper: Could not find Context-only controller for pref: com.android.settings.display.TopLevelWallpaperPreferenceController
03-23 06:43:01.018 2959 2959 D PrefCtrlListHelper: Could not find Context-only controller for pref: com.android.settings.accessibility.TopLevelAccessibilityPreferenceController
03-23 06:43:01.018 2959 2959 D PrefCtrlListHelper: Could not find Context-only controller for pref: com.android.settings.security.TopLevelSecurityEntryPreferenceController
03-23 06:43:01.018 2959 2959 D PrefCtrlListHelper: Could not find Context-only controller for pref: com.android.settings.location.TopLevelLocationPreferenceController
03-23 06:43:01.018 2959 2959 D PrefCtrlListHelper: Could not find Context-only controller for pref: com.android.settings.accounts.TopLevelAccountEntryPreferenceController
03-23 06:43:01.018 2959 2959 D PrefCtrlListHelper: Could not find Context-only controller for pref: com.android.settings.deviceinfo.aboutphone.TopLevelAboutDevicePreferenceController
03-23 06:43:01.018 2959 2959 D PrefCtrlListHelper: Could not find Context-only controller for pref: com.android.settings.support.SupportPreferenceController
03-23 06:43:01.019 1512 4101 E UserRestrictionsUtils: Unknown restriction queried by uid 1000 (vendor.qti.qesdk.sysservice et al): null
03-23 06:43:01.019 2361 2361 D KeyguardViewMediator: adjustStatusBarLocked: mShowing=false mOccluded=false isSecure=false force=false --> flags=0x0
03-23 06:43:01.019 1512 4101 E UserRestrictionsUtils: Unknown restriction queried by uid 1000 (vendor.qti.qesdk.sysservice et al): null
03-23 06:43:01.019 1512 4101 E UserRestrictionsUtils: Unknown restriction queried by uid 1000 (vendor.qti.qesdk.sysservice et al): null
03-23 06:43:01.019 1512 4101 E UserRestrictionsUtils: Unknown restriction queried by uid 1000 (vendor.qti.qesdk.sysservice et al): null
03-23 06:43:01.020 1512 4101 E UserRestrictionsUtils: Unknown restriction queried by uid 1000 (vendor.qti.qesdk.sysservice et al): null
03-23 06:43:01.020 1512 4101 E UserRestrictionsUtils: Unknown restriction queried by uid 1000 (vendor.qti.qesdk.sysservice et al): null
03-23 06:43:01.020 1512 4101 E UserRestrictionsUtils: Unknown restriction queried by uid 1000 (vendor.qti.qesdk.sysservice et al): null
03-23 06:43:01.020 1512 4101 E UserRestrictionsUtils: Unknown restriction queried by uid 1000 (vendor.qti.qesdk.sysservice et al): null
03-23 06:43:01.020 1512 4101 E UserRestrictionsUtils: Unknown restriction queried by uid 1000 (vendor.qti.qesdk.sysservice et al): null
03-23 06:43:01.020 1512 4101 E UserRestrictionsUtils: Unknown restriction queried by uid 1000 (vendor.qti.qesdk.sysservice et al): null
03-23 06:43:01.021 1512 4101 E UserRestrictionsUtils: Unknown restriction queried by uid 1000 (vendor.qti.qesdk.sysservice et al): null
03-23 06:43:01.021 1512 4101 E UserRestrictionsUtils: Unknown restriction queried by uid 1000 (vendor.qti.qesdk.sysservice et al): null
03-23 06:43:01.021 1512 4101 E UserRestrictionsUtils: Unknown restriction queried by uid 1000 (vendor.qti.qesdk.sysservice et al): null
03-23 06:43:01.021 1512 4101 E UserRestrictionsUtils: Unknown restriction queried by uid 1000 (vendor.qti.qesdk.sysservice et al): null
03-23 06:43:01.021 1512 4101 E UserRestrictionsUtils: Unknown restriction queried by uid 1000 (vendor.qti.qesdk.sysservice et al): null
03-23 06:43:01.022 1512 4101 E UserRestrictionsUtils: Unknown restriction queried by uid 1000 (vendor.qti.qesdk.sysservice et al): null
03-23 06:43:01.022 1512 4101 E UserRestrictionsUtils: Unknown restriction queried by uid 1000 (vendor.qti.qesdk.sysservice et al): null
03-23 06:43:01.022 1512 4101 E UserRestrictionsUtils: Unknown restriction queried by uid 1000 (vendor.qti.qesdk.sysservice et al): null
03-23 06:43:01.022 2959 2959 W InstrumentedPrefFrag: Screen title missing for fragment com.android.settings.homepage.TopLevelSettings
03-23 06:43:01.023 2959 2959 D TopLevelSettings: NO dashboard tiles for TopLevelSettings
03-23 06:43:01.023 2959 2959 D TopLevelSettings: All preferences added, reporting fully drawn
03-23 06:43:01.023 2361 2361 V KeyguardUpdateMonitor: *** unregister callback for com.android.keyguard.AnimatableClockController$4@521b0ef
03-23 06:43:01.024 2361 2361 V KeyguardUpdateMonitor: *** unregister callback for com.android.keyguard.AnimatableClockController$4@a78c4da
03-23 06:43:01.025 2361 2361 V KeyguardUpdateMonitor: *** unregister callback for com.android.keyguard.KeyguardStatusViewController$2@ee8cee7
03-23 06:43:01.028 2959 2959 W BatteryBroadcastRcvr: Problem reading the battery meter.
03-23 06:43:01.029 2959 2959 I wm_on_start_called: [64326038,com.android.settings.Settings,handleStartActivity]
03-23 06:43:01.029 2959 2959 I snet_event_log: [120484087,-1,]
03-23 06:43:01.030 2959 2959 I wm_on_resume_called: [64326038,com.android.settings.Settings,RESUME_ACTIVITY]
03-23 06:43:01.030 2959 2959 I sysui_multi_action: [757,340,758,1,833,0,1089,65]
03-23 06:43:01.030 2959 2959 I sysui_multi_action: [757,35,758,1,833,0,1089,14]
03-23 06:43:01.031 2959 5018 D BatteryInfo: time for getStats: 0ms
03-23 06:43:01.031 2959 5018 D BatteryInfo: time for regular BatteryInfo: 0ms
03-23 06:43:01.031 2959 2959 I sysui_multi_action: [757,1729,758,4,854,isParalleledControllers:false,1089,15]
03-23 06:43:01.032 2361 2361 V KeyguardUpdateMonitor: *** register callback for com.android.keyguard.AnimatableClockController$4@6852d09
03-23 06:43:01.032 2361 2361 V KeyguardUpdateMonitor: *** unregister callback for null
03-23 06:43:01.032 2959 5018 D BatteryInfo: time for getBatteryInfo: 1ms
03-23 06:43:01.032 2959 2959 I wm_on_top_resumed_gained_called: [64326038,com.android.settings.Settings,topWhenResuming]
03-23 06:43:01.033 2361 2361 V KeyguardUpdateMonitor: *** register callback for com.android.keyguard.AnimatableClockController$4@da49b3c
03-23 06:43:01.033 2361 2361 V KeyguardUpdateMonitor: *** unregister callback for null
03-23 06:43:01.035 2361 2361 V KeyguardUpdateMonitor: *** register callback for com.android.keyguard.KeyguardStatusViewController$2@ab1f94b
03-23 06:43:01.035 2361 2361 V KeyguardUpdateMonitor: *** unregister callback for null
03-23 06:43:01.036 2361 2361 V KeyguardUpdateMonitor: *** unregister callback for com.android.keyguard.EmergencyButtonController$1@35e4530
03-23 06:43:01.036 2361 2361 V KeyguardUpdateMonitor: *** unregister callback for com.android.systemui.statusbar.phone.KeyguardBottomAreaView$9@59f2ee2
03-23 06:43:01.036 2959 4679 D BatteryTipLoader: BatteryInfoLoader post query: 0ms
03-23 06:43:01.036 2959 4679 D BatteryInfo: time for getBatteryInfo: 0ms
03-23 06:43:01.036 2959 4679 D BatteryTipLoader: BatteryInfoLoader.loadInBackground: 0ms
03-23 06:43:01.038 2866 2866 D EditModeHelper: setHotseatVisibility: 0
03-23 06:43:01.039 2866 2866 D Launcher.Model: startLoader
03-23 06:43:01.039 2866 2866 D Launcher.Model: java.lang.Exception
03-23 06:43:01.039 2866 2866 D Launcher.Model: at com.android.launcher3.LauncherModel.startLoader(LauncherModel.java:353)
03-23 06:43:01.039 2866 2866 D Launcher.Model: at com.android.launcher3.LauncherModel.addCallbacksAndLoad(LauncherModel.java:333)
03-23 06:43:01.039 2866 2866 D Launcher.Model: at com.android.launcher3.Launcher.onCreate(Launcher.java:529)
03-23 06:43:01.039 2866 2866 D Launcher.Model: at com.android.launcher3.BaseQuickstepLauncher.onCreate(BaseQuickstepLauncher.java:147)
03-23 06:43:01.039 2866 2866 D Launcher.Model: at android.app.Activity.performCreate(Activity.java:8085)
03-23 06:43:01.039 2866 2866 D Launcher.Model: at android.app.Activity.performCreate(Activity.java:8065)
03-23 06:43:01.039 2866 2866 D Launcher.Model: at android.app.Instrumentation.callActivityOnCreate(Instrumentation.java:1330)
03-23 06:43:01.039 2866 2866 D Launcher.Model: at android.app.ActivityThread.performLaunchActivity(ActivityThread.java:3609)
03-23 06:43:01.039 2866 2866 D Launcher.Model: at android.app.ActivityThread.handleLaunchActivity(ActivityThread.java:3793)
03-23 06:43:01.039 2866 2866 D Launcher.Model: at android.app.ActivityThread.handleRelaunchActivityInner(ActivityThread.java:5739)
03-23 06:43:01.039 2866 2866 D Launcher.Model: at android.app.ActivityThread.handleRelaunchActivity(ActivityThread.java:5631)
03-23 06:43:01.039 2866 2866 D Launcher.Model: at android.app.servertransaction.ActivityRelaunchItem.execute(ActivityRelaunchItem.java:71)
03-23 06:43:01.039 2866 2866 D Launcher.Model: at android.app.servertransaction.ActivityTransactionItem.execute(ActivityTransactionItem.java:45)
03-23 06:43:01.039 2866 2866 D Launcher.Model: at android.app.servertransaction.TransactionExecutor.executeCallbacks(TransactionExecutor.java:135)
03-23 06:43:01.039 2866 2866 D Launcher.Model: at android.app.servertransaction.TransactionExecutor.execute(TransactionExecutor.java:95)
03-23 06:43:01.039 2866 2866 D Launcher.Model: at android.app.ActivityThread$H.handleMessage(ActivityThread.java:2211)
03-23 06:43:01.039 2866 2866 D Launcher.Model: at android.os.Handler.dispatchMessage(Handler.java:106)
03-23 06:43:01.039 2866 2866 D Launcher.Model: at android.os.Looper.loopOnce(Looper.java:201)
03-23 06:43:01.039 2866 2866 D Launcher.Model: at android.os.Looper.loop(Looper.java:288)
03-23 06:43:01.039 2866 2866 D Launcher.Model: at android.app.ActivityThread.main(ActivityThread.java:7880)
03-23 06:43:01.039 2866 2866 D Launcher.Model: at java.lang.reflect.Method.invoke(Native Method)
03-23 06:43:01.039 2866 2866 D Launcher.Model: at com.android.internal.os.RuntimeInit$MethodAndArgsCaller.run(RuntimeInit.java:548)
03-23 06:43:01.039 2866 2866 D Launcher.Model: at com.android.internal.os.ZygoteInit.main(ZygoteInit.java:1009)
03-23 06:43:01.039 2866 2934 D LoaderTask: loadWorkspace: loading default favorites
03-23 06:43:01.040 2866 2934 D LauncherProvider: call: method=load_default_favorites,arg=null,extras=null
03-23 06:43:01.041 2361 2463 D ControlsListingControllerImpl: Unsubscribing callback
03-23 06:43:01.043 2959 4990 D UsageGraph: No enabled state changed, skipping updateCategory call
03-23 06:43:01.043 2361 2361 V KeyguardUpdateMonitor: *** register callback for com.android.systemui.statusbar.phone.KeyguardBottomAreaView$9@6599c04
03-23 06:43:01.043 2361 2361 V KeyguardUpdateMonitor: *** unregister callback for null
03-23 06:43:01.044 2788 2832 D ProtectUartService: received RegisterListener token:LAUNCHER_VOLTAGE_PROTECT
03-23 06:43:01.044 2866 2866 I wm_on_create_called: [88042559,com.android.launcher3.uioverrides.QuickstepLauncher,performCreate]
03-23 06:43:01.044 2866 2866 I wm_on_start_called: [88042559,com.android.launcher3.uioverrides.QuickstepLauncher,handleStartActivity]
03-23 06:43:01.045 2866 2866 I wm_on_resume_called: [88042559,com.android.launcher3.uioverrides.QuickstepLauncher,LIFECYCLER_RESUME_ACTIVITY]
03-23 06:43:01.045 2361 2463 D ControlsListingControllerImpl: Subscribing callback, service count: 0
03-23 06:43:01.046 2361 2361 V KeyguardUpdateMonitor: *** register callback for com.android.keyguard.EmergencyButtonController$1@8ff7c22
