03-23 06:42:57.483 2361 2463 E ndroid.systemu: No package ID 7f found for ID 0x7f030001.
03-23 06:42:57.483 2361 2463 E ContrastColorUtil: Drawable not found: 2130903041
03-23 06:42:57.485 2361 2463 E ndroid.systemu: No package ID 7f found for ID 0x7f030001.
03-23 06:42:57.485 2361 2463 E ContrastColorUtil: Drawable not found: 2130903041
03-23 06:42:57.497 2361 2361 W View : requestLayout() improperly called by com.android.keyguard.AlphaOptimizedLinearLayout{f6a872a V.E...... ......ID 4,0-34,33 #7f0b069b app:id/wifi_group} during layout: running second layout pass
03-23 06:42:57.533 2866 2866 E Launcher: Check mcu protect state
03-23 06:42:57.591 3298 3298 W hpplay-java: [main]:IPManager:getActiveNets invalid networkInfo:null
03-23 06:42:57.591 3298 3298 I hpplay-java: [main]:IPManager:getActiveNets eth0:false wifi:false mobile:false ap:false
03-23 06:42:57.591 3298 3298 I hpplay-java: [main]:ServerTaskManager:get local ip:null
03-23 06:42:57.628 2361 2953 I OpenGLRenderer: Davey! duration=9223371919178ms; Flags=0, FrameTimelineVsyncId=6329, IntendedVsync=117676114487, Vsync=117676114487, InputEventId=0, HandleInputStart=117676930110, AnimationStart=117676932401, PerformTraversalsStart=117677414589, DrawStart=117690363912, FrameDeadline=117692781153, FrameInterval=117676924589, FrameStartTime=16666666, SyncQueued=117690540058, SyncStart=117690608756, IssueDrawCommandsStart=117690745943, SwapBuffers=117691795370, FrameCompleted=9223372036854775807, DequeueBufferDuration=24583, QueueBufferDuration=751458, GpuCompleted=9223372036854775807, SwapBuffersCompleted=117693067558, DisplayPresentTime=0,
03-23 06:42:57.828 653 668 I mpu_uart: [MSG-P:RECV]:No message received in 1000 ms
03-23 06:42:58.031 1512 2301 I GameModeConfig: isGameModeOn = false
03-23 06:42:58.201 3134 5015 W adbd : timed out while waiting for FUNCTIONFS_BIND, trying again
03-23 06:42:58.201 3134 5015 I adbd : UsbFfs: connection terminated: monitor thread finished
03-23 06:42:58.201 3134 3134 I adbd : UsbFfs: already offline
03-23 06:42:58.201 3134 3134 I adbd : destroying transport UsbFfs
03-23 06:42:58.201 3134 3134 I adbd : UsbFfsConnection being destroyed
03-23 06:42:58.210 3134 3150 I adbd : opening control endpoint /dev/usb-ffs/adb/ep0
01-01 13:45:43.072 0 0 I : read descriptors
01-01 13:45:43.072 0 0 I : read strings
03-23 06:42:58.214 3134 3150 I adbd : UsbFfsConnection constructed
03-23 06:42:58.215 3134 5025 I adbd : UsbFfs-monitor thread spawned
03-23 06:42:58.594 3298 3298 W hpplay-java: [main]:IPManager:getActiveNets invalid networkInfo:null
03-23 06:42:58.594 3298 3298 I hpplay-java: [main]:IPManager:getActiveNets eth0:false wifi:false mobile:false ap:false
03-23 06:42:58.594 3298 3298 I hpplay-java: [main]:ServerTaskManager:get local ip:null
01-01 13:45:43.542 0 0 E DTC_ETH,link_delay_work_func: 3003, SQI=0, link=0
03-23 06:42:58.829 653 668 I mpu_uart: [MSG-P:RECV]:No message received in 1000 ms
03-23 06:42:58.866 2959 4706 I OpenGLRenderer: Davey! duration=9223371917945ms; Flags=0, FrameTimelineVsyncId=-1, IntendedVsync=118909513078, Vsync=118909515266, InputEventId=0, HandleInputStart=118909522453, AnimationStart=118909524953, PerformTraversalsStart=118909527401, DrawStart=118909636463, FrameDeadline=9223372036854775807, FrameInterval=118909515266, FrameStartTime=16666666, SyncQueued=118909747245, SyncStart=118909852453, IssueDrawCommandsStart=118913209328, SwapBuffers=118918123338, FrameCompleted=9223372036854775807, DequeueBufferDuration=47448, QueueBufferDuration=1009792, GpuCompleted=9223372036854775807, SwapBuffersCompleted=118919757245, DisplayPresentTime=0,
03-23 06:42:59.216 3134 5025 W adbd : timed out while waiting for FUNCTIONFS_BIND, trying again
03-23 06:42:59.216 3134 5025 I adbd : UsbFfs: connection terminated: monitor thread finished
03-23 06:42:59.216 3134 3134 I adbd : UsbFfs: already offline
03-23 06:42:59.217 3134 3134 I adbd : destroying transport UsbFfs
03-23 06:42:59.217 3134 3134 I adbd : UsbFfsConnection being destroyed
03-23 06:42:59.238 3134 3150 I adbd : opening control endpoint /dev/usb-ffs/adb/ep0
03-23 06:42:59.241 3134 3150 I adbd : UsbFfsConnection constructed
01-01 13:45:44.100 0 0 I : read descriptors
01-01 13:45:44.100 0 0 I : read strings
03-23 06:42:59.242 3134 5026 I adbd : UsbFfs-monitor thread spawned
03-23 06:42:59.347 1512 1816 I input_interaction: Interaction with: fdcb91f com.android.settings/com.android.settings.Settings (server), swipe-up (server), edge-swipe (server), PointerEventDispatcher0 (server),
03-23 06:42:59.430 880 880 D vendor.qti.vibrator: Vibrator perform effect 21
03-23 06:42:59.431 880 880 D vendor.qti.vibrator: Vibrator perform effect 2
03-23 06:42:59.431 880 880 D vendor.qti.vibrator: QTI Vibrator off
03-23 06:42:59.477 1512 1658 I system_server: Explicit concurrent copying GC freed 68819(3003KB) AllocSpace objects, 9(192KB) LOS objects, 49% free, 11MB/22MB, paused 426us,51us total 105.602ms
03-23 06:42:59.478 1512 1538 W JavaBinder: BinderProxy is being destroyed but the application did not call unlinkToDeath to unlink all of its death recipients beforehand. Releasing leaked death recipient: com.android.server.wm.ActivityRecord$$ExternalSyntheticLambda0
03-23 06:42:59.478 1512 1538 I BpBinder: onLastStrongRef automatically unlinking death recipients:
03-23 06:42:59.482 1512 1539 W System : A resource failed to call close.
03-23 06:42:59.483 1512 1539 W System : A resource failed to call close.
03-23 06:42:59.551 1512 1658 I configuration_changed: 1073741824
03-23 06:42:59.551 1512 1658 I ActivityTaskManager: Config changes=40000000 {0.85 ?mcc?mnc [zh_CN] ldltr sw720dp w1706dp h652dp 240dpi lrg long hdr land finger -keyb/v/h -nav/h winConfig={ mBounds=Rect(0, 0 - 2560, 1080) mAppBounds=Rect(0, 0 - 2560, 1014) mMaxBounds=Rect(0, 0 - 2560, 1080) mWindowingMode=fullscreen mDisplayWindowingMode=fullscreen mActivityType=undefined mAlwaysOnTop=undefined mRotation=ROTATION_0} s.548 fontWeightAdjustment=0}
03-23 06:42:59.558 3298 3298 I hpplay-java: [main]:DaemonService:onConfigurationChanged
03-23 06:42:59.559 1512 1658 I WindowManager: Override config changes=40000000 {0.85 ?mcc?mnc [zh_CN] ldltr sw720dp w1706dp h652dp 240dpi lrg long hdr land finger -keyb/v/h -nav/h winConfig={ mBounds=Rect(0, 0 - 2560, 1080) mAppBounds=Rect(0, 0 - 2560, 1014) mMaxBounds=Rect(0, 0 - 2560, 1080) mWindowingMode=fullscreen mDisplayWindowingMode=fullscreen mActivityType=undefined mAlwaysOnTop=undefined mRotation=ROTATION_0} s.548 fontWeightAdjustment=0} for displayId=0
03-23 06:42:59.566 3761 3761 I hintView: forceClose=true,resetShowChs=true
03-23 06:42:59.566 3761 3761 I hintView: dismissPop()
03-23 06:42:59.573 1512 1658 W ImageReader_JNI: Unable to acquire a buffer item, very likely client tried to acquire more than maxImages buffers
03-23 06:42:59.574 1512 1658 I wm_relaunch_resume_activity: [0,64326038,11,com.android.settings/.Settings]
03-23 06:42:59.575 2959 2959 I wm_on_top_resumed_lost_called: [64326038,com.android.settings.Settings,pausing]
03-23 06:42:59.575 2959 2959 I sysui_multi_action: [757,340,758,2,1089,2337]
03-23 06:42:59.576 2959 2959 I sysui_multi_action: [757,35,758,2,1089,2338]
03-23 06:42:59.576 2562 2562 D GameMode_WindowController: onConfigurationChanged orientation: 2, locate: [zh_CN]
03-23 06:42:59.577 1512 2435 I wm_relaunch_activity: [0,88042559,10,com.android.launcher3/.uioverrides.QuickstepLauncher]
03-23 06:42:59.578 1512 2435 I wm_add_to_stopping: [0,88042559,com.android.launcher3/.uioverrides.QuickstepLauncher,preloadRecents]
03-23 06:42:59.579 1512 1816 I InputDispatcher: Erasing monitor edge-swipe (server) on display 0, pid=2361
03-23 06:42:59.579 2959 2959 I wm_on_paused_called: [64326038,com.android.settings.Settings,performPause]
03-23 06:42:59.580 988 2440 I BpBinder: onLastStrongRef automatically unlinking death recipients:
03-23 06:42:59.580 2866 4613 E FrameEvents: updateAcquireFence: Did not find frame.
03-23 06:42:59.583 2866 4613 E FrameEvents: updateAcquireFence: Did not find frame.
03-23 06:42:59.583 2959 2959 I wm_on_stop_called: [64326038,com.android.settings.Settings,handleRelaunchActivity]
03-23 06:42:59.585 2866 4613 E FrameEvents: updateAcquireFence: Did not find frame.
03-23 06:42:59.586 2959 2959 I wm_on_destroy_called: [64326038,com.android.settings.Settings,performDestroy]
03-23 06:42:59.586 2866 4613 E FrameEvents: updateAcquireFence: Did not find frame.
03-23 06:42:59.587 1512 2435 W InputManager-JNI: Input channel object '4ad1fd3 NavigationBar0 (client)' was disposed without first being removed with the input manager!
03-23 06:42:59.589 1512 4101 W InputManager-JNI: Input channel object 'fdcb91f com.android.settings/com.android.settings.Settings (client)' was disposed without first being removed with the input manager!
03-23 06:42:59.590 2866 2866 D Launcher.Model: startLoader
03-23 06:42:59.590 2866 2866 D Launcher.Model: java.lang.Exception
03-23 06:42:59.590 2866 2866 D Launcher.Model: at com.android.launcher3.LauncherModel.startLoader(LauncherModel.java:353)
03-23 06:42:59.590 2866 2866 D Launcher.Model: at com.android.launcher3.LauncherModel.forceReload(LauncherModel.java:298)
03-23 06:42:59.590 2866 2866 D Launcher.Model: at com.android.launcher3.LauncherAppState.refreshAndReloadLauncher(LauncherAppState.java:161)
03-23 06:42:59.590 2866 2866 D Launcher.Model: at com.android.launcher3.LauncherAppState.lambda$new$0$LauncherAppState(LauncherAppState.java:89)
03-23 06:42:59.590 2866 2866 D Launcher.Model: at com.android.launcher3.LauncherAppState$$ExternalSyntheticLambda0.onIdpChanged(Unknown Source:2)
03-23 06:42:59.590 2866 2866 D Launcher.Model: at com.android.launcher3.InvariantDeviceProfile.onConfigChanged(InvariantDeviceProfile.java:379)
03-23 06:42:59.590 2866 2866 D Launcher.Model: at com.android.launcher3.InvariantDeviceProfile.lambda$new$0$InvariantDeviceProfile(InvariantDeviceProfile.java:199)
03-23 06:42:59.590 2866 2866 D Launcher.Model: at com.android.launcher3.InvariantDeviceProfile$$ExternalSyntheticLambda0.onDisplayInfoChanged(Unknown Source:2)
03-23 06:42:59.590 2866 2866 D Launcher.Model: at com.android.launcher3.util.DisplayController.notifyChange(DisplayController.java:237)
03-23 06:42:59.590 2866 2866 D Launcher.Model: at com.android.launcher3.util.DisplayController.lambda$handleInfoChange$0$DisplayController(DisplayController.java:231)
03-23 06:42:59.590 2866 2866 D Launcher.Model: at com.android.launcher3.util.DisplayController$$ExternalSyntheticLambda1.run(Unknown Source:6)
03-23 06:42:59.590 2866 2866 D Launcher.Model: at com.android.launcher3.util.LooperExecutor.execute(LooperExecutor.java:45)
03-23 06:42:59.590 2866 2866 D Launcher.Model: at com.android.launcher3.util.DisplayController.handleInfoChange(DisplayController.java:231)
03-23 06:42:59.590 2866 2866 D Launcher.Model: at com.android.launcher3.util.DisplayController.onConfigurationChanged(DisplayController.java:180)
03-23 06:42:59.590 2866 2866 D Launcher.Model: at android.content.ComponentCallbacksController.lambda$dispatchConfigurationChanged$0(ComponentCallbacksController.java:91)
03-23 06:42:59.590 2866 2866 D Launcher.Model: at android.content.ComponentCallbacksController$$ExternalSyntheticLambda1.accept(Unknown Source:4)
03-23 06:42:59.590 2866 2866 D Launcher.Model: at android.content.ComponentCallbacksController.forAllComponentCallbacks(ComponentCallbacksController.java:124)
03-23 06:42:59.590 2866 2866 D Launcher.Model: at android.content.ComponentCallbacksController.dispatchConfigurationChanged(ComponentCallbacksController.java:91)
03-23 06:42:59.590 2866 2866 D Launcher.Model: at android.window.WindowContext.dispatchConfigurationChanged(WindowContext.java:125)
03-23 06:42:59.590 2866 2866 D Launcher.Model: at android.window.WindowTokenClient.lambda$onConfigurationChanged$0(WindowTokenClient.java:90)
03-23 06:42:59.590 2866 2866 D Launcher.Model: at android.window.WindowTokenClient$$ExternalSyntheticLambda0.run(Unknown Source:4)
03-23 06:42:59.590 2866 2866 D Launcher.Model: at android.os.Handler.handleCallback(Handler.java:938)
03-23 06:42:59.590 2866 2866 D Launcher.Model: at android.os.Handler.dispatchMessage(Handler.java:99)
03-23 06:42:59.590 2866 2866 D Launcher.Model: at android.os.Looper.loopOnce(Looper.java:201)
03-23 06:42:59.590 2866 2866 D Launcher.Model: at android.os.Looper.loop(Looper.java:288)
03-23 06:42:59.590 2866 2866 D Launcher.Model: at android.app.ActivityThread.main(ActivityThread.java:7880)
03-23 06:42:59.590 2866 2866 D Launcher.Model: at java.lang.reflect.Method.invoke(Native Method)
03-23 06:42:59.590 2866 2866 D Launcher.Model: at com.android.internal.os.RuntimeInit$MethodAndArgsCaller.run(RuntimeInit.java:548)
03-23 06:42:59.590 2866 2866 D Launcher.Model: at com.android.internal.os.ZygoteInit.main(ZygoteInit.java:1009)
03-23 06:42:59.590 2361 2361 D NavigationModeController: getCurrentInteractionMode: mode=2 contextUser=0
03-23 06:42:59.591 2866 2866 E libprocessgroup: set_timerslack_ns write failed: Operation not permitted
03-23 06:42:59.591 2361 2361 D NavigationModeController: getCurrentInteractionMode: mode=2 contextUser=0
03-23 06:42:59.591 2866 2934 D LoaderTask: loadWorkspace: loading default favorites
03-23 06:42:59.591 2866 2934 D LauncherProvider: call: method=load_default_favorites,arg=null,extras=null
03-23 06:42:59.592 2866 2866 D DeviceProfile: updateIconDrawableOffset: folderIconSizePx=80
03-23 06:42:59.594 3298 3298 W hpplay-java: [main]:IPManager:getActiveNets invalid networkInfo:null
03-23 06:42:59.594 3298 3298 I hpplay-java: [main]:IPManager:getActiveNets eth0:false wifi:false mobile:false ap:false
03-23 06:42:59.594 3298 3298 I hpplay-java: [main]:ServerTaskManager:get local ip:null
03-23 06:42:59.595 2866 2934 D BaseIconFactory: normalizeAndWrapToAdaptiveIcon: scale=0.8096529
03-23 06:42:59.596 2866 2934 D BaseIconFactory: normalizeAndWrapToAdaptiveIcon: scale=0.8096529
03-23 06:42:59.596 2361 2361 D NavigationModeController: getCurrentUserContext: contextUser=0 currentUser=0
03-23 06:42:59.598 2361 2361 D NavigationModeController: getCurrentInteractionMode: mode=2 contextUser=0
03-23 06:42:59.599 2866 2934 D BaseIconFactory: normalizeAndWrapToAdaptiveIcon: scale=0.8096529
03-23 06:42:59.599 2959 2959 D PrefCtrlListHelper: Could not find Context-only controller for pref: com.android.settings.network.TopLevelNetworkEntryPreferenceController
03-23 06:42:59.599 2959 2959 D PrefCtrlListHelper: Could not find Context-only controller for pref: com.android.settings.connecteddevice.TopLevelConnectedDevicesPreferenceController
03-23 06:42:59.599 2959 2959 D PrefCtrlListHelper: Could not find Context-only controller for pref: com.android.settings.fuelgauge.TopLevelBatteryPreferenceController
03-23 06:42:59.599 2959 2959 D PrefCtrlListHelper: Could not find Context-only controller for pref: com.android.settings.deviceinfo.TopLevelStoragePreferenceController
03-23 06:42:59.599 2959 2959 D PrefCtrlListHelper: Could not find Context-only controller for pref: com.android.settings.display.TopLevelDisplayPreferenceController
03-23 06:42:59.599 2959 2959 D PrefCtrlListHelper: Could not find Context-only controller for pref: com.android.settings.display.TopLevelWallpaperPreferenceController
03-23 06:42:59.600 2959 2959 D PrefCtrlListHelper: Could not find Context-only controller for pref: com.android.settings.accessibility.TopLevelAccessibilityPreferenceController
03-23 06:42:59.600 2959 2959 D PrefCtrlListHelper: Could not find Context-only controller for pref: com.android.settings.security.TopLevelSecurityEntryPreferenceController
03-23 06:42:59.600 2959 2959 D PrefCtrlListHelper: Could not find Context-only controller for pref: com.android.settings.location.TopLevelLocationPreferenceController
03-23 06:42:59.600 2959 2959 D PrefCtrlListHelper: Could not find Context-only controller for pref: com.android.settings.accounts.TopLevelAccountEntryPreferenceController
03-23 06:42:59.600 2959 2959 D PrefCtrlListHelper: Could not find Context-only controller for pref: com.android.settings.deviceinfo.aboutphone.TopLevelAboutDevicePreferenceController
03-23 06:42:59.600 2959 2959 D PrefCtrlListHelper: Could not find Context-only controller for pref: com.android.settings.support.SupportPreferenceController
03-23 06:42:59.601 2866 2934 D BaseIconFactory: normalizeAndWrapToAdaptiveIcon: scale=0.8096529
03-23 06:42:59.601 1512 4101 E UserRestrictionsUtils: Unknown restriction queried by uid 1000 (vendor.qti.qesdk.sysservice et al): null
03-23 06:42:59.601 2866 2866 D EditModeHelper: setHotseatVisibility: 0
03-23 06:42:59.601 1512 4101 E UserRestrictionsUtils: Unknown restriction queried by uid 1000 (vendor.qti.qesdk.sysservice et al): null
03-23 06:42:59.602 1512 4101 E UserRestrictionsUtils: Unknown restriction queried by uid 1000 (vendor.qti.qesdk.sysservice et al): null
03-23 06:42:59.602 1512 4101 E UserRestrictionsUtils: Unknown restriction queried by uid 1000 (vendor.qti.qesdk.sysservice et al): null
03-23 06:42:59.602 1512 4101 E UserRestrictionsUtils: Unknown restriction queried by uid 1000 (vendor.qti.qesdk.sysservice et al): null
03-23 06:42:59.602 1512 2435 E UserRestrictionsUtils: Unknown restriction queried by uid 1000 (vendor.qti.qesdk.sysservice et al): null
03-23 06:42:59.602 1512 4101 E UserRestrictionsUtils: Unknown restriction queried by uid 1000 (vendor.qti.qesdk.sysservice et al): null
03-23 06:42:59.603 1512 4101 E UserRestrictionsUtils: Unknown restriction queried by uid 1000 (vendor.qti.qesdk.sysservice et al): null
03-23 06:42:59.603 1512 2435 E UserRestrictionsUtils: Unknown restriction queried by uid 1000 (vendor.qti.qesdk.sysservice et al): null
03-23 06:42:59.603 2866 2866 D Launcher.Model: startLoader
03-23 06:42:59.603 2866 2866 D Launcher.Model: java.lang.Exception
03-23 06:42:59.603 2866 2866 D Launcher.Model: at com.android.launcher3.LauncherModel.startLoader(LauncherModel.java:353)
03-23 06:42:59.603 2866 2866 D Launcher.Model: at com.android.launcher3.LauncherModel.rebindCallbacks(LauncherModel.java:307)
03-23 06:42:59.603 2866 2866 D Launcher.Model: at com.android.launcher3.Launcher.onIdpChanged(Launcher.java:659)
03-23 06:42:59.603 2866 2866 D Launcher.Model: at com.android.launcher3.InvariantDeviceProfile.onConfigChanged(InvariantDeviceProfile.java:379)
03-23 06:42:59.603 2866 2866 D Launcher.Model: at com.android.launcher3.InvariantDeviceProfile.lambda$new$0$InvariantDeviceProfile(InvariantDeviceProfile.java:199)
03-23 06:42:59.603 2866 2866 D Launcher.Model: at com.android.launcher3.InvariantDeviceProfile$$ExternalSyntheticLambda0.onDisplayInfoChanged(Unknown Source:2)
03-23 06:42:59.603 2866 2866 D Launcher.Model: at com.android.launcher3.util.DisplayController.notifyChange(DisplayController.java:237)
03-23 06:42:59.603 2866 2866 D Launcher.Model: at com.android.launcher3.util.DisplayController.lambda$handleInfoChange$0$DisplayController(DisplayController.java:231)
03-23 06:42:59.603 2866 2866 D Launcher.Model: at com.android.launcher3.util.DisplayController$$ExternalSyntheticLambda1.run(Unknown Source:6)
03-23 06:42:59.603 2866 2866 D Launcher.Model: at com.android.launcher3.util.LooperExecutor.execute(LooperExecutor.java:45)
03-23 06:42:59.603 2866 2866 D Launcher.Model: at com.android.launcher3.util.DisplayController.handleInfoChange(DisplayController.java:231)
03-23 06:42:59.603 2866 2866 D Launcher.Model: at com.android.launcher3.util.DisplayController.onConfigurationChanged(DisplayController.java:180)
03-23 06:42:59.603 2866 2866 D Launcher.Model: at android.content.ComponentCallbacksController.lambda$dispatchConfigurationChanged$0(ComponentCallbacksController.java:91)
03-23 06:42:59.603 2866 2866 D Launcher.Model: at android.content.ComponentCallbacksController$$ExternalSyntheticLambda1.accept(Unknown Source:4)
03-23 06:42:59.603 2866 2866 D Launcher.Model: at android.content.ComponentCallbacksController.forAllComponentCallbacks(ComponentCallbacksController.java:124)
03-23 06:42:59.603 2866 2866 D Launcher.Model: at android.content.ComponentCallbacksController.dispatchConfigurationChanged(ComponentCallbacksController.java:91)
03-23 06:42:59.603 2866 2866 D Launcher.Model: at android.window.WindowContext.dispatchConfigurationChanged(WindowContext.java:125)
03-23 06:42:59.603 2866 2866 D Launcher.Model: at android.window.WindowTokenClient.lambda$onConfigurationChanged$0(WindowTokenClient.java:90)
03-23 06:42:59.603 2866 2866 D Launcher.Model: at android.window.WindowTokenClient$$ExternalSyntheticLambda0.run(Unknown Source:4)
03-23 06:42:59.603 2866 2866 D Launcher.Model: at android.os.Handler.handleCallback(Handler.java:938)
03-23 06:42:59.603 2866 2866 D Launcher.Model: at android.os.Handler.dispatchMessage(Handler.java:99)
03-23 06:42:59.603 2866 2866 D Launcher.Model: at android.os.Looper.loopOnce(Looper.java:201)
03-23 06:42:59.603 2866 2866 D Launcher.Model: at android.os.Looper.loop(Looper.java:288)
03-23 06:42:59.603 2866 2866 D Launcher.Model: at android.app.ActivityThread.main(ActivityThread.java:7880)
03-23 06:42:59.603 2866 2866 D Launcher.Model: at java.lang.reflect.Method.invoke(Native Method)
03-23 06:42:59.603 2866 2866 D Launcher.Model: at com.android.internal.os.RuntimeInit$MethodAndArgsCaller.run(RuntimeInit.java:548)
03-23 06:42:59.603 2866 2866 D Launcher.Model: at com.android.internal.os.ZygoteInit.main(ZygoteInit.java:1009)
03-23 06:42:59.603 1512 2435 E UserRestrictionsUtils: Unknown restriction queried by uid 1000 (vendor.qti.qesdk.sysservice et al): null
03-23 06:42:59.603 1512 2435 E UserRestrictionsUtils: Unknown restriction queried by uid 1000 (vendor.qti.qesdk.sysservice et al): null
03-23 06:42:59.603 2866 2934 D BaseIconFactory: normalizeAndWrapToAdaptiveIcon: scale=0.8096529
03-23 06:42:59.603 1512 2435 E UserRestrictionsUtils: Unknown restriction queried by uid 1000 (vendor.qti.qesdk.sysservice et al): null
03-23 06:42:59.604 1512 4101 E UserRestrictionsUtils: Unknown restriction queried by uid 1000 (vendor.qti.qesdk.sysservice et al): null
03-23 06:42:59.604 1512 2435 E UserRestrictionsUtils: Unknown restriction queried by uid 1000 (vendor.qti.qesdk.sysservice et al): null
03-23 06:42:59.604 1512 2435 E UserRestrictionsUtils: Unknown restriction queried by uid 1000 (vendor.qti.qesdk.sysservice et al): null
03-23 06:42:59.604 1512 2435 E UserRestrictionsUtils: Unknown restriction queried by uid 1000 (vendor.qti.qesdk.sysservice et al): null
03-23 06:42:59.605 1512 3375 E UserRestrictionsUtils: Unknown restriction queried by uid 1000 (vendor.qti.qesdk.sysservice et al): null
03-23 06:42:59.605 1512 2435 E UserRestrictionsUtils: Unknown restriction queried by uid 1000 (vendor.qti.qesdk.sysservice et al): null
03-23 06:42:59.605 2866 2934 D LoaderTask: loadWorkspace
03-23 06:42:59.605 2959 2959 W InstrumentedPrefFrag: Screen title missing for fragment com.android.settings.homepage.TopLevelSettings
03-23 06:42:59.605 2866 2934 D LoaderTask: Cancelled
03-23 06:42:59.605 2866 2934 D LoaderTask: loadWorkspace: loading default favorites
03-23 06:42:59.605 2866 2934 D LauncherProvider: call: method=load_default_favorites,arg=null,extras=null
03-23 06:42:59.606 2959 2959 D TopLevelSettings: NO dashboard tiles for TopLevelSettings
03-23 06:42:59.606 2959 2959 D TopLevelSettings: All preferences added, reporting fully drawn
03-23 06:42:59.607 2361 2361 D StatusBar: disable disable2
03-23 06:42:59.607 2866 2866 D Launcher.Model: startLoader
03-23 06:42:59.607 2866 2866 D Launcher.Model: java.lang.Exception
03-23 06:42:59.607 2866 2866 D Launcher.Model: at com.android.launcher3.LauncherModel.startLoader(LauncherModel.java:353)
03-23 06:42:59.607 2866 2866 D Launcher.Model: at com.android.launcher3.LauncherModel.removeCallbacks(LauncherModel.java:320)
03-23 06:42:59.607 2866 2866 D Launcher.Model: at com.android.launcher3.Launcher.onDestroy(Launcher.java:1772)
03-23 06:42:59.607 2866 2866 D Launcher.Model: at com.android.launcher3.BaseQuickstepLauncher.onDestroy(BaseQuickstepLauncher.java:163)
03-23 06:42:59.607 2866 2866 D Launcher.Model: at com.android.launcher3.uioverrides.QuickstepLauncher.onDestroy(QuickstepLauncher.java:239)
03-23 06:42:59.607 2866 2866 D Launcher.Model: at android.app.Activity.performDestroy(Activity.java:8350)
03-23 06:42:59.607 2866 2866 D Launcher.Model: at android.app.Instrumentation.callActivityOnDestroy(Instrumentation.java:1365)
03-23 06:42:59.607 2866 2866 D Launcher.Model: at android.app.ActivityThread.performDestroyActivity(ActivityThread.java:5375)
03-23 06:42:59.607 2866 2866 D Launcher.Model: at android.app.ActivityThread.handleDestroyActivity(ActivityThread.java:5421)
03-23 06:42:59.607 2866 2866 D Launcher.Model: at android.app.ActivityThread.handleRelaunchActivityInner(ActivityThread.java:5715)
03-23 06:42:59.607 2866 2866 D Launcher.Model: at android.app.ActivityThread.handleRelaunchActivity(ActivityThread.java:5631)
03-23 06:42:59.607 2866 2866 D Launcher.Model: at android.app.servertransaction.ActivityRelaunchItem.execute(ActivityRelaunchItem.java:71)
03-23 06:42:59.607 2866 2866 D Launcher.Model: at android.app.servertransaction.ActivityTransactionItem.execute(ActivityTransactionItem.java:45)
03-23 06:42:59.607 2866 2866 D Launcher.Model: at android.app.servertransaction.TransactionExecutor.executeCallbacks(TransactionExecutor.java:135)
03-23 06:42:59.607 2866 2866 D Launcher.Model: at android.app.servertransaction.TransactionExecutor.execute(TransactionExecutor.java:95)
03-23 06:42:59.607 2866 2866 D Launcher.Model: at android.app.ActivityThread$H.handleMessage(ActivityThread.java:2211)
03-23 06:42:59.607 2866 2866 D Launcher.Model: at android.os.Handler.dispatchMessage(Handler.java:106)
03-23 06:42:59.607 2866 2866 D Launcher.Model: at android.os.Looper.loopOnce(Looper.java:201)
03-23 06:42:59.607 2866 2866 D Launcher.Model: at android.os.Looper.loop(Looper.java:288)
03-23 06:42:59.607 2866 2866 D Launcher.Model: at android.app.ActivityThread.main(ActivityThread.java:7880)
03-23 06:42:59.607 2866 2866 D Launcher.Model: at java.lang.reflect.Method.invoke(Native Method)
03-23 06:42:59.607 2866 2866 D Launcher.Model: at com.android.internal.os.RuntimeInit$MethodAndArgsCaller.run(RuntimeInit.java:548)
03-23 06:42:59.607 2866 2866 D Launcher.Model: at com.android.internal.os.ZygoteInit.main(ZygoteInit.java:1009)
03-23 06:42:59.608 2788 2832 D ProtectUartService: received unRegisterListener token:LAUNCHER_VOLTAGE_PROTECT
03-23 06:42:59.608 2866 2866 I wm_on_destroy_called: [88042559,com.android.launcher3.uioverrides.QuickstepLauncher,performDestroy]
03-23 06:42:59.609 2866 2934 D LoaderTask: loadWorkspace
03-23 06:42:59.609 2866 2934 D LoaderTask: Cancelled
03-23 06:42:59.610 2361 2361 W ConstraintSet: id unknown center_vertical_guideline
03-23 06:42:59.610 2361 2361 W ConstraintSet: id unknown center_horizontal_guideline
03-23 06:42:59.610 2361 2361 W ConstraintSet: id unknown media_action_barrier
03-23 06:42:59.610 1512 4101 W InputManager-JNI: Input channel object '5932c21 com.android.launcher3/com.android.launcher3.uioverrides.QuickstepLauncher (client)' was disposed without first being removed with the input manager!
03-23 06:42:59.610 2361 2361 W ConstraintSet: id unknown remove_text
03-23 06:42:59.610 2361 2361 W ConstraintSet: id unknown settings
03-23 06:42:59.610 2361 2361 W ConstraintSet: id unknown cancel
03-23 06:42:59.611 2361 2361 W ConstraintSet: id unknown dismiss
03-23 06:42:59.613 2959 2959 D PrefCtrlListHelper: Could not find Context-only controller for pref: com.android.settings.display.AutoBrightnessPreferenceController
03-23 06:42:59.613 2959 2959 D PrefCtrlListHelper: Could not find Context-only controller for pref: com.android.settings.security.screenlock.LockScreenPreferenceController
03-23 06:42:59.613 2959 2959 D PrefCtrlListHelper: Could not find Context-only controller for pref: com.android.settings.display.DarkUIPreferenceController
03-23 06:42:59.613 2959 2959 D PrefCtrlListHelper: Could not find Context-only controller for pref: com.android.settings.display.FontSizePreferenceController
03-23 06:42:59.613 2959 2959 D PrefCtrlListHelper: Could not find Context-only controller for pref: com.android.settings.display.NightDisplayPreferenceController
03-23 06:42:59.614 2959 2959 D PrefCtrlListHelper: Could not find Context-only controller for pref: com.android.settings.display.ColorModePreferenceController
03-23 06:42:59.614 2959 2959 D PrefCtrlListHelper: Could not find Context-only controller for pref: com.android.settings.display.AutoRotatePreferenceController
03-23 06:42:59.614 2959 2959 D PrefCtrlListHelper: Could not find Context-only controller for pref: com.android.settings.display.DisplayWhiteBalancePreferenceController
03-23 06:42:59.614 2959 2959 D PrefCtrlListHelper: Could not find Context-only controller for pref: com.android.settings.display.PeakRefreshRatePreferenceController
03-23 06:42:59.614 2959 2959 D RefreshRatePrefCtr: DEFAULT_REFRESH_RATE : 60.0 mPeakRefreshRate : 60.0
03-23 06:42:59.614 2959 2959 D PrefCtrlListHelper: Could not find Context-only controller for pref: com.android.settings.display.HotSeatDirPreferenceController
03-23 06:42:59.615 1512 4101 E UserRestrictionsUtils: Unknown restriction queried by uid 1000 (vendor.qti.qesdk.sysservice et al): null
03-23 06:42:59.615 1512 3353 E UserRestrictionsUtils: Unknown restriction queried by uid 1000 (vendor.qti.qesdk.sysservice et al): null
03-23 06:42:59.615 1512 3353 E UserRestrictionsUtils: Unknown restriction queried by uid 1000 (vendor.qti.qesdk.sysservice et al): null
03-23 06:42:59.616 1512 4101 E UserRestrictionsUtils: Unknown restriction queried by uid 1000 (vendor.qti.qesdk.sysservice et al): null
03-23 06:42:59.617 1512 3353 E UserRestrictionsUtils: Unknown restriction queried by uid 1000 (vendor.qti.qesdk.sysservice et al): null
03-23 06:42:59.618 2959 2959 D DisplaySettings: NO dashboard tiles for DisplaySettings
03-23 06:42:59.618 2959 2959 D DisplaySettings: All preferences added, reporting fully drawn
03-23 06:42:59.618 2866 2866 D DeviceProfile: updateIconDrawableOffset: folderIconSizePx=80
03-23 06:42:59.621 2959 2959 I SettingsHomepageActivity: SettingsHomepageActivity: onCreate
03-23 06:42:59.629 2959 2959 D AvatarViewMixin: Feature disabled by config. Skipping
03-23 06:42:59.629 2959 2959 I wm_on_create_called: [64326038,com.android.settings.Settings,performCreate]
03-23 06:42:59.629 2361 2361 W ConstraintSet: id unknown center_vertical_guideline
03-23 06:42:59.629 2361 2361 W ConstraintSet: id unknown center_horizontal_guideline
03-23 06:42:59.630 2361 2361 W ConstraintSet: id unknown media_action_barrier
03-23 06:42:59.630 2361 2361 W ConstraintSet: id unknown remove_text
03-23 06:42:59.630 2361 2361 W ConstraintSet: id unknown settings
03-23 06:42:59.630 2361 2361 W ConstraintSet: id unknown cancel
03-23 06:42:59.630 2361 2361 W ConstraintSet: id unknown dismiss
03-23 06:42:59.630 2988 3838 D QCCAuthMgr: SMQContentProvider query uri: content://com.qti.smq.Feedback.provider/smq_settings, selection: key=?, uri_matcher: 1
03-23 06:42:59.630 2988 3838 D QCCAuthMgr: SMQContentProvider query tableName: smq_settings
03-23 06:42:59.635 1512 2435 W FreeFormWindowHelper: Current Display FreeFormTask is null
03-23 06:42:59.636 2866 2866 E ThemeUtils: View class com.android.quickstep.views.ClearAllImageView is an AppCompat widget that can only be used with a Theme.AppCompat theme (or descendant).
03-23 06:42:59.639 2361 2361 D KeyguardViewMediator: adjustStatusBarLocked: mShowing=false mOccluded=false isSecure=false force=false --> flags=0x0
03-23 06:42:59.641 2959 2959 D PrefCtrlListHelper: Could not find Context-only controller for pref: com.android.settings.network.TopLevelNetworkEntryPreferenceController
03-23 06:42:59.642 2959 2959 D PrefCtrlListHelper: Could not find Context-only controller for pref: com.android.settings.connecteddevice.TopLevelConnectedDevicesPreferenceController
03-23 06:42:59.642 2959 2959 D PrefCtrlListHelper: Could not find Context-only controller for pref: com.android.settings.fuelgauge.TopLevelBatteryPreferenceController
03-23 06:42:59.642 2959 2959 D PrefCtrlListHelper: Could not find Context-only controller for pref: com.android.settings.deviceinfo.TopLevelStoragePreferenceController
03-23 06:42:59.642 2959 2959 D PrefCtrlListHelper: Could not find Context-only controller for pref: com.android.settings.display.TopLevelDisplayPreferenceController
03-23 06:42:59.642 2959 2959 D PrefCtrlListHelper: Could not find Context-only controller for pref: com.android.settings.display.TopLevelWallpaperPreferenceController
03-23 06:42:59.642 2959 2959 D PrefCtrlListHelper: Could not find Context-only controller for pref: com.android.settings.accessibility.TopLevelAccessibilityPreferenceController
03-23 06:42:59.642 2959 2959 D PrefCtrlListHelper: Could not find Context-only controller for pref: com.android.settings.security.TopLevelSecurityEntryPreferenceController
03-23 06:42:59.642 2959 2959 D PrefCtrlListHelper: Could not find Context-only controller for pref: com.android.settings.location.TopLevelLocationPreferenceController
03-23 06:42:59.642 2959 2959 D PrefCtrlListHelper: Could not find Context-only controller for pref: com.android.settings.accounts.TopLevelAccountEntryPreferenceController
03-23 06:42:59.642 2959 2959 D PrefCtrlListHelper: Could not find Context-only controller for pref: com.android.settings.deviceinfo.aboutphone.TopLevelAboutDevicePreferenceController
03-23 06:42:59.642 2959 2959 D PrefCtrlListHelper: Could not find Context-only controller for pref: com.android.settings.support.SupportPreferenceController
03-23 06:42:59.643 1512 2435 E UserRestrictionsUtils: Unknown restriction queried by uid 1000 (vendor.qti.qesdk.sysservice et al): null
03-23 06:42:59.643 1512 2435 E UserRestrictionsUtils: Unknown restriction queried by uid 1000 (vendor.qti.qesdk.sysservice et al): null
03-23 06:42:59.643 1512 3353 E UserRestrictionsUtils: Unknown restriction queried by uid 1000 (vendor.qti.qesdk.sysservice et al): null
03-23 06:42:59.644 1512 2435 E UserRestrictionsUtils: Unknown restriction queried by uid 1000 (vendor.qti.qesdk.sysservice et al): null
03-23 06:42:59.644 1512 3353 E UserRestrictionsUtils: Unknown restriction queried by uid 1000 (vendor.qti.qesdk.sysservice et al): null
03-23 06:42:59.644 1512 3353 E UserRestrictionsUtils: Unknown restriction queried by uid 1000 (vendor.qti.qesdk.sysservice et al): null
03-23 06:42:59.644 1512 3353 E UserRestrictionsUtils: Unknown restriction queried by uid 1000 (vendor.qti.qesdk.sysservice et al): null
03-23 06:42:59.644 1512 4101 E UserRestrictionsUtils: Unknown restriction queried by uid 1000 (vendor.qti.qesdk.sysservice et al): null
03-23 06:42:59.644 2361 2361 V KeyguardUpdateMonitor: *** unregister callback for com.android.keyguard.AnimatableClockController$4@fdf42e2
03-23 06:42:59.645 2361 2361 V KeyguardUpdateMonitor: *** unregister callback for com.android.keyguard.AnimatableClockController$4@d5669a9
03-23 06:42:59.645 1512 3353 E UserRestrictionsUtils: Unknown restriction queried by uid 1000 (vendor.qti.qesdk.sysservice et al): null
03-23 06:42:59.645 2866 2866 D EditModeHelper: setHotseatVisibility: 0
03-23 06:42:59.645 1512 2435 E UserRestrictionsUtils: Unknown restriction queried by uid 1000 (vendor.qti.qesdk.sysservice et al): null
03-23 06:42:59.645 1512 3353 E UserRestrictionsUtils: Unknown restriction queried by uid 1000 (vendor.qti.qesdk.sysservice et al): null
03-23 06:42:59.645 1512 4101 E UserRestrictionsUtils: Unknown restriction queried by uid 1000 (vendor.qti.qesdk.sysservice et al): null
03-23 06:42:59.645 1512 4101 E UserRestrictionsUtils: Unknown restriction queried by uid 1000 (vendor.qti.qesdk.sysservice et al): null
03-23 06:42:59.646 2361 2361 V KeyguardUpdateMonitor: *** unregister callback for com.android.keyguard.KeyguardStatusViewController$2@f424c3a
03-23 06:42:59.646 1512 4101 E UserRestrictionsUtils: Unknown restriction queried by uid 1000 (vendor.qti.qesdk.sysservice et al): null
03-23 06:42:59.646 2866 2866 D Launcher.Model: startLoader
03-23 06:42:59.646 2866 2866 D Launcher.Model: java.lang.Exception
03-23 06:42:59.646 2866 2866 D Launcher.Model: at com.android.launcher3.LauncherModel.startLoader(LauncherModel.java:353)
03-23 06:42:59.646 2866 2866 D Launcher.Model: at com.android.launcher3.LauncherModel.addCallbacksAndLoad(LauncherModel.java:333)
03-23 06:42:59.646 2866 2866 D Launcher.Model: at com.android.launcher3.Launcher.onCreate(Launcher.java:529)
03-23 06:42:59.646 2866 2866 D Launcher.Model: at com.android.launcher3.BaseQuickstepLauncher.onCreate(BaseQuickstepLauncher.java:147)
03-23 06:42:59.646 2866 2866 D Launcher.Model: at android.app.Activity.performCreate(Activity.java:8085)
03-23 06:42:59.646 2866 2866 D Launcher.Model: at android.app.Activity.performCreate(Activity.java:8065)
03-23 06:42:59.646 2866 2866 D Launcher.Model: at android.app.Instrumentation.callActivityOnCreate(Instrumentation.java:1330)
03-23 06:42:59.646 2866 2866 D Launcher.Model: at android.app.ActivityThread.performLaunchActivity(ActivityThread.java:3609)
03-23 06:42:59.646 2866 2866 D Launcher.Model: at android.app.ActivityThread.handleLaunchActivity(ActivityThread.java:3793)
03-23 06:42:59.646 2866 2866 D Launcher.Model: at android.app.ActivityThread.handleRelaunchActivityInner(ActivityThread.java:5739)
03-23 06:42:59.646 2866 2866 D Launcher.Model: at android.app.ActivityThread.handleRelaunchActivity(ActivityThread.java:5631)
03-23 06:42:59.646 2866 2866 D Launcher.Model: at android.app.servertransaction.ActivityRelaunchItem.execute(ActivityRelaunchItem.java:71)
03-23 06:42:59.646 2866 2866 D Launcher.Model: at android.app.servertransaction.ActivityTransactionItem.execute(ActivityTransactionItem.java:45)
03-23 06:42:59.646 2866 2866 D Launcher.Model: at android.app.servertransaction.TransactionExecutor.executeCallbacks(TransactionExecutor.java:135)
03-23 06:42:59.646 2866 2866 D Launcher.Model: at android.app.servertransaction.TransactionExecutor.execute(TransactionExecutor.java:95)
03-23 06:42:59.646 2866 2866 D Launcher.Model: at android.app.ActivityThread$H.handleMessage(ActivityThread.java:2211)
03-23 06:42:59.646 2866 2866 D Launcher.Model: at android.os.Handler.dispatchMessage(Handler.java:106)
03-23 06:42:59.646 2866 2866 D Launcher.Model: at android.os.Looper.loopOnce(Looper.java:201)
03-23 06:42:59.646 2866 2866 D Launcher.Model: at android.os.Looper.loop(Looper.java:288)
03-23 06:42:59.646 2866 2866 D Launcher.Model: at android.app.ActivityThread.main(ActivityThread.java:7880)
03-23 06:42:59.646 2866 2866 D Launcher.Model: at java.lang.reflect.Method.invoke(Native Method)
03-23 06:42:59.646 2866 2866 D Launcher.Model: at com.android.internal.os.RuntimeInit$MethodAndArgsCaller.run(RuntimeInit.java:548)
03-23 06:42:59.646 2866 2866 D Launcher.Model: at com.android.internal.os.ZygoteInit.main(ZygoteInit.java:1009)
03-23 06:42:59.646 1512 4101 E UserRestrictionsUtils: Unknown restriction queried by uid 1000 (vendor.qti.qesdk.sysservice et al): null
03-23 06:42:59.646 1512 4101 E UserRestrictionsUtils: Unknown restriction queried by uid 1000 (vendor.qti.qesdk.sysservice et al): null
03-23 06:42:59.646 1512 4101 E UserRestrictionsUtils: Unknown restriction queried by uid 1000 (vendor.qti.qesdk.sysservice et al): null
03-23 06:42:59.646 1512 2435 E UserRestrictionsUtils: Unknown restriction queried by uid 1000 (vendor.qti.qesdk.sysservice et al): null
03-23 06:42:59.647 2959 2959 W InstrumentedPrefFrag: Screen title missing for fragment com.android.settings.homepage.TopLevelSettings
03-23 06:42:59.647 2866 2934 D LoaderTask: loadWorkspace: loading default favorites
03-23 06:42:59.647 2866 2934 D LauncherProvider: call: method=load_default_favorites,arg=null,extras=null
03-23 06:42:59.648 2959 2959 D TopLevelSettings: NO dashboard tiles for TopLevelSettings
03-23 06:42:59.648 2959 2959 D TopLevelSettings: All preferences added, reporting fully drawn
03-23 06:42:59.652 2866 2934 D BaseIconFactory: normalizeAndWrapToAdaptiveIcon: scale=0.8096529
03-23 06:42:59.652 2361 2361 V KeyguardUpdateMonitor: *** register callback for com.android.keyguard.AnimatableClockController$4@521b0ef
03-23 06:42:59.652 2361 2361 V KeyguardUpdateMonitor: *** unregister callback for null
03-23 06:42:59.653 2361 2361 V KeyguardUpdateMonitor: *** register callback for com.android.keyguard.AnimatableClockController$4@a78c4da
03-23 06:42:59.653 2361 2361 V KeyguardUpdateMonitor: *** unregister callback for null
03-23 06:42:59.653 2959 2959 W BatteryBroadcastRcvr: Problem reading the battery meter.
03-23 06:42:59.654 2788 2832 D ProtectUartService: received RegisterListener token:LAUNCHER_VOLTAGE_PROTECT
03-23 06:42:59.654 2866 2866 I wm_on_create_called: [88042559,com.android.launcher3.uioverrides.QuickstepLauncher,performCreate]
03-23 06:42:59.654 2959 2959 I wm_on_start_called: [64326038,com.android.settings.Settings,handleStartActivity]
03-23 06:42:59.654 2959 2959 I snet_event_log: [120484087,-1,]
03-23 06:42:59.655 2866 2866 I wm_on_start_called: [88042559,com.android.launcher3.uioverrides.QuickstepLauncher,handleStartActivity]
03-23 06:42:59.655 2361 2361 V KeyguardUpdateMonitor: *** register callback for com.android.keyguard.KeyguardStatusViewController$2@ee8cee7
03-23 06:42:59.655 2361 2361 V KeyguardUpdateMonitor: *** unregister callback for null
03-23 06:42:59.655 2866 2866 I wm_on_resume_called: [88042559,com.android.launcher3.uioverrides.QuickstepLauncher,LIFECYCLER_RESUME_ACTIVITY]
03-23 06:42:59.656 2361 2361 V KeyguardUpdateMonitor: *** unregister callback for com.android.keyguard.EmergencyButtonController$1@f69b9b7
03-23 06:42:59.656 2361 2361 V KeyguardUpdateMonitor: *** unregister callback for com.android.systemui.statusbar.phone.KeyguardBottomAreaView$9@31b8851
03-23 06:42:59.656 2959 4990 D BatteryInfo: time for getStats: 0ms
03-23 06:42:59.657 2959 2959 I wm_on_resume_called: [64326038,com.android.settings.Settings,RESUME_ACTIVITY]
03-23 06:42:59.658 2959 4696 D BatteryTipLoader: BatteryInfoLoader post query: 1ms
03-23 06:42:59.658 2959 2959 I sysui_multi_action: [757,340,758,1,833,0,1089,60]
03-23 06:42:59.658 2959 4696 D BatteryInfo: time for getBatteryInfo: 0ms
03-23 06:42:59.658 2959 4696 D BatteryTipLoader: BatteryInfoLoader.loadInBackground: 1ms
03-23 06:42:59.658 2959 4990 D BatteryInfo: time for regular BatteryInfo: 2ms
03-23 06:42:59.658 2866 2934 D BaseIconFactory: normalizeAndWrapToAdaptiveIcon: scale=0.8096529
03-23 06:42:59.659 2959 4990 D BatteryInfo: time for getBatteryInfo: 1ms
03-23 06:42:59.659 2361 2463 D ControlsListingControllerImpl: Unsubscribing callback
03-23 06:42:59.659 2959 2959 I sysui_multi_action: [757,35,758,1,833,0,1089,18]
03-23 06:42:59.660 2959 5018 D UsageGraph: No enabled state changed, skipping updateCategory call
03-23 06:42:59.662 2959 2959 I sysui_multi_action: [757,1729,758,4,854,isParalleledControllers:false,1089,21]
03-23 06:42:59.663 2959 2959 I wm_on_top_resumed_gained_called: [64326038,com.android.settings.Settings,topWhenResuming]
03-23 06:42:59.664 2866 2866 I wm_on_paused_called: [88042559,com.android.launcher3.uioverrides.QuickstepLauncher,performPause]
03-23 06:42:59.666 2866 2934 D BaseIconFactory: normalizeAndWrapToAdaptiveIcon: scale=0.8085681
03-23 06:42:59.666 2361 2361 V KeyguardUpdateMonitor: *** register callback for com.android.systemui.statusbar.phone.KeyguardBottomAreaView$9@59f2ee2
03-23 06:42:59.666 2361 2361 V KeyguardUpdateMonitor: *** unregister callback for null
03-23 06:42:59.667 1512 4101 W FreeFormWindowHelper: Current Display FreeFormTask is null
03-23 06:42:59.667 2866 2866 D FreeWindowContainer: reloadTask: null
03-23 06:42:59.669 2866 2934 D BaseIconFactory: normalizeAndWrapToAdaptiveIcon: scale=0.81813693
03-23 06:42:59.671 2866 2866 D EditModeHelper: setHotseatVisibility: 0
03-23 06:42:59.671 2866 2934 D LoaderTask: loadWorkspace
03-23 06:42:59.671 2866 2934 D LauncherProvider: call: method=remove_ghost_widgets,arg=null,extras=null
03-23 06:42:59.673 2866 2934 D LoaderTask: sanitizeData
03-23 06:42:59.673 2866 2934 D LoaderTask: bindWorkspace
03-23 06:42:59.673 2361 2463 D ControlsListingControllerImpl: Subscribing callback, service count: 0
03-23 06:42:59.673 2866 2934 D LoaderTask: sendFirstScreenActiveInstallsBroadcast
03-23 06:42:59.674 2361 2361 V KeyguardUpdateMonitor: *** register callback for com.android.keyguard.EmergencyButtonController$1@35e4530
03-23 06:42:59.674 2361 2361 V KeyguardUpdateMonitor: *** unregister callback for null
03-23 06:42:59.676 2361 2361 E EmergencyButton: Fail to call TelephonyManager.requestCellInfoUpdate
03-23 06:42:59.676 2361 2361 E EmergencyButton: java.lang.IllegalStateException: Telephony is null
03-23 06:42:59.676 2361 2361 E EmergencyButton: at android.telephony.TelephonyManager.requestCellInfoUpdate(TelephonyManager.java:6362)
03-23 06:42:59.676 2361 2361 E EmergencyButton: at com.android.keyguard.EmergencyButtonController.requestCellInfoUpdate(EmergencyButtonController.java:182)
03-23 06:42:59.676 2361 2361 E EmergencyButton: at com.android.keyguard.EmergencyButtonController.access$100(EmergencyButtonController.java:51)
03-23 06:42:59.676 2361 2361 E EmergencyButton: at com.android.keyguard.EmergencyButtonController$1.onPhoneStateChanged(EmergencyButtonController.java:77)
03-23 06:42:59.676 2361 2361 E EmergencyButton: at com.android.keyguard.KeyguardUpdateMonitor.sendUpdates(KeyguardUpdateMonitor.java:3085)
03-23 06:42:59.676 2361 2361 E EmergencyButton: at com.android.keyguard.KeyguardUpdateMonitor.registerCallback(KeyguardUpdateMonitor.java:3062)
03-23 06:42:59.676 2361 2361 E EmergencyButton: at com.android.keyguard.EmergencyButtonController.onViewAttached(EmergencyButtonController.java:119)
03-23 06:42:59.676 2361 2361 E EmergencyButton: at com.android.systemui.util.ViewController$1.onViewAttachedToWindow(ViewController.java:52)
03-23 06:42:59.676 2361 2361 E EmergencyButton: at com.android.systemui.util.ViewController.init(ViewController.java:80)
03-23 06:42:59.676 2361 2361 E EmergencyButton: at com.android.systemui.statusbar.phone.NotificationPanelViewController.initBottomArea(NotificationPanelViewController.java:1201)
03-23 06:42:59.676 2361 2361 E EmergencyButton: at com.android.systemui.statusbar.phone.NotificationPanelViewController.reInflateViews(NotificationPanelViewController.java:1154)
03-23 06:42:59.676 2361 2361 E EmergencyButton: at com.android.systemui.statusbar.phone.NotificationPanelViewController.access$10100(NotificationPanelViewController.java:184)
03-23 06:42:59.676 2361 2361 E EmergencyButton: at com.android.systemui.statusbar.phone.NotificationPanelViewController$ConfigurationListener.onDensityOrFontScaleChanged(NotificationPanelViewController.java:4419)
03-23 06:42:59.676 2361 2361 E EmergencyButton: at com.android.systemui.statusbar.phone.ConfigurationControllerImpl.onConfigurationChanged(ConfigurationControllerImpl.kt:74)
03-23 06:42:59.676 2361 2361 E EmergencyButton: at com.android.systemui.SystemUIApplication.onConfigurationChanged(SystemUIApplication.java:247)
03-23 06:42:59.676 2361 2361 E EmergencyButton: at android.app.ConfigurationController.performConfigurationChanged(ConfigurationController.java:273)
03-23 06:42:59.676 2361 2361 E EmergencyButton: at android.app.ConfigurationController.handleConfigurationChanged(ConfigurationController.java:240)
03-23 06:42:59.676 2361 2361 E EmergencyButton: at android.app.ConfigurationController.handleConfigurationChanged(ConfigurationController.java:138)
03-23 06:42:59.676 2361 2361 E EmergencyButton: at android.app.ActivityThread.handleConfigurationChanged(ActivityThread.java:5948)
03-23 06:42:59.676 2361 2361 E EmergencyButton: at android.app.servertransaction.ConfigurationChangeItem.execute(ConfigurationChangeItem.java:43)
03-23 06:42:59.676 2361 2361 E EmergencyButton: at android.app.servertransaction.TransactionExecutor.executeCallbacks(TransactionExecutor.java:135)
03-23 06:42:59.676 2361 2361 E EmergencyButton: at android.app.servertransaction.TransactionExecutor.execute(TransactionExecutor.java:95)
03-23 06:42:59.676 2361 2361 E EmergencyButton: at android.app.ActivityThread$H.handleMessage(ActivityThread.java:2211)
03-23 06:42:59.676 2361 2361 E EmergencyButton: at android.os.Handler.dispatchMessage(Handler.java:106)
03-23 06:42:59.676 2361 2361 E EmergencyButton: at android.os.Looper.loopOnce(Looper.java:201)
03-23 06:42:59.676 2361 2361 E EmergencyButton: at android.os.Looper.loop(Looper.java:288)
03-23 06:42:59.676 2361 2361 E EmergencyButton: at android.app.ActivityThread.main(ActivityThread.java:7880)
03-23 06:42:59.676 2361 2361 E EmergencyButton: at java.lang.reflect.Method.invoke(Native Method)
03-23 06:42:59.676 2361 2361 E EmergencyButton: at com.android.internal.os.RuntimeInit$MethodAndArgsCaller.run(RuntimeInit.java:548)
03-23 06:42:59.676 2361 2361 E EmergencyButton: at com.android.internal.os.ZygoteInit.main(ZygoteInit.java:1009)
03-23 06:42:59.679 1512 1990 W FreeFormWindowHelper: Current Display FreeFormTask is null
03-23 06:42:59.681 2866 2866 W View : requestLayout() improperly called by com.android.launcher3.views.NoInsetView{2201263 V.ED..... ......ID 0,0-342,1080 #7f09007c app:id/bg_hotseat} during layout: running second layout pass
03-23 06:42:59.684 2866 2866 D HotseatController: adjustPadding: height=800,size=1
03-23 06:42:59.684 2866 2866 D HotseatController: adjustPadding: height=800,size=2
03-23 06:42:59.684 2866 2866 D HotseatController: adjustPadding: height=800,size=3
03-23 06:42:59.685 2866 2866 D HotseatController: adjustPadding: height=800,size=4
03-23 06:42:59.685 2866 2866 D HotseatController: clearEmptyGrid: size=4
03-23 06:42:59.685 2866 2866 D HotseatController: adjustPadding: height=800,size=4
03-23 06:42:59.686 2866 2866 D HotseatController: clearEmptyGrid: size=4
03-23 06:42:59.686 2866 2866 D HotseatController: adjustPadding: height=800,size=4
