03-23 06:44:04.047 1512 2339 E DisplayDeviceConfig: requesting nits when no mapping exists.
03-23 06:44:04.047 1512 1670 I am_wtf : [0,1512,system_server,-1,DisplayDeviceConfig,requesting nits when no mapping exists.]
03-23 06:44:04.065 1512 2339 E DisplayDeviceConfig: requesting nits when no mapping exists.
03-23 06:44:04.065 1512 2339 E DisplayDeviceConfig: requesting nits when no mapping exists.
03-23 06:44:04.066 1512 1670 I am_wtf : [0,1512,system_server,-1,DisplayDeviceConfig,requesting nits when no mapping exists.]
03-23 06:44:04.066 1512 1670 I am_wtf : [0,1512,system_server,-1,DisplayDeviceConfig,requesting nits when no mapping exists.]
03-23 06:44:04.081 1512 2339 E DisplayDeviceConfig: requesting nits when no mapping exists.
03-23 06:44:04.081 1512 2339 E DisplayDeviceConfig: requesting nits when no mapping exists.
03-23 06:44:04.081 1512 1670 I am_wtf : [0,1512,system_server,-1,DisplayDeviceConfig,requesting nits when no mapping exists.]
03-23 06:44:04.081 1512 1670 I am_wtf : [0,1512,system_server,-1,DisplayDeviceConfig,requesting nits when no mapping exists.]
03-23 06:44:04.097 1512 2339 E DisplayDeviceConfig: requesting nits when no mapping exists.
03-23 06:44:04.097 1512 2339 E DisplayDeviceConfig: requesting nits when no mapping exists.
03-23 06:44:04.097 1512 1670 I am_wtf : [0,1512,system_server,-1,DisplayDeviceConfig,requesting nits when no mapping exists.]
03-23 06:44:04.098 1512 1670 I am_wtf : [0,1512,system_server,-1,DisplayDeviceConfig,requesting nits when no mapping exists.]
03-23 06:44:04.114 1512 2339 E DisplayDeviceConfig: requesting nits when no mapping exists.
03-23 06:44:04.114 1512 1670 I am_wtf : [0,1512,system_server,-1,DisplayDeviceConfig,requesting nits when no mapping exists.]
03-23 06:44:04.114 1512 2339 E DisplayDeviceConfig: requesting nits when no mapping exists.
03-23 06:44:04.114 1512 1670 I am_wtf : [0,1512,system_server,-1,DisplayDeviceConfig,requesting nits when no mapping exists.]
03-23 06:44:04.131 1512 2339 E DisplayDeviceConfig: requesting nits when no mapping exists.
03-23 06:44:04.131 1512 2339 E DisplayDeviceConfig: requesting nits when no mapping exists.
03-23 06:44:04.131 1512 1670 I am_wtf : [0,1512,system_server,-1,DisplayDeviceConfig,requesting nits when no mapping exists.]
03-23 06:44:04.131 1512 1670 I am_wtf : [0,1512,system_server,-1,DisplayDeviceConfig,requesting nits when no mapping exists.]
03-23 06:44:04.147 1512 2339 E DisplayDeviceConfig: requesting nits when no mapping exists.
03-23 06:44:04.147 1512 2339 E DisplayDeviceConfig: requesting nits when no mapping exists.
03-23 06:44:04.147 1512 1670 I am_wtf : [0,1512,system_server,-1,DisplayDeviceConfig,requesting nits when no mapping exists.]
03-23 06:44:04.148 1512 1670 I am_wtf : [0,1512,system_server,-1,DisplayDeviceConfig,requesting nits when no mapping exists.]
03-23 06:44:04.164 1512 2339 E DisplayDeviceConfig: requesting nits when no mapping exists.
03-23 06:44:04.164 1512 2339 E DisplayDeviceConfig: requesting nits when no mapping exists.
03-23 06:44:04.164 1512 1670 I am_wtf : [0,1512,system_server,-1,DisplayDeviceConfig,requesting nits when no mapping exists.]
03-23 06:44:04.164 1512 1670 I am_wtf : [0,1512,system_server,-1,DisplayDeviceConfig,requesting nits when no mapping exists.]
03-23 06:44:04.182 1512 2339 E DisplayDeviceConfig: requesting nits when no mapping exists.
03-23 06:44:04.183 1512 1670 I am_wtf : [0,1512,system_server,-1,DisplayDeviceConfig,requesting nits when no mapping exists.]
03-23 06:44:04.183 1512 2339 E DisplayDeviceConfig: requesting nits when no mapping exists.
03-23 06:44:04.183 1512 1670 I am_wtf : [0,1512,system_server,-1,DisplayDeviceConfig,requesting nits when no mapping exists.]
03-23 06:44:04.198 1512 2339 E DisplayDeviceConfig: requesting nits when no mapping exists.
03-23 06:44:04.198 1512 2339 E DisplayDeviceConfig: requesting nits when no mapping exists.
03-23 06:44:04.198 1512 1670 I am_wtf : [0,1512,system_server,-1,DisplayDeviceConfig,requesting nits when no mapping exists.]
03-23 06:44:04.198 1512 1670 I am_wtf : [0,1512,system_server,-1,DisplayDeviceConfig,requesting nits when no mapping exists.]
03-23 06:44:04.214 1512 2339 E DisplayDeviceConfig: requesting nits when no mapping exists.
03-23 06:44:04.214 1512 2339 E DisplayDeviceConfig: requesting nits when no mapping exists.
03-23 06:44:04.214 1512 1670 I am_wtf : [0,1512,system_server,-1,DisplayDeviceConfig,requesting nits when no mapping exists.]
03-23 06:44:04.214 1512 1670 I am_wtf : [0,1512,system_server,-1,DisplayDeviceConfig,requesting nits when no mapping exists.]
03-23 06:44:04.231 1512 2339 E DisplayDeviceConfig: requesting nits when no mapping exists.
03-23 06:44:04.231 1512 2339 E DisplayDeviceConfig: requesting nits when no mapping exists.
03-23 06:44:04.231 1512 1670 I am_wtf : [0,1512,system_server,-1,DisplayDeviceConfig,requesting nits when no mapping exists.]
03-23 06:44:04.231 1512 1670 I am_wtf : [0,1512,system_server,-1,DisplayDeviceConfig,requesting nits when no mapping exists.]
03-23 06:44:04.248 1512 2339 E DisplayDeviceConfig: requesting nits when no mapping exists.
03-23 06:44:04.248 1512 2339 E DisplayDeviceConfig: requesting nits when no mapping exists.
03-23 06:44:04.248 1512 1670 I am_wtf : [0,1512,system_server,-1,DisplayDeviceConfig,requesting nits when no mapping exists.]
03-23 06:44:04.248 1512 1670 I am_wtf : [0,1512,system_server,-1,DisplayDeviceConfig,requesting nits when no mapping exists.]
03-23 06:44:04.264 1512 2339 E DisplayDeviceConfig: requesting nits when no mapping exists.
03-23 06:44:04.264 1512 2339 E DisplayDeviceConfig: requesting nits when no mapping exists.
03-23 06:44:04.264 1512 1670 I am_wtf : [0,1512,system_server,-1,DisplayDeviceConfig,requesting nits when no mapping exists.]
03-23 06:44:04.265 1512 1670 I am_wtf : [0,1512,system_server,-1,DisplayDeviceConfig,requesting nits when no mapping exists.]
03-23 06:44:04.394 3134 5201 W adbd : timed out while waiting for FUNCTIONFS_BIND, trying again
03-23 06:44:04.394 3134 5201 I adbd : UsbFfs: connection terminated: monitor thread finished
03-23 06:44:04.394 3134 3134 I adbd : UsbFfs: already offline
03-23 06:44:04.394 3134 3134 I adbd : destroying transport UsbFfs
03-23 06:44:04.394 3134 3134 I adbd : UsbFfsConnection being destroyed
03-23 06:44:04.409 3134 3150 I adbd : opening control endpoint /dev/usb-ffs/adb/ep0
03-23 06:44:04.409 3134 3150 I adbd : UsbFfsConnection constructed
03-23 06:44:04.409 3134 5204 I adbd : UsbFfs-monitor thread spawned
01-01 13:46:49.270 0 0 I : read descriptors
01-01 13:46:49.270 0 0 I : read strings
03-23 06:44:04.731 3298 3298 W hpplay-java: [main]:IPManager:getActiveNets invalid networkInfo:null
03-23 06:44:04.731 3298 3298 I hpplay-java: [main]:IPManager:getActiveNets eth0:false wifi:false mobile:false ap:false
03-23 06:44:04.731 3298 3298 I hpplay-java: [main]:ServerTaskManager:get local ip:null
03-23 06:44:04.855 653 668 I mpu_uart: [MSG-P:RECV]:No message received in 1000 ms
01-01 13:46:50.102 0 0 E DTC_ETH,link_delay_work_func: 3003, SQI=0, link=0
03-23 06:44:05.411 3134 5204 W adbd : timed out while waiting for FUNCTIONFS_BIND, trying again
03-23 06:44:05.411 3134 5204 I adbd : UsbFfs: connection terminated: monitor thread finished
03-23 06:44:05.412 3134 3134 I adbd : UsbFfs: already offline
03-23 06:44:05.412 3134 3134 I adbd : destroying transport UsbFfs
03-23 06:44:05.412 3134 3134 I adbd : UsbFfsConnection being destroyed
01-01 13:46:50.283 0 0 I : read descriptors
01-01 13:46:50.283 0 0 I : read strings
03-23 06:44:05.421 3134 3150 I adbd : opening control endpoint /dev/usb-ffs/adb/ep0
03-23 06:44:05.423 3134 3150 I adbd : UsbFfsConnection constructed
03-23 06:44:05.424 3134 5205 I adbd : UsbFfs-monitor thread spawned
03-23 06:44:05.734 3298 3298 W hpplay-java: [main]:IPManager:getActiveNets invalid networkInfo:null
03-23 06:44:05.734 3298 3298 I hpplay-java: [main]:IPManager:getActiveNets eth0:false wifi:false mobile:false ap:false
03-23 06:44:05.734 3298 3298 I hpplay-java: [main]:ServerTaskManager:get local ip:null
01-01 13:46:50.712 0 0 E DTC_Display: Abnormal voltage: 100mV
01-01 13:46:50.712 0 0 E DTC_Display: screen not ready
01-01 13:46:50.712 0 0 E DTC_Display: Backlight abnormal: 0x7c
03-23 06:44:05.856 653 668 I mpu_uart: [MSG-P:RECV]:No message received in 1000 ms
03-23 06:44:05.939 653 667 I mpu_uart: [MSG-P:R]:recv sync frame timeout
03-23 06:44:06.426 3134 5205 W adbd : timed out while waiting for FUNCTIONFS_BIND, trying again
03-23 06:44:06.426 3134 5205 I adbd : UsbFfs: connection terminated: monitor thread finished
03-23 06:44:06.426 3134 3134 I adbd : UsbFfs: already offline
03-23 06:44:06.426 3134 3134 I adbd : destroying transport UsbFfs
03-23 06:44:06.426 3134 3134 I adbd : UsbFfsConnection being destroyed
03-23 06:44:06.433 3134 3150 I adbd : opening control endpoint /dev/usb-ffs/adb/ep0
03-23 06:44:06.435 3134 3150 I adbd : UsbFfsConnection constructed
03-23 06:44:06.436 3134 5206 I adbd : UsbFfs-monitor thread spawned
01-01 13:46:51.295 0 0 I : read descriptors
01-01 13:46:51.295 0 0 I : read strings
03-23 06:44:06.681 2764 2764 D RemoteControlService: startVlanDispatchThread
03-23 06:44:06.727 1264 1435 E tlogd : [TzLogger](isPathReadable) file /sys/kernel/debug/tzdbg/qsee_log isn't exist or no permission, err: No such file or directory
03-23 06:44:06.727 1264 1435 E tlogd : [TzLogger](saveTzlogAsync) /sys/kernel/debug/tzdbg/qsee_log can not read.
03-23 06:44:06.727 1264 1435 E tlogd : [TzLogger](isPathReadable) file /sys/kernel/debug/tzdbg/log isn't exist or no permission, err: No such file or directory
03-23 06:44:06.727 1264 1435 E tlogd : [TzLogger](saveTzlogAsync) /sys/kernel/debug/tzdbg/log can not read.
03-23 06:44:06.736 3298 3298 W hpplay-java: [main]:IPManager:getActiveNets invalid networkInfo:null
03-23 06:44:06.736 3298 3298 I hpplay-java: [main]:IPManager:getActiveNets eth0:false wifi:false mobile:false ap:false
03-23 06:44:06.736 3298 3298 I hpplay-java: [main]:ServerTaskManager:get local ip:null
03-23 06:44:06.857 653 668 I mpu_uart: [MSG-P:RECV]:No message received in 1000 ms
03-23 06:44:07.437 3134 5206 W adbd : timed out while waiting for FUNCTIONFS_BIND, trying again
03-23 06:44:07.437 3134 5206 I adbd : UsbFfs: connection terminated: monitor thread finished
03-23 06:44:07.438 3134 3134 I adbd : UsbFfs: already offline
03-23 06:44:07.438 3134 3134 I adbd : destroying transport UsbFfs
03-23 06:44:07.438 3134 3134 I adbd : UsbFfsConnection being destroyed
03-23 06:44:07.445 3134 3150 I adbd : opening control endpoint /dev/usb-ffs/adb/ep0
03-23 06:44:07.446 3134 3150 I adbd : UsbFfsConnection constructed
03-23 06:44:07.447 3134 5207 I adbd : UsbFfs-monitor thread spawned
01-01 13:46:52.307 0 0 I : read descriptors
01-01 13:46:52.307 0 0 I : read strings
03-23 06:44:07.738 3298 3298 W hpplay-java: [main]:IPManager:getActiveNets invalid networkInfo:null
03-23 06:44:07.738 3298 3298 I hpplay-java: [main]:IPManager:getActiveNets eth0:false wifi:false mobile:false ap:false
03-23 06:44:07.738 3298 3298 I hpplay-java: [main]:ServerTaskManager:get local ip:null
03-23 06:44:07.858 653 668 I mpu_uart: [MSG-P:RECV]:No message received in 1000 ms
03-23 06:44:08.449 3134 5207 W adbd : timed out while waiting for FUNCTIONFS_BIND, trying again
03-23 06:44:08.449 3134 5207 I adbd : UsbFfs: connection terminated: monitor thread finished
03-23 06:44:08.449 3134 3134 I adbd : UsbFfs: already offline
03-23 06:44:08.449 3134 3134 I adbd : destroying transport UsbFfs
03-23 06:44:08.449 3134 3134 I adbd : UsbFfsConnection being destroyed
03-23 06:44:08.457 3134 3150 I adbd : opening control endpoint /dev/usb-ffs/adb/ep0
03-23 06:44:08.458 3134 3150 I adbd : UsbFfsConnection constructed
03-23 06:44:08.459 3134 5208 I adbd : UsbFfs-monitor thread spawned
01-01 13:46:53.319 0 0 I : read descriptors
01-01 13:46:53.319 0 0 I : read strings
03-23 06:44:08.740 3298 3298 W hpplay-java: [main]:IPManager:getActiveNets invalid networkInfo:null
03-23 06:44:08.740 3298 3298 I hpplay-java: [main]:IPManager:getActiveNets eth0:false wifi:false mobile:false ap:false
03-23 06:44:08.740 3298 3298 I hpplay-java: [main]:ServerTaskManager:get local ip:null
03-23 06:44:08.858 653 668 I mpu_uart: [MSG-P:RECV]:No message received in 1000 ms
03-23 06:44:08.941 653 667 I mpu_uart: [MSG-P:R]:recv sync frame timeout
03-23 06:44:09.429 1512 1670 I am_uid_idle: 10086
03-23 06:44:09.461 3134 5208 W adbd : timed out while waiting for FUNCTIONFS_BIND, trying again
03-23 06:44:09.461 3134 5208 I adbd : UsbFfs: connection terminated: monitor thread finished
03-23 06:44:09.461 3134 3134 I adbd : UsbFfs: already offline
03-23 06:44:09.461 3134 3134 I adbd : destroying transport UsbFfs
03-23 06:44:09.462 3134 3134 I adbd : UsbFfsConnection being destroyed
03-23 06:44:09.473 3134 3150 I adbd : opening control endpoint /dev/usb-ffs/adb/ep0
03-23 06:44:09.475 3134 3150 I adbd : UsbFfsConnection constructed
03-23 06:44:09.475 3134 5209 I adbd : UsbFfs-monitor thread spawned
01-01 13:46:54.335 0 0 I : read descriptors
01-01 13:46:54.335 0 0 I : read strings
03-23 06:44:09.503 1512 1670 I am_uid_idle: 10031
03-23 06:44:09.742 3298 3298 W hpplay-java: [main]:IPManager:getActiveNets invalid networkInfo:null
03-23 06:44:09.742 3298 3298 I hpplay-java: [main]:IPManager:getActiveNets eth0:false wifi:false mobile:false ap:false
03-23 06:44:09.742 3298 3298 I hpplay-java: [main]:ServerTaskManager:get local ip:null
03-23 06:44:09.859 653 668 I mpu_uart: [MSG-P:RECV]:No message received in 1000 ms
01-01 13:46:55.035 0 0 E DTC_Display: screen not ready
01-01 13:46:55.223 0 0 E DTC_ETH,link_delay_work_func: 3003, SQI=0, link=0
03-23 06:44:10.477 3134 5209 W adbd : timed out while waiting for FUNCTIONFS_BIND, trying again
03-23 06:44:10.477 3134 5209 I adbd : UsbFfs: connection terminated: monitor thread finished
03-23 06:44:10.477 3134 3134 I adbd : UsbFfs: already offline
03-23 06:44:10.477 3134 3134 I adbd : destroying transport UsbFfs
03-23 06:44:10.477 3134 3134 I adbd : UsbFfsConnection being destroyed
03-23 06:44:10.489 3134 3150 I adbd : opening control endpoint /dev/usb-ffs/adb/ep0
03-23 06:44:10.490 3134 3150 I adbd : UsbFfsConnection constructed
03-23 06:44:10.491 3134 5210 I adbd : UsbFfs-monitor thread spawned
01-01 13:46:55.351 0 0 I : read descriptors
01-01 13:46:55.351 0 0 I : read strings
03-23 06:44:10.744 3298 3298 W hpplay-java: [main]:IPManager:getActiveNets invalid networkInfo:null
03-23 06:44:10.745 3298 3298 I hpplay-java: [main]:IPManager:getActiveNets eth0:false wifi:false mobile:false ap:false
03-23 06:44:10.745 3298 3298 I hpplay-java: [main]:ServerTaskManager:get local ip:null
03-23 06:44:10.859 653 668 I mpu_uart: [MSG-P:RECV]:No message received in 1000 ms
03-23 06:44:11.492 3134 5210 W adbd : timed out while waiting for FUNCTIONFS_BIND, trying again
03-23 06:44:11.492 3134 5210 I adbd : UsbFfs: connection terminated: monitor thread finished
03-23 06:44:11.492 3134 3134 I adbd : UsbFfs: already offline
03-23 06:44:11.493 3134 3134 I adbd : destroying transport UsbFfs
03-23 06:44:11.493 3134 3134 I adbd : UsbFfsConnection being destroyed
03-23 06:44:11.509 3134 3150 I adbd : opening control endpoint /dev/usb-ffs/adb/ep0
03-23 06:44:11.510 3134 3150 I adbd : UsbFfsConnection constructed
03-23 06:44:11.511 3134 5211 I adbd : UsbFfs-monitor thread spawned
01-01 13:46:56.371 0 0 I : read descriptors
01-01 13:46:56.371 0 0 I : read strings
03-23 06:44:11.678 1203 1298 I selfinstaller: create socket failed: Network is unreachable 101
03-23 06:44:11.694 2764 2764 D RemoteControlService: startVlanDispatchThread
03-23 06:44:11.728 1264 1435 E tlogd : [TzLogger](isPathReadable) file /sys/kernel/debug/tzdbg/qsee_log isn't exist or no permission, err: No such file or directory
03-23 06:44:11.728 1264 1435 E tlogd : [TzLogger](saveTzlogAsync) /sys/kernel/debug/tzdbg/qsee_log can not read.
03-23 06:44:11.728 1264 1435 E tlogd : [TzLogger](isPathReadable) file /sys/kernel/debug/tzdbg/log isn't exist or no permission, err: No such file or directory
03-23 06:44:11.728 1264 1435 E tlogd : [TzLogger](saveTzlogAsync) /sys/kernel/debug/tzdbg/log can not read.
03-23 06:44:11.748 3298 3298 W hpplay-java: [main]:IPManager:getActiveNets invalid networkInfo:null
03-23 06:44:11.748 3298 3298 I hpplay-java: [main]:IPManager:getActiveNets eth0:false wifi:false mobile:false ap:false
03-23 06:44:11.748 3298 3298 I hpplay-java: [main]:ServerTaskManager:get local ip:null
03-23 06:44:11.860 653 668 I mpu_uart: [MSG-P:RECV]:No message received in 1000 ms
03-23 06:44:11.944 653 667 I mpu_uart: [MSG-P:R]:recv sync frame timeout
03-23 06:44:12.512 3134 5211 W adbd : timed out while waiting for FUNCTIONFS_BIND, trying again
03-23 06:44:12.512 3134 5211 I adbd : UsbFfs: connection terminated: monitor thread finished
03-23 06:44:12.512 3134 3134 I adbd : UsbFfs: already offline
03-23 06:44:12.513 3134 3134 I adbd : destroying transport UsbFfs
03-23 06:44:12.513 3134 3134 I adbd : UsbFfsConnection being destroyed
03-23 06:44:12.525 3134 3150 I adbd : opening control endpoint /dev/usb-ffs/adb/ep0
03-23 06:44:12.526 3134 3150 I adbd : UsbFfsConnection constructed
03-23 06:44:12.527 3134 5212 I adbd : UsbFfs-monitor thread spawned
01-01 13:46:57.387 0 0 I : read descriptors
01-01 13:46:57.387 0 0 I : read strings
03-23 06:44:12.750 3298 3298 W hpplay-java: [main]:IPManager:getActiveNets invalid networkInfo:null
03-23 06:44:12.750 3298 3298 I hpplay-java: [main]:IPManager:getActiveNets eth0:false wifi:false mobile:false ap:false
03-23 06:44:12.750 3298 3298 I hpplay-java: [main]:ServerTaskManager:get local ip:null
03-23 06:44:12.860 653 668 I mpu_uart: [MSG-P:RECV]:No message received in 1000 ms
03-23 06:44:13.528 3134 5212 W adbd : timed out while waiting for FUNCTIONFS_BIND, trying again
03-23 06:44:13.528 3134 5212 I adbd : UsbFfs: connection terminated: monitor thread finished
03-23 06:44:13.529 3134 3134 I adbd : UsbFfs: already offline
03-23 06:44:13.529 3134 3134 I adbd : destroying transport UsbFfs
03-23 06:44:13.529 3134 3134 I adbd : UsbFfsConnection being destroyed
03-23 06:44:13.545 3134 3150 I adbd : opening control endpoint /dev/usb-ffs/adb/ep0
03-23 06:44:13.546 3134 3150 I adbd : UsbFfsConnection constructed
03-23 06:44:13.547 3134 5213 I adbd : UsbFfs-monitor thread spawned
01-01 13:46:58.407 0 0 I : read descriptors
01-01 13:46:58.407 0 0 I : read strings
03-23 06:44:13.752 3298 3298 W hpplay-java: [main]:IPManager:getActiveNets invalid networkInfo:null
03-23 06:44:13.752 3298 3298 I hpplay-java: [main]:IPManager:getActiveNets eth0:false wifi:false mobile:false ap:false
03-23 06:44:13.752 3298 3298 I hpplay-java: [main]:ServerTaskManager:get local ip:null
03-23 06:44:13.861 653 668 I mpu_uart: [MSG-P:RECV]:No message received in 1000 ms
03-23 06:44:14.548 3134 5213 W adbd : timed out while waiting for FUNCTIONFS_BIND, trying again
03-23 06:44:14.548 3134 5213 I adbd : UsbFfs: connection terminated: monitor thread finished
03-23 06:44:14.549 3134 3134 I adbd : UsbFfs: already offline
03-23 06:44:14.549 3134 3134 I adbd : destroying transport UsbFfs
03-23 06:44:14.549 3134 3134 I adbd : UsbFfsConnection being destroyed
03-23 06:44:14.561 3134 3150 I adbd : opening control endpoint /dev/usb-ffs/adb/ep0
03-23 06:44:14.563 3134 3150 I adbd : UsbFfsConnection constructed
03-23 06:44:14.563 3134 5214 I adbd : UsbFfs-monitor thread spawned
01-01 13:46:59.423 0 0 I : read descriptors
01-01 13:46:59.423 0 0 I : read strings
03-23 06:44:14.754 3298 3298 W hpplay-java: [main]:IPManager:getActiveNets invalid networkInfo:null
03-23 06:44:14.755 3298 3298 I hpplay-java: [main]:IPManager:getActiveNets eth0:false wifi:false mobile:false ap:false
03-23 06:44:14.755 3298 3298 I hpplay-java: [main]:ServerTaskManager:get local ip:null
03-23 06:44:14.861 653 668 I mpu_uart: [MSG-P:RECV]:No message received in 1000 ms
03-23 06:44:14.945 653 667 I mpu_uart: [MSG-P:R]:recv sync frame timeout
01-01 13:47:00.343 0 0 E DTC_ETH,link_delay_work_func: 3003, SQI=0, link=0
03-23 06:44:15.565 3134 5214 W adbd : timed out while waiting for FUNCTIONFS_BIND, trying again
03-23 06:44:15.565 3134 5214 I adbd : UsbFfs: connection terminated: monitor thread finished
03-23 06:44:15.565 3134 3134 I adbd : UsbFfs: already offline
03-23 06:44:15.565 3134 3134 I adbd : destroying transport UsbFfs
03-23 06:44:15.565 3134 3134 I adbd : UsbFfsConnection being destroyed
03-23 06:44:15.577 3134 3150 I adbd : opening control endpoint /dev/usb-ffs/adb/ep0
03-23 06:44:15.578 3134 3150 I adbd : UsbFfsConnection constructed
03-23 06:44:15.579 3134 5215 I adbd : UsbFfs-monitor thread spawned
01-01 13:47:00.439 0 0 I : read descriptors
01-01 13:47:00.439 0 0 I : read strings
03-23 06:44:15.756 3298 3298 W hpplay-java: [main]:IPManager:getActiveNets invalid networkInfo:null
03-23 06:44:15.757 3298 3298 I hpplay-java: [main]:IPManager:getActiveNets eth0:false wifi:false mobile:false ap:false
03-23 06:44:15.757 3298 3298 I hpplay-java: [main]:ServerTaskManager:get local ip:null
03-23 06:44:15.862 653 668 I mpu_uart: [MSG-P:RECV]:No message received in 1000 ms
03-23 06:44:16.580 3134 5215 W adbd : timed out while waiting for FUNCTIONFS_BIND, trying again
03-23 06:44:16.580 3134 5215 I adbd : UsbFfs: connection terminated: monitor thread finished
03-23 06:44:16.580 3134 3134 I adbd : UsbFfs: already offline
03-23 06:44:16.581 3134 3134 I adbd : destroying transport UsbFfs
03-23 06:44:16.581 3134 3134 I adbd : UsbFfsConnection being destroyed
03-23 06:44:16.597 3134 3150 I adbd : opening control endpoint /dev/usb-ffs/adb/ep0
03-23 06:44:16.598 3134 3150 I adbd : UsbFfsConnection constructed
03-23 06:44:16.599 3134 5216 I adbd : UsbFfs-monitor thread spawned
01-01 13:47:01.459 0 0 I : read descriptors
01-01 13:47:01.459 0 0 I : read strings
03-23 06:44:16.708 2764 2764 D RemoteControlService: startVlanDispatchThread
03-23 06:44:16.728 1264 1435 E tlogd : [TzLogger](isPathReadable) file /sys/kernel/debug/tzdbg/qsee_log isn't exist or no permission, err: No such file or directory
03-23 06:44:16.728 1264 1435 E tlogd : [TzLogger](saveTzlogAsync) /sys/kernel/debug/tzdbg/qsee_log can not read.
03-23 06:44:16.728 1264 1435 E tlogd : [TzLogger](isPathReadable) file /sys/kernel/debug/tzdbg/log isn't exist or no permission, err: No such file or directory
03-23 06:44:16.728 1264 1435 E tlogd : [TzLogger](saveTzlogAsync) /sys/kernel/debug/tzdbg/log can not read.
03-23 06:44:16.759 3298 3298 W hpplay-java: [main]:IPManager:getActiveNets invalid networkInfo:null
03-23 06:44:16.759 3298 3298 I hpplay-java: [main]:IPManager:getActiveNets eth0:false wifi:false mobile:false ap:false
03-23 06:44:16.759 3298 3298 I hpplay-java: [main]:ServerTaskManager:get local ip:null
03-23 06:44:16.862 653 668 I mpu_uart: [MSG-P:RECV]:No message received in 1000 ms
03-23 06:44:17.600 3134 5216 W adbd : timed out while waiting for FUNCTIONFS_BIND, trying again
03-23 06:44:17.600 3134 5216 I adbd : UsbFfs: connection terminated: monitor thread finished
03-23 06:44:17.601 3134 3134 I adbd : UsbFfs: already offline
03-23 06:44:17.601 3134 3134 I adbd : destroying transport UsbFfs
03-23 06:44:17.601 3134 3134 I adbd : UsbFfsConnection being destroyed
03-23 06:44:17.609 3134 3150 I adbd : opening control endpoint /dev/usb-ffs/adb/ep0
03-23 06:44:17.610 3134 3150 I adbd : UsbFfsConnection constructed
03-23 06:44:17.611 3134 5217 I adbd : UsbFfs-monitor thread spawned
01-01 13:47:02.471 0 0 I : read descriptors
01-01 13:47:02.471 0 0 I : read strings
03-23 06:44:17.761 3298 3298 W hpplay-java: [main]:IPManager:getActiveNets invalid networkInfo:null
03-23 06:44:17.761 3298 3298 I hpplay-java: [main]:IPManager:getActiveNets eth0:false wifi:false mobile:false ap:false
03-23 06:44:17.761 3298 3298 I hpplay-java: [main]:ServerTaskManager:get local ip:null
03-23 06:44:17.863 653 668 I mpu_uart: [MSG-P:RECV]:No message received in 1000 ms
03-23 06:44:17.948 653 667 I mpu_uart: [MSG-P:R]:recv sync frame timeout
01-01 13:47:03.108 0 0 E DTC_Display: screen not ready
03-23 06:44:18.612 3134 5217 W adbd : timed out while waiting for FUNCTIONFS_BIND, trying again
03-23 06:44:18.612 3134 5217 I adbd : UsbFfs: connection terminated: monitor thread finished
03-23 06:44:18.613 3134 3134 I adbd : UsbFfs: already offline
03-23 06:44:18.613 3134 3134 I adbd : destroying transport UsbFfs
03-23 06:44:18.613 3134 3134 I adbd : UsbFfsConnection being destroyed
03-23 06:44:18.621 3134 3150 I adbd : opening control endpoint /dev/usb-ffs/adb/ep0
03-23 06:44:18.622 3134 3150 I adbd : UsbFfsConnection constructed
03-23 06:44:18.623 3134 5218 I adbd : UsbFfs-monitor thread spawned
01-01 13:47:03.483 0 0 I : read descriptors
01-01 13:47:03.483 0 0 I : read strings
03-23 06:44:18.763 3298 3298 W hpplay-java: [main]:IPManager:getActiveNets invalid networkInfo:null
03-23 06:44:18.763 3298 3298 I hpplay-java: [main]:IPManager:getActiveNets eth0:false wifi:false mobile:false ap:false
03-23 06:44:18.763 3298 3298 I hpplay-java: [main]:ServerTaskManager:get local ip:null
03-23 06:44:18.863 653 668 I mpu_uart: [MSG-P:RECV]:No message received in 1000 ms
03-23 06:44:19.624 3134 5218 W adbd : timed out while waiting for FUNCTIONFS_BIND, trying again
03-23 06:44:19.625 3134 5218 I adbd : UsbFfs: connection terminated: monitor thread finished
03-23 06:44:19.625 3134 3134 I adbd : UsbFfs: already offline
03-23 06:44:19.625 3134 3134 I adbd : destroying transport UsbFfs
03-23 06:44:19.625 3134 3134 I adbd : UsbFfsConnection being destroyed
03-23 06:44:19.637 3134 3150 I adbd : opening control endpoint /dev/usb-ffs/adb/ep0
03-23 06:44:19.638 3134 3150 I adbd : UsbFfsConnection constructed
03-23 06:44:19.639 3134 5219 I adbd : UsbFfs-monitor thread spawned
01-01 13:47:04.499 0 0 I : read descriptors
01-01 13:47:04.499 0 0 I : read strings
03-23 06:44:19.765 3298 3298 W hpplay-java: [main]:IPManager:getActiveNets invalid networkInfo:null
03-23 06:44:19.765 3298 3298 I hpplay-java: [main]:IPManager:getActiveNets eth0:false wifi:false mobile:false ap:false
03-23 06:44:19.765 3298 3298 I hpplay-java: [main]:ServerTaskManager:get local ip:null
03-23 06:44:19.864 653 668 I mpu_uart: [MSG-P:RECV]:No message received in 1000 ms
01-01 13:47:05.463 0 0 E DTC_ETH,link_delay_work_func: 3003, SQI=0, link=0
03-23 06:44:20.640 3134 5219 W adbd : timed out while waiting for FUNCTIONFS_BIND, trying again
03-23 06:44:20.640 3134 5219 I adbd : UsbFfs: connection terminated: monitor thread finished
03-23 06:44:20.641 3134 3134 I adbd : UsbFfs: already offline
03-23 06:44:20.641 3134 3134 I adbd : destroying transport UsbFfs
03-23 06:44:20.641 3134 3134 I adbd : UsbFfsConnection being destroyed
03-23 06:44:20.653 3134 3150 I adbd : opening control endpoint /dev/usb-ffs/adb/ep0
03-23 06:44:20.654 3134 3150 I adbd : UsbFfsConnection constructed
03-23 06:44:20.655 3134 5220 I adbd : UsbFfs-monitor thread spawned
01-01 13:47:05.515 0 0 I : read descriptors
01-01 13:47:05.515 0 0 I : read strings
03-23 06:44:20.767 3298 3298 W hpplay-java: [main]:IPManager:getActiveNets invalid networkInfo:null
03-23 06:44:20.767 3298 3298 I hpplay-java: [main]:IPManager:getActiveNets eth0:false wifi:false mobile:false ap:false
03-23 06:44:20.767 3298 3298 I hpplay-java: [main]:ServerTaskManager:get local ip:null
03-23 06:44:20.864 653 668 I mpu_uart: [MSG-P:RECV]:No message received in 1000 ms
03-23 06:44:20.951 653 667 I mpu_uart: [MSG-P:R]:recv sync frame timeout
03-23 06:44:21.656 3134 5220 W adbd : timed out while waiting for FUNCTIONFS_BIND, trying again
03-23 06:44:21.656 3134 5220 I adbd : UsbFfs: connection terminated: monitor thread finished
03-23 06:44:21.656 3134 3134 I adbd : UsbFfs: already offline
03-23 06:44:21.656 3134 3134 I adbd : destroying transport UsbFfs
03-23 06:44:21.656 3134 3134 I adbd : UsbFfsConnection being destroyed
03-23 06:44:21.669 3134 3150 I adbd : opening control endpoint /dev/usb-ffs/adb/ep0
03-23 06:44:21.670 3134 3150 I adbd : UsbFfsConnection constructed
03-23 06:44:21.671 3134 5221 I adbd : UsbFfs-monitor thread spawned
01-01 13:47:06.531 0 0 I : read descriptors
01-01 13:47:06.531 0 0 I : read strings
03-23 06:44:21.719 2764 2764 D RemoteControlService: startVlanDispatchThread
03-23 06:44:21.729 1264 1435 E tlogd : [TzLogger](isPathReadable) file /sys/kernel/debug/tzdbg/qsee_log isn't exist or no permission, err: No such file or directory
03-23 06:44:21.729 1264 1435 E tlogd : [TzLogger](saveTzlogAsync) /sys/kernel/debug/tzdbg/qsee_log can not read.
03-23 06:44:21.729 1264 1435 E tlogd : [TzLogger](isPathReadable) file /sys/kernel/debug/tzdbg/log isn't exist or no permission, err: No such file or directory
03-23 06:44:21.729 1264 1435 E tlogd : [TzLogger](saveTzlogAsync) /sys/kernel/debug/tzdbg/log can not read.
03-23 06:44:21.769 3298 3298 W hpplay-java: [main]:IPManager:getActiveNets invalid networkInfo:null
03-23 06:44:21.769 3298 3298 I hpplay-java: [main]:IPManager:getActiveNets eth0:false wifi:false mobile:false ap:false
03-23 06:44:21.769 3298 3298 I hpplay-java: [main]:ServerTaskManager:get local ip:null
03-23 06:44:21.864 653 668 I mpu_uart: [MSG-P:RECV]:No message received in 1000 ms
03-23 06:44:22.672 3134 5221 W adbd : timed out while waiting for FUNCTIONFS_BIND, trying again
03-23 06:44:22.672 3134 5221 I adbd : UsbFfs: connection terminated: monitor thread finished
03-23 06:44:22.673 3134 3134 I adbd : UsbFfs: already offline
03-23 06:44:22.673 3134 3134 I adbd : destroying transport UsbFfs
03-23 06:44:22.673 3134 3134 I adbd : UsbFfsConnection being destroyed
03-23 06:44:22.681 3134 3150 I adbd : opening control endpoint /dev/usb-ffs/adb/ep0
03-23 06:44:22.682 3134 3150 I adbd : UsbFfsConnection constructed
03-23 06:44:22.683 3134 5222 I adbd : UsbFfs-monitor thread spawned
01-01 13:47:07.543 0 0 I : read descriptors
01-01 13:47:07.543 0 0 I : read strings
03-23 06:44:22.771 3298 3298 W hpplay-java: [main]:IPManager:getActiveNets invalid networkInfo:null
03-23 06:44:22.771 3298 3298 I hpplay-java: [main]:IPManager:getActiveNets eth0:false wifi:false mobile:false ap:false
03-23 06:44:22.771 3298 3298 I hpplay-java: [main]:ServerTaskManager:get local ip:null
03-23 06:44:22.865 653 668 I mpu_uart: [MSG-P:RECV]:No message received in 1000 ms
03-23 06:44:23.683 3134 5222 W adbd : timed out while waiting for FUNCTIONFS_BIND, trying again
03-23 06:44:23.683 3134 5222 I adbd : UsbFfs: connection terminated: monitor thread finished
03-23 06:44:23.684 3134 3134 I adbd : UsbFfs: already offline
03-23 06:44:23.684 3134 3134 I adbd : destroying transport UsbFfs
03-23 06:44:23.684 3134 3134 I adbd : UsbFfsConnection being destroyed
03-23 06:44:23.693 3134 3150 I adbd : opening control endpoint /dev/usb-ffs/adb/ep0
03-23 06:44:23.694 3134 3150 I adbd : UsbFfsConnection constructed
01-01 13:47:08.555 0 0 I : read descriptors
01-01 13:47:08.555 0 0 I : read strings
03-23 06:44:23.695 3134 5223 I adbd : UsbFfs-monitor thread spawned
03-23 06:44:23.773 3298 3298 W hpplay-java: [main]:IPManager:getActiveNets invalid networkInfo:null
03-23 06:44:23.773 3298 3298 I hpplay-java: [main]:IPManager:getActiveNets eth0:false wifi:false mobile:false ap:false
03-23 06:44:23.773 3298 3298 I hpplay-java: [main]:ServerTaskManager:get local ip:null
03-23 06:44:23.865 653 668 I mpu_uart: [MSG-P:RECV]:No message received in 1000 ms
03-23 06:44:23.954 653 667 I mpu_uart: [MSG-P:R]:recv sync frame timeout
03-23 06:44:24.697 3134 5223 W adbd : timed out while waiting for FUNCTIONFS_BIND, trying again
03-23 06:44:24.697 3134 5223 I adbd : UsbFfs: connection terminated: monitor thread finished
03-23 06:44:24.697 3134 3134 I adbd : UsbFfs: already offline
03-23 06:44:24.697 3134 3134 I adbd : destroying transport UsbFfs
03-23 06:44:24.697 3134 3134 I adbd : UsbFfsConnection being destroyed
03-23 06:44:24.709 3134 3150 I adbd : opening control endpoint /dev/usb-ffs/adb/ep0
03-23 06:44:24.710 3134 3150 I adbd : UsbFfsConnection constructed
03-23 06:44:24.711 3134 5224 I adbd : UsbFfs-monitor thread spawned
01-01 13:47:09.571 0 0 I : read descriptors
01-01 13:47:09.571 0 0 I : read strings
03-23 06:44:24.775 3298 3298 W hpplay-java: [main]:IPManager:getActiveNets invalid networkInfo:null
03-23 06:44:24.775 3298 3298 I hpplay-java: [main]:IPManager:getActiveNets eth0:false wifi:false mobile:false ap:false
03-23 06:44:24.775 3298 3298 I hpplay-java: [main]:ServerTaskManager:get local ip:null
03-23 06:44:24.866 653 668 I mpu_uart: [MSG-P:RECV]:No message received in 1000 ms
03-23 06:44:25.712 3134 5224 W adbd : timed out while waiting for FUNCTIONFS_BIND, trying again
03-23 06:44:25.712 3134 5224 I adbd : UsbFfs: connection terminated: monitor thread finished
03-23 06:44:25.713 3134 3134 I adbd : UsbFfs: already offline
03-23 06:44:25.713 3134 3134 I adbd : destroying transport UsbFfs
03-23 06:44:25.713 3134 3134 I adbd : UsbFfsConnection being destroyed
01-01 13:47:10.582 0 0 E DTC_ETH,link_delay_work_func: 3003, SQI=0, link=0
03-23 06:44:25.729 3134 3150 I adbd : opening control endpoint /dev/usb-ffs/adb/ep0
03-23 06:44:25.730 3134 3150 I adbd : UsbFfsConnection constructed
03-23 06:44:25.731 3134 5226 I adbd : UsbFfs-monitor thread spawned
01-01 13:47:10.591 0 0 I : read descriptors
01-01 13:47:10.591 0 0 I : read strings
03-23 06:44:25.776 3298 3298 W hpplay-java: [main]:IPManager:getActiveNets invalid networkInfo:null
03-23 06:44:25.777 3298 3298 I hpplay-java: [main]:IPManager:getActiveNets eth0:false wifi:false mobile:false ap:false
03-23 06:44:25.777 3298 3298 I hpplay-java: [main]:ServerTaskManager:get local ip:null
03-23 06:44:25.866 653 668 I mpu_uart: [MSG-P:RECV]:No message received in 1000 ms
01-01 13:47:11.159 0 0 E DTC_Display: screen not ready
01-01 13:47:11.159 0 0 E DTC_Display: Backlight abnormal: 0x7b
03-23 06:44:26.728 2764 2764 D RemoteControlService: startVlanDispatchThread
03-23 06:44:26.729 1264 1435 E tlogd : [TzLogger](isPathReadable) file /sys/kernel/debug/tzdbg/qsee_log isn't exist or no permission, err: No such file or directory
03-23 06:44:26.729 1264 1435 E tlogd : [TzLogger](saveTzlogAsync) /sys/kernel/debug/tzdbg/qsee_log can not read.
03-23 06:44:26.729 1264 1435 E tlogd : [TzLogger](isPathReadable) file /sys/kernel/debug/tzdbg/log isn't exist or no permission, err: No such file or directory
03-23 06:44:26.729 1264 1435 E tlogd : [TzLogger](saveTzlogAsync) /sys/kernel/debug/tzdbg/log can not read.
03-23 06:44:26.732 3134 5226 W adbd : timed out while waiting for FUNCTIONFS_BIND, trying again
03-23 06:44:26.732 3134 5226 I adbd : UsbFfs: connection terminated: monitor thread finished
03-23 06:44:26.732 3134 3134 I adbd : UsbFfs: already offline
03-23 06:44:26.733 3134 3134 I adbd : destroying transport UsbFfs
03-23 06:44:26.733 3134 3134 I adbd : UsbFfsConnection being destroyed
03-23 06:44:26.749 3134 3150 I adbd : opening control endpoint /dev/usb-ffs/adb/ep0
03-23 06:44:26.750 3134 3150 I adbd : UsbFfsConnection constructed
03-23 06:44:26.751 3134 5227 I adbd : UsbFfs-monitor thread spawned
01-01 13:47:11.611 0 0 I : read descriptors
01-01 13:47:11.611 0 0 I : read strings
03-23 06:44:26.779 3298 3298 W hpplay-java: [main]:IPManager:getActiveNets invalid networkInfo:null
03-23 06:44:26.779 3298 3298 I hpplay-java: [main]:IPManager:getActiveNets eth0:false wifi:false mobile:false ap:false
03-23 06:44:26.779 3298 3298 I hpplay-java: [main]:ServerTaskManager:get local ip:null
03-23 06:44:26.867 653 668 I mpu_uart: [MSG-P:RECV]:No message received in 1000 ms
03-23 06:44:26.957 653 667 I mpu_uart: [MSG-P:R]:recv sync frame timeout
03-23 06:44:27.432 3298 3298 I hpplay-java: [main]:IMTask:getIMRoot
03-23 06:44:27.440 3298 5228 W hpplay-java: [AsyncTask #36]:HttpRequest:
03-23 06:44:27.441 3298 5228 W hpplay-java: [AsyncTask #36]:HttpRequest:
03-23 06:44:27.442 3298 5228 W hpplay-java: [AsyncTask #36]:HttpRequest:
03-23 06:44:27.443 3298 3298 E hpplay-java: [main]:IMTask:getIMRoot failed
03-23 06:44:27.752 3134 5227 W adbd : timed out while waiting for FUNCTIONFS_BIND, trying again
03-23 06:44:27.752 3134 5227 I adbd : UsbFfs: connection terminated: monitor thread finished
03-23 06:44:27.753 3134 3134 I adbd : UsbFfs: already offline
03-23 06:44:27.753 3134 3134 I adbd : destroying transport UsbFfs
03-23 06:44:27.753 3134 3134 I adbd : UsbFfsConnection being destroyed
03-23 06:44:27.765 3134 3150 I adbd : opening control endpoint /dev/usb-ffs/adb/ep0
03-23 06:44:27.766 3134 3150 I adbd : UsbFfsConnection constructed
03-23 06:44:27.767 3134 5230 I adbd : UsbFfs-monitor thread spawned
01-01 13:47:12.627 0 0 I : read descriptors
01-01 13:47:12.627 0 0 I : read strings
03-23 06:44:27.780 3298 3298 W hpplay-java: [main]:IPManager:getActiveNets invalid networkInfo:null
03-23 06:44:27.780 3298 3298 I hpplay-java: [main]:IPManager:getActiveNets eth0:false wifi:false mobile:false ap:false
03-23 06:44:27.780 3298 3298 I hpplay-java: [main]:ServerTaskManager:get local ip:null
03-23 06:44:27.867 653 668 I mpu_uart: [MSG-P:RECV]:No message received in 1000 ms
03-23 06:44:28.768 3134 5230 W adbd : timed out while waiting for FUNCTIONFS_BIND, trying again
03-23 06:44:28.768 3134 5230 I adbd : UsbFfs: connection terminated: monitor thread finished
03-23 06:44:28.768 3134 3134 I adbd : UsbFfs: already offline
03-23 06:44:28.769 3134 3134 I adbd : destroying transport UsbFfs
03-23 06:44:28.769 3134 3134 I adbd : UsbFfsConnection being destroyed
03-23 06:44:28.777 3134 3150 I adbd : opening control endpoint /dev/usb-ffs/adb/ep0
03-23 06:44:28.778 3134 3150 I adbd : UsbFfsConnection constructed
03-23 06:44:28.779 3134 5231 I adbd : UsbFfs-monitor thread spawned
01-01 13:47:13.639 0 0 I : read descriptors
01-01 13:47:13.639 0 0 I : read strings
03-23 06:44:28.782 3298 3298 W hpplay-java: [main]:IPManager:getActiveNets invalid networkInfo:null
03-23 06:44:28.782 3298 3298 I hpplay-java: [main]:IPManager:getActiveNets eth0:false wifi:false mobile:false ap:false
03-23 06:44:28.782 3298 3298 I hpplay-java: [main]:ServerTaskManager:get local ip:null
03-23 06:44:28.867 653 668 I mpu_uart: [MSG-P:RECV]:No message received in 1000 ms
03-23 06:44:29.780 3134 5231 W adbd : timed out while waiting for FUNCTIONFS_BIND, trying again
03-23 06:44:29.780 3134 5231 I adbd : UsbFfs: connection terminated: monitor thread finished
03-23 06:44:29.781 3134 3134 I adbd : UsbFfs: already offline
03-23 06:44:29.781 3134 3134 I adbd : destroying transport UsbFfs
03-23 06:44:29.781 3134 3134 I adbd : UsbFfsConnection being destroyed
03-23 06:44:29.783 3298 3298 W hpplay-java: [main]:IPManager:getActiveNets invalid networkInfo:null
03-23 06:44:29.784 3298 3298 I hpplay-java: [main]:IPManager:getActiveNets eth0:false wifi:false mobile:false ap:false
03-23 06:44:29.784 3298 3298 I hpplay-java: [main]:ServerTaskManager:get local ip:null
03-23 06:44:29.797 3134 3150 I adbd : opening control endpoint /dev/usb-ffs/adb/ep0
03-23 06:44:29.798 3134 3150 I adbd : UsbFfsConnection constructed
03-23 06:44:29.799 3134 5232 I adbd : UsbFfs-monitor thread spawned
01-01 13:47:14.659 0 0 I : read descriptors
01-01 13:47:14.659 0 0 I : read strings
03-23 06:44:29.868 653 668 I mpu_uart: [MSG-P:RECV]:No message received in 1000 ms
03-23 06:44:29.961 653 667 I mpu_uart: [MSG-P:R]:recv sync frame timeout
03-23 06:44:30.785 3298 3298 W hpplay-java: [main]:IPManager:getActiveNets invalid networkInfo:null
03-23 06:44:30.786 3298 3298 I hpplay-java: [main]:IPManager:getActiveNets eth0:false wifi:false mobile:false ap:false
03-23 06:44:30.786 3298 3298 I hpplay-java: [main]:ServerTaskManager:get local ip:null
03-23 06:44:30.800 3134 5232 W adbd : timed out while waiting for FUNCTIONFS_BIND, trying again
03-23 06:44:30.800 3134 5232 I adbd : UsbFfs: connection terminated: monitor thread finished
03-23 06:44:30.800 3134 3134 I adbd : UsbFfs: already offline
03-23 06:44:30.800 3134 3134 I adbd : destroying transport UsbFfs
03-23 06:44:30.801 3134 3134 I adbd : UsbFfsConnection being destroyed
03-23 06:44:30.809 3134 3150 I adbd : opening control endpoint /dev/usb-ffs/adb/ep0
03-23 06:44:30.810 3134 3150 I adbd : UsbFfsConnection constructed
03-23 06:44:30.811 3134 5233 I adbd : UsbFfs-monitor thread spawned
01-01 13:47:15.671 0 0 I : read descriptors
01-01 13:47:15.671 0 0 I : read strings
01-01 13:47:15.703 0 0 E DTC_ETH,link_delay_work_func: 3003, SQI=0, link=0
03-23 06:44:30.868 653 668 I mpu_uart: [MSG-P:RECV]:No message received in 1000 ms
03-23 06:44:31.730 1264 1435 E tlogd : [TzLogger](isPathReadable) file /sys/kernel/debug/tzdbg/qsee_log isn't exist or no permission, err: No such file or directory
03-23 06:44:31.730 1264 1435 E tlogd : [TzLogger](saveTzlogAsync) /sys/kernel/debug/tzdbg/qsee_log can not read.
03-23 06:44:31.730 1264 1435 E tlogd : [TzLogger](isPathReadable) file /sys/kernel/debug/tzdbg/log isn't exist or no permission, err: No such file or directory
03-23 06:44:31.730 1264 1435 E tlogd : [TzLogger](saveTzlogAsync) /sys/kernel/debug/tzdbg/log can not read.
03-23 06:44:31.743 2764 2764 D RemoteControlService: startVlanDispatchThread
03-23 06:44:31.787 3298 3298 W hpplay-java: [main]:IPManager:getActiveNets invalid networkInfo:null
03-23 06:44:31.788 3298 3298 I hpplay-java: [main]:IPManager:getActiveNets eth0:false wifi:false mobile:false ap:false
03-23 06:44:31.788 3298 3298 I hpplay-java: [main]:ServerTaskManager:get local ip:null
03-23 06:44:31.812 3134 5233 W adbd : timed out while waiting for FUNCTIONFS_BIND, trying again
03-23 06:44:31.813 3134 5233 I adbd : UsbFfs: connection terminated: monitor thread finished
03-23 06:44:31.813 3134 3134 I adbd : UsbFfs: already offline
03-23 06:44:31.813 3134 3134 I adbd : destroying transport UsbFfs
03-23 06:44:31.813 3134 3134 I adbd : UsbFfsConnection being destroyed
01-01 13:47:16.683 0 0 I : read descriptors
01-01 13:47:16.683 0 0 I : read strings
03-23 06:44:31.821 3134 3150 I adbd : opening control endpoint /dev/usb-ffs/adb/ep0
03-23 06:44:31.822 3134 3150 I adbd : UsbFfsConnection constructed
03-23 06:44:31.823 3134 5234 I adbd : UsbFfs-monitor thread spawned
03-23 06:44:31.869 653 668 I mpu_uart: [MSG-P:RECV]:No message received in 1000 ms
03-23 06:44:32.789 3298 3298 W hpplay-java: [main]:IPManager:getActiveNets invalid networkInfo:null
03-23 06:44:32.790 3298 3298 I hpplay-java: [main]:IPManager:getActiveNets eth0:false wifi:false mobile:false ap:false
03-23 06:44:32.790 3298 3298 I hpplay-java: [main]:ServerTaskManager:get local ip:null
03-23 06:44:32.824 3134 5234 W adbd : timed out while waiting for FUNCTIONFS_BIND, trying again
03-23 06:44:32.825 3134 5234 I adbd : UsbFfs: connection terminated: monitor thread finished
03-23 06:44:32.825 3134 3134 I adbd : UsbFfs: already offline
03-23 06:44:32.825 3134 3134 I adbd : destroying transport UsbFfs
03-23 06:44:32.825 3134 3134 I adbd : UsbFfsConnection being destroyed
03-23 06:44:32.833 3134 3150 I adbd : opening control endpoint /dev/usb-ffs/adb/ep0
03-23 06:44:32.834 3134 3150 I adbd : UsbFfsConnection constructed
03-23 06:44:32.835 3134 5235 I adbd : UsbFfs-monitor thread spawned
01-01 13:47:17.695 0 0 I : read descriptors
01-01 13:47:17.695 0 0 I : read strings
03-23 06:44:32.869 653 668 I mpu_uart: [MSG-P:RECV]:No message received in 1000 ms
03-23 06:44:32.964 653 667 I mpu_uart: [MSG-P:R]:recv sync frame timeout
03-23 06:44:33.791 3298 3298 W hpplay-java: [main]:IPManager:getActiveNets invalid networkInfo:null
03-23 06:44:33.792 3298 3298 I hpplay-java: [main]:IPManager:getActiveNets eth0:false wifi:false mobile:false ap:false
03-23 06:44:33.792 3298 3298 I hpplay-java: [main]:ServerTaskManager:get local ip:null
03-23 06:44:33.836 3134 5235 W adbd : timed out while waiting for FUNCTIONFS_BIND, trying again
03-23 06:44:33.836 3134 5235 I adbd : UsbFfs: connection terminated: monitor thread finished
03-23 06:44:33.836 3134 3134 I adbd : UsbFfs: already offline
03-23 06:44:33.837 3134 3134 I adbd : destroying transport UsbFfs
03-23 06:44:33.837 3134 3134 I adbd : UsbFfsConnection being destroyed
03-23 06:44:33.853 3134 3150 I adbd : opening control endpoint /dev/usb-ffs/adb/ep0
03-23 06:44:33.854 3134 3150 I adbd : UsbFfsConnection constructed
03-23 06:44:33.855 3134 5236 I adbd : UsbFfs-monitor thread spawned
01-01 13:47:18.715 0 0 I : read descriptors
01-01 13:47:18.715 0 0 I : read strings
03-23 06:44:33.870 653 668 I mpu_uart: [MSG-P:RECV]:No message received in 1000 ms
01-01 13:47:19.223 0 0 E DTC_Display: screen not ready
03-23 06:44:34.793 3298 3298 W hpplay-java: [main]:IPManager:getActiveNets invalid networkInfo:null
03-23 06:44:34.793 3298 3298 I hpplay-java: [main]:IPManager:getActiveNets eth0:false wifi:false mobile:false ap:false
03-23 06:44:34.793 3298 3298 I hpplay-java: [main]:ServerTaskManager:get local ip:null
03-23 06:44:34.856 3134 5236 W adbd : timed out while waiting for FUNCTIONFS_BIND, trying again
03-23 06:44:34.856 3134 5236 I adbd : UsbFfs: connection terminated: monitor thread finished
03-23 06:44:34.856 3134 3134 I adbd : UsbFfs: already offline
03-23 06:44:34.857 3134 3134 I adbd : destroying transport UsbFfs
03-23 06:44:34.857 3134 3134 I adbd : UsbFfsConnection being destroyed
03-23 06:44:34.865 3134 3150 I adbd : opening control endpoint /dev/usb-ffs/adb/ep0
03-23 06:44:34.866 3134 3150 I adbd : UsbFfsConnection constructed
03-23 06:44:34.867 3134 5237 I adbd : UsbFfs-monitor thread spawned
01-01 13:47:19.727 0 0 I : read descriptors
01-01 13:47:19.727 0 0 I : read strings
03-23 06:44:34.870 653 668 I mpu_uart: [MSG-P:RECV]:No message received in 1000 ms
03-23 06:44:35.795 3298 3298 W hpplay-java: [main]:IPManager:getActiveNets invalid networkInfo:null
03-23 06:44:35.795 3298 3298 I hpplay-java: [main]:IPManager:getActiveNets eth0:false wifi:false mobile:false ap:false
03-23 06:44:35.796 3298 3298 I hpplay-java: [main]:ServerTaskManager:get local ip:null
03-23 06:44:35.868 3134 5237 W adbd : timed out while waiting for FUNCTIONFS_BIND, trying again
03-23 06:44:35.868 3134 5237 I adbd : UsbFfs: connection terminated: monitor thread finished
03-23 06:44:35.868 3134 3134 I adbd : UsbFfs: already offline
03-23 06:44:35.869 3134 3134 I adbd : destroying transport UsbFfs
03-23 06:44:35.869 3134 3134 I adbd : UsbFfsConnection being destroyed
03-23 06:44:35.870 653 668 I mpu_uart: [MSG-P:RECV]:No message received in 1000 ms
03-23 06:44:35.881 3134 3150 I adbd : opening control endpoint /dev/usb-ffs/adb/ep0
03-23 06:44:35.882 3134 3150 I adbd : UsbFfsConnection constructed
03-23 06:44:35.883 3134 5238 I adbd : UsbFfs-monitor thread spawned
01-01 13:47:20.743 0 0 I : read descriptors
01-01 13:47:20.743 0 0 I : read strings
01-01 13:47:20.823 0 0 E DTC_ETH,link_delay_work_func: 3003, SQI=0, link=0
03-23 06:44:35.966 653 667 I mpu_uart: [MSG-P:R]:recv sync frame timeout
03-23 06:44:36.730 1264 1435 E tlogd : [TzLogger](isPathReadable) file /sys/kernel/debug/tzdbg/qsee_log isn't exist or no permission, err: No such file or directory
03-23 06:44:36.730 1264 1435 E tlogd : [TzLogger](saveTzlogAsync) /sys/kernel/debug/tzdbg/qsee_log can not read.
03-23 06:44:36.730 1264 1435 E tlogd : [TzLogger](isPathReadable) file /sys/kernel/debug/tzdbg/log isn't exist or no permission, err: No such file or directory
03-23 06:44:36.730 1264 1435 E tlogd : [TzLogger](saveTzlogAsync) /sys/kernel/debug/tzdbg/log can not read.
03-23 06:44:36.752 2764 2764 D RemoteControlService: startVlanDispatchThread
03-23 06:44:36.797 3298 3298 W hpplay-java: [main]:IPManager:getActiveNets invalid networkInfo:null
03-23 06:44:36.797 3298 3298 I hpplay-java: [main]:IPManager:getActiveNets eth0:false wifi:false mobile:false ap:false
03-23 06:44:36.797 3298 3298 I hpplay-java: [main]:ServerTaskManager:get local ip:null
03-23 06:44:36.871 653 668 I mpu_uart: [MSG-P:RECV]:No message received in 1000 ms
03-23 06:44:36.884 3134 5238 W adbd : timed out while waiting for FUNCTIONFS_BIND, trying again
03-23 06:44:36.884 3134 5238 I adbd : UsbFfs: connection terminated: monitor thread finished
03-23 06:44:36.885 3134 3134 I adbd : UsbFfs: already offline
03-23 06:44:36.885 3134 3134 I adbd : destroying transport UsbFfs
03-23 06:44:36.885 3134 3134 I adbd : UsbFfsConnection being destroyed
03-23 06:44:36.893 3134 3150 I adbd : opening control endpoint /dev/usb-ffs/adb/ep0
03-23 06:44:36.894 3134 3150 I adbd : UsbFfsConnection constructed
03-23 06:44:36.895 3134 5239 I adbd : UsbFfs-monitor thread spawned
01-01 13:47:21.755 0 0 I : read descriptors
01-01 13:47:21.755 0 0 I : read strings
03-23 06:44:37.799 3298 3298 W hpplay-java: [main]:IPManager:getActiveNets invalid networkInfo:null
03-23 06:44:37.799 3298 3298 I hpplay-java: [main]:IPManager:getActiveNets eth0:false wifi:false mobile:false ap:false
03-23 06:44:37.799 3298 3298 I hpplay-java: [main]:ServerTaskManager:get local ip:null
03-23 06:44:37.871 653 668 I mpu_uart: [MSG-P:RECV]:No message received in 1000 ms
03-23 06:44:37.896 3134 5239 W adbd : timed out while waiting for FUNCTIONFS_BIND, trying again
03-23 06:44:37.896 3134 5239 I adbd : UsbFfs: connection terminated: monitor thread finished
03-23 06:44:37.896 3134 3134 I adbd : UsbFfs: already offline
03-23 06:44:37.897 3134 3134 I adbd : destroying transport UsbFfs
03-23 06:44:37.897 3134 3134 I adbd : UsbFfsConnection being destroyed
03-23 06:44:37.906 3134 3150 I adbd : opening control endpoint /dev/usb-ffs/adb/ep0
03-23 06:44:37.907 3134 3150 I adbd : UsbFfsConnection constructed
01-01 13:47:22.768 0 0 I : read descriptors
01-01 13:47:22.768 0 0 I : read strings
03-23 06:44:37.909 3134 5240 I adbd : UsbFfs-monitor thread spawned
03-23 06:44:38.802 3298 3298 W hpplay-java: [main]:IPManager:getActiveNets invalid networkInfo:null
03-23 06:44:38.802 3298 3298 I hpplay-java: [main]:IPManager:getActiveNets eth0:false wifi:false mobile:false ap:false
03-23 06:44:38.802 3298 3298 I hpplay-java: [main]:ServerTaskManager:get local ip:null
03-23 06:44:38.872 653 668 I mpu_uart: [MSG-P:RECV]:No message received in 1000 ms
03-23 06:44:38.910 3134 5240 W adbd : timed out while waiting for FUNCTIONFS_BIND, trying again
03-23 06:44:38.910 3134 5240 I adbd : UsbFfs: connection terminated: monitor thread finished
03-23 06:44:38.910 3134 3134 I adbd : UsbFfs: already offline
