03-23 06:42:14.569 2959 2959 D PrefCtrlListHelper: Could not find Context-only controller for pref: com.android.settings.network.TopLevelNetworkEntryPreferenceController
03-23 06:42:14.569 2959 2959 D PrefCtrlListHelper: Could not find Context-only controller for pref: com.android.settings.connecteddevice.TopLevelConnectedDevicesPreferenceController
03-23 06:42:14.570 2959 2959 D PrefCtrlListHelper: Could not find Context-only controller for pref: com.android.settings.fuelgauge.TopLevelBatteryPreferenceController
03-23 06:42:14.570 2959 2959 D PrefCtrlListHelper: Could not find Context-only controller for pref: com.android.settings.deviceinfo.TopLevelStoragePreferenceController
03-23 06:42:14.570 2959 2959 D PrefCtrlListHelper: Could not find Context-only controller for pref: com.android.settings.display.TopLevelDisplayPreferenceController
03-23 06:42:14.570 2959 2959 D PrefCtrlListHelper: Could not find Context-only controller for pref: com.android.settings.display.TopLevelWallpaperPreferenceController
03-23 06:42:14.570 2959 2959 D PrefCtrlListHelper: Could not find Context-only controller for pref: com.android.settings.accessibility.TopLevelAccessibilityPreferenceController
03-23 06:42:14.570 2959 2959 D PrefCtrlListHelper: Could not find Context-only controller for pref: com.android.settings.security.TopLevelSecurityEntryPreferenceController
03-23 06:42:14.570 2959 2959 D PrefCtrlListHelper: Could not find Context-only controller for pref: com.android.settings.location.TopLevelLocationPreferenceController
03-23 06:42:14.571 2959 2959 D PrefCtrlListHelper: Could not find Context-only controller for pref: com.android.settings.accounts.TopLevelAccountEntryPreferenceController
03-23 06:42:14.571 2959 2959 D PrefCtrlListHelper: Could not find Context-only controller for pref: com.android.settings.deviceinfo.aboutphone.TopLevelAboutDevicePreferenceController
03-23 06:42:14.571 2959 2959 D PrefCtrlListHelper: Could not find Context-only controller for pref: com.android.settings.support.SupportPreferenceController
03-23 06:42:14.572 1512 2466 E UserRestrictionsUtils: Unknown restriction queried by uid 1000 (vendor.qti.qesdk.sysservice et al): null
03-23 06:42:14.572 1512 3375 E UserRestrictionsUtils: Unknown restriction queried by uid 1000 (vendor.qti.qesdk.sysservice et al): null
03-23 06:42:14.572 1512 2466 E UserRestrictionsUtils: Unknown restriction queried by uid 1000 (vendor.qti.qesdk.sysservice et al): null
03-23 06:42:14.573 1512 3375 E UserRestrictionsUtils: Unknown restriction queried by uid 1000 (vendor.qti.qesdk.sysservice et al): null
03-23 06:42:14.573 1512 2466 E UserRestrictionsUtils: Unknown restriction queried by uid 1000 (vendor.qti.qesdk.sysservice et al): null
03-23 06:42:14.573 1512 3375 E UserRestrictionsUtils: Unknown restriction queried by uid 1000 (vendor.qti.qesdk.sysservice et al): null
03-23 06:42:14.573 2866 2866 D Launcher.Model: startLoader
03-23 06:42:14.573 2866 2866 D Launcher.Model: java.lang.Exception
03-23 06:42:14.573 2866 2866 D Launcher.Model: at com.android.launcher3.LauncherModel.startLoader(LauncherModel.java:353)
03-23 06:42:14.573 2866 2866 D Launcher.Model: at com.android.launcher3.LauncherModel.forceReload(LauncherModel.java:298)
03-23 06:42:14.573 2866 2866 D Launcher.Model: at com.android.launcher3.LauncherAppState.refreshAndReloadLauncher(LauncherAppState.java:161)
03-23 06:42:14.573 2866 2866 D Launcher.Model: at com.android.launcher3.LauncherAppState.lambda$new$0$LauncherAppState(LauncherAppState.java:89)
03-23 06:42:14.573 2866 2866 D Launcher.Model: at com.android.launcher3.LauncherAppState$$ExternalSyntheticLambda0.onIdpChanged(Unknown Source:2)
03-23 06:42:14.573 2866 2866 D Launcher.Model: at com.android.launcher3.InvariantDeviceProfile.onConfigChanged(InvariantDeviceProfile.java:379)
03-23 06:42:14.573 2866 2866 D Launcher.Model: at com.android.launcher3.InvariantDeviceProfile.lambda$new$0$InvariantDeviceProfile(InvariantDeviceProfile.java:199)
03-23 06:42:14.573 2866 2866 D Launcher.Model: at com.android.launcher3.InvariantDeviceProfile$$ExternalSyntheticLambda0.onDisplayInfoChanged(Unknown Source:2)
03-23 06:42:14.573 2866 2866 D Launcher.Model: at com.android.launcher3.util.DisplayController.notifyChange(DisplayController.java:237)
03-23 06:42:14.573 2866 2866 D Launcher.Model: at com.android.launcher3.util.DisplayController.lambda$handleInfoChange$0$DisplayController(DisplayController.java:231)
03-23 06:42:14.573 2866 2866 D Launcher.Model: at com.android.launcher3.util.DisplayController$$ExternalSyntheticLambda1.run(Unknown Source:6)
03-23 06:42:14.573 2866 2866 D Launcher.Model: at com.android.launcher3.util.LooperExecutor.execute(LooperExecutor.java:45)
03-23 06:42:14.573 2866 2866 D Launcher.Model: at com.android.launcher3.util.DisplayController.handleInfoChange(DisplayController.java:231)
03-23 06:42:14.573 2866 2866 D Launcher.Model: at com.android.launcher3.util.DisplayController.onConfigurationChanged(DisplayController.java:180)
03-23 06:42:14.573 2866 2866 D Launcher.Model: at android.content.ComponentCallbacksController.lambda$dispatchConfigurationChanged$0(ComponentCallbacksController.java:91)
03-23 06:42:14.573 2866 2866 D Launcher.Model: at android.content.ComponentCallbacksController$$ExternalSyntheticLambda1.accept(Unknown Source:4)
03-23 06:42:14.573 2866 2866 D Launcher.Model: at android.content.ComponentCallbacksController.forAllComponentCallbacks(ComponentCallbacksController.java:124)
03-23 06:42:14.573 2866 2866 D Launcher.Model: at android.content.ComponentCallbacksController.dispatchConfigurationChanged(ComponentCallbacksController.java:91)
03-23 06:42:14.573 2866 2866 D Launcher.Model: at android.window.WindowContext.dispatchConfigurationChanged(WindowContext.java:125)
03-23 06:42:14.573 2866 2866 D Launcher.Model: at android.window.WindowTokenClient.lambda$onConfigurationChanged$0(WindowTokenClient.java:90)
03-23 06:42:14.573 2866 2866 D Launcher.Model: at android.window.WindowTokenClient$$ExternalSyntheticLambda0.run(Unknown Source:4)
03-23 06:42:14.573 2866 2866 D Launcher.Model: at android.os.Handler.handleCallback(Handler.java:938)
03-23 06:42:14.573 2866 2866 D Launcher.Model: at android.os.Handler.dispatchMessage(Handler.java:99)
03-23 06:42:14.573 2866 2866 D Launcher.Model: at android.os.Looper.loopOnce(Looper.java:201)
03-23 06:42:14.573 2866 2866 D Launcher.Model: at android.os.Looper.loop(Looper.java:288)
03-23 06:42:14.573 2866 2866 D Launcher.Model: at android.app.ActivityThread.main(ActivityThread.java:7880)
03-23 06:42:14.573 2866 2866 D Launcher.Model: at java.lang.reflect.Method.invoke(Native Method)
03-23 06:42:14.573 2866 2866 D Launcher.Model: at com.android.internal.os.RuntimeInit$MethodAndArgsCaller.run(RuntimeInit.java:548)
03-23 06:42:14.573 2866 2866 D Launcher.Model: at com.android.internal.os.ZygoteInit.main(ZygoteInit.java:1009)
03-23 06:42:14.573 1512 3375 E UserRestrictionsUtils: Unknown restriction queried by uid 1000 (vendor.qti.qesdk.sysservice et al): null
03-23 06:42:14.574 1512 3375 E UserRestrictionsUtils: Unknown restriction queried by uid 1000 (vendor.qti.qesdk.sysservice et al): null
03-23 06:42:14.574 2866 2866 E libprocessgroup: set_timerslack_ns write failed: Operation not permitted
03-23 06:42:14.574 1512 3375 E UserRestrictionsUtils: Unknown restriction queried by uid 1000 (vendor.qti.qesdk.sysservice et al): null
03-23 06:42:14.574 1512 3375 E UserRestrictionsUtils: Unknown restriction queried by uid 1000 (vendor.qti.qesdk.sysservice et al): null
03-23 06:42:14.574 2866 2934 D LoaderTask: loadWorkspace: loading default favorites
03-23 06:42:14.574 2866 2934 D LauncherProvider: call: method=load_default_favorites,arg=null,extras=null
03-23 06:42:14.574 1512 3375 E UserRestrictionsUtils: Unknown restriction queried by uid 1000 (vendor.qti.qesdk.sysservice et al): null
03-23 06:42:14.575 1512 3375 E UserRestrictionsUtils: Unknown restriction queried by uid 1000 (vendor.qti.qesdk.sysservice et al): null
03-23 06:42:14.575 1512 1990 E UserRestrictionsUtils: Unknown restriction queried by uid 1000 (vendor.qti.qesdk.sysservice et al): null
03-23 06:42:14.575 1512 2435 E UserRestrictionsUtils: Unknown restriction queried by uid 1000 (vendor.qti.qesdk.sysservice et al): null
03-23 06:42:14.575 1512 1990 E UserRestrictionsUtils: Unknown restriction queried by uid 1000 (vendor.qti.qesdk.sysservice et al): null
03-23 06:42:14.575 2866 2866 D DeviceProfile: updateIconDrawableOffset: folderIconSizePx=80
03-23 06:42:14.575 1512 2435 E UserRestrictionsUtils: Unknown restriction queried by uid 1000 (vendor.qti.qesdk.sysservice et al): null
03-23 06:42:14.576 1512 4101 E UserRestrictionsUtils: Unknown restriction queried by uid 1000 (vendor.qti.qesdk.sysservice et al): null
03-23 06:42:14.576 1512 3344 E UserRestrictionsUtils: Unknown restriction queried by uid 1000 (vendor.qti.qesdk.sysservice et al): null
03-23 06:42:14.576 2959 2959 W InstrumentedPrefFrag: Screen title missing for fragment com.android.settings.homepage.TopLevelSettings
03-23 06:42:14.577 2959 2959 D TopLevelSettings: NO dashboard tiles for TopLevelSettings
03-23 06:42:14.577 2959 2959 D TopLevelSettings: All preferences added, reporting fully drawn
03-23 06:42:14.578 2361 2361 D StatusBar: disable disable2
03-23 06:42:14.578 2866 2934 D BaseIconFactory: normalizeAndWrapToAdaptiveIcon: scale=0.8096529
03-23 06:42:14.580 2866 2934 D BaseIconFactory: normalizeAndWrapToAdaptiveIcon: scale=0.8096529
03-23 06:42:14.581 2361 2361 W ConstraintSet: id unknown center_vertical_guideline
03-23 06:42:14.581 2361 2361 W ConstraintSet: id unknown center_horizontal_guideline
03-23 06:42:14.581 2361 2361 W ConstraintSet: id unknown media_action_barrier
03-23 06:42:14.582 2361 2361 W ConstraintSet: id unknown remove_text
03-23 06:42:14.582 2361 2361 W ConstraintSet: id unknown settings
03-23 06:42:14.582 2361 2361 W ConstraintSet: id unknown cancel
03-23 06:42:14.582 2361 2361 W ConstraintSet: id unknown dismiss
03-23 06:42:14.583 2866 2934 D BaseIconFactory: normalizeAndWrapToAdaptiveIcon: scale=0.8096529
03-23 06:42:14.585 2866 2934 D BaseIconFactory: normalizeAndWrapToAdaptiveIcon: scale=0.8096529
03-23 06:42:14.585 2959 2959 D PrefCtrlListHelper: Could not find Context-only controller for pref: com.android.settings.display.AutoBrightnessPreferenceController
03-23 06:42:14.585 2959 2959 D PrefCtrlListHelper: Could not find Context-only controller for pref: com.android.settings.security.screenlock.LockScreenPreferenceController
03-23 06:42:14.585 2959 2959 D PrefCtrlListHelper: Could not find Context-only controller for pref: com.android.settings.display.DarkUIPreferenceController
03-23 06:42:14.587 2866 2934 D BaseIconFactory: normalizeAndWrapToAdaptiveIcon: scale=0.8096529
03-23 06:42:14.587 2866 2866 D EditModeHelper: setHotseatVisibility: 0
03-23 06:42:14.588 2959 2959 D PrefCtrlListHelper: Could not find Context-only controller for pref: com.android.settings.display.FontSizePreferenceController
03-23 06:42:14.588 2959 2959 D PrefCtrlListHelper: Could not find Context-only controller for pref: com.android.settings.display.NightDisplayPreferenceController
03-23 06:42:14.588 2959 2959 D PrefCtrlListHelper: Could not find Context-only controller for pref: com.android.settings.display.ColorModePreferenceController
03-23 06:42:14.588 2959 2959 D PrefCtrlListHelper: Could not find Context-only controller for pref: com.android.settings.display.AutoRotatePreferenceController
03-23 06:42:14.588 2959 2959 D PrefCtrlListHelper: Could not find Context-only controller for pref: com.android.settings.display.DisplayWhiteBalancePreferenceController
03-23 06:42:14.588 2959 2959 D PrefCtrlListHelper: Could not find Context-only controller for pref: com.android.settings.display.PeakRefreshRatePreferenceController
03-23 06:42:14.589 2959 2959 D RefreshRatePrefCtr: DEFAULT_REFRESH_RATE : 60.0 mPeakRefreshRate : 60.0
03-23 06:42:14.589 2959 2959 D PrefCtrlListHelper: Could not find Context-only controller for pref: com.android.settings.display.HotSeatDirPreferenceController
03-23 06:42:14.589 2866 2866 D Launcher.Model: startLoader
03-23 06:42:14.589 2866 2866 D Launcher.Model: java.lang.Exception
03-23 06:42:14.589 2866 2866 D Launcher.Model: at com.android.launcher3.LauncherModel.startLoader(LauncherModel.java:353)
03-23 06:42:14.589 2866 2866 D Launcher.Model: at com.android.launcher3.LauncherModel.rebindCallbacks(LauncherModel.java:307)
03-23 06:42:14.589 2866 2866 D Launcher.Model: at com.android.launcher3.Launcher.onIdpChanged(Launcher.java:659)
03-23 06:42:14.589 2866 2866 D Launcher.Model: at com.android.launcher3.InvariantDeviceProfile.onConfigChanged(InvariantDeviceProfile.java:379)
03-23 06:42:14.589 2866 2866 D Launcher.Model: at com.android.launcher3.InvariantDeviceProfile.lambda$new$0$InvariantDeviceProfile(InvariantDeviceProfile.java:199)
03-23 06:42:14.589 2866 2866 D Launcher.Model: at com.android.launcher3.InvariantDeviceProfile$$ExternalSyntheticLambda0.onDisplayInfoChanged(Unknown Source:2)
03-23 06:42:14.589 2866 2866 D Launcher.Model: at com.android.launcher3.util.DisplayController.notifyChange(DisplayController.java:237)
03-23 06:42:14.589 2866 2866 D Launcher.Model: at com.android.launcher3.util.DisplayController.lambda$handleInfoChange$0$DisplayController(DisplayController.java:231)
03-23 06:42:14.589 2866 2866 D Launcher.Model: at com.android.launcher3.util.DisplayController$$ExternalSyntheticLambda1.run(Unknown Source:6)
03-23 06:42:14.589 2866 2866 D Launcher.Model: at com.android.launcher3.util.LooperExecutor.execute(LooperExecutor.java:45)
03-23 06:42:14.589 2866 2866 D Launcher.Model: at com.android.launcher3.util.DisplayController.handleInfoChange(DisplayController.java:231)
03-23 06:42:14.589 2866 2866 D Launcher.Model: at com.android.launcher3.util.DisplayController.onConfigurationChanged(DisplayController.java:180)
03-23 06:42:14.589 2866 2866 D Launcher.Model: at android.content.ComponentCallbacksController.lambda$dispatchConfigurationChanged$0(ComponentCallbacksController.java:91)
03-23 06:42:14.589 2866 2866 D Launcher.Model: at android.content.ComponentCallbacksController$$ExternalSyntheticLambda1.accept(Unknown Source:4)
03-23 06:42:14.589 2866 2866 D Launcher.Model: at android.content.ComponentCallbacksController.forAllComponentCallbacks(ComponentCallbacksController.java:124)
03-23 06:42:14.589 2866 2866 D Launcher.Model: at android.content.ComponentCallbacksController.dispatchConfigurationChanged(ComponentCallbacksController.java:91)
03-23 06:42:14.589 2866 2866 D Launcher.Model: at android.window.WindowContext.dispatchConfigurationChanged(WindowContext.java:125)
03-23 06:42:14.589 2866 2866 D Launcher.Model: at android.window.WindowTokenClient.lambda$onConfigurationChanged$0(WindowTokenClient.java:90)
03-23 06:42:14.589 2866 2866 D Launcher.Model: at android.window.WindowTokenClient$$ExternalSyntheticLambda0.run(Unknown Source:4)
03-23 06:42:14.589 2866 2866 D Launcher.Model: at android.os.Handler.handleCallback(Handler.java:938)
03-23 06:42:14.589 2866 2866 D Launcher.Model: at android.os.Handler.dispatchMessage(Handler.java:99)
03-23 06:42:14.589 2866 2866 D Launcher.Model: at android.os.Looper.loopOnce(Looper.java:201)
03-23 06:42:14.589 2866 2866 D Launcher.Model: at android.os.Looper.loop(Looper.java:288)
03-23 06:42:14.589 2866 2866 D Launcher.Model: at android.app.ActivityThread.main(ActivityThread.java:7880)
03-23 06:42:14.589 2866 2866 D Launcher.Model: at java.lang.reflect.Method.invoke(Native Method)
03-23 06:42:14.589 2866 2866 D Launcher.Model: at com.android.internal.os.RuntimeInit$MethodAndArgsCaller.run(RuntimeInit.java:548)
03-23 06:42:14.589 2866 2866 D Launcher.Model: at com.android.internal.os.ZygoteInit.main(ZygoteInit.java:1009)
03-23 06:42:14.589 2866 2934 D BaseIconFactory: normalizeAndWrapToAdaptiveIcon: scale=0.8096529
03-23 06:42:14.590 1512 3375 E UserRestrictionsUtils: Unknown restriction queried by uid 1000 (vendor.qti.qesdk.sysservice et al): null
03-23 06:42:14.590 1512 3375 I wm_relaunch_activity: [0,88042559,10,com.android.launcher3/.uioverrides.QuickstepLauncher]
03-23 06:42:14.590 2866 2934 D LoaderTask: loadWorkspace
03-23 06:42:14.590 2866 2934 D LoaderTask: Cancelled
03-23 06:42:14.591 1512 3375 I wm_add_to_stopping: [0,88042559,com.android.launcher3/.uioverrides.QuickstepLauncher,preloadRecents]
03-23 06:42:14.591 2866 2934 D LoaderTask: loadWorkspace: loading default favorites
03-23 06:42:14.591 2866 2934 D LauncherProvider: call: method=load_default_favorites,arg=null,extras=null
03-23 06:42:14.591 1512 3353 E UserRestrictionsUtils: Unknown restriction queried by uid 1000 (vendor.qti.qesdk.sysservice et al): null
03-23 06:42:14.592 1512 3353 E UserRestrictionsUtils: Unknown restriction queried by uid 1000 (vendor.qti.qesdk.sysservice et al): null
03-23 06:42:14.594 2866 2866 D Launcher.Model: startLoader
03-23 06:42:14.594 2866 2866 D Launcher.Model: java.lang.Exception
03-23 06:42:14.594 2866 2866 D Launcher.Model: at com.android.launcher3.LauncherModel.startLoader(LauncherModel.java:353)
03-23 06:42:14.594 2866 2866 D Launcher.Model: at com.android.launcher3.LauncherModel.removeCallbacks(LauncherModel.java:320)
03-23 06:42:14.594 2866 2866 D Launcher.Model: at com.android.launcher3.Launcher.onDestroy(Launcher.java:1772)
03-23 06:42:14.594 2866 2866 D Launcher.Model: at com.android.launcher3.BaseQuickstepLauncher.onDestroy(BaseQuickstepLauncher.java:163)
03-23 06:42:14.594 2866 2866 D Launcher.Model: at com.android.launcher3.uioverrides.QuickstepLauncher.onDestroy(QuickstepLauncher.java:239)
03-23 06:42:14.594 2866 2866 D Launcher.Model: at android.app.Activity.performDestroy(Activity.java:8350)
03-23 06:42:14.594 2866 2866 D Launcher.Model: at android.app.Instrumentation.callActivityOnDestroy(Instrumentation.java:1365)
03-23 06:42:14.594 2866 2866 D Launcher.Model: at android.app.ActivityThread.performDestroyActivity(ActivityThread.java:5375)
03-23 06:42:14.594 2866 2866 D Launcher.Model: at android.app.ActivityThread.handleDestroyActivity(ActivityThread.java:5421)
03-23 06:42:14.594 2866 2866 D Launcher.Model: at android.app.ActivityThread.handleRelaunchActivityInner(ActivityThread.java:5715)
03-23 06:42:14.594 2866 2866 D Launcher.Model: at android.app.ActivityThread.handleRelaunchActivity(ActivityThread.java:5631)
03-23 06:42:14.594 2866 2866 D Launcher.Model: at android.app.servertransaction.ActivityRelaunchItem.execute(ActivityRelaunchItem.java:71)
03-23 06:42:14.594 2866 2866 D Launcher.Model: at android.app.servertransaction.ActivityTransactionItem.execute(ActivityTransactionItem.java:45)
03-23 06:42:14.594 2866 2866 D Launcher.Model: at android.app.servertransaction.TransactionExecutor.executeCallbacks(TransactionExecutor.java:135)
03-23 06:42:14.594 2866 2866 D Launcher.Model: at android.app.servertransaction.TransactionExecutor.execute(TransactionExecutor.java:95)
03-23 06:42:14.594 2866 2866 D Launcher.Model: at android.app.ActivityThread$H.handleMessage(ActivityThread.java:2211)
03-23 06:42:14.594 2866 2866 D Launcher.Model: at android.os.Handler.dispatchMessage(Handler.java:106)
03-23 06:42:14.594 2866 2866 D Launcher.Model: at android.os.Looper.loopOnce(Looper.java:201)
03-23 06:42:14.594 2866 2866 D Launcher.Model: at android.os.Looper.loop(Looper.java:288)
03-23 06:42:14.594 2866 2866 D Launcher.Model: at android.app.ActivityThread.main(ActivityThread.java:7880)
03-23 06:42:14.594 2866 2866 D Launcher.Model: at java.lang.reflect.Method.invoke(Native Method)
03-23 06:42:14.594 2866 2866 D Launcher.Model: at com.android.internal.os.RuntimeInit$MethodAndArgsCaller.run(RuntimeInit.java:548)
03-23 06:42:14.594 2866 2866 D Launcher.Model: at com.android.internal.os.ZygoteInit.main(ZygoteInit.java:1009)
03-23 06:42:14.594 1512 2466 E UserRestrictionsUtils: Unknown restriction queried by uid 1000 (vendor.qti.qesdk.sysservice et al): null
03-23 06:42:14.595 1512 2466 E UserRestrictionsUtils: Unknown restriction queried by uid 1000 (vendor.qti.qesdk.sysservice et al): null
03-23 06:42:14.595 2788 2832 D ProtectUartService: received unRegisterListener token:LAUNCHER_VOLTAGE_PROTECT
03-23 06:42:14.595 2866 2866 I wm_on_destroy_called: [88042559,com.android.launcher3.uioverrides.QuickstepLauncher,performDestroy]
03-23 06:42:14.595 2866 2934 D LoaderTask: loadWorkspace
03-23 06:42:14.595 2866 2934 D LoaderTask: Cancelled
03-23 06:42:14.596 1512 3375 W InputManager-JNI: Input channel object '56aa3ea com.android.launcher3/com.android.launcher3.uioverrides.QuickstepLauncher (client)' was disposed without first being removed with the input manager!
03-23 06:42:14.597 2959 2959 D DisplaySettings: NO dashboard tiles for DisplaySettings
03-23 06:42:14.597 2959 2959 D DisplaySettings: All preferences added, reporting fully drawn
03-23 06:42:14.599 2959 2959 I service_manager_stats: [100,43,74670]
03-23 06:42:14.600 2959 2959 I SettingsHomepageActivity: SettingsHomepageActivity: onCreate
03-23 06:42:14.606 2866 2866 D DeviceProfile: updateIconDrawableOffset: folderIconSizePx=80
03-23 06:42:14.606 2361 2361 W ConstraintSet: id unknown center_vertical_guideline
03-23 06:42:14.606 2361 2361 W ConstraintSet: id unknown center_horizontal_guideline
03-23 06:42:14.606 2361 2361 W ConstraintSet: id unknown media_action_barrier
03-23 06:42:14.606 2361 2361 W ConstraintSet: id unknown remove_text
03-23 06:42:14.606 2361 2361 W ConstraintSet: id unknown settings
03-23 06:42:14.606 2361 2361 W ConstraintSet: id unknown cancel
03-23 06:42:14.606 2361 2361 W ConstraintSet: id unknown dismiss
03-23 06:42:14.609 2959 2959 D AvatarViewMixin: Feature disabled by config. Skipping
03-23 06:42:14.610 2959 2959 I wm_on_create_called: [64326038,com.android.settings.Settings,performCreate]
03-23 06:42:14.612 2988 3838 D QCCAuthMgr: SMQContentProvider query uri: content://com.qti.smq.Feedback.provider/smq_settings, selection: key=?, uri_matcher: 1
03-23 06:42:14.612 2988 3838 D QCCAuthMgr: SMQContentProvider query tableName: smq_settings
03-23 06:42:14.616 2361 2361 D KeyguardViewMediator: adjustStatusBarLocked: mShowing=false mOccluded=false isSecure=false force=false --> flags=0x0
03-23 06:42:14.622 2361 2361 V KeyguardUpdateMonitor: *** unregister callback for com.android.keyguard.AnimatableClockController$4@4e5f85
03-23 06:42:14.622 2361 2361 V KeyguardUpdateMonitor: *** unregister callback for com.android.keyguard.AnimatableClockController$4@845ce8
03-23 06:42:14.624 2361 2361 V KeyguardUpdateMonitor: *** unregister callback for com.android.keyguard.KeyguardStatusViewController$2@d3dfa3d
03-23 06:42:14.625 2959 2959 D PrefCtrlListHelper: Could not find Context-only controller for pref: com.android.settings.network.TopLevelNetworkEntryPreferenceController
03-23 06:42:14.625 2959 2959 D PrefCtrlListHelper: Could not find Context-only controller for pref: com.android.settings.connecteddevice.TopLevelConnectedDevicesPreferenceController
03-23 06:42:14.625 2959 2959 D PrefCtrlListHelper: Could not find Context-only controller for pref: com.android.settings.fuelgauge.TopLevelBatteryPreferenceController
03-23 06:42:14.625 2959 2959 D PrefCtrlListHelper: Could not find Context-only controller for pref: com.android.settings.deviceinfo.TopLevelStoragePreferenceController
03-23 06:42:14.625 2959 2959 D PrefCtrlListHelper: Could not find Context-only controller for pref: com.android.settings.display.TopLevelDisplayPreferenceController
03-23 06:42:14.625 2959 2959 D PrefCtrlListHelper: Could not find Context-only controller for pref: com.android.settings.display.TopLevelWallpaperPreferenceController
03-23 06:42:14.625 2959 2959 D PrefCtrlListHelper: Could not find Context-only controller for pref: com.android.settings.accessibility.TopLevelAccessibilityPreferenceController
03-23 06:42:14.625 2959 2959 D PrefCtrlListHelper: Could not find Context-only controller for pref: com.android.settings.security.TopLevelSecurityEntryPreferenceController
03-23 06:42:14.626 2959 2959 D PrefCtrlListHelper: Could not find Context-only controller for pref: com.android.settings.location.TopLevelLocationPreferenceController
03-23 06:42:14.626 2959 2959 D PrefCtrlListHelper: Could not find Context-only controller for pref: com.android.settings.accounts.TopLevelAccountEntryPreferenceController
03-23 06:42:14.626 2959 2959 D PrefCtrlListHelper: Could not find Context-only controller for pref: com.android.settings.deviceinfo.aboutphone.TopLevelAboutDevicePreferenceController
03-23 06:42:14.626 2959 2959 D PrefCtrlListHelper: Could not find Context-only controller for pref: com.android.settings.support.SupportPreferenceController
03-23 06:42:14.626 1512 3353 E UserRestrictionsUtils: Unknown restriction queried by uid 1000 (vendor.qti.qesdk.sysservice et al): null
03-23 06:42:14.627 1512 3353 E UserRestrictionsUtils: Unknown restriction queried by uid 1000 (vendor.qti.qesdk.sysservice et al): null
03-23 06:42:14.627 1512 3353 E UserRestrictionsUtils: Unknown restriction queried by uid 1000 (vendor.qti.qesdk.sysservice et al): null
03-23 06:42:14.627 1512 3353 E UserRestrictionsUtils: Unknown restriction queried by uid 1000 (vendor.qti.qesdk.sysservice et al): null
03-23 06:42:14.627 1512 3353 E UserRestrictionsUtils: Unknown restriction queried by uid 1000 (vendor.qti.qesdk.sysservice et al): null
03-23 06:42:14.627 1512 3353 E UserRestrictionsUtils: Unknown restriction queried by uid 1000 (vendor.qti.qesdk.sysservice et al): null
03-23 06:42:14.628 1512 3353 E UserRestrictionsUtils: Unknown restriction queried by uid 1000 (vendor.qti.qesdk.sysservice et al): null
03-23 06:42:14.628 1512 3353 E UserRestrictionsUtils: Unknown restriction queried by uid 1000 (vendor.qti.qesdk.sysservice et al): null
03-23 06:42:14.628 1512 3353 E UserRestrictionsUtils: Unknown restriction queried by uid 1000 (vendor.qti.qesdk.sysservice et al): null
03-23 06:42:14.628 1512 3353 E UserRestrictionsUtils: Unknown restriction queried by uid 1000 (vendor.qti.qesdk.sysservice et al): null
03-23 06:42:14.628 1512 3353 E UserRestrictionsUtils: Unknown restriction queried by uid 1000 (vendor.qti.qesdk.sysservice et al): null
03-23 06:42:14.629 1512 3353 E UserRestrictionsUtils: Unknown restriction queried by uid 1000 (vendor.qti.qesdk.sysservice et al): null
03-23 06:42:14.629 1512 3353 E UserRestrictionsUtils: Unknown restriction queried by uid 1000 (vendor.qti.qesdk.sysservice et al): null
03-23 06:42:14.629 1512 3353 E UserRestrictionsUtils: Unknown restriction queried by uid 1000 (vendor.qti.qesdk.sysservice et al): null
03-23 06:42:14.629 1512 3353 E UserRestrictionsUtils: Unknown restriction queried by uid 1000 (vendor.qti.qesdk.sysservice et al): null
03-23 06:42:14.630 1512 3375 E UserRestrictionsUtils: Unknown restriction queried by uid 1000 (vendor.qti.qesdk.sysservice et al): null
03-23 06:42:14.630 1512 3353 E UserRestrictionsUtils: Unknown restriction queried by uid 1000 (vendor.qti.qesdk.sysservice et al): null
03-23 06:42:14.630 1512 3353 E UserRestrictionsUtils: Unknown restriction queried by uid 1000 (vendor.qti.qesdk.sysservice et al): null
03-23 06:42:14.630 2959 2959 W InstrumentedPrefFrag: Screen title missing for fragment com.android.settings.homepage.TopLevelSettings
03-23 06:42:14.631 2361 2361 V KeyguardUpdateMonitor: *** register callback for com.android.keyguard.AnimatableClockController$4@32271cb
03-23 06:42:14.631 2361 2361 V KeyguardUpdateMonitor: *** unregister callback for null
03-23 06:42:14.631 2959 2959 D TopLevelSettings: NO dashboard tiles for TopLevelSettings
03-23 06:42:14.631 2959 2959 D TopLevelSettings: All preferences added, reporting fully drawn
03-23 06:42:14.631 2361 2361 V KeyguardUpdateMonitor: *** register callback for com.android.keyguard.AnimatableClockController$4@a0eb066
03-23 06:42:14.631 2361 2361 V KeyguardUpdateMonitor: *** unregister callback for null
03-23 06:42:14.633 2361 2361 V KeyguardUpdateMonitor: *** register callback for com.android.keyguard.KeyguardStatusViewController$2@6ed4f43
03-23 06:42:14.633 2361 2361 V KeyguardUpdateMonitor: *** unregister callback for null
03-23 06:42:14.634 2361 2361 V KeyguardUpdateMonitor: *** unregister callback for com.android.keyguard.EmergencyButtonController$1@4761bcf
03-23 06:42:14.635 2361 2361 V KeyguardUpdateMonitor: *** unregister callback for com.android.systemui.statusbar.phone.KeyguardBottomAreaView$9@1d2a6a9
03-23 06:42:14.635 2361 2463 D ControlsListingControllerImpl: Unsubscribing callback
03-23 06:42:14.637 2959 2959 W BatteryBroadcastRcvr: Problem reading the battery meter.
03-23 06:42:14.638 2959 2959 I wm_on_start_called: [64326038,com.android.settings.Settings,handleStartActivity]
03-23 06:42:14.639 2959 2959 I snet_event_log: [120484087,-1,]
03-23 06:42:14.639 2959 2959 I wm_on_resume_called: [64326038,com.android.settings.Settings,RESUME_ACTIVITY]
03-23 06:42:14.640 2959 2959 I sysui_multi_action: [757,340,758,1,833,0,1089,71]
03-23 06:42:14.640 2959 2959 I sysui_multi_action: [757,35,758,1,833,0,1089,16]
03-23 06:42:14.640 2959 3011 D BatteryInfo: time for getStats: 0ms
03-23 06:42:14.641 2959 3011 D BatteryInfo: time for regular BatteryInfo: 1ms
03-23 06:42:14.641 2959 3011 D BatteryInfo: time for getBatteryInfo: 0ms
03-23 06:42:14.641 2959 4679 D BatteryTipLoader: BatteryInfoLoader post query: 0ms
03-23 06:42:14.641 2959 2959 I sysui_multi_action: [757,1729,758,4,854,isParalleledControllers:false,1089,17]
03-23 06:42:14.642 2959 4679 D BatteryInfo: time for getBatteryInfo: 1ms
03-23 06:42:14.642 2959 4679 D BatteryTipLoader: BatteryInfoLoader.loadInBackground: 1ms
03-23 06:42:14.642 2959 2959 I wm_on_top_resumed_gained_called: [64326038,com.android.settings.Settings,topWhenResuming]
03-23 06:42:14.643 2361 2361 V KeyguardUpdateMonitor: *** register callback for com.android.systemui.statusbar.phone.KeyguardBottomAreaView$9@629daee
03-23 06:42:14.643 2361 2361 V KeyguardUpdateMonitor: *** unregister callback for null
03-23 06:42:14.645 2361 2463 D ControlsListingControllerImpl: Subscribing callback, service count: 0
03-23 06:42:14.645 2361 2361 V KeyguardUpdateMonitor: *** register callback for com.android.keyguard.EmergencyButtonController$1@598ba25
03-23 06:42:14.645 2361 2361 V KeyguardUpdateMonitor: *** unregister callback for null
03-23 06:42:14.646 2361 2361 E EmergencyButton: Fail to call TelephonyManager.requestCellInfoUpdate
03-23 06:42:14.646 2361 2361 E EmergencyButton: java.lang.IllegalStateException: Telephony is null
03-23 06:42:14.646 2361 2361 E EmergencyButton: at android.telephony.TelephonyManager.requestCellInfoUpdate(TelephonyManager.java:6362)
03-23 06:42:14.646 2361 2361 E EmergencyButton: at com.android.keyguard.EmergencyButtonController.requestCellInfoUpdate(EmergencyButtonController.java:182)
03-23 06:42:14.646 2361 2361 E EmergencyButton: at com.android.keyguard.EmergencyButtonController.access$100(EmergencyButtonController.java:51)
03-23 06:42:14.646 2361 2361 E EmergencyButton: at com.android.keyguard.EmergencyButtonController$1.onPhoneStateChanged(EmergencyButtonController.java:77)
03-23 06:42:14.646 2361 2361 E EmergencyButton: at com.android.keyguard.KeyguardUpdateMonitor.sendUpdates(KeyguardUpdateMonitor.java:3085)
03-23 06:42:14.646 2361 2361 E EmergencyButton: at com.android.keyguard.KeyguardUpdateMonitor.registerCallback(KeyguardUpdateMonitor.java:3062)
03-23 06:42:14.646 2361 2361 E EmergencyButton: at com.android.keyguard.EmergencyButtonController.onViewAttached(EmergencyButtonController.java:119)
03-23 06:42:14.646 2361 2361 E EmergencyButton: at com.android.systemui.util.ViewController$1.onViewAttachedToWindow(ViewController.java:52)
03-23 06:42:14.646 2361 2361 E EmergencyButton: at com.android.systemui.util.ViewController.init(ViewController.java:80)
03-23 06:42:14.646 2361 2361 E EmergencyButton: at com.android.systemui.statusbar.phone.NotificationPanelViewController.initBottomArea(NotificationPanelViewController.java:1201)
03-23 06:42:14.646 2361 2361 E EmergencyButton: at com.android.systemui.statusbar.phone.NotificationPanelViewController.reInflateViews(NotificationPanelViewController.java:1154)
03-23 06:42:14.646 2361 2361 E EmergencyButton: at com.android.systemui.statusbar.phone.NotificationPanelViewController.access$10100(NotificationPanelViewController.java:184)
03-23 06:42:14.646 2361 2361 E EmergencyButton: at com.android.systemui.statusbar.phone.NotificationPanelViewController$ConfigurationListener.onDensityOrFontScaleChanged(NotificationPanelViewController.java:4419)
03-23 06:42:14.646 2361 2361 E EmergencyButton: at com.android.systemui.statusbar.phone.ConfigurationControllerImpl.onConfigurationChanged(ConfigurationControllerImpl.kt:74)
03-23 06:42:14.646 2361 2361 E EmergencyButton: at com.android.systemui.SystemUIApplication.onConfigurationChanged(SystemUIApplication.java:247)
03-23 06:42:14.646 2361 2361 E EmergencyButton: at android.app.ConfigurationController.performConfigurationChanged(ConfigurationController.java:273)
03-23 06:42:14.646 2361 2361 E EmergencyButton: at android.app.ConfigurationController.handleConfigurationChanged(ConfigurationController.java:240)
03-23 06:42:14.646 2361 2361 E EmergencyButton: at android.app.ConfigurationController.handleConfigurationChanged(ConfigurationController.java:138)
03-23 06:42:14.646 2361 2361 E EmergencyButton: at android.app.ActivityThread.handleConfigurationChanged(ActivityThread.java:5948)
03-23 06:42:14.646 2361 2361 E EmergencyButton: at android.app.servertransaction.ConfigurationChangeItem.execute(ConfigurationChangeItem.java:43)
03-23 06:42:14.646 2361 2361 E EmergencyButton: at android.app.servertransaction.TransactionExecutor.executeCallbacks(TransactionExecutor.java:135)
03-23 06:42:14.646 2361 2361 E EmergencyButton: at android.app.servertransaction.TransactionExecutor.execute(TransactionExecutor.java:95)
03-23 06:42:14.646 2361 2361 E EmergencyButton: at android.app.ActivityThread$H.handleMessage(ActivityThread.java:2211)
03-23 06:42:14.646 2361 2361 E EmergencyButton: at android.os.Handler.dispatchMessage(Handler.java:106)
03-23 06:42:14.646 2361 2361 E EmergencyButton: at android.os.Looper.loopOnce(Looper.java:201)
03-23 06:42:14.646 2361 2361 E EmergencyButton: at android.os.Looper.loop(Looper.java:288)
03-23 06:42:14.646 2361 2361 E EmergencyButton: at android.app.ActivityThread.main(ActivityThread.java:7880)
03-23 06:42:14.646 2361 2361 E EmergencyButton: at java.lang.reflect.Method.invoke(Native Method)
03-23 06:42:14.646 2361 2361 E EmergencyButton: at com.android.internal.os.RuntimeInit$MethodAndArgsCaller.run(RuntimeInit.java:548)
03-23 06:42:14.646 2361 2361 E EmergencyButton: at com.android.internal.os.ZygoteInit.main(ZygoteInit.java:1009)
03-23 06:42:14.648 2959 4878 D UsageGraph: No enabled state changed, skipping updateCategory call
03-23 06:42:14.651 1512 1990 W FreeFormWindowHelper: Current Display FreeFormTask is null
03-23 06:42:14.652 2866 2866 E ThemeUtils: View class com.android.quickstep.views.ClearAllImageView is an AppCompat widget that can only be used with a Theme.AppCompat theme (or descendant).
03-23 06:42:14.659 2866 2866 D EditModeHelper: setHotseatVisibility: 0
03-23 06:42:14.660 2866 2866 D Launcher.Model: startLoader
03-23 06:42:14.660 2866 2866 D Launcher.Model: java.lang.Exception
03-23 06:42:14.660 2866 2866 D Launcher.Model: at com.android.launcher3.LauncherModel.startLoader(LauncherModel.java:353)
03-23 06:42:14.660 2866 2866 D Launcher.Model: at com.android.launcher3.LauncherModel.addCallbacksAndLoad(LauncherModel.java:333)
03-23 06:42:14.660 2866 2866 D Launcher.Model: at com.android.launcher3.Launcher.onCreate(Launcher.java:529)
03-23 06:42:14.660 2866 2866 D Launcher.Model: at com.android.launcher3.BaseQuickstepLauncher.onCreate(BaseQuickstepLauncher.java:147)
03-23 06:42:14.660 2866 2866 D Launcher.Model: at android.app.Activity.performCreate(Activity.java:8085)
03-23 06:42:14.660 2866 2866 D Launcher.Model: at android.app.Activity.performCreate(Activity.java:8065)
03-23 06:42:14.660 2866 2866 D Launcher.Model: at android.app.Instrumentation.callActivityOnCreate(Instrumentation.java:1330)
03-23 06:42:14.660 2866 2866 D Launcher.Model: at android.app.ActivityThread.performLaunchActivity(ActivityThread.java:3609)
03-23 06:42:14.660 2866 2866 D Launcher.Model: at android.app.ActivityThread.handleLaunchActivity(ActivityThread.java:3793)
03-23 06:42:14.660 2866 2866 D Launcher.Model: at android.app.ActivityThread.handleRelaunchActivityInner(ActivityThread.java:5739)
03-23 06:42:14.660 2866 2866 D Launcher.Model: at android.app.ActivityThread.handleRelaunchActivity(ActivityThread.java:5631)
03-23 06:42:14.660 2866 2866 D Launcher.Model: at android.app.servertransaction.ActivityRelaunchItem.execute(ActivityRelaunchItem.java:71)
03-23 06:42:14.660 2866 2866 D Launcher.Model: at android.app.servertransaction.ActivityTransactionItem.execute(ActivityTransactionItem.java:45)
03-23 06:42:14.660 2866 2866 D Launcher.Model: at android.app.servertransaction.TransactionExecutor.executeCallbacks(TransactionExecutor.java:135)
03-23 06:42:14.660 2866 2866 D Launcher.Model: at android.app.servertransaction.TransactionExecutor.execute(TransactionExecutor.java:95)
03-23 06:42:14.660 2866 2866 D Launcher.Model: at android.app.ActivityThread$H.handleMessage(ActivityThread.java:2211)
03-23 06:42:14.660 2866 2866 D Launcher.Model: at android.os.Handler.dispatchMessage(Handler.java:106)
03-23 06:42:14.660 2866 2866 D Launcher.Model: at android.os.Looper.loopOnce(Looper.java:201)
03-23 06:42:14.660 2866 2866 D Launcher.Model: at android.os.Looper.loop(Looper.java:288)
03-23 06:42:14.660 2866 2866 D Launcher.Model: at android.app.ActivityThread.main(ActivityThread.java:7880)
03-23 06:42:14.660 2866 2866 D Launcher.Model: at java.lang.reflect.Method.invoke(Native Method)
03-23 06:42:14.660 2866 2866 D Launcher.Model: at com.android.internal.os.RuntimeInit$MethodAndArgsCaller.run(RuntimeInit.java:548)
03-23 06:42:14.660 2866 2866 D Launcher.Model: at com.android.internal.os.ZygoteInit.main(ZygoteInit.java:1009)
03-23 06:42:14.661 2866 2934 D LoaderTask: loadWorkspace: loading default favorites
03-23 06:42:14.661 2866 2934 D LauncherProvider: call: method=load_default_favorites,arg=null,extras=null
03-23 06:42:14.664 2788 2832 D ProtectUartService: received RegisterListener token:LAUNCHER_VOLTAGE_PROTECT
03-23 06:42:14.664 2866 2866 I wm_on_create_called: [88042559,com.android.launcher3.uioverrides.QuickstepLauncher,performCreate]
03-23 06:42:14.665 2866 2866 I wm_on_start_called: [88042559,com.android.launcher3.uioverrides.QuickstepLauncher,handleStartActivity]
03-23 06:42:14.666 2866 2866 I wm_on_resume_called: [88042559,com.android.launcher3.uioverrides.QuickstepLauncher,LIFECYCLER_RESUME_ACTIVITY]
03-23 06:42:14.670 2866 2934 D BaseIconFactory: normalizeAndWrapToAdaptiveIcon: scale=0.8096529
03-23 06:42:14.670 2866 2866 I wm_on_paused_called: [88042559,com.android.launcher3.uioverrides.QuickstepLauncher,performPause]
03-23 06:42:14.672 1512 3344 W FreeFormWindowHelper: Current Display FreeFormTask is null
03-23 06:42:14.672 2866 2866 D FreeWindowContainer: reloadTask: null
03-23 06:42:14.673 1512 3344 W InputManager-JNI: Input channel object 'aa270ec EdgeBackGestureHandler0 (client)' was disposed without first being removed with the input manager!
03-23 06:42:14.674 1512 1990 W InputManager-JNI: Input channel object 'efb3aa7 SecondaryHomeHandle0 (client)' was disposed without first being removed with the input manager!
03-23 06:42:14.675 2866 2866 D EditModeHelper: setHotseatVisibility: 0
03-23 06:42:14.675 2866 2934 D BaseIconFactory: normalizeAndWrapToAdaptiveIcon: scale=0.8085681
03-23 06:42:14.679 1512 3344 W FreeFormWindowHelper: Current Display FreeFormTask is null
03-23 06:42:14.680 2866 2866 W View : requestLayout() improperly called by com.android.launcher3.views.NoInsetView{644c444 V.ED..... ......ID 0,0-342,1080 #7f09007c app:id/bg_hotseat} during layout: running second layout pass
03-23 06:42:14.681 1512 3344 I wm_stop_activity: [0,88042559,com.android.launcher3/.uioverrides.QuickstepLauncher]
03-23 06:42:14.681 2866 2934 D BaseIconFactory: normalizeAndWrapToAdaptiveIcon: scale=0.81813693
03-23 06:42:14.683 2866 2866 D StateManager: goToState: Normal
03-23 06:42:14.683 2866 2866 I wm_on_stop_called: [88042559,com.android.launcher3.uioverrides.QuickstepLauncher,STOP_ACTIVITY_ITEM]
03-23 06:42:14.684 2866 2934 D LoaderTask: loadWorkspace
03-23 06:42:14.684 2866 2934 D LauncherProvider: call: method=remove_ghost_widgets,arg=null,extras=null
03-23 06:42:14.685 2866 2934 D LoaderTask: sanitizeData
03-23 06:42:14.685 2866 2934 D LoaderTask: bindWorkspace
03-23 06:42:14.685 2866 2934 D LoaderTask: sendFirstScreenActiveInstallsBroadcast
03-23 06:42:14.686 1512 1659 I input_focus: [Focus request f05e52 com.android.settings/com.android.settings.Settings,reason=UpdateInputWindows]
03-23 06:42:14.687 2866 2866 D HotseatController: adjustPadding: height=800,size=1
03-23 06:42:14.688 2866 2866 D HotseatController: adjustPadding: height=800,size=2
03-23 06:42:14.688 2866 2866 D HotseatController: adjustPadding: height=800,size=3
03-23 06:42:14.688 2866 2866 D HotseatController: adjustPadding: height=800,size=4
03-23 06:42:14.689 2866 2866 D HotseatController: clearEmptyGrid: size=4
03-23 06:42:14.689 2866 2866 D HotseatController: adjustPadding: height=800,size=4
03-23 06:42:14.690 2866 2866 D HotseatController: clearEmptyGrid: size=4
03-23 06:42:14.690 2866 2866 D HotseatController: adjustPadding: height=800,size=4
03-23 06:42:14.692 1512 3353 I InputDispatcher: Created monitor edge-swipe for display 0, gesture=true, pid=2361
03-23 06:42:14.695 2361 2361 D NavigationModeController: getCurrentUserContext: contextUser=0 currentUser=0
03-23 06:42:14.703 2866 2934 D LoaderTask: step 1 complete
03-23 06:42:14.707 2361 4771 I OpenGLRenderer: Davey! duration=9223371962215ms; Flags=1, FrameTimelineVsyncId=4653, IntendedVsync=74639372270, Vsync=74739372266, InputEventId=0, HandleInputStart=74747757001, AnimationStart=74747758043, PerformTraversalsStart=74747758928, DrawStart=74772177782, FrameDeadline=74656038936, FrameInterval=74747752262, FrameStartTime=16666666, SyncQueued=74772324032, SyncStart=74772369293, IssueDrawCommandsStart=74772421324, SwapBuffers=74772699137, FrameCompleted=9223372036854775807, DequeueBufferDuration=6979, QueueBufferDuration=354635, GpuCompleted=9223372036854775807, SwapBuffersCompleted=74773163512, DisplayPresentTime=6052838315446042655,
03-23 06:42:14.708 2866 2934 D LoaderTask: loadAllApps
03-23 06:42:14.710 2866 2934 D LoaderTask: apps.size 8
03-23 06:42:14.710 2866 2934 D LoaderTask: app pkg com.android.gallery3d
03-23 06:42:14.711 2866 2934 D LoaderTask: app pkg com.android.music
03-23 06:42:14.711 2866 2934 D LoaderTask: app pkg com.android.music
03-23 06:42:14.712 2866 2934 D LoaderTask: app pkg com.android.settings
03-23 06:42:14.712 2866 2934 D LoaderTask: app pkg com.microsoft.emmx
03-23 06:42:14.712 2866 2934 D LoaderTask: app pkg com.android.documentsui
03-23 06:42:14.713 1512 1765 I commit_sys_config_file: [settings-1-0,8]
03-23 06:42:14.713 2866 2934 D LoaderTask: app pkg com.hht.lebocast
03-23 06:42:14.714 2866 2934 D LoaderTask: app pkg com.sohu.inputmethod.sogou.car
03-23 06:42:14.714 2866 2934 D LoaderTask: installQueue.size 8
03-23 06:42:14.721 2866 2934 D BaseModelUpdateTask: BaseModelUpdateTask constructor
03-23 06:42:14.721 2866 2934 D BaseModelUpdateTask: java.lang.Exception
03-23 06:42:14.721 2866 2934 D BaseModelUpdateTask: at com.android.launcher3.model.BaseModelUpdateTask.(BaseModelUpdateTask.java:57)
03-23 06:42:14.721 2866 2934 D BaseModelUpdateTask: at com.android.launcher3.model.AddWorkspaceItemsTask.(AddWorkspaceItemsTask.java:58)
03-23 06:42:14.721 2866 2934 D BaseModelUpdateTask: at com.android.launcher3.LauncherModel.addAndBindAddedWorkspaceItems(LauncherModel.java:145)
03-23 06:42:14.721 2866 2934 D BaseModelUpdateTask: at com.android.launcher3.model.LoaderTask.verifyApplications(LoaderTask.java:1061)
03-23 06:42:14.721 2866 2934 D BaseModelUpdateTask: at com.android.launcher3.model.LoaderTask.run(LoaderTask.java:229)
03-23 06:42:14.721 2866 2934 D BaseModelUpdateTask: at android.os.Handler.handleCallback(Handler.java:938)
03-23 06:42:14.721 2866 2934 D BaseModelUpdateTask: at android.os.Handler.dispatchMessage(Handler.java:99)
03-23 06:42:14.721 2866 2934 D BaseModelUpdateTask: at android.os.Looper.loopOnce(Looper.java:201)
03-23 06:42:14.721 2866 2934 D BaseModelUpdateTask: at android.os.Looper.loop(Looper.java:288)
03-23 06:42:14.721 2866 2934 D BaseModelUpdateTask: at android.os.HandlerThread.run(HandlerThread.java:67)
03-23 06:42:14.722 2866 2934 D LoaderTask: bindAllApps
03-23 06:42:14.726 2866 2934 D LoaderTask: update icon cache
03-23 06:42:14.726 2866 2934 D LoaderTask: save shortcuts in icon cache
03-23 06:42:14.726 2866 2934 D LoaderTask: step 2 complete
03-23 06:42:14.727 2866 2934 D LoaderTask: loadDeepShortcuts
03-23 06:42:14.727 2866 2934 D LoaderTask: bindDeepShortcuts
03-23 06:42:14.727 2866 2934 D LoaderTask: save deep shortcuts in icon cache
03-23 06:42:14.727 2866 2934 D LoaderTask: step 3 complete
03-23 06:42:14.733 1512 1990 I WindowManager: finishDrawing of relaunch: Window{f05e52 u0 com.android.settings/com.android.settings.Settings} 184ms
03-23 06:42:14.733 2959 2959 W BatteryBroadcastRcvr: Problem reading the battery meter.
03-23 06:42:14.733 2959 2959 D BatteryInfo: time for callback: 0ms
03-23 06:42:14.734 2866 2934 D BaseIconFactory: normalizeAndWrapToAdaptiveIcon: scale=0.8096529
03-23 06:42:14.737 1512 1816 I input_focus: [Focus entering f05e52 com.android.settings/com.android.settings.Settings (server),reason=Window became focusable. Previous reason: NOT_VISIBLE]
03-23 06:42:14.738 1512 1659 I WindowManager: Screen frozen for +201ms due to Window{f05e52 u0 com.android.settings/com.android.settings.Settings}
03-23 06:42:14.740 2959 3011 D BatteryInfo: time for getStats: 0ms
03-23 06:42:14.740 2959 3011 D BatteryInfo: time for regular BatteryInfo: 0ms
03-23 06:42:14.740 2866 2934 D BaseIconFactory: normalizeAndWrapToAdaptiveIcon: scale=0.8096529
03-23 06:42:14.741 2959 4674 D BatteryTipLoader: BatteryInfoLoader post query: 1ms
03-23 06:42:14.741 2959 3011 D BatteryInfo: time for getBatteryInfo: 1ms
03-23 06:42:14.741 2959 4674 D BatteryInfo: time for getBatteryInfo: 0ms
03-23 06:42:14.741 2959 4674 D BatteryTipLoader: BatteryInfoLoader.loadInBackground: 1ms
03-23 06:42:14.744 1512 1659 W ImageReader_JNI: Unable to acquire a buffer item, very likely client tried to acquire more than maxImages buffers
03-23 06:42:14.745 2866 2934 D BaseIconFactory: normalizeAndWrapToAdaptiveIcon: scale=0.8096529
03-23 06:42:14.749 2866 2934 D BaseIconFactory: normalizeAndWrapToAdaptiveIcon: scale=0.8096529
03-23 06:42:14.752 2866 2934 D LoaderTask: load widgets
03-23 06:42:14.752 2959 2959 D BatteryInfo: time for callback: 0ms
03-23 06:42:14.755 2866 2934 I WidgetsModel: found whitelist widget: com.android.settings, label: 设置快捷方式, sectionName:S
03-23 06:42:14.755 2866 2934 I WidgetsModel: found whitelist widget: com.android.gallery3d, label: 照片, sectionName:T
03-23 06:42:14.755 2866 2934 I WidgetsModel: found whitelist widget: com.android.systemui, label: 对话, sectionName:D
03-23 06:42:14.756 2866 2934 I WidgetsModel: found whitelist widget: com.android.music, label: 音乐, sectionName:Y
03-23 06:42:14.756 2866 2934 D LoaderTask: bindWidgets
03-23 06:42:14.756 2866 2934 D LoaderTask: save widgets in icon cache
03-23 06:42:14.756 2866 2934 D LoaderTask: finish icon update
03-23 06:42:14.757 2866 2934 D LauncherProvider: call: method=new_db_transaction,arg=null,extras=null
03-23 06:42:14.761 2866 2934 D BaseIconFactory: normalizeAndWrapToAdaptiveIcon: scale=1.0
03-23 06:42:14.764 2866 2934 D BaseIconFactory: normalizeAndWrapToAdaptiveIcon: scale=0.8096529
03-23 06:42:14.770 2866 2934 D BaseIconFactory: normalizeAndWrapToAdaptiveIcon: scale=0.8096529
03-23 06:42:14.778 2866 2934 D BaseIconFactory: normalizeAndWrapToAdaptiveIcon: scale=0.8096529
03-23 06:42:14.784 2866 2934 D BaseIconFactory: normalizeAndWrapToAdaptiveIcon: scale=0.8096529
03-23 06:42:14.784 1512 1667 I am_pss : [2959,1000,com.android.settings,347709440,330600448,0,496947200,0,2,13]
03-23 06:42:14.789 2866 2934 D BaseIconFactory: normalizeAndWrapToAdaptiveIcon: scale=0.8096529
03-23 06:42:14.796 2866 2934 D BaseIconFactory: normalizeAndWrapToAdaptiveIcon: scale=0.91217864
03-23 06:42:14.802 2866 2934 D BaseIconFactory: normalizeAndWrapToAdaptiveIcon: scale=0.8096529
03-23 06:42:14.809 2866 2934 D BaseIconFactory: normalizeAndWrapToAdaptiveIcon: scale=0.8096529
03-23 06:42:14.810 2361 2361 D QSPanel : setHorizontalContentContainer
03-23 06:42:14.814 2866 2934 D BaseIconFactory: normalizeAndWrapToAdaptiveIcon: scale=0.8096529
03-23 06:42:14.816 653 668 I mpu_uart: [MSG-P:RECV]:No message received in 1000 ms
03-23 06:42:14.817 2361 2361 D QSPanel : setHorizontalContentContainer
03-23 06:42:14.818 2361 2361 D QSPanel : setHorizontalContentContainer
03-23 06:42:14.819 2361 2361 D QSPanel : setHorizontalContentContainer
03-23 06:42:14.819 2361 2361 D QSPanel : qs brightness view is null
03-23 06:42:14.821 2866 2934 D BaseIconFactory: normalizeAndWrapToAdaptiveIcon: scale=0.8096529
03-23 06:42:14.823 2361 2361 D QSPanel : setHorizontalContentContainer
03-23 06:42:14.823 2361 2361 D QSPanel : qs brightness view is null
03-23 06:42:14.844 653 667 I mpu_uart: [MSG-P:R]:recv sync frame timeout
03-23 06:42:14.865 2361 2463 E ndroid.systemu: No package ID 7f found for ID 0x7f030001.
03-23 06:42:14.865 2361 2463 E ContrastColorUtil: Drawable not found: 2130903041
03-23 06:42:14.866 2361 2463 E ndroid.systemu: No package ID 7f found for ID 0x7f030001.
03-23 06:42:14.866 2361 2463 E ContrastColorUtil: Drawable not found: 2130903041
03-23 06:42:14.881 2361 2361 W View : requestLayout() improperly called by com.android.keyguard.AlphaOptimizedLinearLayout{8bb59c9 V.E...... ......ID 4,0-34,33 #7f0b069b app:id/wifi_group} during layout: running second layout pass
