03-23 06:43:02.393 1512 4101 E UserRestrictionsUtils: Unknown restriction queried by uid 1000 (vendor.qti.qesdk.sysservice et al): null
03-23 06:43:02.393 2866 2934 D LoaderTask: loadWorkspace: loading default favorites
03-23 06:43:02.393 2866 2934 D LauncherProvider: call: method=load_default_favorites,arg=null,extras=null
03-23 06:43:02.393 1512 4101 E UserRestrictionsUtils: Unknown restriction queried by uid 1000 (vendor.qti.qesdk.sysservice et al): null
03-23 06:43:02.394 1512 4101 E UserRestrictionsUtils: Unknown restriction queried by uid 1000 (vendor.qti.qesdk.sysservice et al): null
03-23 06:43:02.396 1512 3353 E UserRestrictionsUtils: Unknown restriction queried by uid 1000 (vendor.qti.qesdk.sysservice et al): null
03-23 06:43:02.396 1512 4101 E UserRestrictionsUtils: Unknown restriction queried by uid 1000 (vendor.qti.qesdk.sysservice et al): null
03-23 06:43:02.396 1512 4101 E UserRestrictionsUtils: Unknown restriction queried by uid 1000 (vendor.qti.qesdk.sysservice et al): null
03-23 06:43:02.397 1512 3353 E UserRestrictionsUtils: Unknown restriction queried by uid 1000 (vendor.qti.qesdk.sysservice et al): null
03-23 06:43:02.397 1512 4101 E UserRestrictionsUtils: Unknown restriction queried by uid 1000 (vendor.qti.qesdk.sysservice et al): null
03-23 06:43:02.397 2788 2832 D ProtectUartService: received RegisterListener token:LAUNCHER_VOLTAGE_PROTECT
03-23 06:43:02.397 2866 2866 I wm_on_create_called: [88042559,com.android.launcher3.uioverrides.QuickstepLauncher,performCreate]
03-23 06:43:02.397 1512 3353 E UserRestrictionsUtils: Unknown restriction queried by uid 1000 (vendor.qti.qesdk.sysservice et al): null
03-23 06:43:02.397 2866 2866 I wm_on_start_called: [88042559,com.android.launcher3.uioverrides.QuickstepLauncher,handleStartActivity]
03-23 06:43:02.398 2866 2866 I wm_on_resume_called: [88042559,com.android.launcher3.uioverrides.QuickstepLauncher,LIFECYCLER_RESUME_ACTIVITY]
03-23 06:43:02.399 2866 2934 D BaseIconFactory: normalizeAndWrapToAdaptiveIcon: scale=0.8096529
03-23 06:43:02.399 1512 3353 E UserRestrictionsUtils: Unknown restriction queried by uid 1000 (vendor.qti.qesdk.sysservice et al): null
03-23 06:43:02.399 1512 3353 E UserRestrictionsUtils: Unknown restriction queried by uid 1000 (vendor.qti.qesdk.sysservice et al): null
03-23 06:43:02.399 2361 2361 V KeyguardUpdateMonitor: *** register callback for com.android.keyguard.AnimatableClockController$4@2ce3316
03-23 06:43:02.399 2361 2361 V KeyguardUpdateMonitor: *** unregister callback for null
03-23 06:43:02.399 1512 3353 E UserRestrictionsUtils: Unknown restriction queried by uid 1000 (vendor.qti.qesdk.sysservice et al): null
03-23 06:43:02.400 1512 3353 E UserRestrictionsUtils: Unknown restriction queried by uid 1000 (vendor.qti.qesdk.sysservice et al): null
03-23 06:43:02.400 1512 1990 E UserRestrictionsUtils: Unknown restriction queried by uid 1000 (vendor.qti.qesdk.sysservice et al): null
03-23 06:43:02.400 1512 1990 E UserRestrictionsUtils: Unknown restriction queried by uid 1000 (vendor.qti.qesdk.sysservice et al): null
03-23 06:43:02.400 2361 2361 V KeyguardUpdateMonitor: *** register callback for com.android.keyguard.AnimatableClockController$4@5164684
03-23 06:43:02.400 2361 2361 V KeyguardUpdateMonitor: *** unregister callback for null
03-23 06:43:02.400 1512 1990 E UserRestrictionsUtils: Unknown restriction queried by uid 1000 (vendor.qti.qesdk.sysservice et al): null
03-23 06:43:02.400 2959 2959 W InstrumentedPrefFrag: Screen title missing for fragment com.android.settings.homepage.TopLevelSettings
03-23 06:43:02.401 2959 2959 D TopLevelSettings: NO dashboard tiles for TopLevelSettings
03-23 06:43:02.401 2959 2959 D TopLevelSettings: All preferences added, reporting fully drawn
03-23 06:43:02.402 2361 2361 V KeyguardUpdateMonitor: *** register callback for com.android.keyguard.KeyguardStatusViewController$2@c308eee
03-23 06:43:02.402 2361 2361 V KeyguardUpdateMonitor: *** unregister callback for null
03-23 06:43:02.402 2866 2866 I wm_on_paused_called: [88042559,com.android.launcher3.uioverrides.QuickstepLauncher,performPause]
03-23 06:43:02.403 2866 2934 D BaseIconFactory: normalizeAndWrapToAdaptiveIcon: scale=0.8096529
03-23 06:43:02.403 2361 2361 V KeyguardUpdateMonitor: *** unregister callback for com.android.keyguard.EmergencyButtonController$1@8ff7c22
03-23 06:43:02.403 2361 2361 V KeyguardUpdateMonitor: *** unregister callback for com.android.systemui.statusbar.phone.KeyguardBottomAreaView$9@6599c04
03-23 06:43:02.404 1512 1990 W FreeFormWindowHelper: Current Display FreeFormTask is null
03-23 06:43:02.404 2866 2866 D FreeWindowContainer: reloadTask: null
03-23 06:43:02.405 2361 2463 D ControlsListingControllerImpl: Unsubscribing callback
03-23 06:43:02.406 2866 2934 D BaseIconFactory: normalizeAndWrapToAdaptiveIcon: scale=0.8096529
03-23 06:43:02.407 2866 2866 D EditModeHelper: setHotseatVisibility: 0
03-23 06:43:02.407 2959 2959 W BatteryBroadcastRcvr: Problem reading the battery meter.
03-23 06:43:02.408 2959 2959 I wm_on_start_called: [64326038,com.android.settings.Settings,handleStartActivity]
03-23 06:43:02.408 2959 2959 I snet_event_log: [120484087,-1,]
03-23 06:43:02.409 2959 5018 D BatteryInfo: time for getStats: 0ms
03-23 06:43:02.410 2361 2361 V KeyguardUpdateMonitor: *** register callback for com.android.systemui.statusbar.phone.KeyguardBottomAreaView$9@debba95
03-23 06:43:02.410 2361 2361 V KeyguardUpdateMonitor: *** unregister callback for null
03-23 06:43:02.410 2959 5018 D BatteryInfo: time for regular BatteryInfo: 1ms
03-23 06:43:02.410 2959 5018 D BatteryInfo: time for getBatteryInfo: 0ms
03-23 06:43:02.411 2866 2934 D BaseIconFactory: normalizeAndWrapToAdaptiveIcon: scale=0.8096529
03-23 06:43:02.411 1512 3353 W FreeFormWindowHelper: Current Display FreeFormTask is null
03-23 06:43:02.411 2959 4696 D BatteryTipLoader: BatteryInfoLoader post query: 0ms
03-23 06:43:02.411 2959 4696 D BatteryInfo: time for getBatteryInfo: 0ms
03-23 06:43:02.411 2959 4696 D BatteryTipLoader: BatteryInfoLoader.loadInBackground: 0ms
03-23 06:43:02.412 2866 2866 W View : requestLayout() improperly called by com.android.launcher3.views.NoInsetView{5bffa45 V.ED..... ......ID 0,0-342,1080 #7f09007c app:id/bg_hotseat} during layout: running second layout pass
03-23 06:43:02.412 2361 2463 D ControlsListingControllerImpl: Subscribing callback, service count: 0
03-23 06:43:02.412 2959 2959 I wm_on_resume_called: [64326038,com.android.settings.Settings,RESUME_ACTIVITY]
03-23 06:43:02.412 2361 2361 V KeyguardUpdateMonitor: *** register callback for com.android.keyguard.EmergencyButtonController$1@4133f9b
03-23 06:43:02.412 2361 2361 V KeyguardUpdateMonitor: *** unregister callback for null
03-23 06:43:02.412 2959 2959 I sysui_multi_action: [757,340,758,1,833,0,1089,96]
03-23 06:43:02.413 2959 2959 I sysui_multi_action: [757,35,758,1,833,0,1089,28]
03-23 06:43:02.413 1512 3353 I wm_stop_activity: [0,88042559,com.android.launcher3/.uioverrides.QuickstepLauncher]
03-23 06:43:02.414 2959 2959 I sysui_multi_action: [757,1729,758,4,854,isParalleledControllers:false,1089,29]
03-23 06:43:02.414 2361 2361 E EmergencyButton: Fail to call TelephonyManager.requestCellInfoUpdate
03-23 06:43:02.414 2361 2361 E EmergencyButton: java.lang.IllegalStateException: Telephony is null
03-23 06:43:02.414 2361 2361 E EmergencyButton: at android.telephony.TelephonyManager.requestCellInfoUpdate(TelephonyManager.java:6362)
03-23 06:43:02.414 2361 2361 E EmergencyButton: at com.android.keyguard.EmergencyButtonController.requestCellInfoUpdate(EmergencyButtonController.java:182)
03-23 06:43:02.414 2361 2361 E EmergencyButton: at com.android.keyguard.EmergencyButtonController.access$100(EmergencyButtonController.java:51)
03-23 06:43:02.414 2361 2361 E EmergencyButton: at com.android.keyguard.EmergencyButtonController$1.onPhoneStateChanged(EmergencyButtonController.java:77)
03-23 06:43:02.414 2361 2361 E EmergencyButton: at com.android.keyguard.KeyguardUpdateMonitor.sendUpdates(KeyguardUpdateMonitor.java:3085)
03-23 06:43:02.414 2361 2361 E EmergencyButton: at com.android.keyguard.KeyguardUpdateMonitor.registerCallback(KeyguardUpdateMonitor.java:3062)
03-23 06:43:02.414 2361 2361 E EmergencyButton: at com.android.keyguard.EmergencyButtonController.onViewAttached(EmergencyButtonController.java:119)
03-23 06:43:02.414 2361 2361 E EmergencyButton: at com.android.systemui.util.ViewController$1.onViewAttachedToWindow(ViewController.java:52)
03-23 06:43:02.414 2361 2361 E EmergencyButton: at com.android.systemui.util.ViewController.init(ViewController.java:80)
03-23 06:43:02.414 2361 2361 E EmergencyButton: at com.android.systemui.statusbar.phone.NotificationPanelViewController.initBottomArea(NotificationPanelViewController.java:1201)
03-23 06:43:02.414 2361 2361 E EmergencyButton: at com.android.systemui.statusbar.phone.NotificationPanelViewController.reInflateViews(NotificationPanelViewController.java:1154)
03-23 06:43:02.414 2361 2361 E EmergencyButton: at com.android.systemui.statusbar.phone.NotificationPanelViewController.access$10100(NotificationPanelViewController.java:184)
03-23 06:43:02.414 2361 2361 E EmergencyButton: at com.android.systemui.statusbar.phone.NotificationPanelViewController$ConfigurationListener.onDensityOrFontScaleChanged(NotificationPanelViewController.java:4419)
03-23 06:43:02.414 2361 2361 E EmergencyButton: at com.android.systemui.statusbar.phone.ConfigurationControllerImpl.onConfigurationChanged(ConfigurationControllerImpl.kt:74)
03-23 06:43:02.414 2361 2361 E EmergencyButton: at com.android.systemui.SystemUIApplication.onConfigurationChanged(SystemUIApplication.java:247)
03-23 06:43:02.414 2361 2361 E EmergencyButton: at android.app.ConfigurationController.performConfigurationChanged(ConfigurationController.java:273)
03-23 06:43:02.414 2361 2361 E EmergencyButton: at android.app.ConfigurationController.handleConfigurationChanged(ConfigurationController.java:240)
03-23 06:43:02.414 2361 2361 E EmergencyButton: at android.app.ConfigurationController.handleConfigurationChanged(ConfigurationController.java:138)
03-23 06:43:02.414 2361 2361 E EmergencyButton: at android.app.ActivityThread.handleConfigurationChanged(ActivityThread.java:5948)
03-23 06:43:02.414 2361 2361 E EmergencyButton: at android.app.servertransaction.ConfigurationChangeItem.execute(ConfigurationChangeItem.java:43)
03-23 06:43:02.414 2361 2361 E EmergencyButton: at android.app.servertransaction.TransactionExecutor.executeCallbacks(TransactionExecutor.java:135)
03-23 06:43:02.414 2361 2361 E EmergencyButton: at android.app.servertransaction.TransactionExecutor.execute(TransactionExecutor.java:95)
03-23 06:43:02.414 2361 2361 E EmergencyButton: at android.app.ActivityThread$H.handleMessage(ActivityThread.java:2211)
03-23 06:43:02.414 2361 2361 E EmergencyButton: at android.os.Handler.dispatchMessage(Handler.java:106)
03-23 06:43:02.414 2361 2361 E EmergencyButton: at android.os.Looper.loopOnce(Looper.java:201)
03-23 06:43:02.414 2361 2361 E EmergencyButton: at android.os.Looper.loop(Looper.java:288)
03-23 06:43:02.414 2361 2361 E EmergencyButton: at android.app.ActivityThread.main(ActivityThread.java:7880)
03-23 06:43:02.414 2361 2361 E EmergencyButton: at java.lang.reflect.Method.invoke(Native Method)
03-23 06:43:02.414 2361 2361 E EmergencyButton: at com.android.internal.os.RuntimeInit$MethodAndArgsCaller.run(RuntimeInit.java:548)
03-23 06:43:02.414 2361 2361 E EmergencyButton: at com.android.internal.os.ZygoteInit.main(ZygoteInit.java:1009)
03-23 06:43:02.414 2959 2959 I wm_on_top_resumed_gained_called: [64326038,com.android.settings.Settings,topWhenResuming]
03-23 06:43:02.415 2866 2866 D StateManager: goToState: Normal
03-23 06:43:02.415 2866 2866 I wm_on_stop_called: [88042559,com.android.launcher3.uioverrides.QuickstepLauncher,STOP_ACTIVITY_ITEM]
03-23 06:43:02.416 2866 2934 D BaseIconFactory: normalizeAndWrapToAdaptiveIcon: scale=0.8096529
03-23 06:43:02.418 2866 2934 D BaseIconFactory: normalizeAndWrapToAdaptiveIcon: scale=0.8096529
03-23 06:43:02.421 2866 2934 D BaseIconFactory: normalizeAndWrapToAdaptiveIcon: scale=0.8096529
03-23 06:43:02.423 2959 5018 D UsageGraph: No enabled state changed, skipping updateCategory call
03-23 06:43:02.424 2866 2934 D BaseIconFactory: normalizeAndWrapToAdaptiveIcon: scale=0.8085681
03-23 06:43:02.426 2866 2934 D BaseIconFactory: normalizeAndWrapToAdaptiveIcon: scale=0.81813693
03-23 06:43:02.427 2866 2934 D LoaderTask: loadWorkspace
03-23 06:43:02.427 2866 2934 D LauncherProvider: call: method=remove_ghost_widgets,arg=null,extras=null
03-23 06:43:02.428 2866 2934 D LoaderTask: sanitizeData
03-23 06:43:02.428 2866 2934 D LoaderTask: bindWorkspace
03-23 06:43:02.429 2866 2934 D LoaderTask: sendFirstScreenActiveInstallsBroadcast
03-23 06:43:02.430 2866 2866 D HotseatController: adjustPadding: height=800,size=1
03-23 06:43:02.430 2866 2866 D HotseatController: adjustPadding: height=800,size=2
03-23 06:43:02.431 2866 2866 D HotseatController: adjustPadding: height=800,size=3
03-23 06:43:02.431 2866 2866 D HotseatController: adjustPadding: height=800,size=4
03-23 06:43:02.431 2866 2866 D HotseatController: clearEmptyGrid: size=4
03-23 06:43:02.431 2866 2866 D HotseatController: adjustPadding: height=800,size=4
03-23 06:43:02.433 2866 2866 D HotseatController: clearEmptyGrid: size=4
03-23 06:43:02.433 2866 2866 D HotseatController: adjustPadding: height=800,size=4
03-23 06:43:02.433 1512 2301 I GameModeConfig: isGameModeOn = false
03-23 06:43:02.437 1512 4101 W InputManager-JNI: Input channel object '20bd7d EdgeBackGestureHandler0 (client)' was disposed without first being removed with the input manager!
03-23 06:43:02.437 2866 2934 D LoaderTask: step 1 complete
03-23 06:43:02.442 2866 2934 D LoaderTask: loadAllApps
03-23 06:43:02.443 2866 2934 D LoaderTask: apps.size 8
03-23 06:43:02.444 2866 2934 D LoaderTask: app pkg com.android.gallery3d
03-23 06:43:02.444 2866 2934 D LoaderTask: app pkg com.android.music
03-23 06:43:02.444 2866 2934 D LoaderTask: app pkg com.android.music
03-23 06:43:02.445 2866 2934 D LoaderTask: app pkg com.android.settings
03-23 06:43:02.445 2866 2934 D LoaderTask: app pkg com.microsoft.emmx
03-23 06:43:02.446 2866 2934 D LoaderTask: app pkg com.android.documentsui
03-23 06:43:02.446 2866 2934 D LoaderTask: app pkg com.hht.lebocast
03-23 06:43:02.446 2866 2934 D LoaderTask: app pkg com.sohu.inputmethod.sogou.car
03-23 06:43:02.446 2866 2934 D LoaderTask: installQueue.size 8
03-23 06:43:02.446 2866 2934 D BaseModelUpdateTask: BaseModelUpdateTask constructor
03-23 06:43:02.446 2866 2934 D BaseModelUpdateTask: java.lang.Exception
03-23 06:43:02.446 2866 2934 D BaseModelUpdateTask: at com.android.launcher3.model.BaseModelUpdateTask.(BaseModelUpdateTask.java:57)
03-23 06:43:02.446 2866 2934 D BaseModelUpdateTask: at com.android.launcher3.model.AddWorkspaceItemsTask.(AddWorkspaceItemsTask.java:58)
03-23 06:43:02.446 2866 2934 D BaseModelUpdateTask: at com.android.launcher3.LauncherModel.addAndBindAddedWorkspaceItems(LauncherModel.java:145)
03-23 06:43:02.446 2866 2934 D BaseModelUpdateTask: at com.android.launcher3.model.LoaderTask.verifyApplications(LoaderTask.java:1061)
03-23 06:43:02.446 2866 2934 D BaseModelUpdateTask: at com.android.launcher3.model.LoaderTask.run(LoaderTask.java:229)
03-23 06:43:02.446 2866 2934 D BaseModelUpdateTask: at android.os.Handler.handleCallback(Handler.java:938)
03-23 06:43:02.446 2866 2934 D BaseModelUpdateTask: at android.os.Handler.dispatchMessage(Handler.java:99)
03-23 06:43:02.446 2866 2934 D BaseModelUpdateTask: at android.os.Looper.loopOnce(Looper.java:201)
03-23 06:43:02.446 2866 2934 D BaseModelUpdateTask: at android.os.Looper.loop(Looper.java:288)
03-23 06:43:02.446 2866 2934 D BaseModelUpdateTask: at android.os.HandlerThread.run(HandlerThread.java:67)
03-23 06:43:02.447 2866 2934 D LoaderTask: bindAllApps
03-23 06:43:02.451 2866 2934 D LoaderTask: update icon cache
03-23 06:43:02.451 2866 2934 D LoaderTask: save shortcuts in icon cache
03-23 06:43:02.451 2866 2934 D LoaderTask: step 2 complete
03-23 06:43:02.451 2866 2934 D LoaderTask: loadDeepShortcuts
03-23 06:43:02.451 2866 2934 D LoaderTask: bindDeepShortcuts
03-23 06:43:02.451 2866 2934 D LoaderTask: save deep shortcuts in icon cache
03-23 06:43:02.451 2866 2934 D LoaderTask: step 3 complete
03-23 06:43:02.453 1512 1990 I InputDispatcher: Created monitor edge-swipe for display 0, gesture=true, pid=2361
03-23 06:43:02.455 1512 1765 I commit_sys_config_file: [settings-1-0,2]
03-23 06:43:02.455 2866 2934 D BaseIconFactory: normalizeAndWrapToAdaptiveIcon: scale=0.8096529
03-23 06:43:02.456 2361 2361 D NavigationModeController: getCurrentUserContext: contextUser=0 currentUser=0
03-23 06:43:02.459 2866 2934 D BaseIconFactory: normalizeAndWrapToAdaptiveIcon: scale=0.8096529
03-23 06:43:02.460 1512 1659 I input_focus: [Focus request 3187aaf com.android.settings/com.android.settings.Settings,reason=UpdateInputWindows]
03-23 06:43:02.465 2866 2934 D BaseIconFactory: normalizeAndWrapToAdaptiveIcon: scale=0.8096529
03-23 06:43:02.469 2866 2934 D BaseIconFactory: normalizeAndWrapToAdaptiveIcon: scale=0.8096529
03-23 06:43:02.471 1512 4101 W InputManager-JNI: Input channel object '30a338d SecondaryHomeHandle0 (client)' was disposed without first being removed with the input manager!
03-23 06:43:02.472 2361 3376 I OpenGLRenderer: Davey! duration=9223371914483ms; Flags=1, FrameTimelineVsyncId=6767, IntendedVsync=122370989473, Vsync=122504322801, InputEventId=0, HandleInputStart=122512817452, AnimationStart=122512818389, PerformTraversalsStart=122512819275, DrawStart=122533064847, FrameDeadline=122387656139, FrameInterval=122512811202, FrameStartTime=16666666, SyncQueued=122533215368, SyncStart=122533268858, IssueDrawCommandsStart=122533309170, SwapBuffers=122533781150, FrameCompleted=9223372036854775807, DequeueBufferDuration=214323, QueueBufferDuration=356614, GpuCompleted=9223372036854775807, SwapBuffersCompleted=122534250785, DisplayPresentTime=1224979137299480575,
03-23 06:43:02.472 2866 2934 D LoaderTask: load widgets
03-23 06:43:02.473 2361 3376 I OpenGLRenderer: Davey! duration=9223371914483ms; Flags=1, FrameTimelineVsyncId=6767, IntendedVsync=122370989473, Vsync=122504322801, InputEventId=0, HandleInputStart=122512817452, AnimationStart=122512818389, PerformTraversalsStart=122512819275, DrawStart=122535757452, FrameDeadline=122387656139, FrameInterval=122512811202, FrameStartTime=16666666, SyncQueued=122535919587, SyncStart=122535966618, IssueDrawCommandsStart=122536058702, SwapBuffers=122536514691, FrameCompleted=9223372036854775807, DequeueBufferDuration=13230, QueueBufferDuration=264427, GpuCompleted=9223372036854775807, SwapBuffersCompleted=122536938077, DisplayPresentTime=0,
03-23 06:43:02.475 2866 2934 I WidgetsModel: found whitelist widget: com.android.settings, label: 设置快捷方式, sectionName:S
03-23 06:43:02.475 2866 2934 I WidgetsModel: found whitelist widget: com.android.gallery3d, label: 照片, sectionName:T
03-23 06:43:02.475 2866 2934 I WidgetsModel: found whitelist widget: com.android.systemui, label: 对话, sectionName:D
03-23 06:43:02.476 2866 2934 I WidgetsModel: found whitelist widget: com.android.music, label: 音乐, sectionName:Y
03-23 06:43:02.476 2866 2934 D LoaderTask: bindWidgets
03-23 06:43:02.476 2866 2934 D LoaderTask: save widgets in icon cache
03-23 06:43:02.476 2866 2934 D LoaderTask: finish icon update
03-23 06:43:02.477 2866 2934 D LauncherProvider: call: method=new_db_transaction,arg=null,extras=null
03-23 06:43:02.480 2866 2934 D BaseIconFactory: normalizeAndWrapToAdaptiveIcon: scale=1.0
03-23 06:43:02.484 2866 2934 D BaseIconFactory: normalizeAndWrapToAdaptiveIcon: scale=0.8096529
03-23 06:43:02.490 2866 2934 D BaseIconFactory: normalizeAndWrapToAdaptiveIcon: scale=0.8096529
03-23 06:43:02.497 1512 1990 I WindowManager: finishDrawing of relaunch: Window{3187aaf u0 com.android.settings/com.android.settings.Settings} 204ms
03-23 06:43:02.497 2959 2959 W BatteryBroadcastRcvr: Problem reading the battery meter.
03-23 06:43:02.497 2959 2959 D BatteryInfo: time for callback: 0ms
03-23 06:43:02.499 2866 2934 D BaseIconFactory: normalizeAndWrapToAdaptiveIcon: scale=0.8096529
03-23 06:43:02.500 2959 4990 D BatteryInfo: time for getStats: 0ms
03-23 06:43:02.502 1512 1816 I input_focus: [Focus entering 3187aaf com.android.settings/com.android.settings.Settings (server),reason=Window became focusable. Previous reason: NOT_VISIBLE]
03-23 06:43:02.502 1512 1659 I WindowManager: Screen frozen for +221ms due to Window{3187aaf u0 com.android.settings/com.android.settings.Settings}
03-23 06:43:02.504 2959 4990 D BatteryInfo: time for regular BatteryInfo: 4ms
03-23 06:43:02.504 2959 4697 D BatteryTipLoader: BatteryInfoLoader post query: 0ms
03-23 06:43:02.504 2959 4697 D BatteryInfo: time for getBatteryInfo: 0ms
03-23 06:43:02.504 2959 4697 D BatteryTipLoader: BatteryInfoLoader.loadInBackground: 0ms
03-23 06:43:02.504 2959 4990 D BatteryInfo: time for getBatteryInfo: 0ms
03-23 06:43:02.508 2866 2934 D BaseIconFactory: normalizeAndWrapToAdaptiveIcon: scale=0.8096529
03-23 06:43:02.509 1512 1659 W ImageReader_JNI: Unable to acquire a buffer item, very likely client tried to acquire more than maxImages buffers
03-23 06:43:02.513 2866 2934 D BaseIconFactory: normalizeAndWrapToAdaptiveIcon: scale=0.8096529
03-23 06:43:02.520 2866 2934 D BaseIconFactory: normalizeAndWrapToAdaptiveIcon: scale=0.91217864
03-23 06:43:02.520 2959 2959 D BatteryInfo: time for callback: 0ms
03-23 06:43:02.528 2866 2934 D BaseIconFactory: normalizeAndWrapToAdaptiveIcon: scale=0.8096529
03-23 06:43:02.534 2866 2934 D BaseIconFactory: normalizeAndWrapToAdaptiveIcon: scale=0.8096529
03-23 06:43:02.540 2866 2934 D BaseIconFactory: normalizeAndWrapToAdaptiveIcon: scale=0.8096529
03-23 06:43:02.546 2866 2934 D BaseIconFactory: normalizeAndWrapToAdaptiveIcon: scale=0.8096529
03-23 06:43:02.575 2361 2361 D QSPanel : setHorizontalContentContainer
03-23 06:43:02.581 2361 2361 D QSPanel : setHorizontalContentContainer
03-23 06:43:02.581 2361 2361 D QSPanel : setHorizontalContentContainer
03-23 06:43:02.582 2361 2361 D QSPanel : setHorizontalContentContainer
03-23 06:43:02.582 2361 2361 D QSPanel : qs brightness view is null
03-23 06:43:02.584 2361 2361 D QSPanel : setHorizontalContentContainer
03-23 06:43:02.584 2361 2361 D QSPanel : qs brightness view is null
03-23 06:43:02.602 3298 3298 W hpplay-java: [main]:IPManager:getActiveNets invalid networkInfo:null
03-23 06:43:02.602 3298 3298 I hpplay-java: [main]:IPManager:getActiveNets eth0:false wifi:false mobile:false ap:false
03-23 06:43:02.602 3298 3298 I hpplay-java: [main]:ServerTaskManager:get local ip:null
03-23 06:43:02.616 2361 2463 E ndroid.systemu: No package ID 7f found for ID 0x7f030001.
03-23 06:43:02.616 2361 2463 E ContrastColorUtil: Drawable not found: 2130903041
03-23 06:43:02.618 2361 2463 E ndroid.systemu: No package ID 7f found for ID 0x7f030001.
03-23 06:43:02.618 2361 2463 E ContrastColorUtil: Drawable not found: 2130903041
03-23 06:43:02.630 2361 2361 W View : requestLayout() improperly called by com.android.keyguard.AlphaOptimizedLinearLayout{994da19 V.E...... ......ID 4,0-34,33 #7f0b069b app:id/wifi_group} during layout: running second layout pass
01-01 13:45:47.643 0 0 E DTC_Display: screen not ready
03-23 06:43:02.830 653 668 I mpu_uart: [MSG-P:RECV]:No message received in 1000 ms
03-23 06:43:02.885 653 667 I mpu_uart: [MSG-P:R]:recv sync frame timeout
03-23 06:43:03.136 1512 1816 I input_interaction: Interaction with: 3187aaf com.android.settings/com.android.settings.Settings (server), swipe-up (server), edge-swipe (server), PointerEventDispatcher0 (server),
03-23 06:43:03.211 880 880 D vendor.qti.vibrator: Vibrator perform effect 21
03-23 06:43:03.212 880 880 D vendor.qti.vibrator: Vibrator perform effect 2
03-23 06:43:03.212 880 880 D vendor.qti.vibrator: QTI Vibrator off
03-23 06:43:03.295 2959 4757 I OpenGLRenderer: Davey! duration=9223371913581ms; Flags=0, FrameTimelineVsyncId=6899, IntendedVsync=123272869496, Vsync=123272869496, InputEventId=886820373, HandleInputStart=123282056722, AnimationStart=123282057868, PerformTraversalsStart=123282124951, DrawStart=123337637035, FrameDeadline=123289536162, FrameInterval=123282054170, FrameStartTime=16666666, SyncQueued=123338591410, SyncStart=123338669483, IssueDrawCommandsStart=123340152868, SwapBuffers=123347088180, FrameCompleted=9223372036854775807, DequeueBufferDuration=58489, QueueBufferDuration=1590364, GpuCompleted=9223372036854775807, SwapBuffersCompleted=123349478545, DisplayPresentTime=0,
03-23 06:43:03.321 3134 5065 W adbd : timed out while waiting for FUNCTIONFS_BIND, trying again
03-23 06:43:03.321 3134 5065 I adbd : UsbFfs: connection terminated: monitor thread finished
03-23 06:43:03.321 3134 3134 I adbd : UsbFfs: already offline
03-23 06:43:03.321 3134 3134 I adbd : destroying transport UsbFfs
03-23 06:43:03.321 3134 3134 I adbd : UsbFfsConnection being destroyed
03-23 06:43:03.324 1512 1658 I configuration_changed: 1073741824
03-23 06:43:03.324 1512 1658 I ActivityTaskManager: Config changes=40000000 {1.3 ?mcc?mnc [zh_CN] ldltr sw720dp w1706dp h652dp 240dpi lrg long hdr land finger -keyb/v/h -nav/h winConfig={ mBounds=Rect(0, 0 - 2560, 1080) mAppBounds=Rect(0, 0 - 2560, 1014) mMaxBounds=Rect(0, 0 - 2560, 1080) mWindowingMode=fullscreen mDisplayWindowingMode=fullscreen mActivityType=undefined mAlwaysOnTop=undefined mRotation=ROTATION_0} s.725 fontWeightAdjustment=0}
03-23 06:43:03.331 3298 3298 I hpplay-java: [main]:DaemonService:onConfigurationChanged
03-23 06:43:03.337 1512 1658 I WindowManager: Override config changes=40000000 {1.3 ?mcc?mnc [zh_CN] ldltr sw720dp w1706dp h652dp 240dpi lrg long hdr land finger -keyb/v/h -nav/h winConfig={ mBounds=Rect(0, 0 - 2560, 1080) mAppBounds=Rect(0, 0 - 2560, 1014) mMaxBounds=Rect(0, 0 - 2560, 1080) mWindowingMode=fullscreen mDisplayWindowingMode=fullscreen mActivityType=undefined mAlwaysOnTop=undefined mRotation=ROTATION_0} s.725 fontWeightAdjustment=0} for displayId=0
03-23 06:43:03.346 3134 3150 I adbd : opening control endpoint /dev/usb-ffs/adb/ep0
03-23 06:43:03.346 3134 3150 I adbd : UsbFfsConnection constructed
01-01 13:45:48.207 0 0 I : read descriptors
01-01 13:45:48.207 0 0 I : read strings
03-23 06:43:03.347 3761 3761 I hintView: forceClose=true,resetShowChs=true
03-23 06:43:03.347 3761 3761 I hintView: dismissPop()
03-23 06:43:03.347 3134 5076 I adbd : UsbFfs-monitor thread spawned
03-23 06:43:03.355 1512 1658 W ImageReader_JNI: Unable to acquire a buffer item, very likely client tried to acquire more than maxImages buffers
03-23 06:43:03.357 1512 1658 I wm_relaunch_resume_activity: [0,64326038,11,com.android.settings/.Settings]
03-23 06:43:03.359 2959 2959 I wm_on_top_resumed_lost_called: [64326038,com.android.settings.Settings,pausing]
03-23 06:43:03.360 2562 2562 D GameMode_WindowController: onConfigurationChanged orientation: 2, locate: [zh_CN]
03-23 06:43:03.361 2959 2959 I sysui_multi_action: [757,340,758,2,1089,949]
03-23 06:43:03.362 2959 2959 I sysui_multi_action: [757,35,758,2,1089,949]
03-23 06:43:03.362 2959 2959 I wm_on_paused_called: [64326038,com.android.settings.Settings,performPause]
03-23 06:43:03.362 1512 1816 I InputDispatcher: Erasing monitor edge-swipe (server) on display 0, pid=2361
03-23 06:43:03.364 2959 2959 I wm_on_stop_called: [64326038,com.android.settings.Settings,handleRelaunchActivity]
03-23 06:43:03.366 2866 4613 E FrameEvents: updateAcquireFence: Did not find frame.
03-23 06:43:03.367 2959 2959 I wm_on_destroy_called: [64326038,com.android.settings.Settings,performDestroy]
03-23 06:43:03.368 2866 4613 E FrameEvents: updateAcquireFence: Did not find frame.
03-23 06:43:03.369 988 2440 I BpBinder: onLastStrongRef automatically unlinking death recipients:
03-23 06:43:03.370 1512 2466 W InputManager-JNI: Input channel object '3187aaf com.android.settings/com.android.settings.Settings (client)' was disposed without first being removed with the input manager!
03-23 06:43:03.377 2866 4613 E FrameEvents: updateAcquireFence: Did not find frame.
03-23 06:43:03.379 1512 2466 W InputManager-JNI: Input channel object '3a6e30b NavigationBar0 (client)' was disposed without first being removed with the input manager!
03-23 06:43:03.380 2959 2959 D PrefCtrlListHelper: Could not find Context-only controller for pref: com.android.settings.network.TopLevelNetworkEntryPreferenceController
03-23 06:43:03.380 2959 2959 D PrefCtrlListHelper: Could not find Context-only controller for pref: com.android.settings.connecteddevice.TopLevelConnectedDevicesPreferenceController
03-23 06:43:03.380 2959 2959 D PrefCtrlListHelper: Could not find Context-only controller for pref: com.android.settings.fuelgauge.TopLevelBatteryPreferenceController
03-23 06:43:03.380 2959 2959 D PrefCtrlListHelper: Could not find Context-only controller for pref: com.android.settings.deviceinfo.TopLevelStoragePreferenceController
03-23 06:43:03.380 2959 2959 D PrefCtrlListHelper: Could not find Context-only controller for pref: com.android.settings.display.TopLevelDisplayPreferenceController
03-23 06:43:03.380 2959 2959 D PrefCtrlListHelper: Could not find Context-only controller for pref: com.android.settings.display.TopLevelWallpaperPreferenceController
03-23 06:43:03.380 2959 2959 D PrefCtrlListHelper: Could not find Context-only controller for pref: com.android.settings.accessibility.TopLevelAccessibilityPreferenceController
03-23 06:43:03.380 2959 2959 D PrefCtrlListHelper: Could not find Context-only controller for pref: com.android.settings.security.TopLevelSecurityEntryPreferenceController
03-23 06:43:03.380 2959 2959 D PrefCtrlListHelper: Could not find Context-only controller for pref: com.android.settings.location.TopLevelLocationPreferenceController
03-23 06:43:03.381 2866 4613 E FrameEvents: updateAcquireFence: Did not find frame.
03-23 06:43:03.381 2361 2361 D NavigationModeController: getCurrentInteractionMode: mode=2 contextUser=0
03-23 06:43:03.381 2959 2959 D PrefCtrlListHelper: Could not find Context-only controller for pref: com.android.settings.accounts.TopLevelAccountEntryPreferenceController
03-23 06:43:03.381 2959 2959 D PrefCtrlListHelper: Could not find Context-only controller for pref: com.android.settings.deviceinfo.aboutphone.TopLevelAboutDevicePreferenceController
03-23 06:43:03.381 2959 2959 D PrefCtrlListHelper: Could not find Context-only controller for pref: com.android.settings.support.SupportPreferenceController
03-23 06:43:03.381 2361 2361 D NavigationModeController: getCurrentInteractionMode: mode=2 contextUser=0
03-23 06:43:03.382 1512 2466 E UserRestrictionsUtils: Unknown restriction queried by uid 1000 (vendor.qti.qesdk.sysservice et al): null
03-23 06:43:03.382 1512 2466 E UserRestrictionsUtils: Unknown restriction queried by uid 1000 (vendor.qti.qesdk.sysservice et al): null
03-23 06:43:03.382 1512 2466 E UserRestrictionsUtils: Unknown restriction queried by uid 1000 (vendor.qti.qesdk.sysservice et al): null
03-23 06:43:03.382 1512 2466 E UserRestrictionsUtils: Unknown restriction queried by uid 1000 (vendor.qti.qesdk.sysservice et al): null
03-23 06:43:03.382 1512 2466 E UserRestrictionsUtils: Unknown restriction queried by uid 1000 (vendor.qti.qesdk.sysservice et al): null
03-23 06:43:03.383 1512 2466 E UserRestrictionsUtils: Unknown restriction queried by uid 1000 (vendor.qti.qesdk.sysservice et al): null
03-23 06:43:03.383 1512 2466 E UserRestrictionsUtils: Unknown restriction queried by uid 1000 (vendor.qti.qesdk.sysservice et al): null
03-23 06:43:03.383 1512 2466 E UserRestrictionsUtils: Unknown restriction queried by uid 1000 (vendor.qti.qesdk.sysservice et al): null
03-23 06:43:03.383 1512 2466 E UserRestrictionsUtils: Unknown restriction queried by uid 1000 (vendor.qti.qesdk.sysservice et al): null
03-23 06:43:03.383 1512 2466 E UserRestrictionsUtils: Unknown restriction queried by uid 1000 (vendor.qti.qesdk.sysservice et al): null
03-23 06:43:03.383 1512 2466 E UserRestrictionsUtils: Unknown restriction queried by uid 1000 (vendor.qti.qesdk.sysservice et al): null
03-23 06:43:03.384 1512 2466 E UserRestrictionsUtils: Unknown restriction queried by uid 1000 (vendor.qti.qesdk.sysservice et al): null
03-23 06:43:03.384 1512 2435 E UserRestrictionsUtils: Unknown restriction queried by uid 1000 (vendor.qti.qesdk.sysservice et al): null
03-23 06:43:03.384 1512 3353 E UserRestrictionsUtils: Unknown restriction queried by uid 1000 (vendor.qti.qesdk.sysservice et al): null
03-23 06:43:03.384 1512 1990 E UserRestrictionsUtils: Unknown restriction queried by uid 1000 (vendor.qti.qesdk.sysservice et al): null
03-23 06:43:03.384 1512 4101 E UserRestrictionsUtils: Unknown restriction queried by uid 1000 (vendor.qti.qesdk.sysservice et al): null
03-23 06:43:03.384 1512 3375 E UserRestrictionsUtils: Unknown restriction queried by uid 1000 (vendor.qti.qesdk.sysservice et al): null
03-23 06:43:03.385 1512 1990 E UserRestrictionsUtils: Unknown restriction queried by uid 1000 (vendor.qti.qesdk.sysservice et al): null
03-23 06:43:03.385 2959 2959 W InstrumentedPrefFrag: Screen title missing for fragment com.android.settings.homepage.TopLevelSettings
03-23 06:43:03.385 2361 2361 D NavigationModeController: getCurrentUserContext: contextUser=0 currentUser=0
03-23 06:43:03.385 2959 2959 D TopLevelSettings: NO dashboard tiles for TopLevelSettings
03-23 06:43:03.385 2959 2959 D TopLevelSettings: All preferences added, reporting fully drawn
03-23 06:43:03.386 2361 2361 D NavigationModeController: getCurrentInteractionMode: mode=2 contextUser=0
03-23 06:43:03.390 2866 2866 D Launcher.Model: startLoader
03-23 06:43:03.390 2866 2866 D Launcher.Model: java.lang.Exception
03-23 06:43:03.390 2866 2866 D Launcher.Model: at com.android.launcher3.LauncherModel.startLoader(LauncherModel.java:353)
03-23 06:43:03.390 2866 2866 D Launcher.Model: at com.android.launcher3.LauncherModel.forceReload(LauncherModel.java:298)
03-23 06:43:03.390 2866 2866 D Launcher.Model: at com.android.launcher3.LauncherAppState.refreshAndReloadLauncher(LauncherAppState.java:161)
03-23 06:43:03.390 2866 2866 D Launcher.Model: at com.android.launcher3.LauncherAppState.lambda$new$0$LauncherAppState(LauncherAppState.java:89)
03-23 06:43:03.390 2866 2866 D Launcher.Model: at com.android.launcher3.LauncherAppState$$ExternalSyntheticLambda0.onIdpChanged(Unknown Source:2)
03-23 06:43:03.390 2866 2866 D Launcher.Model: at com.android.launcher3.InvariantDeviceProfile.onConfigChanged(InvariantDeviceProfile.java:379)
03-23 06:43:03.390 2866 2866 D Launcher.Model: at com.android.launcher3.InvariantDeviceProfile.lambda$new$0$InvariantDeviceProfile(InvariantDeviceProfile.java:199)
03-23 06:43:03.390 2866 2866 D Launcher.Model: at com.android.launcher3.InvariantDeviceProfile$$ExternalSyntheticLambda0.onDisplayInfoChanged(Unknown Source:2)
03-23 06:43:03.390 2866 2866 D Launcher.Model: at com.android.launcher3.util.DisplayController.notifyChange(DisplayController.java:237)
03-23 06:43:03.390 2866 2866 D Launcher.Model: at com.android.launcher3.util.DisplayController.lambda$handleInfoChange$0$DisplayController(DisplayController.java:231)
03-23 06:43:03.390 2866 2866 D Launcher.Model: at com.android.launcher3.util.DisplayController$$ExternalSyntheticLambda1.run(Unknown Source:6)
03-23 06:43:03.390 2866 2866 D Launcher.Model: at com.android.launcher3.util.LooperExecutor.execute(LooperExecutor.java:45)
03-23 06:43:03.390 2866 2866 D Launcher.Model: at com.android.launcher3.util.DisplayController.handleInfoChange(DisplayController.java:231)
03-23 06:43:03.390 2866 2866 D Launcher.Model: at com.android.launcher3.util.DisplayController.onConfigurationChanged(DisplayController.java:180)
03-23 06:43:03.390 2866 2866 D Launcher.Model: at android.content.ComponentCallbacksController.lambda$dispatchConfigurationChanged$0(ComponentCallbacksController.java:91)
03-23 06:43:03.390 2866 2866 D Launcher.Model: at android.content.ComponentCallbacksController$$ExternalSyntheticLambda1.accept(Unknown Source:4)
03-23 06:43:03.390 2866 2866 D Launcher.Model: at android.content.ComponentCallbacksController.forAllComponentCallbacks(ComponentCallbacksController.java:124)
03-23 06:43:03.390 2866 2866 D Launcher.Model: at android.content.ComponentCallbacksController.dispatchConfigurationChanged(ComponentCallbacksController.java:91)
03-23 06:43:03.390 2866 2866 D Launcher.Model: at android.window.WindowContext.dispatchConfigurationChanged(WindowContext.java:125)
03-23 06:43:03.390 2866 2866 D Launcher.Model: at android.window.WindowTokenClient.lambda$onConfigurationChanged$0(WindowTokenClient.java:90)
03-23 06:43:03.390 2866 2866 D Launcher.Model: at android.window.WindowTokenClient$$ExternalSyntheticLambda0.run(Unknown Source:4)
03-23 06:43:03.390 2866 2866 D Launcher.Model: at android.os.Handler.handleCallback(Handler.java:938)
03-23 06:43:03.390 2866 2866 D Launcher.Model: at android.os.Handler.dispatchMessage(Handler.java:99)
03-23 06:43:03.390 2866 2866 D Launcher.Model: at android.os.Looper.loopOnce(Looper.java:201)
03-23 06:43:03.390 2866 2866 D Launcher.Model: at android.os.Looper.loop(Looper.java:288)
03-23 06:43:03.390 2866 2866 D Launcher.Model: at android.app.ActivityThread.main(ActivityThread.java:7880)
03-23 06:43:03.390 2866 2866 D Launcher.Model: at java.lang.reflect.Method.invoke(Native Method)
03-23 06:43:03.390 2866 2866 D Launcher.Model: at com.android.internal.os.RuntimeInit$MethodAndArgsCaller.run(RuntimeInit.java:548)
03-23 06:43:03.390 2866 2866 D Launcher.Model: at com.android.internal.os.ZygoteInit.main(ZygoteInit.java:1009)
03-23 06:43:03.390 2866 2866 E libprocessgroup: set_timerslack_ns write failed: Operation not permitted
03-23 06:43:03.390 2866 2934 D LoaderTask: loadWorkspace: loading default favorites
03-23 06:43:03.390 2866 2934 D LauncherProvider: call: method=load_default_favorites,arg=null,extras=null
03-23 06:43:03.393 2959 2959 D PrefCtrlListHelper: Could not find Context-only controller for pref: com.android.settings.display.AutoBrightnessPreferenceController
03-23 06:43:03.393 2959 2959 D PrefCtrlListHelper: Could not find Context-only controller for pref: com.android.settings.security.screenlock.LockScreenPreferenceController
03-23 06:43:03.393 2959 2959 D PrefCtrlListHelper: Could not find Context-only controller for pref: com.android.settings.display.DarkUIPreferenceController
03-23 06:43:03.393 2959 2959 D PrefCtrlListHelper: Could not find Context-only controller for pref: com.android.settings.display.FontSizePreferenceController
03-23 06:43:03.394 2959 2959 D PrefCtrlListHelper: Could not find Context-only controller for pref: com.android.settings.display.NightDisplayPreferenceController
03-23 06:43:03.394 2361 2361 D StatusBar: disable disable2
03-23 06:43:03.394 2959 2959 D PrefCtrlListHelper: Could not find Context-only controller for pref: com.android.settings.display.ColorModePreferenceController
03-23 06:43:03.394 2866 2934 D BaseIconFactory: normalizeAndWrapToAdaptiveIcon: scale=0.8096529
03-23 06:43:03.394 2959 2959 D PrefCtrlListHelper: Could not find Context-only controller for pref: com.android.settings.display.AutoRotatePreferenceController
03-23 06:43:03.394 2959 2959 D PrefCtrlListHelper: Could not find Context-only controller for pref: com.android.settings.display.DisplayWhiteBalancePreferenceController
03-23 06:43:03.394 2959 2959 D PrefCtrlListHelper: Could not find Context-only controller for pref: com.android.settings.display.PeakRefreshRatePreferenceController
03-23 06:43:03.394 2959 2959 D RefreshRatePrefCtr: DEFAULT_REFRESH_RATE : 60.0 mPeakRefreshRate : 60.0
03-23 06:43:03.394 2959 2959 D PrefCtrlListHelper: Could not find Context-only controller for pref: com.android.settings.display.HotSeatDirPreferenceController
03-23 06:43:03.396 1512 2435 E UserRestrictionsUtils: Unknown restriction queried by uid 1000 (vendor.qti.qesdk.sysservice et al): null
03-23 06:43:03.396 1512 2435 E UserRestrictionsUtils: Unknown restriction queried by uid 1000 (vendor.qti.qesdk.sysservice et al): null
03-23 06:43:03.396 1512 2435 E UserRestrictionsUtils: Unknown restriction queried by uid 1000 (vendor.qti.qesdk.sysservice et al): null
03-23 06:43:03.396 2866 2934 D BaseIconFactory: normalizeAndWrapToAdaptiveIcon: scale=0.8096529
03-23 06:43:03.397 2361 2361 W ConstraintSet: id unknown center_vertical_guideline
03-23 06:43:03.397 2361 2361 W ConstraintSet: id unknown center_horizontal_guideline
03-23 06:43:03.397 2361 2361 W ConstraintSet: id unknown media_action_barrier
03-23 06:43:03.397 2361 2361 W ConstraintSet: id unknown remove_text
03-23 06:43:03.397 2361 2361 W ConstraintSet: id unknown settings
03-23 06:43:03.397 2361 2361 W ConstraintSet: id unknown cancel
03-23 06:43:03.397 2361 2361 W ConstraintSet: id unknown dismiss
03-23 06:43:03.397 1512 2435 E UserRestrictionsUtils: Unknown restriction queried by uid 1000 (vendor.qti.qesdk.sysservice et al): null
03-23 06:43:03.397 2866 2866 D DeviceProfile: updateIconDrawableOffset: folderIconSizePx=80
03-23 06:43:03.397 1512 2435 E UserRestrictionsUtils: Unknown restriction queried by uid 1000 (vendor.qti.qesdk.sysservice et al): null
03-23 06:43:03.399 2959 2959 D DisplaySettings: NO dashboard tiles for DisplaySettings
03-23 06:43:03.399 2959 2959 D DisplaySettings: All preferences added, reporting fully drawn
03-23 06:43:03.399 2866 2934 D BaseIconFactory: normalizeAndWrapToAdaptiveIcon: scale=0.8096529
03-23 06:43:03.400 2866 2934 D BaseIconFactory: normalizeAndWrapToAdaptiveIcon: scale=0.8096529
03-23 06:43:03.402 2959 2959 I SettingsHomepageActivity: SettingsHomepageActivity: onCreate
03-23 06:43:03.402 2866 2934 D BaseIconFactory: normalizeAndWrapToAdaptiveIcon: scale=0.8096529
03-23 06:43:03.404 2866 2934 D BaseIconFactory: normalizeAndWrapToAdaptiveIcon: scale=0.8096529
03-23 06:43:03.405 2866 2866 D EditModeHelper: setHotseatVisibility: 0
03-23 06:43:03.406 2866 2866 D Launcher.Model: startLoader
03-23 06:43:03.406 2866 2866 D Launcher.Model: java.lang.Exception
03-23 06:43:03.406 2866 2866 D Launcher.Model: at com.android.launcher3.LauncherModel.startLoader(LauncherModel.java:353)
03-23 06:43:03.406 2866 2866 D Launcher.Model: at com.android.launcher3.LauncherModel.rebindCallbacks(LauncherModel.java:307)
03-23 06:43:03.406 2866 2866 D Launcher.Model: at com.android.launcher3.Launcher.onIdpChanged(Launcher.java:659)
03-23 06:43:03.406 2866 2866 D Launcher.Model: at com.android.launcher3.InvariantDeviceProfile.onConfigChanged(InvariantDeviceProfile.java:379)
03-23 06:43:03.406 2866 2866 D Launcher.Model: at com.android.launcher3.InvariantDeviceProfile.lambda$new$0$InvariantDeviceProfile(InvariantDeviceProfile.java:199)
03-23 06:43:03.406 2866 2866 D Launcher.Model: at com.android.launcher3.InvariantDeviceProfile$$ExternalSyntheticLambda0.onDisplayInfoChanged(Unknown Source:2)
03-23 06:43:03.406 2866 2866 D Launcher.Model: at com.android.launcher3.util.DisplayController.notifyChange(DisplayController.java:237)
03-23 06:43:03.406 2866 2866 D Launcher.Model: at com.android.launcher3.util.DisplayController.lambda$handleInfoChange$0$DisplayController(DisplayController.java:231)
03-23 06:43:03.406 2866 2866 D Launcher.Model: at com.android.launcher3.util.DisplayController$$ExternalSyntheticLambda1.run(Unknown Source:6)
03-23 06:43:03.406 2866 2866 D Launcher.Model: at com.android.launcher3.util.LooperExecutor.execute(LooperExecutor.java:45)
03-23 06:43:03.406 2866 2866 D Launcher.Model: at com.android.launcher3.util.DisplayController.handleInfoChange(DisplayController.java:231)
03-23 06:43:03.406 2866 2866 D Launcher.Model: at com.android.launcher3.util.DisplayController.onConfigurationChanged(DisplayController.java:180)
03-23 06:43:03.406 2866 2866 D Launcher.Model: at android.content.ComponentCallbacksController.lambda$dispatchConfigurationChanged$0(ComponentCallbacksController.java:91)
03-23 06:43:03.406 2866 2866 D Launcher.Model: at android.content.ComponentCallbacksController$$ExternalSyntheticLambda1.accept(Unknown Source:4)
03-23 06:43:03.406 2866 2866 D Launcher.Model: at android.content.ComponentCallbacksController.forAllComponentCallbacks(ComponentCallbacksController.java:124)
03-23 06:43:03.406 2866 2866 D Launcher.Model: at android.content.ComponentCallbacksController.dispatchConfigurationChanged(ComponentCallbacksController.java:91)
03-23 06:43:03.406 2866 2866 D Launcher.Model: at android.window.WindowContext.dispatchConfigurationChanged(WindowContext.java:125)
03-23 06:43:03.406 2866 2866 D Launcher.Model: at android.window.WindowTokenClient.lambda$onConfigurationChanged$0(WindowTokenClient.java:90)
03-23 06:43:03.406 2866 2866 D Launcher.Model: at android.window.WindowTokenClient$$ExternalSyntheticLambda0.run(Unknown Source:4)
03-23 06:43:03.406 2866 2866 D Launcher.Model: at android.os.Handler.handleCallback(Handler.java:938)
03-23 06:43:03.406 2866 2866 D Launcher.Model: at android.os.Handler.dispatchMessage(Handler.java:99)
03-23 06:43:03.406 2866 2866 D Launcher.Model: at android.os.Looper.loopOnce(Looper.java:201)
03-23 06:43:03.406 2866 2866 D Launcher.Model: at android.os.Looper.loop(Looper.java:288)
03-23 06:43:03.406 2866 2866 D Launcher.Model: at android.app.ActivityThread.main(ActivityThread.java:7880)
03-23 06:43:03.406 2866 2866 D Launcher.Model: at java.lang.reflect.Method.invoke(Native Method)
03-23 06:43:03.406 2866 2866 D Launcher.Model: at com.android.internal.os.RuntimeInit$MethodAndArgsCaller.run(RuntimeInit.java:548)
03-23 06:43:03.406 2866 2866 D Launcher.Model: at com.android.internal.os.ZygoteInit.main(ZygoteInit.java:1009)
03-23 06:43:03.408 2866 2934 D BaseIconFactory: normalizeAndWrapToAdaptiveIcon: scale=0.8096529
03-23 06:43:03.408 1512 3375 I wm_relaunch_activity: [0,88042559,10,com.android.launcher3/.uioverrides.QuickstepLauncher]
03-23 06:43:03.408 1512 3375 I wm_add_to_stopping: [0,88042559,com.android.launcher3/.uioverrides.QuickstepLauncher,preloadRecents]
03-23 06:43:03.410 2866 2934 D LoaderTask: loadWorkspace
03-23 06:43:03.410 2866 2934 D LoaderTask: Cancelled
03-23 06:43:03.410 2866 2934 D LoaderTask: loadWorkspace: loading default favorites
03-23 06:43:03.410 2866 2866 D Launcher.Model: startLoader
03-23 06:43:03.410 2866 2866 D Launcher.Model: java.lang.Exception
03-23 06:43:03.410 2866 2866 D Launcher.Model: at com.android.launcher3.LauncherModel.startLoader(LauncherModel.java:353)
03-23 06:43:03.410 2866 2866 D Launcher.Model: at com.android.launcher3.LauncherModel.removeCallbacks(LauncherModel.java:320)
03-23 06:43:03.410 2866 2866 D Launcher.Model: at com.android.launcher3.Launcher.onDestroy(Launcher.java:1772)
03-23 06:43:03.410 2866 2866 D Launcher.Model: at com.android.launcher3.BaseQuickstepLauncher.onDestroy(BaseQuickstepLauncher.java:163)
03-23 06:43:03.410 2866 2866 D Launcher.Model: at com.android.launcher3.uioverrides.QuickstepLauncher.onDestroy(QuickstepLauncher.java:239)
03-23 06:43:03.410 2866 2866 D Launcher.Model: at android.app.Activity.performDestroy(Activity.java:8350)
03-23 06:43:03.410 2866 2866 D Launcher.Model: at android.app.Instrumentation.callActivityOnDestroy(Instrumentation.java:1365)
03-23 06:43:03.410 2866 2866 D Launcher.Model: at android.app.ActivityThread.performDestroyActivity(ActivityThread.java:5375)
03-23 06:43:03.410 2866 2866 D Launcher.Model: at android.app.ActivityThread.handleDestroyActivity(ActivityThread.java:5421)
03-23 06:43:03.410 2866 2866 D Launcher.Model: at android.app.ActivityThread.handleRelaunchActivityInner(ActivityThread.java:5715)
03-23 06:43:03.410 2866 2866 D Launcher.Model: at android.app.ActivityThread.handleRelaunchActivity(ActivityThread.java:5631)
03-23 06:43:03.410 2866 2866 D Launcher.Model: at android.app.servertransaction.ActivityRelaunchItem.execute(ActivityRelaunchItem.java:71)
03-23 06:43:03.410 2866 2866 D Launcher.Model: at android.app.servertransaction.ActivityTransactionItem.execute(ActivityTransactionItem.java:45)
03-23 06:43:03.410 2866 2866 D Launcher.Model: at android.app.servertransaction.TransactionExecutor.executeCallbacks(TransactionExecutor.java:135)
03-23 06:43:03.410 2866 2866 D Launcher.Model: at android.app.servertransaction.TransactionExecutor.execute(TransactionExecutor.java:95)
03-23 06:43:03.410 2866 2866 D Launcher.Model: at android.app.ActivityThread$H.handleMessage(ActivityThread.java:2211)
03-23 06:43:03.410 2866 2866 D Launcher.Model: at android.os.Handler.dispatchMessage(Handler.java:106)
03-23 06:43:03.410 2866 2866 D Launcher.Model: at android.os.Looper.loopOnce(Looper.java:201)
03-23 06:43:03.410 2866 2866 D Launcher.Model: at android.os.Looper.loop(Looper.java:288)
03-23 06:43:03.410 2866 2866 D Launcher.Model: at android.app.ActivityThread.main(ActivityThread.java:7880)
03-23 06:43:03.410 2866 2866 D Launcher.Model: at java.lang.reflect.Method.invoke(Native Method)
03-23 06:43:03.410 2866 2866 D Launcher.Model: at com.android.internal.os.RuntimeInit$MethodAndArgsCaller.run(RuntimeInit.java:548)
03-23 06:43:03.410 2866 2866 D Launcher.Model: at com.android.internal.os.ZygoteInit.main(ZygoteInit.java:1009)
03-23 06:43:03.410 2866 2934 D LauncherProvider: call: method=load_default_favorites,arg=null,extras=null
03-23 06:43:03.411 2788 2832 D ProtectUartService: received unRegisterListener token:LAUNCHER_VOLTAGE_PROTECT
03-23 06:43:03.411 2866 2866 I wm_on_destroy_called: [88042559,com.android.launcher3.uioverrides.QuickstepLauncher,performDestroy]
03-23 06:43:03.412 2866 2934 D LoaderTask: loadWorkspace
03-23 06:43:03.412 1512 3375 W InputManager-JNI: Input channel object '9fac2eb com.android.launcher3/com.android.launcher3.uioverrides.QuickstepLauncher (client)' was disposed without first being removed with the input manager!
03-23 06:43:03.412 2866 2934 D LoaderTask: Cancelled
03-23 06:43:03.415 2959 2959 D AvatarViewMixin: Feature disabled by config. Skipping
03-23 06:43:03.415 2988 3002 D QCCAuthMgr: SMQContentProvider query uri: content://com.qti.smq.Feedback.provider/smq_settings, selection: key=?, uri_matcher: 1
