03-23 06:41:22.537 1512 1670 I SystemServerTimingAsync: ssm.onUnlockingUser-0_com.android.server.policy.PermissionPolicyService
03-23 06:41:22.537 1512 1670 I SystemServerTimingAsync: ssm.onUnlockingUser-0_com.android.server.pm.StagingManager$Lifecycle
03-23 06:41:22.537 1512 1670 I SystemServerTimingAsync: ssm.onUnlockingUser-0_com.android.server.app.GameManagerService$Lifecycle
03-23 06:41:22.537 1512 1670 I SystemServerTimingAsync: ssm.onUnlockingUser-0_com.android.server.appsearch.AppSearchManagerService
03-23 06:41:22.538 1512 1670 I SystemServerTimingAsync: ssm.onUnlockingUser-0_com.android.server.media.MediaCommunicationService
03-23 06:41:22.538 1512 1670 W ActivityManager: UserLifecycleEvent 5 received without an active userJourneySession.
03-23 06:41:22.538 1512 1670 W ActivityManager: UserLifecycleEvent 6 received without an active userJourneySession.
03-23 06:41:22.538 1512 1670 I uc_finish_user_unlocked: 0
03-23 06:41:22.538 1512 1670 I ActivityManager: User 0 state changed from RUNNING_UNLOCKING to RUNNING_UNLOCKED
03-23 06:41:22.538 1512 1670 I am_user_state_changed: [0,3]
03-23 06:41:22.538 1512 1655 I ActivityTaskManager: Loading recents for user 0 into memory.
03-23 06:41:22.538 1512 1655 E TaskPersister: restoreTasksForUserLocked: Unable to list files from /data/system_ce/0/recent_tasks
03-23 06:41:22.539 1512 1670 D SystemServerTiming: SystemUserUnlock took to complete: 379ms
03-23 06:41:22.539 1512 1655 V PackageConfigPersister: loadPackages: empty list files from /data/system_ce/0/package_configs
01-01 13:44:07.398 0 0 I : sdcardfs version 2.0
01-01 13:44:07.398 0 0 I sdcardfs: dev_name -> /data/media
01-01 13:44:07.398 0 0 I sdcardfs: options -> fsuid=1023,fsgid=1023,multiuser,derive_gid,default_normal,unshared_obb,mask=6,userid=0,gid=1015
01-01 13:44:07.398 0 0 I sdcardfs: mnt -> 00000000fe682e44
01-01 13:44:07.398 0 0 I sdcardfs: mounted on top of /data/media type f2fs
01-01 13:44:07.398 0 0 I : Remount options were mask=23,gid=9997 for vfsmnt 000000007ee39e14.
01-01 13:44:07.398 0 0 I sdcardfs: options - debug:1
01-01 13:44:07.398 0 0 I sdcardfs: options - gid:9997
01-01 13:44:07.398 0 0 I sdcardfs: options - mask:23
01-01 13:44:07.398 0 0 I : Remount options were mask=7,gid=9997 for vfsmnt 000000005f2f9e8a.
01-01 13:44:07.398 0 0 I sdcardfs: options - debug:1
01-01 13:44:07.398 0 0 I sdcardfs: options - gid:9997
01-01 13:44:07.398 0 0 I sdcardfs: options - mask:7
01-01 13:44:07.398 0 0 I : Remount options were mask=7,gid=9997 for vfsmnt 0000000080fb794a.
01-01 13:44:07.398 0 0 I sdcardfs: options - debug:1
01-01 13:44:07.398 0 0 I sdcardfs: options - gid:9997
01-01 13:44:07.398 0 0 I sdcardfs: options - mask:7
03-23 06:41:22.539 1512 1670 I am_uid_running: 10085
03-23 06:41:22.541 1512 1670 D CompatibilityChangeReporter: Compat change id reported: 135634846; UID 10085; state: DISABLED
03-23 06:41:22.541 1512 1670 I am_uid_running: 10056
03-23 06:41:22.542 1512 1670 D CompatibilityChangeReporter: Compat change id reported: 135634846; UID 10056; state: DISABLED
03-23 06:41:22.543 1512 1670 D CompatibilityChangeReporter: Compat change id reported: 177438394; UID 10056; state: DISABLED
03-23 06:41:22.543 1512 1670 D CompatibilityChangeReporter: Compat change id reported: 135772972; UID 10056; state: DISABLED
01-01 13:44:07.410 0 0 W QSEECOM : qseecom_load_app: App with id 9 (fingerpr) now loaded
03-23 06:41:22.543 1512 1670 D CompatibilityChangeReporter: Compat change id reported: 135754954; UID 10056; state: ENABLED
03-23 06:41:22.545 1512 1670 D CompatibilityChangeReporter: Compat change id reported: 135634846; UID 1000; state: DISABLED
03-23 06:41:22.546 1512 1670 D CompatibilityChangeReporter: Compat change id reported: 177438394; UID 1000; state: DISABLED
03-23 06:41:22.546 1512 1671 D CompatibilityChangeReporter: Compat change id reported: 143937733; UID 10085; state: ENABLED
03-23 06:41:22.546 1512 1670 D CompatibilityChangeReporter: Compat change id reported: 135772972; UID 1000; state: DISABLED
03-23 06:41:22.546 1512 1670 D CompatibilityChangeReporter: Compat change id reported: 135754954; UID 1000; state: ENABLED
03-23 06:41:22.546 1512 1670 I am_uid_running: 10055
03-23 06:41:22.547 1512 1670 D CompatibilityChangeReporter: Compat change id reported: 135634846; UID 10055; state: DISABLED
03-23 06:41:22.547 1512 1670 D CompatibilityChangeReporter: Compat change id reported: 177438394; UID 10055; state: DISABLED
03-23 06:41:22.547 1512 1670 D CompatibilityChangeReporter: Compat change id reported: 135772972; UID 10055; state: DISABLED
03-23 06:41:22.547 1512 1670 D CompatibilityChangeReporter: Compat change id reported: 135754954; UID 10055; state: ENABLED
03-23 06:41:22.547 1512 2316 I service_manager_slow: [11,mount]
03-23 06:41:22.548 1512 1670 I am_uid_running: 10068
03-23 06:41:22.549 1512 1670 D CompatibilityChangeReporter: Compat change id reported: 135634846; UID 10068; state: DISABLED
03-23 06:41:22.549 1512 1670 D CompatibilityChangeReporter: Compat change id reported: 177438394; UID 10068; state: DISABLED
03-23 06:41:22.549 1512 1670 D CompatibilityChangeReporter: Compat change id reported: 135772972; UID 10068; state: DISABLED
03-23 06:41:22.549 1512 1670 D CompatibilityChangeReporter: Compat change id reported: 135754954; UID 10068; state: DISABLED
03-23 06:41:22.549 1512 1670 I am_uid_running: 10080
03-23 06:41:22.550 1512 1670 D CompatibilityChangeReporter: Compat change id reported: 135634846; UID 10080; state: DISABLED
03-23 06:41:22.550 1512 1670 D CompatibilityChangeReporter: Compat change id reported: 177438394; UID 10080; state: DISABLED
03-23 06:41:22.550 1512 1670 D CompatibilityChangeReporter: Compat change id reported: 135772972; UID 10080; state: DISABLED
03-23 06:41:22.550 1512 1670 D CompatibilityChangeReporter: Compat change id reported: 135754954; UID 10080; state: ENABLED
03-23 06:41:22.550 1512 1670 I am_uid_running: 10081
03-23 06:41:22.550 1512 1670 D CompatibilityChangeReporter: Compat change id reported: 135634846; UID 10081; state: DISABLED
03-23 06:41:22.550 1512 1670 D CompatibilityChangeReporter: Compat change id reported: 177438394; UID 10081; state: DISABLED
03-23 06:41:22.550 1512 1670 D CompatibilityChangeReporter: Compat change id reported: 135772972; UID 10081; state: DISABLED
03-23 06:41:22.551 1512 1670 D CompatibilityChangeReporter: Compat change id reported: 135754954; UID 10081; state: ENABLED
03-23 06:41:22.551 1512 1671 I am_proc_start: [0,3298,10085,com.hht.lebocast,added application,com.hht.lebocast]
03-23 06:41:22.551 1512 1671 I ActivityManager: Start proc 3298:com.hht.lebocast/u0a85 for added application com.hht.lebocast
03-23 06:41:22.551 1512 1670 I uc_send_user_broadcast: [0,android.intent.action.USER_UNLOCKED]
03-23 06:41:22.551 1512 1671 D CompatibilityChangeReporter: Compat change id reported: 143937733; UID 10056; state: ENABLED
03-23 06:41:22.552 1512 1670 I uc_send_user_broadcast: [0,android.intent.action.PRE_BOOT_COMPLETED]
03-23 06:41:22.558 1512 1671 I am_proc_start: [0,3300,10056,ts.car.uart,added application,ts.car.uart]
03-23 06:41:22.558 1512 1671 I ActivityManager: Start proc 3300:ts.car.uart/u0a56 for added application ts.car.uart
01-01 13:44:07.425 0 0 I binder : 3298:3298 ioctl 40046210 ff8dadc8 returned -22
01-01 13:44:07.425 0 0 I zram0 : detected capacity change from 0 to 4294967296
03-23 06:41:22.569 1512 1670 I PreBootBroadcaster: Pre-boot of {com.android.documentsui/com.android.documentsui.PreBootReceiver} for user 0
03-23 06:41:22.569 1512 1670 I am_pre_boot: [0,com.android.documentsui]
03-23 06:41:22.573 1512 1670 I am_uid_running: 10024
03-23 06:41:22.575 521 521 I vold : Mounting emulated fuse volume
03-23 06:41:22.575 1512 1512 V NotificationAssistants: disabling notification assistant for user 0: ComponentInfo{android.ext.services/android.ext.services.notification.Assistant}
03-23 06:41:22.575 1512 1512 D NotificationListeners: Removing active service ComponentInfo{android.ext.services/android.ext.services.notification.Assistant}
03-23 06:41:22.578 1512 1670 D CompatibilityChangeReporter: Compat change id reported: 135634846; UID 10024; state: DISABLED
03-23 06:41:22.578 1512 1670 D CompatibilityChangeReporter: Compat change id reported: 177438394; UID 10024; state: DISABLED
03-23 06:41:22.578 1512 1670 D CompatibilityChangeReporter: Compat change id reported: 135772972; UID 10024; state: DISABLED
03-23 06:41:22.578 1512 1670 D CompatibilityChangeReporter: Compat change id reported: 135754954; UID 10024; state: ENABLED
03-23 06:41:22.579 1512 1670 W BroadcastQueue: Background execution not allowed: receiving Intent { act=android.intent.action.INPUT_METHOD_CHANGED flg=0x20000010 (has extras) } to com.baidu.input/.switchguide.InputMethodChangedReceiver
03-23 06:41:22.580 1512 1670 I am_uid_running: 10025
03-23 06:41:22.581 1512 1670 D CompatibilityChangeReporter: Compat change id reported: 135634846; UID 10025; state: DISABLED
03-23 06:41:22.581 1512 1670 D CompatibilityChangeReporter: Compat change id reported: 177438394; UID 10025; state: DISABLED
03-23 06:41:22.581 1512 1670 D CompatibilityChangeReporter: Compat change id reported: 135772972; UID 10025; state: DISABLED
03-23 06:41:22.581 1512 1670 D CompatibilityChangeReporter: Compat change id reported: 135754954; UID 10025; state: ENABLED
03-23 06:41:22.582 1512 2316 E BackupPasswordManager: Unable to read backup pw version
03-23 06:41:22.583 1512 2316 E BackupPasswordManager: Unable to read saved backup pw hash
03-23 06:41:22.585 1512 3032 I wm_finish_activity: [0,60303166,8,com.android.settings/.FallbackHome,app-request]
03-23 06:41:22.588 1512 3032 I wm_pause_activity: [0,60303166,com.android.settings/.FallbackHome,userLeaving=false,finish]
03-23 06:41:22.589 1512 1671 I am_proc_start: [0,3317,1000,com.hryt.hiphishowfsecontrol,added application,com.hryt.hiphishowfsecontrol]
03-23 06:41:22.589 1512 1671 I ActivityManager: Start proc 3317:com.hryt.hiphishowfsecontrol/1000 for added application com.hryt.hiphishowfsecontrol
03-23 06:41:22.599 2959 2959 I wm_on_top_resumed_lost_called: [60303166,com.android.settings.FallbackHome,topStateChangedWhenResumed]
03-23 06:41:22.602 1512 1658 I sysui_multi_action: [757,1144,758,7,806,com.android.settings,871,com.android.settings.FallbackHome]
03-23 06:41:22.607 521 521 I vold : Bind mounting /mnt/runtime/full/emulated to /mnt/pass_through/0/emulated
03-23 06:41:22.609 1512 1841 I StorageSessionController: On volume mount VolumeInfo{emulated;0}:
03-23 06:41:22.609 1512 1841 I StorageSessionController: type=EMULATED diskId=null partGuid= mountFlags=PRIMARY|VISIBLE
03-23 06:41:22.609 1512 1841 I StorageSessionController: mountUserId=0 state=CHECKING
03-23 06:41:22.609 1512 1841 I StorageSessionController: fsType=null fsUuid=null fsLabel=null
03-23 06:41:22.609 1512 1841 I StorageSessionController: path=/storage/emulated internalPath=/data/media
03-23 06:41:22.609 1512 1671 W ActivityManager: Slow operation: 65ms so far, now at startProcess: done updating pids map
03-23 06:41:22.610 1512 1671 W ActivityManager: Slow operation: 62ms so far, now at startProcess: asking zygote to start proc
03-23 06:41:22.610 1512 1671 D CompatibilityChangeReporter: Compat change id reported: 143937733; UID 10055; state: ENABLED
03-23 06:41:22.610 2959 2959 I wm_on_paused_called: [60303166,com.android.settings.FallbackHome,performPause]
03-23 06:41:22.610 1512 1841 I StorageSessionController: Creating connection for user: 0
03-23 06:41:22.611 1512 1512 V NotificationAssistants: enabling notification assistant for 0: ComponentInfo{android.ext.services/android.ext.services.notification.Assistant}
03-23 06:41:22.611 1512 1512 V NotificationAssistants: binding: Intent { act=android.service.notification.NotificationAssistantService cmp=android.ext.services/.notification.Assistant (has extras) }
03-23 06:41:22.611 1512 1991 I ActivityTaskManager: START u0 {act=android.intent.action.MAIN cat=[android.intent.category.HOME] flg=0x10000100 cmp=com.android.provision/.DefaultActivity (has extras)} from uid 0
03-23 06:41:22.611 1512 1841 I StorageSessionController: Creating and starting session with id: emulated;0
03-23 06:41:22.612 1512 1841 I StorageUserConnection: Binding to the ExternalStorageService for user 0
01-01 13:44:07.475 0 0 I binder : 3300:3300 ioctl 40046210 7ff2285824 returned -22
03-23 06:41:22.615 1512 1991 D CompatibilityChangeReporter: Compat change id reported: 174042980; UID 1000; state: DISABLED
03-23 06:41:22.616 1512 2316 V BackupManagerService: [UserID:0] No ancestral data
03-23 06:41:22.619 1512 1991 I wm_task_created: [9,-1]
03-23 06:41:22.621 1512 1991 I wm_task_moved: [9,1,2147483647]
01-01 13:44:07.484 0 0 I configfs-gadget gadget: high-speed config #1: b
01-01 13:44:07.484 0 0 E msm-dwc3 a600000.ssusb: Could not get usb psy
01-01 13:44:07.485 0 0 I android_work: sent uevent USB_STATE=CONFIGURED
01-01 13:44:07.488 0 0 I binder : 3317:3317 ioctl 40046210 7ff2285824 returned -22
03-23 06:41:22.623 1512 1671 W ActivityManager: Slow operation: 76ms so far, now at startProcess: returned from zygote!
03-23 06:41:22.623 1512 1991 I wm_task_moved: [1,1,5]
03-23 06:41:22.623 1512 1991 I wm_create_task: [0,9]
03-23 06:41:22.624 1512 1991 I wm_create_activity: [0,95816675,9,com.android.provision/.DefaultActivity,android.intent.action.MAIN,NULL,NULL,276824320]
03-23 06:41:22.624 1512 1991 I wm_task_moved: [1,1,5]
03-23 06:41:22.624 1512 1991 I wm_task_moved: [9,1,2147483647]
03-23 06:41:22.624 1512 1991 I wm_task_to_front: [0,9]
03-23 06:41:22.628 1512 1667 I am_meminfo: [2162921472,3657195520,12288,330977280,630239232]
03-23 06:41:22.629 1512 1991 I ActivityTaskManager: FOREGROUND_APPLICATION_CHANGED to com.android.provision.DefaultActivity
03-23 06:41:22.632 1512 1765 I commit_sys_config_file: [settings-0-0,35]
03-23 06:41:22.635 1512 1657 I commit_sys_config_file: [notification-policy,1847]
03-23 06:41:22.635 1512 1667 I am_pss : [2344,1002,com.android.bluetooth,21889024,16355328,0,123936768,2,0,6]
03-23 06:41:22.637 1512 2466 I am_proc_bound: [0,3298,com.hht.lebocast]
03-23 06:41:22.640 1512 2466 D CompatibilityChangeReporter: Compat change id reported: 168419799; UID 10085; state: DISABLED
03-23 06:41:22.642 1512 1667 I am_pss : [2742,1068,com.android.se,6612992,3878912,0,91127808,2,0,5]
01-01 13:44:07.503 0 0 I binder : 3338:3338 ioctl 40046210 7ff2285824 returned -22
03-23 06:41:22.645 1512 3294 V BackupManagerConstants: getKeyValueBackupIntervalMilliseconds(...) returns 14400000
03-23 06:41:22.646 1512 3294 V BackupManagerConstants: getKeyValueBackupFuzzMilliseconds(...) returns 600000
03-23 06:41:22.648 1512 2466 D CompatibilityChangeReporter: Compat change id reported: 181136395; UID 1000; state: DISABLED
01-01 13:44:07.509 0 0 I : Adding 4194300k swap on /dev/block/zram0. Priority:32758 extents:1 across:4194300k SS
03-23 06:41:22.649 1512 3294 V BackupManagerConstants: getKeyValueBackupRequiredNetworkType(...) returns 1
03-23 06:41:22.649 1512 3294 V BackupManagerConstants: getKeyValueBackupRequireCharging(...) returns true
03-23 06:41:22.649 1512 3294 V KeyValueBackupJob: Scheduling k/v pass in 244 minutes
03-23 06:41:22.650 1512 2466 D CompatibilityChangeReporter: Compat change id reported: 174042936; UID 1000; state: DISABLED
03-23 06:41:22.650 1512 2466 I am_uid_active: 10085
03-23 06:41:22.653 1512 1612 I am_proc_bound: [0,3300,ts.car.uart]
03-23 06:41:22.654 1512 1667 I am_pss : [2715,10079,com.qti.qualcomm.mstatssystemservice,6216704,3592192,0,89313280,2,0,5]
03-23 06:41:22.654 1512 1612 D CompatibilityChangeReporter: Compat change id reported: 168419799; UID 10056; state: DISABLED
03-23 06:41:22.657 1512 1612 I am_uid_active: 10056
03-23 06:41:22.659 1512 1841 I am_uid_running: 10091
03-23 06:41:22.661 1512 1667 I am_pss : [2668,1000,com.thundercomm.tcsetupwizard,7564288,4952064,0,90570752,2,0,5]
03-23 06:41:22.661 1512 1841 D CompatibilityChangeReporter: Compat change id reported: 135634846; UID 10091; state: DISABLED
03-23 06:41:22.662 1512 1841 D CompatibilityChangeReporter: Compat change id reported: 177438394; UID 10091; state: DISABLED
03-23 06:41:22.662 1512 1841 D CompatibilityChangeReporter: Compat change id reported: 135772972; UID 10091; state: DISABLED
03-23 06:41:22.662 1512 1841 D CompatibilityChangeReporter: Compat change id reported: 135754954; UID 10091; state: ENABLED
03-23 06:41:22.663 1512 1671 W ActivityManager: Slow operation: 116ms so far, now at startProcess: done updating battery stats
03-23 06:41:22.663 1512 1671 I am_proc_start: [0,3338,10055,.pasr,added application,.pasr]
03-23 06:41:22.663 1512 1671 W ActivityManager: Slow operation: 116ms so far, now at startProcess: building log message
03-23 06:41:22.663 1512 1671 I ActivityManager: Start proc 3338:.pasr/u0a55 for added application .pasr
03-23 06:41:22.663 1512 1671 W ActivityManager: Slow operation: 116ms so far, now at startProcess: starting to update pids map
03-23 06:41:22.664 1512 1841 I StorageUserConnection: Bound to the ExternalStorageService for user 0
03-23 06:41:22.665 1512 1671 W ActivityManager: Slow operation: 118ms so far, now at startProcess: done updating pids map
03-23 06:41:22.665 1512 1671 W ActivityManager: Slow operation: 117ms so far, now at startProcess: asking zygote to start proc
03-23 06:41:22.665 1512 1671 D CompatibilityChangeReporter: Compat change id reported: 143937733; UID 10068; state: DISABLED
03-23 06:41:22.669 1512 2433 I am_proc_bound: [0,3317,com.hryt.hiphishowfsecontrol]
03-23 06:41:22.669 1512 1667 I am_pss : [2690,1000,vendor.qti.qesdk.sysservice,6369280,3633152,0,90816512,2,0,6]
03-23 06:41:22.674 1512 1671 W ActivityManager: Slow operation: 126ms so far, now at startProcess: returned from zygote!
03-23 06:41:22.675 1512 1667 I am_pss : [2614,1000,com.tc.logclient,7176192,4628480,0,90062848,2,0,4]
03-23 06:41:22.677 1512 1658 D CompatibilityChangeReporter: Compat change id reported: 135634846; UID 1000; state: DISABLED
03-23 06:41:22.677 1512 1658 D CompatibilityChangeReporter: Compat change id reported: 177438394; UID 1000; state: DISABLED
03-23 06:41:22.677 1512 1658 D CompatibilityChangeReporter: Compat change id reported: 135772972; UID 1000; state: DISABLED
03-23 06:41:22.677 1512 1658 D CompatibilityChangeReporter: Compat change id reported: 135754954; UID 1000; state: ENABLED
03-23 06:41:22.679 1512 3353 I am_uid_running: 10078
03-23 06:41:22.679 1512 3353 D CompatibilityChangeReporter: Compat change id reported: 135634846; UID 10078; state: DISABLED
03-23 06:41:22.679 1512 3353 D CompatibilityChangeReporter: Compat change id reported: 177438394; UID 10078; state: DISABLED
03-23 06:41:22.679 1512 3353 D CompatibilityChangeReporter: Compat change id reported: 135772972; UID 10078; state: DISABLED
03-23 06:41:22.680 1512 3353 D CompatibilityChangeReporter: Compat change id reported: 135754954; UID 10078; state: ENABLED
03-23 06:41:22.680 1512 1991 I am_proc_bound: [0,3338,.pasr]
03-23 06:41:22.681 1512 1667 I am_pss : [2612,1000,com.thundercomm.tchttpserver,7844864,5308416,0,90775552,2,0,5]
03-23 06:41:22.682 1512 1991 D CompatibilityChangeReporter: Compat change id reported: 168419799; UID 10055; state: DISABLED
03-23 06:41:22.679 3390 3390 I auditd : type=1400 audit(0.0:388): avc: denied { read } for comm="ip" name="rt_tables" dev="dm-10" ino=332 scontext=u:r:ethernet:s0 tcontext=u:object_r:net_data_file:s0 tclass=file permissive=0
01-01 13:44:07.545 0 0 I binder : 3300:3300 ioctl 40046210 7ff2284714 returned -22
03-23 06:41:22.684 1512 1991 I am_uid_active: 10055
03-23 06:41:22.689 1512 1667 I am_pss : [2609,10058,.qtidataservices,6574080,3993600,0,90701824,2,0,6]
03-23 06:41:22.690 1512 1512 D CompatibilityChangeReporter: Compat change id reported: 168419799; UID 10092; state: DISABLED
03-23 06:41:22.691 3395 3395 I auditd : type=1400 audit(0.0:389): avc: denied { read } for comm="ip" name="rt_tables" dev="dm-10" ino=332 scontext=u:r:ethernet:s0 tcontext=u:object_r:net_data_file:s0 tclass=file permissive=0
01-01 13:44:07.550 0 0 I binder : 3389:3389 ioctl 40046210 7ff2285824 returned -22
03-23 06:41:22.696 1512 2436 D CompatibilityChangeReporter: Compat change id reported: 168419799; UID 10071; state: DISABLED
03-23 06:41:22.697 1512 1667 I am_pss : [2600,1001,.dataservices,7508992,4866048,0,91693056,2,0,6]
03-23 06:41:22.702 1512 1671 W ActivityManager: Slow operation: 154ms so far, now at startProcess: done updating battery stats
03-23 06:41:22.702 1512 1671 I am_proc_start: [0,3389,10068,com.qualcomm.qti.services.systemhelper:systemhelper_service,added application,com.qualcomm.qti.services.systemhelper:systemhelper_service]
03-23 06:41:22.702 1512 1671 W ActivityManager: Slow operation: 154ms so far, now at startProcess: building log message
03-23 06:41:22.702 1512 1671 I ActivityManager: Start proc 3389:com.qualcomm.qti.services.systemhelper:systemhelper_service/u0a68 for added application com.qualcomm.qti.services.systemhelper:systemhelper_service
03-23 06:41:22.702 1512 1671 W ActivityManager: Slow operation: 154ms so far, now at startProcess: starting to update pids map
03-23 06:41:22.702 1512 1671 W ActivityManager: Slow operation: 154ms so far, now at startProcess: done updating pids map
03-23 06:41:22.702 1512 1671 W ActivityManager: Slow operation: 153ms so far, now at startProcess: asking zygote to start proc
03-23 06:41:22.702 1512 1671 D CompatibilityChangeReporter: Compat change id reported: 143937733; UID 10080; state: ENABLED
03-23 06:41:22.703 1512 1658 I sysui_multi_action: [757,803,799,window_time_0,802,1]
03-23 06:41:22.706 1512 1667 I am_pss : [2593,1000,com.thundercomm.microsettings,27383808,21680128,0,117219328,2,0,7]
03-23 06:41:22.712 1512 1667 I am_pss : [2584,1000,com.thundercomm.microservice,9473024,6852608,0,94420992,2,0,5]
03-23 06:41:22.712 1512 1671 W ActivityManager: Slow operation: 163ms so far, now at startProcess: returned from zygote!
03-23 06:41:22.718 1512 1667 I am_pss : [2562,1000,com.thundercomm.gamemode,9525248,6942720,0,94228480,2,0,6]
03-23 06:41:22.720 1512 2433 I am_proc_bound: [0,3389,com.qualcomm.qti.services.systemhelper:systemhelper_service]
01-01 13:44:07.589 0 0 I binder : 3418:3418 ioctl 40046210 7ff2285824 returned -22
03-23 06:41:22.721 1512 2433 D CompatibilityChangeReporter: Compat change id reported: 168419799; UID 10068; state: DISABLED
03-23 06:41:22.723 1512 2433 I am_uid_active: 10068
03-23 06:41:22.724 1512 1667 I am_pss : [2514,1073,com.android.networkstack.process,11551744,7839744,0,103350272,2,0,5]
03-23 06:41:22.726 1512 1671 W ActivityManager: Slow operation: 177ms so far, now at startProcess: done updating battery stats
03-23 06:41:22.726 1512 1671 I am_proc_start: [0,3418,10080,com.qualcomm.qti.qccnetstat,added application,com.qualcomm.qti.qccnetstat]
03-23 06:41:22.726 1512 1671 W ActivityManager: Slow operation: 177ms so far, now at startProcess: building log message
03-23 06:41:22.726 1512 1671 I ActivityManager: Start proc 3418:com.qualcomm.qti.qccnetstat/u0a80 for added application com.qualcomm.qti.qccnetstat
03-23 06:41:22.726 1512 1671 W ActivityManager: Slow operation: 177ms so far, now at startProcess: starting to update pids map
03-23 06:41:22.726 1512 1671 W ActivityManager: Slow operation: 177ms so far, now at startProcess: done updating pids map
03-23 06:41:22.726 1512 1671 W ActivityManager: Slow operation: 176ms so far, now at startProcess: asking zygote to start proc
03-23 06:41:22.726 1512 1671 D CompatibilityChangeReporter: Compat change id reported: 143937733; UID 10081; state: ENABLED
03-23 06:41:22.732 1512 1671 W ActivityManager: Slow operation: 182ms so far, now at startProcess: returned from zygote!
03-23 06:41:22.733 1512 1671 W ActivityManager: Slow operation: 183ms so far, now at startProcess: done updating battery stats
03-23 06:41:22.733 1512 1671 I am_proc_start: [0,3438,10081,com.qualcomm.qti.workloadclassifier,added application,com.qualcomm.qti.workloadclassifier]
03-23 06:41:22.733 1512 1671 W ActivityManager: Slow operation: 183ms so far, now at startProcess: building log message
03-23 06:41:22.733 1512 1671 I ActivityManager: Start proc 3438:com.qualcomm.qti.workloadclassifier/u0a81 for added application com.qualcomm.qti.workloadclassifier
03-23 06:41:22.733 1512 1671 W ActivityManager: Slow operation: 183ms so far, now at startProcess: starting to update pids map
03-23 06:41:22.733 1512 1671 W ActivityManager: Slow operation: 183ms so far, now at startProcess: done updating pids map
03-23 06:41:22.733 1512 1671 W ActivityManager: Slow operation: 156ms so far, now at startProcess: asking zygote to start proc
03-23 06:41:22.733 1512 1671 D CompatibilityChangeReporter: Compat change id reported: 143937733; UID 10024; state: ENABLED
03-23 06:41:22.733 1512 1667 I am_pss : [2364,10090,com.android.permissioncontroller,17136640,14000128,0,105644032,2,6,5]
03-23 06:41:22.733 1512 2316 I BackupManagerService: isBackupEnabled() => false due to absent settings file
03-23 06:41:22.733 1512 2316 D BackupManagerService: user:0 readBackupEnableState enabled:false
03-23 06:41:22.733 1512 2316 I BackupManagerService: [UserID:0] Backup enabled => false
03-23 06:41:22.734 1512 1512 W Looper : Slow dispatch took 160ms main h=android.app.ActivityThread$H c=android.app.LoadedApk$ReceiverDispatcher$Args$$ExternalSyntheticLambda0@83aa9 m=0
03-23 06:41:22.735 1512 1765 I commit_sys_config_file: [settings-2-0,8]
03-23 06:41:22.736 1512 1991 D CompatibilityChangeReporter: Compat change id reported: 157233955; UID 10072; state: DISABLED
03-23 06:41:22.736 1512 3353 D CompatibilityChangeReporter: Compat change id reported: 73144566; UID 1000; state: ENABLED
03-23 06:41:22.737 1512 3353 D CompatibilityChangeReporter: Compat change id reported: 73144566; UID 1000; state: DISABLED
03-23 06:41:22.741 1512 1670 I am_wtf : [0,1512,system_server,-1,ActivityManager,Sending non-protected broadcast android.location.HIGH_POWER_REQUEST_CHANGE from system 3087:com.qualcomm.location/u0a72 pkg com.qualcomm.location]
03-23 06:41:22.741 1512 2433 I am_proc_bound: [0,3418,com.qualcomm.qti.qccnetstat]
03-23 06:41:22.742 1512 1670 I DropBoxManagerService: add tag=system_server_wtf isTagEnabled=true flags=0x2
03-23 06:41:22.743 1512 2433 D CompatibilityChangeReporter: Compat change id reported: 168419799; UID 10080; state: DISABLED
03-23 06:41:22.745 1512 2433 I am_uid_active: 10080
03-23 06:41:22.746 1512 1667 I am_pss : [2361,10077,com.android.systemui,212581376,190783488,0,347635712,2,0,12]
03-23 06:41:22.749 1512 1671 W ActivityManager: Slow operation: 172ms so far, now at startProcess: returned from zygote!
03-23 06:41:22.749 1512 1671 W ActivityManager: Slow operation: 172ms so far, now at startProcess: done updating battery stats
03-23 06:41:22.749 1512 1671 I am_proc_start: [0,3444,10024,android.process.media,broadcast,{com.android.mtp/com.android.mtp.MtpReceiver}]
03-23 06:41:22.749 1512 1671 W ActivityManager: Slow operation: 172ms so far, now at startProcess: building log message
03-23 06:41:22.749 1512 1671 I ActivityManager: Start proc 3444:android.process.media/u0a24 for broadcast {com.android.mtp/com.android.mtp.MtpReceiver}
03-23 06:41:22.749 1512 1671 W ActivityManager: Slow operation: 172ms so far, now at startProcess: starting to update pids map
03-23 06:41:22.749 1512 1671 W ActivityManager: Slow operation: 172ms so far, now at startProcess: done updating pids map
03-23 06:41:22.750 1512 1671 W ActivityManager: Slow operation: 169ms so far, now at startProcess: asking zygote to start proc
03-23 06:41:22.750 1512 1671 D CompatibilityChangeReporter: Compat change id reported: 143937733; UID 10025; state: ENABLED
03-23 06:41:22.756 1512 1671 W ActivityManager: Slow operation: 176ms so far, now at startProcess: returned from zygote!
03-23 06:41:22.757 1512 1671 W ActivityManager: Slow operation: 177ms so far, now at startProcess: done updating battery stats
03-23 06:41:22.757 1512 1671 I am_proc_start: [0,3450,10025,com.android.documentsui,broadcast,{com.android.documentsui/com.android.documentsui.PreBootReceiver}]
03-23 06:41:22.757 1512 1671 W ActivityManager: Slow operation: 177ms so far, now at startProcess: building log message
03-23 06:41:22.757 1512 1671 I ActivityManager: Start proc 3450:com.android.documentsui/u0a25 for broadcast {com.android.documentsui/com.android.documentsui.PreBootReceiver}
03-23 06:41:22.757 1512 1671 W ActivityManager: Slow operation: 177ms so far, now at startProcess: starting to update pids map
03-23 06:41:22.758 1512 1671 W ActivityManager: Slow operation: 178ms so far, now at startProcess: done updating pids map
03-23 06:41:22.758 1512 1671 W ActivityManager: Slow operation: 97ms so far, now at startProcess: asking zygote to start proc
03-23 06:41:22.758 1512 1671 D CompatibilityChangeReporter: Compat change id reported: 143937733; UID 10091; state: ENABLED
01-01 13:44:07.625 0 0 I binder : 3438:3438 ioctl 40046210 7ff2285824 returned -22
03-23 06:41:22.765 1512 1667 I am_pss : [1512,1000,system,208266240,112353280,0,512184320,2,0,18]
03-23 06:41:22.768 1512 1671 W ActivityManager: Slow operation: 107ms so far, now at startProcess: returned from zygote!
03-23 06:41:22.768 1512 1671 W ActivityManager: Slow operation: 107ms so far, now at startProcess: done updating battery stats
03-23 06:41:22.768 1512 1671 I am_proc_start: [0,3466,10091,com.android.providers.media.module,service,{com.android.providers.media.module/com.android.providers.media.fuse.ExternalStorageServiceImpl}]
03-23 06:41:22.768 1512 1671 I Watchdog: Interesting Java process com.android.providers.media.module started. Pid 3466
03-23 06:41:22.768 1512 1671 W ActivityManager: Slow operation: 107ms so far, now at startProcess: building log message
03-23 06:41:22.768 1512 1671 I ActivityManager: Start proc 3466:com.android.providers.media.module/u0a91 for service {com.android.providers.media.module/com.android.providers.media.fuse.ExternalStorageServiceImpl}
03-23 06:41:22.768 1512 1671 W ActivityManager: Slow operation: 107ms so far, now at startProcess: starting to update pids map
03-23 06:41:22.768 1512 1671 W ActivityManager: Slow operation: 107ms so far, now at startProcess: done updating pids map
03-23 06:41:22.768 1512 1671 W ActivityManager: Slow operation: 92ms so far, now at startProcess: asking zygote to start proc
03-23 06:41:22.771 1512 1667 I UsageStatsService: Starting migration to system CE for user 0
03-23 06:41:22.772 1512 1667 I UsageStatsService: Finished migration to system CE for user 0
03-23 06:41:22.773 1512 2412 I am_proc_bound: [0,3438,com.qualcomm.qti.workloadclassifier]
03-23 06:41:22.774 1512 2412 D CompatibilityChangeReporter: Compat change id reported: 168419799; UID 10081; state: DISABLED
01-01 13:44:07.639 0 0 I binder : 3444:3444 ioctl 40046210 7ff2285824 returned -22
01-01 13:44:07.642 0 0 I binder : 3450:3450 ioctl 40046210 7ff2285824 returned -22
03-23 06:41:22.775 1512 1512 W Looper : Slow delivery took 203ms main h=com.android.providers.settings.SettingsProvider$SettingsRegistry$MyHandler c=null m=2
03-23 06:41:22.775 1512 2412 I am_uid_active: 10081
03-23 06:41:22.775 1512 1667 I UsageStatsDatabase: Upgrading from version 0 to 5
03-23 06:41:22.776 1512 1667 I UsageStatsDatabase: Deleting all usage stats files
03-23 06:41:22.776 1512 3294 V BackupManagerConstants: getKeyValueBackupIntervalMilliseconds(...) returns 14400000
03-23 06:41:22.776 1512 3294 V BackupManagerConstants: getKeyValueBackupFuzzMilliseconds(...) returns 600000
03-23 06:41:22.776 1512 3294 V BackupManagerConstants: getKeyValueBackupRequiredNetworkType(...) returns 1
03-23 06:41:22.776 1512 3294 V BackupManagerConstants: getKeyValueBackupRequireCharging(...) returns true
03-23 06:41:22.776 1512 3294 V KeyValueBackupJob: Scheduling k/v pass in 244 minutes
03-23 06:41:22.776 1512 2341 I SyncManager: Loaded persisted syncs: 0 periodic syncs, 0 oneshot syncs, 12 total system server jobs, JobStats: FirstLoad: 0/0/0 LastSave: -1/-1/-1
03-23 06:41:22.776 1512 1512 I notification_enqueue: [1000,1512,android,13,PreBootBroadcaster,0,Notification(channel=UPDATES shortcut=null contentView=null vibrate=null sound=null tick defaults=0x0 flags=0x2 color=0x00000000 vis=PUBLIC),0]
03-23 06:41:22.778 1512 1667 I UsageStatsService: User[0] Rollover scheduled @ 2023-03-24 06:41:22(1679611282772)
03-23 06:41:22.778 1512 1667 D AppStandbyController: Initializing defaults for system apps on user 0, appIdleEnabled=false
03-23 06:41:22.780 1512 2433 I am_proc_bound: [0,3444,android.process.media]
03-23 06:41:22.781 1512 2433 D CompatibilityChangeReporter: Compat change id reported: 168419799; UID 10024; state: DISABLED
03-23 06:41:22.784 1512 1671 W ActivityManager: Slow operation: 108ms so far, now at startProcess: returned from zygote!
03-23 06:41:22.784 1512 1671 W ActivityManager: Slow operation: 108ms so far, now at startProcess: done updating battery stats
03-23 06:41:22.784 1512 1671 I am_proc_start: [0,3495,1000,com.android.provision,top-activity,{com.android.provision/com.android.provision.DefaultActivity}]
03-23 06:41:22.784 1512 1671 W ActivityManager: Slow operation: 108ms so far, now at startProcess: building log message
03-23 06:41:22.784 1512 1671 I ActivityManager: Start proc 3495:com.android.provision/1000 for top-activity {com.android.provision/com.android.provision.DefaultActivity}
03-23 06:41:22.784 1512 1671 W ActivityManager: Slow operation: 108ms so far, now at startProcess: starting to update pids map
03-23 06:41:22.784 1512 1671 W ActivityManager: Slow operation: 108ms so far, now at startProcess: done updating pids map
03-23 06:41:22.784 1512 1671 W ActivityManager: Slow operation: 105ms so far, now at startProcess: asking zygote to start proc
03-23 06:41:22.784 1512 1671 D CompatibilityChangeReporter: Compat change id reported: 143937733; UID 10078; state: ENABLED
03-23 06:41:22.787 1512 1512 V NotificationAssistants: 0 notification assistant service connected: ComponentInfo{android.ext.services/android.ext.services.notification.Assistant}
03-23 06:41:22.788 1512 1512 I sysui_multi_action: [757,1501,758,1,793,267,794,0,795,267,796,32,806,android,857,USB,858,1,947,0,1500,0]
03-23 06:41:22.788 1512 1512 I sysui_multi_action: [757,804,799,note_interruptive,801,0,802,1]
03-23 06:41:22.788 1512 1512 I GameModeConfig: isGameModeOn = false
03-23 06:41:22.788 1512 1512 W NotificationHistory: Attempted to add notif for locked/gone/disabled user 0
03-23 06:41:22.789 1512 1512 I sysui_multi_action: [757,1501,758,1,793,210,794,0,795,210,796,13,797,PreBootBroadcaster,806,android,857,UPDATES,858,2,947,0,1500,0]
03-23 06:41:22.789 1512 1512 I sysui_multi_action: [757,804,799,note_interruptive,801,0,802,1]
03-23 06:41:22.789 1512 1512 I GameModeConfig: isGameModeOn = false
03-23 06:41:22.790 1512 1667 I UsageStatsService: Time changed in by 1679504235 seconds
03-23 06:41:22.790 1512 1512 W NotificationHistory: Attempted to add notif for locked/gone/disabled user 0
03-23 06:41:22.791 818 818 I auditd : type=1400 audit(0.0:390): avc: denied { read write } for comm="bluetooth@1.0-s" name="diag" dev="tmpfs" ino=11411 scontext=u:r:hal_bluetooth_default:s0 tcontext=u:object_r:vendor_diag_device:s0 tclass=chr_file permissive=0
01-01 13:44:07.656 0 0 E bt_ioctl: BT_CMD_PWR_CTRL pwr_cntrl:2
01-01 13:44:07.656 0 0 E bt_vreg_unvote: vreg_unvote successful for : qca,bt-vdd-rfa2
01-01 13:44:07.656 0 0 E bt_vreg_unvote: vreg_unvote successful for : qca,bt-vdd-rfa1
01-01 13:44:07.656 0 0 I qcom_rpmh DRV: apps_rsc TCS Busy, retrying RPMH message send: addr=0x43200
01-01 13:44:07.656 0 0 I qcom_rpmh DRV: apps_rsc TCS Busy, retrying RPMH message send: addr=0x43200
01-01 13:44:07.656 0 0 I qcom_rpmh DRV: apps_rsc TCS Busy, retrying RPMH message send: addr=0x43200
01-01 13:44:07.656 0 0 E bt_vreg_unvote: vreg_unvote successful for : qca,bt-vdd-dig
01-01 13:44:07.656 0 0 E bt_vreg_unvote: vreg_unvote successful for : qca,bt-vdd-aon
01-01 13:44:07.658 0 0 I binder : 3466:3466 ioctl 40046210 7ff2285824 returned -22
03-23 06:41:22.792 1512 1512 W Looper : Drained
03-23 06:41:22.793 1512 1612 I am_proc_bound: [0,3450,com.android.documentsui]
03-23 06:41:22.795 1512 1612 D CompatibilityChangeReporter: Compat change id reported: 168419799; UID 10025; state: DISABLED
03-23 06:41:22.798 1512 1612 I am_uid_active: 10025
03-23 06:41:22.802 1512 2433 I am_proc_bound: [0,3466,com.android.providers.media.module]
03-23 06:41:22.802 1512 2433 D CompatibilityChangeReporter: Compat change id reported: 168419799; UID 10091; state: DISABLED
03-23 06:41:22.803 1512 2433 I am_uid_active: 10091
03-23 06:41:22.806 1512 1671 W ActivityManager: Slow operation: 127ms so far, now at startProcess: returned from zygote!
03-23 06:41:22.806 1512 1671 W ActivityManager: Slow operation: 127ms so far, now at startProcess: done updating battery stats
03-23 06:41:22.806 1512 1671 I am_proc_start: [0,3523,10078,com.qualcomm.location.XT,service,{com.qualcomm.location.XT/com.qualcomm.location.XT.XTSrv}]
03-23 06:41:22.806 1512 1671 W ActivityManager: Slow operation: 127ms so far, now at startProcess: building log message
03-23 06:41:22.806 1512 1671 I ActivityManager: Start proc 3523:com.qualcomm.location.XT/u0a78 for service {com.qualcomm.location.XT/com.qualcomm.location.XT.XTSrv}
03-23 06:41:22.806 1512 1671 W ActivityManager: Slow operation: 127ms so far, now at startProcess: starting to update pids map
03-23 06:41:22.806 1512 1671 W ActivityManager: Slow operation: 127ms so far, now at startProcess: done updating pids map
03-23 06:41:22.806 1512 1671 W ActivityManager: Slow operation: 114ms so far, now at startProcess: asking zygote to start proc
03-23 06:41:22.806 1512 2433 I am_proc_bound: [0,3495,com.android.provision]
01-01 13:44:07.664 0 0 I binder : 3495:3495 ioctl 40046210 7ff2285824 returned -22
03-23 06:41:22.812 1512 2433 D CompatibilityChangeReporter: Compat change id reported: 174042980; UID 1000; state: DISABLED
03-23 06:41:22.812 1512 2433 I wm_restart_activity: [0,95816675,9,com.android.provision/.DefaultActivity]
03-23 06:41:22.815 1512 2433 I wm_set_resumed_activity: [0,com.android.provision/.DefaultActivity,minimalResumeActivityLocked]
01-01 13:44:07.692 0 0 I binder : 3528:3528 ioctl 40046210 7ff2285824 returned -22
01-01 13:44:07.692 0 0 W QSEECOM : __qseecom_unload_app: App (9) is unloaded
01-01 13:44:07.693 0 0 D qbt : qbt_release: entry minor_no=0 fd_available=0
01-01 13:44:07.693 0 0 D qbt : qbt_release: Releasing wakelock
01-01 13:44:07.693 0 0 D qbt : qbt_release: exit : fd_available=1
01-01 13:44:07.693 0 0 D qbt : qbt_release: entry minor_no=1 fd_available=1
01-01 13:44:07.693 0 0 D qbt : qbt_release: exit : fd_available=1
03-23 06:41:22.826 1512 1671 W ActivityManager: Slow operation: 134ms so far, now at startProcess: returned from zygote!
03-23 06:41:22.833 1512 1512 D Fingerprint21: handleError, client: FingerprintInternalCleanupClient, error: 2, vendorCode: 0
03-23 06:41:22.833 1512 1512 E Fingerprint21: onError for non-error consumer: FingerprintInternalCleanupClient
03-23 06:41:22.835 1512 1671 W ActivityManager: Slow operation: 143ms so far, now at startProcess: done updating battery stats
03-23 06:41:22.835 1512 1671 I am_proc_start: [0,3528,1000,com.android.keychain,service,{com.android.keychain/com.android.keychain.KeyChainService}]
03-23 06:41:22.835 1512 1671 W ActivityManager: Slow operation: 143ms so far, now at startProcess: building log message
03-23 06:41:22.835 1512 1671 I ActivityManager: Start proc 3528:com.android.keychain/1000 for service {com.android.keychain/com.android.keychain.KeyChainService}
03-23 06:41:22.836 1512 1671 W ActivityManager: Slow operation: 143ms so far, now at startProcess: starting to update pids map
03-23 06:41:22.836 1512 1671 W ActivityManager: Slow operation: 144ms so far, now at startProcess: done updating pids map
03-23 06:41:22.836 1512 2433 I am_proc_bound: [0,3528,com.android.keychain]
03-23 06:41:22.838 1512 2433 D CompatibilityChangeReporter: Compat change id reported: 168419799; UID 1000; state: DISABLED
01-01 13:44:07.704 0 0 I binder : 3523:3523 ioctl 40046210 7ff2285824 returned -22
03-23 06:41:22.850 1512 1611 I am_proc_bound: [0,3523,com.qualcomm.location.XT]
03-23 06:41:22.852 1512 1611 D CompatibilityChangeReporter: Compat change id reported: 168419799; UID 10078; state: DISABLED
03-23 06:41:22.855 1512 1611 I am_uid_active: 10078
03-23 06:41:22.867 1512 1667 I UsageStatsService: User[0] Flushing usage stats to disk
03-23 06:41:22.869 1512 2433 I sysui_multi_action: [757,856,758,1,806,com.android.providers.media.module,857,native_transcode_alert_channel,858,4]
03-23 06:41:22.869 1512 2433 I sysui_multi_action: [757,856,758,1,806,com.android.providers.media.module,857,native_transcode_progress_channel,858,2]
03-23 06:41:22.888 1512 2433 I sysui_multi_action: [757,856,758,1,806,com.android.mtp,857,device_notification_channel,858,2]
03-23 06:41:22.897 1512 1612 I thunderperf: PlatormCompat.setOverrides: Uid1=1000 Pid1=3495 Uid2=1000 Pid2=3495
03-23 06:41:22.897 1512 1612 I thunderperf: PlatormCompat.setOverrides: needCheck:false
03-23 06:41:22.898 1512 1612 I thunderperf: CompatConfig.addOverrideUnsafe: bef-state=0
03-23 06:41:22.898 1512 1612 I thunderperf: CompatConfig.addOverrideUnsafe: aft-state=0
03-23 06:41:22.900 1512 1612 I thunderperf: CompatConfig.addOverrideUnsafe: bef-state=0
03-23 06:41:22.900 1512 1612 I thunderperf: CompatConfig.addOverrideUnsafe: aft-state=0
03-23 06:41:22.901 1512 1612 I thunderperf: CompatConfig.addOverrideUnsafe: bef-state=0
03-23 06:41:22.901 1512 1612 I thunderperf: CompatConfig.addOverrideUnsafe: aft-state=0
03-23 06:41:22.903 1512 1612 I thunderperf: CompatConfig.addOverrideUnsafe: bef-state=0
03-23 06:41:22.903 1512 1612 I thunderperf: CompatConfig.addOverrideUnsafe: aft-state=0
01-01 13:44:07.772 0 0 I binder : 3523:3587 ioctl 40046210 7019910944 returned -22
03-23 06:41:22.907 1512 1612 I thunderperf: CompatConfig.addOverrideUnsafe: bef-state=0
03-23 06:41:22.908 1512 1612 I thunderperf: CompatConfig.addOverrideUnsafe: aft-state=0
03-23 06:41:22.911 1512 1612 I thunderperf: CompatConfig.addOverrideUnsafe: bef-state=0
03-23 06:41:22.911 1512 1612 I thunderperf: CompatConfig.addOverrideUnsafe: aft-state=0
03-23 06:41:22.911 1512 1612 I thunderperf: CompatConfig.addOverrideUnsafe: bef-state=0
03-23 06:41:22.911 1512 1612 I thunderperf: CompatConfig.addOverrideUnsafe: aft-state=0
03-23 06:41:22.912 1512 1612 I thunderperf: CompatConfig.addOverrideUnsafe: bef-state=0
03-23 06:41:22.912 1512 1612 I thunderperf: CompatConfig.addOverrideUnsafe: aft-state=0
03-23 06:41:22.912 1512 1612 I thunderperf: CompatConfig.addOverrideUnsafe: bef-state=0
03-23 06:41:22.912 1512 1612 I thunderperf: CompatConfig.addOverrideUnsafe: aft-state=0
03-23 06:41:22.912 1512 1612 I thunderperf: CompatConfig.addOverrideUnsafe: bef-state=0
03-23 06:41:22.912 1512 1612 I thunderperf: CompatConfig.addOverrideUnsafe: aft-state=0
03-23 06:41:22.913 1512 1512 D BluetoothManagerService: Bluetooth Adapter address changed to F0:74:E4:41:13:64
03-23 06:41:22.913 1512 1512 D BluetoothManagerService: Stored Bluetoothaddress: F0:74:E4:41:13:64
03-23 06:41:22.914 1512 1512 D BluetoothManagerService: Bluetooth Adapter name changed to 高合娱乐副屏 by android
03-23 06:41:22.914 1512 1512 D BluetoothManagerService: Stored Bluetooth name: 高合娱乐副屏
03-23 06:41:22.916 1512 3328 I StorageUserConnection: Service: [ComponentInfo{com.android.providers.media.module/com.android.providers.media.fuse.ExternalStorageServiceImpl}] connected. User [0]
03-23 06:41:22.917 1512 1512 D BluetoothManagerService: Bluetooth Adapter address changed to F0:74:E4:41:13:64
03-23 06:41:22.917 1512 1512 D BluetoothManagerService: Stored Bluetoothaddress: F0:74:E4:41:13:64
03-23 06:41:22.918 1512 1612 I thunderperf: CompatConfig.addOverrideUnsafe: bef-state=0
03-23 06:41:22.918 1512 1612 I thunderperf: CompatConfig.addOverrideUnsafe: aft-state=0
03-23 06:41:22.920 1512 1612 I thunderperf: CompatConfig.addOverrideUnsafe: bef-state=0
03-23 06:41:22.920 1512 1612 I thunderperf: CompatConfig.addOverrideUnsafe: aft-state=0
03-23 06:41:22.921 1512 1657 D BluetoothManagerService: MESSAGE_BLUETOOTH_STATE_CHANGE: BLE_TURNING_ON > BLE_ON
03-23 06:41:22.921 1512 1657 D BluetoothManagerService: Bluetooth is in LE only mode
03-23 06:41:22.921 1512 1657 D BluetoothManagerService: Binding Bluetooth GATT service
03-23 06:41:22.921 1512 1612 I thunderperf: CompatConfig.addOverrideUnsafe: bef-state=0
03-23 06:41:22.921 1512 1612 I thunderperf: CompatConfig.addOverrideUnsafe: aft-state=0
03-23 06:41:22.922 1512 1612 I thunderperf: CompatConfig.addOverrideUnsafe: bef-state=0
03-23 06:41:22.922 1512 1612 I thunderperf: CompatConfig.addOverrideUnsafe: aft-state=0
03-23 06:41:22.923 1512 1657 D BluetoothManagerService: Sending BLE State Change: BLE_TURNING_ON > BLE_ON
03-23 06:41:22.925 1512 1512 D BluetoothManagerService: BluetoothServiceConnection: com.android.bluetooth.gatt.GattService
03-23 06:41:22.925 1512 1512 D CompanionDeviceManagerService: Received BT state transition broadcast: BLE_TURNING_ON -> BLE_ON
03-23 06:41:22.926 1512 1657 D BluetoothManagerService: MESSAGE_BLUETOOTH_SERVICE_CONNECTED: 2
03-23 06:41:22.926 1512 1657 D BluetoothManagerService: continueFromBleOnState()
03-23 06:41:22.927 1512 1512 I CompanionDeviceManagerService: startBleScan()
03-23 06:41:22.930 1512 1657 D BluetoothManagerService: Persisting Bluetooth Setting: 1
03-23 06:41:22.932 1512 1657 D BluetoothManagerService: MESSAGE_BLUETOOTH_STATE_CHANGE: BLE_ON > TURNING_ON
03-23 06:41:22.932 1512 1657 D BluetoothManagerService: Sending BLE State Change: BLE_ON > TURNING_ON
03-23 06:41:22.932 1512 1512 D CompanionDeviceManagerService: Received BT state transition broadcast: BLE_ON -> TURNING_ON
03-23 06:41:22.933 1512 1657 D BluetoothManagerService: Sending State Change: OFF > TURNING_ON
03-23 06:41:22.959 1512 1612 I ActivityTaskManager: START u0 {cmp=com.thundercomm.tcsetupwizard/.TcSetupStartActivity} from uid 1000
03-23 06:41:22.962 1512 1612 D CompatibilityChangeReporter: Compat change id reported: 174042980; UID 1000; state: DISABLED
03-23 06:41:22.963 1512 1612 I wm_task_moved: [1,1,5]
03-23 06:41:22.963 1512 1612 I wm_set_resumed_activity: [0,com.android.provision/.DefaultActivity,positionChildAt]
03-23 06:41:22.963 1512 1612 I wm_task_moved: [9,1,2147483647]
03-23 06:41:22.964 1512 1612 I wm_create_activity: [0,103443260,9,com.thundercomm.tcsetupwizard/.TcSetupStartActivity,NULL,NULL,NULL,0]
03-23 06:41:22.965 1512 1612 D CompatibilityChangeReporter: Compat change id reported: 168419799; UID 1000; state: DISABLED
03-23 06:41:22.966 1512 1612 I wm_pause_activity: [0,95816675,com.android.provision/.DefaultActivity,userLeaving=true,resumeTopActivityInnerLocked]
03-23 06:41:22.968 3495 3495 I wm_on_create_called: [95816675,com.android.provision.DefaultActivity,performCreate]
03-23 06:41:22.971 3611 3611 I auditd : type=1400 audit(0.0:391): avc: denied { read } for comm="ip" name="rt_tables" dev="dm-10" ino=332 scontext=u:r:ethernet:s0 tcontext=u:object_r:net_data_file:s0 tclass=file permissive=0
03-23 06:41:22.983 1512 1611 D TelephonyRegistry: listen oscl: mHasNotifySubscriptionInfoChangedOccurred==false no callback
03-23 06:41:22.983 3495 3495 I wm_on_start_called: [95816675,com.android.provision.DefaultActivity,handleStartActivity]
03-23 06:41:22.985 3495 3495 I wm_on_resume_called: [95816675,com.android.provision.DefaultActivity,RESUME_ACTIVITY]
03-23 06:41:22.991 3495 3495 I wm_on_top_resumed_gained_called: [95816675,com.android.provision.DefaultActivity,topStateChangedWhenResumed]
03-23 06:41:22.992 3495 3495 I wm_on_top_resumed_lost_called: [95816675,com.android.provision.DefaultActivity,topStateChangedWhenResumed]
03-23 06:41:22.992 3495 3495 I wm_on_paused_called: [95816675,com.android.provision.DefaultActivity,performPause]
03-23 06:41:22.992 1512 3353 I ActivityTaskManager: FOREGROUND_APPLICATION_CHANGED to com.thundercomm.tcsetupwizard.TcSetupStartActivity
03-23 06:41:22.992 1512 3353 I ActivityTaskManager: The Process com.thundercomm.tcsetupwizard Already Exists in BG. So sending its PID: 2668
03-23 06:41:22.993 1512 3353 I wm_add_to_stopping: [0,95816675,com.android.provision/.DefaultActivity,makeInvisible]
03-23 06:41:22.993 1512 3353 D CompatibilityChangeReporter: Compat change id reported: 181136395; UID 1000; state: DISABLED
03-23 06:41:22.994 1512 3353 D CompatibilityChangeReporter: Compat change id reported: 174042936; UID 1000; state: DISABLED
03-23 06:41:22.995 1512 3353 I wm_restart_activity: [0,103443260,9,com.thundercomm.tcsetupwizard/.TcSetupStartActivity]
03-23 06:41:22.996 1512 1991 I sysui_multi_action: [757,856,758,1,806,com.android.bluetooth,857,avrcp_notification,858,3]
03-23 06:41:22.997 1512 3353 I wm_set_resumed_activity: [0,com.thundercomm.tcsetupwizard/.TcSetupStartActivity,minimalResumeActivityLocked]
03-23 06:41:22.999 3621 3621 I auditd : type=1400 audit(0.0:392): avc: denied { read } for comm="ip" name="rt_tables" dev="dm-10" ino=332 scontext=u:r:ethernet:s0 tcontext=u:object_r:net_data_file:s0 tclass=file permissive=0
03-23 06:41:23.002 1512 1658 I wm_stop_activity: [0,95816675,com.android.provision/.DefaultActivity]
03-23 06:41:23.002 1512 1658 I wm_destroy_activity: [0,60303166,8,com.android.settings/.FallbackHome,finish-idle]
03-23 06:41:23.003 1512 1658 I sysui_multi_action: [757,803,799,window_time_0,802,1]
03-23 06:41:23.003 2959 2959 I wm_on_stop_called: [60303166,com.android.settings.FallbackHome,LIFECYCLER_STOP_ACTIVITY]
03-23 06:41:23.006 1512 3353 D CompatibilityChangeReporter: Compat change id reported: 168419799; UID 10024; state: DISABLED
03-23 06:41:23.010 2959 2959 I wm_on_destroy_called: [60303166,com.android.settings.FallbackHome,performDestroy]
03-23 06:41:23.021 2344 2344 I liblog : 48
03-23 06:41:23.021 2344 3644 I liblog : 6
03-23 06:41:23.021 2344 3644 I liblog : 8
03-23 06:41:23.021 2344 2344 I liblog : 6
03-23 06:41:23.021 2344 2344 I liblog : 2
03-23 06:41:23.021 2344 2344 I liblog : 1
03-23 06:41:23.021 2344 2344 I liblog : 1
03-23 06:41:23.021 2344 2344 I liblog : 1
