03-23 06:41:23.734 1512 2412 I MicroServiceManager: requestResult(requestAudioFocus) parameters is{"functionInfo":{"IDCM_AudioFocus":"AudioFocus_Media"}}.
03-23 06:41:23.738 1512 1765 I commit_sys_config_file: [settings-2-0,13]
03-23 06:41:23.739 1512 1671 I am_proc_start: [0,3936,1000,com.android.dynsystem:dynsystem,service,{com.android.dynsystem/com.android.dynsystem.DynamicSystemInstallationService}]
03-23 06:41:23.739 1512 1671 I ActivityManager: Start proc 3936:com.android.dynsystem:dynsystem/1000 for service {com.android.dynsystem/com.android.dynsystem.DynamicSystemInstallationService}
03-23 06:41:23.739 1512 1671 D CompatibilityChangeReporter: Compat change id reported: 143937733; UID 10064; state: DISABLED
03-23 06:41:23.747 1512 1671 I am_proc_start: [0,3938,10064,com.android.gallery3d,broadcast,{com.android.gallery3d/com.android.camera.DisableCameraReceiver}]
03-23 06:41:23.748 1512 1671 I ActivityManager: Start proc 3938:com.android.gallery3d/u0a64 for broadcast {com.android.gallery3d/com.android.camera.DisableCameraReceiver}
03-23 06:41:23.753 1512 1657 I commit_sys_config_file: [notification-policy,2965]
01-01 13:44:08.617 0 0 I binder : 3936:3936 ioctl 40046210 7ff2285824 returned -22
03-23 06:41:23.762 1512 2436 I am_proc_bound: [0,3936,com.android.dynsystem:dynsystem]
01-01 13:44:08.626 0 0 I binder : 3938:3938 ioctl 40046210 7ff2285824 returned -22
03-23 06:41:23.767 1512 2436 I am_proc_bound: [0,3938,com.android.gallery3d]
03-23 06:41:23.768 1512 2436 D CompatibilityChangeReporter: Compat change id reported: 168419799; UID 10064; state: DISABLED
03-23 06:41:23.769 1512 2436 I am_uid_active: 10064
03-23 06:41:23.792 1512 1611 I sysui_multi_action: [757,856,758,1,806,com.android.dynsystem,857,com.android.dynsystem,858,2]
03-23 06:41:23.794 1512 1611 I DynamicSystemService: isInstalled(): false
03-23 06:41:23.813 1512 2436 I am_uid_running: 10067
03-23 06:41:23.814 1512 2436 D CompatibilityChangeReporter: Compat change id reported: 135634846; UID 10067; state: DISABLED
03-23 06:41:23.814 1512 2436 D CompatibilityChangeReporter: Compat change id reported: 177438394; UID 10067; state: DISABLED
03-23 06:41:23.814 1512 2436 D CompatibilityChangeReporter: Compat change id reported: 135772972; UID 10067; state: DISABLED
03-23 06:41:23.814 1512 2436 D CompatibilityChangeReporter: Compat change id reported: 135754954; UID 10067; state: ENABLED
03-23 06:41:23.815 1512 1671 D CompatibilityChangeReporter: Compat change id reported: 143937733; UID 10067; state: ENABLED
03-23 06:41:23.827 1512 1707 I commit_sys_config_file: [package-user-0,4]
03-23 06:41:23.828 1512 1671 I am_proc_start: [0,3974,10067,com.android.inputmethod.latin,broadcast,{com.android.inputmethod.latin/com.android.inputmethod.latin.SystemBroadcastReceiver}]
03-23 06:41:23.828 1512 1671 I ActivityManager: Start proc 3974:com.android.inputmethod.latin/u0a67 for broadcast {com.android.inputmethod.latin/com.android.inputmethod.latin.SystemBroadcastReceiver}
01-01 13:44:08.705 0 0 I binder : 3974:3974 ioctl 40046210 7ff2285824 returned -22
03-23 06:41:23.852 1512 1611 I am_proc_bound: [0,3974,com.android.inputmethod.latin]
03-23 06:41:23.857 1512 1707 I commit_sys_config_file: [package-user-0,1]
03-23 06:41:23.858 1512 1707 I commit_sys_config_file: [package,30]
03-23 06:41:23.859 1512 1611 D CompatibilityChangeReporter: Compat change id reported: 168419799; UID 10067; state: DISABLED
03-23 06:41:23.861 1512 1611 D CompatibilityChangeReporter: Compat change id reported: 181136395; UID 1000; state: DISABLED
03-23 06:41:23.861 1512 1611 D CompatibilityChangeReporter: Compat change id reported: 174042936; UID 1000; state: DISABLED
03-23 06:41:23.862 1512 1611 I am_uid_active: 10067
03-23 06:41:23.922 521 521 I vold : Bind mounting /mnt/runtime/default/emulated/0/Android/data on /mnt/user/0/emulated/0/Android/data
03-23 06:41:23.923 521 521 I vold : Bind mounted /mnt/runtime/default/emulated/0/Android/data on /mnt/user/0/emulated/0/Android/data
03-23 06:41:23.923 521 521 I vold : Bind mounting /mnt/runtime/default/emulated/0/Android/obb on /mnt/user/0/emulated/0/Android/obb
03-23 06:41:23.923 1512 1990 I ActivityManager: Process com.android.inputmethod.latin (pid 3974) has died: fg RCVR
03-23 06:41:23.923 521 521 I vold : Bind mounted /mnt/runtime/default/emulated/0/Android/obb on /mnt/user/0/emulated/0/Android/obb
03-23 06:41:23.923 521 521 I vold : Bind mounting /mnt/runtime/write/emulated/0/Android/obb on /mnt/installer/0/emulated/0/Android/obb
03-23 06:41:23.923 521 521 I vold : Bind mounted /mnt/runtime/write/emulated/0/Android/obb on /mnt/installer/0/emulated/0/Android/obb
03-23 06:41:23.923 521 521 I vold : Configuring read_ahead of /mnt/user/0/emulated fuse filesystem to 256kb
03-23 06:41:23.924 521 521 I vold : Writing 256 to /sys/class/bdi/0:54/read_ahead_kb
03-23 06:41:23.924 521 521 I vold : Configuring max_ratio of /mnt/user/0/emulated fuse filesystem to 40
03-23 06:41:23.924 521 521 I vold : Writing 40 to /sys/class/bdi/0:54/max_ratio
03-23 06:41:23.924 1512 1841 I StorageManagerService: Mounted volume VolumeInfo{emulated;0}:
03-23 06:41:23.924 1512 1841 I StorageManagerService: type=EMULATED diskId=null partGuid= mountFlags=PRIMARY|VISIBLE
03-23 06:41:23.924 1512 1841 I StorageManagerService: mountUserId=0 state=MOUNTED
03-23 06:41:23.924 1512 1841 I StorageManagerService: fsType=null fsUuid=null fsLabel=null
03-23 06:41:23.924 1512 1841 I StorageManagerService: path=/storage/emulated internalPath=/data/media
03-23 06:41:23.924 1512 1841 I StorageSessionController: Notifying volume state changed for session with id: emulated;0
03-23 06:41:23.925 1512 1990 I am_proc_died: [0,3974,com.android.inputmethod.latin,0,11]
03-23 06:41:23.926 1512 1990 I am_broadcast_discard_app: [0,13758305,android.intent.action.BOOT_COMPLETED,16,ResolveInfo{4785d96 com.android.inputmethod.latin/.SystemBroadcastReceiver m=0x108000}]
03-23 06:41:23.926 1512 1990 I am_uid_stopped: 10067
03-23 06:41:23.929 1512 1670 D CompatibilityChangeReporter: Compat change id reported: 168419799; UID 10029; state: DISABLED
03-23 06:41:23.933 1512 1841 I StorageSessionController: Notifying volume state changed for session with id: emulated;0
03-23 06:41:23.942 1512 1841 I StorageSessionController: Notifying volume state changed for session with id: emulated;0
03-23 06:41:23.942 1512 3032 I am_uid_running: 10083
03-23 06:41:23.943 1512 3032 D CompatibilityChangeReporter: Compat change id reported: 135634846; UID 10083; state: DISABLED
03-23 06:41:23.943 1512 3032 D CompatibilityChangeReporter: Compat change id reported: 177438394; UID 10083; state: DISABLED
03-23 06:41:23.943 1512 3032 D CompatibilityChangeReporter: Compat change id reported: 135772972; UID 10083; state: DISABLED
03-23 06:41:23.944 1512 3032 D CompatibilityChangeReporter: Compat change id reported: 135754954; UID 10083; state: ENABLED
03-23 06:41:23.944 1512 1671 D CompatibilityChangeReporter: Compat change id reported: 143937733; UID 10083; state: ENABLED
03-23 06:41:23.954 1512 1671 I am_proc_start: [0,4001,10083,com.android.music,broadcast,{com.android.music/com.android.music.MediaPlaybackReceiver}]
03-23 06:41:23.954 1512 1671 I ActivityManager: Start proc 4001:com.android.music/u0a83 for broadcast {com.android.music/com.android.music.MediaPlaybackReceiver}
03-23 06:41:23.960 1512 1841 D StorageManagerService: Volume emulated;0 broadcasting checking to UserHandle{0}
03-23 06:41:23.961 1512 1841 D StorageManagerService: Volume emulated;0 broadcasting mounted to UserHandle{0}
01-01 13:44:08.829 0 0 I binder : 4001:4001 ioctl 40046210 7ff2285824 returned -22
03-23 06:41:23.970 1512 2435 I am_proc_bound: [0,4001,com.android.music]
03-23 06:41:23.971 1512 2435 D CompatibilityChangeReporter: Compat change id reported: 168419799; UID 10083; state: DISABLED
03-23 06:41:23.972 1512 2435 I am_uid_active: 10083
03-23 06:41:23.981 1512 2436 W OverlayManager: service 'idmap' died
03-23 06:41:24.008 1512 1990 I am_uid_running: 1027
03-23 06:41:24.009 1512 1990 D CompatibilityChangeReporter: Compat change id reported: 135634846; UID 1027; state: DISABLED
03-23 06:41:24.016 1512 1671 I am_proc_start: [0,4060,1027,com.android.nfc,broadcast,{com.android.nfc/com.android.nfc.NfcBootCompletedReceiver}]
03-23 06:41:24.016 1512 1671 I ActivityManager: Start proc 4060:com.android.nfc/1027 for broadcast {com.android.nfc/com.android.nfc.NfcBootCompletedReceiver}
01-01 13:44:08.891 0 0 I binder : 4060:4060 ioctl 40046210 7ff2285824 returned -22
03-23 06:41:24.034 1512 2436 I am_proc_bound: [0,4060,com.android.nfc]
03-23 06:41:24.035 1512 2436 D CompatibilityChangeReporter: Compat change id reported: 168419799; UID 1027; state: DISABLED
03-23 06:41:24.038 1512 2436 I am_uid_active: 1027
03-23 06:41:24.050 1512 1657 I commit_sys_config_file: [notification-policy,3262]
03-23 06:41:24.098 1512 1707 I am_uid_stopped: 1027
03-23 06:41:24.099 1512 1707 I ActivityManager: Killing 4060:com.android.nfc/1027 (adj 0): change com.android.nfc
03-23 06:41:24.100 1512 1707 I am_kill : [0,4060,com.android.nfc,0,change com.android.nfc]
03-23 06:41:24.100 1512 1707 I am_broadcast_discard_app: [0,13758305,android.intent.action.BOOT_COMPLETED,20,ResolveInfo{2ee95eb com.android.nfc/.NfcBootCompletedReceiver m=0x108000}]
03-23 06:41:24.111 1512 1655 D CompanionDeviceManagerService: onPackageModified(packageName = com.android.nfc)
03-23 06:41:24.112 1512 1512 I notification_cancel_all: [1000,1512,com.android.nfc,0,0,0,5,NULL]
03-23 06:41:24.118 1512 1512 I Telecom : DefaultDialerCache: Refreshing default dialer for user 0: now null: DDC.oR@ABQ
03-23 06:41:24.119 1512 1670 I am_uid_running: 10059
03-23 06:41:24.119 1512 1670 D CompatibilityChangeReporter: Compat change id reported: 135634846; UID 10059; state: DISABLED
03-23 06:41:24.119 1512 1670 D CompatibilityChangeReporter: Compat change id reported: 177438394; UID 10059; state: DISABLED
03-23 06:41:24.119 1512 1670 D CompatibilityChangeReporter: Compat change id reported: 135772972; UID 10059; state: DISABLED
03-23 06:41:24.119 1512 1670 D CompatibilityChangeReporter: Compat change id reported: 135754954; UID 10059; state: ENABLED
03-23 06:41:24.120 1512 1671 D CompatibilityChangeReporter: Compat change id reported: 143937733; UID 10059; state: ENABLED
03-23 06:41:24.127 1512 1671 I am_proc_start: [0,4099,10059,com.android.onetimeinitializer,broadcast,{com.android.onetimeinitializer/com.android.onetimeinitializer.OneTimeInitializerReceiver}]
03-23 06:41:24.127 1512 1671 I ActivityManager: Start proc 4099:com.android.onetimeinitializer/u0a59 for broadcast {com.android.onetimeinitializer/com.android.onetimeinitializer.OneTimeInitializerReceiver}
03-23 06:41:24.132 1512 1990 D CompatibilityChangeReporter: Compat change id reported: 149924527; UID 10091; state: ENABLED
03-23 06:41:24.132 1512 3032 D CompatibilityChangeReporter: Compat change id reported: 132649864; UID 10091; state: DISABLED
03-23 06:41:24.133 1512 2436 D CompatibilityChangeReporter: Compat change id reported: 182734110; UID 10091; state: DISABLED
01-01 13:44:09.003 0 0 I binder : 4099:4099 ioctl 40046210 7ff2285824 returned -22
03-23 06:41:24.148 1512 3032 I am_proc_bound: [0,4099,com.android.onetimeinitializer]
03-23 06:41:24.149 1512 3032 D CompatibilityChangeReporter: Compat change id reported: 168419799; UID 10059; state: DISABLED
03-23 06:41:24.150 1512 3032 I am_uid_active: 10059
03-23 06:41:24.151 1512 4101 V ActivityManager: Got obituary of 4060:com.android.nfc
03-23 06:41:24.154 1512 1667 W VoiceInteractionManager: no available voice recognition services found for user 0
03-23 06:41:24.206 1512 2466 D CompatibilityChangeReporter: Compat change id reported: 168419799; UID 10034; state: DISABLED
03-23 06:41:24.208 4099 4121 E ActivityThread: Failed to find provider info for com.android.launcher2.settings
03-23 06:41:24.213 1512 3344 D CompatibilityChangeReporter: Compat change id reported: 172100307; UID 10091; state: DISABLED
03-23 06:41:24.216 1512 2466 I am_uid_running: 10020
03-23 06:41:24.217 1512 2466 I ActivityManager: com.android.packageinstaller is exempt from freezer
03-23 06:41:24.217 1512 2466 D CompatibilityChangeReporter: Compat change id reported: 135634846; UID 10020; state: DISABLED
03-23 06:41:24.217 1512 2466 D CompatibilityChangeReporter: Compat change id reported: 177438394; UID 10020; state: DISABLED
03-23 06:41:24.217 1512 2466 D CompatibilityChangeReporter: Compat change id reported: 135772972; UID 10020; state: DISABLED
03-23 06:41:24.217 1512 2466 D CompatibilityChangeReporter: Compat change id reported: 135754954; UID 10020; state: ENABLED
03-23 06:41:24.217 1512 1671 D CompatibilityChangeReporter: Compat change id reported: 143937733; UID 10020; state: ENABLED
03-23 06:41:24.224 1512 1671 I am_proc_start: [0,4126,10020,com.android.packageinstaller,broadcast,{com.android.packageinstaller/com.android.packageinstaller.TemporaryFileManager}]
03-23 06:41:24.224 1512 1671 I ActivityManager: Start proc 4126:com.android.packageinstaller/u0a20 for broadcast {com.android.packageinstaller/com.android.packageinstaller.TemporaryFileManager}
01-01 13:44:09.097 0 0 I binder : 4126:4126 ioctl 40046210 7ff2285824 returned -22
03-23 06:41:24.238 1512 3344 I am_proc_bound: [0,4126,com.android.packageinstaller]
03-23 06:41:24.239 1512 3344 D CompatibilityChangeReporter: Compat change id reported: 168419799; UID 10020; state: DISABLED
03-23 06:41:24.241 1512 3344 I am_uid_active: 10020
03-23 06:41:24.314 1512 2466 D CompatibilityChangeReporter: Compat change id reported: 168419799; UID 10090; state: DISABLED
03-23 06:41:24.335 1512 2466 I MicroServiceManager: requestResult(abandonAudioFocus) parameters is{"functionInfo":{"IDCM_AudioFocus":"AudioFocus_Media"}}.
03-23 06:41:24.345 1512 2412 D CompatibilityChangeReporter: Compat change id reported: 168419799; UID 10021; state: DISABLED
03-23 06:41:24.363 1512 2412 D CompatibilityChangeReporter: Compat change id reported: 171306433; UID 10021; state: ENABLED
01-01 13:44:09.230 0 0 I : read descriptors
01-01 13:44:09.231 0 0 I : read strings
03-23 06:41:24.387 1512 2412 D CompatibilityChangeReporter: Compat change id reported: 168419799; UID 1000; state: DISABLED
03-23 06:41:24.461 1512 4101 I am_uid_running: 2000
03-23 06:41:24.461 1512 4101 I ActivityManager: com.android.shell is exempt from freezer
03-23 06:41:24.462 1512 4101 D CompatibilityChangeReporter: Compat change id reported: 135634846; UID 2000; state: DISABLED
03-23 06:41:24.462 1512 4101 D CompatibilityChangeReporter: Compat change id reported: 177438394; UID 2000; state: DISABLED
03-23 06:41:24.462 1512 4101 D CompatibilityChangeReporter: Compat change id reported: 135772972; UID 2000; state: DISABLED
03-23 06:41:24.462 1512 4101 D CompatibilityChangeReporter: Compat change id reported: 135754954; UID 2000; state: ENABLED
03-23 06:41:24.470 1512 1671 I am_proc_start: [0,4156,2000,com.android.shell,broadcast,{com.android.shell/com.android.shell.HeapDumpReceiver}]
03-23 06:41:24.470 1512 1671 I ActivityManager: Start proc 4156:com.android.shell/2000 for broadcast {com.android.shell/com.android.shell.HeapDumpReceiver}
03-23 06:41:24.488 1512 1990 I am_proc_bound: [0,4156,com.android.shell]
01-01 13:44:09.346 0 0 I binder : 4156:4156 ioctl 40046210 7ff2285824 returned -22
03-23 06:41:24.489 1512 1990 D CompatibilityChangeReporter: Compat change id reported: 168419799; UID 2000; state: DISABLED
03-23 06:41:24.491 1512 1990 I am_uid_active: 2000
03-23 06:41:24.543 1512 1990 W BroadcastQueue: Permission Denial: receiving Intent { act=android.intent.action.BOOT_COMPLETED flg=0x89000010 (has extras) } to com.baidu.input/.directboot.DirectBootReceiver requires android.permission.RECEIVE_BOOT_COMPLETED due to sender null (uid 1000)
03-23 06:41:24.545 1512 1670 W BroadcastQueue: Permission Denial: receiving Intent { act=android.intent.action.BOOT_COMPLETED flg=0x89000010 (has extras) } to com.baidu.input/.switchguide.InputMethodChangedReceiver requires android.permission.RECEIVE_BOOT_COMPLETED due to sender null (uid 1000)
03-23 06:41:24.548 1512 1670 D CompatibilityChangeReporter: Compat change id reported: 168419799; UID 10085; state: DISABLED
03-23 06:41:24.556 3317 3317 W ContextImpl: Calling a method in the system process without a qualified user: android.app.ContextImpl.startService:1816 android.content.ContextWrapper.startService:774 com.hryt.hiphishowfsecontrol.mce_app.broadcasts.FseReceiver.onReceive:49 android.app.ActivityThread.handleReceiver:4309 android.app.ActivityThread.access$1600:248
03-23 06:41:24.561 1512 1990 I am_uid_running: 10074
03-23 06:41:24.562 1512 1990 D CompatibilityChangeReporter: Compat change id reported: 135634846; UID 10074; state: DISABLED
03-23 06:41:24.562 1512 1990 D CompatibilityChangeReporter: Compat change id reported: 177438394; UID 10074; state: DISABLED
03-23 06:41:24.562 1512 1990 D CompatibilityChangeReporter: Compat change id reported: 135772972; UID 10074; state: DISABLED
03-23 06:41:24.562 1512 1990 D CompatibilityChangeReporter: Compat change id reported: 135754954; UID 10074; state: ENABLED
03-23 06:41:24.563 1512 1671 D CompatibilityChangeReporter: Compat change id reported: 143937733; UID 10074; state: ENABLED
03-23 06:41:24.566 1512 2412 D CompatibilityChangeReporter: Compat change id reported: 149924527; UID 10085; state: ENABLED
03-23 06:41:24.566 1512 2412 D CompatibilityChangeReporter: Compat change id reported: 132649864; UID 10085; state: DISABLED
03-23 06:41:24.570 1512 1671 I am_proc_start: [0,4178,10074,com.qti.ltebc,broadcast,{com.qti.ltebc/com.qualcomm.ltebc.LTEBroadcastBootReceiver}]
03-23 06:41:24.570 1512 1671 I ActivityManager: Start proc 4178:com.qti.ltebc/u0a74 for broadcast {com.qti.ltebc/com.qualcomm.ltebc.LTEBroadcastBootReceiver}
01-01 13:44:09.447 0 0 I binder : 4178:4178 ioctl 40046210 7ff2285824 returned -22
03-23 06:41:24.589 1512 1990 I am_proc_bound: [0,4178,com.qti.ltebc]
03-23 06:41:24.590 1512 1990 D CompatibilityChangeReporter: Compat change id reported: 168419799; UID 10074; state: DISABLED
03-23 06:41:24.592 1512 1990 I am_uid_active: 10074
03-23 06:41:24.778 3298 4202 E ActivityThread: Failed to find provider info for com.tcl.xian.StartandroidService.MyContentProvider
03-23 06:41:24.811 4218 4218 I auditd : type=1400 audit(0.0:422): avc: denied { read } for comm="cat" name="address" dev="sysfs" ino=61777 scontext=u:r:platform_app:s0:c512,c768 tcontext=u:object_r:sysfs:s0 tclass=file permissive=0
03-23 06:41:24.936 1512 2466 I MicroServiceManager: requestResult(abandonAudioFocus) parameters is{"functionInfo":{"IDCM_AudioFocus":"AudioFocus_Media"}}.
03-23 06:41:25.045 1512 1990 D CompatibilityChangeReporter: Compat change id reported: 171306433; UID 10074; state: ENABLED
03-23 06:41:25.045 1512 4101 D CompatibilityChangeReporter: Compat change id reported: 168419799; UID 10055; state: DISABLED
03-23 06:41:25.051 1512 1990 D CompatibilityChangeReporter: Compat change id reported: 168419799; UID 10079; state: DISABLED
03-23 06:41:25.054 1512 4101 D CompatibilityChangeReporter: Compat change id reported: 168419799; UID 10072; state: DISABLED
03-23 06:41:25.059 1512 4101 D CompatibilityChangeReporter: Compat change id reported: 168419799; UID 10078; state: DISABLED
03-23 06:41:25.061 1512 1990 D CompatibilityChangeReporter: Compat change id reported: 168419799; UID 10086; state: DISABLED
03-23 06:41:25.065 1512 2412 D CompatibilityChangeReporter: Compat change id reported: 168419799; UID 10080; state: DISABLED
03-23 06:41:25.069 1512 2412 I am_uid_running: 10057
03-23 06:41:25.070 1512 2412 D CompatibilityChangeReporter: Compat change id reported: 135634846; UID 10057; state: DISABLED
03-23 06:41:25.070 1512 1671 D CompatibilityChangeReporter: Compat change id reported: 143937733; UID 10057; state: DISABLED
01-01 13:44:09.931 0 0 E DTC_Display: screen not ready
03-23 06:41:25.073 1512 2412 I ActivityManager: Process com.qti.ltebc (pid 4178) has died: cch+5 CEM
03-23 06:41:25.074 1512 2412 I am_proc_died: [0,4178,com.qti.ltebc,905,19]
03-23 06:41:25.074 1512 2412 I am_uid_stopped: 10074
03-23 06:41:25.077 1512 2412 I am_uid_active: 10057
03-23 06:41:25.078 1512 1671 I am_proc_start: [0,4224,10057,com.qualcomm.qti.qms.service.connectionsecurity,broadcast,{com.qualcomm.qti.qms.service.connectionsecurity/com.qualcomm.qti.qms.service.connectionsecurity.ConnSecBroadcastReceiver}]
03-23 06:41:25.078 1512 1671 I ActivityManager: Start proc 4224:com.qualcomm.qti.qms.service.connectionsecurity/u0a57 for broadcast {com.qualcomm.qti.qms.service.connectionsecurity/com.qualcomm.qti.qms.service.connectionsecurity.ConnSecBroadcastReceiver}
01-01 13:44:09.962 0 0 I binder : 4224:4224 ioctl 40046210 ff8dadc8 returned -22
03-23 06:41:25.107 1512 1990 I am_proc_bound: [0,4224,com.qualcomm.qti.qms.service.connectionsecurity]
03-23 06:41:25.108 1512 1990 D CompatibilityChangeReporter: Compat change id reported: 168419799; UID 10057; state: DISABLED
03-23 06:41:25.146 1512 1990 D CompatibilityChangeReporter: Compat change id reported: 168419799; UID 10081; state: DISABLED
01-01 13:44:10.010 0 0 I binder : 3438:3438 ioctl 40046210 7ff2284ed4 returned -22
03-23 06:41:25.152 1512 1990 D CompatibilityChangeReporter: Compat change id reported: 168419799; UID 10084; state: DISABLED
03-23 06:41:25.187 1512 4101 I ActivityManager: Finished processing BOOT_COMPLETED for u0
03-23 06:41:25.189 1512 4101 D CompatibilityChangeReporter: Compat change id reported: 168419799; UID 10019; state: DISABLED
03-23 06:41:25.196 2562 2562 W ContextImpl: Calling a method in the system process without a qualified user: android.app.ContextImpl.startService:1816 android.content.ContextWrapper.startService:774 com.thundercomm.gamemode.ingame.services.GameModeActionUtils.startGameModeService:118 com.thundercomm.gamemode.ingame.services.GameModeActionUtils.startGameModeEntry:29 com.thundercomm.gamemode.ingame.services.ActivityMonitoringService$1.onActivityLaunch:140
03-23 06:41:25.201 1512 1512 I GameModeConfig: Current uri is uri = content://com.thundercomm.gamemode.api/gamemode_settings/gamemode_isgaming
01-01 13:44:10.064 0 0 I binder : 2562:2562 ioctl 40046210 7ff2284364 returned -22
03-23 06:41:25.204 1512 1512 I GameModeConfig: isGameModeOn = false
03-23 06:41:25.204 1512 1512 I GameModeConfig: isGameModeOn = false
03-23 06:41:25.204 1512 1512 I GameModeConfig: isDisableVoice = true
03-23 06:41:25.205 1512 2301 I GameModeConfig: isGameModeOn = false
03-23 06:41:25.205 1512 2301 I GameModeConfig: isGameModeOn = false
03-23 06:41:25.206 1512 2301 I GameModeConfig: isGameModeOn = false
03-23 06:41:25.211 1512 2412 I am_uid_running: 10074
03-23 06:41:25.212 1512 2412 D CompatibilityChangeReporter: Compat change id reported: 135634846; UID 10074; state: DISABLED
03-23 06:41:25.212 1512 2412 D CompatibilityChangeReporter: Compat change id reported: 177438394; UID 10074; state: DISABLED
03-23 06:41:25.212 1512 2412 D CompatibilityChangeReporter: Compat change id reported: 135772972; UID 10074; state: DISABLED
03-23 06:41:25.212 1512 2412 D CompatibilityChangeReporter: Compat change id reported: 135754954; UID 10074; state: ENABLED
03-23 06:41:25.212 1512 1671 D CompatibilityChangeReporter: Compat change id reported: 143937733; UID 10074; state: ENABLED
03-23 06:41:25.221 1512 1671 I am_proc_start: [0,4252,10074,com.qti.ltebc,broadcast,{com.qti.ltebc/com.qualcomm.ltebc.LTEBroadcastReceiver}]
03-23 06:41:25.221 1512 1671 I ActivityManager: Start proc 4252:com.qti.ltebc/u0a74 for broadcast {com.qti.ltebc/com.qualcomm.ltebc.LTEBroadcastReceiver}
01-01 13:44:10.099 0 0 I binder : 4252:4252 ioctl 40046210 7ff2285824 returned -22
03-23 06:41:25.243 1512 2412 I am_proc_bound: [0,4252,com.qti.ltebc]
03-23 06:41:25.244 1512 2412 D CompatibilityChangeReporter: Compat change id reported: 168419799; UID 10074; state: DISABLED
03-23 06:41:25.246 1512 2412 I am_uid_active: 10074
03-23 06:41:25.395 1512 1765 I commit_sys_config_file: [settings-1-0,2]
01-01 13:44:10.259 0 0 I : read descriptors
01-01 13:44:10.259 0 0 I : read strings
01-01 13:44:10.350 0 0 I IRQ 5 : no longer affine to CPU5
03-23 06:41:25.565 1512 1611 I ActivityManager: Process com.qti.ltebc (pid 4252) has died: fg RCVR
03-23 06:41:25.566 1512 1611 I am_proc_died: [0,4252,com.qti.ltebc,0,11]
03-23 06:41:25.567 1512 1611 I am_broadcast_discard_app: [0,11834004,android.intent.action.MEDIA_MOUNTED,2,ResolveInfo{4c0056d com.qti.ltebc/com.qualcomm.ltebc.LTEBroadcastReceiver m=0x208000}]
03-23 06:41:25.567 1512 1611 I am_uid_stopped: 10074
03-23 06:41:25.570 1512 1670 I service_manager_stats: [520,290,5251]
03-23 06:41:25.570 1512 1670 D CompatibilityChangeReporter: Compat change id reported: 168419799; UID 10064; state: DISABLED
03-23 06:41:25.624 1512 3294 D CompatibilityChangeReporter: Compat change id reported: 135634846; UID 1000; state: DISABLED
03-23 06:41:25.624 1512 3294 D CompatibilityChangeReporter: Compat change id reported: 177438394; UID 1000; state: DISABLED
03-23 06:41:25.624 1512 3294 D CompatibilityChangeReporter: Compat change id reported: 135772972; UID 1000; state: DISABLED
03-23 06:41:25.624 1512 3294 D CompatibilityChangeReporter: Compat change id reported: 135754954; UID 1000; state: ENABLED
03-23 06:41:25.626 1512 3294 I backup_transport_lifecycle: [com.android.localtransport/.LocalTransportService,1]
03-23 06:41:25.642 1512 1671 I am_proc_start: [0,4285,1000,com.android.localtransport,service,{com.android.localtransport/com.android.localtransport.LocalTransportService}]
03-23 06:41:25.642 1512 1671 I ActivityManager: Start proc 4285:com.android.localtransport/1000 for service {com.android.localtransport/com.android.localtransport.LocalTransportService}
01-01 13:44:10.533 0 0 I binder : 4285:4285 ioctl 40046210 7ff2285824 returned -22
03-23 06:41:25.676 1512 1611 I am_proc_bound: [0,4285,com.android.localtransport]
03-23 06:41:25.705 1512 1512 I backup_transport_connection: [com.android.localtransport/.LocalTransportService,1]
03-23 06:41:25.705 1512 1512 I TransportClient: LocalTransportService#0: Notifying [TransportManager.registerTransport()] transport = IBackupTransport
03-23 06:41:25.709 1512 3294 D BackupTransportManager: Transport com.android.localtransport/.LocalTransportService registered
03-23 06:41:25.709 1512 3294 D BackupManagerService: [UserID:0] Transport com.android.localtransport/.LocalTransport registered 3100ms after first request (delay = 3000ms)
03-23 06:41:25.710 1512 3294 I backup_transport_lifecycle: [com.android.localtransport/.LocalTransportService,0]
03-23 06:41:25.710 1512 3294 I backup_transport_connection: [com.android.localtransport/.LocalTransportService,0]
03-23 06:41:26.113 1512 1765 I commit_sys_config_file: [settings-0-0,4]
03-23 06:41:26.116 1512 1765 I commit_sys_config_file: [settings-2-0,2]
03-23 06:41:26.342 1512 1657 I commit_sys_config_file: [jobs,3]
03-23 06:41:26.347 4311 4311 I auditd : type=1400 audit(0.0:423): avc: denied { read } for comm="cat" name="address" dev="sysfs" ino=61777 scontext=u:r:platform_app:s0:c512,c768 tcontext=u:object_r:sysfs:s0 tclass=file permissive=0 app=com.hht.lebocast
01-01 13:44:11.274 0 0 I : read descriptors
01-01 13:44:11.274 0 0 I : read strings
01-01 13:44:11.382 0 0 E DTC_ETH,link_delay_work_func: 3003, SQI=0, link=0
03-23 06:41:27.137 1512 1667 I sysui_multi_action: [757,1717,758,1,759,0]
03-23 06:41:27.137 1512 1667 I sysui_multi_action: [757,1717,758,2,759,0]
03-23 06:41:27.138 1512 1667 I sysui_multi_action: [757,1717,758,3,759,0]
03-23 06:41:27.417 1512 1990 W ActivityManager: Unable to start service Intent { act=android.intent.action.START_LEBO_SERVICE pkg=com.hpplay.happyplay.aw } U=0: not found
01-01 13:44:12.308 0 0 I : read descriptors
01-01 13:44:12.308 0 0 I : read strings
01-01 13:44:12.406 0 0 I mv2112_setup_work_handler: Try to setup link again!
01-01 13:44:12.406 0 0 I : mv2112_setup_forced
03-23 06:41:27.579 1512 1765 I commit_sys_config_file: [settings-3-0,8]
01-01 13:44:12.511 0 0 W perfetto: disabled ftrace
03-23 06:41:27.688 1163 3369 I iorapd : Perfetto TraceBuffer saved to file: /data/misc/iorapd/com.android.provision/31/com.android.provision.DefaultActivity/raw_traces/1679524887686749942.perfetto_trace.pb
01-01 13:44:13.326 0 0 I : read descriptors
01-01 13:44:13.326 0 0 I : read strings
01-01 13:44:13.715 0 0 E DTC_Display: screen not ready
03-23 06:41:28.950 1512 1765 I commit_sys_config_file: [settings-2-0,7]
03-23 06:41:28.953 1512 1765 I commit_sys_config_file: [settings-1-0,3]
01-01 13:44:14.343 0 0 I : read descriptors
01-01 13:44:14.343 0 0 I : read strings
03-23 06:41:30.047 1512 1670 I am_uid_running: 10074
03-23 06:41:30.048 1512 1670 D CompatibilityChangeReporter: Compat change id reported: 135634846; UID 10074; state: DISABLED
03-23 06:41:30.048 1512 1670 D CompatibilityChangeReporter: Compat change id reported: 177438394; UID 10074; state: DISABLED
03-23 06:41:30.049 1512 1670 D CompatibilityChangeReporter: Compat change id reported: 135772972; UID 10074; state: DISABLED
03-23 06:41:30.049 1512 1670 D CompatibilityChangeReporter: Compat change id reported: 135754954; UID 10074; state: ENABLED
03-23 06:41:30.050 1512 1671 D CompatibilityChangeReporter: Compat change id reported: 143937733; UID 10074; state: ENABLED
03-23 06:41:30.071 1512 1671 I am_proc_start: [0,4349,10074,com.qti.ltebc,broadcast,{com.qti.ltebc/com.qualcomm.ltebc.LTEBroadcastAlarmReceiver}]
03-23 06:41:30.071 1512 1671 I ActivityManager: Start proc 4349:com.qti.ltebc/u0a74 for broadcast {com.qti.ltebc/com.qualcomm.ltebc.LTEBroadcastAlarmReceiver}
01-01 13:44:14.956 0 0 I binder : 4349:4349 ioctl 40046210 7ff2285824 returned -22
03-23 06:41:30.100 1512 2466 I am_proc_bound: [0,4349,com.qti.ltebc]
03-23 06:41:30.103 1512 2466 I am_uid_active: 10074
01-01 13:44:15.038 0 0 I binder : 2614:4365 ioctl 40046210 7017516ef4 returned -22
01-01 13:44:15.258 0 0 I init : Untracked pid 4375 exited with status 0
03-23 06:41:30.445 1512 2466 I am_uid_running: 10054
03-23 06:41:30.446 1512 2466 D CompatibilityChangeReporter: Compat change id reported: 135634846; UID 10054; state: DISABLED
03-23 06:41:30.446 1512 2466 D CompatibilityChangeReporter: Compat change id reported: 177438394; UID 10054; state: DISABLED
03-23 06:41:30.446 1512 2466 D CompatibilityChangeReporter: Compat change id reported: 135772972; UID 10054; state: DISABLED
03-23 06:41:30.446 1512 2466 D CompatibilityChangeReporter: Compat change id reported: 135754954; UID 10054; state: DISABLED
03-23 06:41:30.446 1512 1671 D CompatibilityChangeReporter: Compat change id reported: 143937733; UID 10054; state: DISABLED
03-23 06:41:30.464 1512 1671 I am_proc_start: [0,4382,10054,com.qualcomm.qti.qms.service.trustzoneaccess,service,{com.qualcomm.qti.qms.service.trustzoneaccess/com.qualcomm.qti.qms.service.trustzoneaccess.TZAccessService}]
03-23 06:41:30.464 1512 1671 I ActivityManager: Start proc 4382:com.qualcomm.qti.qms.service.trustzoneaccess/u0a54 for service {com.qualcomm.qti.qms.service.trustzoneaccess/com.qualcomm.qti.qms.service.trustzoneaccess.TZAccessService}
01-01 13:44:15.356 0 0 I binder : 4382:4382 ioctl 40046210 7ff2285824 returned -22
03-23 06:41:30.499 1512 2466 I am_proc_bound: [0,4382,com.qualcomm.qti.qms.service.trustzoneaccess]
03-23 06:41:30.500 1512 2466 D CompatibilityChangeReporter: Compat change id reported: 168419799; UID 10054; state: DISABLED
01-01 13:44:15.363 0 0 I : read descriptors
01-01 13:44:15.363 0 0 I : read strings
03-23 06:41:30.600 1512 1611 I ActivityManager: Process com.qti.ltebc (pid 4349) has died: cch+5 CEM
03-23 06:41:30.602 1512 1611 I am_proc_died: [0,4349,com.qti.ltebc,905,19]
03-23 06:41:30.602 1512 1611 I am_uid_stopped: 10074
03-23 06:41:30.734 1512 2473 I commit_sys_config_file: [appops,4]
03-23 06:41:30.816 1512 1655 D CompanionDeviceManagerService: onPackageModified(packageName = com.android.gallery3d)
03-23 06:41:30.825 1512 1655 D CompanionDeviceManagerService: onPackageModified(packageName = com.android.inputmethod.latin)
01-01 13:44:15.694 0 0 I init : starting service 'idmap2d'...
03-23 06:41:30.837 1512 1655 D CompanionDeviceManagerService: onPackageModified(packageName = com.android.settings)
03-23 06:41:30.838 1512 1512 I Telecom : DefaultDialerCache: Refreshing default dialer for user 0: now null: DDC.oR@ABU
03-23 06:41:30.843 1512 1655 D CompanionDeviceManagerService: onPackageModified(packageName = com.android.systemui)
03-23 06:41:30.843 1512 1512 I Telecom : DefaultDialerCache: Refreshing default dialer for user 0: now null: DDC.oR@ABY
03-23 06:41:30.843 1512 1655 D CompanionDeviceManagerService: onPackageModified(packageName = com.android.permissioncontroller)
03-23 06:41:30.844 1512 1655 D CompanionDeviceManagerService: onPackageModified(packageName = com.android.traceur)
03-23 06:41:30.844 1512 1655 D CompanionDeviceManagerService: onPackageModified(packageName = com.android.bluetooth)
03-23 06:41:30.844 1512 1512 I Telecom : DefaultDialerCache: Refreshing default dialer for user 0: now null: DDC.oR@ABc
03-23 06:41:30.846 1512 1667 W VoiceInteractionManager: no available voice recognition services found for user 0
03-23 06:41:30.846 1512 1512 I Telecom : DefaultDialerCache: Refreshing default dialer for user 0: now null: DDC.oR@ABg
01-01 13:44:15.710 0 0 I init : Control message: Processed ctl.start for 'idmap2d' from pid: 1512 (system_server)
03-23 06:41:30.852 1512 1512 I Telecom : DefaultDialerCache: Refreshing default dialer for user 0: now null: DDC.oR@ABk
03-23 06:41:30.853 1512 1512 I Telecom : DefaultDialerCache: Refreshing default dialer for user 0: now null: DDC.oR@ABo
03-23 06:41:30.854 1512 1512 I Telecom : DefaultDialerCache: Refreshing default dialer for user 0: now null: DDC.oR@ABs
01-01 13:44:15.720 0 0 I binder : 4415:4415 ioctl 40046210 7ffe09e3f4 returned -22
03-23 06:41:30.869 1512 1667 W VoiceInteractionManager: no available voice recognition services found for user 0
03-23 06:41:30.874 1512 1667 W VoiceInteractionManager: no available voice recognition services found for user 0
03-23 06:41:30.877 1512 1667 W VoiceInteractionManager: no available voice recognition services found for user 0
03-23 06:41:30.879 1512 1667 W VoiceInteractionManager: no available voice recognition services found for user 0
03-23 06:41:30.882 1512 1667 W VoiceInteractionManager: no available voice recognition services found for user 0
03-23 06:41:30.884 1512 1667 W VoiceInteractionManager: no available voice recognition services found for user 0
01-01 13:44:16.411 0 0 I : read descriptors
01-01 13:44:16.411 0 0 I : read strings
01-01 13:44:16.502 0 0 E DTC_ETH,link_delay_work_func: 3003, SQI=0, link=0
03-23 06:41:31.892 1512 2301 I GameModeConfig: isGameModeOn = false
01-01 13:44:16.895 0 0 E DTC_Display: screen not ready
01-01 13:44:17.431 0 0 I : read descriptors
01-01 13:44:17.431 0 0 I : read strings
01-01 13:44:18.451 0 0 I : read descriptors
01-01 13:44:18.451 0 0 I : read strings
01-01 13:44:18.550 0 0 I display_panel_avdd: disabling
01-01 13:44:18.551 0 0 I vdd_tof : disabling
03-23 06:41:33.885 1512 1667 I sysui_multi_action: [757,1717,758,1,759,0]
03-23 06:41:33.886 1512 1667 I sysui_multi_action: [757,1717,758,2,759,0]
03-23 06:41:33.886 1512 1667 I sysui_multi_action: [757,1717,758,3,759,0]
03-23 06:41:33.921 1512 1707 I commit_sys_config_file: [package-user-0,6]
01-01 13:44:19.467 0 0 I : read descriptors
01-01 13:44:19.467 0 0 I : read strings
03-23 06:41:35.221 1512 2301 I GameModeConfig: isGameModeOn = false
01-01 13:44:20.491 0 0 I : read descriptors
01-01 13:44:20.491 0 0 I : read strings
01-01 13:44:20.583 0 0 E DTC_Display: screen not ready
01-01 13:44:21.519 0 0 I : read descriptors
01-01 13:44:21.520 0 0 I : read strings
01-01 13:44:21.622 0 0 E DTC_ETH,link_delay_work_func: 3003, SQI=0, link=0
01-01 13:44:22.539 0 0 I : read descriptors
01-01 13:44:22.539 0 0 I : read strings
01-01 13:44:23.435 0 0 E DTC_Display: screen not ready
03-23 06:41:38.657 1512 1670 I ActivityManager: Waited long enough for: ServiceRecord{c18f9fc u0 com.qti.diagservices/.QTIDiagServices}
01-01 13:44:23.567 0 0 I : read descriptors
01-01 13:44:23.567 0 0 I : read strings
01-01 13:44:24.587 0 0 I : read descriptors
01-01 13:44:24.587 0 0 I : read strings
01-01 13:44:25.607 0 0 I : read descriptors
01-01 13:44:25.607 0 0 I : read strings
01-01 13:44:25.740 0 0 I init : Sending signal 9 to service 'idmap2d' (pid 4415) process group...
03-23 06:41:40.884 1512 2466 W OverlayManager: service 'idmap' died
01-01 13:44:25.746 0 0 I libprocessgroup: Successfully killed process cgroup uid 1000 pid 4415 in 5ms
01-01 13:44:25.747 0 0 I init : Control message: Processed ctl.stop for 'idmap2d' from pid: 1512 (system_server)
01-01 13:44:25.748 0 0 I init : Service 'idmap2d' (pid 4415) received signal 9
01-01 13:44:26.623 0 0 I : read descriptors
01-01 13:44:26.623 0 0 I : read strings
01-01 13:44:26.743 0 0 E DTC_ETH,link_delay_work_func: 3003, SQI=0, link=0
01-01 13:44:27.215 0 0 E DTC_Display: screen not ready
03-23 06:41:42.631 1512 1667 I am_pss : [3151,10084,com.qualcomm.qtil.aptxui,7293952,5828608,0,91947008,0,19,11]
03-23 06:41:42.642 1512 1667 I am_pss : [3085,10092,android.ext.services,7151616,5394432,0,95920128,0,5,9]
03-23 06:41:42.651 1512 1667 I am_pss : [2827,1000,com.android.settings:CryptKeeper,17416192,6348800,0,125591552,0,19,8]
01-01 13:44:27.647 0 0 I : read descriptors
01-01 13:44:27.647 0 0 I : read strings
03-23 06:41:43.278 1512 1667 I am_pss : [3648,10019,com.android.externalstorage,5556224,3932160,0,92971008,0,19,8]
03-23 06:41:43.287 1512 1667 I am_pss : [3523,10078,com.qualcomm.location.XT,6200320,4591616,0,93155328,0,6,7]
03-23 06:41:43.294 1512 1667 I am_pss : [3671,10029,com.android.managedprovisioning,9106432,7520256,0,96010240,0,19,7]
03-23 06:41:43.305 1512 1667 I am_pss : [3761,10034,com.baidu.input,84711424,77529088,0,201293824,0,7,10]
03-23 06:41:43.310 1512 1667 I am_pss : [3528,1000,com.android.keychain,7853056,6311936,0,93745152,0,6,5]
03-23 06:41:43.317 1512 1667 I am_pss : [3495,1000,com.android.provision,15981568,9076736,0,130244608,0,14,6]
03-23 06:41:43.323 1512 1667 I am_pss : [3450,10025,com.android.documentsui,13231104,10993664,0,107933696,0,19,5]
03-23 06:41:43.328 1512 1667 I am_pss : [2866,10071,com.android.launcher3,15116288,13004800,0,107630592,0,5,5]
03-23 06:41:43.530 1512 1667 I am_pss : [3846,10035,com.android.traceur,8812544,6008832,0,96374784,0,19,10]
03-23 06:41:43.744 1512 1667 I am_pss : [3917,1000,com.android.dynsystem,5239808,3686400,0,90087424,0,19,11]
03-23 06:41:43.754 1512 1667 I am_pss : [3892,1000,com.qti.diagservices,5678080,3801088,0,95014912,0,10,8]
01-01 13:44:28.667 0 0 I : read descriptors
01-01 13:44:28.667 0 0 I : read strings
03-23 06:41:43.942 1512 1667 I am_pss : [3936,1000,com.android.dynsystem:dynsystem,5515264,3846144,0,91033600,0,19,10]
03-23 06:41:44.133 1512 1667 I am_pss : [4001,10083,com.android.music,7061504,5193728,0,93437952,0,19,9]
03-23 06:41:44.226 1512 1667 I am_pss : [4099,10059,com.android.onetimeinitializer,4986880,3489792,0,89714688,0,19,7]
03-23 06:41:44.343 1512 1667 I am_pss : [4126,10020,com.android.packageinstaller,7113728,5656576,0,91533312,0,19,10]
03-23 06:41:44.561 1512 1667 I am_pss : [4156,2000,com.android.shell,5743616,4227072,0,91185152,0,19,11]
03-23 06:41:44.574 1512 1667 I am_pss : [2959,1000,com.android.settings,26553344,13836288,0,147611648,0,19,11]
01-01 13:44:29.683 0 0 I : read descriptors
01-01 13:44:29.683 0 0 I : read strings
03-23 06:41:45.154 1512 1667 I am_pss : [4224,10057,com.qualcomm.qti.qms.service.connectionsecurity,18657280,4415488,0,77361152,0,19,10]
01-01 13:44:30.163 0 0 I msm_vidc: high: 00000001: h264d: Closed video instance: 0000000000000000
01-01 13:44:30.205 0 0 I binder : undelivered transaction 104956, process died.
01-01 13:44:30.206 0 0 I init : Service 'bootanim' (pid 1100) exited with status 0 oneshot service took 34.333000 seconds in background
01-01 13:44:30.206 0 0 I init : Sending signal 9 to service 'bootanim' (pid 1100) process group...
01-01 13:44:30.206 0 0 I libprocessgroup: Successfully killed process cgroup uid 1003 pid 1100 in 0ms
01-01 13:44:30.368 0 0 E DTC_Display: screen not ready
01-01 13:44:30.699 0 0 I : read descriptors
01-01 13:44:30.699 0 0 I : read strings
01-01 13:44:31.673 0 0 I msm_vidc: err : ffffffff: .....: DBLP Set: status 0
01-01 13:44:31.715 0 0 I : read descriptors
01-01 13:44:31.715 0 0 I : read strings
01-01 13:44:31.863 0 0 E DTC_ETH,link_delay_work_func: 3003, SQI=0, link=0
03-23 06:41:47.625 1512 1816 I input_interaction: Interaction with: 6a6af69 com.thundercomm.tcsetupwizard/com.thundercomm.tcsetupwizard.TcSetupStartActivity (server), edge-swipe (server), swipe-up (server), PointerEventDispatcher0 (server),
03-23 06:41:47.634 1512 3344 I thunderperf: PlatormCompat.setOverrides: Uid1=1000 Pid1=2668 Uid2=1000 Pid2=2668
03-23 06:41:47.634 1512 3344 I thunderperf: PlatormCompat.setOverrides: needCheck:false
03-23 06:41:47.634 1512 3344 I thunderperf: CompatConfig.addOverrideUnsafe: bef-state=0
03-23 06:41:47.634 1512 3344 I thunderperf: CompatConfig.addOverrideUnsafe: aft-state=0
03-23 06:41:47.635 1512 3344 I thunderperf: CompatConfig.addOverrideUnsafe: bef-state=0
03-23 06:41:47.635 1512 3344 I thunderperf: CompatConfig.addOverrideUnsafe: aft-state=0
03-23 06:41:47.636 1512 3344 I thunderperf: CompatConfig.addOverrideUnsafe: bef-state=0
03-23 06:41:47.636 1512 3344 I thunderperf: CompatConfig.addOverrideUnsafe: aft-state=0
03-23 06:41:47.636 1512 3344 I thunderperf: CompatConfig.addOverrideUnsafe: bef-state=0
03-23 06:41:47.636 1512 3344 I thunderperf: CompatConfig.addOverrideUnsafe: aft-state=0
03-23 06:41:47.637 1512 3344 I thunderperf: CompatConfig.addOverrideUnsafe: bef-state=0
03-23 06:41:47.637 1512 3344 I thunderperf: CompatConfig.addOverrideUnsafe: aft-state=0
03-23 06:41:47.637 1512 3344 I thunderperf: CompatConfig.addOverrideUnsafe: bef-state=0
03-23 06:41:47.637 1512 3344 I thunderperf: CompatConfig.addOverrideUnsafe: aft-state=0
03-23 06:41:47.637 1512 3344 I thunderperf: CompatConfig.addOverrideUnsafe: bef-state=0
03-23 06:41:47.637 1512 3344 I thunderperf: CompatConfig.addOverrideUnsafe: aft-state=0
03-23 06:41:47.638 1512 3344 I thunderperf: CompatConfig.addOverrideUnsafe: bef-state=0
03-23 06:41:47.638 1512 3344 I thunderperf: CompatConfig.addOverrideUnsafe: aft-state=0
03-23 06:41:47.638 1512 3344 I thunderperf: CompatConfig.addOverrideUnsafe: bef-state=0
03-23 06:41:47.638 1512 3344 I thunderperf: CompatConfig.addOverrideUnsafe: aft-state=0
03-23 06:41:47.639 1512 3344 I thunderperf: CompatConfig.addOverrideUnsafe: bef-state=0
03-23 06:41:47.639 1512 3344 I thunderperf: CompatConfig.addOverrideUnsafe: aft-state=0
03-23 06:41:47.639 1512 3344 I thunderperf: CompatConfig.addOverrideUnsafe: bef-state=0
03-23 06:41:47.639 1512 3344 I thunderperf: CompatConfig.addOverrideUnsafe: aft-state=0
03-23 06:41:47.640 1512 3344 I thunderperf: CompatConfig.addOverrideUnsafe: bef-state=0
03-23 06:41:47.640 1512 3344 I thunderperf: CompatConfig.addOverrideUnsafe: aft-state=0
03-23 06:41:47.640 1512 3344 I thunderperf: CompatConfig.addOverrideUnsafe: bef-state=0
03-23 06:41:47.640 1512 3344 I thunderperf: CompatConfig.addOverrideUnsafe: aft-state=0
03-23 06:41:47.641 1512 3344 I thunderperf: CompatConfig.addOverrideUnsafe: bef-state=0
03-23 06:41:47.641 1512 3344 I thunderperf: CompatConfig.addOverrideUnsafe: aft-state=0
03-23 06:41:47.643 1512 3344 I ActivityTaskManager: START u0 {cmp=com.thundercomm.tcsetupwizard/.TcSetupSecondActivity} from uid 1000
03-23 06:41:47.647 1512 3344 D CompatibilityChangeReporter: Compat change id reported: 174042980; UID 1000; state: DISABLED
03-23 06:41:47.647 1512 3344 I wm_task_moved: [1,1,5]
03-23 06:41:47.647 1512 3344 I wm_set_resumed_activity: [0,com.thundercomm.tcsetupwizard/.TcSetupStartActivity,positionChildAt]
03-23 06:41:47.647 1512 3344 I wm_task_moved: [9,1,2147483647]
03-23 06:41:47.647 1512 3344 I wm_create_activity: [0,199288554,9,com.thundercomm.tcsetupwizard/.TcSetupSecondActivity,NULL,NULL,NULL,0]
03-23 06:41:47.648 1512 3344 D CompatibilityChangeReporter: Compat change id reported: 168419799; UID 1000; state: DISABLED
03-23 06:41:47.648 1512 3344 I wm_pause_activity: [0,103443260,com.thundercomm.tcsetupwizard/.TcSetupStartActivity,userLeaving=true,resumeTopActivityInnerLocked]
03-23 06:41:47.651 2668 2668 I wm_on_top_resumed_lost_called: [103443260,com.thundercomm.tcsetupwizard.TcSetupStartActivity,topStateChangedWhenResumed]
03-23 06:41:47.651 2668 2668 I wm_on_paused_called: [103443260,com.thundercomm.tcsetupwizard.TcSetupStartActivity,performPause]
03-23 06:41:47.651 1512 2466 I ActivityTaskManager: FOREGROUND_APPLICATION_CHANGED to com.thundercomm.tcsetupwizard.TcSetupSecondActivity
03-23 06:41:47.652 1512 2466 I ActivityTaskManager: The Process com.thundercomm.tcsetupwizard Already Exists in BG. So sending its PID: 2668
03-23 06:41:47.652 1512 2466 W ActivityTaskManager: Tried to set launchTime (0) < mLastActivityLaunchTime (23066)
03-23 06:41:47.652 1512 2466 I wm_add_to_stopping: [0,103443260,com.thundercomm.tcsetupwizard/.TcSetupStartActivity,makeInvisible]
03-23 06:41:47.653 1512 2466 D CompatibilityChangeReporter: Compat change id reported: 181136395; UID 1000; state: DISABLED
03-23 06:41:47.653 1512 2466 D CompatibilityChangeReporter: Compat change id reported: 174042936; UID 1000; state: DISABLED
03-23 06:41:47.653 1512 2466 I wm_restart_activity: [0,199288554,9,com.thundercomm.tcsetupwizard/.TcSetupSecondActivity]
03-23 06:41:47.653 1512 2466 I wm_set_resumed_activity: [0,com.thundercomm.tcsetupwizard/.TcSetupSecondActivity,minimalResumeActivityLocked]
03-23 06:41:47.655 1512 1658 I sysui_multi_action: [757,803,799,window_time_0,802,24]
03-23 06:41:47.660 1512 1667 I am_pss : [4285,1000,com.android.localtransport,5280768,3723264,0,91299840,0,19,4]
03-23 06:41:47.665 1512 1667 I am_pss : [3938,10064,com.android.gallery3d,7623680,5369856,0,95326208,0,19,5]
03-23 06:41:47.671 1512 1816 I input_focus: [Focus leaving 6a6af69 com.thundercomm.tcsetupwizard/com.thundercomm.tcsetupwizard.TcSetupStartActivity (server),reason=NO_WINDOW]
03-23 06:41:47.713 509 509 I auditd : avc: denied { find } for interface=vendor.qti.qspmhal::IQspmhal sid=u:r:mediaserver:s0 pid=1200 scontext=u:r:mediaserver:s0 tcontext=u:object_r:vendor_hal_qspmhal_hwservice:s0 tclass=hwservice_manager permissive=0
01-01 13:44:32.582 0 0 I msm_vidc: high: 00000001: ....d: Opening video instance: 0000000000000000, 1
01-01 13:44:32.582 0 0 I msm_vidc: err : 00000001: ....d: Failed to create debugfs for msm_vidc
01-01 13:44:32.628 0 0 I msm_vidc: high: 00000001: h264d: Closed video instance: 0000000000000000
01-01 13:44:32.642 0 0 I msm_vidc: high: 00000001: ....d: Opening video instance: 0000000000000000, 1
01-01 13:44:32.642 0 0 I msm_vidc: err : 00000001: ....d: Failed to create debugfs for msm_vidc
01-01 13:44:32.672 0 0 I msm_vidc: high: 00000001: h264d: Closed video instance: 0000000000000000
01-01 13:44:32.685 0 0 I msm_vidc: high: 00000001: ....d: Opening video instance: 0000000000000000, 1
01-01 13:44:32.685 0 0 I msm_vidc: err : 00000001: ....d: Failed to create debugfs for msm_vidc
01-01 13:44:32.717 0 0 I msm_vidc: high: 00000001: h264d: Closed video instance: 0000000000000000
03-23 06:41:47.863 1512 1611 I commit_sys_config_file: [settings-0-0,1]
03-23 06:41:47.864 1512 3344 I commit_sys_config_file: [settings-2-0,1]
03-23 06:41:47.864 2668 2668 I wm_on_create_called: [199288554,com.thundercomm.tcsetupwizard.TcSetupSecondActivity,performCreate]
03-23 06:41:47.864 1512 1512 I LockSettingsService: Reporting device setup complete to IGateKeeperService
03-23 06:41:47.864 2668 2668 I wm_on_start_called: [199288554,com.thundercomm.tcsetupwizard.TcSetupSecondActivity,handleStartActivity]
03-23 06:41:47.864 2668 2668 I wm_on_resume_called: [199288554,com.thundercomm.tcsetupwizard.TcSetupSecondActivity,RESUME_ACTIVITY]
03-23 06:41:47.866 1512 3344 W WindowManager: Failed looking up window session=Session{b831b4a 2668:1000} callers=com.android.server.wm.WindowManagerService.windowForClientLocked:5628 com.android.server.wm.Session.insetsModified:629 android.view.IWindowSession$Stub.onTransact:1151
03-23 06:41:47.867 2668 2668 I view_enqueue_input_event: [Motion - Cancel,com.thundercomm.tcsetupwizard/com.thundercomm.tcsetupwizard.TcSetupStartActivity]
03-23 06:41:47.867 2668 2668 I wm_on_top_resumed_gained_called: [199288554,com.thundercomm.tcsetupwizard.TcSetupSecondActivity,topStateChangedWhenResumed]
03-23 06:41:47.873 1512 1659 I input_focus: [Focus request 317a9fd com.thundercomm.tcsetupwizard/com.thundercomm.tcsetupwizard.TcSetupSecondActivity,reason=UpdateInputWindows]
03-23 06:41:47.880 1512 1658 D ColorDisplayService: setUp: currentUser=0
03-23 06:41:47.881 1512 1512 I DevicePolicyManager: Set ro.organization_owned property to false
03-23 06:41:47.882 1512 1667 D PinnerService: pinRangeStream: null
03-23 06:41:47.884 1512 1667 D PinnerService: pinRangeStream: null
03-23 06:41:47.884 1512 1667 D PinnerService: pinRangeStream: null
03-23 06:41:47.886 1512 1658 D ColorDisplayService: onNightDisplayAutoModeChanged: autoMode=0
03-23 06:41:47.886 1512 1658 I ColorDisplayService: Turning off night display
03-23 06:41:47.886 1512 1658 D ColorDisplayService: Setting bright color reduction level: 50
03-23 06:41:47.887 1512 1697 V DisplayPowerController[0]: Brightness [1.0] manual adjustment.
01-01 13:44:32.758 0 0 I : read descriptors
01-01 13:44:32.758 0 0 I : read strings
03-23 06:41:47.916 1512 1659 I ActivityRecord: real home.....com.thundercomm.tcsetupwizard/.TcSetupSecondActivity
03-23 06:41:47.916 1512 1659 I WindowManager: ******* TELLING SURFACE FLINGER WE ARE BOOTED!
03-23 06:41:47.917 1512 1655 I wm_activity_launch_time: [0,199288554,com.thundercomm.tcsetupwizard/.TcSetupSecondActivity,272]
03-23 06:41:47.922 1512 3344 I MicroServiceManager: requestResult(requestAudioFocus) parameters is{"functionInfo":{"IDCM_AudioFocus":"AudioFocus_Media"}}.
