01-01 13:43:57.007 0 0 W subsys-pil-tz soc: qcom,kgsl-hyp: Falling back to syfs fallback for: a650_zap.mdt
01-01 13:43:57.017 0 0 W QSEECOM : qseecom_load_app: App (featenabler) does'nt exist, loading apps for first time
01-01 13:43:56.275 996 996 I auditd : type=1400 audit(0.0:78): avc: denied { read write } for comm="sensors.qti" name="diag" dev="tmpfs" ino=11411 scontext=u:r:vendor_sensors_qti:s0 tcontext=u:object_r:vendor_diag_device:s0 tclass=chr_file permissive=0
01-01 13:43:56.284 1163 1163 I iorapd : Reinitialized database at '/data/misc/iorapd/sqlite.db'
01-01 13:43:56.284 1163 1163 W iorapd : Reconnect to package manager service: 1 times
01-01 13:43:57.032 0 0 I binder : 1163:1163 ioctl 40046210 7fcdaa23d4 returned -22
01-01 13:43:57.045 0 0 W QSEECOM : qseecom_load_app: App with id 5 (featenabler) now loaded
01-01 13:43:57.051 0 0 I binder : 1184:1184 ioctl 40046210 7ffa6d6e44 returned -22
01-01 13:43:57.063 0 0 I binder : 1189:1189 ioctl 40046210 7fcefa02c4 returned -22
01-01 13:43:56.315 1189 1189 I installd: installd firing up
01-01 13:43:56.315 1189 1189 D installd: Assuming that device has multi-user storage layout; upgrade no longer supported
01-01 13:43:56.315 1189 1189 D installd: Upgrading to /data/misc/user directories
01-01 13:43:57.074 0 0 I lan743x 0001: 01:00.0 eth0: using MSIX interrupts, number of vectors = 6
01-01 13:43:57.084 0 0 I binder : 1186:1186 ioctl 40046210 7fd3fc9654 returned -22
01-01 13:43:57.090 0 0 I mv2112_config_aneg: autoneg 1
01-01 13:43:57.090 0 0 I : mv2112_restart_aneg
01-01 13:43:57.091 0 0 E mv2112_read_status: autoneg not complete;time=11552 ms
01-01 13:43:57.091 0 0 I lan743x 0001: 01:00.0 eth0: Link is Down
01-01 13:43:56.339 1223 1223 I auditd : type=1400 audit(0.0:79): avc: denied { read write } for comm="ipacm-diag" name="diag" dev="tmpfs" ino=11411 scontext=u:r:hal_tetheroffload_default:s0 tcontext=u:object_r:vendor_diag_device:s0 tclass=chr_file permissive=0
01-01 13:43:57.101 0 0 I binder : 1197:1197 ioctl 40046210 7fc14c8f34 returned -22
01-01 13:43:56.359 1216 1216 I auditd : type=1400 audit(0.0:80): avc: denied { read write } for comm="imsqmidaemon" name="diag" dev="tmpfs" ino=11411 scontext=u:r:vendor_ims:s0 tcontext=u:object_r:vendor_diag_device:s0 tclass=chr_file permissive=0
01-01 13:43:57.115 0 0 I binder : 1208:1208 ioctl 40046210 7fce3a07c4 returned -22
01-01 13:43:56.359 1216 1216 I auditd : type=1400 audit(0.0:81): avc: denied { read write } for comm="imsqmidaemon" name="diag" dev="tmpfs" ino=11411 scontext=u:r:vendor_ims:s0 tcontext=u:object_r:vendor_diag_device:s0 tclass=chr_file permissive=0
01-01 13:43:56.359 1216 1216 I auditd : type=1400 audit(0.0:82): avc: denied { read write } for comm="imsqmidaemon" name="diag" dev="tmpfs" ino=11411 scontext=u:r:vendor_ims:s0 tcontext=u:object_r:vendor_diag_device:s0 tclass=chr_file permissive=0
01-01 13:43:56.359 1216 1216 I auditd : type=1400 audit(0.0:83): avc: denied { read write } for comm="imsqmidaemon" name="diag" dev="tmpfs" ino=11411 scontext=u:r:vendor_ims:s0 tcontext=u:object_r:vendor_diag_device:s0 tclass=chr_file permissive=0
01-01 13:43:56.359 1216 1216 I auditd : type=1400 audit(0.0:84): avc: denied { read write } for comm="imsqmidaemon" name="diag" dev="tmpfs" ino=11411 scontext=u:r:vendor_ims:s0 tcontext=u:object_r:vendor_diag_device:s0 tclass=chr_file permissive=0
01-01 13:43:56.359 1216 1216 I auditd : type=1400 audit(0.0:85): avc: denied { read write } for comm="imsqmidaemon" name="diag" dev="tmpfs" ino=11411 scontext=u:r:vendor_ims:s0 tcontext=u:object_r:vendor_diag_device:s0 tclass=chr_file permissive=0
01-01 13:43:56.359 1216 1216 I auditd : type=1400 audit(0.0:86): avc: denied { read write } for comm="imsqmidaemon" name="diag" dev="tmpfs" ino=11411 scontext=u:r:vendor_ims:s0 tcontext=u:object_r:vendor_diag_device:s0 tclass=chr_file permissive=0
01-01 13:43:56.359 1216 1216 I auditd : type=1400 audit(0.0:87): avc: denied { read write } for comm="imsqmidaemon" name="diag" dev="tmpfs" ino=11411 scontext=u:r:vendor_ims:s0 tcontext=u:object_r:vendor_diag_device:s0 tclass=chr_file permissive=0
01-01 13:43:56.359 1216 1216 I auditd : type=1400 audit(0.0:88): avc: denied { read write } for comm="imsqmidaemon" name="diag" dev="tmpfs" ino=11411 scontext=u:r:vendor_ims:s0 tcontext=u:object_r:vendor_diag_device:s0 tclass=chr_file permissive=0
01-01 13:43:56.359 1216 1216 I auditd : type=1400 audit(0.0:89): avc: denied { read write } for comm="imsqmidaemon" name="diag" dev="tmpfs" ino=11411 scontext=u:r:vendor_ims:s0 tcontext=u:object_r:vendor_diag_device:s0 tclass=chr_file permissive=0
01-01 13:43:57.125 0 0 I lan743x 0001: 01:00.0 eth0: successfully registered ptp clock
01-01 13:43:57.125 0 0 I kona-asoc-snd soc: qcom,msm-audio-apr:qcom,q6core-audio:sound: msm_asoc_machine_probe: Sound card kona-mtp-snd-card registered
01-01 13:43:57.126 0 0 E register_client_adhoc: find path.src 1 dest 589
01-01 13:43:57.126 0 0 E register_client_adhoc: Failed to find path.src 1 dest 589
01-01 13:43:57.136 0 0 I IPv6 : ADDRCONF(NETDEV_UP): eth0: link is not ready
01-01 13:43:56.389 1217 1217 I imsrcsd : Uce Service HAL is starting up...
01-01 13:43:56.391 1217 1217 I imsrcsd : Uce Service HAL loading imsrcsbaseimpl
01-01 13:43:57.142 0 0 E wlan : Loading driver v5.2.022.10G; 2023-03-23T07:51:30Z; cld:; cmn:;
01-01 13:43:57.150 0 0 E ipa3_uc_reg_rdyCB: 2973 bad parm. inout=0000000000000000
01-01 13:43:57.150 0 0 I : wlan_hdd_state wlan major(476) initialized
01-01 13:43:57.150 0 0 D cnss : Start to wait for calibration to complete
01-01 13:43:57.170 0 0 I binder : 1205:1246 ioctl 40046210 7c2f03d104 returned -22
01-01 13:43:57.180 0 0 E : [drm:dp_display_init_aux_switch][msm-dp-err][78 ]failed to register notifier (-22)
01-01 13:43:57.183 0 0 I subsys-pil-tz soc: qcom,kgsl-hyp: a650_zap: loading from 0x00000000fcd00000 to 0x00000000fcd01000
01-01 13:43:57.184 0 0 I binder : 1207:1207 ioctl 40046210 7fc534e2f4 returned -22
01-01 13:43:57.187 0 0 W subsys-pil-tz soc: qcom,kgsl-hyp: Falling back to syfs fallback for: a650_zap.b02
01-01 13:43:57.190 0 0 E swr-wcd rx_swr_ctrl: swrm_get_logical_dev_num: device 0xd01170224 is not ready
01-01 13:43:57.190 0 0 E swr_get_logical_dev_num: Error -22 to get logical addr for device d01170224
01-01 13:43:57.190 0 0 E swr-wcd rx_swr_ctrl: swrm_get_logical_dev_num: device 0xd01170224 is not ready
01-01 13:43:57.190 0 0 E swr_get_logical_dev_num: Error -22 to get logical addr for device d01170224
01-01 13:43:57.191 0 0 E swr-wcd rx_swr_ctrl: swrm_get_logical_dev_num: device 0xd01170224 is not ready
01-01 13:43:57.191 0 0 E swr_get_logical_dev_num: Error -22 to get logical addr for device d01170224
01-01 13:43:57.191 0 0 E swr-wcd rx_swr_ctrl: swrm_get_logical_dev_num: device 0xd01170224 is not ready
01-01 13:43:57.191 0 0 E swr_get_logical_dev_num: Error -22 to get logical addr for device d01170224
01-01 13:43:57.191 0 0 E swr-wcd rx_swr_ctrl: swrm_get_logical_dev_num: device 0xd01170224 is not ready
01-01 13:43:57.191 0 0 E swr_get_logical_dev_num: Error -22 to get logical addr for device d01170224
01-01 13:43:57.191 0 0 E wcd938x_codec wcd938x-codec: wcd938x_bind: Slave bind failed, ret = -517
01-01 13:43:57.192 0 0 I binder : 1258:1258 ioctl 40046210 7ff45d3c94 returned -22
01-01 13:43:56.436 1207 1207 I wificond: wificond is starting up...
01-01 13:43:57.195 0 0 I : tsnv nv_initialize successfully!
01-01 13:43:57.199 0 0 I binder : 1207:1207 ioctl 40046210 7fc534e274 returned -22
01-01 13:43:57.203 0 0 I cnss-daemon: interop issues ap: read_iot_ap_file: No such file /data/vendor/wifi/iotap_ps.bin
01-01 13:43:57.203 0 0 I cnss-daemon: interop issues ap: read_iot_ap_ps_from_file, read file error
01-01 13:43:57.205 0 0 I cnss-daemon: NL group_id 10, cnss_nl.family_id 28
01-01 13:43:56.462 1207 1207 I HidlServiceManagement: Registered android.system.wifi.keystore@1.0::IKeystore/default
01-01 13:43:56.463 1215 1215 I auditd : type=1400 audit(0.0:90): avc: denied { read write } for comm="ims_rtp_daemon" name="diag" dev="tmpfs" ino=11411 scontext=u:r:vendor_hal_imsrtp:s0 tcontext=u:object_r:vendor_diag_device:s0 tclass=chr_file permissive=0
01-01 13:43:57.205 0 0 I cnss-daemon: wlfw_start: Starting
01-01 13:43:57.219 0 0 I cnss-daemon: ro.baseband : [apq]
01-01 13:43:57.219 0 0 I cnss-daemon: Hardware supports external modem
01-01 13:43:57.219 0 0 I cnss-daemon: wlfw_service_request: Start the pthread: 0x0K
01-01 13:43:57.220 0 0 I cnss-daemon: pm_release_vote: pm_handle is NULL
01-01 13:43:57.220 0 0 I cnss-daemon: pm_release_vote: pm_handle is NULL
01-01 13:43:57.220 0 0 I cnss-daemon: wlfw_build_cal_table: not read /data/vendor/wifi/wlfw_cal_00.bin
01-01 13:43:57.225 0 0 D cnss : Received QMI WLFW request memory indication
01-01 13:43:57.225 0 0 D cnss : FW requests for memory, size: 0x5e0000, type: 1
01-01 13:43:57.225 0 0 D cnss : FW requests for memory, size: 0xd8000, type: 4
01-01 13:43:57.225 0 0 D cnss : Posting event: REQUEST_MEM(2), state: 0x9 flags: 0x0
01-01 13:43:57.225 0 0 D cnss : PM stay awake, state: 0x9, count: 1
01-01 13:43:57.225 0 0 D cnss : PM relax, state: 0x9, count: 0
01-01 13:43:57.225 0 0 D cnss : PM stay awake, state: 0x9, count: 1
01-01 13:43:57.225 0 0 D cnss : Processing driver event: REQUEST_MEM(2), state: 0x9
01-01 13:43:57.227 0 0 D cnss : Sending respond memory message, state: 0x9
01-01 13:43:57.227 0 0 D cnss : Memory for FW, va: 0x0000000000000000, pa: 0x00000000a1000000, size: 0x5e0000, type: 1
01-01 13:43:57.227 0 0 D cnss : Memory for FW, va: 0x0000000000000000, pa: 0x00000000a1600000, size: 0xd8000, type: 4
01-01 13:43:56.479 996 996 I auditd : type=1400 audit(0.0:91): avc: denied { read write } for comm="sensors.qti" name="diag" dev="tmpfs" ino=11411 scontext=u:r:vendor_sensors_qti:s0 tcontext=u:object_r:vendor_diag_device:s0 tclass=chr_file permissive=0
01-01 13:43:57.231 0 0 D cnss : PM relax, state: 0x9, count: 0
01-01 13:43:57.233 0 0 D cnss : Received QMI WLFW FW memory ready indication
01-01 13:43:57.233 0 0 D cnss : Posting event: FW_MEM_READY(3), state: 0x9 flags: 0x0
01-01 13:43:57.233 0 0 D cnss : PM stay awake, state: 0x9, count: 1
01-01 13:43:57.233 0 0 D cnss : PM relax, state: 0x9, count: 0
01-01 13:43:57.233 0 0 D cnss : PM stay awake, state: 0x9, count: 1
01-01 13:43:57.233 0 0 D cnss : Processing driver event: FW_MEM_READY(3), state: 0x9
01-01 13:43:57.233 0 0 D cnss : Sending target capability message, state: 0xb
01-01 13:43:57.244 0 0 D cnss : Voltage for CPR: 948mV
01-01 13:43:57.244 0 0 D cnss : Got voltage 800mV from i: 0, j: 0
01-01 13:43:57.244 0 0 D cnss : Got voltage 1012mV from i: 4, j: 1
01-01 13:43:57.244 0 0 D cnss : Update TCS CMD data address 0x000000000b2e5844 with voltage 950mV
01-01 13:43:57.244 0 0 D cnss : Device frequency is 24000000 HZ
01-01 13:43:57.244 0 0 D cnss : Target capability: chip_id: 0x0, chip_family: 0xb, board_id: 0xff, soc_id: 0xffffffff, fw_version: 0x101a0521, fw_build_timestamp: 2021-12-20 07:54, fw_build_id: QC_IMAGE_VERSION_STRING=WLAN.HST.1.0.1.r1-01313-QCAHSTSWPL_SILICONZ-1, otp_version: 0x0
01-01 13:43:57.244 0 0 D cnss : Sending BDF download message, state: 0xb, type: 4
01-01 13:43:57.244 0 0 D cnss : FW name added with prefix: qca6390/regdb.bin
01-01 13:43:57.244 0 0 W cnss2 b0000000.qcom,cnss-qca6390: Falling back to syfs fallback for: qca6390/regdb.bin
01-01 13:43:57.258 0 0 E cnss : Failed to load BDF: qca6390/regdb.bin
01-01 13:43:57.258 0 0 D cnss : Sending BDF download message, state: 0xb, type: 1
01-01 13:43:57.258 0 0 D cnss : FW name added with prefix: qca6390/bdwlan.elf
01-01 13:43:57.258 0 0 W cnss2 b0000000.qcom,cnss-qca6390: Falling back to syfs fallback for: qca6390/bdwlan.elf
01-01 13:43:56.507 1211 1211 I auditd : type=1400 audit(0.0:92): avc: denied { read write } for comm="cnd" name="diag" dev="tmpfs" ino=11411 scontext=u:r:vendor_cnd:s0 tcontext=u:object_r:vendor_diag_device:s0 tclass=chr_file permissive=0
01-01 13:43:57.262 0 0 I subsys-pil-tz soc: qcom,kgsl-hyp: a650_zap: Brought out of reset
01-01 13:43:57.262 0 0 D cnss : Downloading BDF: qca6390/bdwlan.elf, size: 57908
01-01 13:43:57.264 0 0 I binder : 1258:1258 ioctl 40046210 7ff45d3ac4 returned -22
01-01 13:43:57.274 0 0 I binder : 1100:1129 ioctl 40046210 789ea14144 returned -22
01-01 13:43:57.288 0 0 I binder : 1266:1266 ioctl 40046210 7ff3bf87a4 returned -22
01-01 13:43:57.291 0 0 W healthd : No battery devices found
01-01 13:43:56.544 0 0 W healthd : battery none chg=
01-01 13:43:56.539 829 829 I auditd : type=1400 audit(0.0:93): avc: denied { read } for comm="android.hardwar" name="type" dev="sysfs" ino=63818 scontext=u:r:hal_health_default:s0 tcontext=u:object_r:sysfs:s0 tclass=file permissive=0
01-01 13:43:56.552 0 0 D cnss : FW name added with prefix: qca6390/m3.bin
01-01 13:43:56.552 0 0 W cnss_pci 0000: 01:00.0: Falling back to syfs fallback for: qca6390/m3.bin
01-01 13:43:56.557 0 0 I binder : 1204:1204 ioctl 40046210 7fd3913af4 returned -22
01-01 13:43:56.558 0 0 D qbt : qbt_open: entry minor_no=0 fd_available=1
01-01 13:43:56.558 0 0 D qbt : qbt_open: exit : 0 fd_available=0
01-01 13:43:56.558 0 0 D qbt : qbt_open: entry minor_no=1 fd_available=0
01-01 13:43:56.558 0 0 D qbt : qbt_open: exit : 0 fd_available=0
01-01 13:43:56.558 0 0 D qbt : qbt_ioctl: cmd received 102
01-01 13:43:56.558 0 0 D qbt : qbt_ioctl: qbt_ioctl: QBT_ENABLE_IPC
01-01 13:43:56.488 1217 1217 I imsrcsd : Starting Service for First Time imsbaseimpl
01-01 13:43:56.493 1217 1217 I imsrcsd : Interface com.qualcomm.qti.uceservice@2.3::IUceService com.qualcomm.qti.uceservice is found in manifest
01-01 13:43:56.494 1217 1217 I HidlServiceManagement: Registered com.qualcomm.qti.uceservice@2.3::IUceService/com.qualcomm.qti.uceservice (start delay of 193ms)
01-01 13:43:56.495 1217 1217 I imsrcsd : Interface com.qualcomm.qti.imscmservice@2.2::IImsCmService qti.ims.connectionmanagerservice is found in manifest
01-01 13:43:56.495 1217 1217 I HidlServiceManagement: Registered com.qualcomm.qti.imscmservice@2.2::IImsCmService/qti.ims.connectionmanagerservice (start delay of 195ms)
01-01 13:43:56.496 1217 1217 I imsrcsd : Interface vendor.qti.ims.factory@1.1::IImsFactory default is not found in manifest
01-01 13:43:56.496 1217 1217 I imsrcsd : Interface vendor.qti.ims.factory@1.0::IImsFactory default is found in manifest
01-01 13:43:56.497 1217 1217 I HidlServiceManagement: Registered vendor.qti.ims.factory@1.0::IImsFactory/default (start delay of 196ms)
01-01 13:43:56.497 1217 1217 I imsrcsd : Interface vendor.qti.ims.callinfo@1.0::IService default is found in manifest
01-01 13:43:56.498 1217 1217 I HidlServiceManagement: Registered vendor.qti.ims.callinfo@1.0::IService/default (start delay of 198ms)
01-01 13:43:56.498 1217 1217 I imsrcsd : ImsRcsBaseImpl ImsCallInfo After Registering Service
01-01 13:43:56.566 0 0 D cnss : Sending M3 information message, state: 0xb
01-01 13:43:56.566 0 0 D cnss : M3 memory, va: 0x0000000000000000, pa: 0x00000000a1800000, size: 0x411bc
01-01 13:43:56.541 1275 1275 I TLOC : [main ]"TLOC DAEMON main thread"
01-01 13:43:56.541 1275 1275 D TLOC : [TLOCDaemon ]"---------- TLOC Daemon Starts ----------"
01-01 13:43:56.543 1275 1275 D TLOC : [TLOCChannel]"The channel was initialized successfully for TLOCD"
01-01 13:43:56.543 1275 1275 D TLOC : [TLOCChannel]"The channel was initialized successfully for TLOCL"
01-01 13:43:56.543 1275 1275 D TLOC : [TLOCChannel]"The channel was initialized successfully for MODEM"
01-01 13:43:56.543 1275 1275 D TLOC : [TLOCChannel]"TLOCChannel was initialized successfully"
01-01 13:43:56.543 1275 1275 D TLOC : [TLOCChannel] "TLOCChannel is already initialized"
01-01 13:43:56.571 0 0 D cnss : Received QMI WLFW FW initialization done indication
01-01 13:43:56.571 0 0 D cnss : Posting event: FW_READY(4), state: 0xb flags: 0x0
01-01 13:43:56.571 0 0 D cnss : Processing driver event: FW_READY(4), state: 0xb
01-01 13:43:56.571 0 0 D cnss : PCIE Gen speed not setup
01-01 13:43:56.571 0 0 D cnss : Sending antenna switch sync request, state: 0xf
01-01 13:43:56.577 0 0 E cnss : Antenna switch request failed, result: 1, err: 94
01-01 13:43:56.577 0 0 D cnss : Sending mode message, mode: CALIBRATION(7), state: 0xf
01-01 13:43:56.578 0 0 D qbt : qbt_ioctl: cmd received 107
01-01 13:43:56.578 0 0 D qbt : qbt_ioctl: Acquiring wakelock
01-01 13:43:56.583 0 0 I binder : 1200:1200 ioctl 40046210 ffd5dcb8 returned -22
01-01 13:43:56.585 0 0 I binder : 1191:1191 ioctl 40046210 7fee0e7164 returned -22
01-01 13:43:56.585 0 0 I capability: warning: `msm_irqbalance' uses 32-bit capabilities (legacy support in use)
01-01 13:43:56.586 0 0 I binder : 1204:1204 ioctl 40046210 7fd3913a24 returned -22
01-01 13:43:56.588 0 0 I binder : 1200:1200 ioctl 40046210 ffd5dca0 returned -22
01-01 13:43:56.587 1428 1428 I auditd : type=1400 audit(0.0:94): avc: denied { read write } for comm="imsdatadaemon" name="diag" dev="tmpfs" ino=11411 scontext=u:r:vendor_ims:s0 tcontext=u:object_r:vendor_diag_device:s0 tclass=chr_file permissive=0
01-01 13:43:56.587 1428 1428 I auditd : type=1400 audit(0.0:95): avc: denied { read write } for comm="imsdatadaemon" name="diag" dev="tmpfs" ino=11411 scontext=u:r:vendor_ims:s0 tcontext=u:object_r:vendor_diag_device:s0 tclass=chr_file permissive=0
01-01 13:43:56.587 1428 1428 I auditd : type=1400 audit(0.0:96): avc: denied { read write } for comm="imsdatadaemon" name="diag" dev="tmpfs" ino=11411 scontext=u:r:vendor_ims:s0 tcontext=u:object_r:vendor_diag_device:s0 tclass=chr_file permissive=0
01-01 13:43:56.587 1428 1428 I auditd : type=1400 audit(0.0:97): avc: denied { read write } for comm="imsdatadaemon" name="diag" dev="tmpfs" ino=11411 scontext=u:r:vendor_ims:s0 tcontext=u:object_r:vendor_diag_device:s0 tclass=chr_file permissive=0
01-01 13:43:56.587 1428 1428 I auditd : type=1400 audit(0.0:98): avc: denied { read write } for comm="imsdatadaemon" name="diag" dev="tmpfs" ino=11411 scontext=u:r:vendor_ims:s0 tcontext=u:object_r:vendor_diag_device:s0 tclass=chr_file permissive=0
01-01 13:43:56.587 1428 1428 I auditd : type=1400 audit(0.0:99): avc: denied { read write } for comm="imsdatadaemon" name="diag" dev="tmpfs" ino=11411 scontext=u:r:vendor_ims:s0 tcontext=u:object_r:vendor_diag_device:s0 tclass=chr_file permissive=0
01-01 13:43:56.587 1428 1428 I auditd : type=1400 audit(0.0:100): avc: denied { read write } for comm="imsdatadaemon" name="diag" dev="tmpfs" ino=11411 scontext=u:r:vendor_ims:s0 tcontext=u:object_r:vendor_diag_device:s0 tclass=chr_file permissive=0
01-01 13:43:56.587 1428 1428 I auditd : type=1400 audit(0.0:101): avc: denied { read write } for comm="imsdatadaemon" name="diag" dev="tmpfs" ino=11411 scontext=u:r:vendor_ims:s0 tcontext=u:object_r:vendor_diag_device:s0 tclass=chr_file permissive=0
01-01 13:43:56.587 1428 1428 I auditd : type=1400 audit(0.0:102): avc: denied { read write } for comm="imsdatadaemon" name="diag" dev="tmpfs" ino=11411 scontext=u:r:vendor_ims:s0 tcontext=u:object_r:vendor_diag_device:s0 tclass=chr_file permissive=0
01-01 13:43:56.587 1428 1428 I auditd : type=1400 audit(0.0:103): avc: denied { read write } for comm="imsdatadaemon" name="diag" dev="tmpfs" ino=11411 scontext=u:r:vendor_ims:s0 tcontext=u:object_r:vendor_diag_device:s0 tclass=chr_file permissive=0
01-01 13:43:56.587 1428 1428 I auditd : type=1400 audit(0.0:104): avc: denied { read write } for comm="imsdatadaemon" name="diag" dev="tmpfs" ino=11411 scontext=u:r:vendor_ims:s0 tcontext=u:object_r:vendor_diag_device:s0 tclass=chr_file permissive=0
01-01 13:43:56.587 1428 1428 I auditd : type=1400 audit(0.0:105): avc: denied { read write } for comm="imsdatadaemon" name="diag" dev="tmpfs" ino=11411 scontext=u:r:vendor_ims:s0 tcontext=u:object_r:vendor_diag_device:s0 tclass=chr_file permissive=0
01-01 13:43:56.587 1428 1428 I auditd : type=1400 audit(0.0:106): avc: denied { read write } for comm="imsdatadaemon" name="diag" dev="tmpfs" ino=11411 scontext=u:r:vendor_ims:s0 tcontext=u:object_r:vendor_diag_device:s0 tclass=chr_file permissive=0
01-01 13:43:56.587 1428 1428 I auditd : type=1400 audit(0.0:107): avc: denied { read write } for comm="imsdatadaemon" name="diag" dev="tmpfs" ino=11411 scontext=u:r:vendor_ims:s0 tcontext=u:object_r:vendor_diag_device:s0 tclass=chr_file permissive=0
01-01 13:43:56.587 1428 1428 I auditd : type=1400 audit(0.0:108): avc: denied { read write } for comm="imsdatadaemon" name="diag" dev="tmpfs" ino=11411 scontext=u:r:vendor_ims:s0 tcontext=u:object_r:vendor_diag_device:s0 tclass=chr_file permissive=0
01-01 13:43:56.587 1428 1428 I auditd : type=1400 audit(0.0:109): avc: denied { read write } for comm="imsdatadaemon" name="diag" dev="tmpfs" ino=11411 scontext=u:r:vendor_ims:s0 tcontext=u:object_r:vendor_diag_device:s0 tclass=chr_file permissive=0
01-01 13:43:56.587 1428 1428 I auditd : type=1400 audit(0.0:110): avc: denied { read write } for comm="imsdatadaemon" name="diag" dev="tmpfs" ino=11411 scontext=u:r:vendor_ims:s0 tcontext=u:object_r:vendor_diag_device:s0 tclass=chr_file permissive=0
01-01 13:43:56.587 1428 1428 I auditd : type=1400 audit(0.0:111): avc: denied { read write } for comm="imsdatadaemon" name="diag" dev="tmpfs" ino=11411 scontext=u:r:vendor_ims:s0 tcontext=u:object_r:vendor_diag_device:s0 tclass=chr_file permissive=0
01-01 13:43:56.587 1428 1428 I auditd : type=1400 audit(0.0:112): avc: denied { read write } for comm="imsdatadaemon" name="diag" dev="tmpfs" ino=11411 scontext=u:r:vendor_ims:s0 tcontext=u:object_r:vendor_diag_device:s0 tclass=chr_file permissive=0
01-01 13:43:56.587 1428 1428 I auditd : type=1400 audit(0.0:113): avc: denied { read write } for comm="imsdatadaemon" name="diag" dev="tmpfs" ino=11411 scontext=u:r:vendor_ims:s0 tcontext=u:object_r:vendor_diag_device:s0 tclass=chr_file permissive=0
01-01 13:43:56.595 1428 1428 I auditd : type=1400 audit(0.0:114): avc: denied { read write } for comm="imsdatadaemon" name="diag" dev="tmpfs" ino=11411 scontext=u:r:vendor_ims:s0 tcontext=u:object_r:vendor_diag_device:s0 tclass=chr_file permissive=0
01-01 13:43:56.595 1428 1428 I auditd : type=1400 audit(0.0:115): avc: denied { read write } for comm="imsdatadaemon" name="diag" dev="tmpfs" ino=11411 scontext=u:r:vendor_ims:s0 tcontext=u:object_r:vendor_diag_device:s0 tclass=chr_file permissive=0
01-01 13:43:56.595 1428 1428 I auditd : type=1400 audit(0.0:116): avc: denied { read write } for comm="imsdatadaemon" name="diag" dev="tmpfs" ino=11411 scontext=u:r:vendor_ims:s0 tcontext=u:object_r:vendor_diag_device:s0 tclass=chr_file permissive=0
01-01 13:43:56.595 1428 1428 I auditd : type=1400 audit(0.0:117): avc: denied { read write } for comm="imsdatadaemon" name="diag" dev="tmpfs" ino=11411 scontext=u:r:vendor_ims:s0 tcontext=u:object_r:vendor_diag_device:s0 tclass=chr_file permissive=0
01-01 13:43:56.595 1428 1428 I auditd : type=1400 audit(0.0:118): avc: denied { read write } for comm="imsdatadaemon" name="diag" dev="tmpfs" ino=11411 scontext=u:r:vendor_ims:s0 tcontext=u:object_r:vendor_diag_device:s0 tclass=chr_file permissive=0
01-01 13:43:56.595 1428 1428 I auditd : type=1400 audit(0.0:119): avc: denied { read write } for comm="imsdatadaemon" name="diag" dev="tmpfs" ino=11411 scontext=u:r:vendor_ims:s0 tcontext=u:object_r:vendor_diag_device:s0 tclass=chr_file permissive=0
01-01 13:43:56.595 1428 1428 I auditd : type=1400 audit(0.0:120): avc: denied { read write } for comm="imsdatadaemon" name="diag" dev="tmpfs" ino=11411 scontext=u:r:vendor_ims:s0 tcontext=u:object_r:vendor_diag_device:s0 tclass=chr_file permissive=0
01-01 13:43:56.595 1428 1428 I auditd : type=1400 audit(0.0:121): avc: denied { read write } for comm="imsdatadaemon" name="diag" dev="tmpfs" ino=11411 scontext=u:r:vendor_ims:s0 tcontext=u:object_r:vendor_diag_device:s0 tclass=chr_file permissive=0
01-01 13:43:56.595 1428 1428 I auditd : type=1400 audit(0.0:122): avc: denied { read write } for comm="imsdatadaemon" name="diag" dev="tmpfs" ino=11411 scontext=u:r:vendor_ims:s0 tcontext=u:object_r:vendor_diag_device:s0 tclass=chr_file permissive=0
01-01 13:43:56.595 1428 1428 I auditd : type=1400 audit(0.0:123): avc: denied { read write } for comm="imsdatadaemon" name="diag" dev="tmpfs" ino=11411 scontext=u:r:vendor_ims:s0 tcontext=u:object_r:vendor_diag_device:s0 tclass=chr_file permissive=0
01-01 13:43:56.595 1428 1428 I auditd : type=1400 audit(0.0:124): avc: denied { read write } for comm="imsdatadaemon" name="diag" dev="tmpfs" ino=11411 scontext=u:r:vendor_ims:s0 tcontext=u:object_r:vendor_diag_device:s0 tclass=chr_file permissive=0
01-01 13:43:56.595 1428 1428 I auditd : type=1400 audit(0.0:125): avc: denied { read write } for comm="imsdatadaemon" name="diag" dev="tmpfs" ino=11411 scontext=u:r:vendor_ims:s0 tcontext=u:object_r:vendor_diag_device:s0 tclass=chr_file permissive=0
01-01 13:43:56.595 1428 1428 I auditd : type=1400 audit(0.0:126): avc: denied { read write } for comm="imsdatadaemon" name="diag" dev="tmpfs" ino=11411 scontext=u:r:vendor_ims:s0 tcontext=u:object_r:vendor_diag_device:s0 tclass=chr_file permissive=0
01-01 13:43:56.584 810 876 I liblog : 25
01-01 13:43:56.586 1204 1204 W storaged: health: invalid battery status
01-01 13:43:56.606 0 0 I binder : 1237:1237 ioctl 40046210 7fcac17524 returned -22
01-01 13:43:56.606 0 0 I binder : 1265:1265 ioctl 40046210 7fc5010174 returned -22
01-01 13:43:56.607 0 0 I binder : 1265:1265 ioctl 40046210 7fc500fd74 returned -22
01-01 13:43:56.615 0 0 W QSEECOM : qseecom_load_app: App (fingerpr) does'nt exist, loading apps for first time
01-01 13:43:56.645 0 0 I binder : 1179:1179 ioctl 40046210 7ff85739d4 returned -22
01-01 13:43:56.645 0 0 I binder : 1179:1179 ioctl 40046210 7ff85739f4 returned -22
01-01 13:43:56.679 996 996 I auditd : type=1400 audit(0.0:127): avc: denied { read write } for comm="sensors.qti" name="diag" dev="tmpfs" ino=11411 scontext=u:r:vendor_sensors_qti:s0 tcontext=u:object_r:vendor_diag_device:s0 tclass=chr_file permissive=0
01-01 13:43:56.710 0 0 I IPv6 : ADDRCONF(NETDEV_UP): vlan0: link is not ready
01-01 13:43:56.715 674 674 I boot_progress_preload_end: 11925
01-01 13:43:56.726 0 0 W QSEECOM : qseecom_load_app: App with id 6 (fingerpr) now loaded
01-01 13:43:56.739 1484 1484 I auditd : type=1400 audit(0.0:128): avc: denied { read } for comm="ip" name="rt_tables" dev="dm-10" ino=332 scontext=u:r:ethernet:s0 tcontext=u:object_r:net_data_file:s0 tclass=file permissive=0
01-01 13:43:56.743 0 0 D cnss : Received QMI WLFW pin connect result indication
01-01 13:43:56.743 0 0 D cnss : Removing vote for Regulator vdd-wlan-rfa2
01-01 13:43:56.743 0 0 D cnss : Pin connect Result: pwr_pin: 0x1 phy_io_pin: 0x0 rf_io_pin: 0x0
01-01 13:43:56.743 0 0 D cnss : Removing vote for Regulator vdd-wlan-rfa1
01-01 13:43:56.743 0 0 D cnss : Removing vote for Regulator vdd-wlan-dig
01-01 13:43:56.743 0 0 D cnss : Removing vote for Regulator vdd-wlan-aon
01-01 13:43:56.743 0 0 D cnss : Removing vote for Regulator vdd-wlan-io
01-01 13:43:56.743 0 0 D cnss : PM relax, state: 0xf, count: 0
01-01 13:43:56.743 0 0 D cnss : PM stay awake, state: 0xf, count: 1
01-01 13:43:56.743 0 0 D cnss : PM relax, state: 0xf, count: 0
01-01 13:43:56.755 1491 1491 I auditd : type=1400 audit(0.0:129): avc: denied { read } for comm="ip" name="rt_tables" dev="dm-10" ino=332 scontext=u:r:ethernet:s0 tcontext=u:object_r:net_data_file:s0 tclass=file permissive=0
01-01 13:43:56.880 0 0 W QSEECOM : __qseecom_unload_app: App (6) is unloaded
01-01 13:43:56.880 0 0 D qbt : qbt_release: entry minor_no=0 fd_available=0
01-01 13:43:56.880 0 0 D qbt : qbt_release: Releasing wakelock
01-01 13:43:56.880 0 0 D qbt : qbt_release: exit : fd_available=1
01-01 13:43:56.880 0 0 D qbt : qbt_release: entry minor_no=1 fd_available=1
01-01 13:43:56.880 0 0 D qbt : qbt_release: exit : fd_available=1
01-01 13:43:56.875 1273 1273 I auditd : type=1400 audit(0.0:130): avc: denied { read write } for comm="qfp-daemon" name="diag" dev="tmpfs" ino=11411 scontext=u:r:vendor_qfp-daemon:s0 tcontext=u:object_r:vendor_diag_device:s0 tclass=chr_file permissive=0
01-01 13:43:56.879 996 996 I auditd : type=1400 audit(0.0:131): avc: denied { read write } for comm="sensors.qti" name="diag" dev="tmpfs" ino=11411 scontext=u:r:vendor_sensors_qti:s0 tcontext=u:object_r:vendor_diag_device:s0 tclass=chr_file permissive=0
01-01 13:43:56.953 0 0 I IPv6 : ADDRCONF(NETDEV_UP): vlan1: link is not ready
01-01 13:43:56.957 0 0 I binder : 1512:1512 ioctl 40046210 7ff2285884 returned -22
01-01 13:43:56.955 1542 1542 I auditd : type=1400 audit(0.0:132): avc: denied { read } for comm="ip" name="rt_tables" dev="dm-10" ino=332 scontext=u:r:ethernet:s0 tcontext=u:object_r:net_data_file:s0 tclass=file permissive=0
01-01 13:43:56.971 1546 1546 I auditd : type=1400 audit(0.0:133): avc: denied { read } for comm="ip" name="rt_tables" dev="dm-10" ino=332 scontext=u:r:ethernet:s0 tcontext=u:object_r:net_data_file:s0 tclass=file permissive=0
01-01 13:43:57.023 1556 1556 I auditd : type=1400 audit(0.0:134): avc: denied { getattr } for comm="hvdcp_opti" path="/dev/kmsg" dev="tmpfs" ino=15382 scontext=u:r:vendor_hvdcp:s0 tcontext=u:object_r:kmsg_device:s0 tclass=chr_file permissive=0
01-01 13:43:57.023 1556 1556 I auditd : type=1400 audit(0.0:135): avc: denied { write } for comm="hvdcp_opti" name="kmsg" dev="tmpfs" ino=15382 scontext=u:r:vendor_hvdcp:s0 tcontext=u:object_r:kmsg_device:s0 tclass=chr_file permissive=0
01-01 13:43:57.023 1556 1556 I auditd : type=1400 audit(0.0:136): avc: denied { read } for comm="hvdcp_opti" name="devices" dev="sysfs" ino=46863 scontext=u:r:vendor_hvdcp:s0 tcontext=u:object_r:sysfs:s0 tclass=dir permissive=0
01-01 13:43:57.082 0 0 E : msm_qti_pp_get_rms_value_control, back not active to query rms be_idx:3
01-01 13:43:57.079 996 996 I auditd : type=1400 audit(0.0:137): avc: denied { read write } for comm="sensors.qti" name="diag" dev="tmpfs" ino=11411 scontext=u:r:vendor_sensors_qti:s0 tcontext=u:object_r:vendor_diag_device:s0 tclass=chr_file permissive=0
01-01 13:43:57.093 0 0 I core_get_license_status: cmdrsp_license_result.result = 0x15 for module 0x131ff
01-01 13:43:57.094 0 0 E msm_ext_disp_update_audio_ops: Display not found (EXT_DISPLAY_TYPE_DP) ctld (0) stream (0)
01-01 13:43:57.094 0 0 E msm_ext_disp_update_audio_ops: Display not found (EXT_DISPLAY_TYPE_HDMI) ctld (0) stream (0)
01-01 13:43:57.094 0 0 E msm_ext_disp_update_audio_ops: Display not found (EXT_DISPLAY_TYPE_DP) ctld (0) stream (0)
01-01 13:43:57.094 0 0 E msm_ext_disp_update_audio_ops: Display not found (EXT_DISPLAY_TYPE_DP) ctld (0) stream (0)
01-01 13:43:57.095 0 0 E msm_ext_disp_update_audio_ops: Display not found (EXT_DISPLAY_TYPE_DP) ctld (0) stream (0)
01-01 13:43:57.095 0 0 E msm-ext-disp-audio-codec-rx soc: qcom,msm-ext-disp:qcom,msm-ext-disp-audio-codec-rx: msm_ext_disp_audio_type_get: get_audio_edid_blk() or get_intf_id is NULL
01-01 13:43:57.095 0 0 E msm_ext_disp_update_audio_ops: Display not found (EXT_DISPLAY_TYPE_DP) ctld (0) stream (0)
01-01 13:43:57.095 0 0 E msm-ext-disp-audio-codec-rx soc: qcom,msm-ext-disp:qcom,msm-ext-disp-audio-codec-rx: msm_ext_disp_audio_type_get: get_audio_edid_blk() or get_intf_id is NULL
01-01 13:43:57.095 0 0 E msm_ext_disp_update_audio_ops: Display not found (EXT_DISPLAY_TYPE_DP) ctld (0) stream (0)
01-01 13:43:57.095 0 0 E msm-ext-disp-audio-codec-rx soc: qcom,msm-ext-disp:qcom,msm-ext-disp-audio-codec-rx: msm_ext_disp_audio_type_get: get_audio_edid_blk() or get_intf_id is NULL
01-01 13:43:57.096 0 0 E msm-ext-disp-audio-codec-rx soc: qcom,msm-ext-disp:qcom,msm-ext-disp-audio-codec-rx: msm_ext_disp_audio_device_get: invalid dai id: 4
01-01 13:43:57.113 0 0 I IPv6 : ADDRCONF(NETDEV_UP): vlan2: link is not ready
01-01 13:43:57.111 1574 1574 I auditd : type=1400 audit(0.0:138): avc: denied { read } for comm="ip" name="rt_tables" dev="dm-10" ino=332 scontext=u:r:ethernet:s0 tcontext=u:object_r:net_data_file:s0 tclass=file permissive=0
01-01 13:43:57.119 1575 1575 I auditd : type=1400 audit(0.0:139): avc: denied { read } for comm="ip" name="rt_tables" dev="dm-10" ino=332 scontext=u:r:ethernet:s0 tcontext=u:object_r:net_data_file:s0 tclass=file permissive=0
01-01 13:43:57.147 0 0 E : msm_pcm_volume_ctl_get substream not found
01-01 13:43:57.221 0 0 I IPv6 : ADDRCONF(NETDEV_UP): vlan4: link is not ready
01-01 13:43:57.219 1600 1600 I auditd : type=1400 audit(0.0:140): avc: denied { read } for comm="ip" name="rt_tables" dev="dm-10" ino=332 scontext=u:r:ethernet:s0 tcontext=u:object_r:net_data_file:s0 tclass=file permissive=0
01-01 13:43:57.227 1608 1608 I auditd : type=1400 audit(0.0:141): avc: denied { read } for comm="ip" name="rt_tables" dev="dm-10" ino=332 scontext=u:r:ethernet:s0 tcontext=u:object_r:net_data_file:s0 tclass=file permissive=0
01-01 13:43:57.241 1512 1512 I SystemServerTiming: InitBeforeStartServices
01-01 13:43:57.242 1512 1512 I system_server_start: [1,12450,12450]
01-01 13:43:57.242 1512 1512 I SystemServer: Entered the Android system server!
01-01 13:43:57.242 1512 1512 I boot_progress_system_run: 12452
01-01 13:43:57.239 0 0 E : msm_qti_pp_get_rms_value_control, back not active to query rms be_idx:3
01-01 13:43:57.253 0 0 I core_get_license_status: cmdrsp_license_result.result = 0x15 for module 0x131ff
01-01 13:43:57.254 0 0 E msm_ext_disp_update_audio_ops: Display not found (EXT_DISPLAY_TYPE_DP) ctld (0) stream (0)
01-01 13:43:57.254 0 0 E msm_ext_disp_update_audio_ops: Display not found (EXT_DISPLAY_TYPE_HDMI) ctld (0) stream (0)
01-01 13:43:57.254 0 0 E msm_ext_disp_update_audio_ops: Display not found (EXT_DISPLAY_TYPE_DP) ctld (0) stream (0)
01-01 13:43:57.254 0 0 E msm_ext_disp_update_audio_ops: Display not found (EXT_DISPLAY_TYPE_DP) ctld (0) stream (0)
01-01 13:43:57.254 0 0 E msm_ext_disp_update_audio_ops: Display not found (EXT_DISPLAY_TYPE_DP) ctld (0) stream (0)
01-01 13:43:57.254 0 0 E msm-ext-disp-audio-codec-rx soc: qcom,msm-ext-disp:qcom,msm-ext-disp-audio-codec-rx: msm_ext_disp_audio_type_get: get_audio_edid_blk() or get_intf_id is NULL
01-01 13:43:57.255 0 0 E msm_ext_disp_update_audio_ops: Display not found (EXT_DISPLAY_TYPE_DP) ctld (0) stream (0)
01-01 13:43:57.255 0 0 E msm-ext-disp-audio-codec-rx soc: qcom,msm-ext-disp:qcom,msm-ext-disp-audio-codec-rx: msm_ext_disp_audio_type_get: get_audio_edid_blk() or get_intf_id is NULL
01-01 13:43:57.255 0 0 E msm_ext_disp_update_audio_ops: Display not found (EXT_DISPLAY_TYPE_DP) ctld (0) stream (0)
01-01 13:43:57.255 0 0 E msm-ext-disp-audio-codec-rx soc: qcom,msm-ext-disp:qcom,msm-ext-disp-audio-codec-rx: msm_ext_disp_audio_type_get: get_audio_edid_blk() or get_intf_id is NULL
01-01 13:43:57.257 0 0 E msm-ext-disp-audio-codec-rx soc: qcom,msm-ext-disp:qcom,msm-ext-disp-audio-codec-rx: msm_ext_disp_audio_device_get: invalid dai id: 4
01-01 13:43:57.279 996 996 I auditd : type=1400 audit(0.0:142): avc: denied { read write } for comm="sensors.qti" name="diag" dev="tmpfs" ino=11411 scontext=u:r:vendor_sensors_qti:s0 tcontext=u:object_r:vendor_diag_device:s0 tclass=chr_file permissive=0
01-01 13:43:57.312 0 0 E : msm_pcm_volume_ctl_get substream not found
01-01 13:43:57.331 1512 1512 I SystemServerInitThreadPool: Creating instance with 8 threads
01-01 13:43:57.364 0 0 I IPv6 : ADDRCONF(NETDEV_UP): vlan8: link is not ready
01-01 13:43:57.363 1627 1627 I auditd : type=1400 audit(0.0:143): avc: denied { read } for comm="ip" name="rt_tables" dev="dm-10" ino=332 scontext=u:r:ethernet:s0 tcontext=u:object_r:net_data_file:s0 tclass=file permissive=0
01-01 13:43:57.371 1628 1628 I auditd : type=1400 audit(0.0:144): avc: denied { read } for comm="ip" name="rt_tables" dev="dm-10" ino=332 scontext=u:r:ethernet:s0 tcontext=u:object_r:net_data_file:s0 tclass=file permissive=0
01-01 13:43:57.407 810 810 I auditd : type=1400 audit(0.0:145): avc: denied { read write } for comm="HwBinder:810_2" name="diag" dev="tmpfs" ino=11411 scontext=u:r:hal_audio_default:s0 tcontext=u:object_r:vendor_diag_device:s0 tclass=chr_file permissive=0
01-01 13:43:57.474 0 0 I IPv6 : ADDRCONF(NETDEV_UP): vlan11: link is not ready
01-01 13:43:57.479 1646 1646 I auditd : type=1400 audit(0.0:146): avc: denied { read } for comm="ip" name="rt_tables" dev="dm-10" ino=332 scontext=u:r:ethernet:s0 tcontext=u:object_r:net_data_file:s0 tclass=file permissive=0
01-01 13:43:57.479 996 996 I auditd : type=1400 audit(0.0:147): avc: denied { read write } for comm="sensors.qti" name="diag" dev="tmpfs" ino=11411 scontext=u:r:vendor_sensors_qti:s0 tcontext=u:object_r:vendor_diag_device:s0 tclass=chr_file permissive=0
01-01 13:43:57.483 1647 1647 I auditd : type=1400 audit(0.0:148): avc: denied { read } for comm="ip" name="rt_tables" dev="dm-10" ino=332 scontext=u:r:ethernet:s0 tcontext=u:object_r:net_data_file:s0 tclass=file permissive=0
01-01 13:43:57.487 1213 1213 I auditd : type=1400 audit(0.0:149): avc: denied { write } for comm="sh" name="ip_forward" dev="proc" ino=1790 scontext=u:r:ethernet:s0 tcontext=u:object_r:proc_net:s0 tclass=file permissive=0
01-01 13:43:57.487 1213 1213 I auditd : type=1400 audit(0.0:150): avc: denied { write } for comm="sh" name="ip_default_ttl" dev="proc" ino=23503 scontext=u:r:ethernet:s0 tcontext=u:object_r:proc_net:s0 tclass=file permissive=0
01-01 13:43:57.487 1213 1213 I auditd : type=1400 audit(0.0:151): avc: denied { write } for comm="sh" name="tcp_keepalive_probes" dev="proc" ino=23504 scontext=u:r:ethernet:s0 tcontext=u:object_r:proc_net:s0 tclass=file permissive=0
01-01 13:43:57.487 1213 1213 I auditd : type=1400 audit(0.0:152): avc: denied { write } for comm="sh" name="tcp_keepalive_intvl" dev="proc" ino=23505 scontext=u:r:ethernet:s0 tcontext=u:object_r:proc_net:s0 tclass=file permissive=0
01-01 13:43:57.487 1213 1213 I auditd : type=1400 audit(0.0:153): avc: denied { write } for comm="sh" name="tcp_keepalive_time" dev="proc" ino=23506 scontext=u:r:ethernet:s0 tcontext=u:object_r:proc_net:s0 tclass=file permissive=0
01-01 13:43:57.487 1213 1213 I auditd : type=1400 audit(0.0:154): avc: denied { write } for comm="sh" name="tcp_rmem" dev="proc" ino=23507 scontext=u:r:ethernet:s0 tcontext=u:object_r:proc_net:s0 tclass=file permissive=0
01-01 13:43:57.487 1213 1213 I auditd : type=1400 audit(0.0:155): avc: denied { write } for comm="sh" name="tcp_wmem" dev="proc" ino=23508 scontext=u:r:ethernet:s0 tcontext=u:object_r:proc_net:s0 tclass=file permissive=0
01-01 13:43:57.487 1213 1213 I auditd : type=1400 audit(0.0:156): avc: denied { write } for comm="sh" name="tcp_synack_retries" dev="proc" ino=20072 scontext=u:r:ethernet:s0 tcontext=u:object_r:proc_net:s0 tclass=file permissive=0
01-01 13:43:57.487 1213 1213 I auditd : type=1400 audit(0.0:157): avc: denied { write } for comm="sh" name="tcp_syn_retries" dev="proc" ino=20071 scontext=u:r:ethernet:s0 tcontext=u:object_r:proc_net:s0 tclass=file permissive=0
01-01 13:43:57.487 1213 1213 I auditd : type=1400 audit(0.0:158): avc: denied { write } for comm="sh" name="tcp_max_tw_buckets" dev="proc" ino=23509 scontext=u:r:ethernet:s0 tcontext=u:object_r:proc_net:s0 tclass=file permissive=0
01-01 13:43:57.487 1213 1213 I auditd : type=1400 audit(0.0:159): avc: denied { write } for comm="sh" name="tcp_retries2" dev="proc" ino=20074 scontext=u:r:ethernet:s0 tcontext=u:object_r:proc_net:s0 tclass=file permissive=0
01-01 13:43:57.487 1213 1213 I auditd : type=1400 audit(0.0:160): avc: denied { write } for comm="sh" name="icmp_echo_ignore_all" dev="proc" ino=23510 scontext=u:r:ethernet:s0 tcontext=u:object_r:proc_net:s0 tclass=file permissive=0
01-01 13:43:57.487 1213 1213 I auditd : type=1400 audit(0.0:161): avc: denied { write } for comm="sh" name="icmp_echo_ignore_broadcasts" dev="proc" ino=23511 scontext=u:r:ethernet:s0 tcontext=u:object_r:proc_net:s0 tclass=file permissive=0
01-01 13:43:57.487 1213 1213 I auditd : type=1400 audit(0.0:162): avc: denied { write } for comm="sh" name="tcp_window_scaling" dev="proc" ino=23512 scontext=u:r:ethernet:s0 tcontext=u:object_r:proc_net:s0 tclass=file permissive=0
01-01 13:43:57.487 1213 1213 I auditd : type=1400 audit(0.0:163): avc: denied { write } for comm="sh" name="drop_gratuitous_arp" dev="proc" ino=23513 scontext=u:r:ethernet:s0 tcontext=u:object_r:proc_net:s0 tclass=file permissive=0
01-01 13:43:57.487 1213 1213 I auditd : type=1400 audit(0.0:164): avc: denied { write } for comm="sh" name="arp_accept" dev="proc" ino=23514 scontext=u:r:ethernet:s0 tcontext=u:object_r:proc_net:s0 tclass=file permissive=0
01-01 13:43:57.487 1213 1213 I auditd : type=1400 audit(0.0:165): avc: denied { write } for comm="sh" name="arp_notify" dev="proc" ino=23515 scontext=u:r:ethernet:s0 tcontext=u:object_r:proc_net:s0 tclass=file permissive=0
01-01 13:43:57.487 1213 1213 I auditd : type=1400 audit(0.0:166): avc: denied { write } for comm="sh" name="arp_ignore" dev="proc" ino=23516 scontext=u:r:ethernet:s0 tcontext=u:object_r:proc_net:s0 tclass=file permissive=0
01-01 13:43:57.544 1512 1512 I SystemServerTiming: StartServices
01-01 13:43:57.544 1512 1512 I SystemServerTiming: startBootstrapServices
01-01 13:43:57.544 1512 1512 I SystemServerTiming: StartWatchdog
01-01 13:43:57.548 1512 1512 I SystemServer: Reading configuration...
01-01 13:43:57.548 1512 1512 I SystemServerTiming: ReadingSystemConfig
01-01 13:43:57.548 1512 1512 I SystemServerTiming: PlatformCompat
01-01 13:43:57.548 1512 1663 I SystemServerTimingAsync: InitThreadPoolExec:ReadingSystemConfig
01-01 13:43:57.550 1512 1663 I SystemConfig: Reading permissions from /system/etc/sysconfig/hiddenapi-package-whitelist.xml
01-01 13:43:57.550 1512 1512 D CompatConfig: Found a config file: /system/etc/compatconfig/framework-platform-compat-config.xml
01-01 13:43:57.551 1512 1512 D CompatConfig: Adding: com.android.server.compat.config.Change@dc5a547
01-01 13:43:57.551 1512 1663 I SystemConfig: Reading permissions from /system/etc/sysconfig/framework-sysconfig.xml
01-01 13:43:57.551 1512 1512 D CompatConfig: Adding: com.android.server.compat.config.Change@447969d
01-01 13:43:57.551 1512 1512 D CompatConfig: Adding: com.android.server.compat.config.Change@ccd2712
01-01 13:43:57.552 1512 1512 D CompatConfig: Adding: com.android.server.compat.config.Change@f2d4ee3
01-01 13:43:57.552 1512 1512 D CompatConfig: Adding: com.android.server.compat.config.Change@ae5f0e0
01-01 13:43:57.552 1512 1512 D CompatConfig: Adding: com.android.server.compat.config.Change@8bff99
01-01 13:43:57.552 1512 1512 D CompatConfig: Adding: com.android.server.compat.config.Change@cd2a25e
01-01 13:43:57.552 1512 1512 D CompatConfig: Adding: com.android.server.compat.config.Change@5dbf63f
01-01 13:43:57.552 1512 1512 D CompatConfig: Adding: com.android.server.compat.config.Change@7693b0c
01-01 13:43:57.552 1512 1512 D CompatConfig: Adding: com.android.server.compat.config.Change@f13fc55
01-01 13:43:57.552 1512 1663 I SystemConfig: Reading permissions from /system/etc/sysconfig/preinstalled-packages-platform-full-base.xml
01-01 13:43:57.552 1512 1512 D CompatConfig: Adding: com.android.server.compat.config.Change@a3b75b
01-01 13:43:57.553 1512 1512 D CompatConfig: Adding: com.android.server.compat.config.Change@2f4fbf8
01-01 13:43:57.553 1512 1512 D CompatConfig: Adding: com.android.server.compat.config.Change@e508d1
01-01 13:43:57.553 1512 1512 D CompatConfig: Adding: com.android.server.compat.config.Change@cda9f36
01-01 13:43:57.553 1512 1512 D CompatConfig: Adding: com.android.server.compat.config.Change@f5c6e37
01-01 13:43:57.553 1512 1663 I SystemConfig: Reading permissions from /system/etc/sysconfig/preinstalled-packages-com.android.providers.media.module.xml
01-01 13:43:57.553 1512 1512 D CompatConfig: Adding: com.android.server.compat.config.Change@7e0610d
01-01 13:43:57.553 1512 1512 D CompatConfig: Adding: com.android.server.compat.config.Change@52978c2
01-01 13:43:57.553 1512 1512 D CompatConfig: Adding: com.android.server.compat.config.Change@d7fb6d3
01-01 13:43:57.553 1512 1663 I SystemConfig: Reading permissions from /system/etc/sysconfig/qti_whitelist.xml
01-01 13:43:57.553 1512 1512 D CompatConfig: Adding: com.android.server.compat.config.Change@8bf0109
01-01 13:43:57.554 1512 1512 D CompatConfig: Adding: com.android.server.compat.config.Change@19a5f0e
01-01 13:43:57.554 1512 1512 D CompatConfig: Adding: com.android.server.compat.config.Change@a84ed2f
01-01 13:43:57.554 1512 1663 I SystemConfig: Reading permissions from /system/etc/sysconfig/preinstalled-packages-platform.xml
01-01 13:43:57.554 1512 1512 D CompatConfig: Adding: com.android.server.compat.config.Change@cda4c5
01-01 13:43:57.554 1512 1512 D CompatConfig: Adding: com.android.server.compat.config.Change@5215e1a
01-01 13:43:57.554 1512 1663 I SystemConfig: Reading permissions from /system/etc/permissions/org.apache.http.legacy.xml
01-01 13:43:57.555 1512 1512 D CompatConfig: Adding: com.android.server.compat.config.Change@19b5328
01-01 13:43:57.555 1512 1512 D CompatConfig: Adding: com.android.server.compat.config.Change@b68c841
01-01 13:43:57.555 1512 1512 D CompatConfig: Adding: com.android.server.compat.config.Change@be741e6
01-01 13:43:57.555 1512 1512 D CompatConfig: Adding: com.android.server.compat.config.Change@56f5327
01-01 13:43:57.555 1512 1512 D CompatConfig: Adding: com.android.server.compat.config.Change@2e679d4
01-01 13:43:57.555 1512 1512 D CompatConfig: Adding: com.android.server.compat.config.Change@9d59672
01-01 13:43:57.556 1512 1512 D CompatConfig: Adding: com.android.server.compat.config.Change@1f3fac3
01-01 13:43:57.556 1512 1512 D CompatConfig: Adding: com.android.server.compat.config.Change@11b5f40
01-01 13:43:57.556 1512 1663 I SystemConfig: Reading permissions from /system/etc/permissions/privapp-permissions-qti.xml
01-01 13:43:57.556 1512 1512 D CompatConfig: Adding: com.android.server.compat.config.Change@b2d3e79
01-01 13:43:57.556 1512 1512 D CompatConfig: Adding: com.android.server.compat.config.Change@5e2a7be
01-01 13:43:57.556 1512 1512 D CompatConfig: Adding: com.android.server.compat.config.Change@b91801f
01-01 13:43:57.556 1512 1512 D CompatConfig: Adding: com.android.server.compat.config.Change@8f72f6c
01-01 13:43:57.557 1512 1512 D CompatConfig: Adding: com.android.server.compat.config.Change@b3a4935
01-01 13:43:57.557 1512 1512 D CompatConfig: Adding: com.android.server.compat.config.Change@e1d81ca
01-01 13:43:57.557 1512 1512 D CompatConfig: Adding: com.android.server.compat.config.Change@c57ff3b
01-01 13:43:57.557 1512 1512 D CompatConfig: Adding: com.android.server.compat.config.Change@3ddd658
01-01 13:43:57.557 1512 1512 D CompatConfig: Adding: com.android.server.compat.config.Change@cd343b1
01-01 13:43:57.557 1512 1512 D CompatConfig: Adding: com.android.server.compat.config.Change@79f096
01-01 13:43:57.557 1512 1512 D CompatConfig: Adding: com.android.server.compat.config.Change@53d5417
01-01 13:43:57.557 1512 1512 D CompatConfig: Adding: com.android.server.compat.config.Change@b860004
01-01 13:43:57.557 1512 1512 D CompatConfig: Adding: com.android.server.compat.config.Change@32769ed
01-01 13:43:57.558 1512 1512 D CompatConfig: Adding: com.android.server.compat.config.Change@45c8022
01-01 13:43:57.558 1512 1512 D CompatConfig: Adding: com.android.server.compat.config.Change@6b91ab3
01-01 13:43:57.558 1512 1512 D CompatConfig: Adding: com.android.server.compat.config.Change@c651870
01-01 13:43:57.558 1512 1512 D CompatConfig: Adding: com.android.server.compat.config.Change@b1db7e9
01-01 13:43:57.558 1512 1512 D CompatConfig: Adding: com.android.server.compat.config.Change@e67c6e
01-01 13:43:57.558 1512 1512 D CompatConfig: Adding: com.android.server.compat.config.Change@720af0f
01-01 13:43:57.558 1512 1512 D CompatConfig: Adding: com.android.server.compat.config.Change@2db4b9c
01-01 13:43:57.559 1512 1512 D CompatConfig: Adding: com.android.server.compat.config.Change@f10e9a5
01-01 13:43:57.559 1512 1512 D CompatConfig: Adding: com.android.server.compat.config.Change@c01f17a
01-01 13:43:57.559 1512 1512 D CompatConfig: Adding: com.android.server.compat.config.Change@2c32d2b
01-01 13:43:57.559 1512 1512 D CompatConfig: Adding: com.android.server.compat.config.Change@f1f8588
01-01 13:43:57.559 1512 1512 D CompatConfig: Adding: com.android.server.compat.config.Change@a4b7b21
01-01 13:43:57.559 1512 1512 D CompatConfig: Adding: com.android.server.compat.config.Change@e2dab46
01-01 13:43:57.560 1512 1512 D CompatConfig: Adding: com.android.server.compat.config.Change@1c57107
01-01 13:43:57.560 1512 1512 D CompatConfig: Found a config file: /system/etc/compatconfig/documents-ui-compat-config.xml
01-01 13:43:57.561 1512 1663 I SystemConfig: Reading permissions from /system/etc/permissions/android.software.live_wallpaper.xml
01-01 13:43:57.560 0 0 E swr-wcd wsa_swr_ctrl: swrm_runtime_suspend: clk stop mode not supported or SSR entry
01-01 13:43:57.561 1512 1512 D CompatConfig: Adding: com.android.server.compat.config.Change@70935d2
01-01 13:43:57.561 1512 1512 D CompatConfig: Found a config file: /system/etc/compatconfig/calendar-provider-compat-config.xml
01-01 13:43:57.561 1512 1663 I SystemConfig: Reading permissions from /system/etc/permissions/javax.obex.xml
01-01 13:43:57.561 1512 1512 D CompatConfig: Adding: com.android.server.compat.config.Change@b976d59
01-01 13:43:57.561 1512 1512 D CompatConfig: Found a config file: /system/etc/compatconfig/icu4j-platform-compat-config.xml
01-01 13:43:57.562 1512 1512 D CompatConfig: Adding: com.android.server.compat.config.Change@1d6d3cc
01-01 13:43:57.562 1512 1663 I SystemConfig: Reading permissions from /system/etc/permissions/android.software.freeform_window_management.xml
01-01 13:43:57.562 1512 1512 D CompatConfig: Found a config file: /system/etc/compatconfig/services-platform-compat-config.xml
01-01 13:43:57.562 1512 1663 I SystemConfig: Reading permissions from /system/etc/permissions/com.android.media.remotedisplay.xml
01-01 13:43:57.562 1512 1663 I SystemConfig: Reading permissions from /system/etc/permissions/com.baidu.input.xml
01-01 13:43:57.562 1512 1512 D CompatConfig: Adding: com.android.server.compat.config.Change@78360b8
01-01 13:43:57.563 1512 1512 D CompatConfig: Adding: com.android.server.compat.config.Change@55d71f6
