03-23 06:43:01.046 2361 2361 V KeyguardUpdateMonitor: *** unregister callback for null
03-23 06:43:01.047 2866 2866 I wm_on_paused_called: [88042559,com.android.launcher3.uioverrides.QuickstepLauncher,performPause]
03-23 06:43:01.047 2866 2934 D BaseIconFactory: normalizeAndWrapToAdaptiveIcon: scale=0.8096529
03-23 06:43:01.049 2361 2361 E EmergencyButton: Fail to call TelephonyManager.requestCellInfoUpdate
03-23 06:43:01.049 2361 2361 E EmergencyButton: java.lang.IllegalStateException: Telephony is null
03-23 06:43:01.049 2361 2361 E EmergencyButton: at android.telephony.TelephonyManager.requestCellInfoUpdate(TelephonyManager.java:6362)
03-23 06:43:01.049 2361 2361 E EmergencyButton: at com.android.keyguard.EmergencyButtonController.requestCellInfoUpdate(EmergencyButtonController.java:182)
03-23 06:43:01.049 2361 2361 E EmergencyButton: at com.android.keyguard.EmergencyButtonController.access$100(EmergencyButtonController.java:51)
03-23 06:43:01.049 2361 2361 E EmergencyButton: at com.android.keyguard.EmergencyButtonController$1.onPhoneStateChanged(EmergencyButtonController.java:77)
03-23 06:43:01.049 2361 2361 E EmergencyButton: at com.android.keyguard.KeyguardUpdateMonitor.sendUpdates(KeyguardUpdateMonitor.java:3085)
03-23 06:43:01.049 2361 2361 E EmergencyButton: at com.android.keyguard.KeyguardUpdateMonitor.registerCallback(KeyguardUpdateMonitor.java:3062)
03-23 06:43:01.049 2361 2361 E EmergencyButton: at com.android.keyguard.EmergencyButtonController.onViewAttached(EmergencyButtonController.java:119)
03-23 06:43:01.049 2361 2361 E EmergencyButton: at com.android.systemui.util.ViewController$1.onViewAttachedToWindow(ViewController.java:52)
03-23 06:43:01.049 2361 2361 E EmergencyButton: at com.android.systemui.util.ViewController.init(ViewController.java:80)
03-23 06:43:01.049 2361 2361 E EmergencyButton: at com.android.systemui.statusbar.phone.NotificationPanelViewController.initBottomArea(NotificationPanelViewController.java:1201)
03-23 06:43:01.049 2361 2361 E EmergencyButton: at com.android.systemui.statusbar.phone.NotificationPanelViewController.reInflateViews(NotificationPanelViewController.java:1154)
03-23 06:43:01.049 2361 2361 E EmergencyButton: at com.android.systemui.statusbar.phone.NotificationPanelViewController.access$10100(NotificationPanelViewController.java:184)
03-23 06:43:01.049 2361 2361 E EmergencyButton: at com.android.systemui.statusbar.phone.NotificationPanelViewController$ConfigurationListener.onDensityOrFontScaleChanged(NotificationPanelViewController.java:4419)
03-23 06:43:01.049 2361 2361 E EmergencyButton: at com.android.systemui.statusbar.phone.ConfigurationControllerImpl.onConfigurationChanged(ConfigurationControllerImpl.kt:74)
03-23 06:43:01.049 2361 2361 E EmergencyButton: at com.android.systemui.SystemUIApplication.onConfigurationChanged(SystemUIApplication.java:247)
03-23 06:43:01.049 2361 2361 E EmergencyButton: at android.app.ConfigurationController.performConfigurationChanged(ConfigurationController.java:273)
03-23 06:43:01.049 2361 2361 E EmergencyButton: at android.app.ConfigurationController.handleConfigurationChanged(ConfigurationController.java:240)
03-23 06:43:01.049 2361 2361 E EmergencyButton: at android.app.ConfigurationController.handleConfigurationChanged(ConfigurationController.java:138)
03-23 06:43:01.049 2361 2361 E EmergencyButton: at android.app.ActivityThread.handleConfigurationChanged(ActivityThread.java:5948)
03-23 06:43:01.049 2361 2361 E EmergencyButton: at android.app.servertransaction.ConfigurationChangeItem.execute(ConfigurationChangeItem.java:43)
03-23 06:43:01.049 2361 2361 E EmergencyButton: at android.app.servertransaction.TransactionExecutor.executeCallbacks(TransactionExecutor.java:135)
03-23 06:43:01.049 2361 2361 E EmergencyButton: at android.app.servertransaction.TransactionExecutor.execute(TransactionExecutor.java:95)
03-23 06:43:01.049 2361 2361 E EmergencyButton: at android.app.ActivityThread$H.handleMessage(ActivityThread.java:2211)
03-23 06:43:01.049 2361 2361 E EmergencyButton: at android.os.Handler.dispatchMessage(Handler.java:106)
03-23 06:43:01.049 2361 2361 E EmergencyButton: at android.os.Looper.loopOnce(Looper.java:201)
03-23 06:43:01.049 2361 2361 E EmergencyButton: at android.os.Looper.loop(Looper.java:288)
03-23 06:43:01.049 2361 2361 E EmergencyButton: at android.app.ActivityThread.main(ActivityThread.java:7880)
03-23 06:43:01.049 2361 2361 E EmergencyButton: at java.lang.reflect.Method.invoke(Native Method)
03-23 06:43:01.049 2361 2361 E EmergencyButton: at com.android.internal.os.RuntimeInit$MethodAndArgsCaller.run(RuntimeInit.java:548)
03-23 06:43:01.049 2361 2361 E EmergencyButton: at com.android.internal.os.ZygoteInit.main(ZygoteInit.java:1009)
03-23 06:43:01.050 1512 1990 W FreeFormWindowHelper: Current Display FreeFormTask is null
03-23 06:43:01.050 2866 2866 D FreeWindowContainer: reloadTask: null
03-23 06:43:01.052 2866 2866 D EditModeHelper: setHotseatVisibility: 0
03-23 06:43:01.053 2866 2934 D BaseIconFactory: normalizeAndWrapToAdaptiveIcon: scale=0.8096529
03-23 06:43:01.058 2866 2934 D BaseIconFactory: normalizeAndWrapToAdaptiveIcon: scale=0.8085681
03-23 06:43:01.060 1512 1990 W FreeFormWindowHelper: Current Display FreeFormTask is null
03-23 06:43:01.061 2866 2934 D BaseIconFactory: normalizeAndWrapToAdaptiveIcon: scale=0.81813693
03-23 06:43:01.061 2866 2866 W View : requestLayout() improperly called by com.android.launcher3.views.NoInsetView{932d7b5 V.ED..... ......ID 0,0-342,1080 #7f09007c app:id/bg_hotseat} during layout: running second layout pass
03-23 06:43:01.062 2866 2934 D LoaderTask: loadWorkspace
03-23 06:43:01.062 2866 2934 D LauncherProvider: call: method=remove_ghost_widgets,arg=null,extras=null
03-23 06:43:01.063 1512 1990 I wm_stop_activity: [0,88042559,com.android.launcher3/.uioverrides.QuickstepLauncher]
03-23 06:43:01.063 2866 2934 D LoaderTask: sanitizeData
03-23 06:43:01.064 2866 2934 D LoaderTask: bindWorkspace
03-23 06:43:01.066 2866 2934 D LoaderTask: sendFirstScreenActiveInstallsBroadcast
03-23 06:43:01.066 2866 2866 D StateManager: goToState: Normal
03-23 06:43:01.067 2866 2866 I wm_on_stop_called: [88042559,com.android.launcher3.uioverrides.QuickstepLauncher,STOP_ACTIVITY_ITEM]
03-23 06:43:01.069 2866 2866 D HotseatController: adjustPadding: height=800,size=1
03-23 06:43:01.070 2866 2866 D HotseatController: adjustPadding: height=800,size=2
03-23 06:43:01.070 2866 2866 D HotseatController: adjustPadding: height=800,size=3
03-23 06:43:01.070 2866 2866 D HotseatController: adjustPadding: height=800,size=4
03-23 06:43:01.071 2866 2866 D HotseatController: clearEmptyGrid: size=4
03-23 06:43:01.071 2866 2866 D HotseatController: adjustPadding: height=800,size=4
03-23 06:43:01.071 2866 2866 D HotseatController: clearEmptyGrid: size=4
03-23 06:43:01.072 2866 2866 D HotseatController: adjustPadding: height=800,size=4
03-23 06:43:01.072 1512 3353 W InputManager-JNI: Input channel object '129896a EdgeBackGestureHandler0 (client)' was disposed without first being removed with the input manager!
03-23 06:43:01.075 1512 1990 W InputManager-JNI: Input channel object '457374a SecondaryHomeHandle0 (client)' was disposed without first being removed with the input manager!
03-23 06:43:01.075 2866 2934 D LoaderTask: step 1 complete
03-23 06:43:01.079 1512 1659 I input_focus: [Focus request 6ee75e7 com.android.settings/com.android.settings.Settings,reason=UpdateInputWindows]
03-23 06:43:01.081 2866 2934 D LoaderTask: loadAllApps
03-23 06:43:01.083 2866 2934 D LoaderTask: apps.size 8
03-23 06:43:01.083 2866 2934 D LoaderTask: app pkg com.android.gallery3d
03-23 06:43:01.083 2866 2934 D LoaderTask: app pkg com.android.music
03-23 06:43:01.084 2866 2934 D LoaderTask: app pkg com.android.music
03-23 06:43:01.084 2866 2934 D LoaderTask: app pkg com.android.settings
03-23 06:43:01.084 2866 2934 D LoaderTask: app pkg com.microsoft.emmx
03-23 06:43:01.085 2866 2934 D LoaderTask: app pkg com.android.documentsui
03-23 06:43:01.085 2866 2934 D LoaderTask: app pkg com.hht.lebocast
03-23 06:43:01.085 2866 2934 D LoaderTask: app pkg com.sohu.inputmethod.sogou.car
03-23 06:43:01.085 2866 2934 D LoaderTask: installQueue.size 8
03-23 06:43:01.085 2866 2934 D BaseModelUpdateTask: BaseModelUpdateTask constructor
03-23 06:43:01.085 2866 2934 D BaseModelUpdateTask: java.lang.Exception
03-23 06:43:01.085 2866 2934 D BaseModelUpdateTask: at com.android.launcher3.model.BaseModelUpdateTask.(BaseModelUpdateTask.java:57)
03-23 06:43:01.085 2866 2934 D BaseModelUpdateTask: at com.android.launcher3.model.AddWorkspaceItemsTask.(AddWorkspaceItemsTask.java:58)
03-23 06:43:01.085 2866 2934 D BaseModelUpdateTask: at com.android.launcher3.LauncherModel.addAndBindAddedWorkspaceItems(LauncherModel.java:145)
03-23 06:43:01.085 2866 2934 D BaseModelUpdateTask: at com.android.launcher3.model.LoaderTask.verifyApplications(LoaderTask.java:1061)
03-23 06:43:01.085 2866 2934 D BaseModelUpdateTask: at com.android.launcher3.model.LoaderTask.run(LoaderTask.java:229)
03-23 06:43:01.085 2866 2934 D BaseModelUpdateTask: at android.os.Handler.handleCallback(Handler.java:938)
03-23 06:43:01.085 2866 2934 D BaseModelUpdateTask: at android.os.Handler.dispatchMessage(Handler.java:99)
03-23 06:43:01.085 2866 2934 D BaseModelUpdateTask: at android.os.Looper.loopOnce(Looper.java:201)
03-23 06:43:01.085 2866 2934 D BaseModelUpdateTask: at android.os.Looper.loop(Looper.java:288)
03-23 06:43:01.085 2866 2934 D BaseModelUpdateTask: at android.os.HandlerThread.run(HandlerThread.java:67)
03-23 06:43:01.086 2866 2934 D LoaderTask: bindAllApps
03-23 06:43:01.089 1512 3353 I InputDispatcher: Created monitor edge-swipe for display 0, gesture=true, pid=2361
03-23 06:43:01.090 2866 2934 D LoaderTask: update icon cache
03-23 06:43:01.090 2866 2934 D LoaderTask: save shortcuts in icon cache
03-23 06:43:01.090 2866 2934 D LoaderTask: step 2 complete
03-23 06:43:01.090 2866 2934 D LoaderTask: loadDeepShortcuts
03-23 06:43:01.090 2866 2934 D LoaderTask: bindDeepShortcuts
03-23 06:43:01.090 2866 2934 D LoaderTask: save deep shortcuts in icon cache
03-23 06:43:01.090 2866 2934 D LoaderTask: step 3 complete
03-23 06:43:01.092 2361 2361 D NavigationModeController: getCurrentUserContext: contextUser=0 currentUser=0
03-23 06:43:01.097 2866 2934 D BaseIconFactory: normalizeAndWrapToAdaptiveIcon: scale=0.8096529
03-23 06:43:01.102 2866 2934 D BaseIconFactory: normalizeAndWrapToAdaptiveIcon: scale=0.8096529
03-23 06:43:01.107 2866 2934 D BaseIconFactory: normalizeAndWrapToAdaptiveIcon: scale=0.8096529
03-23 06:43:01.110 2866 2934 D BaseIconFactory: normalizeAndWrapToAdaptiveIcon: scale=0.8096529
03-23 06:43:01.113 2959 2959 W BatteryBroadcastRcvr: Problem reading the battery meter.
03-23 06:43:01.114 2959 2959 D BatteryInfo: time for callback: 0ms
03-23 06:43:01.114 2866 2934 D LoaderTask: load widgets
03-23 06:43:01.116 2959 5018 D BatteryInfo: time for getStats: 0ms
03-23 06:43:01.116 2959 5018 D BatteryInfo: time for regular BatteryInfo: 0ms
03-23 06:43:01.116 2959 5018 D BatteryInfo: time for getBatteryInfo: 0ms
03-23 06:43:01.116 2866 2934 I WidgetsModel: found whitelist widget: com.android.settings, label: 设置快捷方式, sectionName:S
03-23 06:43:01.116 2866 2934 I WidgetsModel: found whitelist widget: com.android.gallery3d, label: 照片, sectionName:T
03-23 06:43:01.117 2866 2934 I WidgetsModel: found whitelist widget: com.android.systemui, label: 对话, sectionName:D
03-23 06:43:01.117 1512 1990 I WindowManager: finishDrawing of relaunch: Window{6ee75e7 u0 com.android.settings/com.android.settings.Settings} 171ms
03-23 06:43:01.117 2866 2934 I WidgetsModel: found whitelist widget: com.android.music, label: 音乐, sectionName:Y
03-23 06:43:01.117 2866 2934 D LoaderTask: bindWidgets
03-23 06:43:01.117 2866 2934 D LoaderTask: save widgets in icon cache
03-23 06:43:01.117 2866 2934 D LoaderTask: finish icon update
03-23 06:43:01.118 2866 2934 D LauncherProvider: call: method=new_db_transaction,arg=null,extras=null
03-23 06:43:01.119 2959 4674 D BatteryTipLoader: BatteryInfoLoader post query: 0ms
03-23 06:43:01.120 2959 4674 D BatteryInfo: time for getBatteryInfo: 1ms
03-23 06:43:01.120 2959 4674 D BatteryTipLoader: BatteryInfoLoader.loadInBackground: 1ms
03-23 06:43:01.123 2959 2959 D BatteryInfo: time for callback: 1ms
03-23 06:43:01.123 1512 1765 I commit_sys_config_file: [settings-1-0,6]
03-23 06:43:01.124 2866 2934 D BaseIconFactory: normalizeAndWrapToAdaptiveIcon: scale=1.0
03-23 06:43:01.127 2866 2934 D BaseIconFactory: normalizeAndWrapToAdaptiveIcon: scale=0.8096529
03-23 06:43:01.131 1512 1816 I input_focus: [Focus entering 6ee75e7 com.android.settings/com.android.settings.Settings (server),reason=Window became focusable. Previous reason: NOT_VISIBLE]
03-23 06:43:01.132 1512 1659 I WindowManager: Screen frozen for +196ms due to Window{6ee75e7 u0 com.android.settings/com.android.settings.Settings}
03-23 06:43:01.133 2866 2934 D BaseIconFactory: normalizeAndWrapToAdaptiveIcon: scale=0.8096529
03-23 06:43:01.139 1512 1659 W ImageReader_JNI: Unable to acquire a buffer item, very likely client tried to acquire more than maxImages buffers
03-23 06:43:01.141 2866 2934 D BaseIconFactory: normalizeAndWrapToAdaptiveIcon: scale=0.8096529
03-23 06:43:01.148 2866 2934 D BaseIconFactory: normalizeAndWrapToAdaptiveIcon: scale=0.8096529
03-23 06:43:01.152 2866 2934 D BaseIconFactory: normalizeAndWrapToAdaptiveIcon: scale=0.8096529
03-23 06:43:01.159 2866 2934 D BaseIconFactory: normalizeAndWrapToAdaptiveIcon: scale=0.91217864
03-23 06:43:01.165 2866 2934 D BaseIconFactory: normalizeAndWrapToAdaptiveIcon: scale=0.8096529
03-23 06:43:01.171 2866 2934 D BaseIconFactory: normalizeAndWrapToAdaptiveIcon: scale=0.8096529
03-23 06:43:01.176 2866 2934 D BaseIconFactory: normalizeAndWrapToAdaptiveIcon: scale=0.8096529
03-23 06:43:01.183 2866 2934 D BaseIconFactory: normalizeAndWrapToAdaptiveIcon: scale=0.8096529
03-23 06:43:01.195 2361 2361 D QSPanel : setHorizontalContentContainer
03-23 06:43:01.203 2361 2361 D QSPanel : setHorizontalContentContainer
03-23 06:43:01.204 2361 2361 D QSPanel : setHorizontalContentContainer
03-23 06:43:01.204 2361 2361 D QSPanel : setHorizontalContentContainer
03-23 06:43:01.204 2361 2361 D QSPanel : qs brightness view is null
03-23 06:43:01.212 2361 2361 D QSPanel : setHorizontalContentContainer
03-23 06:43:01.212 2361 2361 D QSPanel : qs brightness view is null
03-23 06:43:01.250 2361 2463 E ndroid.systemu: No package ID 7f found for ID 0x7f030001.
03-23 06:43:01.250 2361 2463 E ContrastColorUtil: Drawable not found: 2130903041
03-23 06:43:01.253 2361 2463 E ndroid.systemu: No package ID 7f found for ID 0x7f030001.
03-23 06:43:01.253 2361 2463 E ContrastColorUtil: Drawable not found: 2130903041
03-23 06:43:01.265 3134 5041 W adbd : timed out while waiting for FUNCTIONFS_BIND, trying again
03-23 06:43:01.265 3134 5041 I adbd : UsbFfs: connection terminated: monitor thread finished
03-23 06:43:01.265 3134 3134 I adbd : UsbFfs: already offline
03-23 06:43:01.265 3134 3134 I adbd : destroying transport UsbFfs
03-23 06:43:01.265 3134 3134 I adbd : UsbFfsConnection being destroyed
03-23 06:43:01.267 2361 2361 W View : requestLayout() improperly called by com.android.keyguard.AlphaOptimizedLinearLayout{ef2fdfd V.E...... ......ID 4,0-34,33 #7f0b069b app:id/wifi_group} during layout: running second layout pass
03-23 06:43:01.293 3134 3150 I adbd : opening control endpoint /dev/usb-ffs/adb/ep0
03-23 06:43:01.294 3134 3150 I adbd : UsbFfsConnection constructed
03-23 06:43:01.294 3134 5057 I adbd : UsbFfs-monitor thread spawned
01-01 13:45:46.155 0 0 I : read descriptors
01-01 13:45:46.155 0 0 I : read strings
03-23 06:43:01.560 2764 2764 D RemoteControlService: startVlanDispatchThread
03-23 06:43:01.600 3298 3298 W hpplay-java: [main]:IPManager:getActiveNets invalid networkInfo:null
03-23 06:43:01.600 3298 3298 I hpplay-java: [main]:IPManager:getActiveNets eth0:false wifi:false mobile:false ap:false
03-23 06:43:01.600 3298 3298 I hpplay-java: [main]:ServerTaskManager:get local ip:null
03-23 06:43:01.605 2866 2866 E Launcher: Check mcu protect state
03-23 06:43:01.721 1264 1435 E tlogd : [TzLogger](isPathReadable) file /sys/kernel/debug/tzdbg/qsee_log isn't exist or no permission, err: No such file or directory
03-23 06:43:01.721 1264 1435 E tlogd : [TzLogger](saveTzlogAsync) /sys/kernel/debug/tzdbg/qsee_log can not read.
03-23 06:43:01.721 1264 1435 E tlogd : [TzLogger](isPathReadable) file /sys/kernel/debug/tzdbg/log isn't exist or no permission, err: No such file or directory
03-23 06:43:01.721 1264 1435 E tlogd : [TzLogger](saveTzlogAsync) /sys/kernel/debug/tzdbg/log can not read.
03-23 06:43:01.830 653 668 I mpu_uart: [MSG-P:RECV]:No message received in 1000 ms
03-23 06:43:02.027 1512 1816 I input_interaction: Interaction with: 6ee75e7 com.android.settings/com.android.settings.Settings (server), swipe-up (server), edge-swipe (server), PointerEventDispatcher0 (server),
03-23 06:43:02.134 880 880 D vendor.qti.vibrator: Vibrator perform effect 21
03-23 06:43:02.134 880 880 D vendor.qti.vibrator: Vibrator perform effect 2
03-23 06:43:02.134 880 880 D vendor.qti.vibrator: QTI Vibrator off
03-23 06:43:02.253 1512 2301 I GameModeConfig: isGameModeOn = false
03-23 06:43:02.255 1512 1658 I configuration_changed: 1073741824
03-23 06:43:02.255 1512 1658 I ActivityTaskManager: Config changes=40000000 {1.15 ?mcc?mnc [zh_CN] ldltr sw720dp w1706dp h652dp 240dpi lrg long hdr land finger -keyb/v/h -nav/h winConfig={ mBounds=Rect(0, 0 - 2560, 1080) mAppBounds=Rect(0, 0 - 2560, 1014) mMaxBounds=Rect(0, 0 - 2560, 1080) mWindowingMode=fullscreen mDisplayWindowingMode=fullscreen mActivityType=undefined mAlwaysOnTop=undefined mRotation=ROTATION_0} s.666 fontWeightAdjustment=0}
03-23 06:43:02.270 3298 3298 I hpplay-java: [main]:DaemonService:onConfigurationChanged
03-23 06:43:02.276 1512 1658 I WindowManager: Override config changes=40000000 {1.15 ?mcc?mnc [zh_CN] ldltr sw720dp w1706dp h652dp 240dpi lrg long hdr land finger -keyb/v/h -nav/h winConfig={ mBounds=Rect(0, 0 - 2560, 1080) mAppBounds=Rect(0, 0 - 2560, 1014) mMaxBounds=Rect(0, 0 - 2560, 1080) mWindowingMode=fullscreen mDisplayWindowingMode=fullscreen mActivityType=undefined mAlwaysOnTop=undefined mRotation=ROTATION_0} s.666 fontWeightAdjustment=0} for displayId=0
03-23 06:43:02.282 3761 3761 I hintView: forceClose=true,resetShowChs=true
03-23 06:43:02.282 3761 3761 I hintView: dismissPop()
03-23 06:43:02.291 1512 1658 W ImageReader_JNI: Unable to acquire a buffer item, very likely client tried to acquire more than maxImages buffers
03-23 06:43:02.293 1512 1658 I wm_relaunch_resume_activity: [0,64326038,11,com.android.settings/.Settings]
03-23 06:43:02.293 2959 2959 I wm_on_top_resumed_lost_called: [64326038,com.android.settings.Settings,pausing]
03-23 06:43:02.294 2959 2959 I sysui_multi_action: [757,340,758,2,1089,1264]
03-23 06:43:02.296 3134 5057 W adbd : timed out while waiting for FUNCTIONFS_BIND, trying again
03-23 06:43:02.296 3134 5057 I adbd : UsbFfs: connection terminated: monitor thread finished
03-23 06:43:02.296 3134 3134 I adbd : UsbFfs: already offline
03-23 06:43:02.296 3134 3134 I adbd : destroying transport UsbFfs
03-23 06:43:02.296 3134 3134 I adbd : UsbFfsConnection being destroyed
03-23 06:43:02.297 2959 2959 I sysui_multi_action: [757,35,758,2,1089,1267]
03-23 06:43:02.297 2959 2959 I wm_on_paused_called: [64326038,com.android.settings.Settings,performPause]
03-23 06:43:02.299 1512 1816 I InputDispatcher: Erasing monitor edge-swipe (server) on display 0, pid=2361
03-23 06:43:02.299 2562 2562 D GameMode_WindowController: onConfigurationChanged orientation: 2, locate: [zh_CN]
03-23 06:43:02.300 988 1063 I BpBinder: onLastStrongRef automatically unlinking death recipients:
03-23 06:43:02.300 2866 4613 E FrameEvents: updateAcquireFence: Did not find frame.
03-23 06:43:02.301 1512 3375 W InputManager-JNI: Input channel object 'fbbb02a NavigationBar0 (client)' was disposed without first being removed with the input manager!
03-23 06:43:02.302 2959 2959 I wm_on_stop_called: [64326038,com.android.settings.Settings,handleRelaunchActivity]
03-23 06:43:02.303 2361 2361 D NavigationModeController: getCurrentInteractionMode: mode=2 contextUser=0
03-23 06:43:02.304 2361 2361 D NavigationModeController: getCurrentInteractionMode: mode=2 contextUser=0
03-23 06:43:02.305 2959 2959 I wm_on_destroy_called: [64326038,com.android.settings.Settings,performDestroy]
03-23 06:43:02.306 2866 4613 E FrameEvents: updateAcquireFence: Did not find frame.
03-23 06:43:02.306 1512 3375 W InputManager-JNI: Input channel object '6ee75e7 com.android.settings/com.android.settings.Settings (client)' was disposed without first being removed with the input manager!
03-23 06:43:02.310 2866 4613 E FrameEvents: updateAcquireFence: Did not find frame.
03-23 06:43:02.311 2361 2361 D NavigationModeController: getCurrentUserContext: contextUser=0 currentUser=0
03-23 06:43:02.312 2866 4613 E FrameEvents: updateAcquireFence: Did not find frame.
03-23 06:43:02.312 2361 2361 D NavigationModeController: getCurrentInteractionMode: mode=2 contextUser=0
03-23 06:43:02.317 2866 2866 D Launcher.Model: startLoader
03-23 06:43:02.317 2866 2866 D Launcher.Model: java.lang.Exception
03-23 06:43:02.317 2866 2866 D Launcher.Model: at com.android.launcher3.LauncherModel.startLoader(LauncherModel.java:353)
03-23 06:43:02.317 2866 2866 D Launcher.Model: at com.android.launcher3.LauncherModel.forceReload(LauncherModel.java:298)
03-23 06:43:02.317 2866 2866 D Launcher.Model: at com.android.launcher3.LauncherAppState.refreshAndReloadLauncher(LauncherAppState.java:161)
03-23 06:43:02.317 2866 2866 D Launcher.Model: at com.android.launcher3.LauncherAppState.lambda$new$0$LauncherAppState(LauncherAppState.java:89)
03-23 06:43:02.317 2866 2866 D Launcher.Model: at com.android.launcher3.LauncherAppState$$ExternalSyntheticLambda0.onIdpChanged(Unknown Source:2)
03-23 06:43:02.317 2866 2866 D Launcher.Model: at com.android.launcher3.InvariantDeviceProfile.onConfigChanged(InvariantDeviceProfile.java:379)
03-23 06:43:02.317 2866 2866 D Launcher.Model: at com.android.launcher3.InvariantDeviceProfile.lambda$new$0$InvariantDeviceProfile(InvariantDeviceProfile.java:199)
03-23 06:43:02.317 2866 2866 D Launcher.Model: at com.android.launcher3.InvariantDeviceProfile$$ExternalSyntheticLambda0.onDisplayInfoChanged(Unknown Source:2)
03-23 06:43:02.317 2866 2866 D Launcher.Model: at com.android.launcher3.util.DisplayController.notifyChange(DisplayController.java:237)
03-23 06:43:02.317 2866 2866 D Launcher.Model: at com.android.launcher3.util.DisplayController.lambda$handleInfoChange$0$DisplayController(DisplayController.java:231)
03-23 06:43:02.317 2866 2866 D Launcher.Model: at com.android.launcher3.util.DisplayController$$ExternalSyntheticLambda1.run(Unknown Source:6)
03-23 06:43:02.317 2866 2866 D Launcher.Model: at com.android.launcher3.util.LooperExecutor.execute(LooperExecutor.java:45)
03-23 06:43:02.317 2866 2866 D Launcher.Model: at com.android.launcher3.util.DisplayController.handleInfoChange(DisplayController.java:231)
03-23 06:43:02.317 2866 2866 D Launcher.Model: at com.android.launcher3.util.DisplayController.onConfigurationChanged(DisplayController.java:180)
03-23 06:43:02.317 2866 2866 D Launcher.Model: at android.content.ComponentCallbacksController.lambda$dispatchConfigurationChanged$0(ComponentCallbacksController.java:91)
03-23 06:43:02.317 2866 2866 D Launcher.Model: at android.content.ComponentCallbacksController$$ExternalSyntheticLambda1.accept(Unknown Source:4)
03-23 06:43:02.317 2866 2866 D Launcher.Model: at android.content.ComponentCallbacksController.forAllComponentCallbacks(ComponentCallbacksController.java:124)
03-23 06:43:02.317 2866 2866 D Launcher.Model: at android.content.ComponentCallbacksController.dispatchConfigurationChanged(ComponentCallbacksController.java:91)
03-23 06:43:02.317 2866 2866 D Launcher.Model: at android.window.WindowContext.dispatchConfigurationChanged(WindowContext.java:125)
03-23 06:43:02.317 2866 2866 D Launcher.Model: at android.window.WindowTokenClient.lambda$onConfigurationChanged$0(WindowTokenClient.java:90)
03-23 06:43:02.317 2866 2866 D Launcher.Model: at android.window.WindowTokenClient$$ExternalSyntheticLambda0.run(Unknown Source:4)
03-23 06:43:02.317 2866 2866 D Launcher.Model: at android.os.Handler.handleCallback(Handler.java:938)
03-23 06:43:02.317 2866 2866 D Launcher.Model: at android.os.Handler.dispatchMessage(Handler.java:99)
03-23 06:43:02.317 2866 2866 D Launcher.Model: at android.os.Looper.loopOnce(Looper.java:201)
03-23 06:43:02.317 2866 2866 D Launcher.Model: at android.os.Looper.loop(Looper.java:288)
03-23 06:43:02.317 2866 2866 D Launcher.Model: at android.app.ActivityThread.main(ActivityThread.java:7880)
03-23 06:43:02.317 2866 2866 D Launcher.Model: at java.lang.reflect.Method.invoke(Native Method)
03-23 06:43:02.317 2866 2866 D Launcher.Model: at com.android.internal.os.RuntimeInit$MethodAndArgsCaller.run(RuntimeInit.java:548)
03-23 06:43:02.317 2866 2866 D Launcher.Model: at com.android.internal.os.ZygoteInit.main(ZygoteInit.java:1009)
01-01 13:45:47.179 0 0 I : read descriptors
01-01 13:45:47.179 0 0 I : read strings
03-23 06:43:02.317 2866 2866 E libprocessgroup: set_timerslack_ns write failed: Operation not permitted
03-23 06:43:02.317 3134 3150 I adbd : opening control endpoint /dev/usb-ffs/adb/ep0
03-23 06:43:02.318 3134 3150 I adbd : UsbFfsConnection constructed
03-23 06:43:02.318 2959 2959 D PrefCtrlListHelper: Could not find Context-only controller for pref: com.android.settings.network.TopLevelNetworkEntryPreferenceController
03-23 06:43:02.318 2959 2959 D PrefCtrlListHelper: Could not find Context-only controller for pref: com.android.settings.connecteddevice.TopLevelConnectedDevicesPreferenceController
03-23 06:43:02.318 2959 2959 D PrefCtrlListHelper: Could not find Context-only controller for pref: com.android.settings.fuelgauge.TopLevelBatteryPreferenceController
03-23 06:43:02.318 2959 2959 D PrefCtrlListHelper: Could not find Context-only controller for pref: com.android.settings.deviceinfo.TopLevelStoragePreferenceController
03-23 06:43:02.318 2959 2959 D PrefCtrlListHelper: Could not find Context-only controller for pref: com.android.settings.display.TopLevelDisplayPreferenceController
03-23 06:43:02.318 2866 2866 D DeviceProfile: updateIconDrawableOffset: folderIconSizePx=80
03-23 06:43:02.319 2959 2959 D PrefCtrlListHelper: Could not find Context-only controller for pref: com.android.settings.display.TopLevelWallpaperPreferenceController
03-23 06:43:02.319 3134 5065 I adbd : UsbFfs-monitor thread spawned
03-23 06:43:02.319 2959 2959 D PrefCtrlListHelper: Could not find Context-only controller for pref: com.android.settings.accessibility.TopLevelAccessibilityPreferenceController
03-23 06:43:02.319 2959 2959 D PrefCtrlListHelper: Could not find Context-only controller for pref: com.android.settings.security.TopLevelSecurityEntryPreferenceController
03-23 06:43:02.319 2959 2959 D PrefCtrlListHelper: Could not find Context-only controller for pref: com.android.settings.location.TopLevelLocationPreferenceController
03-23 06:43:02.319 2959 2959 D PrefCtrlListHelper: Could not find Context-only controller for pref: com.android.settings.accounts.TopLevelAccountEntryPreferenceController
03-23 06:43:02.319 2959 2959 D PrefCtrlListHelper: Could not find Context-only controller for pref: com.android.settings.deviceinfo.aboutphone.TopLevelAboutDevicePreferenceController
03-23 06:43:02.319 2959 2959 D PrefCtrlListHelper: Could not find Context-only controller for pref: com.android.settings.support.SupportPreferenceController
03-23 06:43:02.320 1512 3375 E UserRestrictionsUtils: Unknown restriction queried by uid 1000 (vendor.qti.qesdk.sysservice et al): null
03-23 06:43:02.320 1512 3375 E UserRestrictionsUtils: Unknown restriction queried by uid 1000 (vendor.qti.qesdk.sysservice et al): null
03-23 06:43:02.321 1512 3375 E UserRestrictionsUtils: Unknown restriction queried by uid 1000 (vendor.qti.qesdk.sysservice et al): null
03-23 06:43:02.321 1512 3375 E UserRestrictionsUtils: Unknown restriction queried by uid 1000 (vendor.qti.qesdk.sysservice et al): null
03-23 06:43:02.321 1512 3375 E UserRestrictionsUtils: Unknown restriction queried by uid 1000 (vendor.qti.qesdk.sysservice et al): null
03-23 06:43:02.322 1512 3375 E UserRestrictionsUtils: Unknown restriction queried by uid 1000 (vendor.qti.qesdk.sysservice et al): null
03-23 06:43:02.322 1512 3375 E UserRestrictionsUtils: Unknown restriction queried by uid 1000 (vendor.qti.qesdk.sysservice et al): null
03-23 06:43:02.322 1512 3375 E UserRestrictionsUtils: Unknown restriction queried by uid 1000 (vendor.qti.qesdk.sysservice et al): null
03-23 06:43:02.322 1512 3375 E UserRestrictionsUtils: Unknown restriction queried by uid 1000 (vendor.qti.qesdk.sysservice et al): null
03-23 06:43:02.323 1512 3375 E UserRestrictionsUtils: Unknown restriction queried by uid 1000 (vendor.qti.qesdk.sysservice et al): null
03-23 06:43:02.323 1512 3375 E UserRestrictionsUtils: Unknown restriction queried by uid 1000 (vendor.qti.qesdk.sysservice et al): null
03-23 06:43:02.323 1512 3375 E UserRestrictionsUtils: Unknown restriction queried by uid 1000 (vendor.qti.qesdk.sysservice et al): null
03-23 06:43:02.323 1512 3375 E UserRestrictionsUtils: Unknown restriction queried by uid 1000 (vendor.qti.qesdk.sysservice et al): null
03-23 06:43:02.324 1512 3375 E UserRestrictionsUtils: Unknown restriction queried by uid 1000 (vendor.qti.qesdk.sysservice et al): null
03-23 06:43:02.324 2866 2866 D EditModeHelper: setHotseatVisibility: 0
03-23 06:43:02.324 1512 2435 E UserRestrictionsUtils: Unknown restriction queried by uid 1000 (vendor.qti.qesdk.sysservice et al): null
03-23 06:43:02.324 1512 3375 E UserRestrictionsUtils: Unknown restriction queried by uid 1000 (vendor.qti.qesdk.sysservice et al): null
03-23 06:43:02.324 1512 2435 E UserRestrictionsUtils: Unknown restriction queried by uid 1000 (vendor.qti.qesdk.sysservice et al): null
03-23 06:43:02.324 2866 2934 D LoaderTask: loadWorkspace: loading default favorites
03-23 06:43:02.324 2866 2934 D LauncherProvider: call: method=load_default_favorites,arg=null,extras=null
03-23 06:43:02.325 1512 3375 E UserRestrictionsUtils: Unknown restriction queried by uid 1000 (vendor.qti.qesdk.sysservice et al): null
03-23 06:43:02.325 2959 2959 W InstrumentedPrefFrag: Screen title missing for fragment com.android.settings.homepage.TopLevelSettings
03-23 06:43:02.326 2361 2361 D StatusBar: disable disable2
03-23 06:43:02.326 2959 2959 D TopLevelSettings: NO dashboard tiles for TopLevelSettings
03-23 06:43:02.326 2959 2959 D TopLevelSettings: All preferences added, reporting fully drawn
03-23 06:43:02.328 2866 2866 D Launcher.Model: startLoader
03-23 06:43:02.328 2866 2866 D Launcher.Model: java.lang.Exception
03-23 06:43:02.328 2866 2866 D Launcher.Model: at com.android.launcher3.LauncherModel.startLoader(LauncherModel.java:353)
03-23 06:43:02.328 2866 2866 D Launcher.Model: at com.android.launcher3.LauncherModel.rebindCallbacks(LauncherModel.java:307)
03-23 06:43:02.328 2866 2866 D Launcher.Model: at com.android.launcher3.Launcher.onIdpChanged(Launcher.java:659)
03-23 06:43:02.328 2866 2866 D Launcher.Model: at com.android.launcher3.InvariantDeviceProfile.onConfigChanged(InvariantDeviceProfile.java:379)
03-23 06:43:02.328 2866 2866 D Launcher.Model: at com.android.launcher3.InvariantDeviceProfile.lambda$new$0$InvariantDeviceProfile(InvariantDeviceProfile.java:199)
03-23 06:43:02.328 2866 2866 D Launcher.Model: at com.android.launcher3.InvariantDeviceProfile$$ExternalSyntheticLambda0.onDisplayInfoChanged(Unknown Source:2)
03-23 06:43:02.328 2866 2866 D Launcher.Model: at com.android.launcher3.util.DisplayController.notifyChange(DisplayController.java:237)
03-23 06:43:02.328 2866 2866 D Launcher.Model: at com.android.launcher3.util.DisplayController.lambda$handleInfoChange$0$DisplayController(DisplayController.java:231)
03-23 06:43:02.328 2866 2866 D Launcher.Model: at com.android.launcher3.util.DisplayController$$ExternalSyntheticLambda1.run(Unknown Source:6)
03-23 06:43:02.328 2866 2866 D Launcher.Model: at com.android.launcher3.util.LooperExecutor.execute(LooperExecutor.java:45)
03-23 06:43:02.328 2866 2866 D Launcher.Model: at com.android.launcher3.util.DisplayController.handleInfoChange(DisplayController.java:231)
03-23 06:43:02.328 2866 2866 D Launcher.Model: at com.android.launcher3.util.DisplayController.onConfigurationChanged(DisplayController.java:180)
03-23 06:43:02.328 2866 2866 D Launcher.Model: at android.content.ComponentCallbacksController.lambda$dispatchConfigurationChanged$0(ComponentCallbacksController.java:91)
03-23 06:43:02.328 2866 2866 D Launcher.Model: at android.content.ComponentCallbacksController$$ExternalSyntheticLambda1.accept(Unknown Source:4)
03-23 06:43:02.328 2866 2866 D Launcher.Model: at android.content.ComponentCallbacksController.forAllComponentCallbacks(ComponentCallbacksController.java:124)
03-23 06:43:02.328 2866 2866 D Launcher.Model: at android.content.ComponentCallbacksController.dispatchConfigurationChanged(ComponentCallbacksController.java:91)
03-23 06:43:02.328 2866 2866 D Launcher.Model: at android.window.WindowContext.dispatchConfigurationChanged(WindowContext.java:125)
03-23 06:43:02.328 2866 2866 D Launcher.Model: at android.window.WindowTokenClient.lambda$onConfigurationChanged$0(WindowTokenClient.java:90)
03-23 06:43:02.328 2866 2866 D Launcher.Model: at android.window.WindowTokenClient$$ExternalSyntheticLambda0.run(Unknown Source:4)
03-23 06:43:02.328 2866 2866 D Launcher.Model: at android.os.Handler.handleCallback(Handler.java:938)
03-23 06:43:02.328 2866 2866 D Launcher.Model: at android.os.Handler.dispatchMessage(Handler.java:99)
03-23 06:43:02.328 2866 2866 D Launcher.Model: at android.os.Looper.loopOnce(Looper.java:201)
03-23 06:43:02.328 2866 2866 D Launcher.Model: at android.os.Looper.loop(Looper.java:288)
03-23 06:43:02.328 2866 2866 D Launcher.Model: at android.app.ActivityThread.main(ActivityThread.java:7880)
03-23 06:43:02.328 2866 2866 D Launcher.Model: at java.lang.reflect.Method.invoke(Native Method)
03-23 06:43:02.328 2866 2866 D Launcher.Model: at com.android.internal.os.RuntimeInit$MethodAndArgsCaller.run(RuntimeInit.java:548)
03-23 06:43:02.328 2866 2866 D Launcher.Model: at com.android.internal.os.ZygoteInit.main(ZygoteInit.java:1009)
03-23 06:43:02.330 2361 2361 W ConstraintSet: id unknown center_vertical_guideline
03-23 06:43:02.330 2361 2361 W ConstraintSet: id unknown center_horizontal_guideline
03-23 06:43:02.330 2361 2361 W ConstraintSet: id unknown media_action_barrier
03-23 06:43:02.330 2361 2361 W ConstraintSet: id unknown remove_text
03-23 06:43:02.330 1512 4101 I wm_relaunch_activity: [0,88042559,10,com.android.launcher3/.uioverrides.QuickstepLauncher]
03-23 06:43:02.330 2361 2361 W ConstraintSet: id unknown settings
03-23 06:43:02.330 2361 2361 W ConstraintSet: id unknown cancel
03-23 06:43:02.330 2361 2361 W ConstraintSet: id unknown dismiss
03-23 06:43:02.330 1512 4101 I wm_add_to_stopping: [0,88042559,com.android.launcher3/.uioverrides.QuickstepLauncher,preloadRecents]
03-23 06:43:02.332 2866 2934 D LoaderTask: loadWorkspace
03-23 06:43:02.332 2866 2934 D LoaderTask: Cancelled
03-23 06:43:02.333 2866 2934 D LoaderTask: loadWorkspace: loading default favorites
03-23 06:43:02.333 2866 2934 D LauncherProvider: call: method=load_default_favorites,arg=null,extras=null
03-23 06:43:02.335 2866 2866 D Launcher.Model: startLoader
03-23 06:43:02.335 2866 2866 D Launcher.Model: java.lang.Exception
03-23 06:43:02.335 2866 2866 D Launcher.Model: at com.android.launcher3.LauncherModel.startLoader(LauncherModel.java:353)
03-23 06:43:02.335 2866 2866 D Launcher.Model: at com.android.launcher3.LauncherModel.removeCallbacks(LauncherModel.java:320)
03-23 06:43:02.335 2866 2866 D Launcher.Model: at com.android.launcher3.Launcher.onDestroy(Launcher.java:1772)
03-23 06:43:02.335 2866 2866 D Launcher.Model: at com.android.launcher3.BaseQuickstepLauncher.onDestroy(BaseQuickstepLauncher.java:163)
03-23 06:43:02.335 2866 2866 D Launcher.Model: at com.android.launcher3.uioverrides.QuickstepLauncher.onDestroy(QuickstepLauncher.java:239)
03-23 06:43:02.335 2866 2866 D Launcher.Model: at android.app.Activity.performDestroy(Activity.java:8350)
03-23 06:43:02.335 2866 2866 D Launcher.Model: at android.app.Instrumentation.callActivityOnDestroy(Instrumentation.java:1365)
03-23 06:43:02.335 2866 2866 D Launcher.Model: at android.app.ActivityThread.performDestroyActivity(ActivityThread.java:5375)
03-23 06:43:02.335 2866 2866 D Launcher.Model: at android.app.ActivityThread.handleDestroyActivity(ActivityThread.java:5421)
03-23 06:43:02.335 2866 2866 D Launcher.Model: at android.app.ActivityThread.handleRelaunchActivityInner(ActivityThread.java:5715)
03-23 06:43:02.335 2866 2866 D Launcher.Model: at android.app.ActivityThread.handleRelaunchActivity(ActivityThread.java:5631)
03-23 06:43:02.335 2866 2866 D Launcher.Model: at android.app.servertransaction.ActivityRelaunchItem.execute(ActivityRelaunchItem.java:71)
03-23 06:43:02.335 2866 2866 D Launcher.Model: at android.app.servertransaction.ActivityTransactionItem.execute(ActivityTransactionItem.java:45)
03-23 06:43:02.335 2866 2866 D Launcher.Model: at android.app.servertransaction.TransactionExecutor.executeCallbacks(TransactionExecutor.java:135)
03-23 06:43:02.335 2866 2866 D Launcher.Model: at android.app.servertransaction.TransactionExecutor.execute(TransactionExecutor.java:95)
03-23 06:43:02.335 2866 2866 D Launcher.Model: at android.app.ActivityThread$H.handleMessage(ActivityThread.java:2211)
03-23 06:43:02.335 2866 2866 D Launcher.Model: at android.os.Handler.dispatchMessage(Handler.java:106)
03-23 06:43:02.335 2866 2866 D Launcher.Model: at android.os.Looper.loopOnce(Looper.java:201)
03-23 06:43:02.335 2866 2866 D Launcher.Model: at android.os.Looper.loop(Looper.java:288)
03-23 06:43:02.335 2866 2866 D Launcher.Model: at android.app.ActivityThread.main(ActivityThread.java:7880)
03-23 06:43:02.335 2866 2866 D Launcher.Model: at java.lang.reflect.Method.invoke(Native Method)
03-23 06:43:02.335 2866 2866 D Launcher.Model: at com.android.internal.os.RuntimeInit$MethodAndArgsCaller.run(RuntimeInit.java:548)
03-23 06:43:02.335 2866 2866 D Launcher.Model: at com.android.internal.os.ZygoteInit.main(ZygoteInit.java:1009)
03-23 06:43:02.336 2788 2832 D ProtectUartService: received unRegisterListener token:LAUNCHER_VOLTAGE_PROTECT
03-23 06:43:02.336 2866 2866 I wm_on_destroy_called: [88042559,com.android.launcher3.uioverrides.QuickstepLauncher,performDestroy]
03-23 06:43:02.337 2866 2934 D LoaderTask: loadWorkspace
03-23 06:43:02.337 2866 2934 D LoaderTask: Cancelled
03-23 06:43:02.338 1512 3353 W InputManager-JNI: Input channel object '41d5a2e com.android.launcher3/com.android.launcher3.uioverrides.QuickstepLauncher (client)' was disposed without first being removed with the input manager!
03-23 06:43:02.339 2959 2959 D PrefCtrlListHelper: Could not find Context-only controller for pref: com.android.settings.display.AutoBrightnessPreferenceController
03-23 06:43:02.339 2959 2959 D PrefCtrlListHelper: Could not find Context-only controller for pref: com.android.settings.security.screenlock.LockScreenPreferenceController
03-23 06:43:02.339 2959 2959 D PrefCtrlListHelper: Could not find Context-only controller for pref: com.android.settings.display.DarkUIPreferenceController
03-23 06:43:02.340 2959 2959 D PrefCtrlListHelper: Could not find Context-only controller for pref: com.android.settings.display.FontSizePreferenceController
03-23 06:43:02.340 2959 2959 D PrefCtrlListHelper: Could not find Context-only controller for pref: com.android.settings.display.NightDisplayPreferenceController
03-23 06:43:02.340 2959 2959 D PrefCtrlListHelper: Could not find Context-only controller for pref: com.android.settings.display.ColorModePreferenceController
03-23 06:43:02.340 2959 2959 D PrefCtrlListHelper: Could not find Context-only controller for pref: com.android.settings.display.AutoRotatePreferenceController
03-23 06:43:02.340 2959 2959 D PrefCtrlListHelper: Could not find Context-only controller for pref: com.android.settings.display.DisplayWhiteBalancePreferenceController
03-23 06:43:02.340 2959 2959 D PrefCtrlListHelper: Could not find Context-only controller for pref: com.android.settings.display.PeakRefreshRatePreferenceController
03-23 06:43:02.341 2959 2959 D RefreshRatePrefCtr: DEFAULT_REFRESH_RATE : 60.0 mPeakRefreshRate : 60.0
03-23 06:43:02.341 2959 2959 D PrefCtrlListHelper: Could not find Context-only controller for pref: com.android.settings.display.HotSeatDirPreferenceController
03-23 06:43:02.342 1512 3353 E UserRestrictionsUtils: Unknown restriction queried by uid 1000 (vendor.qti.qesdk.sysservice et al): null
03-23 06:43:02.342 1512 3353 E UserRestrictionsUtils: Unknown restriction queried by uid 1000 (vendor.qti.qesdk.sysservice et al): null
03-23 06:43:02.343 1512 3353 E UserRestrictionsUtils: Unknown restriction queried by uid 1000 (vendor.qti.qesdk.sysservice et al): null
03-23 06:43:02.343 1512 3353 E UserRestrictionsUtils: Unknown restriction queried by uid 1000 (vendor.qti.qesdk.sysservice et al): null
03-23 06:43:02.344 1512 3353 E UserRestrictionsUtils: Unknown restriction queried by uid 1000 (vendor.qti.qesdk.sysservice et al): null
03-23 06:43:02.345 2959 2959 D DisplaySettings: NO dashboard tiles for DisplaySettings
03-23 06:43:02.345 2959 2959 D DisplaySettings: All preferences added, reporting fully drawn
03-23 06:43:02.349 2866 2866 D DeviceProfile: updateIconDrawableOffset: folderIconSizePx=80
03-23 06:43:02.351 2959 2959 I SettingsHomepageActivity: SettingsHomepageActivity: onCreate
03-23 06:43:02.352 1512 1538 W JavaBinder: BinderProxy is being destroyed but the application did not call unlinkToDeath to unlink all of its death recipients beforehand. Releasing leaked death recipient: com.android.server.wm.ActivityRecord$$ExternalSyntheticLambda0
03-23 06:43:02.352 1512 1538 I BpBinder: onLastStrongRef automatically unlinking death recipients:
03-23 06:43:02.354 1512 1538 W JavaBinder: BinderProxy is being destroyed but the application did not call unlinkToDeath to unlink all of its death recipients beforehand. Releasing leaked death recipient: com.android.server.wm.ActivityRecord$$ExternalSyntheticLambda0
03-23 06:43:02.354 1512 1538 I BpBinder: onLastStrongRef automatically unlinking death recipients:
03-23 06:43:02.355 1512 1539 W System : A resource failed to call close.
03-23 06:43:02.355 1512 1539 W System : A resource failed to call close.
03-23 06:43:02.355 1512 1539 W System : A resource failed to call close.
03-23 06:43:02.356 1512 1539 W System : A resource failed to call close.
03-23 06:43:02.356 1512 1539 W System : A resource failed to call close.
03-23 06:43:02.361 2959 2959 D AvatarViewMixin: Feature disabled by config. Skipping
03-23 06:43:02.361 2959 2959 I wm_on_create_called: [64326038,com.android.settings.Settings,performCreate]
03-23 06:43:02.362 2988 3002 D QCCAuthMgr: SMQContentProvider query uri: content://com.qti.smq.Feedback.provider/smq_settings, selection: key=?, uri_matcher: 1
03-23 06:43:02.362 2988 3002 D QCCAuthMgr: SMQContentProvider query tableName: smq_settings
03-23 06:43:02.364 2361 2361 W ConstraintSet: id unknown center_vertical_guideline
03-23 06:43:02.364 2361 2361 W ConstraintSet: id unknown center_horizontal_guideline
03-23 06:43:02.364 2361 2361 W ConstraintSet: id unknown media_action_barrier
03-23 06:43:02.364 2361 2361 W ConstraintSet: id unknown remove_text
03-23 06:43:02.364 2361 2361 W ConstraintSet: id unknown settings
03-23 06:43:02.364 2361 2361 W ConstraintSet: id unknown cancel
03-23 06:43:02.364 2361 2361 W ConstraintSet: id unknown dismiss
03-23 06:43:02.372 1512 4101 W FreeFormWindowHelper: Current Display FreeFormTask is null
03-23 06:43:02.373 2866 2866 E ThemeUtils: View class com.android.quickstep.views.ClearAllImageView is an AppCompat widget that can only be used with a Theme.AppCompat theme (or descendant).
03-23 06:43:02.380 2361 2361 D KeyguardViewMediator: adjustStatusBarLocked: mShowing=false mOccluded=false isSecure=false force=false --> flags=0x0
03-23 06:43:02.386 2959 2959 D PrefCtrlListHelper: Could not find Context-only controller for pref: com.android.settings.network.TopLevelNetworkEntryPreferenceController
03-23 06:43:02.386 2959 2959 D PrefCtrlListHelper: Could not find Context-only controller for pref: com.android.settings.connecteddevice.TopLevelConnectedDevicesPreferenceController
03-23 06:43:02.386 2959 2959 D PrefCtrlListHelper: Could not find Context-only controller for pref: com.android.settings.fuelgauge.TopLevelBatteryPreferenceController
03-23 06:43:02.387 2959 2959 D PrefCtrlListHelper: Could not find Context-only controller for pref: com.android.settings.deviceinfo.TopLevelStoragePreferenceController
03-23 06:43:02.387 2959 2959 D PrefCtrlListHelper: Could not find Context-only controller for pref: com.android.settings.display.TopLevelDisplayPreferenceController
03-23 06:43:02.387 2959 2959 D PrefCtrlListHelper: Could not find Context-only controller for pref: com.android.settings.display.TopLevelWallpaperPreferenceController
03-23 06:43:02.387 2959 2959 D PrefCtrlListHelper: Could not find Context-only controller for pref: com.android.settings.accessibility.TopLevelAccessibilityPreferenceController
03-23 06:43:02.388 2959 2959 D PrefCtrlListHelper: Could not find Context-only controller for pref: com.android.settings.security.TopLevelSecurityEntryPreferenceController
03-23 06:43:02.388 2959 2959 D PrefCtrlListHelper: Could not find Context-only controller for pref: com.android.settings.location.TopLevelLocationPreferenceController
03-23 06:43:02.388 2959 2959 D PrefCtrlListHelper: Could not find Context-only controller for pref: com.android.settings.accounts.TopLevelAccountEntryPreferenceController
03-23 06:43:02.388 2959 2959 D PrefCtrlListHelper: Could not find Context-only controller for pref: com.android.settings.deviceinfo.aboutphone.TopLevelAboutDevicePreferenceController
03-23 06:43:02.388 2959 2959 D PrefCtrlListHelper: Could not find Context-only controller for pref: com.android.settings.support.SupportPreferenceController
03-23 06:43:02.389 2361 2361 V KeyguardUpdateMonitor: *** unregister callback for com.android.keyguard.AnimatableClockController$4@6852d09
03-23 06:43:02.389 2361 2361 V KeyguardUpdateMonitor: *** unregister callback for com.android.keyguard.AnimatableClockController$4@da49b3c
03-23 06:43:02.391 2361 2361 V KeyguardUpdateMonitor: *** unregister callback for com.android.keyguard.KeyguardStatusViewController$2@ab1f94b
03-23 06:43:02.391 2866 2866 D EditModeHelper: setHotseatVisibility: 0
03-23 06:43:02.392 1512 3353 E UserRestrictionsUtils: Unknown restriction queried by uid 1000 (vendor.qti.qesdk.sysservice et al): null
03-23 06:43:02.392 2866 2866 D Launcher.Model: startLoader
03-23 06:43:02.392 2866 2866 D Launcher.Model: java.lang.Exception
03-23 06:43:02.392 2866 2866 D Launcher.Model: at com.android.launcher3.LauncherModel.startLoader(LauncherModel.java:353)
03-23 06:43:02.392 2866 2866 D Launcher.Model: at com.android.launcher3.LauncherModel.addCallbacksAndLoad(LauncherModel.java:333)
03-23 06:43:02.392 2866 2866 D Launcher.Model: at com.android.launcher3.Launcher.onCreate(Launcher.java:529)
03-23 06:43:02.392 2866 2866 D Launcher.Model: at com.android.launcher3.BaseQuickstepLauncher.onCreate(BaseQuickstepLauncher.java:147)
03-23 06:43:02.392 2866 2866 D Launcher.Model: at android.app.Activity.performCreate(Activity.java:8085)
03-23 06:43:02.392 2866 2866 D Launcher.Model: at android.app.Activity.performCreate(Activity.java:8065)
03-23 06:43:02.392 2866 2866 D Launcher.Model: at android.app.Instrumentation.callActivityOnCreate(Instrumentation.java:1330)
03-23 06:43:02.392 2866 2866 D Launcher.Model: at android.app.ActivityThread.performLaunchActivity(ActivityThread.java:3609)
03-23 06:43:02.392 2866 2866 D Launcher.Model: at android.app.ActivityThread.handleLaunchActivity(ActivityThread.java:3793)
03-23 06:43:02.392 2866 2866 D Launcher.Model: at android.app.ActivityThread.handleRelaunchActivityInner(ActivityThread.java:5739)
03-23 06:43:02.392 2866 2866 D Launcher.Model: at android.app.ActivityThread.handleRelaunchActivity(ActivityThread.java:5631)
03-23 06:43:02.392 2866 2866 D Launcher.Model: at android.app.servertransaction.ActivityRelaunchItem.execute(ActivityRelaunchItem.java:71)
03-23 06:43:02.392 2866 2866 D Launcher.Model: at android.app.servertransaction.ActivityTransactionItem.execute(ActivityTransactionItem.java:45)
03-23 06:43:02.392 2866 2866 D Launcher.Model: at android.app.servertransaction.TransactionExecutor.executeCallbacks(TransactionExecutor.java:135)
03-23 06:43:02.392 2866 2866 D Launcher.Model: at android.app.servertransaction.TransactionExecutor.execute(TransactionExecutor.java:95)
03-23 06:43:02.392 2866 2866 D Launcher.Model: at android.app.ActivityThread$H.handleMessage(ActivityThread.java:2211)
03-23 06:43:02.392 2866 2866 D Launcher.Model: at android.os.Handler.dispatchMessage(Handler.java:106)
03-23 06:43:02.392 2866 2866 D Launcher.Model: at android.os.Looper.loopOnce(Looper.java:201)
03-23 06:43:02.392 2866 2866 D Launcher.Model: at android.os.Looper.loop(Looper.java:288)
03-23 06:43:02.392 2866 2866 D Launcher.Model: at android.app.ActivityThread.main(ActivityThread.java:7880)
03-23 06:43:02.392 2866 2866 D Launcher.Model: at java.lang.reflect.Method.invoke(Native Method)
03-23 06:43:02.392 2866 2866 D Launcher.Model: at com.android.internal.os.RuntimeInit$MethodAndArgsCaller.run(RuntimeInit.java:548)
03-23 06:43:02.392 2866 2866 D Launcher.Model: at com.android.internal.os.ZygoteInit.main(ZygoteInit.java:1009)
03-23 06:43:02.393 1512 3353 E UserRestrictionsUtils: Unknown restriction queried by uid 1000 (vendor.qti.qesdk.sysservice et al): null
