03-23 06:42:41.556 3298 3298 W hpplay-java: [main]:IPManager:getActiveNets invalid networkInfo:null
03-23 06:42:41.556 3298 3298 I hpplay-java: [main]:IPManager:getActiveNets eth0:false wifi:false mobile:false ap:false
03-23 06:42:41.557 3298 3298 I hpplay-java: [main]:ServerTaskManager:get local ip:null
03-23 06:42:41.633 1203 1298 I selfinstaller: create socket failed: Network is unreachable 101
03-23 06:42:41.719 1264 1435 E tlogd : [TzLogger](isPathReadable) file /sys/kernel/debug/tzdbg/qsee_log isn't exist or no permission, err: No such file or directory
03-23 06:42:41.719 1264 1435 E tlogd : [TzLogger](saveTzlogAsync) /sys/kernel/debug/tzdbg/qsee_log can not read.
03-23 06:42:41.719 1264 1435 E tlogd : [TzLogger](isPathReadable) file /sys/kernel/debug/tzdbg/log isn't exist or no permission, err: No such file or directory
03-23 06:42:41.720 1264 1435 E tlogd : [TzLogger](saveTzlogAsync) /sys/kernel/debug/tzdbg/log can not read.
03-23 06:42:41.824 653 668 I mpu_uart: [MSG-P:RECV]:No message received in 1000 ms
03-23 06:42:41.868 653 667 I mpu_uart: [MSG-P:R]:recv sync frame timeout
03-23 06:42:41.913 3134 4941 W adbd : timed out while waiting for FUNCTIONFS_BIND, trying again
03-23 06:42:41.913 3134 4941 I adbd : UsbFfs: connection terminated: monitor thread finished
03-23 06:42:41.913 3134 3134 I adbd : UsbFfs: already offline
03-23 06:42:41.913 3134 3134 I adbd : destroying transport UsbFfs
03-23 06:42:41.913 3134 3134 I adbd : UsbFfsConnection being destroyed
03-23 06:42:41.929 3134 3150 I adbd : opening control endpoint /dev/usb-ffs/adb/ep0
03-23 06:42:41.931 3134 3150 I adbd : UsbFfsConnection constructed
03-23 06:42:41.932 3134 4942 I adbd : UsbFfs-monitor thread spawned
01-01 13:45:26.791 0 0 I : read descriptors
01-01 13:45:26.791 0 0 I : read strings
03-23 06:42:42.559 3298 3298 W hpplay-java: [main]:IPManager:getActiveNets invalid networkInfo:null
03-23 06:42:42.559 3298 3298 I hpplay-java: [main]:IPManager:getActiveNets eth0:false wifi:false mobile:false ap:false
03-23 06:42:42.559 3298 3298 I hpplay-java: [main]:ServerTaskManager:get local ip:null
03-23 06:42:42.625 1512 1670 I am_uid_idle: 10025
03-23 06:42:42.825 653 668 I mpu_uart: [MSG-P:RECV]:No message received in 1000 ms
03-23 06:42:42.934 3134 4942 W adbd : timed out while waiting for FUNCTIONFS_BIND, trying again
03-23 06:42:42.934 3134 4942 I adbd : UsbFfs: connection terminated: monitor thread finished
03-23 06:42:42.934 3134 3134 I adbd : UsbFfs: already offline
03-23 06:42:42.934 3134 3134 I adbd : destroying transport UsbFfs
03-23 06:42:42.934 3134 3134 I adbd : UsbFfsConnection being destroyed
03-23 06:42:42.941 3134 3150 I adbd : opening control endpoint /dev/usb-ffs/adb/ep0
03-23 06:42:42.943 3134 3150 I adbd : UsbFfsConnection constructed
03-23 06:42:42.944 3134 4943 I adbd : UsbFfs-monitor thread spawned
01-01 13:45:27.803 0 0 I : read descriptors
01-01 13:45:27.803 0 0 I : read strings
03-23 06:42:43.270 1512 1670 I am_uid_idle: 10021
01-01 13:45:28.183 0 0 E DTC_ETH,link_delay_work_func: 3003, SQI=0, link=0
03-23 06:42:43.432 1512 1670 I am_uid_idle: 10035
03-23 06:42:43.562 3298 3298 W hpplay-java: [main]:IPManager:getActiveNets invalid networkInfo:null
03-23 06:42:43.562 3298 3298 I hpplay-java: [main]:IPManager:getActiveNets eth0:false wifi:false mobile:false ap:false
03-23 06:42:43.562 3298 3298 I hpplay-java: [main]:ServerTaskManager:get local ip:null
03-23 06:42:43.732 1512 1670 I am_uid_idle: 10064
03-23 06:42:43.825 653 668 I mpu_uart: [MSG-P:RECV]:No message received in 1000 ms
03-23 06:42:43.930 1512 1670 I am_uid_idle: 10029
03-23 06:42:43.944 1512 1670 I am_uid_idle: 10083
03-23 06:42:43.945 3134 4943 W adbd : timed out while waiting for FUNCTIONFS_BIND, trying again
03-23 06:42:43.945 3134 4943 I adbd : UsbFfs: connection terminated: monitor thread finished
03-23 06:42:43.946 3134 3134 I adbd : UsbFfs: already offline
03-23 06:42:43.946 3134 3134 I adbd : destroying transport UsbFfs
03-23 06:42:43.946 3134 3134 I adbd : UsbFfsConnection being destroyed
03-23 06:42:43.953 3134 3150 I adbd : opening control endpoint /dev/usb-ffs/adb/ep0
03-23 06:42:43.956 3134 3150 I adbd : UsbFfsConnection constructed
03-23 06:42:43.957 3134 4944 I adbd : UsbFfs-monitor thread spawned
01-01 13:45:28.815 0 0 I : read descriptors
01-01 13:45:28.815 0 0 I : read strings
03-23 06:42:44.121 1512 1670 I am_uid_idle: 10059
03-23 06:42:44.217 1512 1670 I am_uid_idle: 10020
03-23 06:42:44.368 1512 1670 I am_uid_idle: 10024
03-23 06:42:44.462 1512 1670 I am_uid_idle: 2000
03-23 06:42:44.564 3298 3298 W hpplay-java: [main]:IPManager:getActiveNets invalid networkInfo:null
03-23 06:42:44.564 3298 3298 I hpplay-java: [main]:IPManager:getActiveNets eth0:false wifi:false mobile:false ap:false
03-23 06:42:44.565 3298 3298 I hpplay-java: [main]:ServerTaskManager:get local ip:null
03-23 06:42:44.825 653 668 I mpu_uart: [MSG-P:RECV]:No message received in 1000 ms
03-23 06:42:44.871 653 667 I mpu_uart: [MSG-P:R]:recv sync frame timeout
03-23 06:42:44.958 3134 4944 W adbd : timed out while waiting for FUNCTIONFS_BIND, trying again
03-23 06:42:44.958 3134 4944 I adbd : UsbFfs: connection terminated: monitor thread finished
03-23 06:42:44.959 3134 3134 I adbd : UsbFfs: already offline
03-23 06:42:44.959 3134 3134 I adbd : destroying transport UsbFfs
03-23 06:42:44.959 3134 3134 I adbd : UsbFfsConnection being destroyed
03-23 06:42:44.965 3134 3150 I adbd : opening control endpoint /dev/usb-ffs/adb/ep0
03-23 06:42:44.967 3134 3150 I adbd : UsbFfsConnection constructed
03-23 06:42:44.968 3134 4945 I adbd : UsbFfs-monitor thread spawned
01-01 13:45:29.827 0 0 I : read descriptors
01-01 13:45:29.827 0 0 I : read strings
03-23 06:42:45.071 1512 1670 I am_uid_idle: 10057
03-23 06:42:45.154 1512 1670 I am_uid_idle: 10084
03-23 06:42:45.566 3298 3298 W hpplay-java: [main]:IPManager:getActiveNets invalid networkInfo:null
03-23 06:42:45.567 3298 3298 I hpplay-java: [main]:IPManager:getActiveNets eth0:false wifi:false mobile:false ap:false
03-23 06:42:45.567 3298 3298 I hpplay-java: [main]:ServerTaskManager:get local ip:null
03-23 06:42:45.826 653 668 I mpu_uart: [MSG-P:RECV]:No message received in 1000 ms
03-23 06:42:45.970 3134 4945 W adbd : timed out while waiting for FUNCTIONFS_BIND, trying again
03-23 06:42:45.970 3134 4945 I adbd : UsbFfs: connection terminated: monitor thread finished
03-23 06:42:45.970 3134 3134 I adbd : UsbFfs: already offline
03-23 06:42:45.970 3134 3134 I adbd : destroying transport UsbFfs
03-23 06:42:45.970 3134 3134 I adbd : UsbFfsConnection being destroyed
03-23 06:42:45.977 3134 3150 I adbd : opening control endpoint /dev/usb-ffs/adb/ep0
03-23 06:42:45.979 3134 3150 I adbd : UsbFfsConnection constructed
03-23 06:42:45.980 3134 4946 I adbd : UsbFfs-monitor thread spawned
01-01 13:45:30.839 0 0 I : read descriptors
01-01 13:45:30.839 0 0 I : read strings
03-23 06:42:46.542 2764 2764 D RemoteControlService: startVlanDispatchThread
03-23 06:42:46.569 3298 3298 W hpplay-java: [main]:IPManager:getActiveNets invalid networkInfo:null
03-23 06:42:46.569 3298 3298 I hpplay-java: [main]:IPManager:getActiveNets eth0:false wifi:false mobile:false ap:false
03-23 06:42:46.569 3298 3298 I hpplay-java: [main]:ServerTaskManager:get local ip:null
03-23 06:42:46.720 1264 1435 E tlogd : [TzLogger](isPathReadable) file /sys/kernel/debug/tzdbg/qsee_log isn't exist or no permission, err: No such file or directory
03-23 06:42:46.720 1264 1435 E tlogd : [TzLogger](saveTzlogAsync) /sys/kernel/debug/tzdbg/qsee_log can not read.
03-23 06:42:46.720 1264 1435 E tlogd : [TzLogger](isPathReadable) file /sys/kernel/debug/tzdbg/log isn't exist or no permission, err: No such file or directory
03-23 06:42:46.720 1264 1435 E tlogd : [TzLogger](saveTzlogAsync) /sys/kernel/debug/tzdbg/log can not read.
03-23 06:42:46.826 653 668 I mpu_uart: [MSG-P:RECV]:No message received in 1000 ms
03-23 06:42:46.981 3134 4946 W adbd : timed out while waiting for FUNCTIONFS_BIND, trying again
03-23 06:42:46.981 3134 4946 I adbd : UsbFfs: connection terminated: monitor thread finished
03-23 06:42:46.981 3134 3134 I adbd : UsbFfs: already offline
03-23 06:42:46.981 3134 3134 I adbd : destroying transport UsbFfs
03-23 06:42:46.981 3134 3134 I adbd : UsbFfsConnection being destroyed
03-23 06:42:46.989 3134 3150 I adbd : opening control endpoint /dev/usb-ffs/adb/ep0
03-23 06:42:46.991 3134 3150 I adbd : UsbFfsConnection constructed
03-23 06:42:46.991 3134 4947 I adbd : UsbFfs-monitor thread spawned
01-01 13:45:31.851 0 0 I : read descriptors
01-01 13:45:31.851 0 0 I : read strings
01-01 13:45:32.127 0 0 E DTC_Display: screen not ready
03-23 06:42:47.371 1512 1816 I input_interaction: Interaction with: f8e39da NotificationShade (server), swipe-up (server), edge-swipe (server), PointerEventDispatcher0 (server),
03-23 06:42:47.571 3298 3298 W hpplay-java: [main]:IPManager:getActiveNets invalid networkInfo:null
03-23 06:42:47.571 3298 3298 I hpplay-java: [main]:IPManager:getActiveNets eth0:false wifi:false mobile:false ap:false
03-23 06:42:47.571 3298 3298 I hpplay-java: [main]:ServerTaskManager:get local ip:null
03-23 06:42:47.818 1512 2301 I GameModeConfig: isGameModeOn = false
03-23 06:42:47.818 1512 2301 I GameModeConfig: isGameModeOn = false
03-23 06:42:47.818 1512 2301 I GameModeConfig: isGameModeOn = false
03-23 06:42:47.818 1512 2301 I GameModeConfig: isGameModeOn = false
03-23 06:42:47.820 1512 1512 I notification_enqueue: [10077,2361,com.android.systemui,2048,NULL,0,Notification(channel=updateNotification shortcut=null contentView=null vibrate=null sound=null defaults=0x0 flags=0x0 color=0x00000000 vis=PRIVATE),1]
03-23 06:42:47.821 2361 2361 I sysui_multi_action: [757,111,758,2]
03-23 06:42:47.822 2361 2361 I sysui_multi_action: [757,111,758,2]
03-23 06:42:47.826 653 668 I mpu_uart: [MSG-P:RECV]:No message received in 1000 ms
03-23 06:42:47.875 653 667 I mpu_uart: [MSG-P:R]:recv sync frame timeout
03-23 06:42:47.986 1512 1659 I input_focus: [Focus request 1a41036 com.android.settings/com.android.settings.Settings,reason=UpdateInputWindows]
03-23 06:42:47.991 1512 4101 I sysui_multi_action: [757,128,758,2,793,84703,794,30297,795,84703,796,17303299,797,com.android.wifi,798,0,806,android,857,NETWORK_AVAILABLE,858,2,947,0,1395,2,1500,84501,1688,1]
03-23 06:42:47.991 1512 4101 I notification_visibility: [0|android|17303299|com.android.wifi|1000,0,84703,84703,0,0]
03-23 06:42:47.991 1512 4101 I sysui_multi_action: [757,128,758,2,793,85471,794,30296,795,85471,796,32,798,1,806,android,857,USB,858,1,947,0,1395,2,1500,85204,1688,1]
03-23 06:42:47.992 2361 2361 D StatusBar: disable disable2
03-23 06:42:47.993 3134 4947 W adbd : timed out while waiting for FUNCTIONFS_BIND, trying again
03-23 06:42:47.993 3134 4947 I adbd : UsbFfs: connection terminated: monitor thread finished
03-23 06:42:47.993 3134 3134 I adbd : UsbFfs: already offline
03-23 06:42:47.993 3134 3134 I adbd : destroying transport UsbFfs
03-23 06:42:47.993 3134 3134 I adbd : UsbFfsConnection being destroyed
03-23 06:42:47.994 1512 4101 I notification_visibility: [-1|android|32|null|1000,0,85471,85471,0,1]
03-23 06:42:47.994 1512 4101 I sysui_multi_action: [757,127,758,2]
03-23 06:42:47.994 1512 4101 I notification_panel_hidden:
03-23 06:42:48.016 2361 2361 V KeyguardUpdateMonitor: *** unregister callback for com.android.keyguard.CarrierTextManager$2@ce8d768
01-01 13:45:32.879 0 0 I : read descriptors
01-01 13:45:32.879 0 0 I : read strings
03-23 06:42:48.017 3134 3150 I adbd : opening control endpoint /dev/usb-ffs/adb/ep0
03-23 06:42:48.018 1512 1816 I input_focus: [Focus leaving f8e39da NotificationShade (server),reason=NO_WINDOW]
03-23 06:42:48.018 1512 1816 I input_focus: [Focus entering 1a41036 com.android.settings/com.android.settings.Settings (server),reason=setFocusedWindow]
03-23 06:42:48.018 3134 3150 I adbd : UsbFfsConnection constructed
03-23 06:42:48.019 3134 4951 I adbd : UsbFfs-monitor thread spawned
03-23 06:42:48.021 1512 1512 I GameModeConfig: isGameModeOn = false
03-23 06:42:48.036 2361 2361 D InterruptionStateProvider: No bubble up: not allowed to bubble: 0|com.android.systemui|2048|null|10077
03-23 06:42:48.036 2361 2361 D InterruptionStateProvider: No heads up: unimportant notification: 0|com.android.systemui|2048|null|10077
03-23 06:42:48.045 2361 2463 D PeopleSpaceWidgetMgr: Sbn doesn't contain valid PeopleTileKey: null/0/com.android.systemui
01-01 13:45:33.302 0 0 E DTC_ETH,link_delay_work_func: 3003, SQI=0, link=0
03-23 06:42:48.573 3298 3298 W hpplay-java: [main]:IPManager:getActiveNets invalid networkInfo:null
03-23 06:42:48.573 3298 3298 I hpplay-java: [main]:IPManager:getActiveNets eth0:false wifi:false mobile:false ap:false
03-23 06:42:48.573 3298 3298 I hpplay-java: [main]:ServerTaskManager:get local ip:null
03-23 06:42:48.827 653 668 I mpu_uart: [MSG-P:RECV]:No message received in 1000 ms
03-23 06:42:49.021 3134 4951 W adbd : timed out while waiting for FUNCTIONFS_BIND, trying again
03-23 06:42:49.021 3134 4951 I adbd : UsbFfs: connection terminated: monitor thread finished
03-23 06:42:49.021 3134 3134 I adbd : UsbFfs: already offline
03-23 06:42:49.021 3134 3134 I adbd : destroying transport UsbFfs
03-23 06:42:49.021 3134 3134 I adbd : UsbFfsConnection being destroyed
03-23 06:42:49.037 3134 3150 I adbd : opening control endpoint /dev/usb-ffs/adb/ep0
03-23 06:42:49.039 3134 3150 I adbd : UsbFfsConnection constructed
03-23 06:42:49.039 3134 4952 I adbd : UsbFfs-monitor thread spawned
01-01 13:45:33.899 0 0 I : read descriptors
01-01 13:45:33.899 0 0 I : read strings
03-23 06:42:49.226 1512 1816 I input_interaction: Interaction with: 1a41036 com.android.settings/com.android.settings.Settings (server), swipe-up (server), edge-swipe (server), PointerEventDispatcher0 (server),
03-23 06:42:49.315 880 880 D vendor.qti.vibrator: Vibrator perform effect 21
03-23 06:42:49.315 880 880 D vendor.qti.vibrator: Vibrator perform effect 2
03-23 06:42:49.316 880 880 D vendor.qti.vibrator: QTI Vibrator off
03-23 06:42:49.394 2959 4895 I OpenGLRenderer: Davey! duration=9223371927465ms; Flags=0, FrameTimelineVsyncId=5423, IntendedVsync=109389156330, Vsync=109389156330, InputEventId=539313783, HandleInputStart=109389375321, AnimationStart=109389377873, PerformTraversalsStart=109389395217, DrawStart=109449150582, FrameDeadline=109405822996, FrameInterval=109389369332, FrameStartTime=16666666, SyncQueued=109450112300, SyncStart=109450288915, IssueDrawCommandsStart=109450529852, SwapBuffers=109451861571, FrameCompleted=9223372036854775807, DequeueBufferDuration=18802, QueueBufferDuration=824948, GpuCompleted=9223372036854775807, SwapBuffersCompleted=109452949175, DisplayPresentTime=0,
03-23 06:42:49.422 1512 1658 I configuration_changed: 1073741824
03-23 06:42:49.422 1512 1658 I ActivityTaskManager: Config changes=40000000 {1.0 ?mcc?mnc [zh_CN] ldltr sw720dp w1706dp h652dp 240dpi lrg long hdr land finger -keyb/v/h -nav/h winConfig={ mBounds=Rect(0, 0 - 2560, 1080) mAppBounds=Rect(0, 0 - 2560, 1014) mMaxBounds=Rect(0, 0 - 2560, 1080) mWindowingMode=fullscreen mDisplayWindowingMode=fullscreen mActivityType=undefined mAlwaysOnTop=undefined mRotation=ROTATION_0} s.371 fontWeightAdjustment=0}
03-23 06:42:49.430 3298 3298 I hpplay-java: [main]:DaemonService:onConfigurationChanged
03-23 06:42:49.432 1512 1658 I WindowManager: Override config changes=40000000 {1.0 ?mcc?mnc [zh_CN] ldltr sw720dp w1706dp h652dp 240dpi lrg long hdr land finger -keyb/v/h -nav/h winConfig={ mBounds=Rect(0, 0 - 2560, 1080) mAppBounds=Rect(0, 0 - 2560, 1014) mMaxBounds=Rect(0, 0 - 2560, 1080) mWindowingMode=fullscreen mDisplayWindowingMode=fullscreen mActivityType=undefined mAlwaysOnTop=undefined mRotation=ROTATION_0} s.371 fontWeightAdjustment=0} for displayId=0
03-23 06:42:49.440 3761 3761 I hintView: forceClose=true,resetShowChs=true
03-23 06:42:49.440 3761 3761 I hintView: dismissPop()
03-23 06:42:49.447 1512 1658 W ImageReader_JNI: Unable to acquire a buffer item, very likely client tried to acquire more than maxImages buffers
03-23 06:42:49.448 1512 1658 I wm_relaunch_resume_activity: [0,64326038,11,com.android.settings/.Settings]
03-23 06:42:49.449 2959 2959 I wm_on_top_resumed_lost_called: [64326038,com.android.settings.Settings,pausing]
03-23 06:42:49.450 2959 2959 I sysui_multi_action: [757,340,758,2,1089,32077]
03-23 06:42:49.451 2562 2562 D GameMode_WindowController: onConfigurationChanged orientation: 2, locate: [zh_CN]
03-23 06:42:49.451 1512 1816 I InputDispatcher: Erasing monitor edge-swipe (server) on display 0, pid=2361
03-23 06:42:49.452 2959 2959 I sysui_multi_action: [757,35,758,2,1089,32078]
03-23 06:42:49.452 2959 2959 I wm_on_paused_called: [64326038,com.android.settings.Settings,performPause]
03-23 06:42:49.453 988 1063 I BpBinder: onLastStrongRef automatically unlinking death recipients:
03-23 06:42:49.455 2959 2959 I wm_on_stop_called: [64326038,com.android.settings.Settings,handleRelaunchActivity]
03-23 06:42:49.456 2866 4613 E FrameEvents: updateAcquireFence: Did not find frame.
03-23 06:42:49.457 1512 2466 W InputManager-JNI: Input channel object '5936f7c NavigationBar0 (client)' was disposed without first being removed with the input manager!
03-23 06:42:49.459 2959 2959 I wm_on_destroy_called: [64326038,com.android.settings.Settings,performDestroy]
03-23 06:42:49.461 2866 4613 E FrameEvents: updateAcquireFence: Did not find frame.
03-23 06:42:49.463 1512 2466 W InputManager-JNI: Input channel object '1a41036 com.android.settings/com.android.settings.Settings (client)' was disposed without first being removed with the input manager!
03-23 06:42:49.465 2866 4613 E FrameEvents: updateAcquireFence: Did not find frame.
03-23 06:42:49.465 2361 2361 D NavigationModeController: getCurrentInteractionMode: mode=2 contextUser=0
03-23 06:42:49.466 2866 4613 E FrameEvents: updateAcquireFence: Did not find frame.
03-23 06:42:49.466 2361 2361 D NavigationModeController: getCurrentInteractionMode: mode=2 contextUser=0
03-23 06:42:49.469 2866 2866 D Launcher.Model: startLoader
03-23 06:42:49.469 2866 2866 D Launcher.Model: java.lang.Exception
03-23 06:42:49.469 2866 2866 D Launcher.Model: at com.android.launcher3.LauncherModel.startLoader(LauncherModel.java:353)
03-23 06:42:49.469 2866 2866 D Launcher.Model: at com.android.launcher3.LauncherModel.forceReload(LauncherModel.java:298)
03-23 06:42:49.469 2866 2866 D Launcher.Model: at com.android.launcher3.LauncherAppState.refreshAndReloadLauncher(LauncherAppState.java:161)
03-23 06:42:49.469 2866 2866 D Launcher.Model: at com.android.launcher3.LauncherAppState.lambda$new$0$LauncherAppState(LauncherAppState.java:89)
03-23 06:42:49.469 2866 2866 D Launcher.Model: at com.android.launcher3.LauncherAppState$$ExternalSyntheticLambda0.onIdpChanged(Unknown Source:2)
03-23 06:42:49.469 2866 2866 D Launcher.Model: at com.android.launcher3.InvariantDeviceProfile.onConfigChanged(InvariantDeviceProfile.java:379)
03-23 06:42:49.469 2866 2866 D Launcher.Model: at com.android.launcher3.InvariantDeviceProfile.lambda$new$0$InvariantDeviceProfile(InvariantDeviceProfile.java:199)
03-23 06:42:49.469 2866 2866 D Launcher.Model: at com.android.launcher3.InvariantDeviceProfile$$ExternalSyntheticLambda0.onDisplayInfoChanged(Unknown Source:2)
03-23 06:42:49.469 2866 2866 D Launcher.Model: at com.android.launcher3.util.DisplayController.notifyChange(DisplayController.java:237)
03-23 06:42:49.469 2866 2866 D Launcher.Model: at com.android.launcher3.util.DisplayController.lambda$handleInfoChange$0$DisplayController(DisplayController.java:231)
03-23 06:42:49.469 2866 2866 D Launcher.Model: at com.android.launcher3.util.DisplayController$$ExternalSyntheticLambda1.run(Unknown Source:6)
03-23 06:42:49.469 2866 2866 D Launcher.Model: at com.android.launcher3.util.LooperExecutor.execute(LooperExecutor.java:45)
03-23 06:42:49.469 2866 2866 D Launcher.Model: at com.android.launcher3.util.DisplayController.handleInfoChange(DisplayController.java:231)
03-23 06:42:49.469 2866 2866 D Launcher.Model: at com.android.launcher3.util.DisplayController.onConfigurationChanged(DisplayController.java:180)
03-23 06:42:49.469 2866 2866 D Launcher.Model: at android.content.ComponentCallbacksController.lambda$dispatchConfigurationChanged$0(ComponentCallbacksController.java:91)
03-23 06:42:49.469 2866 2866 D Launcher.Model: at android.content.ComponentCallbacksController$$ExternalSyntheticLambda1.accept(Unknown Source:4)
03-23 06:42:49.469 2866 2866 D Launcher.Model: at android.content.ComponentCallbacksController.forAllComponentCallbacks(ComponentCallbacksController.java:124)
03-23 06:42:49.469 2866 2866 D Launcher.Model: at android.content.ComponentCallbacksController.dispatchConfigurationChanged(ComponentCallbacksController.java:91)
03-23 06:42:49.469 2866 2866 D Launcher.Model: at android.window.WindowContext.dispatchConfigurationChanged(WindowContext.java:125)
03-23 06:42:49.469 2866 2866 D Launcher.Model: at android.window.WindowTokenClient.lambda$onConfigurationChanged$0(WindowTokenClient.java:90)
03-23 06:42:49.469 2866 2866 D Launcher.Model: at android.window.WindowTokenClient$$ExternalSyntheticLambda0.run(Unknown Source:4)
03-23 06:42:49.469 2866 2866 D Launcher.Model: at android.os.Handler.handleCallback(Handler.java:938)
03-23 06:42:49.469 2866 2866 D Launcher.Model: at android.os.Handler.dispatchMessage(Handler.java:99)
03-23 06:42:49.469 2866 2866 D Launcher.Model: at android.os.Looper.loopOnce(Looper.java:201)
03-23 06:42:49.469 2866 2866 D Launcher.Model: at android.os.Looper.loop(Looper.java:288)
03-23 06:42:49.469 2866 2866 D Launcher.Model: at android.app.ActivityThread.main(ActivityThread.java:7880)
03-23 06:42:49.469 2866 2866 D Launcher.Model: at java.lang.reflect.Method.invoke(Native Method)
03-23 06:42:49.469 2866 2866 D Launcher.Model: at com.android.internal.os.RuntimeInit$MethodAndArgsCaller.run(RuntimeInit.java:548)
03-23 06:42:49.469 2866 2866 D Launcher.Model: at com.android.internal.os.ZygoteInit.main(ZygoteInit.java:1009)
03-23 06:42:49.469 2866 2866 E libprocessgroup: set_timerslack_ns write failed: Operation not permitted
03-23 06:42:49.470 2361 2361 D NavigationModeController: getCurrentUserContext: contextUser=0 currentUser=0
03-23 06:42:49.471 2361 2361 D NavigationModeController: getCurrentInteractionMode: mode=2 contextUser=0
03-23 06:42:49.471 2866 2866 D DeviceProfile: updateIconDrawableOffset: folderIconSizePx=80
03-23 06:42:49.474 2866 2934 D LoaderTask: loadWorkspace: loading default favorites
03-23 06:42:49.474 2866 2934 D LauncherProvider: call: method=load_default_favorites,arg=null,extras=null
03-23 06:42:49.477 2866 2866 D EditModeHelper: setHotseatVisibility: 0
03-23 06:42:49.478 2959 2959 D PrefCtrlListHelper: Could not find Context-only controller for pref: com.android.settings.network.TopLevelNetworkEntryPreferenceController
03-23 06:42:49.478 2959 2959 D PrefCtrlListHelper: Could not find Context-only controller for pref: com.android.settings.connecteddevice.TopLevelConnectedDevicesPreferenceController
03-23 06:42:49.478 2959 2959 D PrefCtrlListHelper: Could not find Context-only controller for pref: com.android.settings.fuelgauge.TopLevelBatteryPreferenceController
03-23 06:42:49.478 2959 2959 D PrefCtrlListHelper: Could not find Context-only controller for pref: com.android.settings.deviceinfo.TopLevelStoragePreferenceController
03-23 06:42:49.478 2959 2959 D PrefCtrlListHelper: Could not find Context-only controller for pref: com.android.settings.display.TopLevelDisplayPreferenceController
03-23 06:42:49.478 2959 2959 D PrefCtrlListHelper: Could not find Context-only controller for pref: com.android.settings.display.TopLevelWallpaperPreferenceController
03-23 06:42:49.478 2959 2959 D PrefCtrlListHelper: Could not find Context-only controller for pref: com.android.settings.accessibility.TopLevelAccessibilityPreferenceController
03-23 06:42:49.478 2959 2959 D PrefCtrlListHelper: Could not find Context-only controller for pref: com.android.settings.security.TopLevelSecurityEntryPreferenceController
03-23 06:42:49.479 2959 2959 D PrefCtrlListHelper: Could not find Context-only controller for pref: com.android.settings.location.TopLevelLocationPreferenceController
03-23 06:42:49.479 2866 2866 D Launcher.Model: startLoader
03-23 06:42:49.479 2866 2866 D Launcher.Model: java.lang.Exception
03-23 06:42:49.479 2866 2866 D Launcher.Model: at com.android.launcher3.LauncherModel.startLoader(LauncherModel.java:353)
03-23 06:42:49.479 2866 2866 D Launcher.Model: at com.android.launcher3.LauncherModel.rebindCallbacks(LauncherModel.java:307)
03-23 06:42:49.479 2866 2866 D Launcher.Model: at com.android.launcher3.Launcher.onIdpChanged(Launcher.java:659)
03-23 06:42:49.479 2866 2866 D Launcher.Model: at com.android.launcher3.InvariantDeviceProfile.onConfigChanged(InvariantDeviceProfile.java:379)
03-23 06:42:49.479 2866 2866 D Launcher.Model: at com.android.launcher3.InvariantDeviceProfile.lambda$new$0$InvariantDeviceProfile(InvariantDeviceProfile.java:199)
03-23 06:42:49.479 2866 2866 D Launcher.Model: at com.android.launcher3.InvariantDeviceProfile$$ExternalSyntheticLambda0.onDisplayInfoChanged(Unknown Source:2)
03-23 06:42:49.479 2866 2866 D Launcher.Model: at com.android.launcher3.util.DisplayController.notifyChange(DisplayController.java:237)
03-23 06:42:49.479 2866 2866 D Launcher.Model: at com.android.launcher3.util.DisplayController.lambda$handleInfoChange$0$DisplayController(DisplayController.java:231)
03-23 06:42:49.479 2866 2866 D Launcher.Model: at com.android.launcher3.util.DisplayController$$ExternalSyntheticLambda1.run(Unknown Source:6)
03-23 06:42:49.479 2866 2866 D Launcher.Model: at com.android.launcher3.util.LooperExecutor.execute(LooperExecutor.java:45)
03-23 06:42:49.479 2866 2866 D Launcher.Model: at com.android.launcher3.util.DisplayController.handleInfoChange(DisplayController.java:231)
03-23 06:42:49.479 2866 2866 D Launcher.Model: at com.android.launcher3.util.DisplayController.onConfigurationChanged(DisplayController.java:180)
03-23 06:42:49.479 2866 2866 D Launcher.Model: at android.content.ComponentCallbacksController.lambda$dispatchConfigurationChanged$0(ComponentCallbacksController.java:91)
03-23 06:42:49.479 2866 2866 D Launcher.Model: at android.content.ComponentCallbacksController$$ExternalSyntheticLambda1.accept(Unknown Source:4)
03-23 06:42:49.479 2866 2866 D Launcher.Model: at android.content.ComponentCallbacksController.forAllComponentCallbacks(ComponentCallbacksController.java:124)
03-23 06:42:49.479 2866 2866 D Launcher.Model: at android.content.ComponentCallbacksController.dispatchConfigurationChanged(ComponentCallbacksController.java:91)
03-23 06:42:49.479 2866 2866 D Launcher.Model: at android.window.WindowContext.dispatchConfigurationChanged(WindowContext.java:125)
03-23 06:42:49.479 2866 2866 D Launcher.Model: at android.window.WindowTokenClient.lambda$onConfigurationChanged$0(WindowTokenClient.java:90)
03-23 06:42:49.479 2866 2866 D Launcher.Model: at android.window.WindowTokenClient$$ExternalSyntheticLambda0.run(Unknown Source:4)
03-23 06:42:49.479 2866 2866 D Launcher.Model: at android.os.Handler.handleCallback(Handler.java:938)
03-23 06:42:49.479 2866 2866 D Launcher.Model: at android.os.Handler.dispatchMessage(Handler.java:99)
03-23 06:42:49.479 2866 2866 D Launcher.Model: at android.os.Looper.loopOnce(Looper.java:201)
03-23 06:42:49.479 2866 2866 D Launcher.Model: at android.os.Looper.loop(Looper.java:288)
03-23 06:42:49.479 2866 2866 D Launcher.Model: at android.app.ActivityThread.main(ActivityThread.java:7880)
03-23 06:42:49.479 2866 2866 D Launcher.Model: at java.lang.reflect.Method.invoke(Native Method)
03-23 06:42:49.479 2866 2866 D Launcher.Model: at com.android.internal.os.RuntimeInit$MethodAndArgsCaller.run(RuntimeInit.java:548)
03-23 06:42:49.479 2866 2866 D Launcher.Model: at com.android.internal.os.ZygoteInit.main(ZygoteInit.java:1009)
03-23 06:42:49.479 2959 2959 D PrefCtrlListHelper: Could not find Context-only controller for pref: com.android.settings.accounts.TopLevelAccountEntryPreferenceController
03-23 06:42:49.479 2959 2959 D PrefCtrlListHelper: Could not find Context-only controller for pref: com.android.settings.deviceinfo.aboutphone.TopLevelAboutDevicePreferenceController
03-23 06:42:49.479 2959 2959 D PrefCtrlListHelper: Could not find Context-only controller for pref: com.android.settings.support.SupportPreferenceController
03-23 06:42:49.479 2866 2934 D BaseIconFactory: normalizeAndWrapToAdaptiveIcon: scale=0.8096529
03-23 06:42:49.480 1512 4101 I wm_relaunch_activity: [0,88042559,10,com.android.launcher3/.uioverrides.QuickstepLauncher]
03-23 06:42:49.480 1512 2466 E UserRestrictionsUtils: Unknown restriction queried by uid 1000 (vendor.qti.qesdk.sysservice et al): null
03-23 06:42:49.480 1512 4101 I wm_add_to_stopping: [0,88042559,com.android.launcher3/.uioverrides.QuickstepLauncher,preloadRecents]
03-23 06:42:49.480 1512 2466 E UserRestrictionsUtils: Unknown restriction queried by uid 1000 (vendor.qti.qesdk.sysservice et al): null
03-23 06:42:49.480 1512 1990 E UserRestrictionsUtils: Unknown restriction queried by uid 1000 (vendor.qti.qesdk.sysservice et al): null
03-23 06:42:49.481 1512 4101 E UserRestrictionsUtils: Unknown restriction queried by uid 1000 (vendor.qti.qesdk.sysservice et al): null
03-23 06:42:49.481 1512 2466 E UserRestrictionsUtils: Unknown restriction queried by uid 1000 (vendor.qti.qesdk.sysservice et al): null
03-23 06:42:49.481 1512 2466 E UserRestrictionsUtils: Unknown restriction queried by uid 1000 (vendor.qti.qesdk.sysservice et al): null
03-23 06:42:49.481 1512 1990 E UserRestrictionsUtils: Unknown restriction queried by uid 1000 (vendor.qti.qesdk.sysservice et al): null
03-23 06:42:49.481 1512 3353 E UserRestrictionsUtils: Unknown restriction queried by uid 1000 (vendor.qti.qesdk.sysservice et al): null
03-23 06:42:49.482 1512 1990 E UserRestrictionsUtils: Unknown restriction queried by uid 1000 (vendor.qti.qesdk.sysservice et al): null
03-23 06:42:49.482 2866 2866 D Launcher.Model: startLoader
03-23 06:42:49.482 2866 2866 D Launcher.Model: java.lang.Exception
03-23 06:42:49.482 2866 2866 D Launcher.Model: at com.android.launcher3.LauncherModel.startLoader(LauncherModel.java:353)
03-23 06:42:49.482 2866 2866 D Launcher.Model: at com.android.launcher3.LauncherModel.removeCallbacks(LauncherModel.java:320)
03-23 06:42:49.482 2866 2866 D Launcher.Model: at com.android.launcher3.Launcher.onDestroy(Launcher.java:1772)
03-23 06:42:49.482 2866 2866 D Launcher.Model: at com.android.launcher3.BaseQuickstepLauncher.onDestroy(BaseQuickstepLauncher.java:163)
03-23 06:42:49.482 2866 2866 D Launcher.Model: at com.android.launcher3.uioverrides.QuickstepLauncher.onDestroy(QuickstepLauncher.java:239)
03-23 06:42:49.482 2866 2866 D Launcher.Model: at android.app.Activity.performDestroy(Activity.java:8350)
03-23 06:42:49.482 2866 2866 D Launcher.Model: at android.app.Instrumentation.callActivityOnDestroy(Instrumentation.java:1365)
03-23 06:42:49.482 2866 2866 D Launcher.Model: at android.app.ActivityThread.performDestroyActivity(ActivityThread.java:5375)
03-23 06:42:49.482 2866 2866 D Launcher.Model: at android.app.ActivityThread.handleDestroyActivity(ActivityThread.java:5421)
03-23 06:42:49.482 2866 2866 D Launcher.Model: at android.app.ActivityThread.handleRelaunchActivityInner(ActivityThread.java:5715)
03-23 06:42:49.482 2866 2866 D Launcher.Model: at android.app.ActivityThread.handleRelaunchActivity(ActivityThread.java:5631)
03-23 06:42:49.482 2866 2866 D Launcher.Model: at android.app.servertransaction.ActivityRelaunchItem.execute(ActivityRelaunchItem.java:71)
03-23 06:42:49.482 2866 2866 D Launcher.Model: at android.app.servertransaction.ActivityTransactionItem.execute(ActivityTransactionItem.java:45)
03-23 06:42:49.482 2866 2866 D Launcher.Model: at android.app.servertransaction.TransactionExecutor.executeCallbacks(TransactionExecutor.java:135)
03-23 06:42:49.482 2866 2866 D Launcher.Model: at android.app.servertransaction.TransactionExecutor.execute(TransactionExecutor.java:95)
03-23 06:42:49.482 2866 2866 D Launcher.Model: at android.app.ActivityThread$H.handleMessage(ActivityThread.java:2211)
03-23 06:42:49.482 2866 2866 D Launcher.Model: at android.os.Handler.dispatchMessage(Handler.java:106)
03-23 06:42:49.482 2866 2866 D Launcher.Model: at android.os.Looper.loopOnce(Looper.java:201)
03-23 06:42:49.482 2866 2866 D Launcher.Model: at android.os.Looper.loop(Looper.java:288)
03-23 06:42:49.482 2866 2866 D Launcher.Model: at android.app.ActivityThread.main(ActivityThread.java:7880)
03-23 06:42:49.482 2866 2866 D Launcher.Model: at java.lang.reflect.Method.invoke(Native Method)
03-23 06:42:49.482 2866 2866 D Launcher.Model: at com.android.internal.os.RuntimeInit$MethodAndArgsCaller.run(RuntimeInit.java:548)
03-23 06:42:49.482 2866 2866 D Launcher.Model: at com.android.internal.os.ZygoteInit.main(ZygoteInit.java:1009)
03-23 06:42:49.482 1512 1990 E UserRestrictionsUtils: Unknown restriction queried by uid 1000 (vendor.qti.qesdk.sysservice et al): null
03-23 06:42:49.482 1512 2466 E UserRestrictionsUtils: Unknown restriction queried by uid 1000 (vendor.qti.qesdk.sysservice et al): null
03-23 06:42:49.482 1512 4101 E UserRestrictionsUtils: Unknown restriction queried by uid 1000 (vendor.qti.qesdk.sysservice et al): null
03-23 06:42:49.482 2361 2361 D StatusBar: disable disable2
03-23 06:42:49.482 1512 1990 E UserRestrictionsUtils: Unknown restriction queried by uid 1000 (vendor.qti.qesdk.sysservice et al): null
03-23 06:42:49.482 2788 2832 D ProtectUartService: received unRegisterListener token:LAUNCHER_VOLTAGE_PROTECT
03-23 06:42:49.482 2866 2866 I wm_on_destroy_called: [88042559,com.android.launcher3.uioverrides.QuickstepLauncher,performDestroy]
03-23 06:42:49.483 1512 4101 E UserRestrictionsUtils: Unknown restriction queried by uid 1000 (vendor.qti.qesdk.sysservice et al): null
03-23 06:42:49.483 1512 4101 E UserRestrictionsUtils: Unknown restriction queried by uid 1000 (vendor.qti.qesdk.sysservice et al): null
03-23 06:42:49.483 1512 1990 E UserRestrictionsUtils: Unknown restriction queried by uid 1000 (vendor.qti.qesdk.sysservice et al): null
03-23 06:42:49.483 1512 4101 E UserRestrictionsUtils: Unknown restriction queried by uid 1000 (vendor.qti.qesdk.sysservice et al): null
03-23 06:42:49.483 1512 4101 E UserRestrictionsUtils: Unknown restriction queried by uid 1000 (vendor.qti.qesdk.sysservice et al): null
03-23 06:42:49.483 2866 2934 D BaseIconFactory: normalizeAndWrapToAdaptiveIcon: scale=0.8096529
03-23 06:42:49.483 2959 2959 W InstrumentedPrefFrag: Screen title missing for fragment com.android.settings.homepage.TopLevelSettings
03-23 06:42:49.484 1512 4101 W InputManager-JNI: Input channel object '965a61 com.android.launcher3/com.android.launcher3.uioverrides.QuickstepLauncher (client)' was disposed without first being removed with the input manager!
03-23 06:42:49.484 2959 2959 D TopLevelSettings: NO dashboard tiles for TopLevelSettings
03-23 06:42:49.484 2959 2959 D TopLevelSettings: All preferences added, reporting fully drawn
03-23 06:42:49.485 2866 2934 D LoaderTask: loadWorkspace
03-23 06:42:49.485 2866 2934 D LoaderTask: Cancelled
03-23 06:42:49.486 2361 2361 W ConstraintSet: id unknown center_vertical_guideline
03-23 06:42:49.486 2361 2361 W ConstraintSet: id unknown center_horizontal_guideline
03-23 06:42:49.486 2361 2361 W ConstraintSet: id unknown media_action_barrier
03-23 06:42:49.486 2361 2361 W ConstraintSet: id unknown remove_text
03-23 06:42:49.486 2361 2361 W ConstraintSet: id unknown settings
03-23 06:42:49.486 2361 2361 W ConstraintSet: id unknown cancel
03-23 06:42:49.486 2361 2361 W ConstraintSet: id unknown dismiss
03-23 06:42:49.491 2866 2866 D DeviceProfile: updateIconDrawableOffset: folderIconSizePx=80
03-23 06:42:49.492 2959 2959 D PrefCtrlListHelper: Could not find Context-only controller for pref: com.android.settings.display.AutoBrightnessPreferenceController
03-23 06:42:49.492 2959 2959 D PrefCtrlListHelper: Could not find Context-only controller for pref: com.android.settings.security.screenlock.LockScreenPreferenceController
03-23 06:42:49.492 2959 2959 D PrefCtrlListHelper: Could not find Context-only controller for pref: com.android.settings.display.DarkUIPreferenceController
03-23 06:42:49.495 2959 2959 D PrefCtrlListHelper: Could not find Context-only controller for pref: com.android.settings.display.FontSizePreferenceController
03-23 06:42:49.495 2959 2959 D PrefCtrlListHelper: Could not find Context-only controller for pref: com.android.settings.display.NightDisplayPreferenceController
03-23 06:42:49.496 2959 2959 D PrefCtrlListHelper: Could not find Context-only controller for pref: com.android.settings.display.ColorModePreferenceController
03-23 06:42:49.496 2959 2959 D PrefCtrlListHelper: Could not find Context-only controller for pref: com.android.settings.display.AutoRotatePreferenceController
03-23 06:42:49.496 2959 2959 D PrefCtrlListHelper: Could not find Context-only controller for pref: com.android.settings.display.DisplayWhiteBalancePreferenceController
03-23 06:42:49.496 2959 2959 D PrefCtrlListHelper: Could not find Context-only controller for pref: com.android.settings.display.PeakRefreshRatePreferenceController
03-23 06:42:49.496 2959 2959 D RefreshRatePrefCtr: DEFAULT_REFRESH_RATE : 60.0 mPeakRefreshRate : 60.0
03-23 06:42:49.496 2959 2959 D PrefCtrlListHelper: Could not find Context-only controller for pref: com.android.settings.display.HotSeatDirPreferenceController
03-23 06:42:49.497 1512 4101 E UserRestrictionsUtils: Unknown restriction queried by uid 1000 (vendor.qti.qesdk.sysservice et al): null
03-23 06:42:49.498 1512 4101 E UserRestrictionsUtils: Unknown restriction queried by uid 1000 (vendor.qti.qesdk.sysservice et al): null
03-23 06:42:49.498 1512 4101 E UserRestrictionsUtils: Unknown restriction queried by uid 1000 (vendor.qti.qesdk.sysservice et al): null
03-23 06:42:49.499 1512 4101 E UserRestrictionsUtils: Unknown restriction queried by uid 1000 (vendor.qti.qesdk.sysservice et al): null
03-23 06:42:49.499 1512 4101 E UserRestrictionsUtils: Unknown restriction queried by uid 1000 (vendor.qti.qesdk.sysservice et al): null
03-23 06:42:49.500 2959 2959 D DisplaySettings: NO dashboard tiles for DisplaySettings
03-23 06:42:49.500 2959 2959 D DisplaySettings: All preferences added, reporting fully drawn
03-23 06:42:49.503 2959 2959 I SettingsHomepageActivity: SettingsHomepageActivity: onCreate
03-23 06:42:49.504 2361 2361 W ConstraintSet: id unknown center_vertical_guideline
03-23 06:42:49.504 2361 2361 W ConstraintSet: id unknown center_horizontal_guideline
03-23 06:42:49.504 2361 2361 W ConstraintSet: id unknown media_action_barrier
03-23 06:42:49.504 2361 2361 W ConstraintSet: id unknown remove_text
03-23 06:42:49.504 2361 2361 W ConstraintSet: id unknown settings
03-23 06:42:49.504 2361 2361 W ConstraintSet: id unknown cancel
03-23 06:42:49.504 2361 2361 W ConstraintSet: id unknown dismiss
03-23 06:42:49.508 1512 4101 W FreeFormWindowHelper: Current Display FreeFormTask is null
03-23 06:42:49.509 2866 2866 E ThemeUtils: View class com.android.quickstep.views.ClearAllImageView is an AppCompat widget that can only be used with a Theme.AppCompat theme (or descendant).
03-23 06:42:49.512 2959 2959 D AvatarViewMixin: Feature disabled by config. Skipping
03-23 06:42:49.512 2959 2959 I wm_on_create_called: [64326038,com.android.settings.Settings,performCreate]
03-23 06:42:49.513 2361 2361 D KeyguardViewMediator: adjustStatusBarLocked: mShowing=false mOccluded=false isSecure=false force=false --> flags=0x0
03-23 06:42:49.514 2988 3002 D QCCAuthMgr: SMQContentProvider query uri: content://com.qti.smq.Feedback.provider/smq_settings, selection: key=?, uri_matcher: 1
03-23 06:42:49.514 2988 3002 D QCCAuthMgr: SMQContentProvider query tableName: smq_settings
03-23 06:42:49.518 2361 2361 V KeyguardUpdateMonitor: *** unregister callback for com.android.keyguard.AnimatableClockController$4@32f4349
03-23 06:42:49.518 2361 2361 V KeyguardUpdateMonitor: *** unregister callback for com.android.keyguard.AnimatableClockController$4@77d567c
03-23 06:42:49.519 2866 2866 D EditModeHelper: setHotseatVisibility: 0
03-23 06:42:49.520 2361 2361 V KeyguardUpdateMonitor: *** unregister callback for com.android.keyguard.KeyguardStatusViewController$2@ed71281
03-23 06:42:49.521 2866 2866 D Launcher.Model: startLoader
03-23 06:42:49.521 2866 2866 D Launcher.Model: java.lang.Exception
03-23 06:42:49.521 2866 2866 D Launcher.Model: at com.android.launcher3.LauncherModel.startLoader(LauncherModel.java:353)
03-23 06:42:49.521 2866 2866 D Launcher.Model: at com.android.launcher3.LauncherModel.addCallbacksAndLoad(LauncherModel.java:333)
03-23 06:42:49.521 2866 2866 D Launcher.Model: at com.android.launcher3.Launcher.onCreate(Launcher.java:529)
03-23 06:42:49.521 2866 2866 D Launcher.Model: at com.android.launcher3.BaseQuickstepLauncher.onCreate(BaseQuickstepLauncher.java:147)
03-23 06:42:49.521 2866 2866 D Launcher.Model: at android.app.Activity.performCreate(Activity.java:8085)
03-23 06:42:49.521 2866 2866 D Launcher.Model: at android.app.Activity.performCreate(Activity.java:8065)
03-23 06:42:49.521 2866 2866 D Launcher.Model: at android.app.Instrumentation.callActivityOnCreate(Instrumentation.java:1330)
03-23 06:42:49.521 2866 2866 D Launcher.Model: at android.app.ActivityThread.performLaunchActivity(ActivityThread.java:3609)
03-23 06:42:49.521 2866 2866 D Launcher.Model: at android.app.ActivityThread.handleLaunchActivity(ActivityThread.java:3793)
03-23 06:42:49.521 2866 2866 D Launcher.Model: at android.app.ActivityThread.handleRelaunchActivityInner(ActivityThread.java:5739)
03-23 06:42:49.521 2866 2866 D Launcher.Model: at android.app.ActivityThread.handleRelaunchActivity(ActivityThread.java:5631)
03-23 06:42:49.521 2866 2866 D Launcher.Model: at android.app.servertransaction.ActivityRelaunchItem.execute(ActivityRelaunchItem.java:71)
03-23 06:42:49.521 2866 2866 D Launcher.Model: at android.app.servertransaction.ActivityTransactionItem.execute(ActivityTransactionItem.java:45)
03-23 06:42:49.521 2866 2866 D Launcher.Model: at android.app.servertransaction.TransactionExecutor.executeCallbacks(TransactionExecutor.java:135)
03-23 06:42:49.521 2866 2866 D Launcher.Model: at android.app.servertransaction.TransactionExecutor.execute(TransactionExecutor.java:95)
03-23 06:42:49.521 2866 2866 D Launcher.Model: at android.app.ActivityThread$H.handleMessage(ActivityThread.java:2211)
03-23 06:42:49.521 2866 2866 D Launcher.Model: at android.os.Handler.dispatchMessage(Handler.java:106)
03-23 06:42:49.521 2866 2866 D Launcher.Model: at android.os.Looper.loopOnce(Looper.java:201)
03-23 06:42:49.521 2866 2866 D Launcher.Model: at android.os.Looper.loop(Looper.java:288)
03-23 06:42:49.521 2866 2866 D Launcher.Model: at android.app.ActivityThread.main(ActivityThread.java:7880)
03-23 06:42:49.521 2866 2866 D Launcher.Model: at java.lang.reflect.Method.invoke(Native Method)
03-23 06:42:49.521 2866 2866 D Launcher.Model: at com.android.internal.os.RuntimeInit$MethodAndArgsCaller.run(RuntimeInit.java:548)
03-23 06:42:49.521 2866 2866 D Launcher.Model: at com.android.internal.os.ZygoteInit.main(ZygoteInit.java:1009)
03-23 06:42:49.521 2866 2934 D LoaderTask: loadWorkspace: loading default favorites
03-23 06:42:49.522 2866 2934 D LauncherProvider: call: method=load_default_favorites,arg=null,extras=null
03-23 06:42:49.524 2788 2832 D ProtectUartService: received RegisterListener token:LAUNCHER_VOLTAGE_PROTECT
03-23 06:42:49.524 2866 2866 I wm_on_create_called: [88042559,com.android.launcher3.uioverrides.QuickstepLauncher,performCreate]
03-23 06:42:49.525 2866 2866 I wm_on_start_called: [88042559,com.android.launcher3.uioverrides.QuickstepLauncher,handleStartActivity]
03-23 06:42:49.526 2959 2959 D PrefCtrlListHelper: Could not find Context-only controller for pref: com.android.settings.network.TopLevelNetworkEntryPreferenceController
03-23 06:42:49.526 2866 2866 I wm_on_resume_called: [88042559,com.android.launcher3.uioverrides.QuickstepLauncher,LIFECYCLER_RESUME_ACTIVITY]
03-23 06:42:49.526 2959 2959 D PrefCtrlListHelper: Could not find Context-only controller for pref: com.android.settings.connecteddevice.TopLevelConnectedDevicesPreferenceController
03-23 06:42:49.526 2959 2959 D PrefCtrlListHelper: Could not find Context-only controller for pref: com.android.settings.fuelgauge.TopLevelBatteryPreferenceController
03-23 06:42:49.526 2959 2959 D PrefCtrlListHelper: Could not find Context-only controller for pref: com.android.settings.deviceinfo.TopLevelStoragePreferenceController
03-23 06:42:49.526 2959 2959 D PrefCtrlListHelper: Could not find Context-only controller for pref: com.android.settings.display.TopLevelDisplayPreferenceController
03-23 06:42:49.526 2959 2959 D PrefCtrlListHelper: Could not find Context-only controller for pref: com.android.settings.display.TopLevelWallpaperPreferenceController
03-23 06:42:49.526 2959 2959 D PrefCtrlListHelper: Could not find Context-only controller for pref: com.android.settings.accessibility.TopLevelAccessibilityPreferenceController
03-23 06:42:49.527 2959 2959 D PrefCtrlListHelper: Could not find Context-only controller for pref: com.android.settings.security.TopLevelSecurityEntryPreferenceController
03-23 06:42:49.527 2959 2959 D PrefCtrlListHelper: Could not find Context-only controller for pref: com.android.settings.location.TopLevelLocationPreferenceController
03-23 06:42:49.527 2959 2959 D PrefCtrlListHelper: Could not find Context-only controller for pref: com.android.settings.accounts.TopLevelAccountEntryPreferenceController
03-23 06:42:49.527 2361 2361 V KeyguardUpdateMonitor: *** register callback for com.android.keyguard.AnimatableClockController$4@9c456c3
03-23 06:42:49.527 2361 2361 V KeyguardUpdateMonitor: *** unregister callback for null
03-23 06:42:49.527 2959 2959 D PrefCtrlListHelper: Could not find Context-only controller for pref: com.android.settings.deviceinfo.aboutphone.TopLevelAboutDevicePreferenceController
03-23 06:42:49.527 2959 2959 D PrefCtrlListHelper: Could not find Context-only controller for pref: com.android.settings.support.SupportPreferenceController
03-23 06:42:49.527 2361 2361 V KeyguardUpdateMonitor: *** register callback for com.android.keyguard.AnimatableClockController$4@bc3b3be
03-23 06:42:49.528 1512 1990 E UserRestrictionsUtils: Unknown restriction queried by uid 1000 (vendor.qti.qesdk.sysservice et al): null
03-23 06:42:49.528 2361 2361 V KeyguardUpdateMonitor: *** unregister callback for null
03-23 06:42:49.528 1512 1990 E UserRestrictionsUtils: Unknown restriction queried by uid 1000 (vendor.qti.qesdk.sysservice et al): null
03-23 06:42:49.528 2866 2934 D BaseIconFactory: normalizeAndWrapToAdaptiveIcon: scale=0.8096529
03-23 06:42:49.528 1512 1990 E UserRestrictionsUtils: Unknown restriction queried by uid 1000 (vendor.qti.qesdk.sysservice et al): null
03-23 06:42:49.528 1512 2466 E UserRestrictionsUtils: Unknown restriction queried by uid 1000 (vendor.qti.qesdk.sysservice et al): null
03-23 06:42:49.528 1512 1990 E UserRestrictionsUtils: Unknown restriction queried by uid 1000 (vendor.qti.qesdk.sysservice et al): null
03-23 06:42:49.529 1512 2466 E UserRestrictionsUtils: Unknown restriction queried by uid 1000 (vendor.qti.qesdk.sysservice et al): null
03-23 06:42:49.529 1512 2466 E UserRestrictionsUtils: Unknown restriction queried by uid 1000 (vendor.qti.qesdk.sysservice et al): null
03-23 06:42:49.529 1512 2466 E UserRestrictionsUtils: Unknown restriction queried by uid 1000 (vendor.qti.qesdk.sysservice et al): null
03-23 06:42:49.529 1512 1990 E UserRestrictionsUtils: Unknown restriction queried by uid 1000 (vendor.qti.qesdk.sysservice et al): null
03-23 06:42:49.529 1512 1990 E UserRestrictionsUtils: Unknown restriction queried by uid 1000 (vendor.qti.qesdk.sysservice et al): null
03-23 06:42:49.529 2361 2361 V KeyguardUpdateMonitor: *** register callback for com.android.keyguard.KeyguardStatusViewController$2@427c535
03-23 06:42:49.529 2361 2361 V KeyguardUpdateMonitor: *** unregister callback for null
03-23 06:42:49.529 1512 1990 E UserRestrictionsUtils: Unknown restriction queried by uid 1000 (vendor.qti.qesdk.sysservice et al): null
03-23 06:42:49.530 1512 1990 E UserRestrictionsUtils: Unknown restriction queried by uid 1000 (vendor.qti.qesdk.sysservice et al): null
03-23 06:42:49.530 2866 2934 D BaseIconFactory: normalizeAndWrapToAdaptiveIcon: scale=0.8096529
03-23 06:42:49.530 1512 1990 E UserRestrictionsUtils: Unknown restriction queried by uid 1000 (vendor.qti.qesdk.sysservice et al): null
03-23 06:42:49.530 1512 1990 E UserRestrictionsUtils: Unknown restriction queried by uid 1000 (vendor.qti.qesdk.sysservice et al): null
03-23 06:42:49.530 1512 1990 E UserRestrictionsUtils: Unknown restriction queried by uid 1000 (vendor.qti.qesdk.sysservice et al): null
03-23 06:42:49.530 2361 2361 V KeyguardUpdateMonitor: *** unregister callback for com.android.keyguard.EmergencyButtonController$1@4350162
03-23 06:42:49.530 1512 1990 E UserRestrictionsUtils: Unknown restriction queried by uid 1000 (vendor.qti.qesdk.sysservice et al): null
03-23 06:42:49.531 1512 2466 E UserRestrictionsUtils: Unknown restriction queried by uid 1000 (vendor.qti.qesdk.sysservice et al): null
03-23 06:42:49.531 2361 2361 V KeyguardUpdateMonitor: *** unregister callback for com.android.systemui.statusbar.phone.KeyguardBottomAreaView$9@445cf44
03-23 06:42:49.531 1512 2466 E UserRestrictionsUtils: Unknown restriction queried by uid 1000 (vendor.qti.qesdk.sysservice et al): null
03-23 06:42:49.531 2959 2959 W InstrumentedPrefFrag: Screen title missing for fragment com.android.settings.homepage.TopLevelSettings
03-23 06:42:49.531 2866 2866 I wm_on_paused_called: [88042559,com.android.launcher3.uioverrides.QuickstepLauncher,performPause]
03-23 06:42:49.532 2959 2959 D TopLevelSettings: NO dashboard tiles for TopLevelSettings
03-23 06:42:49.532 2959 2959 D TopLevelSettings: All preferences added, reporting fully drawn
