03-23 06:41:20.731 1512 1512 I WindowManager: Override config changes=10000000 {1.0 ?mcc?mnc [zh_CN] ldltr sw720dp w1706dp h652dp 240dpi lrg long land finger -keyb/v/h -nav/h winConfig={ mBounds=Rect(0, 0 - 2560, 1080) mAppBounds=Rect(0, 0 - 2560, 1014) mMaxBounds=Rect(0, 0 - 2560, 1080) mWindowingMode=fullscreen mDisplayWindowingMode=fullscreen mActivityType=undefined mAlwaysOnTop=undefined mRotation=ROTATION_0} s.8 fontWeightAdjustment=0} for displayId=0
03-23 06:41:20.731 1512 1512 I SystemServerTiming: Ugm.onSystemReady
03-23 06:41:20.732 1512 1512 I SystemServerTiming: updateForceBackgroundCheck
03-23 06:41:20.732 1512 1512 I SystemServer: Making services ready
03-23 06:41:20.732 1512 1512 I SystemServerTiming: StartActivityManagerReadyPhase
03-23 06:41:20.732 1512 1512 I SystemServiceManager: Starting phase 550
03-23 06:41:20.732 1512 1512 I SystemServerTiming: OnBootPhase_550
03-23 06:41:20.732 1512 1512 I SystemServerTiming: OnBootPhase_550_com.android.server.security.FileIntegrityService
03-23 06:41:20.732 1512 1512 I SystemServerTiming: OnBootPhase_550_com.android.server.pm.Installer
03-23 06:41:20.732 1512 1512 I SystemServerTiming: OnBootPhase_550_com.android.server.os.DeviceIdentifiersPolicyService
03-23 06:41:20.732 1512 1512 I SystemServerTiming: OnBootPhase_550_com.android.server.uri.UriGrantsManagerService$Lifecycle
03-23 06:41:20.732 1512 1512 I SystemServerTiming: OnBootPhase_550_com.android.server.powerstats.PowerStatsService
03-23 06:41:20.732 1512 1512 I SystemServerTiming: OnBootPhase_550_com.android.server.wm.ActivityTaskManagerService$Lifecycle
03-23 06:41:20.732 1512 1512 I SystemServerTiming: OnBootPhase_550_com.android.server.am.ActivityManagerService$Lifecycle
03-23 06:41:20.732 1512 1512 I SystemServerTiming: OnBootPhase_550_com.android.server.pm.DataLoaderManagerService
03-23 06:41:20.732 1512 1512 I SystemServerTiming: OnBootPhase_550_com.android.server.power.PowerManagerService
03-23 06:41:20.732 1512 1512 I SystemServerTiming: OnBootPhase_550_com.android.server.power.ThermalManagerService
03-23 06:41:20.733 1512 1512 I ThermalHalWrapper: Thermal HAL 2.0 service connected.
03-23 06:41:20.733 1512 1512 E ThermalHalWrapper: Couldn't get temperatures because of HAL error: ThermalHAL not initialized properly.
03-23 06:41:20.733 1512 1512 W ThermalManagerService: Thermal HAL reported invalid data, abort connection
03-23 06:41:20.733 1512 1512 E ThermalHalWrapper: Couldn't get temperature thresholds because of HAL error: ThermalHAL not initialized properly.
03-23 06:41:20.733 1512 1512 I SystemServerTiming: OnBootPhase_550_com.android.server.power.hint.HintManagerService
03-23 06:41:20.733 1512 1512 I SystemServerTiming: OnBootPhase_550_com.android.server.recoverysystem.RecoverySystemService$Lifecycle
03-23 06:41:20.733 1512 1512 I SystemServerTiming: OnBootPhase_550_com.android.server.lights.LightsService
03-23 06:41:20.733 1512 1512 I SystemServerTiming: OnBootPhase_550_com.android.server.display.DisplayManagerService
03-23 06:41:20.733 1512 1512 I SystemServerTiming: OnBootPhase_550_com.android.server.pm.verify.domain.DomainVerificationService
03-23 06:41:20.733 1512 1512 I SystemServerTiming: OnBootPhase_550_com.android.server.pm.PackageInstallerService$Lifecycle
03-23 06:41:20.733 1512 1512 I SystemServerTiming: OnBootPhase_550_com.android.server.pm.UserManagerService$LifeCycle
03-23 06:41:20.733 1512 1512 I SystemServerTiming: OnBootPhase_550_com.android.server.om.OverlayManagerService
03-23 06:41:20.733 1512 1512 I SystemServerTiming: OnBootPhase_550_com.android.server.SensorPrivacyService
03-23 06:41:20.733 1512 1512 I SystemServerTiming: OnBootPhase_550_com.android.server.thunderperf.ThunderBoostPerfService
03-23 06:41:20.733 1512 1512 I SystemServerTiming: OnBootPhase_550_com.android.server.sensors.SensorService
03-23 06:41:20.733 1512 1512 I SystemServerTiming: OnBootPhase_550_com.android.server.SystemConfigService
03-23 06:41:20.733 1512 1512 I SystemServerTiming: OnBootPhase_550_com.android.server.BatteryService
03-23 06:41:20.733 1512 1512 I SystemServerTiming: OnBootPhase_550_com.android.server.usage.UsageStatsService
03-23 06:41:20.733 1512 1512 I SystemServerTiming: OnBootPhase_550_com.android.server.webkit.WebViewUpdateService
03-23 06:41:20.733 1512 1512 I SystemServerTiming: OnBootPhase_550_com.android.server.CachedDeviceStateService
03-23 06:41:20.733 1512 1512 I SystemServerTiming: OnBootPhase_550_com.android.server.BinderCallsStatsService$LifeCycle
03-23 06:41:20.733 1512 1512 I SystemServerTiming: OnBootPhase_550_com.android.server.LooperStatsService$Lifecycle
03-23 06:41:20.733 1512 1512 I SystemServerTiming: OnBootPhase_550_com.android.server.rollback.RollbackManagerService
03-23 06:41:20.733 1512 1512 I SystemServerTiming: OnBootPhase_550_com.android.server.os.NativeTombstoneManagerService
03-23 06:41:20.733 1512 1512 I SystemServerTiming: OnBootPhase_550_com.android.server.os.BugreportManagerService
03-23 06:41:20.733 1512 1512 I SystemServerTiming: OnBootPhase_550_com.android.server.gpu.GpuService
03-23 06:41:20.733 1512 1512 I SystemServerTiming: OnBootPhase_550_com.android.server.security.KeyChainSystemService
03-23 06:41:20.733 1512 1512 I SystemServerTiming: OnBootPhase_550_com.android.server.telecom.TelecomLoaderService
03-23 06:41:20.734 1512 1512 W ActivityManager: Too early to start/bind service in system_server: Phase=550 ComponentInfo{com.android.server.telecom/com.android.server.telecom.components.TelecomService}
03-23 06:41:20.734 1512 1512 D CompatibilityChangeReporter: Compat change id reported: 168419799; UID 1000; state: DISABLED
03-23 06:41:20.734 1512 1512 W ActivityManager: Too early to start/bind service in system_server: Phase=550 ComponentInfo{com.android.server.telecom/com.android.server.telecom.components.TelecomService}
03-23 06:41:20.734 1512 1512 I SystemServerTiming: OnBootPhase_550_com.android.server.accounts.AccountManagerService$Lifecycle
03-23 06:41:20.734 1512 1512 I SystemServerTiming: OnBootPhase_550_com.android.server.content.ContentService$Lifecycle
03-23 06:41:20.734 1512 1512 I SystemServerTiming: OnBootPhase_550_com.android.server.DropBoxManagerService
03-23 06:41:20.734 1512 1512 I SystemServerTiming: OnBootPhase_550_com.android.role.RoleService
03-23 06:41:20.734 1512 1512 I SystemServerTiming: OnBootPhase_550_com.android.server.vibrator.VibratorManagerService$Lifecycle
03-23 06:41:20.734 1512 1512 I SystemServerTiming: OnBootPhase_550_com.android.server.alarm.AlarmManagerService
03-23 06:41:20.734 1512 1512 I SystemServerTiming: OnBootPhase_550_com.android.server.devicestate.DeviceStateManagerService
03-23 06:41:20.734 1512 1512 I SystemServerTiming: OnBootPhase_550_com.android.server.camera.CameraServiceProxy
03-23 06:41:20.734 1512 1512 I SystemServerTiming: OnBootPhase_550_com.android.server.BluetoothService
03-23 06:41:20.734 1512 1512 D BluetoothManagerService: Bluetooth boot completed
03-23 06:41:20.735 1512 1512 D BluetoothManagerService: Auto-enabling Bluetooth.
03-23 06:41:20.735 1512 1657 D BluetoothManagerService: MESSAGE_ENABLE(0): mBluetooth = null
03-23 06:41:20.735 1512 1657 D BluetoothManagerService: MESSAGE_ENABLE: handleEnable
03-23 06:41:20.735 1512 1657 D BluetoothManagerService: binding Bluetooth service
03-23 06:41:20.735 1512 1657 I am_uid_running: 1002
03-23 06:41:20.735 1512 1657 D CompatibilityChangeReporter: Compat change id reported: 135634846; UID 1002; state: DISABLED
03-23 06:41:20.735 1512 1657 D CompatibilityChangeReporter: Compat change id reported: 177438394; UID 1002; state: DISABLED
03-23 06:41:20.735 1512 1657 D CompatibilityChangeReporter: Compat change id reported: 135772972; UID 1002; state: DISABLED
03-23 06:41:20.736 1512 1657 D CompatibilityChangeReporter: Compat change id reported: 135754954; UID 1002; state: ENABLED
03-23 06:41:20.736 1512 1671 W ActivityManager: com.android.bluetooth inode == 0 (b/152760674)
03-23 06:41:20.736 1512 1657 D BluetoothManagerService: Binding BT service. Current user: 0
03-23 06:41:20.736 1512 1512 I SystemServerTiming: OnBootPhase_550_com.android.server.connectivity.IpConnectivityMetrics
03-23 06:41:20.736 1512 1512 I SystemServerTiming: OnBootPhase_550_com.android.server.net.watchlist.NetworkWatchlistService$Lifecycle
03-23 06:41:20.737 1512 1512 I SystemServerTiming: OnBootPhase_550_com.android.server.PinnerService
03-23 06:41:20.737 1512 1512 I SystemServerTiming: OnBootPhase_550_com.google.android.startop.iorap.IorapForwardingService
03-23 06:41:20.737 1512 1512 I SystemServerTiming: OnBootPhase_550_com.android.server.ActivityTriggerService
03-23 06:41:20.737 1512 1512 I SystemServerTiming: OnBootPhase_550_com.android.server.integrity.AppIntegrityManagerService
03-23 06:41:20.737 1512 1512 I SystemServerTiming: OnBootPhase_550_com.android.server.inputmethod.InputMethodManagerService$Lifecycle
03-23 06:41:20.739 1512 1512 W InputMethodManagerService: Default IME is uninstalled. Choose new default IME.
03-23 06:41:20.740 1512 1671 I am_proc_start: [0,2344,1002,com.android.bluetooth,service,{com.android.bluetooth/com.android.bluetooth.btservice.AdapterService}]
03-23 06:41:20.740 1512 1671 I ActivityManager: Start proc 2344:com.android.bluetooth/1002 for service {com.android.bluetooth/com.android.bluetooth.btservice.AdapterService}
03-23 06:41:20.742 1512 1765 I commit_sys_config_file: [settings-0-0,2]
03-23 06:41:20.747 1512 1512 W InputMethodManagerService: Illegal subtype state: old subtype = null, new subtype = android.view.inputmethod.InputMethodSubtype@c9194f98
03-23 06:41:20.747 1512 1512 I SystemServerTiming: OnBootPhase_550_com.android.server.accessibility.AccessibilityManagerService$Lifecycle
03-23 06:41:20.747 1512 1512 I SystemServerTiming: OnBootPhase_550_com.android.server.StorageManagerService$Lifecycle
03-23 06:41:20.747 1512 1512 I SystemServerTiming: OnBootPhase_550_com.android.server.usage.StorageStatsService$Lifecycle
03-23 06:41:20.747 1512 1512 I SystemServerTiming: OnBootPhase_550_com.android.server.UiModeManagerService
03-23 06:41:20.747 1512 1512 I SystemServerTiming: OnBootPhase_550_com.android.server.locksettings.LockSettingsService$Lifecycle
01-01 13:44:05.609 0 0 I binder : 2344:2344 ioctl 40046210 7ff2285824 returned -22
03-23 06:41:20.749 1512 1991 I am_proc_bound: [0,2344,com.android.bluetooth]
03-23 06:41:20.749 1512 1991 D CompatibilityChangeReporter: Compat change id reported: 168419799; UID 1002; state: DISABLED
03-23 06:41:20.752 1512 1512 I LockSettingsService: Migrated migrated_frp.
03-23 06:41:20.752 1512 1512 I RebootEscrowManager: No reboot escrow data found for users, skipping loading escrow data
03-23 06:41:20.752 1512 1512 I SystemServerTiming: OnBootPhase_550_com.android.server.PersistentDataBlockService
03-23 06:41:20.752 1512 1512 I SystemServerTiming: OnBootPhase_550_com.android.server.testharness.TestHarnessModeService
03-23 06:41:20.752 1512 1512 I SystemServerTiming: OnBootPhase_550_com.android.server.oemlock.OemLockService
03-23 06:41:20.752 1512 1512 I SystemServerTiming: OnBootPhase_550_com.android.server.DeviceIdleController
03-23 06:41:20.752 1512 1512 I SystemServerTiming: OnBootPhase_550_com.android.server.devicepolicy.DevicePolicyManagerService$Lifecycle
03-23 06:41:20.752 1512 1991 I am_uid_active: 1002
03-23 06:41:20.752 1512 1512 I SystemServerTiming: OnBootPhase_550_com.android.server.texttospeech.TextToSpeechManagerService
03-23 06:41:20.752 1512 1512 I SystemServerTiming: OnBootPhase_550_com.android.server.speech.SpeechRecognitionManagerService
03-23 06:41:20.752 1512 1512 I SystemServerTiming: OnBootPhase_550_com.android.server.searchui.SearchUiManagerService
03-23 06:41:20.752 1512 1512 I SystemServerTiming: OnBootPhase_550_com.android.server.smartspace.SmartspaceManagerService
03-23 06:41:20.752 1512 1512 I SystemServerTiming: OnBootPhase_550_com.android.server.graphics.fonts.FontManagerService$Lifecycle
03-23 06:41:20.752 1512 1512 I SystemServerTiming: OnBootPhase_550_com.android.server.textservices.TextServicesManagerService$Lifecycle
03-23 06:41:20.752 1512 1512 I SystemServerTiming: OnBootPhase_550_com.android.server.textclassifier.TextClassificationManagerService$Lifecycle
03-23 06:41:20.752 1512 1512 I SystemServerTiming: OnBootPhase_550_com.android.server.NetworkScoreService$Lifecycle
03-23 06:41:20.752 1512 1512 I SystemServerTiming: OnBootPhase_550_com.android.server.wifi.WifiService
03-23 06:41:20.752 1512 1512 I SystemServerTiming: OnBootPhase_550_com.android.server.wifi.scanner.WifiScanningService
03-23 06:41:20.752 1512 1512 I SystemServerTiming: OnBootPhase_550_com.android.server.wifi.rtt.RttService
03-23 06:41:20.752 1512 1512 I SystemServerTiming: OnBootPhase_550_com.android.server.wifi.aware.WifiAwareService
03-23 06:41:20.752 1512 1512 I SystemServerTiming: OnBootPhase_550_com.android.server.wifi.p2p.WifiP2pService
03-23 06:41:20.752 1512 1512 I SystemServerTiming: OnBootPhase_550_com.android.server.ethernet.EthernetService
03-23 06:41:20.752 1512 1512 I SystemServerTiming: OnBootPhase_550_com.android.server.ConnectivityServiceInitializer
03-23 06:41:20.752 1512 1512 I SystemServerTiming: OnBootPhase_550_com.android.server.notification.NotificationManagerService
03-23 06:41:20.752 1512 1512 I SystemServerTiming: OnBootPhase_550_com.android.server.storage.DeviceStorageMonitorService
03-23 06:41:20.752 1512 1512 I SystemServerTiming: OnBootPhase_550_com.android.server.location.LocationManagerService$Lifecycle
03-23 06:41:20.752 1512 1512 I SystemServerTiming: OnBootPhase_550_com.android.server.timedetector.TimeDetectorService$Lifecycle
03-23 06:41:20.752 1512 1512 I SystemServerTiming: OnBootPhase_550_com.android.server.timezonedetector.TimeZoneDetectorService$Lifecycle
03-23 06:41:20.752 1512 1512 I SystemServerTiming: OnBootPhase_550_com.android.server.timezonedetector.location.LocationTimeZoneManagerService$Lifecycle
03-23 06:41:20.752 1512 1512 I SystemServerTiming: OnBootPhase_550_com.android.server.search.SearchManagerService$Lifecycle
03-23 06:41:20.752 1512 1512 I SystemServerTiming: OnBootPhase_550_com.android.server.wallpaper.WallpaperManagerService$Lifecycle
03-23 06:41:20.753 1512 1512 I WallpaperManagerService: No static wallpaper imagery; defaults will be shown
03-23 06:41:20.753 1512 1512 V WallpaperManagerService: bindWallpaperComponentLocked: componentName=ComponentInfo{com.android.systemui/com.android.systemui.ImageWallpaper}
03-23 06:41:20.754 1512 1512 I am_uid_running: 10077
03-23 06:41:20.754 1512 1512 D CompatibilityChangeReporter: Compat change id reported: 135634846; UID 10077; state: DISABLED
03-23 06:41:20.754 1512 1512 D CompatibilityChangeReporter: Compat change id reported: 177438394; UID 10077; state: DISABLED
03-23 06:41:20.754 1512 1512 D CompatibilityChangeReporter: Compat change id reported: 135772972; UID 10077; state: DISABLED
03-23 06:41:20.754 1512 1512 D CompatibilityChangeReporter: Compat change id reported: 135754954; UID 10077; state: ENABLED
03-23 06:41:20.754 1512 1671 D CompatibilityChangeReporter: Compat change id reported: 143937733; UID 10077; state: ENABLED
03-23 06:41:20.754 1512 1671 W ActivityManager: com.android.systemui inode == 0 (b/152760674)
03-23 06:41:20.755 1512 1512 W WallpaperManagerService: no current wallpaper -- first boot?
03-23 06:41:20.755 1512 1512 I SystemServerTiming: OnBootPhase_550_com.android.server.audio.AudioService$Lifecycle
03-23 06:41:20.755 1512 1512 I SystemServerTiming: OnBootPhase_550_com.android.server.soundtrigger_middleware.SoundTriggerMiddlewareService$Lifecycle
03-23 06:41:20.755 1512 1512 I SystemServerTiming: OnBootPhase_550_com.android.server.DockObserver
03-23 06:41:20.755 1512 1512 I SystemServerTiming: OnBootPhase_550_com.android.server.midi.MidiService$Lifecycle
03-23 06:41:20.755 1512 1512 I SystemServerTiming: OnBootPhase_550_com.android.server.adb.AdbService$Lifecycle
03-23 06:41:20.755 1512 2305 W BluetoothManagerService: bindBluetoothProfileService:Trying to bind to profile: 1, while Bluetooth is disabled
03-23 06:41:20.755 1512 1512 I SystemServerTiming: OnBootPhase_550_com.android.server.usb.UsbService$Lifecycle
03-23 06:41:20.755 1512 1512 I SystemServerTiming: OnBootPhase_550_com.android.server.twilight.TwilightService
03-23 06:41:20.755 1512 1512 I SystemServerTiming: OnBootPhase_550_com.android.server.display.color.ColorDisplayService
03-23 06:41:20.755 1512 1512 I SystemServerTiming: OnBootPhase_550_com.android.server.job.JobSchedulerService
03-23 06:41:20.755 1512 1740 I SystemServerTimingAsync: InitThreadPoolExec:UsbService$Lifecycle#onBootPhase
03-23 06:41:20.755 1512 1512 I SystemServerTiming: OnBootPhase_550_com.android.server.soundtrigger.SoundTriggerService
03-23 06:41:20.755 1512 1512 D SoundTriggerService: onBootPhase: 550 : false
03-23 06:41:20.755 1512 1512 I SystemServerTiming: OnBootPhase_550_com.android.server.trust.TrustManagerService
03-23 06:41:20.755 1512 1512 I SystemServerTiming: OnBootPhase_550_com.android.server.backup.BackupManagerService$Lifecycle
03-23 06:41:20.755 1512 1512 I SystemServerTiming: OnBootPhase_550_com.android.server.appwidget.AppWidgetService
03-23 06:41:20.755 1512 1512 I SystemServerTiming: OnBootPhase_550_com.android.server.voiceinteraction.VoiceInteractionManagerService
03-23 06:41:20.755 1512 1512 I SystemServerTiming: OnBootPhase_550_com.android.server.apphibernation.AppHibernationService
03-23 06:41:20.755 1512 1512 I SystemServerTiming: OnBootPhase_550_com.android.server.SensorNotificationService
03-23 06:41:20.755 1512 1512 I SystemServerTiming: OnBootPhase_550_com.android.server.emergency.EmergencyAffordanceService
03-23 06:41:20.755 1512 1512 I SystemServerTiming: OnBootPhase_550_com.android.server.blob.BlobStoreManagerService
03-23 06:41:20.755 1512 1512 I SystemServerTiming: OnBootPhase_550_com.android.server.dreams.DreamManagerService
03-23 06:41:20.755 1512 1512 I SystemServerTiming: OnBootPhase_550_com.android.server.companion.CompanionDeviceManagerService
03-23 06:41:20.755 1512 1512 I SystemServerTiming: OnBootPhase_550_com.android.server.restrictions.RestrictionsManagerService
03-23 06:41:20.755 1512 1512 I SystemServerTiming: OnBootPhase_550_com.android.server.media.MediaSessionService
03-23 06:41:20.756 1512 1512 I SystemServerTiming: OnBootPhase_550_com.android.server.media.MediaResourceMonitorService
03-23 06:41:20.756 1512 1512 I SystemServerTiming: OnBootPhase_550_com.android.server.biometrics.sensors.fingerprint.FingerprintService
03-23 06:41:20.756 1512 1512 I SystemServerTiming: OnBootPhase_550_com.android.server.biometrics.BiometricService
03-23 06:41:20.756 1512 1512 I SystemServerTiming: OnBootPhase_550_com.android.server.biometrics.AuthService
03-23 06:41:20.756 1512 1512 I SystemServerTiming: OnBootPhase_550_com.android.server.pm.ShortcutService$Lifecycle
03-23 06:41:20.756 1512 1512 I SystemServerTiming: OnBootPhase_550_com.android.server.pm.LauncherAppsService
03-23 06:41:20.756 1512 1512 I SystemServerTiming: OnBootPhase_550_com.android.server.pm.CrossProfileAppsService
03-23 06:41:20.756 1512 1512 I SystemServerTiming: OnBootPhase_550_com.android.server.people.PeopleService
03-23 06:41:20.756 1512 1512 I SystemServerTiming: OnBootPhase_550_com.android.server.media.metrics.MediaMetricsManagerService
03-23 06:41:20.756 1512 1512 I SystemServerTiming: OnBootPhase_550_com.android.server.media.projection.MediaProjectionManagerService
03-23 06:41:20.756 1512 1512 I SystemServerTiming: OnBootPhase_550_com.android.server.slice.SliceManagerService$Lifecycle
03-23 06:41:20.756 1512 1512 I SystemServerTiming: OnBootPhase_550_com.android.server.stats.StatsCompanion$Lifecycle
03-23 06:41:20.756 1512 1512 I SystemServerTiming: OnBootPhase_550_com.android.server.scheduling.RebootReadinessManagerService$Lifecycle
03-23 06:41:20.756 1512 1512 I SystemServerTiming: OnBootPhase_550_com.android.server.stats.pull.StatsPullAtomService
03-23 06:41:20.756 1512 1512 I SystemServerTiming: OnBootPhase_550_com.android.server.incident.IncidentCompanionService
03-23 06:41:20.756 1512 1512 I SystemServerTiming: OnBootPhase_550_com.android.server.MmsServiceBroker
03-23 06:41:20.756 1512 1512 I SystemServerTiming: OnBootPhase_550_com.android.server.autofill.AutofillManagerService
03-23 06:41:20.756 1512 1512 I SystemServerTiming: OnBootPhase_550_com.android.server.clipboard.ClipboardService
03-23 06:41:20.756 1512 1512 I SystemServerTiming: OnBootPhase_550_com.android.server.appbinding.AppBindingService$Lifecycle
03-23 06:41:20.756 1512 1512 I AppBindingService: Updating constants with: null
03-23 06:41:20.756 1512 1512 I SystemServerTiming: OnBootPhase_550_com.android.server.tracing.TracingServiceProxy
03-23 06:41:20.756 1512 1512 I SystemServerTiming: OnBootPhase_550_com.android.server.policy.PermissionPolicyService
03-23 06:41:20.757 1512 1655 I am_uid_running: 10090
03-23 06:41:20.757 1512 1655 D CompatibilityChangeReporter: Compat change id reported: 135634846; UID 10090; state: DISABLED
03-23 06:41:20.757 1512 1655 D CompatibilityChangeReporter: Compat change id reported: 177438394; UID 10090; state: DISABLED
03-23 06:41:20.757 1512 1655 D CompatibilityChangeReporter: Compat change id reported: 135772972; UID 10090; state: DISABLED
03-23 06:41:20.757 1512 1655 D CompatibilityChangeReporter: Compat change id reported: 135754954; UID 10090; state: DISABLED
03-23 06:41:20.758 1512 1671 I am_proc_start: [0,2361,10077,com.android.systemui,service,{com.android.systemui/com.android.systemui.ImageWallpaper}]
03-23 06:41:20.758 1512 1671 I ActivityManager: Start proc 2361:com.android.systemui/u0a77 for service {com.android.systemui/com.android.systemui.ImageWallpaper}
03-23 06:41:20.759 1512 1671 D CompatibilityChangeReporter: Compat change id reported: 143937733; UID 10090; state: DISABLED
03-23 06:41:20.759 1512 1825 I UsbPortManager: ClientCallback V1_2:
03-23 06:41:20.759 1512 1655 I UsbPortManager: USB port added: port=UsbPort{id=, supportedModes=nonesupportedContaminantProtectionModes=0supportsEnableContaminantPresenceProtection=falsesupportsEnableContaminantPresenceDetection=false, status=UsbPortStatus{connected=false, currentMode=none, currentPowerRole=no-power, currentDataRole=no-data, supportedRoleCombinations=[no-power:no-data], contaminantDetectionStatus=0, contaminantProtectionStatus=0}, canChangeMode=false, canChangePowerRole=false, canChangeDataRole=false, connectedAtMillis=0, lastConnectDurationMillis=0
03-23 06:41:20.760 1512 1671 W ActivityManager: com.android.permissioncontroller inode == 0 (b/152760674)
03-23 06:41:20.760 1512 1765 I commit_sys_config_file: [settings-1-0,1]
03-23 06:41:20.763 1512 1671 I am_proc_start: [0,2364,10090,com.android.permissioncontroller,service,{com.android.permissioncontroller/com.android.permissioncontroller.permission.service.PermissionControllerServiceImpl}]
03-23 06:41:20.763 1512 1671 I ActivityManager: Start proc 2364:com.android.permissioncontroller/u0a90 for service {com.android.permissioncontroller/com.android.permissioncontroller.permission.service.PermissionControllerServiceImpl}
01-01 13:44:05.629 0 0 I binder : 2361:2361 ioctl 40046210 7ff2285824 returned -22
03-23 06:41:20.771 1512 1991 I am_proc_bound: [0,2361,com.android.systemui]
03-23 06:41:20.772 1512 1991 D CompatibilityChangeReporter: Compat change id reported: 168419799; UID 10077; state: DISABLED
01-01 13:44:05.634 0 0 I binder : 2364:2364 ioctl 40046210 7ff2285824 returned -22
03-23 06:41:20.773 1512 1991 I am_uid_active: 10077
03-23 06:41:20.775 1512 1612 I am_proc_bound: [0,2364,com.android.permissioncontroller]
03-23 06:41:20.775 1512 1612 D CompatibilityChangeReporter: Compat change id reported: 168419799; UID 10090; state: DISABLED
03-23 06:41:20.775 1512 1612 I am_uid_active: 10090
03-23 06:41:20.790 1512 1657 I commit_sys_config_file: [notification-policy,2]
03-23 06:41:20.791 1512 1990 W StorageManagerService: No primary storage defined yet; hacking together a stub
01-01 13:44:05.663 0 0 I binder : 1208:1262 ioctl 40046210 6e561fafc4 returned -22
01-01 13:44:05.665 0 0 E init : Control message: Could not find 'vendor.qti.hardware.iop@2.0::IIop/default' for ctl.interface_start from pid: 509 (/system/bin/hwservicemanager)
03-23 06:41:20.816 1512 2412 I wm_task_created: [2,-1]
03-23 06:41:20.817 1512 2412 I wm_task_created: [3,-1]
01-01 13:44:05.691 0 0 E init : Control message: Could not find 'vendor.qti.hardware.iop@2.0::IIop/default' for ctl.interface_start from pid: 509 (/system/bin/hwservicemanager)
03-23 06:41:20.832 1512 1611 I wm_task_created: [4,-1]
03-23 06:41:20.834 1512 1611 I wm_task_created: [5,-1]
03-23 06:41:20.836 1512 1611 I wm_task_created: [6,-1]
03-23 06:41:20.837 1512 1765 I commit_sys_config_file: [settings-2-0,18]
03-23 06:41:20.852 2344 2447 I bt_config_source: 4
03-23 06:41:20.852 2344 2447 I bt_config_source: 3
03-23 06:41:20.853 1512 1990 D CompatibilityChangeReporter: Compat change id reported: 171306433; UID 1000; state: ENABLED
03-23 06:41:20.872 2344 2447 I liblog : 29
03-23 06:41:20.872 2361 2361 W OneHandedController: Device doesn't support OneHanded feature
01-01 13:44:05.759 0 0 I binder : 2344:2344 ioctl 40046210 7ff2284e94 returned -22
03-23 06:41:20.912 1512 2436 D TelephonyRegistry: listen oscl: mHasNotifySubscriptionInfoChangedOccurred==false no callback
03-23 06:41:20.917 1512 2433 D CompatibilityChangeReporter: Compat change id reported: 157233955; UID 10077; state: ENABLED
03-23 06:41:20.938 1512 1512 V StorageManagerService: Package null has legacy storage
03-23 06:41:20.939 1512 1512 V StorageManagerService: Package null has legacy storage
03-23 06:41:20.941 1512 1512 V StorageManagerService: Package null does not have legacy storage
03-23 06:41:20.941 1512 1512 V StorageManagerService: Package null does not have legacy storage
03-23 06:41:20.941 1512 1512 V StorageManagerService: Package null does not have legacy storage
03-23 06:41:20.941 1512 1512 V StorageManagerService: Package null does not have legacy storage
03-23 06:41:20.941 1512 1512 V StorageManagerService: Package null does not have legacy storage
03-23 06:41:20.941 1512 1512 V StorageManagerService: Package null does not have legacy storage
03-23 06:41:20.942 1512 1512 V StorageManagerService: Package null does not have legacy storage
03-23 06:41:20.942 1512 1512 V StorageManagerService: Package null does not have legacy storage
03-23 06:41:20.942 1512 1512 V StorageManagerService: Package null does not have legacy storage
03-23 06:41:20.943 1512 1512 V StorageManagerService: Package null does not have legacy storage
03-23 06:41:20.943 1512 1512 V StorageManagerService: Package null does not have legacy storage
03-23 06:41:20.943 1512 1512 V StorageManagerService: Package null does not have legacy storage
03-23 06:41:20.943 1512 1512 V StorageManagerService: Package null does not have legacy storage
03-23 06:41:20.943 1512 1512 V StorageManagerService: Package null does not have legacy storage
03-23 06:41:20.943 1512 1512 V StorageManagerService: Package null does not have legacy storage
03-23 06:41:20.943 1512 1512 V StorageManagerService: Package null does not have legacy storage
03-23 06:41:20.943 1512 1512 V StorageManagerService: Package null does not have legacy storage
03-23 06:41:20.943 1512 1512 V StorageManagerService: Package null does not have legacy storage
03-23 06:41:20.944 1512 1512 V StorageManagerService: Package null does not have legacy storage
03-23 06:41:20.944 1512 1512 V StorageManagerService: Package null does not have legacy storage
03-23 06:41:20.944 1512 1512 I PackageManager: Permission ownership changed. Updating all permissions.
03-23 06:41:20.952 1512 1990 I sysui_multi_action: [757,856,758,1,806,com.android.systemui,857,empty_media_style_id,858,4]
03-23 06:41:20.955 1512 1512 W SystemServiceManager: Service com.android.server.policy.PermissionPolicyService took 199 ms in onBootPhase
03-23 06:41:20.955 1512 1512 I SystemServerTiming: OnBootPhase_550_com.android.server.pm.StagingManager$Lifecycle
03-23 06:41:20.955 1512 1512 I SystemServerTiming: OnBootPhase_550_com.android.server.app.GameManagerService$Lifecycle
03-23 06:41:20.955 1512 1512 I SystemServerTiming: OnBootPhase_550_com.android.server.appsearch.AppSearchManagerService
03-23 06:41:20.955 1512 1512 I SystemServerTiming: OnBootPhase_550_com.android.server.media.MediaCommunicationService
03-23 06:41:20.955 1512 1512 I SystemServerTiming: StartObservingNativeCrashes
03-23 06:41:20.955 1512 1512 I SystemServerTiming: RegisterAppOpsPolicy
03-23 06:41:20.956 1512 1512 I SystemServerTiming: MakeNetworkManagementServiceReady
03-23 06:41:20.956 1512 1815 I SystemServerTimingAsync: InitThreadPoolExec:WebViewFactoryPreparation
03-23 06:41:20.956 1512 1815 I SystemServer: WebViewFactoryPreparation
03-23 06:41:20.956 1512 1815 I SystemServerTimingAsync: WebViewFactoryPreparation
03-23 06:41:20.957 1512 1815 I am_uid_running: 1037
03-23 06:41:20.957 1512 1815 D CompatibilityChangeReporter: Compat change id reported: 135634846; UID 1000; state: DISABLED
03-23 06:41:20.957 1512 1815 D CompatibilityChangeReporter: Compat change id reported: 177438394; UID 1000; state: DISABLED
03-23 06:41:20.957 1512 1815 D CompatibilityChangeReporter: Compat change id reported: 135772972; UID 1000; state: DISABLED
03-23 06:41:20.957 1512 1815 D CompatibilityChangeReporter: Compat change id reported: 178038272; UID 1000; state: DISABLED
03-23 06:41:20.957 1512 1671 W ActivityManager: vendor.qti.qesdk.sysservice inode == 0 (b/152760674)
03-23 06:41:20.960 1512 1512 I SystemServerTiming: MakeIpSecServiceReady
03-23 06:41:20.960 1512 1512 D IpSecService: IpSecService is ready
03-23 06:41:20.960 1512 1512 I SystemServerTiming: MakeNetworkStatsServiceReady
03-23 06:41:20.961 1512 1677 W BatteryExternalStatsWorker: error reading modem stats:ERROR_PHONE_NOT_AVAILABLE
03-23 06:41:20.969 1512 1765 I commit_sys_config_file: [settings-0-0,13]
03-23 06:41:20.975 1512 2286 I commit_sys_config_file: [net-policy,15]
03-23 06:41:20.975 1512 2286 W NetworkPolicy: setRestrictBackgroundUL: already false
03-23 06:41:20.980 1512 2285 D TelephonyRegistry: listen oscl: mHasNotifySubscriptionInfoChangedOccurred==false no callback
03-23 06:41:20.980 1512 1512 I SystemServerTiming: MakeConnectivityServiceReady
03-23 06:41:20.990 1512 1512 I SystemServerTiming: MakeVpnManagerServiceReady
01-01 13:44:05.856 0 0 E init : Control message: Could not find 'vendor.qti.hardware.iop@2.0::IIop/default' for ctl.interface_start from pid: 509 (/system/bin/hwservicemanager)
03-23 06:41:20.998 1512 2286 D TelephonyRegistry: listen oscl: mHasNotifySubscriptionInfoChangedOccurred==false no callback
03-23 06:41:20.999 1512 1512 I SystemServerTiming: MakeVcnManagementServiceReady
03-23 06:41:21.000 1512 1512 D TelephonyRegistry: listen oscl: mHasNotifySubscriptionInfoChangedOccurred==false no callback
03-23 06:41:21.000 1512 1512 I SystemServerTiming: MakeNetworkPolicyServiceReady
03-23 06:41:21.001 1512 1512 I SystemServerTiming: PhaseThirdPartyAppsCanStart
03-23 06:41:21.001 1512 1512 I SystemServiceManager: Starting phase 600
03-23 06:41:21.001 1512 1512 I SystemServerTiming: OnBootPhase_600
03-23 06:41:21.001 1512 1512 I SystemServerTiming: OnBootPhase_600_com.android.server.security.FileIntegrityService
03-23 06:41:21.001 1512 1512 I SystemServerTiming: OnBootPhase_600_com.android.server.pm.Installer
03-23 06:41:21.001 1512 1512 I SystemServerTiming: OnBootPhase_600_com.android.server.os.DeviceIdentifiersPolicyService
03-23 06:41:21.001 1512 1512 I SystemServerTiming: OnBootPhase_600_com.android.server.uri.UriGrantsManagerService$Lifecycle
03-23 06:41:21.001 1512 1512 I SystemServerTiming: OnBootPhase_600_com.android.server.powerstats.PowerStatsService
03-23 06:41:21.001 1512 1512 I SystemServerTiming: OnBootPhase_600_com.android.server.wm.ActivityTaskManagerService$Lifecycle
03-23 06:41:21.001 1512 1512 I SystemServerTiming: OnBootPhase_600_com.android.server.am.ActivityManagerService$Lifecycle
03-23 06:41:21.001 1512 1512 I ExplicitHealthCheckController: Explicit health checks enabled.
03-23 06:41:21.001 1512 1512 I PackageWatchdog: Syncing state, reason: health check state enabled
03-23 06:41:21.001 1512 1512 I PackageWatchdog: Not pruning observers, elapsed time: 0ms
03-23 06:41:21.001 1512 1667 I PackageWatchdog: Saving observer state to file
03-23 06:41:21.001 1512 1512 I PackageWatchdog: Cancelling state sync, nothing to sync
03-23 06:41:21.001 1512 1512 I SystemServerTiming: OnBootPhase_600_com.android.server.pm.DataLoaderManagerService
03-23 06:41:21.001 1512 1512 I SystemServerTiming: OnBootPhase_600_com.android.server.power.PowerManagerService
03-23 06:41:21.001 1512 1512 I SystemServerTiming: OnBootPhase_600_com.android.server.power.ThermalManagerService
03-23 06:41:21.001 1512 1512 I SystemServerTiming: OnBootPhase_600_com.android.server.power.hint.HintManagerService
03-23 06:41:21.001 1512 1512 I SystemServerTiming: OnBootPhase_600_com.android.server.recoverysystem.RecoverySystemService$Lifecycle
03-23 06:41:21.001 1512 1512 I SystemServerTiming: OnBootPhase_600_com.android.server.lights.LightsService
03-23 06:41:21.001 1512 1512 I SystemServerTiming: OnBootPhase_600_com.android.server.display.DisplayManagerService
03-23 06:41:21.001 1512 1512 I SystemServerTiming: OnBootPhase_600_com.android.server.pm.verify.domain.DomainVerificationService
03-23 06:41:21.001 1512 1512 I SystemServerTiming: OnBootPhase_600_com.android.server.pm.PackageInstallerService$Lifecycle
03-23 06:41:21.001 1512 1512 I SystemServerTiming: OnBootPhase_600_com.android.server.pm.UserManagerService$LifeCycle
03-23 06:41:21.001 1512 1512 I SystemServerTiming: OnBootPhase_600_com.android.server.om.OverlayManagerService
03-23 06:41:21.001 1512 1512 I SystemServerTiming: OnBootPhase_600_com.android.server.SensorPrivacyService
03-23 06:41:21.001 1512 1512 I SystemServerTiming: OnBootPhase_600_com.android.server.thunderperf.ThunderBoostPerfService
03-23 06:41:21.001 1512 1512 I SystemServerTiming: OnBootPhase_600_com.android.server.sensors.SensorService
03-23 06:41:21.001 1512 1512 I SystemServerTiming: OnBootPhase_600_com.android.server.SystemConfigService
03-23 06:41:21.001 1512 1512 I SystemServerTiming: OnBootPhase_600_com.android.server.BatteryService
03-23 06:41:21.001 1512 1512 I SystemServerTiming: OnBootPhase_600_com.android.server.usage.UsageStatsService
03-23 06:41:21.001 1512 1512 I SystemServerTiming: OnBootPhase_600_com.android.server.webkit.WebViewUpdateService
03-23 06:41:21.001 1512 1512 I SystemServerTiming: OnBootPhase_600_com.android.server.CachedDeviceStateService
03-23 06:41:21.001 1512 1512 I SystemServerTiming: OnBootPhase_600_com.android.server.BinderCallsStatsService$LifeCycle
03-23 06:41:21.001 1512 1512 I SystemServerTiming: OnBootPhase_600_com.android.server.LooperStatsService$Lifecycle
03-23 06:41:21.001 1512 1512 I SystemServerTiming: OnBootPhase_600_com.android.server.rollback.RollbackManagerService
03-23 06:41:21.002 1512 1512 I SystemServerTiming: OnBootPhase_600_com.android.server.os.NativeTombstoneManagerService
03-23 06:41:21.002 1512 1512 I SystemServerTiming: OnBootPhase_600_com.android.server.os.BugreportManagerService
03-23 06:41:21.002 1512 1512 I SystemServerTiming: OnBootPhase_600_com.android.server.gpu.GpuService
03-23 06:41:21.002 1512 1512 I SystemServerTiming: OnBootPhase_600_com.android.server.security.KeyChainSystemService
03-23 06:41:21.002 1512 1512 I SystemServerTiming: OnBootPhase_600_com.android.server.telecom.TelecomLoaderService
03-23 06:41:21.002 1512 1512 I SystemServerTiming: OnBootPhase_600_com.android.server.accounts.AccountManagerService$Lifecycle
03-23 06:41:21.002 1512 1512 I SystemServerTiming: OnBootPhase_600_com.android.server.content.ContentService$Lifecycle
03-23 06:41:21.002 1512 1512 I SystemServerTiming: OnBootPhase_600_com.android.server.DropBoxManagerService
03-23 06:41:21.002 1512 1512 I SystemServerTiming: OnBootPhase_600_com.android.role.RoleService
03-23 06:41:21.002 1512 1512 I SystemServerTiming: OnBootPhase_600_com.android.server.vibrator.VibratorManagerService$Lifecycle
03-23 06:41:21.002 1512 1512 I SystemServerTiming: OnBootPhase_600_com.android.server.alarm.AlarmManagerService
03-23 06:41:21.002 1512 1512 I SystemServerTiming: OnBootPhase_600_com.android.server.devicestate.DeviceStateManagerService
03-23 06:41:21.002 1512 1512 I SystemServerTiming: OnBootPhase_600_com.android.server.camera.CameraServiceProxy
03-23 06:41:21.002 1512 1512 I SystemServerTiming: OnBootPhase_600_com.android.server.BluetoothService
03-23 06:41:21.002 1512 1512 I SystemServerTiming: OnBootPhase_600_com.android.server.connectivity.IpConnectivityMetrics
03-23 06:41:21.002 1512 1512 I SystemServerTiming: OnBootPhase_600_com.android.server.net.watchlist.NetworkWatchlistService$Lifecycle
03-23 06:41:21.002 1512 1512 I SystemServerTiming: OnBootPhase_600_com.android.server.PinnerService
03-23 06:41:21.002 1512 1512 I SystemServerTiming: OnBootPhase_600_com.google.android.startop.iorap.IorapForwardingService
03-23 06:41:21.002 1512 1512 I SystemServerTiming: OnBootPhase_600_com.android.server.ActivityTriggerService
03-23 06:41:21.002 1512 1512 I SystemServerTiming: OnBootPhase_600_com.android.server.integrity.AppIntegrityManagerService
03-23 06:41:21.002 1512 1512 I SystemServerTiming: OnBootPhase_600_com.android.server.inputmethod.InputMethodManagerService$Lifecycle
03-23 06:41:21.002 1512 1512 I SystemServerTiming: OnBootPhase_600_com.android.server.accessibility.AccessibilityManagerService$Lifecycle
03-23 06:41:21.002 1512 1512 I SystemServerTiming: OnBootPhase_600_com.android.server.StorageManagerService$Lifecycle
03-23 06:41:21.002 1512 1512 I SystemServerTiming: OnBootPhase_600_com.android.server.usage.StorageStatsService$Lifecycle
03-23 06:41:21.002 1512 1512 I SystemServerTiming: OnBootPhase_600_com.android.server.UiModeManagerService
03-23 06:41:21.002 1512 1512 I SystemServerTiming: OnBootPhase_600_com.android.server.locksettings.LockSettingsService$Lifecycle
03-23 06:41:21.002 1512 1512 I SystemServerTiming: OnBootPhase_600_com.android.server.PersistentDataBlockService
03-23 06:41:21.002 1512 1512 I SystemServerTiming: OnBootPhase_600_com.android.server.testharness.TestHarnessModeService
03-23 06:41:21.002 1512 1512 I SystemServerTiming: OnBootPhase_600_com.android.server.oemlock.OemLockService
03-23 06:41:21.002 1512 1512 I SystemServerTiming: OnBootPhase_600_com.android.server.DeviceIdleController
03-23 06:41:21.002 1512 1512 I SystemServerTiming: OnBootPhase_600_com.android.server.devicepolicy.DevicePolicyManagerService$Lifecycle
03-23 06:41:21.002 1512 1512 I SystemServerTiming: OnBootPhase_600_com.android.server.texttospeech.TextToSpeechManagerService
03-23 06:41:21.002 1512 1512 I SystemServerTiming: OnBootPhase_600_com.android.server.speech.SpeechRecognitionManagerService
03-23 06:41:21.002 1512 1512 I SystemServerTiming: OnBootPhase_600_com.android.server.searchui.SearchUiManagerService
03-23 06:41:21.002 1512 1512 I SystemServerTiming: OnBootPhase_600_com.android.server.smartspace.SmartspaceManagerService
03-23 06:41:21.002 1512 1512 I SystemServerTiming: OnBootPhase_600_com.android.server.graphics.fonts.FontManagerService$Lifecycle
03-23 06:41:21.002 1512 1512 I SystemServerTiming: OnBootPhase_600_com.android.server.textservices.TextServicesManagerService$Lifecycle
03-23 06:41:21.002 1512 1512 I SystemServerTiming: OnBootPhase_600_com.android.server.textclassifier.TextClassificationManagerService$Lifecycle
03-23 06:41:21.002 1512 1512 I SystemServerTiming: OnBootPhase_600_com.android.server.NetworkScoreService$Lifecycle
03-23 06:41:21.002 1512 1512 I SystemServerTiming: OnBootPhase_600_com.android.server.wifi.WifiService
03-23 06:41:21.002 1512 1512 I SystemServerTiming: OnBootPhase_600_com.android.server.wifi.scanner.WifiScanningService
03-23 06:41:21.002 1512 1512 I SystemServerTiming: OnBootPhase_600_com.android.server.wifi.rtt.RttService
03-23 06:41:21.002 1512 1512 I SystemServerTiming: OnBootPhase_600_com.android.server.wifi.aware.WifiAwareService
03-23 06:41:21.002 1512 1512 I SystemServerTiming: OnBootPhase_600_com.android.server.wifi.p2p.WifiP2pService
03-23 06:41:21.002 1512 1512 I SystemServerTiming: OnBootPhase_600_com.android.server.ethernet.EthernetService
03-23 06:41:21.002 1512 1512 I SystemServerTiming: OnBootPhase_600_com.android.server.ConnectivityServiceInitializer
03-23 06:41:21.002 1512 1512 I SystemServerTiming: OnBootPhase_600_com.android.server.notification.NotificationManagerService
03-23 06:41:21.003 1512 1512 I SystemServerTiming: OnBootPhase_600_com.android.server.storage.DeviceStorageMonitorService
03-23 06:41:21.003 1512 1512 I SystemServerTiming: OnBootPhase_600_com.android.server.location.LocationManagerService$Lifecycle
03-23 06:41:21.016 1512 2466 D Fingerprint21: Daemon was null, reconnecting, current operation: null
03-23 06:41:21.018 1512 2466 D Fingerprint21: Fingerprint HAL ready, HAL ID: 5326416
03-23 06:41:21.018 1512 1512 D TelephonyRegistry: listen oscl: mHasNotifySubscriptionInfoChangedOccurred==false no callback
03-23 06:41:21.019 826 826 I auditd : type=1400 audit(0.0:245): avc: denied { read } for comm="Loc_hal_worker" name="u:object_r:vendor_pd_locater_dbg_prop:s0" dev="tmpfs" ino=12669 scontext=u:r:vendor_hal_gnss_qti:s0 tcontext=u:object_r:vendor_pd_locater_dbg_prop:s0 tclass=file permissive=0
03-23 06:41:21.028 1512 1671 W ActivityManager: Slow operation: 71ms so far, now at startProcess: returned from zygote!
03-23 06:41:21.028 1512 1671 W ActivityManager: Slow operation: 71ms so far, now at startProcess: done updating battery stats
03-23 06:41:21.028 1512 1671 I am_proc_start: [0,2480,1037,WebViewLoader-armeabi-v7a,NULL,]
03-23 06:41:21.028 1512 1671 W ActivityManager: Slow operation: 71ms so far, now at startProcess: building log message
03-23 06:41:21.028 1512 1671 I ActivityManager: Start proc 2480:WebViewLoader-armeabi-v7a/1037 [android.webkit.WebViewLibraryLoader$RelroFileCreator] for null
03-23 06:41:21.029 1512 1671 W ActivityManager: Slow operation: 71ms so far, now at startProcess: starting to update pids map
03-23 06:41:21.029 1512 1671 W ActivityManager: Slow operation: 72ms so far, now at startProcess: done updating pids map
03-23 06:41:21.029 1512 1671 W ActivityManager: Slow operation: 72ms so far, now at startProcess: asking zygote to start proc
03-23 06:41:21.029 1512 1671 W ActivityManager: vendor.qti.qesdk.sysservice inode == 0 (b/152760674)
03-23 06:41:21.030 1512 1655 W CarrierConfigManager: Error getting config for subId -1 ICarrierConfigLoader is null
03-23 06:41:21.030 1512 1512 I SystemServerTiming: OnBootPhase_600_com.android.server.timedetector.TimeDetectorService$Lifecycle
03-23 06:41:21.030 1512 1512 I SystemServerTiming: OnBootPhase_600_com.android.server.timezonedetector.TimeZoneDetectorService$Lifecycle
03-23 06:41:21.030 1512 1512 I SystemServerTiming: OnBootPhase_600_com.android.server.timezonedetector.location.LocationTimeZoneManagerService$Lifecycle
03-23 06:41:21.030 1512 1512 I SystemServerTiming: OnBootPhase_600_com.android.server.search.SearchManagerService$Lifecycle
03-23 06:41:21.030 1512 1512 I SystemServerTiming: OnBootPhase_600_com.android.server.wallpaper.WallpaperManagerService$Lifecycle
03-23 06:41:21.030 1512 1512 I WallpaperManagerService: switch-user-0
03-23 06:41:21.030 1512 1512 V WallpaperManagerService: bindWallpaperComponentLocked: componentName=null
03-23 06:41:21.030 1512 1512 V WallpaperManagerService: No default component; using image wallpaper
03-23 06:41:21.031 1512 1512 I SystemServerTiming: OnBootPhase_600_com.android.server.audio.AudioService$Lifecycle
03-23 06:41:21.031 1512 1512 I SystemServerTiming: OnBootPhase_600_com.android.server.soundtrigger_middleware.SoundTriggerMiddlewareService$Lifecycle
03-23 06:41:21.031 1512 1512 I SystemServerTiming: OnBootPhase_600_com.android.server.DockObserver
03-23 06:41:21.031 1512 1512 I SystemServerTiming: OnBootPhase_600_com.android.server.midi.MidiService$Lifecycle
03-23 06:41:21.031 1512 1512 I SystemServerTiming: OnBootPhase_600_com.android.server.adb.AdbService$Lifecycle
03-23 06:41:21.031 1512 1512 I SystemServerTiming: OnBootPhase_600_com.android.server.usb.UsbService$Lifecycle
03-23 06:41:21.031 1512 1512 I SystemServerTiming: OnBootPhase_600_com.android.server.twilight.TwilightService
03-23 06:41:21.031 1512 1512 I SystemServerTiming: OnBootPhase_600_com.android.server.display.color.ColorDisplayService
03-23 06:41:21.031 1512 1512 I SystemServerTiming: OnBootPhase_600_com.android.server.job.JobSchedulerService
03-23 06:41:21.031 1512 1512 I SystemServerTiming: OnBootPhase_600_com.android.server.soundtrigger.SoundTriggerService
03-23 06:41:21.031 1512 1512 D SoundTriggerService: onBootPhase: 600 : false
03-23 06:41:21.031 1512 1512 I SystemServerTiming: OnBootPhase_600_com.android.server.trust.TrustManagerService
03-23 06:41:21.032 1512 1512 D BiometricService: Sensor ID(0), oemStrength: 15, updatedStrength: 15, modality 2, state: 0, cookie: 0, props: ID: 0, Strength: 2, Type: 1, sensorId 0, hasEnrollments: false cannot participate in Keystore operations
03-23 06:41:21.032 1512 1671 W ActivityManager: Slow operation: 75ms so far, now at startProcess: returned from zygote!
03-23 06:41:21.032 1512 1671 W ActivityManager: Slow operation: 75ms so far, now at startProcess: done updating battery stats
03-23 06:41:21.032 1512 1671 I am_proc_start: [0,2481,1037,WebViewLoader-arm64-v8a,NULL,]
03-23 06:41:21.032 1512 1671 W ActivityManager: Slow operation: 75ms so far, now at startProcess: building log message
03-23 06:41:21.032 1512 1671 I ActivityManager: Start proc 2481:WebViewLoader-arm64-v8a/1037 [android.webkit.WebViewLibraryLoader$RelroFileCreator] for null
03-23 06:41:21.032 1512 1671 W ActivityManager: Slow operation: 75ms so far, now at startProcess: starting to update pids map
03-23 06:41:21.032 1512 1512 I SystemServerTiming: OnBootPhase_600_com.android.server.backup.BackupManagerService$Lifecycle
03-23 06:41:21.032 1512 1512 I SystemServerTiming: OnBootPhase_600_com.android.server.appwidget.AppWidgetService
03-23 06:41:21.032 1512 1512 I SystemServerTiming: OnBootPhase_600_com.android.server.voiceinteraction.VoiceInteractionManagerService
03-23 06:41:21.033 1512 1671 W ActivityManager: Slow operation: 76ms so far, now at startProcess: done updating pids map
03-23 06:41:21.034 1512 1512 I SystemServerTiming: OnBootPhase_600_com.android.server.apphibernation.AppHibernationService
03-23 06:41:21.034 1512 1512 I SystemServerTiming: OnBootPhase_600_com.android.server.SensorNotificationService
03-23 06:41:21.035 1512 1655 D CompatibilityChangeReporter: Compat change id reported: 168936375; UID 1000; state: ENABLED
03-23 06:41:21.036 1512 1655 D CompatibilityChangeReporter: Compat change id reported: 168936375; UID 1000; state: DISABLED
03-23 06:41:21.038 1512 1512 I SystemServerTiming: OnBootPhase_600_com.android.server.emergency.EmergencyAffordanceService
03-23 06:41:21.039 1512 1512 I SystemServerTiming: OnBootPhase_600_com.android.server.blob.BlobStoreManagerService
01-01 13:44:05.901 0 0 I binder : 2480:2480 ioctl 40046210 ff8dadc8 returned -22
01-01 13:44:05.901 0 0 I binder : 2481:2481 ioctl 40046210 7ff2285824 returned -22
03-23 06:41:21.042 1512 1512 I SystemServerTiming: OnBootPhase_600_com.android.server.dreams.DreamManagerService
03-23 06:41:21.042 1512 2433 I am_proc_bound: [0,2481,WebViewLoader-arm64-v8a]
03-23 06:41:21.043 1512 2433 I am_uid_active: 1037
03-23 06:41:21.044 1512 1512 I SystemServerTiming: OnBootPhase_600_com.android.server.companion.CompanionDeviceManagerService
03-23 06:41:21.044 1512 1512 I SystemServerTiming: OnBootPhase_600_com.android.server.restrictions.RestrictionsManagerService
03-23 06:41:21.044 1512 1512 I SystemServerTiming: OnBootPhase_600_com.android.server.media.MediaSessionService
03-23 06:41:21.044 1512 1512 I SystemServerTiming: OnBootPhase_600_com.android.server.media.MediaResourceMonitorService
03-23 06:41:21.044 1512 1512 I SystemServerTiming: OnBootPhase_600_com.android.server.biometrics.sensors.fingerprint.FingerprintService
03-23 06:41:21.044 1512 1512 I SystemServerTiming: OnBootPhase_600_com.android.server.biometrics.BiometricService
03-23 06:41:21.044 1512 1512 I SystemServerTiming: OnBootPhase_600_com.android.server.biometrics.AuthService
03-23 06:41:21.044 1512 1512 I SystemServerTiming: OnBootPhase_600_com.android.server.pm.ShortcutService$Lifecycle
03-23 06:41:21.044 1512 1512 I SystemServerTiming: OnBootPhase_600_com.android.server.pm.LauncherAppsService
03-23 06:41:21.045 1512 1512 I SystemServerTiming: OnBootPhase_600_com.android.server.pm.CrossProfileAppsService
03-23 06:41:21.045 1512 1512 I SystemServerTiming: OnBootPhase_600_com.android.server.people.PeopleService
03-23 06:41:21.045 1512 1512 I SystemServerTiming: OnBootPhase_600_com.android.server.media.metrics.MediaMetricsManagerService
03-23 06:41:21.045 1512 1990 I am_proc_bound: [0,2480,WebViewLoader-armeabi-v7a]
03-23 06:41:21.045 1512 1512 I SystemServerTiming: OnBootPhase_600_com.android.server.media.projection.MediaProjectionManagerService
03-23 06:41:21.045 1512 1512 I SystemServerTiming: OnBootPhase_600_com.android.server.slice.SliceManagerService$Lifecycle
03-23 06:41:21.045 1512 1512 I SystemServerTiming: OnBootPhase_600_com.android.server.stats.StatsCompanion$Lifecycle
03-23 06:41:21.050 1512 2466 W PackageManager: Loading a package that does not exist for the calling user. package=null, user=0
03-23 06:41:21.051 1512 1512 I SystemServerTiming: OnBootPhase_600_com.android.server.scheduling.RebootReadinessManagerService$Lifecycle
03-23 06:41:21.051 1512 1512 I SystemServerTiming: OnBootPhase_600_com.android.server.stats.pull.StatsPullAtomService
03-23 06:41:21.051 1512 1512 I SystemServerTiming: OnBootPhase_600_com.android.server.incident.IncidentCompanionService
03-23 06:41:21.051 1512 1667 D StatsPullAtomService: Registering NetworkStats pullers with statsd
03-23 06:41:21.051 1512 1512 I SystemServerTiming: OnBootPhase_600_com.android.server.MmsServiceBroker
