03-23 06:42:49.532 2866 2934 D BaseIconFactory: normalizeAndWrapToAdaptiveIcon: scale=0.8096529
03-23 06:42:49.534 1512 2466 W FreeFormWindowHelper: Current Display FreeFormTask is null
03-23 06:42:49.534 2866 2866 D FreeWindowContainer: reloadTask: null
03-23 06:42:49.535 2361 2463 D ControlsListingControllerImpl: Unsubscribing callback
03-23 06:42:49.535 2866 2934 D BaseIconFactory: normalizeAndWrapToAdaptiveIcon: scale=0.8096529
03-23 06:42:49.536 2361 2361 V KeyguardUpdateMonitor: *** register callback for com.android.systemui.statusbar.phone.KeyguardBottomAreaView$9@65f3746
03-23 06:42:49.536 2361 2361 V KeyguardUpdateMonitor: *** unregister callback for null
03-23 06:42:49.537 2866 2866 D EditModeHelper: setHotseatVisibility: 0
03-23 06:42:49.538 2361 2463 D ControlsListingControllerImpl: Subscribing callback, service count: 0
03-23 06:42:49.538 2959 2959 W BatteryBroadcastRcvr: Problem reading the battery meter.
03-23 06:42:49.538 2361 2361 V KeyguardUpdateMonitor: *** register callback for com.android.keyguard.EmergencyButtonController$1@e75de34
03-23 06:42:49.538 2361 2361 V KeyguardUpdateMonitor: *** unregister callback for null
03-23 06:42:49.539 2361 2361 E EmergencyButton: Fail to call TelephonyManager.requestCellInfoUpdate
03-23 06:42:49.539 2361 2361 E EmergencyButton: java.lang.IllegalStateException: Telephony is null
03-23 06:42:49.539 2361 2361 E EmergencyButton: at android.telephony.TelephonyManager.requestCellInfoUpdate(TelephonyManager.java:6362)
03-23 06:42:49.539 2361 2361 E EmergencyButton: at com.android.keyguard.EmergencyButtonController.requestCellInfoUpdate(EmergencyButtonController.java:182)
03-23 06:42:49.539 2361 2361 E EmergencyButton: at com.android.keyguard.EmergencyButtonController.access$100(EmergencyButtonController.java:51)
03-23 06:42:49.539 2361 2361 E EmergencyButton: at com.android.keyguard.EmergencyButtonController$1.onPhoneStateChanged(EmergencyButtonController.java:77)
03-23 06:42:49.539 2361 2361 E EmergencyButton: at com.android.keyguard.KeyguardUpdateMonitor.sendUpdates(KeyguardUpdateMonitor.java:3085)
03-23 06:42:49.539 2361 2361 E EmergencyButton: at com.android.keyguard.KeyguardUpdateMonitor.registerCallback(KeyguardUpdateMonitor.java:3062)
03-23 06:42:49.539 2361 2361 E EmergencyButton: at com.android.keyguard.EmergencyButtonController.onViewAttached(EmergencyButtonController.java:119)
03-23 06:42:49.539 2361 2361 E EmergencyButton: at com.android.systemui.util.ViewController$1.onViewAttachedToWindow(ViewController.java:52)
03-23 06:42:49.539 2361 2361 E EmergencyButton: at com.android.systemui.util.ViewController.init(ViewController.java:80)
03-23 06:42:49.539 2361 2361 E EmergencyButton: at com.android.systemui.statusbar.phone.NotificationPanelViewController.initBottomArea(NotificationPanelViewController.java:1201)
03-23 06:42:49.539 2361 2361 E EmergencyButton: at com.android.systemui.statusbar.phone.NotificationPanelViewController.reInflateViews(NotificationPanelViewController.java:1154)
03-23 06:42:49.539 2361 2361 E EmergencyButton: at com.android.systemui.statusbar.phone.NotificationPanelViewController.access$10100(NotificationPanelViewController.java:184)
03-23 06:42:49.539 2361 2361 E EmergencyButton: at com.android.systemui.statusbar.phone.NotificationPanelViewController$ConfigurationListener.onDensityOrFontScaleChanged(NotificationPanelViewController.java:4419)
03-23 06:42:49.539 2361 2361 E EmergencyButton: at com.android.systemui.statusbar.phone.ConfigurationControllerImpl.onConfigurationChanged(ConfigurationControllerImpl.kt:74)
03-23 06:42:49.539 2361 2361 E EmergencyButton: at com.android.systemui.SystemUIApplication.onConfigurationChanged(SystemUIApplication.java:247)
03-23 06:42:49.539 2361 2361 E EmergencyButton: at android.app.ConfigurationController.performConfigurationChanged(ConfigurationController.java:273)
03-23 06:42:49.539 2361 2361 E EmergencyButton: at android.app.ConfigurationController.handleConfigurationChanged(ConfigurationController.java:240)
03-23 06:42:49.539 2361 2361 E EmergencyButton: at android.app.ConfigurationController.handleConfigurationChanged(ConfigurationController.java:138)
03-23 06:42:49.539 2361 2361 E EmergencyButton: at android.app.ActivityThread.handleConfigurationChanged(ActivityThread.java:5948)
03-23 06:42:49.539 2361 2361 E EmergencyButton: at android.app.servertransaction.ConfigurationChangeItem.execute(ConfigurationChangeItem.java:43)
03-23 06:42:49.539 2361 2361 E EmergencyButton: at android.app.servertransaction.TransactionExecutor.executeCallbacks(TransactionExecutor.java:135)
03-23 06:42:49.539 2361 2361 E EmergencyButton: at android.app.servertransaction.TransactionExecutor.execute(TransactionExecutor.java:95)
03-23 06:42:49.539 2361 2361 E EmergencyButton: at android.app.ActivityThread$H.handleMessage(ActivityThread.java:2211)
03-23 06:42:49.539 2361 2361 E EmergencyButton: at android.os.Handler.dispatchMessage(Handler.java:106)
03-23 06:42:49.539 2361 2361 E EmergencyButton: at android.os.Looper.loopOnce(Looper.java:201)
03-23 06:42:49.539 2361 2361 E EmergencyButton: at android.os.Looper.loop(Looper.java:288)
03-23 06:42:49.539 2361 2361 E EmergencyButton: at android.app.ActivityThread.main(ActivityThread.java:7880)
03-23 06:42:49.539 2361 2361 E EmergencyButton: at java.lang.reflect.Method.invoke(Native Method)
03-23 06:42:49.539 2361 2361 E EmergencyButton: at com.android.internal.os.RuntimeInit$MethodAndArgsCaller.run(RuntimeInit.java:548)
03-23 06:42:49.539 2361 2361 E EmergencyButton: at com.android.internal.os.ZygoteInit.main(ZygoteInit.java:1009)
03-23 06:42:49.541 2959 2959 I wm_on_start_called: [64326038,com.android.settings.Settings,handleStartActivity]
03-23 06:42:49.541 2866 2934 D BaseIconFactory: normalizeAndWrapToAdaptiveIcon: scale=0.8096529
03-23 06:42:49.541 2959 2959 I snet_event_log: [120484087,-1,]
03-23 06:42:49.542 1512 1990 W FreeFormWindowHelper: Current Display FreeFormTask is null
03-23 06:42:49.542 2959 2959 I wm_on_resume_called: [64326038,com.android.settings.Settings,RESUME_ACTIVITY]
03-23 06:42:49.542 2866 2866 W View : requestLayout() improperly called by com.android.launcher3.views.NoInsetView{7c6be28 V.ED..... ......ID 0,0-342,1080 #7f09007c app:id/bg_hotseat} during layout: running second layout pass
03-23 06:42:49.542 2959 2959 I sysui_multi_action: [757,340,758,1,833,0,1089,66]
03-23 06:42:49.543 2959 2959 I sysui_multi_action: [757,35,758,1,833,0,1089,18]
03-23 06:42:49.544 2959 3011 D BatteryInfo: time for getStats: 0ms
03-23 06:42:49.544 2959 2959 I sysui_multi_action: [757,1729,758,4,854,isParalleledControllers:false,1089,19]
03-23 06:42:49.544 2959 4679 D BatteryTipLoader: BatteryInfoLoader post query: 0ms
03-23 06:42:49.544 1512 1990 I wm_stop_activity: [0,88042559,com.android.launcher3/.uioverrides.QuickstepLauncher]
03-23 06:42:49.544 2959 4679 D BatteryInfo: time for getBatteryInfo: 0ms
03-23 06:42:49.545 2959 4679 D BatteryTipLoader: BatteryInfoLoader.loadInBackground: 1ms
03-23 06:42:49.545 2959 2959 I wm_on_top_resumed_gained_called: [64326038,com.android.settings.Settings,topWhenResuming]
03-23 06:42:49.545 2959 3011 D BatteryInfo: time for regular BatteryInfo: 1ms
03-23 06:42:49.545 2959 3011 D BatteryInfo: time for getBatteryInfo: 0ms
03-23 06:42:49.546 2866 2934 D BaseIconFactory: normalizeAndWrapToAdaptiveIcon: scale=0.8085681
03-23 06:42:49.547 2866 2866 D StateManager: goToState: Normal
03-23 06:42:49.547 2866 2866 I wm_on_stop_called: [88042559,com.android.launcher3.uioverrides.QuickstepLauncher,STOP_ACTIVITY_ITEM]
03-23 06:42:49.549 2866 2934 D BaseIconFactory: normalizeAndWrapToAdaptiveIcon: scale=0.81813693
03-23 06:42:49.550 2866 2934 D LoaderTask: loadWorkspace
03-23 06:42:49.550 2866 2934 D LauncherProvider: call: method=remove_ghost_widgets,arg=null,extras=null
03-23 06:42:49.550 1512 1667 I am_pss : [2850,10063,com.thundercomm.gamemode.provider,7740416,6004736,0,96595968,0,19,4]
03-23 06:42:49.551 2959 4964 D UsageGraph: No enabled state changed, skipping updateCategory call
03-23 06:42:49.551 2866 2934 D LoaderTask: sanitizeData
03-23 06:42:49.552 2866 2934 D LoaderTask: bindWorkspace
03-23 06:42:49.552 2866 2934 D LoaderTask: sendFirstScreenActiveInstallsBroadcast
03-23 06:42:49.555 2866 2866 D HotseatController: adjustPadding: height=800,size=1
03-23 06:42:49.555 2866 2866 D HotseatController: adjustPadding: height=800,size=2
03-23 06:42:49.556 2866 2866 D HotseatController: adjustPadding: height=800,size=3
03-23 06:42:49.556 2866 2866 D HotseatController: adjustPadding: height=800,size=4
03-23 06:42:49.557 2866 2866 D HotseatController: clearEmptyGrid: size=4
03-23 06:42:49.557 2866 2866 D HotseatController: adjustPadding: height=800,size=4
03-23 06:42:49.557 2866 2866 D HotseatController: clearEmptyGrid: size=4
03-23 06:42:49.557 2866 2866 D HotseatController: adjustPadding: height=800,size=4
03-23 06:42:49.558 1512 1667 I am_pss : [3438,10081,com.qualcomm.qti.workloadclassifier,17074176,13774848,0,110014464,0,0,5]
03-23 06:42:49.563 1512 1667 I am_pss : [3418,10080,com.qualcomm.qti.qccnetstat,5846016,4284416,0,91623424,0,0,5]
03-23 06:42:49.563 1512 3353 W InputManager-JNI: Input channel object 'c81e2ee EdgeBackGestureHandler0 (client)' was disposed without first being removed with the input manager!
03-23 06:42:49.568 1512 1667 I am_pss : [3389,10068,com.qualcomm.qti.services.systemhelper:systemhelper_service,6172672,4538368,0,93822976,0,0,5]
03-23 06:42:49.570 2866 2934 D LoaderTask: step 1 complete
03-23 06:42:49.573 3298 3298 W hpplay-java: [main]:IPManager:getActiveNets invalid networkInfo:null
03-23 06:42:49.574 3298 3298 I hpplay-java: [main]:IPManager:getActiveNets eth0:false wifi:false mobile:false ap:false
03-23 06:42:49.574 3298 3298 I hpplay-java: [main]:ServerTaskManager:get local ip:null
03-23 06:42:49.574 1512 1667 I am_pss : [3338,10055,.pasr,5180416,3702784,0,89309184,0,0,5]
03-23 06:42:49.575 2866 2934 D LoaderTask: loadAllApps
03-23 06:42:49.576 1512 3353 I InputDispatcher: Created monitor edge-swipe for display 0, gesture=true, pid=2361
03-23 06:42:49.577 2866 2934 D LoaderTask: apps.size 8
03-23 06:42:49.577 2866 2934 D LoaderTask: app pkg com.android.gallery3d
03-23 06:42:49.578 2866 2934 D LoaderTask: app pkg com.android.music
03-23 06:42:49.578 2866 2934 D LoaderTask: app pkg com.android.music
03-23 06:42:49.579 2866 2934 D LoaderTask: app pkg com.android.settings
03-23 06:42:49.579 2866 2934 D LoaderTask: app pkg com.microsoft.emmx
03-23 06:42:49.580 2866 2934 D LoaderTask: app pkg com.android.documentsui
03-23 06:42:49.580 1512 1667 I am_pss : [3317,1000,com.hryt.hiphishowfsecontrol,14163968,12263424,0,106024960,0,0,6]
03-23 06:42:49.580 2866 2934 D LoaderTask: app pkg com.hht.lebocast
03-23 06:42:49.580 2866 2934 D LoaderTask: app pkg com.sohu.inputmethod.sogou.car
03-23 06:42:49.580 2866 2934 D LoaderTask: installQueue.size 8
03-23 06:42:49.580 2866 2934 D BaseModelUpdateTask: BaseModelUpdateTask constructor
03-23 06:42:49.580 2866 2934 D BaseModelUpdateTask: java.lang.Exception
03-23 06:42:49.580 2866 2934 D BaseModelUpdateTask: at com.android.launcher3.model.BaseModelUpdateTask.(BaseModelUpdateTask.java:57)
03-23 06:42:49.580 2866 2934 D BaseModelUpdateTask: at com.android.launcher3.model.AddWorkspaceItemsTask.(AddWorkspaceItemsTask.java:58)
03-23 06:42:49.580 2866 2934 D BaseModelUpdateTask: at com.android.launcher3.LauncherModel.addAndBindAddedWorkspaceItems(LauncherModel.java:145)
03-23 06:42:49.580 2866 2934 D BaseModelUpdateTask: at com.android.launcher3.model.LoaderTask.verifyApplications(LoaderTask.java:1061)
03-23 06:42:49.580 2866 2934 D BaseModelUpdateTask: at com.android.launcher3.model.LoaderTask.run(LoaderTask.java:229)
03-23 06:42:49.580 2866 2934 D BaseModelUpdateTask: at android.os.Handler.handleCallback(Handler.java:938)
03-23 06:42:49.580 2866 2934 D BaseModelUpdateTask: at android.os.Handler.dispatchMessage(Handler.java:99)
03-23 06:42:49.580 2866 2934 D BaseModelUpdateTask: at android.os.Looper.loopOnce(Looper.java:201)
03-23 06:42:49.580 2866 2934 D BaseModelUpdateTask: at android.os.Looper.loop(Looper.java:288)
03-23 06:42:49.580 2866 2934 D BaseModelUpdateTask: at android.os.HandlerThread.run(HandlerThread.java:67)
03-23 06:42:49.580 2361 2361 D NavigationModeController: getCurrentUserContext: contextUser=0 currentUser=0
03-23 06:42:49.581 2866 2934 D LoaderTask: bindAllApps
03-23 06:42:49.584 2866 2934 D LoaderTask: update icon cache
03-23 06:42:49.584 2866 2934 D LoaderTask: save shortcuts in icon cache
03-23 06:42:49.584 2866 2934 D LoaderTask: step 2 complete
03-23 06:42:49.585 2866 2934 D LoaderTask: loadDeepShortcuts
03-23 06:42:49.585 2866 2934 D LoaderTask: bindDeepShortcuts
03-23 06:42:49.585 2866 2934 D LoaderTask: save deep shortcuts in icon cache
03-23 06:42:49.585 2866 2934 D LoaderTask: step 3 complete
03-23 06:42:49.586 1512 1667 I am_pss : [3300,10056,ts.car.uart,5963776,4485120,0,90443776,0,0,5]
03-23 06:42:49.591 2866 2934 D BaseIconFactory: normalizeAndWrapToAdaptiveIcon: scale=0.8096529
03-23 06:42:49.591 1512 1667 I am_pss : [3298,10085,com.hht.lebocast,36327424,17575936,0,108097536,0,0,5]
03-23 06:42:49.596 2866 2934 D BaseIconFactory: normalizeAndWrapToAdaptiveIcon: scale=0.8096529
03-23 06:42:49.597 1512 1659 I input_focus: [Focus request ff02267 com.android.settings/com.android.settings.Settings,reason=UpdateInputWindows]
03-23 06:42:49.597 1512 1667 I am_pss : [2816,1000,com.qualcomm.qti.qdma,9262080,6586368,0,106475520,0,0,5]
03-23 06:42:49.601 2866 2934 D BaseIconFactory: normalizeAndWrapToAdaptiveIcon: scale=0.8096529
03-23 06:42:49.604 1512 3353 W InputManager-JNI: Input channel object 'd8f78be SecondaryHomeHandle0 (client)' was disposed without first being removed with the input manager!
03-23 06:42:49.604 1512 1667 I am_pss : [3871,10062,com.qualcomm.qti.devicestatisticsservice,5111808,3633152,0,89137152,0,0,5]
03-23 06:42:49.605 2866 2934 D BaseIconFactory: normalizeAndWrapToAdaptiveIcon: scale=0.8096529
03-23 06:42:49.608 2866 2934 D LoaderTask: load widgets
03-23 06:42:49.609 1512 1667 I am_pss : [2788,1000,com.thundercomm.tcservice,8387584,6676480,0,96800768,0,0,4]
03-23 06:42:49.611 2866 2934 I WidgetsModel: found whitelist widget: com.android.settings, label: 设置快捷方式, sectionName:S
03-23 06:42:49.611 2866 2934 I WidgetsModel: found whitelist widget: com.android.gallery3d, label: 照片, sectionName:T
03-23 06:42:49.611 2866 2934 I WidgetsModel: found whitelist widget: com.android.systemui, label: 对话, sectionName:D
03-23 06:42:49.611 2866 2934 I WidgetsModel: found whitelist widget: com.android.music, label: 音乐, sectionName:Y
03-23 06:42:49.611 2866 2934 D LoaderTask: bindWidgets
03-23 06:42:49.612 2866 2934 D LoaderTask: save widgets in icon cache
03-23 06:42:49.612 2866 2934 D LoaderTask: finish icon update
03-23 06:42:49.612 2866 2934 D LauncherProvider: call: method=new_db_transaction,arg=null,extras=null
03-23 06:42:49.615 1512 1667 I am_pss : [2764,1000,com.thundercomm.remotecontrolservice,9406464,7290880,0,101724160,0,0,5]
03-23 06:42:49.616 2866 2934 D BaseIconFactory: normalizeAndWrapToAdaptiveIcon: scale=1.0
03-23 06:42:49.620 2866 2934 D BaseIconFactory: normalizeAndWrapToAdaptiveIcon: scale=0.8096529
03-23 06:42:49.622 1512 1765 I commit_sys_config_file: [settings-1-0,1]
03-23 06:42:49.625 2866 2934 D BaseIconFactory: normalizeAndWrapToAdaptiveIcon: scale=0.8096529
03-23 06:42:49.634 2866 2934 D BaseIconFactory: normalizeAndWrapToAdaptiveIcon: scale=0.8096529
03-23 06:42:49.636 1512 3353 I WindowManager: finishDrawing of relaunch: Window{ff02267 u0 com.android.settings/com.android.settings.Settings} 188ms
03-23 06:42:49.637 2959 2959 W BatteryBroadcastRcvr: Problem reading the battery meter.
03-23 06:42:49.637 2959 2959 D BatteryInfo: time for callback: 0ms
03-23 06:42:49.640 2959 3011 D BatteryInfo: time for getStats: 0ms
03-23 06:42:49.641 2959 3011 D BatteryInfo: time for regular BatteryInfo: 1ms
03-23 06:42:49.641 2959 4674 D BatteryTipLoader: BatteryInfoLoader post query: 0ms
03-23 06:42:49.641 2959 4674 D BatteryInfo: time for getBatteryInfo: 0ms
03-23 06:42:49.641 2959 4674 D BatteryTipLoader: BatteryInfoLoader.loadInBackground: 0ms
03-23 06:42:49.641 2959 3011 D BatteryInfo: time for getBatteryInfo: 0ms
03-23 06:42:49.646 2959 2959 D BatteryInfo: time for callback: 0ms
03-23 06:42:49.647 2866 2934 D BaseIconFactory: normalizeAndWrapToAdaptiveIcon: scale=0.8096529
03-23 06:42:49.654 1512 1816 I input_focus: [Focus entering ff02267 com.android.settings/com.android.settings.Settings (server),reason=Window became focusable. Previous reason: NOT_VISIBLE]
03-23 06:42:49.654 1512 1659 I WindowManager: Screen frozen for +219ms due to Window{ff02267 u0 com.android.settings/com.android.settings.Settings}
03-23 06:42:49.655 2866 2934 D BaseIconFactory: normalizeAndWrapToAdaptiveIcon: scale=0.8096529
03-23 06:42:49.661 2866 2934 D BaseIconFactory: normalizeAndWrapToAdaptiveIcon: scale=0.91217864
03-23 06:42:49.662 1512 1659 W ImageReader_JNI: Unable to acquire a buffer item, very likely client tried to acquire more than maxImages buffers
03-23 06:42:49.672 2866 2934 D BaseIconFactory: normalizeAndWrapToAdaptiveIcon: scale=0.8096529
03-23 06:42:49.681 2866 2934 D BaseIconFactory: normalizeAndWrapToAdaptiveIcon: scale=0.8096529
03-23 06:42:49.687 2866 2934 D BaseIconFactory: normalizeAndWrapToAdaptiveIcon: scale=0.8096529
03-23 06:42:49.693 2866 2934 D BaseIconFactory: normalizeAndWrapToAdaptiveIcon: scale=0.8096529
03-23 06:42:49.700 2361 2361 D QSPanel : setHorizontalContentContainer
03-23 06:42:49.706 2361 2361 D QSPanel : setHorizontalContentContainer
03-23 06:42:49.707 2361 2361 D QSPanel : setHorizontalContentContainer
03-23 06:42:49.707 2361 2361 D QSPanel : setHorizontalContentContainer
03-23 06:42:49.707 2361 2361 D QSPanel : qs brightness view is null
03-23 06:42:49.710 2361 2361 D QSPanel : setHorizontalContentContainer
03-23 06:42:49.710 2361 2361 D QSPanel : qs brightness view is null
03-23 06:42:49.741 2361 2463 E ndroid.systemu: No package ID 7f found for ID 0x7f030001.
03-23 06:42:49.742 2361 2463 E ContrastColorUtil: Drawable not found: 2130903041
03-23 06:42:49.743 2361 2463 E ndroid.systemu: No package ID 7f found for ID 0x7f030001.
03-23 06:42:49.743 2361 2463 E ContrastColorUtil: Drawable not found: 2130903041
03-23 06:42:49.757 2361 2361 W View : requestLayout() improperly called by com.android.keyguard.AlphaOptimizedLinearLayout{73e9084 V.E...... ......ID 4,0-34,33 #7f0b069b app:id/wifi_group} during layout: running second layout pass
03-23 06:42:49.827 653 668 I mpu_uart: [MSG-P:RECV]:No message received in 1000 ms
03-23 06:42:50.041 3134 4952 W adbd : timed out while waiting for FUNCTIONFS_BIND, trying again
03-23 06:42:50.041 3134 4952 I adbd : UsbFfs: connection terminated: monitor thread finished
03-23 06:42:50.042 3134 3134 I adbd : UsbFfs: already offline
03-23 06:42:50.042 3134 3134 I adbd : destroying transport UsbFfs
03-23 06:42:50.042 3134 3134 I adbd : UsbFfsConnection being destroyed
03-23 06:42:50.057 3134 3150 I adbd : opening control endpoint /dev/usb-ffs/adb/ep0
03-23 06:42:50.058 3134 3150 I adbd : UsbFfsConnection constructed
03-23 06:42:50.059 3134 4969 I adbd : UsbFfs-monitor thread spawned
01-01 13:45:34.919 0 0 I : read descriptors
01-01 13:45:34.919 0 0 I : read strings
03-23 06:42:50.522 1512 1816 I input_interaction: Interaction with: 2edafe7 StatusBar (server), swipe-up (server), edge-swipe (server), PointerEventDispatcher0 (server),
03-23 06:42:50.527 2361 2361 I sysui_multi_action: [757,803,799,panel_open,802,1]
03-23 06:42:50.530 2361 2361 I sysui_multi_action: [757,1328,758,4,1326,84,1327,2,1329,0]
03-23 06:42:50.576 3298 3298 W hpplay-java: [main]:IPManager:getActiveNets invalid networkInfo:null
03-23 06:42:50.576 3298 3298 I hpplay-java: [main]:IPManager:getActiveNets eth0:false wifi:false mobile:false ap:false
03-23 06:42:50.576 3298 3298 I hpplay-java: [main]:ServerTaskManager:get local ip:null
03-23 06:42:50.588 2361 2361 D StatusBar: disable disable2
03-23 06:42:50.588 1512 3353 I sysui_multi_action: [757,127,758,1]
03-23 06:42:50.588 1512 3353 I sysui_multi_action: [757,804,799,note_load,801,2,802,1]
03-23 06:42:50.588 1512 3353 I notification_panel_revealed: 2
03-23 06:42:50.600 1512 1659 I input_focus: [Focus request f8e39da NotificationShade,reason=UpdateInputWindows]
03-23 06:42:50.618 1512 3353 I sysui_multi_action: [757,128,758,1,793,87330,794,0,795,87330,796,17303299,797,com.android.wifi,798,0,806,android,857,NETWORK_AVAILABLE,858,2,947,0,1395,2,1500,87128,1688,1]
03-23 06:42:50.619 1512 3353 I sysui_multi_action: [757,804,799,note_freshness,801,87330,802,1]
03-23 06:42:50.619 1512 3353 I notification_visibility: [0|android|17303299|com.android.wifi|1000,1,87330,87330,0,0]
03-23 06:42:50.619 1512 3353 I sysui_multi_action: [757,128,758,1,793,88099,794,0,795,88099,796,32,798,1,806,android,857,USB,858,1,947,0,1395,2,1500,87832,1688,1]
03-23 06:42:50.619 1512 3353 I sysui_multi_action: [757,804,799,note_freshness,801,88099,802,1]
03-23 06:42:50.619 1512 3353 I notification_visibility: [-1|android|32|null|1000,1,88099,88099,0,1]
03-23 06:42:50.624 1512 1816 I input_focus: [Focus leaving ff02267 com.android.settings/com.android.settings.Settings (server),reason=setFocusedWindow]
03-23 06:42:50.624 1512 1816 I input_focus: [Focus entering f8e39da NotificationShade (server),reason=setFocusedWindow]
03-23 06:42:50.639 2361 2361 I sysui_multi_action: [757,111,758,1]
03-23 06:42:50.639 2361 2361 I sysui_multi_action: [757,126,758,1,759,126,927,0,928,1,1593,0]
03-23 06:42:50.639 2361 2361 I sysui_multi_action: [757,113,758,1,759,113,927,1,928,1,1593,0]
03-23 06:42:50.639 2361 2361 I sysui_multi_action: [757,0,758,1,759,0,927,2,928,0,1593,0]
03-23 06:42:50.639 2361 2361 I sysui_multi_action: [757,0,758,1,759,0,927,3,928,0,1593,0]
03-23 06:42:50.639 2361 2361 I sysui_multi_action: [757,491,758,1,759,491,927,4,928,0,1311,-1,1593,0]
03-23 06:42:50.639 2361 2361 I sysui_multi_action: [757,0,758,1,759,0,927,5,928,0,1593,0]
03-23 06:42:50.639 2361 2361 I sysui_multi_action: [757,111,758,1]
03-23 06:42:50.639 2361 2361 I sysui_multi_action: [757,126,758,1,759,126,927,0,928,1,1593,0]
03-23 06:42:50.639 2361 2361 I sysui_multi_action: [757,113,758,1,759,113,927,1,928,1,1593,0]
03-23 06:42:50.639 2361 2361 I sysui_multi_action: [757,0,758,1,759,0,927,2,928,0,1593,0]
03-23 06:42:50.639 2361 2361 I sysui_multi_action: [757,0,758,1,759,0,927,3,928,0,1593,0]
03-23 06:42:50.827 653 668 I mpu_uart: [MSG-P:RECV]:No message received in 1000 ms
03-23 06:42:50.877 653 667 I mpu_uart: [MSG-P:R]:recv sync frame timeout
03-23 06:42:51.060 3134 4969 W adbd : timed out while waiting for FUNCTIONFS_BIND, trying again
03-23 06:42:51.060 3134 4969 I adbd : UsbFfs: connection terminated: monitor thread finished
03-23 06:42:51.061 3134 3134 I adbd : UsbFfs: already offline
03-23 06:42:51.061 3134 3134 I adbd : destroying transport UsbFfs
03-23 06:42:51.061 3134 3134 I adbd : UsbFfsConnection being destroyed
03-23 06:42:51.077 3134 3150 I adbd : opening control endpoint /dev/usb-ffs/adb/ep0
03-23 06:42:51.078 3134 3150 I adbd : UsbFfsConnection constructed
03-23 06:42:51.079 3134 4974 I adbd : UsbFfs-monitor thread spawned
01-01 13:45:35.939 0 0 I : read descriptors
01-01 13:45:35.939 0 0 I : read strings
03-23 06:42:51.551 2764 2764 D RemoteControlService: startVlanDispatchThread
03-23 06:42:51.580 3298 3298 W hpplay-java: [main]:IPManager:getActiveNets invalid networkInfo:null
03-23 06:42:51.580 3298 3298 I hpplay-java: [main]:IPManager:getActiveNets eth0:false wifi:false mobile:false ap:false
03-23 06:42:51.580 3298 3298 I hpplay-java: [main]:ServerTaskManager:get local ip:null
03-23 06:42:51.720 1264 1435 E tlogd : [TzLogger](isPathReadable) file /sys/kernel/debug/tzdbg/qsee_log isn't exist or no permission, err: No such file or directory
03-23 06:42:51.720 1264 1435 E tlogd : [TzLogger](saveTzlogAsync) /sys/kernel/debug/tzdbg/qsee_log can not read.
03-23 06:42:51.720 1264 1435 E tlogd : [TzLogger](isPathReadable) file /sys/kernel/debug/tzdbg/log isn't exist or no permission, err: No such file or directory
03-23 06:42:51.720 1264 1435 E tlogd : [TzLogger](saveTzlogAsync) /sys/kernel/debug/tzdbg/log can not read.
03-23 06:42:51.727 1512 1658 I system_server: Explicit concurrent copying GC freed 82782(3502KB) AllocSpace objects, 9(192KB) LOS objects, 49% free, 11MB/22MB, paused 208us,50us total 59.387ms
03-23 06:42:51.728 1512 1538 W JavaBinder: BinderProxy is being destroyed but the application did not call unlinkToDeath to unlink all of its death recipients beforehand. Releasing leaked death recipient: com.android.server.wm.ActivityRecord$$ExternalSyntheticLambda0
03-23 06:42:51.728 1512 1538 I BpBinder: onLastStrongRef automatically unlinking death recipients:
03-23 06:42:51.732 1512 1539 W System : A resource failed to call close.
03-23 06:42:51.733 1512 1539 W System : A resource failed to call close.
03-23 06:42:51.827 653 668 I mpu_uart: [MSG-P:RECV]:No message received in 1000 ms
03-23 06:42:51.865 1512 1816 I input_interaction: Interaction with: f8e39da NotificationShade (server), swipe-up (server), edge-swipe (server), PointerEventDispatcher0 (server),
03-23 06:42:51.949 2361 4802 I OpenGLRenderer: Davey! duration=9223371924854ms; Flags=0, FrameTimelineVsyncId=-1, IntendedVsync=112000129956, Vsync=112000131726, InputEventId=668442379, HandleInputStart=112000142143, AnimationStart=112001854695, PerformTraversalsStart=112001977716, DrawStart=112004449956, FrameDeadline=9223372036854775807, FrameInterval=112000131726, FrameStartTime=16666666, SyncQueued=112004749904, SyncStart=112004788601, IssueDrawCommandsStart=112005119956, SwapBuffers=112007270737, FrameCompleted=9223372036854775807, DequeueBufferDuration=20104, QueueBufferDuration=1347760, GpuCompleted=9223372036854775807, SwapBuffersCompleted=112009080112, DisplayPresentTime=0,
03-23 06:42:52.080 3134 4974 W adbd : timed out while waiting for FUNCTIONFS_BIND, trying again
03-23 06:42:52.081 3134 4974 I adbd : UsbFfs: connection terminated: monitor thread finished
03-23 06:42:52.081 3134 3134 I adbd : UsbFfs: already offline
03-23 06:42:52.081 3134 3134 I adbd : destroying transport UsbFfs
03-23 06:42:52.082 3134 3134 I adbd : UsbFfsConnection being destroyed
01-01 13:45:36.959 0 0 I : read descriptors
01-01 13:45:36.959 0 0 I : read strings
03-23 06:42:52.098 3134 3150 I adbd : opening control endpoint /dev/usb-ffs/adb/ep0
03-23 06:42:52.100 3134 3150 I adbd : UsbFfsConnection constructed
03-23 06:42:52.101 3134 4978 I adbd : UsbFfs-monitor thread spawned
03-23 06:42:52.149 2361 4771 I OpenGLRenderer: Davey! duration=9223371924658ms; Flags=0, FrameTimelineVsyncId=5732, IntendedVsync=112196218020, Vsync=112196218020, InputEventId=0, HandleInputStart=112196531466, AnimationStart=112196533185, PerformTraversalsStart=112199921258, DrawStart=112208801153, FrameDeadline=112229551352, FrameInterval=112196527299, FrameStartTime=16666666, SyncQueued=112209036466, SyncStart=112209079018, IssueDrawCommandsStart=112209334799, SwapBuffers=112210560268, FrameCompleted=9223372036854775807, DequeueBufferDuration=16250, QueueBufferDuration=773073, GpuCompleted=9223372036854775807, SwapBuffersCompleted=112211714331, DisplayPresentTime=0,
03-23 06:42:52.230 1512 1512 I notification_enqueue: [10077,2361,com.android.systemui,2048,NULL,0,Notification(channel=updateNotification shortcut=null contentView=null vibrate=null sound=null defaults=0x0 flags=0x0 color=0x00000000 vis=PRIVATE),1]
03-23 06:42:52.230 2361 2361 I sysui_multi_action: [757,111,758,2]
03-23 06:42:52.232 2361 2361 I sysui_multi_action: [757,111,758,2]
03-23 06:42:52.233 1512 2301 I GameModeConfig: isGameModeOn = false
03-23 06:42:52.233 1512 2301 I GameModeConfig: isGameModeOn = false
03-23 06:42:52.233 1512 2301 I GameModeConfig: isGameModeOn = false
03-23 06:42:52.233 1512 2301 I GameModeConfig: isGameModeOn = false
03-23 06:42:52.320 1512 1659 I input_focus: [Focus request ff02267 com.android.settings/com.android.settings.Settings,reason=UpdateInputWindows]
03-23 06:42:52.324 1512 3353 I sysui_multi_action: [757,128,758,2,793,89036,794,1706,795,89036,796,17303299,797,com.android.wifi,798,0,806,android,857,NETWORK_AVAILABLE,858,2,947,0,1395,2,1500,88834,1688,1]
03-23 06:42:52.324 1512 3353 I notification_visibility: [0|android|17303299|com.android.wifi|1000,0,89036,89036,0,0]
03-23 06:42:52.325 1512 3353 I sysui_multi_action: [757,128,758,2,793,89805,794,1706,795,89805,796,32,798,1,806,android,857,USB,858,1,947,0,1395,2,1500,89538,1688,1]
03-23 06:42:52.325 1512 3353 I notification_visibility: [-1|android|32|null|1000,0,89805,89805,0,1]
03-23 06:42:52.325 1512 4101 I sysui_multi_action: [757,127,758,2]
03-23 06:42:52.325 1512 4101 I notification_panel_hidden:
03-23 06:42:52.326 2361 2361 D StatusBar: disable disable2
03-23 06:42:52.345 1512 1816 I input_focus: [Focus leaving f8e39da NotificationShade (server),reason=NO_WINDOW]
03-23 06:42:52.345 1512 1816 I input_focus: [Focus entering ff02267 com.android.settings/com.android.settings.Settings (server),reason=setFocusedWindow]
03-23 06:42:52.347 2361 2361 V KeyguardUpdateMonitor: *** unregister callback for com.android.keyguard.CarrierTextManager$2@2668941
03-23 06:42:52.432 1512 1512 I GameModeConfig: isGameModeOn = false
03-23 06:42:52.449 2361 2361 D InterruptionStateProvider: No bubble up: not allowed to bubble: 0|com.android.systemui|2048|null|10077
03-23 06:42:52.450 2361 2361 D InterruptionStateProvider: No heads up: unimportant notification: 0|com.android.systemui|2048|null|10077
03-23 06:42:52.455 2361 2463 D PeopleSpaceWidgetMgr: Sbn doesn't contain valid PeopleTileKey: null/0/com.android.systemui
03-23 06:42:52.582 3298 3298 W hpplay-java: [main]:IPManager:getActiveNets invalid networkInfo:null
03-23 06:42:52.582 3298 3298 I hpplay-java: [main]:IPManager:getActiveNets eth0:false wifi:false mobile:false ap:false
03-23 06:42:52.582 3298 3298 I hpplay-java: [main]:ServerTaskManager:get local ip:null
03-23 06:42:52.827 653 668 I mpu_uart: [MSG-P:RECV]:No message received in 1000 ms
03-23 06:42:53.102 3134 4978 W adbd : timed out while waiting for FUNCTIONFS_BIND, trying again
03-23 06:42:53.102 3134 4978 I adbd : UsbFfs: connection terminated: monitor thread finished
03-23 06:42:53.103 3134 3134 I adbd : UsbFfs: already offline
03-23 06:42:53.103 3134 3134 I adbd : destroying transport UsbFfs
03-23 06:42:53.103 3134 3134 I adbd : UsbFfsConnection being destroyed
03-23 06:42:53.109 3134 3150 I adbd : opening control endpoint /dev/usb-ffs/adb/ep0
03-23 06:42:53.110 3134 3150 I adbd : UsbFfsConnection constructed
03-23 06:42:53.111 3134 4979 I adbd : UsbFfs-monitor thread spawned
01-01 13:45:37.971 0 0 I : read descriptors
01-01 13:45:37.971 0 0 I : read strings
03-23 06:42:53.309 1512 1816 I input_interaction: Interaction with: ff02267 com.android.settings/com.android.settings.Settings (server), swipe-up (server), edge-swipe (server), PointerEventDispatcher0 (server),
03-23 06:42:53.384 880 880 D vendor.qti.vibrator: Vibrator perform effect 21
03-23 06:42:53.385 880 880 D vendor.qti.vibrator: Vibrator perform effect 2
03-23 06:42:53.385 880 880 D vendor.qti.vibrator: QTI Vibrator off
03-23 06:42:53.454 2959 4706 I OpenGLRenderer: Davey! duration=9223371923405ms; Flags=0, FrameTimelineVsyncId=5827, IntendedVsync=113449110397, Vsync=113449110397, InputEventId=715463817, HandleInputStart=113454890736, AnimationStart=113454892820, PerformTraversalsStart=113454909486, DrawStart=113511786622, FrameDeadline=113465777063, FrameInterval=113454885632, FrameStartTime=16666666, SyncQueued=113512778340, SyncStart=113512807715, IssueDrawCommandsStart=113513051674, SwapBuffers=113514398965, FrameCompleted=9223372036854775807, DequeueBufferDuration=18333, QueueBufferDuration=592292, GpuCompleted=9223372036854775807, SwapBuffersCompleted=113515208965, DisplayPresentTime=0,
03-23 06:42:53.498 1512 1658 I configuration_changed: 1073741824
03-23 06:42:53.498 1512 1658 I ActivityTaskManager: Config changes=40000000 {1.3 ?mcc?mnc [zh_CN] ldltr sw720dp w1706dp h652dp 240dpi lrg long hdr land finger -keyb/v/h -nav/h winConfig={ mBounds=Rect(0, 0 - 2560, 1080) mAppBounds=Rect(0, 0 - 2560, 1014) mMaxBounds=Rect(0, 0 - 2560, 1080) mWindowingMode=fullscreen mDisplayWindowingMode=fullscreen mActivityType=undefined mAlwaysOnTop=undefined mRotation=ROTATION_0} s.430 fontWeightAdjustment=0}
03-23 06:42:53.506 1512 1658 I WindowManager: Override config changes=40000000 {1.3 ?mcc?mnc [zh_CN] ldltr sw720dp w1706dp h652dp 240dpi lrg long hdr land finger -keyb/v/h -nav/h winConfig={ mBounds=Rect(0, 0 - 2560, 1080) mAppBounds=Rect(0, 0 - 2560, 1014) mMaxBounds=Rect(0, 0 - 2560, 1080) mWindowingMode=fullscreen mDisplayWindowingMode=fullscreen mActivityType=undefined mAlwaysOnTop=undefined mRotation=ROTATION_0} s.430 fontWeightAdjustment=0} for displayId=0
03-23 06:42:53.509 3298 3298 I hpplay-java: [main]:DaemonService:onConfigurationChanged
03-23 06:42:53.521 3761 3761 I hintView: forceClose=true,resetShowChs=true
03-23 06:42:53.521 3761 3761 I hintView: dismissPop()
03-23 06:42:53.523 1512 1658 W ImageReader_JNI: Unable to acquire a buffer item, very likely client tried to acquire more than maxImages buffers
03-23 06:42:53.524 1512 1658 I wm_relaunch_resume_activity: [0,64326038,11,com.android.settings/.Settings]
03-23 06:42:53.525 2959 2959 I wm_on_top_resumed_lost_called: [64326038,com.android.settings.Settings,pausing]
03-23 06:42:53.525 2959 2959 I sysui_multi_action: [757,340,758,2,1089,3983]
03-23 06:42:53.526 2959 2959 I sysui_multi_action: [757,35,758,2,1089,3983]
03-23 06:42:53.526 2959 2959 I wm_on_paused_called: [64326038,com.android.settings.Settings,performPause]
03-23 06:42:53.526 2562 2562 D GameMode_WindowController: onConfigurationChanged orientation: 2, locate: [zh_CN]
03-23 06:42:53.529 2959 2959 I wm_on_stop_called: [64326038,com.android.settings.Settings,handleRelaunchActivity]
03-23 06:42:53.531 2866 4613 E FrameEvents: updateAcquireFence: Did not find frame.
03-23 06:42:53.532 2866 4613 E FrameEvents: updateAcquireFence: Did not find frame.
03-23 06:42:53.533 2959 2959 I wm_on_destroy_called: [64326038,com.android.settings.Settings,performDestroy]
03-23 06:42:53.534 1512 2466 W InputManager-JNI: Input channel object 'ff02267 com.android.settings/com.android.settings.Settings (client)' was disposed without first being removed with the input manager!
03-23 06:42:53.535 2866 4613 E FrameEvents: updateAcquireFence: Did not find frame.
03-23 06:42:53.537 2866 4613 E FrameEvents: updateAcquireFence: Did not find frame.
03-23 06:42:53.538 1512 1816 I InputDispatcher: Erasing monitor edge-swipe (server) on display 0, pid=2361
03-23 06:42:53.539 988 1701 I BpBinder: onLastStrongRef automatically unlinking death recipients:
03-23 06:42:53.540 2866 2866 D Launcher.Model: startLoader
03-23 06:42:53.540 2866 2866 D Launcher.Model: java.lang.Exception
03-23 06:42:53.540 2866 2866 D Launcher.Model: at com.android.launcher3.LauncherModel.startLoader(LauncherModel.java:353)
03-23 06:42:53.540 2866 2866 D Launcher.Model: at com.android.launcher3.LauncherModel.forceReload(LauncherModel.java:298)
03-23 06:42:53.540 2866 2866 D Launcher.Model: at com.android.launcher3.LauncherAppState.refreshAndReloadLauncher(LauncherAppState.java:161)
03-23 06:42:53.540 2866 2866 D Launcher.Model: at com.android.launcher3.LauncherAppState.lambda$new$0$LauncherAppState(LauncherAppState.java:89)
03-23 06:42:53.540 2866 2866 D Launcher.Model: at com.android.launcher3.LauncherAppState$$ExternalSyntheticLambda0.onIdpChanged(Unknown Source:2)
03-23 06:42:53.540 2866 2866 D Launcher.Model: at com.android.launcher3.InvariantDeviceProfile.onConfigChanged(InvariantDeviceProfile.java:379)
03-23 06:42:53.540 2866 2866 D Launcher.Model: at com.android.launcher3.InvariantDeviceProfile.lambda$new$0$InvariantDeviceProfile(InvariantDeviceProfile.java:199)
03-23 06:42:53.540 2866 2866 D Launcher.Model: at com.android.launcher3.InvariantDeviceProfile$$ExternalSyntheticLambda0.onDisplayInfoChanged(Unknown Source:2)
03-23 06:42:53.540 2866 2866 D Launcher.Model: at com.android.launcher3.util.DisplayController.notifyChange(DisplayController.java:237)
03-23 06:42:53.540 2866 2866 D Launcher.Model: at com.android.launcher3.util.DisplayController.lambda$handleInfoChange$0$DisplayController(DisplayController.java:231)
03-23 06:42:53.540 2866 2866 D Launcher.Model: at com.android.launcher3.util.DisplayController$$ExternalSyntheticLambda1.run(Unknown Source:6)
03-23 06:42:53.540 2866 2866 D Launcher.Model: at com.android.launcher3.util.LooperExecutor.execute(LooperExecutor.java:45)
03-23 06:42:53.540 2866 2866 D Launcher.Model: at com.android.launcher3.util.DisplayController.handleInfoChange(DisplayController.java:231)
03-23 06:42:53.540 2866 2866 D Launcher.Model: at com.android.launcher3.util.DisplayController.onConfigurationChanged(DisplayController.java:180)
03-23 06:42:53.540 2866 2866 D Launcher.Model: at android.content.ComponentCallbacksController.lambda$dispatchConfigurationChanged$0(ComponentCallbacksController.java:91)
03-23 06:42:53.540 2866 2866 D Launcher.Model: at android.content.ComponentCallbacksController$$ExternalSyntheticLambda1.accept(Unknown Source:4)
03-23 06:42:53.540 2866 2866 D Launcher.Model: at android.content.ComponentCallbacksController.forAllComponentCallbacks(ComponentCallbacksController.java:124)
03-23 06:42:53.540 2866 2866 D Launcher.Model: at android.content.ComponentCallbacksController.dispatchConfigurationChanged(ComponentCallbacksController.java:91)
03-23 06:42:53.540 2866 2866 D Launcher.Model: at android.window.WindowContext.dispatchConfigurationChanged(WindowContext.java:125)
03-23 06:42:53.540 2866 2866 D Launcher.Model: at android.window.WindowTokenClient.lambda$onConfigurationChanged$0(WindowTokenClient.java:90)
03-23 06:42:53.540 2866 2866 D Launcher.Model: at android.window.WindowTokenClient$$ExternalSyntheticLambda0.run(Unknown Source:4)
03-23 06:42:53.540 2866 2866 D Launcher.Model: at android.os.Handler.handleCallback(Handler.java:938)
03-23 06:42:53.540 2866 2866 D Launcher.Model: at android.os.Handler.dispatchMessage(Handler.java:99)
03-23 06:42:53.540 2866 2866 D Launcher.Model: at android.os.Looper.loopOnce(Looper.java:201)
03-23 06:42:53.540 2866 2866 D Launcher.Model: at android.os.Looper.loop(Looper.java:288)
03-23 06:42:53.540 2866 2866 D Launcher.Model: at android.app.ActivityThread.main(ActivityThread.java:7880)
03-23 06:42:53.540 2866 2866 D Launcher.Model: at java.lang.reflect.Method.invoke(Native Method)
03-23 06:42:53.540 2866 2866 D Launcher.Model: at com.android.internal.os.RuntimeInit$MethodAndArgsCaller.run(RuntimeInit.java:548)
03-23 06:42:53.540 2866 2866 D Launcher.Model: at com.android.internal.os.ZygoteInit.main(ZygoteInit.java:1009)
03-23 06:42:53.541 2866 2866 E libprocessgroup: set_timerslack_ns write failed: Operation not permitted
03-23 06:42:53.541 1512 4101 W InputManager-JNI: Input channel object '77cc5f9 NavigationBar0 (client)' was disposed without first being removed with the input manager!
03-23 06:42:53.541 2866 2934 D LoaderTask: loadWorkspace: loading default favorites
03-23 06:42:53.541 2866 2934 D LauncherProvider: call: method=load_default_favorites,arg=null,extras=null
03-23 06:42:53.542 2866 2866 D DeviceProfile: updateIconDrawableOffset: folderIconSizePx=80
03-23 06:42:53.544 2361 2361 D NavigationModeController: getCurrentInteractionMode: mode=2 contextUser=0
03-23 06:42:53.545 2361 2361 D NavigationModeController: getCurrentInteractionMode: mode=2 contextUser=0
03-23 06:42:53.545 2866 2934 D BaseIconFactory: normalizeAndWrapToAdaptiveIcon: scale=0.8096529
03-23 06:42:53.546 2959 2959 D PrefCtrlListHelper: Could not find Context-only controller for pref: com.android.settings.network.TopLevelNetworkEntryPreferenceController
03-23 06:42:53.546 2959 2959 D PrefCtrlListHelper: Could not find Context-only controller for pref: com.android.settings.connecteddevice.TopLevelConnectedDevicesPreferenceController
03-23 06:42:53.546 2959 2959 D PrefCtrlListHelper: Could not find Context-only controller for pref: com.android.settings.fuelgauge.TopLevelBatteryPreferenceController
03-23 06:42:53.547 2866 2934 D BaseIconFactory: normalizeAndWrapToAdaptiveIcon: scale=0.8096529
03-23 06:42:53.547 2959 2959 D PrefCtrlListHelper: Could not find Context-only controller for pref: com.android.settings.deviceinfo.TopLevelStoragePreferenceController
03-23 06:42:53.547 2959 2959 D PrefCtrlListHelper: Could not find Context-only controller for pref: com.android.settings.display.TopLevelDisplayPreferenceController
03-23 06:42:53.547 2959 2959 D PrefCtrlListHelper: Could not find Context-only controller for pref: com.android.settings.display.TopLevelWallpaperPreferenceController
03-23 06:42:53.547 2959 2959 D PrefCtrlListHelper: Could not find Context-only controller for pref: com.android.settings.accessibility.TopLevelAccessibilityPreferenceController
03-23 06:42:53.547 2959 2959 D PrefCtrlListHelper: Could not find Context-only controller for pref: com.android.settings.security.TopLevelSecurityEntryPreferenceController
03-23 06:42:53.547 2959 2959 D PrefCtrlListHelper: Could not find Context-only controller for pref: com.android.settings.location.TopLevelLocationPreferenceController
03-23 06:42:53.547 2959 2959 D PrefCtrlListHelper: Could not find Context-only controller for pref: com.android.settings.accounts.TopLevelAccountEntryPreferenceController
03-23 06:42:53.548 2959 2959 D PrefCtrlListHelper: Could not find Context-only controller for pref: com.android.settings.deviceinfo.aboutphone.TopLevelAboutDevicePreferenceController
03-23 06:42:53.548 2959 2959 D PrefCtrlListHelper: Could not find Context-only controller for pref: com.android.settings.support.SupportPreferenceController
03-23 06:42:53.549 1512 2466 E UserRestrictionsUtils: Unknown restriction queried by uid 1000 (vendor.qti.qesdk.sysservice et al): null
03-23 06:42:53.549 2866 2934 D BaseIconFactory: normalizeAndWrapToAdaptiveIcon: scale=0.8096529
03-23 06:42:53.549 2866 2866 D EditModeHelper: setHotseatVisibility: 0
03-23 06:42:53.549 1512 2466 E UserRestrictionsUtils: Unknown restriction queried by uid 1000 (vendor.qti.qesdk.sysservice et al): null
03-23 06:42:53.549 1512 4101 E UserRestrictionsUtils: Unknown restriction queried by uid 1000 (vendor.qti.qesdk.sysservice et al): null
03-23 06:42:53.549 1512 4101 E UserRestrictionsUtils: Unknown restriction queried by uid 1000 (vendor.qti.qesdk.sysservice et al): null
03-23 06:42:53.550 1512 4101 E UserRestrictionsUtils: Unknown restriction queried by uid 1000 (vendor.qti.qesdk.sysservice et al): null
03-23 06:42:53.550 1512 2466 E UserRestrictionsUtils: Unknown restriction queried by uid 1000 (vendor.qti.qesdk.sysservice et al): null
03-23 06:42:53.550 1512 2466 E UserRestrictionsUtils: Unknown restriction queried by uid 1000 (vendor.qti.qesdk.sysservice et al): null
03-23 06:42:53.550 1512 2466 E UserRestrictionsUtils: Unknown restriction queried by uid 1000 (vendor.qti.qesdk.sysservice et al): null
03-23 06:42:53.550 2866 2866 D Launcher.Model: startLoader
03-23 06:42:53.550 2866 2866 D Launcher.Model: java.lang.Exception
03-23 06:42:53.550 2866 2866 D Launcher.Model: at com.android.launcher3.LauncherModel.startLoader(LauncherModel.java:353)
03-23 06:42:53.550 2866 2866 D Launcher.Model: at com.android.launcher3.LauncherModel.rebindCallbacks(LauncherModel.java:307)
03-23 06:42:53.550 2866 2866 D Launcher.Model: at com.android.launcher3.Launcher.onIdpChanged(Launcher.java:659)
03-23 06:42:53.550 2866 2866 D Launcher.Model: at com.android.launcher3.InvariantDeviceProfile.onConfigChanged(InvariantDeviceProfile.java:379)
03-23 06:42:53.550 2866 2866 D Launcher.Model: at com.android.launcher3.InvariantDeviceProfile.lambda$new$0$InvariantDeviceProfile(InvariantDeviceProfile.java:199)
03-23 06:42:53.550 2866 2866 D Launcher.Model: at com.android.launcher3.InvariantDeviceProfile$$ExternalSyntheticLambda0.onDisplayInfoChanged(Unknown Source:2)
03-23 06:42:53.550 2866 2866 D Launcher.Model: at com.android.launcher3.util.DisplayController.notifyChange(DisplayController.java:237)
03-23 06:42:53.550 2866 2866 D Launcher.Model: at com.android.launcher3.util.DisplayController.lambda$handleInfoChange$0$DisplayController(DisplayController.java:231)
03-23 06:42:53.550 2866 2866 D Launcher.Model: at com.android.launcher3.util.DisplayController$$ExternalSyntheticLambda1.run(Unknown Source:6)
03-23 06:42:53.550 2866 2866 D Launcher.Model: at com.android.launcher3.util.LooperExecutor.execute(LooperExecutor.java:45)
03-23 06:42:53.550 2866 2866 D Launcher.Model: at com.android.launcher3.util.DisplayController.handleInfoChange(DisplayController.java:231)
03-23 06:42:53.550 2866 2866 D Launcher.Model: at com.android.launcher3.util.DisplayController.onConfigurationChanged(DisplayController.java:180)
03-23 06:42:53.550 2866 2866 D Launcher.Model: at android.content.ComponentCallbacksController.lambda$dispatchConfigurationChanged$0(ComponentCallbacksController.java:91)
03-23 06:42:53.550 2866 2866 D Launcher.Model: at android.content.ComponentCallbacksController$$ExternalSyntheticLambda1.accept(Unknown Source:4)
03-23 06:42:53.550 2866 2866 D Launcher.Model: at android.content.ComponentCallbacksController.forAllComponentCallbacks(ComponentCallbacksController.java:124)
03-23 06:42:53.550 2866 2866 D Launcher.Model: at android.content.ComponentCallbacksController.dispatchConfigurationChanged(ComponentCallbacksController.java:91)
03-23 06:42:53.550 2866 2866 D Launcher.Model: at android.window.WindowContext.dispatchConfigurationChanged(WindowContext.java:125)
03-23 06:42:53.550 2866 2866 D Launcher.Model: at android.window.WindowTokenClient.lambda$onConfigurationChanged$0(WindowTokenClient.java:90)
03-23 06:42:53.550 2866 2866 D Launcher.Model: at android.window.WindowTokenClient$$ExternalSyntheticLambda0.run(Unknown Source:4)
03-23 06:42:53.550 2866 2866 D Launcher.Model: at android.os.Handler.handleCallback(Handler.java:938)
03-23 06:42:53.550 2866 2866 D Launcher.Model: at android.os.Handler.dispatchMessage(Handler.java:99)
03-23 06:42:53.550 2866 2866 D Launcher.Model: at android.os.Looper.loopOnce(Looper.java:201)
03-23 06:42:53.550 2866 2866 D Launcher.Model: at android.os.Looper.loop(Looper.java:288)
03-23 06:42:53.550 2866 2866 D Launcher.Model: at android.app.ActivityThread.main(ActivityThread.java:7880)
03-23 06:42:53.550 2866 2866 D Launcher.Model: at java.lang.reflect.Method.invoke(Native Method)
03-23 06:42:53.550 2866 2866 D Launcher.Model: at com.android.internal.os.RuntimeInit$MethodAndArgsCaller.run(RuntimeInit.java:548)
03-23 06:42:53.550 2866 2866 D Launcher.Model: at com.android.internal.os.ZygoteInit.main(ZygoteInit.java:1009)
03-23 06:42:53.550 1512 2466 E UserRestrictionsUtils: Unknown restriction queried by uid 1000 (vendor.qti.qesdk.sysservice et al): null
03-23 06:42:53.551 1512 4101 E UserRestrictionsUtils: Unknown restriction queried by uid 1000 (vendor.qti.qesdk.sysservice et al): null
03-23 06:42:53.551 1512 4101 E UserRestrictionsUtils: Unknown restriction queried by uid 1000 (vendor.qti.qesdk.sysservice et al): null
03-23 06:42:53.551 2866 2934 D BaseIconFactory: normalizeAndWrapToAdaptiveIcon: scale=0.8096529
03-23 06:42:53.551 2361 2361 D NavigationModeController: getCurrentUserContext: contextUser=0 currentUser=0
03-23 06:42:53.551 1512 4101 E UserRestrictionsUtils: Unknown restriction queried by uid 1000 (vendor.qti.qesdk.sysservice et al): null
03-23 06:42:53.551 1512 4101 E UserRestrictionsUtils: Unknown restriction queried by uid 1000 (vendor.qti.qesdk.sysservice et al): null
03-23 06:42:53.551 1512 2466 I wm_relaunch_activity: [0,88042559,10,com.android.launcher3/.uioverrides.QuickstepLauncher]
03-23 06:42:53.551 1512 4101 E UserRestrictionsUtils: Unknown restriction queried by uid 1000 (vendor.qti.qesdk.sysservice et al): null
03-23 06:42:53.552 1512 4101 E UserRestrictionsUtils: Unknown restriction queried by uid 1000 (vendor.qti.qesdk.sysservice et al): null
03-23 06:42:53.552 1512 2466 I wm_add_to_stopping: [0,88042559,com.android.launcher3/.uioverrides.QuickstepLauncher,preloadRecents]
03-23 06:42:53.552 1512 2435 E UserRestrictionsUtils: Unknown restriction queried by uid 1000 (vendor.qti.qesdk.sysservice et al): null
03-23 06:42:53.552 2866 2934 D LoaderTask: loadWorkspace
03-23 06:42:53.552 1512 2435 E UserRestrictionsUtils: Unknown restriction queried by uid 1000 (vendor.qti.qesdk.sysservice et al): null
03-23 06:42:53.552 2866 2934 D LoaderTask: Cancelled
03-23 06:42:53.553 2866 2934 D LoaderTask: loadWorkspace: loading default favorites
03-23 06:42:53.553 1512 4101 E UserRestrictionsUtils: Unknown restriction queried by uid 1000 (vendor.qti.qesdk.sysservice et al): null
03-23 06:42:53.553 2866 2934 D LauncherProvider: call: method=load_default_favorites,arg=null,extras=null
03-23 06:42:53.553 2959 2959 W InstrumentedPrefFrag: Screen title missing for fragment com.android.settings.homepage.TopLevelSettings
03-23 06:42:53.553 2361 2361 D NavigationModeController: getCurrentInteractionMode: mode=2 contextUser=0
03-23 06:42:53.554 2959 2959 D TopLevelSettings: NO dashboard tiles for TopLevelSettings
03-23 06:42:53.554 2959 2959 D TopLevelSettings: All preferences added, reporting fully drawn
03-23 06:42:53.556 2866 2866 D Launcher.Model: startLoader
03-23 06:42:53.556 2866 2866 D Launcher.Model: java.lang.Exception
03-23 06:42:53.556 2866 2866 D Launcher.Model: at com.android.launcher3.LauncherModel.startLoader(LauncherModel.java:353)
03-23 06:42:53.556 2866 2866 D Launcher.Model: at com.android.launcher3.LauncherModel.removeCallbacks(LauncherModel.java:320)
03-23 06:42:53.556 2866 2866 D Launcher.Model: at com.android.launcher3.Launcher.onDestroy(Launcher.java:1772)
03-23 06:42:53.556 2866 2866 D Launcher.Model: at com.android.launcher3.BaseQuickstepLauncher.onDestroy(BaseQuickstepLauncher.java:163)
03-23 06:42:53.556 2866 2866 D Launcher.Model: at com.android.launcher3.uioverrides.QuickstepLauncher.onDestroy(QuickstepLauncher.java:239)
