03-23 06:41:22.135 1512 1658 I ActivityManagerTiming: OnBootPhase_1000_com.android.server.StorageManagerService$Lifecycle
03-23 06:41:22.135 1512 1658 I ActivityManagerTiming: OnBootPhase_1000_com.android.server.usage.StorageStatsService$Lifecycle
03-23 06:41:22.135 1512 1658 I ActivityManagerTiming: OnBootPhase_1000_com.android.server.UiModeManagerService
03-23 06:41:22.135 1512 1658 I ActivityManagerTiming: OnBootPhase_1000_com.android.server.locksettings.LockSettingsService$Lifecycle
03-23 06:41:22.135 1512 1658 I ActivityManagerTiming: OnBootPhase_1000_com.android.server.PersistentDataBlockService
03-23 06:41:22.135 1512 1658 I ActivityManagerTiming: OnBootPhase_1000_com.android.server.testharness.TestHarnessModeService
03-23 06:41:22.136 1512 1658 D TestHarnessModeService: Completing Test Harness Mode setup.
03-23 06:41:22.136 1512 1841 D StorageManagerService: Thinking about init, mBootCompleted=true, mDaemonConnected=true
03-23 06:41:22.136 1512 1841 D StorageManagerService: Thinking about reset, mBootCompleted=true, mDaemonConnected=true
03-23 06:41:22.136 1512 1841 I StorageSessionController: Started resetting external storage service...
03-23 06:41:22.136 1512 1841 I StorageSessionController: Finished resetting external storage service
03-23 06:41:22.136 1512 1841 I StorageManagerService: Resetting vold...
03-23 06:41:22.137 1512 1841 I StorageManagerService: Reset vold
03-23 06:41:22.137 521 521 I vold : onUserAdded: 0
03-23 06:41:22.140 1512 1658 I ActivityManagerTiming: OnBootPhase_1000_com.android.server.oemlock.OemLockService
03-23 06:41:22.140 1512 1658 I ActivityManagerTiming: OnBootPhase_1000_com.android.server.DeviceIdleController
03-23 06:41:22.140 1512 1658 I ActivityManagerTiming: OnBootPhase_1000_com.android.server.devicepolicy.DevicePolicyManagerService$Lifecycle
03-23 06:41:22.140 1512 1658 I ActivityManagerTiming: OnBootPhase_1000_com.android.server.texttospeech.TextToSpeechManagerService
03-23 06:41:22.140 1512 1658 I ActivityManagerTiming: OnBootPhase_1000_com.android.server.speech.SpeechRecognitionManagerService
03-23 06:41:22.140 1512 1658 I ActivityManagerTiming: OnBootPhase_1000_com.android.server.searchui.SearchUiManagerService
03-23 06:41:22.140 1512 1658 I ActivityManagerTiming: OnBootPhase_1000_com.android.server.smartspace.SmartspaceManagerService
03-23 06:41:22.140 1512 1658 I ActivityManagerTiming: OnBootPhase_1000_com.android.server.graphics.fonts.FontManagerService$Lifecycle
03-23 06:41:22.140 1512 1658 I ActivityManagerTiming: OnBootPhase_1000_com.android.server.textservices.TextServicesManagerService$Lifecycle
03-23 06:41:22.140 1512 1658 I ActivityManagerTiming: OnBootPhase_1000_com.android.server.textclassifier.TextClassificationManagerService$Lifecycle
03-23 06:41:22.140 1512 1658 I ActivityManagerTiming: OnBootPhase_1000_com.android.server.NetworkScoreService$Lifecycle
03-23 06:41:22.140 1512 1658 I ActivityManagerTiming: OnBootPhase_1000_com.android.server.wifi.WifiService
03-23 06:41:22.140 1512 1658 I ActivityManagerTiming: OnBootPhase_1000_com.android.server.wifi.scanner.WifiScanningService
03-23 06:41:22.140 1512 1658 I ActivityManagerTiming: OnBootPhase_1000_com.android.server.wifi.rtt.RttService
03-23 06:41:22.140 1512 1658 I ActivityManagerTiming: OnBootPhase_1000_com.android.server.wifi.aware.WifiAwareService
03-23 06:41:22.140 1512 1658 I ActivityManagerTiming: OnBootPhase_1000_com.android.server.wifi.p2p.WifiP2pService
03-23 06:41:22.140 1512 1658 I ActivityManagerTiming: OnBootPhase_1000_com.android.server.ethernet.EthernetService
03-23 06:41:22.140 1512 1658 I ActivityManagerTiming: OnBootPhase_1000_com.android.server.ConnectivityServiceInitializer
03-23 06:41:22.140 1512 1658 I ActivityManagerTiming: OnBootPhase_1000_com.android.server.notification.NotificationManagerService
03-23 06:41:22.140 1512 1658 I ActivityManagerTiming: OnBootPhase_1000_com.android.server.storage.DeviceStorageMonitorService
03-23 06:41:22.140 1512 1658 I ActivityManagerTiming: OnBootPhase_1000_com.android.server.location.LocationManagerService$Lifecycle
03-23 06:41:22.140 1512 1658 I ActivityManagerTiming: OnBootPhase_1000_com.android.server.timedetector.TimeDetectorService$Lifecycle
03-23 06:41:22.140 1512 1658 I ActivityManagerTiming: OnBootPhase_1000_com.android.server.timezonedetector.TimeZoneDetectorService$Lifecycle
03-23 06:41:22.140 1512 1658 I ActivityManagerTiming: OnBootPhase_1000_com.android.server.timezonedetector.location.LocationTimeZoneManagerService$Lifecycle
03-23 06:41:22.140 1512 1658 I ActivityManagerTiming: OnBootPhase_1000_com.android.server.search.SearchManagerService$Lifecycle
03-23 06:41:22.140 1512 1658 I ActivityManagerTiming: OnBootPhase_1000_com.android.server.wallpaper.WallpaperManagerService$Lifecycle
03-23 06:41:22.140 1512 1658 I ActivityManagerTiming: OnBootPhase_1000_com.android.server.audio.AudioService$Lifecycle
03-23 06:41:22.140 1512 1658 I ActivityManagerTiming: OnBootPhase_1000_com.android.server.soundtrigger_middleware.SoundTriggerMiddlewareService$Lifecycle
03-23 06:41:22.140 1512 1658 I ActivityManagerTiming: OnBootPhase_1000_com.android.server.DockObserver
03-23 06:41:22.140 1512 1658 I ActivityManagerTiming: OnBootPhase_1000_com.android.server.midi.MidiService$Lifecycle
03-23 06:41:22.140 1512 1658 I ActivityManagerTiming: OnBootPhase_1000_com.android.server.adb.AdbService$Lifecycle
03-23 06:41:22.140 1512 1658 I ActivityManagerTiming: OnBootPhase_1000_com.android.server.usb.UsbService$Lifecycle
03-23 06:41:22.140 1512 1658 I ActivityManagerTiming: OnBootPhase_1000_com.android.server.twilight.TwilightService
03-23 06:41:22.141 1512 1655 I UsbDeviceManager: Setting USB config to mtp
03-23 06:41:22.143 1512 1658 I ActivityManagerTiming: OnBootPhase_1000_com.android.server.display.color.ColorDisplayService
03-23 06:41:22.143 1512 1658 I ActivityManagerTiming: OnBootPhase_1000_com.android.server.job.JobSchedulerService
03-23 06:41:22.143 1512 1658 I ActivityManagerTiming: OnBootPhase_1000_com.android.server.soundtrigger.SoundTriggerService
03-23 06:41:22.143 1512 1658 D SoundTriggerService: onBootPhase: 1000 : false
03-23 06:41:22.143 1512 1658 I ActivityManagerTiming: OnBootPhase_1000_com.android.server.trust.TrustManagerService
03-23 06:41:22.146 1512 1658 I ActivityManagerTiming: OnBootPhase_1000_com.android.server.backup.BackupManagerService$Lifecycle
03-23 06:41:22.146 1512 1658 I ActivityManagerTiming: OnBootPhase_1000_com.android.server.appwidget.AppWidgetService
03-23 06:41:22.146 1512 1658 I ActivityManagerTiming: OnBootPhase_1000_com.android.server.voiceinteraction.VoiceInteractionManagerService
03-23 06:41:22.146 1512 1658 I ActivityManagerTiming: OnBootPhase_1000_com.android.server.apphibernation.AppHibernationService
03-23 06:41:22.146 1512 1658 I ActivityManagerTiming: OnBootPhase_1000_com.android.server.SensorNotificationService
01-01 13:44:07.010 0 0 I [wifi@1][0x1bfd467f][06:41:22.149467] wlan: [841:I:DP] dp_vdev_attach_wifi3: wlan_cfg_ap_bridge_enabled 1
01-01 13:44:07.011 0 0 E [wifi@1][0x1bfd4f8e][06:41:22.149587] wlan: [841:E:PMO] pmo_register_wow_wakeup_events: 88: Skipping wake event configuration for vdev_opmode 16
01-01 13:44:07.011 0 0 E [wifi@1][0x1bfd5298][06:41:22.149628] wlan: [841:E:SME] sme_get_nss_chain_shift: 4045: Device mode 16 invalid
01-01 13:44:07.011 0 0 E [wifi@1][0x1bfd52dc][06:41:22.149631] wlan: [841:E:SME] sme_get_nss_chain_shift: 4045: Device mode 16 invalid
01-01 13:44:07.011 0 0 I IPv6 : ADDRCONF(NETDEV_UP): wifi-aware0: link is not ready
03-23 06:41:22.148 1512 1658 D CompatibilityChangeReporter: Compat change id reported: 168936375; UID 1000; state: ENABLED
03-23 06:41:22.149 1512 1658 D CompatibilityChangeReporter: Compat change id reported: 168936375; UID 1000; state: DISABLED
03-23 06:41:22.151 1512 3076 I HibernationStateDiskStore: No hibernation file on disk for file /data/system/hibernation/states
03-23 06:41:22.151 1512 1658 D CompatibilityChangeReporter: Compat change id reported: 73144566; UID 1000; state: ENABLED
03-23 06:41:22.152 1512 1658 D CompatibilityChangeReporter: Compat change id reported: 73144566; UID 1000; state: DISABLED
03-23 06:41:22.152 1512 1658 I ActivityManagerTiming: OnBootPhase_1000_com.android.server.emergency.EmergencyAffordanceService
03-23 06:41:22.152 1512 1658 I ActivityManagerTiming: OnBootPhase_1000_com.android.server.blob.BlobStoreManagerService
03-23 06:41:22.152 1512 1658 I ActivityManagerTiming: OnBootPhase_1000_com.android.server.dreams.DreamManagerService
03-23 06:41:22.152 1512 1658 I ActivityManagerTiming: OnBootPhase_1000_com.android.server.companion.CompanionDeviceManagerService
03-23 06:41:22.152 1512 1658 I ActivityManagerTiming: OnBootPhase_1000_com.android.server.restrictions.RestrictionsManagerService
03-23 06:41:22.152 1512 1658 I ActivityManagerTiming: OnBootPhase_1000_com.android.server.media.MediaSessionService
03-23 06:41:22.153 1512 1658 I ActivityManagerTiming: OnBootPhase_1000_com.android.server.media.MediaResourceMonitorService
03-23 06:41:22.153 1512 1658 I ActivityManagerTiming: OnBootPhase_1000_com.android.server.biometrics.sensors.fingerprint.FingerprintService
03-23 06:41:22.153 1512 1658 I ActivityManagerTiming: OnBootPhase_1000_com.android.server.biometrics.BiometricService
03-23 06:41:22.153 1512 1658 I ActivityManagerTiming: OnBootPhase_1000_com.android.server.biometrics.AuthService
03-23 06:41:22.153 1512 1658 I ActivityManagerTiming: OnBootPhase_1000_com.android.server.pm.ShortcutService$Lifecycle
03-23 06:41:22.153 1512 1658 I ActivityManagerTiming: OnBootPhase_1000_com.android.server.pm.LauncherAppsService
03-23 06:41:22.153 1512 1658 I ActivityManagerTiming: OnBootPhase_1000_com.android.server.pm.CrossProfileAppsService
03-23 06:41:22.153 1512 1658 I ActivityManagerTiming: OnBootPhase_1000_com.android.server.people.PeopleService
03-23 06:41:22.153 1512 1658 I ActivityManagerTiming: OnBootPhase_1000_com.android.server.media.metrics.MediaMetricsManagerService
03-23 06:41:22.153 1512 1658 I ActivityManagerTiming: OnBootPhase_1000_com.android.server.media.projection.MediaProjectionManagerService
03-23 06:41:22.153 1512 1658 I ActivityManagerTiming: OnBootPhase_1000_com.android.server.slice.SliceManagerService$Lifecycle
03-23 06:41:22.153 1512 1658 I ActivityManagerTiming: OnBootPhase_1000_com.android.server.stats.StatsCompanion$Lifecycle
03-23 06:41:22.153 1512 1658 I ActivityManagerTiming: OnBootPhase_1000_com.android.server.scheduling.RebootReadinessManagerService$Lifecycle
03-23 06:41:22.153 1512 1658 I ActivityManagerTiming: OnBootPhase_1000_com.android.server.stats.pull.StatsPullAtomService
03-23 06:41:22.153 1512 1658 I ActivityManagerTiming: OnBootPhase_1000_com.android.server.incident.IncidentCompanionService
03-23 06:41:22.153 1512 1658 I ActivityManagerTiming: OnBootPhase_1000_com.android.server.MmsServiceBroker
03-23 06:41:22.153 1512 1658 I ActivityManagerTiming: OnBootPhase_1000_com.android.server.autofill.AutofillManagerService
03-23 06:41:22.153 1512 1658 I ActivityManagerTiming: OnBootPhase_1000_com.android.server.clipboard.ClipboardService
03-23 06:41:22.153 1512 1658 I ActivityManagerTiming: OnBootPhase_1000_com.android.server.appbinding.AppBindingService$Lifecycle
03-23 06:41:22.153 1512 1658 I ActivityManagerTiming: OnBootPhase_1000_com.android.server.tracing.TracingServiceProxy
03-23 06:41:22.153 1512 1658 I ActivityManagerTiming: OnBootPhase_1000_com.android.server.policy.PermissionPolicyService
03-23 06:41:22.153 1512 1658 I ActivityManagerTiming: OnBootPhase_1000_com.android.server.pm.StagingManager$Lifecycle
03-23 06:41:22.153 1512 1658 I ActivityManagerTiming: OnBootPhase_1000_com.android.server.app.GameManagerService$Lifecycle
03-23 06:41:22.153 1512 1658 D GameManagerService: onBootCompleted
03-23 06:41:22.153 1512 1658 I ActivityManagerTiming: OnBootPhase_1000_com.android.server.appsearch.AppSearchManagerService
03-23 06:41:22.154 1512 1658 I ActivityManagerTiming: OnBootPhase_1000_com.android.server.media.MediaCommunicationService
03-23 06:41:22.154 1512 1658 D ActivityManagerTiming: TotalBootTime took to complete: 9775ms
03-23 06:41:22.154 1512 1658 D SystemServerInitThreadPool: Shutdown requested
03-23 06:41:22.154 1512 1658 I SystemServerTiming: WaitInitThreadPoolShutdown
03-23 06:41:22.156 1512 1658 D SystemServerInitThreadPool: Shutdown successful
03-23 06:41:22.157 1512 1658 D CompatibilityChangeReporter: Compat change id reported: 135634846; UID 10092; state: DISABLED
03-23 06:41:22.157 1512 1658 D CompatibilityChangeReporter: Compat change id reported: 177438394; UID 10092; state: DISABLED
03-23 06:41:22.157 1512 1658 D CompatibilityChangeReporter: Compat change id reported: 135772972; UID 10092; state: DISABLED
03-23 06:41:22.157 1512 1658 D CompatibilityChangeReporter: Compat change id reported: 135754954; UID 10092; state: ENABLED
03-23 06:41:22.158 1512 1671 D CompatibilityChangeReporter: Compat change id reported: 143937733; UID 10092; state: ENABLED
03-23 06:41:22.158 1512 1671 W ActivityManager: android.ext.services inode == 0 (b/152760674)
03-23 06:41:22.159 1512 1658 I uc_finish_user_boot: 0
03-23 06:41:22.159 1512 1658 I ActivityManager: User 0 state changed from BOOTING to RUNNING_LOCKED
03-23 06:41:22.159 1512 1658 I am_user_state_changed: [0,1]
03-23 06:41:22.159 1512 1658 W ActivityManager: UserLifecycleEvent 4 received without an active userJourneySession.
03-23 06:41:22.159 1512 1658 I uc_send_user_broadcast: [0,android.intent.action.LOCKED_BOOT_COMPLETED]
03-23 06:41:22.160 1512 1658 I uc_finish_user_unlocking: 0
03-23 06:41:22.160 1512 1658 W ActivityManager: UserLifecycleEvent 5 received without an active userJourneySession.
03-23 06:41:22.160 1512 1658 D ActivityManager: Started unlocking user 0
03-23 06:41:22.160 1512 1658 D ActivityManager: Unlocking user 0 progress 0
03-23 06:41:22.160 1512 1658 D ActivityManager: Unlocking user 0 progress 5
03-23 06:41:22.167 1512 2435 I am_uid_running: 10072
03-23 06:41:22.167 1512 2435 D CompatibilityChangeReporter: Compat change id reported: 135634846; UID 10072; state: DISABLED
03-23 06:41:22.167 1512 2435 D CompatibilityChangeReporter: Compat change id reported: 177438394; UID 10072; state: DISABLED
03-23 06:41:22.167 1512 2435 D CompatibilityChangeReporter: Compat change id reported: 135772972; UID 10072; state: DISABLED
03-23 06:41:22.167 1512 2435 D CompatibilityChangeReporter: Compat change id reported: 135754954; UID 10072; state: ENABLED
03-23 06:41:22.178 1512 1671 I am_proc_start: [0,3085,10092,android.ext.services,on-hold,]
03-23 06:41:22.178 1512 1671 I ActivityManager: Start proc 3085:android.ext.services/u0a92 for on-hold
03-23 06:41:22.179 1512 1671 D CompatibilityChangeReporter: Compat change id reported: 143937733; UID 10072; state: ENABLED
03-23 06:41:22.179 1512 1671 W ActivityManager: com.qualcomm.location inode == 0 (b/152760674)
03-23 06:41:22.188 1512 1671 I am_proc_start: [0,3087,10072,com.qualcomm.location,broadcast,{com.qualcomm.location/com.qualcomm.location.LocationServiceReceiver}]
03-23 06:41:22.188 1512 1671 I ActivityManager: Start proc 3087:com.qualcomm.location/u0a72 for broadcast {com.qualcomm.location/com.qualcomm.location.LocationServiceReceiver}
03-23 06:41:22.195 1512 2435 I am_proc_bound: [0,3085,android.ext.services]
03-23 06:41:22.195 521 521 D vold : fscrypt_prepare_user_storage for volume null, user 0, serial 0, flags 2
03-23 06:41:22.195 521 521 D vold : Preparing: /data/system_ce/0
03-23 06:41:22.195 521 521 D vold : Preparing: /data/misc_ce/0
03-23 06:41:22.195 521 521 D vold : Preparing: /data/vendor_ce/0
03-23 06:41:22.195 521 521 D vold : Preparing: /data/media/0
03-23 06:41:22.196 521 521 D vold : Preparing: /data/data
03-23 06:41:22.196 521 521 I vold : Encryption policy of /data/system_ce/0 set to 1ada18f611ae9a4444a3d0b525a4c843 v2 modes 1/4 flags 0xa
03-23 06:41:22.196 521 521 I vold : Encryption policy of /data/misc_ce/0 set to 1ada18f611ae9a4444a3d0b525a4c843 v2 modes 1/4 flags 0xa
03-23 06:41:22.196 521 521 I vold : Encryption policy of /data/vendor_ce/0 set to 1ada18f611ae9a4444a3d0b525a4c843 v2 modes 1/4 flags 0xa
03-23 06:41:22.196 521 521 I vold : Encryption policy of /data/media/0 set to 1ada18f611ae9a4444a3d0b525a4c843 v2 modes 1/4 flags 0xa
03-23 06:41:22.196 521 521 I vold : Encryption policy of /data/data set to 1ada18f611ae9a4444a3d0b525a4c843 v2 modes 1/4 flags 0xa
03-23 06:41:22.196 521 521 D vold : Starting restorecon of /data/system_ce/0
03-23 06:41:22.196 1512 2435 D CompatibilityChangeReporter: Compat change id reported: 168419799; UID 10092; state: DISABLED
01-01 13:44:07.055 0 0 I binder : 3085:3085 ioctl 40046210 7ff2285824 returned -22
03-23 06:41:22.197 1512 2435 I am_uid_active: 10092
01-01 13:44:07.060 0 0 W QSEECOM : qseecom_load_app: App with id 8 (fingerpr) now loaded
03-23 06:41:22.206 521 521 D vold : Finished restorecon of /data/system_ce/0
03-23 06:41:22.206 521 521 D vold : Starting restorecon of /data/vendor_ce/0
03-23 06:41:22.207 521 521 D vold : Finished restorecon of /data/vendor_ce/0
03-23 06:41:22.207 521 521 D vold : Starting restorecon of /data/misc_ce/0
03-23 06:41:22.208 521 521 D vold : Finished restorecon of /data/misc_ce/0
03-23 06:41:22.209 521 521 D vold : /system/bin/vold_prepare_subdirs
03-23 06:41:22.209 521 521 D vold : prepare
03-23 06:41:22.209 521 521 D vold :
03-23 06:41:22.209 521 521 D vold : 0
03-23 06:41:22.209 521 521 D vold : 2
01-01 13:44:07.074 0 0 I binder : 3087:3087 ioctl 40046210 7ff2285824 returned -22
03-23 06:41:22.215 1512 3032 I am_proc_bound: [0,3087,com.qualcomm.location]
03-23 06:41:22.216 1512 3032 D CompatibilityChangeReporter: Compat change id reported: 168419799; UID 10072; state: DISABLED
03-23 06:41:22.217 1512 3032 I am_uid_active: 10072
01-01 13:44:07.079 0 0 I android_work: did not send uevent (0 0 0000000000000000)
01-01 13:44:07.087 0 0 E DTC_Display: screen not ready
03-23 06:41:22.231 3087 3087 I auditd : type=1400 audit(0.0:379): avc: denied { search } for comm="alcomm.location" name="data" dev="dm-10" ino=95 scontext=u:r:vendor_location_app:s0 tcontext=u:object_r:system_data_file:s0:c512,c768 tclass=dir permissive=0 app=com.qualcomm.location
03-23 06:41:22.231 3087 3087 I auditd : type=1400 audit(0.0:380): avc: denied { search } for comm="alcomm.location" name="data" dev="dm-10" ino=95 scontext=u:r:vendor_location_app:s0 tcontext=u:object_r:system_data_file:s0:c512,c768 tclass=dir permissive=0 app=com.qualcomm.location
03-23 06:41:22.238 1512 1655 V UserDataPreparer: Found /data/user/0 with serial number 0
03-23 06:41:22.231 3087 3087 I auditd : type=1400 audit(0.0:381): avc: denied { search } for comm="alcomm.location" name="data" dev="dm-10" ino=95 scontext=u:r:vendor_location_app:s0 tcontext=u:object_r:system_data_file:s0:c512,c768 tclass=dir permissive=0 app=com.qualcomm.location
03-23 06:41:22.231 3087 3087 I auditd : type=1400 audit(0.0:382): avc: denied { search } for comm="alcomm.location" name="data" dev="dm-10" ino=95 scontext=u:r:vendor_location_app:s0 tcontext=u:object_r:system_data_file:s0:c512,c768 tclass=dir permissive=0 app=com.qualcomm.location
03-23 06:41:22.238 1512 1655 V UserDataPreparer: Found /data/system_ce/0 with serial number -1
03-23 06:41:22.238 1512 1655 D UserDataPreparer: Serial number missing on /data/system_ce/0; assuming current is valid
03-23 06:41:22.238 1512 1655 D UserDataPreparer: Setting property: sys.user.0.ce_available=true
03-23 06:41:22.239 1512 1655 V PackageManager: reconcileAppsData for null u0 0x2 migrateAppData=true
03-23 06:41:22.235 3087 3087 I auditd : type=1400 audit(0.0:383): avc: denied { search } for comm="alcomm.location" name="data" dev="dm-10" ino=95 scontext=u:r:vendor_location_app:s0 tcontext=u:object_r:system_data_file:s0:c512,c768 tclass=dir permissive=0 app=com.qualcomm.location
03-23 06:41:22.235 3087 3087 I auditd : type=1400 audit(0.0:384): avc: denied { search } for comm="alcomm.location" name="data" dev="dm-10" ino=95 scontext=u:r:vendor_location_app:s0 tcontext=u:object_r:system_data_file:s0:c512,c768 tclass=dir permissive=0 app=com.qualcomm.location
03-23 06:41:22.235 3087 3087 I auditd : type=1400 audit(0.0:385): avc: denied { search } for comm="alcomm.location" name="data" dev="dm-10" ino=95 scontext=u:r:vendor_location_app:s0 tcontext=u:object_r:system_data_file:s0:c512,c768 tclass=dir permissive=0 app=com.qualcomm.location
03-23 06:41:22.235 3087 3087 I auditd : type=1400 audit(0.0:386): avc: denied { search } for comm="alcomm.location" name="data" dev="dm-10" ino=95 scontext=u:r:vendor_location_app:s0 tcontext=u:object_r:system_data_file:s0:c512,c768 tclass=dir permissive=0 app=com.qualcomm.location
03-23 06:41:22.246 3129 3129 F libc : Fatal signal 6 (SIGABRT), code -1 (SI_QUEUE) in tid 3129 (init), pid 3129 (init)
01-01 13:44:07.100 0 0 W : Boot completed
01-01 13:44:07.109 0 0 I [schedu][0x1c1a1b28][06:41:22.247875] wlan: [2154:I:HIF] Deinitializing Runtime PM wakelock &vdev->vdev_set_key_runtime_wakelock
01-01 13:44:07.109 0 0 I [schedu][0x1c1a29d7][06:41:22.248071] wlan: [2154:I:HIF] Initializing Runtime PM wakelock &vdev->vdev_set_key_runtime_wakelock
01-01 13:44:07.118 0 0 I binder : 3087:3133 ioctl 40046210 7019777934 returned -22
01-01 13:44:07.128 0 0 I init : qssi copy & sync /metadata/vold/metadata_encryption/key/encrypted_key to /persist/key/encrypted_key_bak: No such file or directory
03-23 06:41:22.267 3137 3137 I auditd : type=1400 audit(0.0:387): avc: denied { ptrace } for comm="crash_dump64" scontext=u:r:crash_dump:s0 tcontext=u:r:init:s0 tclass=process permissive=0
01-01 13:44:07.132 0 0 I init : qssi copy & sync /metadata/vold/metadata_encryption/key/keymaster_key_blob to /persist/key/keymaster_key_blob_bak: No such file or directory
03-23 06:41:22.268 1512 3032 D TelephonyRegistry: listen oscl: mHasNotifySubscriptionInfoChangedOccurred==false no callback
03-23 06:41:22.272 2816 2816 W ContextImpl: Calling a method in the system process without a qualified user: android.app.ContextImpl.startService:1816 android.content.ContextWrapper.startService:774 android.content.ContextWrapper.startService:774 com.qualcomm.qti.qdma.app.BootReceiver.onBootReceived:115 com.qualcomm.qti.innodme.InnoBootReceiver.onReceive:22
03-23 06:41:22.273 3129 3129 F libc : crash_dump helper failed to exec, or was killed
01-01 13:44:07.139 0 0 I init : qssi copy & sync /metadata/vold/metadata_encryption/key/secdiscardable to /persist/key/secdiscardable_bak: No such file or directory
03-23 06:41:22.278 1512 2435 I am_uid_running: 10084
03-23 06:41:22.279 1512 2435 D CompatibilityChangeReporter: Compat change id reported: 135634846; UID 10084; state: DISABLED
03-23 06:41:22.279 1512 2435 D CompatibilityChangeReporter: Compat change id reported: 177438394; UID 10084; state: DISABLED
03-23 06:41:22.279 1512 2435 D CompatibilityChangeReporter: Compat change id reported: 135772972; UID 10084; state: DISABLED
03-23 06:41:22.279 1512 2435 D CompatibilityChangeReporter: Compat change id reported: 135754954; UID 10084; state: ENABLED
03-23 06:41:22.279 1512 1671 D CompatibilityChangeReporter: Compat change id reported: 143937733; UID 10084; state: ENABLED
03-23 06:41:22.279 1512 1671 W ActivityManager: com.qualcomm.qtil.aptxui inode == 0 (b/152760674)
03-23 06:41:22.281 2816 3141 W ContextImpl: Calling a method in the system process without a qualified user: android.app.ContextImpl.startService:1816 android.content.ContextWrapper.startService:774 com.qualcomm.qti.qdma.util.PeriodicCI.run:477 com.qualcomm.qti.qdma.util.PeriodicCI.start:390 com.qualcomm.qti.qdma.app.ActiveCareService$ProcessSessionRequest.run:457
03-23 06:41:22.283 1512 2466 D CompatibilityChangeReporter: Compat change id reported: 182478738; UID 1001; state: DISABLED
01-01 13:44:07.148 0 0 I init : qssi copy & sync /metadata/vold/metadata_encryption/key/stretching to /persist/key/stretching_bak: No such file or directory
03-23 06:41:22.289 1512 1671 I am_proc_start: [0,3151,10084,com.qualcomm.qtil.aptxui,broadcast,{com.qualcomm.qtil.aptxui/com.qualcomm.qtil.aptxui.aptxuiBootReceiver}]
03-23 06:41:22.289 1512 1671 I ActivityManager: Start proc 3151:com.qualcomm.qtil.aptxui/u0a84 for broadcast {com.qualcomm.qtil.aptxui/com.qualcomm.qtil.aptxui.aptxuiBootReceiver}
01-01 13:44:07.151 0 0 I : read descriptors
01-01 13:44:07.151 0 0 I : read strings
01-01 13:44:07.168 0 0 I binder : 3151:3151 ioctl 40046210 7ff2285824 returned -22
03-23 06:41:22.315 1512 3032 I am_proc_bound: [0,3151,com.qualcomm.qtil.aptxui]
01-01 13:44:07.178 0 0 I init : qssi copy & sync /metadata/vold/metadata_encryption/key/version to /persist/key/version_bak: No such file or directory
03-23 06:41:22.316 1512 3032 D CompatibilityChangeReporter: Compat change id reported: 168419799; UID 10084; state: DISABLED
03-23 06:41:22.317 1512 3032 I am_uid_active: 10084
01-01 13:44:07.193 0 0 E msm-dwc3 a600000.ssusb: Could not get usb psy
03-23 06:41:22.341 1512 3032 D CompatibilityChangeReporter: Compat change id reported: 168419799; UID 10058; state: DISABLED
03-23 06:41:22.343 1512 1765 I commit_sys_config_file: [settings-0-0,12]
01-01 13:44:07.208 0 0 I binder : 2609:2609 ioctl 40046210 7ff22851b4 returned -22
03-23 06:41:22.348 1512 3032 D CompatibilityChangeReporter: Compat change id reported: 168419799; UID 1000; state: DISABLED
03-23 06:41:22.350 2690 2690 W ContextImpl: Calling a method in the system process without a qualified user: android.app.ContextImpl.startService:1816 android.content.ContextWrapper.startService:774 android.content.ContextWrapper.startService:774 vendor.qti.qesdk.sysservice.QesdkSysReceiver.onReceive:42 android.app.ActivityThread.handleReceiver:4309
03-23 06:41:22.358 1512 1765 I commit_sys_config_file: [settings-2-0,12]
01-01 13:44:07.235 0 0 W QSEECOM : __qseecom_unload_app: App (8) is unloaded
01-01 13:44:07.235 0 0 D qbt : qbt_release: entry minor_no=0 fd_available=0
03-23 06:41:22.374 1512 1512 W Looper : Slow dispatch took 290ms main h=android.os.Handler c=com.android.server.biometrics.sensors.BiometricScheduler$InternalCallback$$ExternalSyntheticLambda0@4d1e696 m=0
01-01 13:44:07.235 0 0 D qbt : qbt_release: Releasing wakelock
01-01 13:44:07.235 0 0 D qbt : qbt_release: exit : fd_available=1
01-01 13:44:07.235 0 0 D qbt : qbt_release: entry minor_no=1 fd_available=1
01-01 13:44:07.235 0 0 D qbt : qbt_release: exit : fd_available=1
03-23 06:41:22.374 1512 1512 I AutofillManagerService: Updating for user 0: disabled=false
03-23 06:41:22.376 1512 1512 D TelephonyRegistry: notifyCellLocationForSubscriber: subId=2147483647 cellIdentity=null
03-23 06:41:22.379 1512 1512 I Telecom : WiredHeadsetManager: ACTION_HEADSET_PLUG event, plugged in: false, : WHC.oADA@AAQ
03-23 06:41:22.389 1512 1512 V NotificationAssistants: 0 notification assistant service connected: ComponentInfo{android.ext.services/android.ext.services.notification.Assistant}
03-23 06:41:22.389 1512 2473 W UsageStatsService: Failed to query usage stats for locked user 0
03-23 06:41:22.389 1512 1512 I ExplicitHealthCheckController: Explicit health check service is connected ComponentInfo{android.ext.services/android.ext.services.watchdog.ExplicitHealthCheckServiceImpl}
03-23 06:41:22.389 1512 1512 I ExplicitHealthCheckController: Service initialized, syncing requests
03-23 06:41:22.390 1512 1512 D BiometricScheduler/Fingerprint21: [Finishing] {[1] FingerprintUpdateActiveUserClient, proto=1, owner=android, cookie=0, requestId=-1, userId=0}, success: true
01-01 13:44:07.254 0 0 D qbt : qbt_open: entry minor_no=0 fd_available=1
01-01 13:44:07.254 0 0 D qbt : qbt_open: exit : 0 fd_available=0
01-01 13:44:07.254 0 0 D qbt : qbt_open: entry minor_no=1 fd_available=0
01-01 13:44:07.254 0 0 D qbt : qbt_open: exit : 0 fd_available=0
01-01 13:44:07.254 0 0 D qbt : qbt_ioctl: cmd received 107
01-01 13:44:07.254 0 0 D qbt : qbt_ioctl: Acquiring wakelock
03-23 06:41:22.390 1512 1512 D BiometricScheduler/Fingerprint21: [Polled] {[2] FingerprintInternalCleanupClient, proto=7, owner=android, cookie=0, requestId=-1, userId=0}, State: 0
03-23 06:41:22.390 1512 1512 D BiometricScheduler/Fingerprint21: [Starting] {[2] FingerprintInternalCleanupClient, proto=7, owner=android, cookie=0, requestId=-1, userId=0}, State: 0
03-23 06:41:22.390 1512 1512 D BiometricScheduler/Fingerprint21: [Started] {[2] FingerprintInternalCleanupClient, proto=7, owner=android, cookie=0, requestId=-1, userId=0}
03-23 06:41:22.390 1512 1512 D Biometrics/InternalCleanupClient: Starting enumerate: {[3] FingerprintInternalEnumerateClient, proto=6, owner=android, cookie=0, requestId=-1, userId=0}
03-23 06:41:22.395 1512 1512 I GameModeConfig: isGameModeOn = false
03-23 06:41:22.396 1512 1512 I GameModeConfig: isGameModeOn = false
03-23 06:41:22.397 1512 1512 W Looper : Drained
03-23 06:41:22.397 1512 1512 I PackageWatchdog: Syncing health check requests for packages: {}
03-23 06:41:22.397 1512 1512 D ExplicitHealthCheckController: Getting health check supported packages
01-01 13:44:07.260 0 0 W QSEECOM : qseecom_load_app: App (fingerpr) does'nt exist, loading apps for first time
03-23 06:41:22.409 1512 2466 I ExplicitHealthCheckController: Explicit health check supported packages [PackageConfig{com.android.networkstack, 86400000}]
03-23 06:41:22.409 1512 2466 D PackageWatchdog: Received supported packages [PackageConfig{com.android.networkstack, 86400000}]
03-23 06:41:22.409 1512 2466 D ExplicitHealthCheckController: Getting health check requested packages
03-23 06:41:22.409 1512 2466 I ExplicitHealthCheckController: Explicit health check requested packages []
03-23 06:41:22.410 1512 2466 I ExplicitHealthCheckController: No more health check requests, unbinding...
03-23 06:41:22.413 1512 2466 I ExplicitHealthCheckController: Explicit health check service is unbound
01-01 13:44:07.277 0 0 I binder : 3192:3192 ioctl 40046210 7ffe09f614 returned -22
01-01 13:44:07.287 0 0 E msm-dwc3 a600000.ssusb: Could not get usb psy
01-01 13:44:07.332 0 0 I devfreq-qcom-fw 18590000.qcom,devfreq-l3: qcom,cdsp-cdsp-l3-lat: Successfully started CDSP L3 governor
01-01 13:44:07.376 0 0 I android_work: sent uevent USB_STATE=CONNECTED
03-23 06:41:22.514 1512 1655 V PackageManager: reconcileAppsData finished 135 packages
03-23 06:41:22.514 1512 1655 I ActivityManager: User 0 state changed from RUNNING_LOCKED to RUNNING_UNLOCKING
03-23 06:41:22.514 1512 1655 I am_user_state_changed: [0,2]
03-23 06:41:22.516 1512 1655 D ActivityManager: Unlocking user 0 progress 20
03-23 06:41:22.516 1512 1670 I ssm_user_unlocking: 0
03-23 06:41:22.516 1512 1670 I SystemServerTimingAsync: ssm.UnlockingUser-0
03-23 06:41:22.516 1512 1670 I SystemServiceManager: Calling onUnlockingUser 0
03-23 06:41:22.516 1512 1670 I SystemServerTimingAsync: ssm.onUnlockingUser-0_com.android.server.security.FileIntegrityService
03-23 06:41:22.516 1512 1670 I SystemServerTimingAsync: ssm.onUnlockingUser-0_com.android.server.pm.Installer
03-23 06:41:22.516 1512 1670 I SystemServerTimingAsync: ssm.onUnlockingUser-0_com.android.server.os.DeviceIdentifiersPolicyService
03-23 06:41:22.516 1512 1670 I SystemServerTimingAsync: ssm.onUnlockingUser-0_com.android.server.uri.UriGrantsManagerService$Lifecycle
03-23 06:41:22.516 1512 1670 I SystemServerTimingAsync: ssm.onUnlockingUser-0_com.android.server.powerstats.PowerStatsService
03-23 06:41:22.516 1512 1670 I SystemServerTimingAsync: ssm.onUnlockingUser-0_com.android.server.wm.ActivityTaskManagerService$Lifecycle
03-23 06:41:22.516 1512 1670 I SystemServerTimingAsync: ssm.onUnlockingUser-0_com.android.server.am.ActivityManagerService$Lifecycle
03-23 06:41:22.516 1512 1670 I SystemServerTimingAsync: ssm.onUnlockingUser-0_com.android.server.pm.DataLoaderManagerService
03-23 06:41:22.516 1512 1670 I SystemServerTimingAsync: ssm.onUnlockingUser-0_com.android.server.power.PowerManagerService
03-23 06:41:22.516 1512 1670 I SystemServerTimingAsync: ssm.onUnlockingUser-0_com.android.server.power.ThermalManagerService
03-23 06:41:22.516 1512 1670 I SystemServerTimingAsync: ssm.onUnlockingUser-0_com.android.server.power.hint.HintManagerService
03-23 06:41:22.516 1512 1670 I SystemServerTimingAsync: ssm.onUnlockingUser-0_com.android.server.recoverysystem.RecoverySystemService$Lifecycle
03-23 06:41:22.516 1512 1670 I SystemServerTimingAsync: ssm.onUnlockingUser-0_com.android.server.lights.LightsService
03-23 06:41:22.516 1512 1670 I SystemServerTimingAsync: ssm.onUnlockingUser-0_com.android.server.display.DisplayManagerService
03-23 06:41:22.516 1512 1670 I SystemServerTimingAsync: ssm.onUnlockingUser-0_com.android.server.pm.verify.domain.DomainVerificationService
03-23 06:41:22.517 1512 1670 I SystemServerTimingAsync: ssm.onUnlockingUser-0_com.android.server.pm.PackageInstallerService$Lifecycle
03-23 06:41:22.517 1512 1670 I SystemServerTimingAsync: ssm.onUnlockingUser-0_com.android.server.pm.UserManagerService$LifeCycle
03-23 06:41:22.517 1512 1670 I SystemServerTimingAsync: ssm.onUnlockingUser-0_com.android.server.om.OverlayManagerService
03-23 06:41:22.517 1512 1670 I SystemServerTimingAsync: ssm.onUnlockingUser-0_com.android.server.SensorPrivacyService
03-23 06:41:22.517 1512 1670 I SystemServerTimingAsync: ssm.onUnlockingUser-0_com.android.server.thunderperf.ThunderBoostPerfService
03-23 06:41:22.517 1512 1670 I SystemServerTimingAsync: ssm.onUnlockingUser-0_com.android.server.sensors.SensorService
03-23 06:41:22.517 1512 1670 I SystemServerTimingAsync: ssm.onUnlockingUser-0_com.android.server.SystemConfigService
03-23 06:41:22.517 1512 1670 I SystemServerTimingAsync: ssm.onUnlockingUser-0_com.android.server.BatteryService
03-23 06:41:22.517 1512 1670 I SystemServerTimingAsync: ssm.onUnlockingUser-0_com.android.server.usage.UsageStatsService
03-23 06:41:22.517 1512 1670 I SystemServerTimingAsync: ssm.onUnlockingUser-0_com.android.server.webkit.WebViewUpdateService
03-23 06:41:22.517 1512 1670 I SystemServerTimingAsync: ssm.onUnlockingUser-0_com.android.server.CachedDeviceStateService
03-23 06:41:22.517 1512 1670 I SystemServerTimingAsync: ssm.onUnlockingUser-0_com.android.server.BinderCallsStatsService$LifeCycle
03-23 06:41:22.517 1512 1670 I SystemServerTimingAsync: ssm.onUnlockingUser-0_com.android.server.LooperStatsService$Lifecycle
03-23 06:41:22.517 1512 1670 I SystemServerTimingAsync: ssm.onUnlockingUser-0_com.android.server.rollback.RollbackManagerService
03-23 06:41:22.517 1512 1655 W Looper : Slow dispatch took 322ms android.fg h=android.os.Handler c=com.android.server.am.UserController$$ExternalSyntheticLambda3@f007fce m=0
03-23 06:41:22.517 1512 1655 W Looper : Slow delivery took 357ms android.fg h=android.os.Handler c=com.android.server.am.UserController$$ExternalSyntheticLambda1@44e6dfc m=0
03-23 06:41:22.517 1512 1670 I SystemServerTimingAsync: ssm.onUnlockingUser-0_com.android.server.os.NativeTombstoneManagerService
03-23 06:41:22.517 1512 1670 I SystemServerTimingAsync: ssm.onUnlockingUser-0_com.android.server.os.BugreportManagerService
03-23 06:41:22.517 1512 1670 I SystemServerTimingAsync: ssm.onUnlockingUser-0_com.android.server.gpu.GpuService
03-23 06:41:22.517 1512 1670 I SystemServerTimingAsync: ssm.onUnlockingUser-0_com.android.server.security.KeyChainSystemService
03-23 06:41:22.517 1512 1670 I SystemServerTimingAsync: ssm.onUnlockingUser-0_com.android.server.telecom.TelecomLoaderService
03-23 06:41:22.517 1512 1670 I SystemServerTimingAsync: ssm.onUnlockingUser-0_com.android.server.accounts.AccountManagerService$Lifecycle
03-23 06:41:22.517 1512 1670 I SystemServerTimingAsync: ssm.onUnlockingUser-0_com.android.server.content.ContentService$Lifecycle
03-23 06:41:22.517 1512 1670 I SystemServerTimingAsync: ssm.onUnlockingUser-0_com.android.server.DropBoxManagerService
03-23 06:41:22.517 1512 1670 I SystemServerTimingAsync: ssm.onUnlockingUser-0_com.android.role.RoleService
03-23 06:41:22.517 1512 1670 I SystemServerTimingAsync: ssm.onUnlockingUser-0_com.android.server.vibrator.VibratorManagerService$Lifecycle
03-23 06:41:22.518 1512 1670 I SystemServerTimingAsync: ssm.onUnlockingUser-0_com.android.server.alarm.AlarmManagerService
03-23 06:41:22.518 1512 1670 I SystemServerTimingAsync: ssm.onUnlockingUser-0_com.android.server.devicestate.DeviceStateManagerService
03-23 06:41:22.518 1512 1670 I SystemServerTimingAsync: ssm.onUnlockingUser-0_com.android.server.camera.CameraServiceProxy
03-23 06:41:22.518 1512 1670 I SystemServerTimingAsync: ssm.onUnlockingUser-0_com.android.server.BluetoothService
03-23 06:41:22.518 1512 1670 D BluetoothManagerService: User 0 unlocked
03-23 06:41:22.518 1512 1670 I SystemServerTimingAsync: ssm.onUnlockingUser-0_com.android.server.connectivity.IpConnectivityMetrics
03-23 06:41:22.518 1512 1670 I SystemServerTimingAsync: ssm.onUnlockingUser-0_com.android.server.net.watchlist.NetworkWatchlistService$Lifecycle
03-23 06:41:22.518 1512 1670 I SystemServerTimingAsync: ssm.onUnlockingUser-0_com.android.server.PinnerService
03-23 06:41:22.518 1512 1670 I SystemServerTimingAsync: ssm.onUnlockingUser-0_com.google.android.startop.iorap.IorapForwardingService
03-23 06:41:22.518 1512 1670 I SystemServerTimingAsync: ssm.onUnlockingUser-0_com.android.server.ActivityTriggerService
03-23 06:41:22.518 1512 1670 I SystemServerTimingAsync: ssm.onUnlockingUser-0_com.android.server.integrity.AppIntegrityManagerService
03-23 06:41:22.518 1512 1670 I SystemServerTimingAsync: ssm.onUnlockingUser-0_com.android.server.inputmethod.InputMethodManagerService$Lifecycle
03-23 06:41:22.518 1512 1670 I SystemServerTimingAsync: ssm.onUnlockingUser-0_com.android.server.accessibility.AccessibilityManagerService$Lifecycle
03-23 06:41:22.518 1512 1657 D BluetoothManagerService: MESSAGE_USER_UNLOCKED
03-23 06:41:22.518 1512 1670 I SystemServerTimingAsync: ssm.onUnlockingUser-0_com.android.server.StorageManagerService$Lifecycle
03-23 06:41:22.518 1512 1670 D StorageManagerService: onUnlockUser 0
03-23 06:41:22.518 1512 1670 I StorageSessionController: On user unlock 0
03-23 06:41:22.518 1512 1670 I StorageSessionController: Initialialising...
03-23 06:41:22.519 1512 1655 W Looper : Drained
03-23 06:41:22.521 521 521 I vold : onUserStarted: 0
03-23 06:41:22.521 1512 1670 I SystemServerTimingAsync: ssm.onUnlockingUser-0_com.android.server.usage.StorageStatsService$Lifecycle
03-23 06:41:22.522 1512 1670 I SystemServerTimingAsync: ssm.onUnlockingUser-0_com.android.server.UiModeManagerService
03-23 06:41:22.522 1512 1670 I SystemServerTimingAsync: ssm.onUnlockingUser-0_com.android.server.locksettings.LockSettingsService$Lifecycle
03-23 06:41:22.522 1512 1670 I SystemServerTimingAsync: ssm.onUnlockingUser-0_com.android.server.PersistentDataBlockService
03-23 06:41:22.522 1512 1670 I SystemServerTimingAsync: ssm.onUnlockingUser-0_com.android.server.testharness.TestHarnessModeService
03-23 06:41:22.522 1512 1670 I SystemServerTimingAsync: ssm.onUnlockingUser-0_com.android.server.oemlock.OemLockService
03-23 06:41:22.522 1512 1670 I SystemServerTimingAsync: ssm.onUnlockingUser-0_com.android.server.DeviceIdleController
03-23 06:41:22.522 1512 1670 I SystemServerTimingAsync: ssm.onUnlockingUser-0_com.android.server.devicepolicy.DevicePolicyManagerService$Lifecycle
03-23 06:41:22.522 1512 1655 D UsbDeviceManager: push notification:正在通过 USB 为此设备充电
03-23 06:41:22.522 1512 1670 I SystemServerTimingAsync: ssm.onUnlockingUser-0_com.android.server.texttospeech.TextToSpeechManagerService
03-23 06:41:22.522 1512 1670 I SystemServerTimingAsync: ssm.onUnlockingUser-0_com.android.server.speech.SpeechRecognitionManagerService
03-23 06:41:22.522 1512 1670 I SystemServerTimingAsync: ssm.onUnlockingUser-0_com.android.server.searchui.SearchUiManagerService
03-23 06:41:22.523 1512 1670 I SystemServerTimingAsync: ssm.onUnlockingUser-0_com.android.server.smartspace.SmartspaceManagerService
03-23 06:41:22.523 1512 1670 I SystemServerTimingAsync: ssm.onUnlockingUser-0_com.android.server.graphics.fonts.FontManagerService$Lifecycle
03-23 06:41:22.523 1512 2466 V StorageManagerService: Found primary storage at VolumeInfo{emulated;0}:
03-23 06:41:22.523 1512 2466 V StorageManagerService: type=EMULATED diskId=null partGuid= mountFlags=0 mountUserId=0
03-23 06:41:22.523 1512 2466 V StorageManagerService: state=UNMOUNTED
03-23 06:41:22.523 1512 2466 V StorageManagerService: fsType=null fsUuid=null fsLabel=null
03-23 06:41:22.523 1512 2466 V StorageManagerService: path=null internalPath=null
03-23 06:41:22.523 1512 1670 I SystemServerTimingAsync: ssm.onUnlockingUser-0_com.android.server.textservices.TextServicesManagerService$Lifecycle
03-23 06:41:22.523 1512 1841 I StorageManagerService: Mounting volume VolumeInfo{emulated;0}:
03-23 06:41:22.523 1512 1841 I StorageManagerService: type=EMULATED diskId=null partGuid= mountFlags=PRIMARY|VISIBLE
03-23 06:41:22.523 1512 1841 I StorageManagerService: mountUserId=0 state=UNMOUNTED
03-23 06:41:22.523 1512 1841 I StorageManagerService: fsType=null fsUuid=null fsLabel=null
03-23 06:41:22.523 1512 1841 I StorageManagerService: path=null internalPath=null
03-23 06:41:22.523 521 521 I vold : Executing sdcardfs
03-23 06:41:22.524 521 521 D vold : Waiting for sdcardfs to spin up...
03-23 06:41:22.529 1512 1512 I notification_enqueue: [1000,1512,android,32,NULL,-1,Notification(channel=USB shortcut=null contentView=null vibrate=null sound=null tick defaults=0x0 flags=0x2 color=0x00000000 vis=PUBLIC),0]
03-23 06:41:22.533 1512 1670 I SystemServerTimingAsync: ssm.onUnlockingUser-0_com.android.server.textclassifier.TextClassificationManagerService$Lifecycle
03-23 06:41:22.533 1512 1670 I SystemServerTimingAsync: ssm.onUnlockingUser-0_com.android.server.NetworkScoreService$Lifecycle
03-23 06:41:22.533 1512 1670 I SystemServerTimingAsync: ssm.onUnlockingUser-0_com.android.server.wifi.WifiService
03-23 06:41:22.533 1512 1670 I SystemServerTimingAsync: ssm.onUnlockingUser-0_com.android.server.wifi.scanner.WifiScanningService
03-23 06:41:22.533 1512 1670 I SystemServerTimingAsync: ssm.onUnlockingUser-0_com.android.server.wifi.rtt.RttService
03-23 06:41:22.533 1512 1670 I SystemServerTimingAsync: ssm.onUnlockingUser-0_com.android.server.wifi.aware.WifiAwareService
03-23 06:41:22.533 1512 1670 I SystemServerTimingAsync: ssm.onUnlockingUser-0_com.android.server.wifi.p2p.WifiP2pService
03-23 06:41:22.533 1512 1670 I SystemServerTimingAsync: ssm.onUnlockingUser-0_com.android.server.ethernet.EthernetService
03-23 06:41:22.533 1512 1670 I SystemServerTimingAsync: ssm.onUnlockingUser-0_com.android.server.ConnectivityServiceInitializer
03-23 06:41:22.533 1512 1670 I SystemServerTimingAsync: ssm.onUnlockingUser-0_com.android.server.notification.NotificationManagerService
03-23 06:41:22.534 1512 1670 I SystemServerTimingAsync: ssm.onUnlockingUser-0_com.android.server.storage.DeviceStorageMonitorService
03-23 06:41:22.534 1512 1670 I SystemServerTimingAsync: ssm.onUnlockingUser-0_com.android.server.location.LocationManagerService$Lifecycle
03-23 06:41:22.534 1512 1670 I SystemServerTimingAsync: ssm.onUnlockingUser-0_com.android.server.timedetector.TimeDetectorService$Lifecycle
03-23 06:41:22.534 1512 1512 I NotificationHistory: Attempted to unlock gone/disabled user 0
03-23 06:41:22.534 1512 1670 I SystemServerTimingAsync: ssm.onUnlockingUser-0_com.android.server.timezonedetector.TimeZoneDetectorService$Lifecycle
03-23 06:41:22.534 1512 1670 I SystemServerTimingAsync: ssm.onUnlockingUser-0_com.android.server.timezonedetector.location.LocationTimeZoneManagerService$Lifecycle
03-23 06:41:22.534 1512 1670 I SystemServerTimingAsync: ssm.onUnlockingUser-0_com.android.server.search.SearchManagerService$Lifecycle
03-23 06:41:22.534 1512 1670 I SystemServerTimingAsync: ssm.onUnlockingUser-0_com.android.server.wallpaper.WallpaperManagerService$Lifecycle
03-23 06:41:22.534 1512 1670 I WallpaperManagerService: on-unlock-user-0
03-23 06:41:22.534 1512 1670 I SystemServerTimingAsync: ssm.onUnlockingUser-0_com.android.server.audio.AudioService$Lifecycle
03-23 06:41:22.534 1512 1670 I SystemServerTimingAsync: ssm.onUnlockingUser-0_com.android.server.soundtrigger_middleware.SoundTriggerMiddlewareService$Lifecycle
01-01 13:44:07.395 0 0 E msm-dwc3 a600000.ssusb: Could not get usb psy
03-23 06:41:22.534 1512 1670 I SystemServerTimingAsync: ssm.onUnlockingUser-0_com.android.server.DockObserver
03-23 06:41:22.534 1512 1670 I SystemServerTimingAsync: ssm.onUnlockingUser-0_com.android.server.midi.MidiService$Lifecycle
03-23 06:41:22.534 1512 1670 I SystemServerTimingAsync: ssm.onUnlockingUser-0_com.android.server.adb.AdbService$Lifecycle
03-23 06:41:22.534 1512 1670 I SystemServerTimingAsync: ssm.onUnlockingUser-0_com.android.server.usb.UsbService$Lifecycle
03-23 06:41:22.534 1512 1670 I SystemServerTimingAsync: ssm.onUnlockingUser-0_com.android.server.twilight.TwilightService
03-23 06:41:22.534 1512 1670 I SystemServerTimingAsync: ssm.onUnlockingUser-0_com.android.server.display.color.ColorDisplayService
03-23 06:41:22.534 1512 1670 I SystemServerTimingAsync: ssm.onUnlockingUser-0_com.android.server.job.JobSchedulerService
03-23 06:41:22.534 1512 1670 I SystemServerTimingAsync: ssm.onUnlockingUser-0_com.android.server.soundtrigger.SoundTriggerService
03-23 06:41:22.534 1512 1670 I SystemServerTimingAsync: ssm.onUnlockingUser-0_com.android.server.trust.TrustManagerService
03-23 06:41:22.534 1512 1670 I SystemServerTimingAsync: ssm.onUnlockingUser-0_com.android.server.backup.BackupManagerService$Lifecycle
03-23 06:41:22.534 1512 1670 I SystemServerTimingAsync: ssm.onUnlockingUser-0_com.android.server.appwidget.AppWidgetService
03-23 06:41:22.534 1512 1670 I SystemServerTimingAsync: ssm.onUnlockingUser-0_com.android.server.voiceinteraction.VoiceInteractionManagerService
03-23 06:41:22.535 1512 1670 W VoiceInteractionManager: no available voice recognition services found for user 0
03-23 06:41:22.535 1512 2316 I BackupManagerService: Starting service for user: 0
03-23 06:41:22.535 1512 2316 V BackupManagerService: [UserID:0] Starting with transport com.android.localtransport/.LocalTransport
03-23 06:41:22.535 1512 2316 D BackupManagerService: [UserID:0] Started thread backup-0
03-23 06:41:22.536 1512 1670 I SystemServerTimingAsync: ssm.onUnlockingUser-0_com.android.server.apphibernation.AppHibernationService
03-23 06:41:22.536 1512 1670 I SystemServerTimingAsync: ssm.onUnlockingUser-0_com.android.server.SensorNotificationService
03-23 06:41:22.536 1512 1670 I SystemServerTimingAsync: ssm.onUnlockingUser-0_com.android.server.emergency.EmergencyAffordanceService
03-23 06:41:22.536 1512 1670 I SystemServerTimingAsync: ssm.onUnlockingUser-0_com.android.server.blob.BlobStoreManagerService
03-23 06:41:22.536 1512 1670 I SystemServerTimingAsync: ssm.onUnlockingUser-0_com.android.server.dreams.DreamManagerService
03-23 06:41:22.536 1512 1670 I SystemServerTimingAsync: ssm.onUnlockingUser-0_com.android.server.companion.CompanionDeviceManagerService
03-23 06:41:22.536 1512 3076 I HibernationStateDiskStore: No hibernation file on disk for file /data/system_ce/0/hibernation/states
03-23 06:41:22.536 3289 3289 W sdcard : Device explicitly enabled sdcardfs
03-23 06:41:22.536 1512 1670 I CompanionDeviceManagerService: Read associations from disk: {0=[]}
03-23 06:41:22.536 1512 1670 I SystemServerTimingAsync: ssm.onUnlockingUser-0_com.android.server.restrictions.RestrictionsManagerService
03-23 06:41:22.536 1512 1670 I SystemServerTimingAsync: ssm.onUnlockingUser-0_com.android.server.media.MediaSessionService
03-23 06:41:22.536 1512 1670 I SystemServerTimingAsync: ssm.onUnlockingUser-0_com.android.server.media.MediaResourceMonitorService
03-23 06:41:22.536 1512 1670 I SystemServerTimingAsync: ssm.onUnlockingUser-0_com.android.server.biometrics.sensors.fingerprint.FingerprintService
03-23 06:41:22.536 1512 1670 I SystemServerTimingAsync: ssm.onUnlockingUser-0_com.android.server.biometrics.BiometricService
03-23 06:41:22.536 1512 1670 I SystemServerTimingAsync: ssm.onUnlockingUser-0_com.android.server.biometrics.AuthService
03-23 06:41:22.536 1512 1670 I SystemServerTimingAsync: ssm.onUnlockingUser-0_com.android.server.pm.ShortcutService$Lifecycle
03-23 06:41:22.536 1512 1670 I SystemServerTimingAsync: ssm.onUnlockingUser-0_com.android.server.pm.LauncherAppsService
03-23 06:41:22.536 1512 1670 I SystemServerTimingAsync: ssm.onUnlockingUser-0_com.android.server.pm.CrossProfileAppsService
03-23 06:41:22.536 1512 1670 I SystemServerTimingAsync: ssm.onUnlockingUser-0_com.android.server.people.PeopleService
03-23 06:41:22.536 1512 1670 I SystemServerTimingAsync: ssm.onUnlockingUser-0_com.android.server.media.metrics.MediaMetricsManagerService
03-23 06:41:22.536 1512 1670 I SystemServerTimingAsync: ssm.onUnlockingUser-0_com.android.server.media.projection.MediaProjectionManagerService
03-23 06:41:22.536 1512 1670 I SystemServerTimingAsync: ssm.onUnlockingUser-0_com.android.server.slice.SliceManagerService$Lifecycle
03-23 06:41:22.536 1512 1670 I SystemServerTimingAsync: ssm.onUnlockingUser-0_com.android.server.stats.StatsCompanion$Lifecycle
03-23 06:41:22.536 1512 1670 I SystemServerTimingAsync: ssm.onUnlockingUser-0_com.android.server.scheduling.RebootReadinessManagerService$Lifecycle
03-23 06:41:22.536 1512 1670 I SystemServerTimingAsync: ssm.onUnlockingUser-0_com.android.server.stats.pull.StatsPullAtomService
03-23 06:41:22.536 1512 1670 I SystemServerTimingAsync: ssm.onUnlockingUser-0_com.android.server.incident.IncidentCompanionService
03-23 06:41:22.536 1512 1670 I SystemServerTimingAsync: ssm.onUnlockingUser-0_com.android.server.MmsServiceBroker
03-23 06:41:22.536 1512 1670 I SystemServerTimingAsync: ssm.onUnlockingUser-0_com.android.server.autofill.AutofillManagerService
03-23 06:41:22.537 1512 1670 I SystemServerTimingAsync: ssm.onUnlockingUser-0_com.android.server.clipboard.ClipboardService
03-23 06:41:22.537 1512 1670 I SystemServerTimingAsync: ssm.onUnlockingUser-0_com.android.server.appbinding.AppBindingService$Lifecycle
03-23 06:41:22.537 1512 1670 W AppBindingService: [Default SMS app] u0 Target package not found
03-23 06:41:22.537 1512 1670 I SystemServerTimingAsync: ssm.onUnlockingUser-0_com.android.server.tracing.TracingServiceProxy
