03-23 06:42:00.540 1512 2435 E UserRestrictionsUtils: Unknown restriction queried by uid 1000 (vendor.qti.qesdk.sysservice et al): null
03-23 06:42:00.541 1512 2435 E UserRestrictionsUtils: Unknown restriction queried by uid 1000 (vendor.qti.qesdk.sysservice et al): null
03-23 06:42:00.541 1512 1667 I am_pss : [2364,10090,com.android.permissioncontroller,13791232,11841536,0,103825408,0,19,5]
03-23 06:42:00.541 1512 2435 E UserRestrictionsUtils: Unknown restriction queried by uid 1000 (vendor.qti.qesdk.sysservice et al): null
03-23 06:42:00.541 1512 2435 E UserRestrictionsUtils: Unknown restriction queried by uid 1000 (vendor.qti.qesdk.sysservice et al): null
03-23 06:42:00.541 1512 2435 E UserRestrictionsUtils: Unknown restriction queried by uid 1000 (vendor.qti.qesdk.sysservice et al): null
03-23 06:42:00.542 1512 2435 E UserRestrictionsUtils: Unknown restriction queried by uid 1000 (vendor.qti.qesdk.sysservice et al): null
03-23 06:42:00.555 2959 2959 I wm_on_start_called: [64326038,com.android.settings.Settings,handleStartActivity]
03-23 06:42:00.555 2959 2959 I snet_event_log: [120484087,-1,]
03-23 06:42:00.556 2959 2959 I wm_on_resume_called: [64326038,com.android.settings.Settings,RESUME_ACTIVITY]
03-23 06:42:00.556 2959 2959 I sysui_multi_action: [757,340,758,1,833,0,1089,163]
03-23 06:42:00.557 2959 2959 I sysui_multi_action: [757,35,758,1,833,0,1089,23]
03-23 06:42:00.558 2959 2959 I sysui_multi_action: [757,1729,758,4,854,isParalleledControllers:false,1089,24]
03-23 06:42:00.559 2959 2959 I wm_on_top_resumed_gained_called: [64326038,com.android.settings.Settings,topWhenResuming]
03-23 06:42:00.603 1512 1659 I input_focus: [Focus request c646979 com.android.settings/com.android.settings.Settings,reason=UpdateInputWindows]
03-23 06:42:00.659 1512 2466 I WindowManager: finishDrawing of relaunch: Window{c646979 u0 com.android.settings/com.android.settings.Settings} 301ms
03-23 06:42:00.669 1512 1816 I input_focus: [Focus entering c646979 com.android.settings/com.android.settings.Settings (server),reason=Window became focusable. Previous reason: NOT_VISIBLE]
03-23 06:42:00.670 1512 1816 I input_interaction: Interaction with: 2edafe7 StatusBar (server), swipe-up (server), edge-swipe (server), PointerEventDispatcher0 (server),
03-23 06:42:00.671 1512 1659 I WindowManager: Screen frozen for +337ms due to Window{c646979 u0 com.android.settings/com.android.settings.Settings}
03-23 06:42:00.681 2361 2361 I sysui_multi_action: [757,803,799,panel_open,802,1]
03-23 06:42:00.681 2361 2361 I sysui_multi_action: [757,1328,758,4,1326,78,1327,0,1329,0]
03-23 06:42:00.718 1512 1765 I commit_sys_config_file: [settings-1-0,3]
03-23 06:42:01.107 1512 1707 I commit_sys_config_file: [package-user-0,4]
03-23 06:42:01.109 1512 1655 D CompanionDeviceManagerService: onPackageModified(packageName = com.android.provision)
01-01 13:44:45.979 0 0 I init : starting service 'idmap2d'...
03-23 06:42:01.112 1512 1658 I sysui_multi_action: [757,803,799,window_time_0,802,7]
01-01 13:44:45.985 0 0 I init : Control message: Processed ctl.start for 'idmap2d' from pid: 1512 (system_server)
03-23 06:42:01.114 1512 1512 I Telecom : DefaultDialerCache: Refreshing default dialer for user 0: now null: DDC.oR@ACA
03-23 06:42:01.122 1512 1512 I Telecom : DefaultDialerCache: Refreshing default dialer for user 0: now null: DDC.oR@ACE
03-23 06:42:01.126 1512 1655 D CompanionDeviceManagerService: onPackageModified(packageName = com.android.settings)
03-23 06:42:01.127 1512 1667 W VoiceInteractionManager: no available voice recognition services found for user 0
03-23 06:42:01.133 1512 1667 W VoiceInteractionManager: no available voice recognition services found for user 0
01-01 13:44:46.011 0 0 I binder : 4744:4744 ioctl 40046210 7fd126c1b4 returned -22
03-23 06:42:01.171 1512 1512 W CarrierConfigManager: Error getting config for subId -1 ICarrierConfigLoader is null
03-23 06:42:01.171 1512 1512 I Telecom : PhoneAccountRegistrar: getSimCallManager: SimCallManager for subId -1 queried, returning: null: TSI.gSCMFU@ACI
03-23 06:42:01.175 1512 1512 W CarrierConfigManager: Error getting config for subId -1 ICarrierConfigLoader is null
03-23 06:42:01.175 1512 1512 I Telecom : PhoneAccountRegistrar: getSimCallManager: SimCallManager for subId -1 queried, returning: null: TSI.gSCMFU@ACM
01-01 13:44:46.035 0 0 I : read descriptors
01-01 13:44:46.035 0 0 I : read strings
03-23 06:42:01.208 1512 2435 W FreeFormWindowHelper: Current Display FreeFormTask is null
03-23 06:42:01.466 2361 2361 I sysui_multi_action: [757,803,799,panel_open,802,1]
03-23 06:42:01.469 2361 2361 I sysui_multi_action: [757,1328,758,4,1326,71,1327,0,1329,0]
03-23 06:42:01.508 1512 2435 I sysui_multi_action: [757,127,758,1]
03-23 06:42:01.508 1512 2435 I sysui_multi_action: [757,804,799,note_load,801,2,802,1]
03-23 06:42:01.508 1512 2435 I notification_panel_revealed: 2
03-23 06:42:01.521 1512 1659 I input_focus: [Focus request f8e39da NotificationShade,reason=UpdateInputWindows]
03-23 06:42:01.538 1512 1816 I input_focus: [Focus leaving c646979 com.android.settings/com.android.settings.Settings (server),reason=Waiting for window because NOT_VISIBLE]
03-23 06:42:01.546 1512 3353 I sysui_multi_action: [757,128,758,1,793,38258,794,0,795,38258,796,17303299,797,com.android.wifi,798,0,806,android,857,NETWORK_AVAILABLE,858,2,947,0,1395,2,1500,38056,1688,1]
03-23 06:42:01.546 1512 3353 I sysui_multi_action: [757,804,799,note_freshness,801,38258,802,1]
03-23 06:42:01.546 1512 3353 I notification_visibility: [0|android|17303299|com.android.wifi|1000,1,38258,38258,0,0]
03-23 06:42:01.546 1512 3353 I sysui_multi_action: [757,128,758,1,793,39026,794,0,795,39026,796,32,798,1,806,android,857,USB,858,1,947,0,1395,2,1500,38759,1688,1]
03-23 06:42:01.547 1512 3353 I sysui_multi_action: [757,804,799,note_freshness,801,39026,802,1]
03-23 06:42:01.547 1512 3353 I notification_visibility: [-1|android|32|null|1000,1,39026,39026,0,1]
03-23 06:42:01.548 2361 2361 I sysui_multi_action: [757,111,758,1]
03-23 06:42:01.548 2361 2361 I sysui_multi_action: [757,126,758,1,759,126,927,0,928,1,1593,0]
03-23 06:42:01.548 2361 2361 I sysui_multi_action: [757,113,758,1,759,113,927,1,928,1,1593,0]
03-23 06:42:01.548 2361 2361 I sysui_multi_action: [757,0,758,1,759,0,927,2,928,0,1593,0]
03-23 06:42:01.548 2361 2361 I sysui_multi_action: [757,0,758,1,759,0,927,3,928,0,1593,0]
03-23 06:42:01.549 2361 2361 I sysui_multi_action: [757,491,758,1,759,491,927,4,928,0,1311,-1,1593,0]
03-23 06:42:01.549 2361 2361 I sysui_multi_action: [757,0,758,1,759,0,927,5,928,0,1593,0]
03-23 06:42:01.549 2361 2361 I sysui_multi_action: [757,111,758,1]
03-23 06:42:01.549 2361 2361 I sysui_multi_action: [757,126,758,1,759,126,927,0,928,1,1593,0]
03-23 06:42:01.549 2361 2361 I sysui_multi_action: [757,113,758,1,759,113,927,1,928,1,1593,0]
03-23 06:42:01.549 2361 2361 I sysui_multi_action: [757,0,758,1,759,0,927,2,928,0,1593,0]
03-23 06:42:01.549 2361 2361 I sysui_multi_action: [757,0,758,1,759,0,927,3,928,0,1593,0]
03-23 06:42:01.558 1512 1816 I input_focus: [Focus entering f8e39da NotificationShade (server),reason=Window became focusable. Previous reason: NOT_VISIBLE]
01-01 13:44:47.055 0 0 I : read descriptors
01-01 13:44:47.055 0 0 I : read strings
01-01 13:44:47.222 0 0 E DTC_ETH,link_delay_work_func: 3003, SQI=0, link=0
01-01 13:44:47.571 0 0 E DTC_Display: screen not ready
03-23 06:42:03.043 1512 1816 I input_interaction: Interaction with: f8e39da NotificationShade (server), swipe-up (server), edge-swipe (server), PointerEventDispatcher0 (server),
01-01 13:44:48.083 0 0 I : read descriptors
01-01 13:44:48.083 0 0 I : read strings
03-23 06:42:03.427 1512 2301 I GameModeConfig: isGameModeOn = false
03-23 06:42:03.427 1512 2301 I GameModeConfig: isGameModeOn = false
03-23 06:42:03.427 1512 2301 I GameModeConfig: isGameModeOn = false
03-23 06:42:03.428 1512 2301 I GameModeConfig: isGameModeOn = false
03-23 06:42:03.428 1512 1512 I notification_enqueue: [10077,2361,com.android.systemui,2048,NULL,0,Notification(channel=updateNotification shortcut=null contentView=null vibrate=null sound=null defaults=0x0 flags=0x0 color=0x00000000 vis=PRIVATE),1]
03-23 06:42:03.429 2361 2361 I sysui_multi_action: [757,111,758,2]
03-23 06:42:03.429 2361 2361 I sysui_multi_action: [757,111,758,2]
03-23 06:42:03.594 1512 1659 I input_focus: [Focus request c646979 com.android.settings/com.android.settings.Settings,reason=UpdateInputWindows]
03-23 06:42:03.599 1512 3353 I sysui_multi_action: [757,128,758,2,793,40311,794,2053,795,40311,796,17303299,797,com.android.wifi,798,0,806,android,857,NETWORK_AVAILABLE,858,2,947,0,1395,2,1500,40109,1688,1]
03-23 06:42:03.599 1512 3353 I notification_visibility: [0|android|17303299|com.android.wifi|1000,0,40311,40311,0,0]
03-23 06:42:03.600 1512 3353 I sysui_multi_action: [757,128,758,2,793,41080,794,2054,795,41080,796,32,798,1,806,android,857,USB,858,1,947,0,1395,2,1500,40813,1688,1]
03-23 06:42:03.601 1512 3353 I notification_visibility: [-1|android|32|null|1000,0,41080,41080,0,1]
03-23 06:42:03.602 1512 4101 I sysui_multi_action: [757,127,758,2]
03-23 06:42:03.602 1512 4101 I notification_panel_hidden:
03-23 06:42:03.611 1512 1816 I input_focus: [Focus leaving f8e39da NotificationShade (server),reason=NO_WINDOW]
03-23 06:42:03.611 1512 1816 I input_focus: [Focus entering c646979 com.android.settings/com.android.settings.Settings (server),reason=setFocusedWindow]
03-23 06:42:03.630 1512 1512 I GameModeConfig: isGameModeOn = false
03-23 06:42:03.870 1512 1816 I input_interaction: Interaction with: c646979 com.android.settings/com.android.settings.Settings (server), swipe-up (server), edge-swipe (server), PointerEventDispatcher0 (server),
03-23 06:42:03.981 1512 1512 I service_manager_stats: [100,50,38411]
03-23 06:42:04.138 1512 1667 I sysui_multi_action: [757,1717,758,1,759,0]
03-23 06:42:04.139 1512 1667 I sysui_multi_action: [757,1717,758,2,759,0]
03-23 06:42:04.139 1512 1667 I sysui_multi_action: [757,1717,758,3,759,0]
01-01 13:44:49.107 0 0 I : read descriptors
01-01 13:44:49.107 0 0 I : read strings
03-23 06:42:04.285 1512 2301 I GameModeConfig: isGameModeOn = false
03-23 06:42:04.532 1512 1658 I configuration_changed: 1073741824
03-23 06:42:04.533 1512 1658 I ActivityTaskManager: Config changes=40000000 {0.85 ?mcc?mnc [zh_CN] ldltr sw720dp w1706dp h652dp 240dpi lrg long hdr land finger -keyb/v/h -nav/h winConfig={ mBounds=Rect(0, 0 - 2560, 1080) mAppBounds=Rect(0, 0 - 2560, 1014) mMaxBounds=Rect(0, 0 - 2560, 1080) mWindowingMode=fullscreen mDisplayWindowingMode=fullscreen mActivityType=undefined mAlwaysOnTop=undefined mRotation=ROTATION_0} s.76 fontWeightAdjustment=0}
03-23 06:42:04.551 1512 1658 I WindowManager: Override config changes=40000000 {0.85 ?mcc?mnc [zh_CN] ldltr sw720dp w1706dp h652dp 240dpi lrg long hdr land finger -keyb/v/h -nav/h winConfig={ mBounds=Rect(0, 0 - 2560, 1080) mAppBounds=Rect(0, 0 - 2560, 1014) mMaxBounds=Rect(0, 0 - 2560, 1080) mWindowingMode=fullscreen mDisplayWindowingMode=fullscreen mActivityType=undefined mAlwaysOnTop=undefined mRotation=ROTATION_0} s.76 fontWeightAdjustment=0} for displayId=0
03-23 06:42:04.586 1512 1658 I wm_relaunch_resume_activity: [0,64326038,11,com.android.settings/.Settings]
03-23 06:42:04.587 2959 2959 I wm_on_top_resumed_lost_called: [64326038,com.android.settings.Settings,pausing]
03-23 06:42:04.588 2959 2959 I sysui_multi_action: [757,340,758,2,1089,4032]
03-23 06:42:04.589 2959 2959 I sysui_multi_action: [757,35,758,2,1089,4032]
03-23 06:42:04.589 2959 2959 I wm_on_paused_called: [64326038,com.android.settings.Settings,performPause]
03-23 06:42:04.592 2959 2959 I wm_on_stop_called: [64326038,com.android.settings.Settings,handleRelaunchActivity]
03-23 06:42:04.597 2959 2959 I wm_on_destroy_called: [64326038,com.android.settings.Settings,performDestroy]
03-23 06:42:04.610 1512 3375 E UserRestrictionsUtils: Unknown restriction queried by uid 1000 (vendor.qti.qesdk.sysservice et al): null
03-23 06:42:04.610 1512 3375 E UserRestrictionsUtils: Unknown restriction queried by uid 1000 (vendor.qti.qesdk.sysservice et al): null
03-23 06:42:04.610 1512 3375 E UserRestrictionsUtils: Unknown restriction queried by uid 1000 (vendor.qti.qesdk.sysservice et al): null
03-23 06:42:04.611 1512 3375 E UserRestrictionsUtils: Unknown restriction queried by uid 1000 (vendor.qti.qesdk.sysservice et al): null
03-23 06:42:04.611 1512 3375 E UserRestrictionsUtils: Unknown restriction queried by uid 1000 (vendor.qti.qesdk.sysservice et al): null
03-23 06:42:04.611 1512 3375 E UserRestrictionsUtils: Unknown restriction queried by uid 1000 (vendor.qti.qesdk.sysservice et al): null
03-23 06:42:04.611 1512 3375 E UserRestrictionsUtils: Unknown restriction queried by uid 1000 (vendor.qti.qesdk.sysservice et al): null
03-23 06:42:04.612 1512 3375 E UserRestrictionsUtils: Unknown restriction queried by uid 1000 (vendor.qti.qesdk.sysservice et al): null
03-23 06:42:04.612 1512 3375 E UserRestrictionsUtils: Unknown restriction queried by uid 1000 (vendor.qti.qesdk.sysservice et al): null
03-23 06:42:04.612 1512 3375 E UserRestrictionsUtils: Unknown restriction queried by uid 1000 (vendor.qti.qesdk.sysservice et al): null
03-23 06:42:04.612 1512 3353 E UserRestrictionsUtils: Unknown restriction queried by uid 1000 (vendor.qti.qesdk.sysservice et al): null
03-23 06:42:04.613 1512 3353 E UserRestrictionsUtils: Unknown restriction queried by uid 1000 (vendor.qti.qesdk.sysservice et al): null
03-23 06:42:04.613 1512 3353 E UserRestrictionsUtils: Unknown restriction queried by uid 1000 (vendor.qti.qesdk.sysservice et al): null
03-23 06:42:04.613 1512 3353 E UserRestrictionsUtils: Unknown restriction queried by uid 1000 (vendor.qti.qesdk.sysservice et al): null
03-23 06:42:04.614 1512 3375 E UserRestrictionsUtils: Unknown restriction queried by uid 1000 (vendor.qti.qesdk.sysservice et al): null
03-23 06:42:04.614 1512 3375 E UserRestrictionsUtils: Unknown restriction queried by uid 1000 (vendor.qti.qesdk.sysservice et al): null
03-23 06:42:04.614 1512 3375 E UserRestrictionsUtils: Unknown restriction queried by uid 1000 (vendor.qti.qesdk.sysservice et al): null
03-23 06:42:04.615 1512 3375 E UserRestrictionsUtils: Unknown restriction queried by uid 1000 (vendor.qti.qesdk.sysservice et al): null
03-23 06:42:04.619 1512 3375 I wm_relaunch_activity: [0,88042559,10,com.android.launcher3/.uioverrides.QuickstepLauncher]
03-23 06:42:04.619 1512 3375 I wm_add_to_stopping: [0,88042559,com.android.launcher3/.uioverrides.QuickstepLauncher,preloadRecents]
03-23 06:42:04.622 2866 2866 I wm_on_destroy_called: [88042559,com.android.launcher3.uioverrides.QuickstepLauncher,performDestroy]
03-23 06:42:04.627 1512 1667 I am_pss : [3523,10078,com.qualcomm.location.XT,6294528,4685824,0,93405184,0,6,5]
03-23 06:42:04.628 1512 3375 E UserRestrictionsUtils: Unknown restriction queried by uid 1000 (vendor.qti.qesdk.sysservice et al): null
03-23 06:42:04.629 1512 1990 E UserRestrictionsUtils: Unknown restriction queried by uid 1000 (vendor.qti.qesdk.sysservice et al): null
03-23 06:42:04.629 1512 1990 E UserRestrictionsUtils: Unknown restriction queried by uid 1000 (vendor.qti.qesdk.sysservice et al): null
03-23 06:42:04.630 1512 1990 E UserRestrictionsUtils: Unknown restriction queried by uid 1000 (vendor.qti.qesdk.sysservice et al): null
03-23 06:42:04.630 1512 1990 E UserRestrictionsUtils: Unknown restriction queried by uid 1000 (vendor.qti.qesdk.sysservice et al): null
03-23 06:42:04.638 1512 1667 I am_pss : [3761,10034,com.baidu.input,86427648,80777216,0,202211328,0,7,8]
03-23 06:42:04.644 1512 1667 I am_pss : [3528,1000,com.android.keychain,7951360,6406144,0,94003200,0,6,6]
03-23 06:42:04.650 1512 1667 I am_pss : [3085,10092,android.ext.services,9614336,5865472,0,104620032,0,5,6]
03-23 06:42:04.696 1512 2435 W FreeFormWindowHelper: Current Display FreeFormTask is null
03-23 06:42:04.707 2866 2866 I wm_on_create_called: [88042559,com.android.launcher3.uioverrides.QuickstepLauncher,performCreate]
03-23 06:42:04.708 2866 2866 I wm_on_start_called: [88042559,com.android.launcher3.uioverrides.QuickstepLauncher,handleStartActivity]
03-23 06:42:04.708 2866 2866 I wm_on_resume_called: [88042559,com.android.launcher3.uioverrides.QuickstepLauncher,LIFECYCLER_RESUME_ACTIVITY]
03-23 06:42:04.713 2866 2866 I wm_on_paused_called: [88042559,com.android.launcher3.uioverrides.QuickstepLauncher,performPause]
03-23 06:42:04.716 1512 1990 W FreeFormWindowHelper: Current Display FreeFormTask is null
03-23 06:42:04.724 1512 1990 W FreeFormWindowHelper: Current Display FreeFormTask is null
03-23 06:42:04.734 1512 1765 I commit_sys_config_file: [settings-1-0,3]
03-23 06:42:04.736 2959 2959 I wm_on_create_called: [64326038,com.android.settings.Settings,performCreate]
03-23 06:42:04.749 1512 1990 I wm_stop_activity: [0,88042559,com.android.launcher3/.uioverrides.QuickstepLauncher]
03-23 06:42:04.753 2866 2866 I wm_on_stop_called: [88042559,com.android.launcher3.uioverrides.QuickstepLauncher,STOP_ACTIVITY_ITEM]
03-23 06:42:04.762 1512 1667 I am_pss : [2959,1000,com.android.settings,267553792,251351040,0,418410496,0,2,12]
03-23 06:42:04.766 1512 3375 E UserRestrictionsUtils: Unknown restriction queried by uid 1000 (vendor.qti.qesdk.sysservice et al): null
03-23 06:42:04.767 1512 3344 E UserRestrictionsUtils: Unknown restriction queried by uid 1000 (vendor.qti.qesdk.sysservice et al): null
03-23 06:42:04.767 1512 3344 E UserRestrictionsUtils: Unknown restriction queried by uid 1000 (vendor.qti.qesdk.sysservice et al): null
03-23 06:42:04.768 1512 3375 E UserRestrictionsUtils: Unknown restriction queried by uid 1000 (vendor.qti.qesdk.sysservice et al): null
03-23 06:42:04.768 1512 3375 E UserRestrictionsUtils: Unknown restriction queried by uid 1000 (vendor.qti.qesdk.sysservice et al): null
03-23 06:42:04.768 1512 3375 E UserRestrictionsUtils: Unknown restriction queried by uid 1000 (vendor.qti.qesdk.sysservice et al): null
03-23 06:42:04.769 1512 3375 E UserRestrictionsUtils: Unknown restriction queried by uid 1000 (vendor.qti.qesdk.sysservice et al): null
03-23 06:42:04.769 1512 1667 I am_pss : [3648,10019,com.android.externalstorage,5562368,3944448,0,92983296,0,19,5]
03-23 06:42:04.769 1512 3375 E UserRestrictionsUtils: Unknown restriction queried by uid 1000 (vendor.qti.qesdk.sysservice et al): null
03-23 06:42:04.769 1512 3375 E UserRestrictionsUtils: Unknown restriction queried by uid 1000 (vendor.qti.qesdk.sysservice et al): null
03-23 06:42:04.769 1512 3375 E UserRestrictionsUtils: Unknown restriction queried by uid 1000 (vendor.qti.qesdk.sysservice et al): null
03-23 06:42:04.770 1512 3375 E UserRestrictionsUtils: Unknown restriction queried by uid 1000 (vendor.qti.qesdk.sysservice et al): null
03-23 06:42:04.770 1512 3344 E UserRestrictionsUtils: Unknown restriction queried by uid 1000 (vendor.qti.qesdk.sysservice et al): null
03-23 06:42:04.770 1512 3375 E UserRestrictionsUtils: Unknown restriction queried by uid 1000 (vendor.qti.qesdk.sysservice et al): null
03-23 06:42:04.770 1512 1990 E UserRestrictionsUtils: Unknown restriction queried by uid 1000 (vendor.qti.qesdk.sysservice et al): null
03-23 06:42:04.771 1512 1990 E UserRestrictionsUtils: Unknown restriction queried by uid 1000 (vendor.qti.qesdk.sysservice et al): null
03-23 06:42:04.771 1512 1990 E UserRestrictionsUtils: Unknown restriction queried by uid 1000 (vendor.qti.qesdk.sysservice et al): null
03-23 06:42:04.771 1512 3344 E UserRestrictionsUtils: Unknown restriction queried by uid 1000 (vendor.qti.qesdk.sysservice et al): null
03-23 06:42:04.771 1512 3344 E UserRestrictionsUtils: Unknown restriction queried by uid 1000 (vendor.qti.qesdk.sysservice et al): null
03-23 06:42:04.774 1512 1667 I am_pss : [3151,10084,com.qualcomm.qtil.aptxui,7314432,5844992,0,91963392,0,19,5]
03-23 06:42:04.780 1512 1667 I am_pss : [4156,2000,com.android.shell,5764096,4243456,0,91201536,0,19,5]
03-23 06:42:04.785 1512 1667 I am_pss : [4126,10020,com.android.packageinstaller,7134208,5672960,0,91549696,0,19,5]
03-23 06:42:04.786 2959 2959 I wm_on_start_called: [64326038,com.android.settings.Settings,handleStartActivity]
03-23 06:42:04.787 2959 2959 I snet_event_log: [120484087,-1,]
03-23 06:42:04.787 2959 2959 I wm_on_resume_called: [64326038,com.android.settings.Settings,RESUME_ACTIVITY]
03-23 06:42:04.788 2959 2959 I sysui_multi_action: [757,340,758,1,833,0,1089,183]
03-23 06:42:04.788 2959 2959 I sysui_multi_action: [757,35,758,1,833,0,1089,36]
03-23 06:42:04.790 2959 2959 I sysui_multi_action: [757,1729,758,4,854,isParalleledControllers:false,1089,38]
03-23 06:42:04.791 2959 2959 I wm_on_top_resumed_gained_called: [64326038,com.android.settings.Settings,topWhenResuming]
03-23 06:42:04.794 1512 1667 I am_pss : [4099,10059,com.android.onetimeinitializer,5008384,3506176,0,89731072,0,19,5]
03-23 06:42:04.804 1512 1667 I am_pss : [4001,10083,com.android.music,7091200,5238784,0,93454336,0,19,5]
03-23 06:42:04.809 1512 1667 I am_pss : [3671,10029,com.android.managedprovisioning,9123840,7536640,0,96026624,0,19,4]
03-23 06:42:04.815 1512 1667 I am_pss : [3936,1000,com.android.dynsystem:dynsystem,5534720,3862528,0,91049984,0,19,4]
03-23 06:42:04.821 1512 1667 I am_pss : [3917,1000,com.android.dynsystem,5260288,3702784,0,90103808,0,19,5]
03-23 06:42:04.827 1512 1667 I am_pss : [3892,1000,com.qti.diagservices,5775360,3887104,0,95260672,0,10,6]
03-23 06:42:04.833 1512 1667 I am_pss : [3846,10035,com.android.traceur,8825856,6025216,0,96391168,0,19,5]
03-23 06:42:04.839 1512 1667 I am_pss : [3450,10025,com.android.documentsui,13288448,11091968,0,108109824,0,19,6]
03-23 06:42:04.846 1512 1667 I am_pss : [2827,1000,com.android.settings:CryptKeeper,14270464,5595136,0,125607936,0,19,6]
03-23 06:42:04.848 1512 1659 I input_focus: [Focus request c88d405 com.android.settings/com.android.settings.Settings,reason=UpdateInputWindows]
03-23 06:42:04.900 1512 1990 I WindowManager: finishDrawing of relaunch: Window{c88d405 u0 com.android.settings/com.android.settings.Settings} 313ms
03-23 06:42:04.913 1512 1816 I input_focus: [Focus entering c88d405 com.android.settings/com.android.settings.Settings (server),reason=Window became focusable. Previous reason: NOT_VISIBLE]
03-23 06:42:04.913 1512 1816 I input_interaction: Interaction with: 2edafe7 StatusBar (server), swipe-up (server), edge-swipe (server), PointerEventDispatcher0 (server),
03-23 06:42:04.913 1512 1659 I WindowManager: Screen frozen for +350ms due to Window{c88d405 u0 com.android.settings/com.android.settings.Settings}
01-01 13:44:50.127 0 0 I : read descriptors
01-01 13:44:50.127 0 0 I : read strings
01-01 13:44:50.439 0 0 E DTC_Display: screen not ready
03-23 06:42:05.635 2361 2361 I sysui_multi_action: [757,803,799,panel_open,802,1]
03-23 06:42:05.637 2361 2361 I sysui_multi_action: [757,1328,758,4,1326,66,1327,0,1329,0]
03-23 06:42:05.646 1512 3375 I sysui_multi_action: [757,127,758,1]
03-23 06:42:05.646 1512 3375 I sysui_multi_action: [757,804,799,note_load,801,2,802,1]
03-23 06:42:05.646 1512 3375 I notification_panel_revealed: 2
03-23 06:42:05.657 1512 1659 I input_focus: [Focus request f8e39da NotificationShade,reason=UpdateInputWindows]
03-23 06:42:05.678 1512 3375 I sysui_multi_action: [757,128,758,1,793,42390,794,0,795,42390,796,17303299,797,com.android.wifi,798,0,806,android,857,NETWORK_AVAILABLE,858,2,947,0,1395,2,1500,42188,1688,1]
03-23 06:42:05.678 1512 3375 I sysui_multi_action: [757,804,799,note_freshness,801,42390,802,1]
03-23 06:42:05.678 1512 3375 I notification_visibility: [0|android|17303299|com.android.wifi|1000,1,42390,42390,0,0]
03-23 06:42:05.678 1512 3375 I sysui_multi_action: [757,128,758,1,793,43158,794,0,795,43158,796,32,798,1,806,android,857,USB,858,1,947,0,1395,2,1500,42891,1688,1]
03-23 06:42:05.678 1512 3375 I sysui_multi_action: [757,804,799,note_freshness,801,43158,802,1]
03-23 06:42:05.678 1512 3375 I notification_visibility: [-1|android|32|null|1000,1,43158,43158,0,1]
03-23 06:42:05.682 1512 1816 I input_focus: [Focus leaving c88d405 com.android.settings/com.android.settings.Settings (server),reason=setFocusedWindow]
03-23 06:42:05.683 1512 1816 I input_focus: [Focus entering f8e39da NotificationShade (server),reason=setFocusedWindow]
03-23 06:42:05.698 2361 2361 I sysui_multi_action: [757,111,758,1]
03-23 06:42:05.698 2361 2361 I sysui_multi_action: [757,126,758,1,759,126,927,0,928,1,1593,0]
03-23 06:42:05.698 2361 2361 I sysui_multi_action: [757,113,758,1,759,113,927,1,928,1,1593,0]
03-23 06:42:05.698 2361 2361 I sysui_multi_action: [757,0,758,1,759,0,927,2,928,0,1593,0]
03-23 06:42:05.698 2361 2361 I sysui_multi_action: [757,0,758,1,759,0,927,3,928,0,1593,0]
03-23 06:42:05.698 2361 2361 I sysui_multi_action: [757,491,758,1,759,491,927,4,928,0,1311,-1,1593,0]
03-23 06:42:05.698 2361 2361 I sysui_multi_action: [757,0,758,1,759,0,927,5,928,0,1593,0]
03-23 06:42:05.698 2361 2361 I sysui_multi_action: [757,111,758,1]
03-23 06:42:05.698 2361 2361 I sysui_multi_action: [757,126,758,1,759,126,927,0,928,1,1593,0]
03-23 06:42:05.699 2361 2361 I sysui_multi_action: [757,113,758,1,759,113,927,1,928,1,1593,0]
03-23 06:42:05.699 2361 2361 I sysui_multi_action: [757,0,758,1,759,0,927,2,928,0,1593,0]
03-23 06:42:05.699 2361 2361 I sysui_multi_action: [757,0,758,1,759,0,927,3,928,0,1593,0]
01-01 13:44:51.142 0 0 I : read descriptors
01-01 13:44:51.143 0 0 I : read strings
03-23 06:42:06.747 1512 1816 I input_interaction: Interaction with: f8e39da NotificationShade (server), swipe-up (server), edge-swipe (server), PointerEventDispatcher0 (server),
03-23 06:42:07.036 1512 2301 I GameModeConfig: isGameModeOn = false
03-23 06:42:07.036 1512 2301 I GameModeConfig: isGameModeOn = false
03-23 06:42:07.036 1512 2301 I GameModeConfig: isGameModeOn = false
03-23 06:42:07.037 1512 2301 I GameModeConfig: isGameModeOn = false
03-23 06:42:07.038 1512 1512 I notification_enqueue: [10077,2361,com.android.systemui,2048,NULL,0,Notification(channel=updateNotification shortcut=null contentView=null vibrate=null sound=null defaults=0x0 flags=0x0 color=0x00000000 vis=PRIVATE),1]
03-23 06:42:07.038 2361 2361 I sysui_multi_action: [757,111,758,2]
03-23 06:42:07.038 2361 2361 I sysui_multi_action: [757,111,758,2]
03-23 06:42:07.131 1512 1659 I input_focus: [Focus request c88d405 com.android.settings/com.android.settings.Settings,reason=UpdateInputWindows]
03-23 06:42:07.138 1512 1990 I sysui_multi_action: [757,128,758,2,793,43850,794,1460,795,43850,796,17303299,797,com.android.wifi,798,0,806,android,857,NETWORK_AVAILABLE,858,2,947,0,1395,2,1500,43648,1688,1]
03-23 06:42:07.139 1512 1990 I notification_visibility: [0|android|17303299|com.android.wifi|1000,0,43850,43850,0,0]
03-23 06:42:07.139 1512 1990 I sysui_multi_action: [757,128,758,2,793,44619,794,1461,795,44619,796,32,798,1,806,android,857,USB,858,1,947,0,1395,2,1500,44352,1688,1]
03-23 06:42:07.139 1512 1990 I notification_visibility: [-1|android|32|null|1000,0,44619,44619,0,1]
03-23 06:42:07.140 1512 2466 I sysui_multi_action: [757,127,758,2]
03-23 06:42:07.140 1512 2466 I notification_panel_hidden:
03-23 06:42:07.153 1512 1816 I input_focus: [Focus leaving f8e39da NotificationShade (server),reason=NO_WINDOW]
03-23 06:42:07.153 1512 1816 I input_focus: [Focus entering c88d405 com.android.settings/com.android.settings.Settings (server),reason=setFocusedWindow]
03-23 06:42:07.243 1512 1512 I GameModeConfig: isGameModeOn = false
01-01 13:44:52.175 0 0 I : read descriptors
01-01 13:44:52.175 0 0 I : read strings
03-23 06:42:07.455 1512 1816 I input_interaction: Interaction with: c88d405 com.android.settings/com.android.settings.Settings (server), swipe-up (server), edge-swipe (server), PointerEventDispatcher0 (server),
01-01 13:44:52.342 0 0 E DTC_ETH,link_delay_work_func: 3003, SQI=0, link=0
03-23 06:42:07.688 1512 1658 I configuration_changed: 1073741824
03-23 06:42:07.689 1512 1658 I ActivityTaskManager: Config changes=40000000 {1.0 ?mcc?mnc [zh_CN] ldltr sw720dp w1706dp h652dp 240dpi lrg long hdr land finger -keyb/v/h -nav/h winConfig={ mBounds=Rect(0, 0 - 2560, 1080) mAppBounds=Rect(0, 0 - 2560, 1014) mMaxBounds=Rect(0, 0 - 2560, 1080) mWindowingMode=fullscreen mDisplayWindowingMode=fullscreen mActivityType=undefined mAlwaysOnTop=undefined mRotation=ROTATION_0} s.135 fontWeightAdjustment=0}
03-23 06:42:07.703 1512 1658 I WindowManager: Override config changes=40000000 {1.0 ?mcc?mnc [zh_CN] ldltr sw720dp w1706dp h652dp 240dpi lrg long hdr land finger -keyb/v/h -nav/h winConfig={ mBounds=Rect(0, 0 - 2560, 1080) mAppBounds=Rect(0, 0 - 2560, 1014) mMaxBounds=Rect(0, 0 - 2560, 1080) mWindowingMode=fullscreen mDisplayWindowingMode=fullscreen mActivityType=undefined mAlwaysOnTop=undefined mRotation=ROTATION_0} s.135 fontWeightAdjustment=0} for displayId=0
03-23 06:42:07.722 1512 1658 I wm_relaunch_resume_activity: [0,64326038,11,com.android.settings/.Settings]
03-23 06:42:07.723 2959 2959 I wm_on_top_resumed_lost_called: [64326038,com.android.settings.Settings,pausing]
03-23 06:42:07.724 1512 3344 I wm_relaunch_activity: [0,88042559,10,com.android.launcher3/.uioverrides.QuickstepLauncher]
03-23 06:42:07.724 1512 3344 I wm_add_to_stopping: [0,88042559,com.android.launcher3/.uioverrides.QuickstepLauncher,preloadRecents]
03-23 06:42:07.726 2959 2959 I sysui_multi_action: [757,340,758,2,1089,2936]
03-23 06:42:07.727 2959 2959 I sysui_multi_action: [757,35,758,2,1089,2939]
03-23 06:42:07.727 2959 2959 I wm_on_paused_called: [64326038,com.android.settings.Settings,performPause]
03-23 06:42:07.731 2959 2959 I wm_on_stop_called: [64326038,com.android.settings.Settings,handleRelaunchActivity]
03-23 06:42:07.735 2959 2959 I wm_on_destroy_called: [64326038,com.android.settings.Settings,performDestroy]
03-23 06:42:07.747 1512 3344 E UserRestrictionsUtils: Unknown restriction queried by uid 1000 (vendor.qti.qesdk.sysservice et al): null
03-23 06:42:07.747 1512 3344 E UserRestrictionsUtils: Unknown restriction queried by uid 1000 (vendor.qti.qesdk.sysservice et al): null
03-23 06:42:07.747 1512 3344 E UserRestrictionsUtils: Unknown restriction queried by uid 1000 (vendor.qti.qesdk.sysservice et al): null
03-23 06:42:07.747 1512 3344 E UserRestrictionsUtils: Unknown restriction queried by uid 1000 (vendor.qti.qesdk.sysservice et al): null
03-23 06:42:07.748 1512 3344 E UserRestrictionsUtils: Unknown restriction queried by uid 1000 (vendor.qti.qesdk.sysservice et al): null
03-23 06:42:07.748 1512 3344 E UserRestrictionsUtils: Unknown restriction queried by uid 1000 (vendor.qti.qesdk.sysservice et al): null
03-23 06:42:07.748 1512 3344 E UserRestrictionsUtils: Unknown restriction queried by uid 1000 (vendor.qti.qesdk.sysservice et al): null
03-23 06:42:07.748 1512 2466 E UserRestrictionsUtils: Unknown restriction queried by uid 1000 (vendor.qti.qesdk.sysservice et al): null
03-23 06:42:07.749 1512 2466 E UserRestrictionsUtils: Unknown restriction queried by uid 1000 (vendor.qti.qesdk.sysservice et al): null
03-23 06:42:07.749 1512 2466 E UserRestrictionsUtils: Unknown restriction queried by uid 1000 (vendor.qti.qesdk.sysservice et al): null
03-23 06:42:07.749 1512 2466 E UserRestrictionsUtils: Unknown restriction queried by uid 1000 (vendor.qti.qesdk.sysservice et al): null
03-23 06:42:07.749 1512 2466 E UserRestrictionsUtils: Unknown restriction queried by uid 1000 (vendor.qti.qesdk.sysservice et al): null
03-23 06:42:07.750 1512 2466 E UserRestrictionsUtils: Unknown restriction queried by uid 1000 (vendor.qti.qesdk.sysservice et al): null
03-23 06:42:07.750 1512 2466 E UserRestrictionsUtils: Unknown restriction queried by uid 1000 (vendor.qti.qesdk.sysservice et al): null
03-23 06:42:07.750 1512 3344 E UserRestrictionsUtils: Unknown restriction queried by uid 1000 (vendor.qti.qesdk.sysservice et al): null
03-23 06:42:07.750 1512 1990 E UserRestrictionsUtils: Unknown restriction queried by uid 1000 (vendor.qti.qesdk.sysservice et al): null
03-23 06:42:07.751 1512 2466 E UserRestrictionsUtils: Unknown restriction queried by uid 1000 (vendor.qti.qesdk.sysservice et al): null
03-23 06:42:07.751 1512 1990 E UserRestrictionsUtils: Unknown restriction queried by uid 1000 (vendor.qti.qesdk.sysservice et al): null
03-23 06:42:07.758 2866 2866 I wm_on_destroy_called: [88042559,com.android.launcher3.uioverrides.QuickstepLauncher,performDestroy]
03-23 06:42:07.765 1512 1990 E UserRestrictionsUtils: Unknown restriction queried by uid 1000 (vendor.qti.qesdk.sysservice et al): null
03-23 06:42:07.766 1512 1990 E UserRestrictionsUtils: Unknown restriction queried by uid 1000 (vendor.qti.qesdk.sysservice et al): null
03-23 06:42:07.766 1512 3344 E UserRestrictionsUtils: Unknown restriction queried by uid 1000 (vendor.qti.qesdk.sysservice et al): null
03-23 06:42:07.767 1512 3344 E UserRestrictionsUtils: Unknown restriction queried by uid 1000 (vendor.qti.qesdk.sysservice et al): null
03-23 06:42:07.767 1512 3344 E UserRestrictionsUtils: Unknown restriction queried by uid 1000 (vendor.qti.qesdk.sysservice et al): null
03-23 06:42:07.782 2959 2959 I wm_on_create_called: [64326038,com.android.settings.Settings,performCreate]
03-23 06:42:07.784 1512 3344 W FreeFormWindowHelper: Current Display FreeFormTask is null
03-23 06:42:07.798 2866 2866 I wm_on_create_called: [88042559,com.android.launcher3.uioverrides.QuickstepLauncher,performCreate]
03-23 06:42:07.798 1512 1990 E UserRestrictionsUtils: Unknown restriction queried by uid 1000 (vendor.qti.qesdk.sysservice et al): null
03-23 06:42:07.798 2866 2866 I wm_on_start_called: [88042559,com.android.launcher3.uioverrides.QuickstepLauncher,handleStartActivity]
03-23 06:42:07.798 1512 3353 E UserRestrictionsUtils: Unknown restriction queried by uid 1000 (vendor.qti.qesdk.sysservice et al): null
03-23 06:42:07.798 1512 3353 E UserRestrictionsUtils: Unknown restriction queried by uid 1000 (vendor.qti.qesdk.sysservice et al): null
03-23 06:42:07.799 1512 3344 E UserRestrictionsUtils: Unknown restriction queried by uid 1000 (vendor.qti.qesdk.sysservice et al): null
03-23 06:42:07.799 2866 2866 I wm_on_resume_called: [88042559,com.android.launcher3.uioverrides.QuickstepLauncher,LIFECYCLER_RESUME_ACTIVITY]
03-23 06:42:07.799 1512 3353 E UserRestrictionsUtils: Unknown restriction queried by uid 1000 (vendor.qti.qesdk.sysservice et al): null
03-23 06:42:07.799 1512 3344 E UserRestrictionsUtils: Unknown restriction queried by uid 1000 (vendor.qti.qesdk.sysservice et al): null
03-23 06:42:07.799 1512 3353 E UserRestrictionsUtils: Unknown restriction queried by uid 1000 (vendor.qti.qesdk.sysservice et al): null
03-23 06:42:07.800 1512 3353 E UserRestrictionsUtils: Unknown restriction queried by uid 1000 (vendor.qti.qesdk.sysservice et al): null
03-23 06:42:07.800 1512 3353 E UserRestrictionsUtils: Unknown restriction queried by uid 1000 (vendor.qti.qesdk.sysservice et al): null
03-23 06:42:07.800 1512 1990 E UserRestrictionsUtils: Unknown restriction queried by uid 1000 (vendor.qti.qesdk.sysservice et al): null
03-23 06:42:07.800 1512 3344 E UserRestrictionsUtils: Unknown restriction queried by uid 1000 (vendor.qti.qesdk.sysservice et al): null
03-23 06:42:07.801 1512 3344 E UserRestrictionsUtils: Unknown restriction queried by uid 1000 (vendor.qti.qesdk.sysservice et al): null
03-23 06:42:07.801 1512 1990 E UserRestrictionsUtils: Unknown restriction queried by uid 1000 (vendor.qti.qesdk.sysservice et al): null
03-23 06:42:07.801 1512 1990 E UserRestrictionsUtils: Unknown restriction queried by uid 1000 (vendor.qti.qesdk.sysservice et al): null
03-23 06:42:07.801 1512 1990 E UserRestrictionsUtils: Unknown restriction queried by uid 1000 (vendor.qti.qesdk.sysservice et al): null
03-23 06:42:07.801 1512 3344 E UserRestrictionsUtils: Unknown restriction queried by uid 1000 (vendor.qti.qesdk.sysservice et al): null
03-23 06:42:07.802 1512 3344 E UserRestrictionsUtils: Unknown restriction queried by uid 1000 (vendor.qti.qesdk.sysservice et al): null
03-23 06:42:07.802 1512 3344 E UserRestrictionsUtils: Unknown restriction queried by uid 1000 (vendor.qti.qesdk.sysservice et al): null
03-23 06:42:07.807 2866 2866 I wm_on_paused_called: [88042559,com.android.launcher3.uioverrides.QuickstepLauncher,performPause]
03-23 06:42:07.809 1512 1990 W FreeFormWindowHelper: Current Display FreeFormTask is null
03-23 06:42:07.814 2959 2959 I wm_on_start_called: [64326038,com.android.settings.Settings,handleStartActivity]
03-23 06:42:07.815 2959 2959 I snet_event_log: [120484087,-1,]
03-23 06:42:07.816 2959 2959 I wm_on_resume_called: [64326038,com.android.settings.Settings,RESUME_ACTIVITY]
03-23 06:42:07.816 2959 2959 I sysui_multi_action: [757,340,758,1,833,0,1089,73]
03-23 06:42:07.816 2959 2959 I sysui_multi_action: [757,35,758,1,833,0,1089,21]
03-23 06:42:07.818 2959 2959 I sysui_multi_action: [757,1729,758,4,854,isParalleledControllers:false,1089,23]
03-23 06:42:07.818 1512 2435 W FreeFormWindowHelper: Current Display FreeFormTask is null
03-23 06:42:07.819 2959 2959 I wm_on_top_resumed_gained_called: [64326038,com.android.settings.Settings,topWhenResuming]
03-23 06:42:07.822 1512 2435 I wm_stop_activity: [0,88042559,com.android.launcher3/.uioverrides.QuickstepLauncher]
03-23 06:42:07.828 2866 2866 I wm_on_stop_called: [88042559,com.android.launcher3.uioverrides.QuickstepLauncher,STOP_ACTIVITY_ITEM]
03-23 06:42:07.831 1512 1667 I am_pss : [4285,1000,com.android.localtransport,5327872,3768320,0,91336704,0,19,5]
03-23 06:42:07.837 1512 1667 I am_pss : [3938,10064,com.android.gallery3d,7454720,5386240,0,95342592,0,19,5]
03-23 06:42:07.843 1512 1667 I am_pss : [4224,10057,com.qualcomm.qti.qms.service.connectionsecurity,18665472,4431872,0,77377536,0,19,4]
03-23 06:42:07.867 1512 1659 I input_focus: [Focus request da62539 com.android.settings/com.android.settings.Settings,reason=UpdateInputWindows]
03-23 06:42:07.890 1512 1765 I commit_sys_config_file: [settings-1-0,3]
03-23 06:42:07.918 1512 3344 I WindowManager: finishDrawing of relaunch: Window{da62539 u0 com.android.settings/com.android.settings.Settings} 196ms
03-23 06:42:07.923 1512 1659 I WindowManager: Screen frozen for +213ms due to Window{da62539 u0 com.android.settings/com.android.settings.Settings}
03-23 06:42:07.945 1512 1816 I input_focus: [Focus entering da62539 com.android.settings/com.android.settings.Settings (server),reason=Window became focusable. Previous reason: NOT_VISIBLE]
03-23 06:42:07.981 1512 1816 I input_interaction: Interaction with: 2edafe7 StatusBar (server), swipe-up (server), edge-swipe (server), PointerEventDispatcher0 (server),
03-23 06:42:08.022 2361 2361 I sysui_multi_action: [757,803,799,panel_open,802,1]
03-23 06:42:08.023 2361 2361 I sysui_multi_action: [757,1328,758,4,1326,77,1327,1,1329,0]
01-01 13:44:53.194 0 0 I : read descriptors
01-01 13:44:53.195 0 0 I : read strings
03-23 06:42:08.768 2361 2361 I sysui_multi_action: [757,803,799,panel_open,802,1]
03-23 06:42:08.770 2361 2361 I sysui_multi_action: [757,1328,758,4,1326,71,1327,0,1329,0]
03-23 06:42:08.813 1512 2435 I sysui_multi_action: [757,127,758,1]
03-23 06:42:08.813 1512 2435 I sysui_multi_action: [757,804,799,note_load,801,2,802,1]
03-23 06:42:08.813 1512 2435 I notification_panel_revealed: 2
03-23 06:42:08.826 1512 1659 I input_focus: [Focus request f8e39da NotificationShade,reason=UpdateInputWindows]
03-23 06:42:08.847 1512 2435 I sysui_multi_action: [757,128,758,1,793,45559,794,0,795,45559,796,17303299,797,com.android.wifi,798,0,806,android,857,NETWORK_AVAILABLE,858,2,947,0,1395,2,1500,45357,1688,1]
03-23 06:42:08.848 1512 2435 I sysui_multi_action: [757,804,799,note_freshness,801,45559,802,1]
03-23 06:42:08.848 1512 2435 I notification_visibility: [0|android|17303299|com.android.wifi|1000,1,45559,45559,0,0]
03-23 06:42:08.848 1512 2435 I sysui_multi_action: [757,128,758,1,793,46328,794,0,795,46328,796,32,798,1,806,android,857,USB,858,1,947,0,1395,2,1500,46061,1688,1]
03-23 06:42:08.848 1512 2435 I sysui_multi_action: [757,804,799,note_freshness,801,46328,802,1]
03-23 06:42:08.848 1512 2435 I notification_visibility: [-1|android|32|null|1000,1,46328,46328,0,1]
03-23 06:42:08.849 2361 2361 I sysui_multi_action: [757,111,758,1]
03-23 06:42:08.849 2361 2361 I sysui_multi_action: [757,126,758,1,759,126,927,0,928,1,1593,0]
03-23 06:42:08.849 2361 2361 I sysui_multi_action: [757,113,758,1,759,113,927,1,928,1,1593,0]
03-23 06:42:08.849 2361 2361 I sysui_multi_action: [757,0,758,1,759,0,927,2,928,0,1593,0]
03-23 06:42:08.849 2361 2361 I sysui_multi_action: [757,0,758,1,759,0,927,3,928,0,1593,0]
03-23 06:42:08.850 2361 2361 I sysui_multi_action: [757,491,758,1,759,491,927,4,928,0,1311,-1,1593,0]
03-23 06:42:08.850 2361 2361 I sysui_multi_action: [757,0,758,1,759,0,927,5,928,0,1593,0]
03-23 06:42:08.850 2361 2361 I sysui_multi_action: [757,111,758,1]
03-23 06:42:08.850 2361 2361 I sysui_multi_action: [757,126,758,1,759,126,927,0,928,1,1593,0]
03-23 06:42:08.850 2361 2361 I sysui_multi_action: [757,113,758,1,759,113,927,1,928,1,1593,0]
03-23 06:42:08.850 2361 2361 I sysui_multi_action: [757,0,758,1,759,0,927,2,928,0,1593,0]
03-23 06:42:08.850 2361 2361 I sysui_multi_action: [757,0,758,1,759,0,927,3,928,0,1593,0]
03-23 06:42:08.857 1512 1816 I input_focus: [Focus leaving da62539 com.android.settings/com.android.settings.Settings (server),reason=setFocusedWindow]
03-23 06:42:08.857 1512 1816 I input_focus: [Focus entering f8e39da NotificationShade (server),reason=setFocusedWindow]
01-01 13:44:54.214 0 0 I : read descriptors
01-01 13:44:54.215 0 0 I : read strings
01-01 13:44:54.227 0 0 E DTC_Display: screen not ready
03-23 06:42:09.936 1512 1816 I input_interaction: Interaction with: f8e39da NotificationShade (server), swipe-up (server), edge-swipe (server), PointerEventDispatcher0 (server),
03-23 06:42:10.210 1512 2301 I GameModeConfig: isGameModeOn = false
03-23 06:42:10.210 1512 2301 I GameModeConfig: isGameModeOn = false
03-23 06:42:10.210 1512 2301 I GameModeConfig: isGameModeOn = false
03-23 06:42:10.210 1512 2301 I GameModeConfig: isGameModeOn = false
03-23 06:42:10.211 1512 1512 I notification_enqueue: [10077,2361,com.android.systemui,2048,NULL,0,Notification(channel=updateNotification shortcut=null contentView=null vibrate=null sound=null defaults=0x0 flags=0x0 color=0x00000000 vis=PRIVATE),1]
03-23 06:42:10.211 2361 2361 I sysui_multi_action: [757,111,758,2]
03-23 06:42:10.212 2361 2361 I sysui_multi_action: [757,111,758,2]
03-23 06:42:10.287 1512 1659 I input_focus: [Focus request da62539 com.android.settings/com.android.settings.Settings,reason=UpdateInputWindows]
03-23 06:42:10.292 1512 2435 I sysui_multi_action: [757,128,758,2,793,47004,794,1445,795,47004,796,17303299,797,com.android.wifi,798,0,806,android,857,NETWORK_AVAILABLE,858,2,947,0,1395,2,1500,46802,1688,1]
03-23 06:42:10.293 1512 2435 I notification_visibility: [0|android|17303299|com.android.wifi|1000,0,47004,47004,0,0]
03-23 06:42:10.293 1512 2435 I sysui_multi_action: [757,128,758,2,793,47773,794,1445,795,47773,796,32,798,1,806,android,857,USB,858,1,947,0,1395,2,1500,47506,1688,1]
03-23 06:42:10.293 1512 2435 I notification_visibility: [-1|android|32|null|1000,0,47773,47773,0,1]
03-23 06:42:10.293 1512 1990 I sysui_multi_action: [757,127,758,2]
03-23 06:42:10.293 1512 1990 I notification_panel_hidden:
03-23 06:42:10.310 1512 1816 I input_focus: [Focus leaving f8e39da NotificationShade (server),reason=NO_WINDOW]
03-23 06:42:10.311 1512 1816 I input_focus: [Focus entering da62539 com.android.settings/com.android.settings.Settings (server),reason=setFocusedWindow]
01-01 13:44:55.235 0 0 I : read descriptors
01-01 13:44:55.235 0 0 I : read strings
03-23 06:42:10.415 1512 1512 I GameModeConfig: isGameModeOn = false
03-23 06:42:10.641 1512 1816 I input_interaction: Interaction with: da62539 com.android.settings/com.android.settings.Settings (server), swipe-up (server), edge-swipe (server), PointerEventDispatcher0 (server),
01-01 13:44:56.026 0 0 I init : Sending signal 9 to service 'idmap2d' (pid 4744) process group...
01-01 13:44:56.032 0 0 I libprocessgroup: Successfully killed process cgroup uid 1000 pid 4744 in 5ms
03-23 06:42:11.165 1512 1658 I configuration_changed: 1073741824
03-23 06:42:11.166 1512 1658 I ActivityTaskManager: Config changes=40000000 {1.15 ?mcc?mnc [zh_CN] ldltr sw720dp w1706dp h652dp 240dpi lrg long hdr land finger -keyb/v/h -nav/h winConfig={ mBounds=Rect(0, 0 - 2560, 1080) mAppBounds=Rect(0, 0 - 2560, 1014) mMaxBounds=Rect(0, 0 - 2560, 1080) mWindowingMode=fullscreen mDisplayWindowingMode=fullscreen mActivityType=undefined mAlwaysOnTop=undefined mRotation=ROTATION_0} s.194 fontWeightAdjustment=0}
03-23 06:42:11.174 1512 3353 W OverlayManager: service 'idmap' died
03-23 06:42:11.185 1512 1658 I WindowManager: Override config changes=40000000 {1.15 ?mcc?mnc [zh_CN] ldltr sw720dp w1706dp h652dp 240dpi lrg long hdr land finger -keyb/v/h -nav/h winConfig={ mBounds=Rect(0, 0 - 2560, 1080) mAppBounds=Rect(0, 0 - 2560, 1014) mMaxBounds=Rect(0, 0 - 2560, 1080) mWindowingMode=fullscreen mDisplayWindowingMode=fullscreen mActivityType=undefined mAlwaysOnTop=undefined mRotation=ROTATION_0} s.194 fontWeightAdjustment=0} for displayId=0
01-01 13:44:56.042 0 0 I init : Control message: Processed ctl.stop for 'idmap2d' from pid: 1512 (system_server)
01-01 13:44:56.047 0 0 I init : Service 'idmap2d' (pid 4744) received signal 9
03-23 06:42:11.205 1512 1707 I commit_sys_config_file: [package-user-0,2]
03-23 06:42:11.210 1512 1658 I wm_relaunch_resume_activity: [0,64326038,11,com.android.settings/.Settings]
03-23 06:42:11.210 2959 2959 I wm_on_top_resumed_lost_called: [64326038,com.android.settings.Settings,pausing]
03-23 06:42:11.211 2959 2959 I sysui_multi_action: [757,340,758,2,1089,3395]
03-23 06:42:11.211 1512 3344 I wm_relaunch_activity: [0,88042559,10,com.android.launcher3/.uioverrides.QuickstepLauncher]
03-23 06:42:11.212 1512 3344 I wm_add_to_stopping: [0,88042559,com.android.launcher3/.uioverrides.QuickstepLauncher,preloadRecents]
03-23 06:42:11.212 2959 2959 I sysui_multi_action: [757,35,758,2,1089,3396]
03-23 06:42:11.212 2959 2959 I wm_on_paused_called: [64326038,com.android.settings.Settings,performPause]
03-23 06:42:11.217 2959 2959 I wm_on_stop_called: [64326038,com.android.settings.Settings,handleRelaunchActivity]
03-23 06:42:11.220 2959 2959 I wm_on_destroy_called: [64326038,com.android.settings.Settings,performDestroy]
03-23 06:42:11.233 1512 3353 E UserRestrictionsUtils: Unknown restriction queried by uid 1000 (vendor.qti.qesdk.sysservice et al): null
03-23 06:42:11.233 1512 1990 E UserRestrictionsUtils: Unknown restriction queried by uid 1000 (vendor.qti.qesdk.sysservice et al): null
03-23 06:42:11.233 1512 2466 E UserRestrictionsUtils: Unknown restriction queried by uid 1000 (vendor.qti.qesdk.sysservice et al): null
03-23 06:42:11.234 1512 3353 E UserRestrictionsUtils: Unknown restriction queried by uid 1000 (vendor.qti.qesdk.sysservice et al): null
03-23 06:42:11.234 1512 2466 E UserRestrictionsUtils: Unknown restriction queried by uid 1000 (vendor.qti.qesdk.sysservice et al): null
03-23 06:42:11.234 1512 2466 E UserRestrictionsUtils: Unknown restriction queried by uid 1000 (vendor.qti.qesdk.sysservice et al): null
03-23 06:42:11.234 1512 2466 E UserRestrictionsUtils: Unknown restriction queried by uid 1000 (vendor.qti.qesdk.sysservice et al): null
03-23 06:42:11.234 1512 2466 E UserRestrictionsUtils: Unknown restriction queried by uid 1000 (vendor.qti.qesdk.sysservice et al): null
03-23 06:42:11.235 1512 2466 E UserRestrictionsUtils: Unknown restriction queried by uid 1000 (vendor.qti.qesdk.sysservice et al): null
03-23 06:42:11.235 1512 2466 E UserRestrictionsUtils: Unknown restriction queried by uid 1000 (vendor.qti.qesdk.sysservice et al): null
03-23 06:42:11.235 1512 2466 E UserRestrictionsUtils: Unknown restriction queried by uid 1000 (vendor.qti.qesdk.sysservice et al): null
03-23 06:42:11.235 1512 2466 E UserRestrictionsUtils: Unknown restriction queried by uid 1000 (vendor.qti.qesdk.sysservice et al): null
03-23 06:42:11.235 1512 2466 E UserRestrictionsUtils: Unknown restriction queried by uid 1000 (vendor.qti.qesdk.sysservice et al): null
03-23 06:42:11.236 1512 1990 E UserRestrictionsUtils: Unknown restriction queried by uid 1000 (vendor.qti.qesdk.sysservice et al): null
03-23 06:42:11.236 1512 2466 E UserRestrictionsUtils: Unknown restriction queried by uid 1000 (vendor.qti.qesdk.sysservice et al): null
03-23 06:42:11.236 1512 1611 E UserRestrictionsUtils: Unknown restriction queried by uid 1000 (vendor.qti.qesdk.sysservice et al): null
03-23 06:42:11.236 1512 2435 E UserRestrictionsUtils: Unknown restriction queried by uid 1000 (vendor.qti.qesdk.sysservice et al): null
03-23 06:42:11.236 1512 4101 E UserRestrictionsUtils: Unknown restriction queried by uid 1000 (vendor.qti.qesdk.sysservice et al): null --------- beginning of main
03-23 06:42:11.243 2866 2866 D Launcher.Model: startLoader
03-23 06:42:11.243 2866 2866 D Launcher.Model: java.lang.Exception
03-23 06:42:11.243 2866 2866 D Launcher.Model: at com.android.launcher3.LauncherModel.startLoader(LauncherModel.java:353)
03-23 06:42:11.243 2866 2866 D Launcher.Model: at com.android.launcher3.LauncherModel.removeCallbacks(LauncherModel.java:320)
03-23 06:42:11.243 2866 2866 D Launcher.Model: at com.android.launcher3.Launcher.onDestroy(Launcher.java:1772)
03-23 06:42:11.243 2866 2866 D Launcher.Model: at com.android.launcher3.BaseQuickstepLauncher.onDestroy(BaseQuickstepLauncher.java:163)
03-23 06:42:11.243 2866 2866 D Launcher.Model: at com.android.launcher3.uioverrides.QuickstepLauncher.onDestroy(QuickstepLauncher.java:239)
03-23 06:42:11.243 2866 2866 D Launcher.Model: at android.app.Activity.performDestroy(Activity.java:8350)
03-23 06:42:11.243 2866 2866 D Launcher.Model: at android.app.Instrumentation.callActivityOnDestroy(Instrumentation.java:1365)
03-23 06:42:11.243 2866 2866 D Launcher.Model: at android.app.ActivityThread.performDestroyActivity(ActivityThread.java:5375)
03-23 06:42:11.243 2866 2866 D Launcher.Model: at android.app.ActivityThread.handleDestroyActivity(ActivityThread.java:5421)
