03-23 06:42:11.243 2866 2866 D Launcher.Model: at android.app.ActivityThread.handleRelaunchActivityInner(ActivityThread.java:5715)
03-23 06:42:11.243 2866 2866 D Launcher.Model: at android.app.ActivityThread.handleRelaunchActivity(ActivityThread.java:5631)
03-23 06:42:11.243 2866 2866 D Launcher.Model: at android.app.servertransaction.ActivityRelaunchItem.execute(ActivityRelaunchItem.java:71)
03-23 06:42:11.243 2866 2866 D Launcher.Model: at android.app.servertransaction.ActivityTransactionItem.execute(ActivityTransactionItem.java:45)
03-23 06:42:11.243 2866 2866 D Launcher.Model: at android.app.servertransaction.TransactionExecutor.executeCallbacks(TransactionExecutor.java:135)
03-23 06:42:11.243 2866 2866 D Launcher.Model: at android.app.servertransaction.TransactionExecutor.execute(TransactionExecutor.java:95)
03-23 06:42:11.243 2866 2866 D Launcher.Model: at android.app.ActivityThread$H.handleMessage(ActivityThread.java:2211)
03-23 06:42:11.243 2866 2866 D Launcher.Model: at android.os.Handler.dispatchMessage(Handler.java:106)
03-23 06:42:11.243 2866 2866 D Launcher.Model: at android.os.Looper.loopOnce(Looper.java:201)
03-23 06:42:11.243 2866 2866 D Launcher.Model: at android.os.Looper.loop(Looper.java:288)
03-23 06:42:11.243 2866 2866 D Launcher.Model: at android.app.ActivityThread.main(ActivityThread.java:7880)
03-23 06:42:11.243 2866 2866 D Launcher.Model: at java.lang.reflect.Method.invoke(Native Method)
03-23 06:42:11.243 2866 2866 D Launcher.Model: at com.android.internal.os.RuntimeInit$MethodAndArgsCaller.run(RuntimeInit.java:548)
03-23 06:42:11.243 2866 2866 D Launcher.Model: at com.android.internal.os.ZygoteInit.main(ZygoteInit.java:1009)
03-23 06:42:11.243 2866 2934 D LoaderTask: loadWorkspace
03-23 06:42:11.243 2866 2934 D LoaderTask: Cancelled
03-23 06:42:11.244 2788 2832 D ProtectUartService: received unRegisterListener token:LAUNCHER_VOLTAGE_PROTECT
03-23 06:42:11.244 2866 2866 I wm_on_destroy_called: [88042559,com.android.launcher3.uioverrides.QuickstepLauncher,performDestroy]
03-23 06:42:11.245 1512 2466 W InputManager-JNI: Input channel object '90380cc com.android.launcher3/com.android.launcher3.uioverrides.QuickstepLauncher (client)' was disposed without first being removed with the input manager!
03-23 06:42:11.246 2959 2959 D PrefCtrlListHelper: Could not find Context-only controller for pref: com.android.settings.display.AutoBrightnessPreferenceController
03-23 06:42:11.246 2959 2959 D PrefCtrlListHelper: Could not find Context-only controller for pref: com.android.settings.security.screenlock.LockScreenPreferenceController
03-23 06:42:11.246 2959 2959 D PrefCtrlListHelper: Could not find Context-only controller for pref: com.android.settings.display.DarkUIPreferenceController
03-23 06:42:11.246 2959 2959 D PrefCtrlListHelper: Could not find Context-only controller for pref: com.android.settings.display.FontSizePreferenceController
03-23 06:42:11.246 2959 2959 D PrefCtrlListHelper: Could not find Context-only controller for pref: com.android.settings.display.NightDisplayPreferenceController
03-23 06:42:11.247 2959 2959 D PrefCtrlListHelper: Could not find Context-only controller for pref: com.android.settings.display.ColorModePreferenceController
03-23 06:42:11.247 2959 2959 D PrefCtrlListHelper: Could not find Context-only controller for pref: com.android.settings.display.AutoRotatePreferenceController
03-23 06:42:11.247 2959 2959 D PrefCtrlListHelper: Could not find Context-only controller for pref: com.android.settings.display.DisplayWhiteBalancePreferenceController
03-23 06:42:11.247 2959 2959 D PrefCtrlListHelper: Could not find Context-only controller for pref: com.android.settings.display.PeakRefreshRatePreferenceController
03-23 06:42:11.247 2959 2959 D RefreshRatePrefCtr: DEFAULT_REFRESH_RATE : 60.0 mPeakRefreshRate : 60.0
03-23 06:42:11.247 2959 2959 D PrefCtrlListHelper: Could not find Context-only controller for pref: com.android.settings.display.HotSeatDirPreferenceController
03-23 06:42:11.248 1512 4101 E UserRestrictionsUtils: Unknown restriction queried by uid 1000 (vendor.qti.qesdk.sysservice et al): null
03-23 06:42:11.249 1512 3353 E UserRestrictionsUtils: Unknown restriction queried by uid 1000 (vendor.qti.qesdk.sysservice et al): null
03-23 06:42:11.249 1512 2466 E UserRestrictionsUtils: Unknown restriction queried by uid 1000 (vendor.qti.qesdk.sysservice et al): null
03-23 06:42:11.249 1512 3353 E UserRestrictionsUtils: Unknown restriction queried by uid 1000 (vendor.qti.qesdk.sysservice et al): null
03-23 06:42:11.250 1512 2466 E UserRestrictionsUtils: Unknown restriction queried by uid 1000 (vendor.qti.qesdk.sysservice et al): null
03-23 06:42:11.251 2959 2959 D DisplaySettings: NO dashboard tiles for DisplaySettings
03-23 06:42:11.251 2959 2959 D DisplaySettings: All preferences added, reporting fully drawn
03-23 06:42:11.252 2866 2866 D DeviceProfile: updateIconDrawableOffset: folderIconSizePx=80
03-23 06:42:11.254 2361 2361 D StatusBar: disable disable2
03-23 06:42:11.255 2959 2959 I SettingsHomepageActivity: SettingsHomepageActivity: onCreate
03-23 06:42:11.257 2361 2361 W ConstraintSet: id unknown center_vertical_guideline
03-23 06:42:11.257 2361 2361 W ConstraintSet: id unknown center_horizontal_guideline
03-23 06:42:11.257 2361 2361 W ConstraintSet: id unknown media_action_barrier
03-23 06:42:11.257 2361 2361 W ConstraintSet: id unknown remove_text
03-23 06:42:11.257 2361 2361 W ConstraintSet: id unknown settings
03-23 06:42:11.257 2361 2361 W ConstraintSet: id unknown cancel
03-23 06:42:11.257 2361 2361 W ConstraintSet: id unknown dismiss
03-23 06:42:11.279 2361 2361 W ConstraintSet: id unknown center_vertical_guideline
03-23 06:42:11.279 2361 2361 W ConstraintSet: id unknown center_horizontal_guideline
03-23 06:42:11.279 2361 2361 W ConstraintSet: id unknown media_action_barrier
03-23 06:42:11.279 2361 2361 W ConstraintSet: id unknown remove_text
03-23 06:42:11.279 2361 2361 W ConstraintSet: id unknown settings
03-23 06:42:11.279 2361 2361 W ConstraintSet: id unknown cancel
03-23 06:42:11.279 2361 2361 W ConstraintSet: id unknown dismiss
03-23 06:42:11.291 2361 2361 D KeyguardViewMediator: adjustStatusBarLocked: mShowing=false mOccluded=false isSecure=false force=false --> flags=0x0
03-23 06:42:11.296 2361 2361 V KeyguardUpdateMonitor: *** unregister callback for com.android.keyguard.AnimatableClockController$4@a7b900e
03-23 06:42:11.297 2361 2361 V KeyguardUpdateMonitor: *** unregister callback for com.android.keyguard.AnimatableClockController$4@50149c5
03-23 06:42:11.298 2361 2361 V KeyguardUpdateMonitor: *** unregister callback for com.android.keyguard.KeyguardStatusViewController$2@79d92e6
03-23 06:42:11.305 2361 2361 V KeyguardUpdateMonitor: *** register callback for com.android.keyguard.AnimatableClockController$4@4e5f85
03-23 06:42:11.305 2361 2361 V KeyguardUpdateMonitor: *** unregister callback for null
03-23 06:42:11.306 2361 2361 V KeyguardUpdateMonitor: *** register callback for com.android.keyguard.AnimatableClockController$4@845ce8
03-23 06:42:11.306 2361 2361 V KeyguardUpdateMonitor: *** unregister callback for null
03-23 06:42:11.308 2361 2361 V KeyguardUpdateMonitor: *** register callback for com.android.keyguard.KeyguardStatusViewController$2@d3dfa3d
03-23 06:42:11.308 2361 2361 V KeyguardUpdateMonitor: *** unregister callback for null
03-23 06:42:11.309 2361 2361 V KeyguardUpdateMonitor: *** unregister callback for com.android.keyguard.EmergencyButtonController$1@9452170
03-23 06:42:11.310 2361 2361 V KeyguardUpdateMonitor: *** unregister callback for com.android.systemui.statusbar.phone.KeyguardBottomAreaView$9@f812122
03-23 06:42:11.311 2361 2463 D ControlsListingControllerImpl: Unsubscribing callback
03-23 06:42:11.315 2361 2361 V KeyguardUpdateMonitor: *** register callback for com.android.systemui.statusbar.phone.KeyguardBottomAreaView$9@1d2a6a9
03-23 06:42:11.315 2361 2361 V KeyguardUpdateMonitor: *** unregister callback for null
03-23 06:42:11.317 2361 2463 D ControlsListingControllerImpl: Subscribing callback, service count: 0
03-23 06:42:11.317 1512 1990 W FreeFormWindowHelper: Current Display FreeFormTask is null
03-23 06:42:11.318 2361 2361 V KeyguardUpdateMonitor: *** register callback for com.android.keyguard.EmergencyButtonController$1@4761bcf
03-23 06:42:11.318 2361 2361 V KeyguardUpdateMonitor: *** unregister callback for null
03-23 06:42:11.318 2866 2866 E ThemeUtils: View class com.android.quickstep.views.ClearAllImageView is an AppCompat widget that can only be used with a Theme.AppCompat theme (or descendant).
03-23 06:42:11.319 2361 2361 E EmergencyButton: Fail to call TelephonyManager.requestCellInfoUpdate
03-23 06:42:11.319 2361 2361 E EmergencyButton: java.lang.IllegalStateException: Telephony is null
03-23 06:42:11.319 2361 2361 E EmergencyButton: at android.telephony.TelephonyManager.requestCellInfoUpdate(TelephonyManager.java:6362)
03-23 06:42:11.319 2361 2361 E EmergencyButton: at com.android.keyguard.EmergencyButtonController.requestCellInfoUpdate(EmergencyButtonController.java:182)
03-23 06:42:11.319 2361 2361 E EmergencyButton: at com.android.keyguard.EmergencyButtonController.access$100(EmergencyButtonController.java:51)
03-23 06:42:11.319 2361 2361 E EmergencyButton: at com.android.keyguard.EmergencyButtonController$1.onPhoneStateChanged(EmergencyButtonController.java:77)
03-23 06:42:11.319 2361 2361 E EmergencyButton: at com.android.keyguard.KeyguardUpdateMonitor.sendUpdates(KeyguardUpdateMonitor.java:3085)
03-23 06:42:11.319 2361 2361 E EmergencyButton: at com.android.keyguard.KeyguardUpdateMonitor.registerCallback(KeyguardUpdateMonitor.java:3062)
03-23 06:42:11.319 2361 2361 E EmergencyButton: at com.android.keyguard.EmergencyButtonController.onViewAttached(EmergencyButtonController.java:119)
03-23 06:42:11.319 2361 2361 E EmergencyButton: at com.android.systemui.util.ViewController$1.onViewAttachedToWindow(ViewController.java:52)
03-23 06:42:11.319 2361 2361 E EmergencyButton: at com.android.systemui.util.ViewController.init(ViewController.java:80)
03-23 06:42:11.319 2361 2361 E EmergencyButton: at com.android.systemui.statusbar.phone.NotificationPanelViewController.initBottomArea(NotificationPanelViewController.java:1201)
03-23 06:42:11.319 2361 2361 E EmergencyButton: at com.android.systemui.statusbar.phone.NotificationPanelViewController.reInflateViews(NotificationPanelViewController.java:1154)
03-23 06:42:11.319 2361 2361 E EmergencyButton: at com.android.systemui.statusbar.phone.NotificationPanelViewController.access$10100(NotificationPanelViewController.java:184)
03-23 06:42:11.319 2361 2361 E EmergencyButton: at com.android.systemui.statusbar.phone.NotificationPanelViewController$ConfigurationListener.onDensityOrFontScaleChanged(NotificationPanelViewController.java:4419)
03-23 06:42:11.319 2361 2361 E EmergencyButton: at com.android.systemui.statusbar.phone.ConfigurationControllerImpl.onConfigurationChanged(ConfigurationControllerImpl.kt:74)
03-23 06:42:11.319 2361 2361 E EmergencyButton: at com.android.systemui.SystemUIApplication.onConfigurationChanged(SystemUIApplication.java:247)
03-23 06:42:11.319 2361 2361 E EmergencyButton: at android.app.ConfigurationController.performConfigurationChanged(ConfigurationController.java:273)
03-23 06:42:11.319 2361 2361 E EmergencyButton: at android.app.ConfigurationController.handleConfigurationChanged(ConfigurationController.java:240)
03-23 06:42:11.319 2361 2361 E EmergencyButton: at android.app.ConfigurationController.handleConfigurationChanged(ConfigurationController.java:138)
03-23 06:42:11.319 2361 2361 E EmergencyButton: at android.app.ActivityThread.handleConfigurationChanged(ActivityThread.java:5948)
03-23 06:42:11.319 2361 2361 E EmergencyButton: at android.app.servertransaction.ConfigurationChangeItem.execute(ConfigurationChangeItem.java:43)
03-23 06:42:11.319 2361 2361 E EmergencyButton: at android.app.servertransaction.TransactionExecutor.executeCallbacks(TransactionExecutor.java:135)
03-23 06:42:11.319 2361 2361 E EmergencyButton: at android.app.servertransaction.TransactionExecutor.execute(TransactionExecutor.java:95)
03-23 06:42:11.319 2361 2361 E EmergencyButton: at android.app.ActivityThread$H.handleMessage(ActivityThread.java:2211)
03-23 06:42:11.319 2361 2361 E EmergencyButton: at android.os.Handler.dispatchMessage(Handler.java:106)
03-23 06:42:11.319 2361 2361 E EmergencyButton: at android.os.Looper.loopOnce(Looper.java:201)
03-23 06:42:11.319 2361 2361 E EmergencyButton: at android.os.Looper.loop(Looper.java:288)
03-23 06:42:11.319 2361 2361 E EmergencyButton: at android.app.ActivityThread.main(ActivityThread.java:7880)
03-23 06:42:11.319 2361 2361 E EmergencyButton: at java.lang.reflect.Method.invoke(Native Method)
03-23 06:42:11.319 2361 2361 E EmergencyButton: at com.android.internal.os.RuntimeInit$MethodAndArgsCaller.run(RuntimeInit.java:548)
03-23 06:42:11.319 2361 2361 E EmergencyButton: at com.android.internal.os.ZygoteInit.main(ZygoteInit.java:1009)
03-23 06:42:11.325 2866 2866 D EditModeHelper: setHotseatVisibility: 0
03-23 06:42:11.326 2866 2866 D Launcher.Model: startLoader
03-23 06:42:11.326 2866 2866 D Launcher.Model: java.lang.Exception
03-23 06:42:11.326 2866 2866 D Launcher.Model: at com.android.launcher3.LauncherModel.startLoader(LauncherModel.java:353)
03-23 06:42:11.326 2866 2866 D Launcher.Model: at com.android.launcher3.LauncherModel.addCallbacksAndLoad(LauncherModel.java:333)
03-23 06:42:11.326 2866 2866 D Launcher.Model: at com.android.launcher3.Launcher.onCreate(Launcher.java:529)
03-23 06:42:11.326 2866 2866 D Launcher.Model: at com.android.launcher3.BaseQuickstepLauncher.onCreate(BaseQuickstepLauncher.java:147)
03-23 06:42:11.326 2866 2866 D Launcher.Model: at android.app.Activity.performCreate(Activity.java:8085)
03-23 06:42:11.326 2866 2866 D Launcher.Model: at android.app.Activity.performCreate(Activity.java:8065)
03-23 06:42:11.326 2866 2866 D Launcher.Model: at android.app.Instrumentation.callActivityOnCreate(Instrumentation.java:1330)
03-23 06:42:11.326 2866 2866 D Launcher.Model: at android.app.ActivityThread.performLaunchActivity(ActivityThread.java:3609)
03-23 06:42:11.326 2866 2866 D Launcher.Model: at android.app.ActivityThread.handleLaunchActivity(ActivityThread.java:3793)
03-23 06:42:11.326 2866 2866 D Launcher.Model: at android.app.ActivityThread.handleRelaunchActivityInner(ActivityThread.java:5739)
03-23 06:42:11.326 2866 2866 D Launcher.Model: at android.app.ActivityThread.handleRelaunchActivity(ActivityThread.java:5631)
03-23 06:42:11.326 2866 2866 D Launcher.Model: at android.app.servertransaction.ActivityRelaunchItem.execute(ActivityRelaunchItem.java:71)
03-23 06:42:11.326 2866 2866 D Launcher.Model: at android.app.servertransaction.ActivityTransactionItem.execute(ActivityTransactionItem.java:45)
03-23 06:42:11.326 2866 2866 D Launcher.Model: at android.app.servertransaction.TransactionExecutor.executeCallbacks(TransactionExecutor.java:135)
03-23 06:42:11.326 2866 2866 D Launcher.Model: at android.app.servertransaction.TransactionExecutor.execute(TransactionExecutor.java:95)
03-23 06:42:11.326 2866 2866 D Launcher.Model: at android.app.ActivityThread$H.handleMessage(ActivityThread.java:2211)
03-23 06:42:11.326 2866 2866 D Launcher.Model: at android.os.Handler.dispatchMessage(Handler.java:106)
03-23 06:42:11.326 2866 2866 D Launcher.Model: at android.os.Looper.loopOnce(Looper.java:201)
03-23 06:42:11.326 2866 2866 D Launcher.Model: at android.os.Looper.loop(Looper.java:288)
03-23 06:42:11.326 2866 2866 D Launcher.Model: at android.app.ActivityThread.main(ActivityThread.java:7880)
03-23 06:42:11.326 2866 2866 D Launcher.Model: at java.lang.reflect.Method.invoke(Native Method)
03-23 06:42:11.326 2866 2866 D Launcher.Model: at com.android.internal.os.RuntimeInit$MethodAndArgsCaller.run(RuntimeInit.java:548)
03-23 06:42:11.326 2866 2866 D Launcher.Model: at com.android.internal.os.ZygoteInit.main(ZygoteInit.java:1009)
03-23 06:42:11.327 2866 2934 D LoaderTask: loadWorkspace: loading default favorites
03-23 06:42:11.327 2866 2934 D LauncherProvider: call: method=load_default_favorites,arg=null,extras=null
03-23 06:42:11.329 2788 2832 D ProtectUartService: received RegisterListener token:LAUNCHER_VOLTAGE_PROTECT
03-23 06:42:11.329 2866 2866 I wm_on_create_called: [88042559,com.android.launcher3.uioverrides.QuickstepLauncher,performCreate]
03-23 06:42:11.329 2866 2866 I wm_on_start_called: [88042559,com.android.launcher3.uioverrides.QuickstepLauncher,handleStartActivity]
03-23 06:42:11.330 2866 2866 I wm_on_resume_called: [88042559,com.android.launcher3.uioverrides.QuickstepLauncher,LIFECYCLER_RESUME_ACTIVITY]
03-23 06:42:11.332 2866 2866 I wm_on_paused_called: [88042559,com.android.launcher3.uioverrides.QuickstepLauncher,performPause]
03-23 06:42:11.334 2866 2934 D BaseIconFactory: normalizeAndWrapToAdaptiveIcon: scale=0.8096529
03-23 06:42:11.336 2866 2934 D BaseIconFactory: normalizeAndWrapToAdaptiveIcon: scale=0.8096529
03-23 06:42:11.336 1512 4101 W FreeFormWindowHelper: Current Display FreeFormTask is null
03-23 06:42:11.336 2866 2866 D FreeWindowContainer: reloadTask: null
03-23 06:42:11.340 2866 2934 D BaseIconFactory: normalizeAndWrapToAdaptiveIcon: scale=0.8096529
03-23 06:42:11.342 2866 2866 D EditModeHelper: setHotseatVisibility: 0
03-23 06:42:11.343 1512 2466 W InputManager-JNI: Input channel object '856c63f EdgeBackGestureHandler0 (client)' was disposed without first being removed with the input manager!
03-23 06:42:11.345 1512 3353 W InputManager-JNI: Input channel object '1ab1886 SecondaryHomeHandle0 (client)' was disposed without first being removed with the input manager!
03-23 06:42:11.346 2866 2934 D BaseIconFactory: normalizeAndWrapToAdaptiveIcon: scale=0.8085681
03-23 06:42:11.347 1512 1990 W FreeFormWindowHelper: Current Display FreeFormTask is null
03-23 06:42:11.349 2866 2934 D BaseIconFactory: normalizeAndWrapToAdaptiveIcon: scale=0.81813693
03-23 06:42:11.350 2866 2934 D LoaderTask: loadWorkspace
03-23 06:42:11.351 2866 2934 D LauncherProvider: call: method=remove_ghost_widgets,arg=null,extras=null
03-23 06:42:11.352 2866 2934 D LoaderTask: sanitizeData
03-23 06:42:11.352 2866 2934 D LoaderTask: bindWorkspace
03-23 06:42:11.353 2866 2934 D LoaderTask: sendFirstScreenActiveInstallsBroadcast
03-23 06:42:11.354 2866 2866 W View : requestLayout() improperly called by com.android.launcher3.views.NoInsetView{d15eedd V.ED..... ......ID 0,0-342,1080 #7f09007c app:id/bg_hotseat} during layout: running second layout pass
03-23 06:42:11.355 2959 2959 D AvatarViewMixin: Feature disabled by config. Skipping
03-23 06:42:11.356 2959 2959 I wm_on_create_called: [64326038,com.android.settings.Settings,performCreate]
03-23 06:42:11.356 2988 3838 D QCCAuthMgr: SMQContentProvider query uri: content://com.qti.smq.Feedback.provider/smq_settings, selection: key=?, uri_matcher: 1
03-23 06:42:11.356 2988 3838 D QCCAuthMgr: SMQContentProvider query tableName: smq_settings
03-23 06:42:11.358 1512 4101 I InputDispatcher: Created monitor edge-swipe for display 0, gesture=true, pid=2361
03-23 06:42:11.358 2866 2866 D HotseatController: adjustPadding: height=800,size=1
03-23 06:42:11.358 2866 2866 D HotseatController: adjustPadding: height=800,size=2
03-23 06:42:11.359 2866 2866 D HotseatController: adjustPadding: height=800,size=3
03-23 06:42:11.359 2866 2866 D HotseatController: adjustPadding: height=800,size=4
03-23 06:42:11.360 2866 2866 D HotseatController: clearEmptyGrid: size=4
03-23 06:42:11.360 2866 2866 D HotseatController: adjustPadding: height=800,size=4
03-23 06:42:11.360 2866 2866 D HotseatController: clearEmptyGrid: size=4
03-23 06:42:11.360 2866 2866 D HotseatController: adjustPadding: height=800,size=4
03-23 06:42:11.361 2361 2361 D NavigationModeController: getCurrentUserContext: contextUser=0 currentUser=0
03-23 06:42:11.365 2866 2866 W View : requestLayout() improperly called by com.android.launcher3.views.NoInsetView{d15eedd V.ED..... ......ID 2218,0-2560,1080 #7f09007c app:id/bg_hotseat} during layout: running second layout pass
03-23 06:42:11.365 2866 2934 D LoaderTask: step 1 complete
03-23 06:42:11.365 1512 1765 I commit_sys_config_file: [settings-1-0,2]
03-23 06:42:11.366 1512 4101 I wm_stop_activity: [0,88042559,com.android.launcher3/.uioverrides.QuickstepLauncher]
03-23 06:42:11.368 2866 2866 D StateManager: goToState: Normal
03-23 06:42:11.368 2866 2866 I wm_on_stop_called: [88042559,com.android.launcher3.uioverrides.QuickstepLauncher,STOP_ACTIVITY_ITEM]
03-23 06:42:11.370 2959 2959 D PrefCtrlListHelper: Could not find Context-only controller for pref: com.android.settings.network.TopLevelNetworkEntryPreferenceController
03-23 06:42:11.370 2959 2959 D PrefCtrlListHelper: Could not find Context-only controller for pref: com.android.settings.connecteddevice.TopLevelConnectedDevicesPreferenceController
03-23 06:42:11.370 2959 2959 D PrefCtrlListHelper: Could not find Context-only controller for pref: com.android.settings.fuelgauge.TopLevelBatteryPreferenceController
03-23 06:42:11.370 2959 2959 D PrefCtrlListHelper: Could not find Context-only controller for pref: com.android.settings.deviceinfo.TopLevelStoragePreferenceController
03-23 06:42:11.370 2959 2959 D PrefCtrlListHelper: Could not find Context-only controller for pref: com.android.settings.display.TopLevelDisplayPreferenceController
03-23 06:42:11.370 2959 2959 D PrefCtrlListHelper: Could not find Context-only controller for pref: com.android.settings.display.TopLevelWallpaperPreferenceController
03-23 06:42:11.370 2959 2959 D PrefCtrlListHelper: Could not find Context-only controller for pref: com.android.settings.accessibility.TopLevelAccessibilityPreferenceController
03-23 06:42:11.370 2959 2959 D PrefCtrlListHelper: Could not find Context-only controller for pref: com.android.settings.security.TopLevelSecurityEntryPreferenceController
03-23 06:42:11.371 2959 2959 D PrefCtrlListHelper: Could not find Context-only controller for pref: com.android.settings.location.TopLevelLocationPreferenceController
03-23 06:42:11.371 2959 2959 D PrefCtrlListHelper: Could not find Context-only controller for pref: com.android.settings.accounts.TopLevelAccountEntryPreferenceController
03-23 06:42:11.371 2959 2959 D PrefCtrlListHelper: Could not find Context-only controller for pref: com.android.settings.deviceinfo.aboutphone.TopLevelAboutDevicePreferenceController
03-23 06:42:11.371 2959 2959 D PrefCtrlListHelper: Could not find Context-only controller for pref: com.android.settings.support.SupportPreferenceController
03-23 06:42:11.371 1512 4101 E UserRestrictionsUtils: Unknown restriction queried by uid 1000 (vendor.qti.qesdk.sysservice et al): null
03-23 06:42:11.372 2866 2934 D LoaderTask: loadAllApps
03-23 06:42:11.372 1512 4101 E UserRestrictionsUtils: Unknown restriction queried by uid 1000 (vendor.qti.qesdk.sysservice et al): null
03-23 06:42:11.372 1512 1990 E UserRestrictionsUtils: Unknown restriction queried by uid 1000 (vendor.qti.qesdk.sysservice et al): null
03-23 06:42:11.372 1512 1990 E UserRestrictionsUtils: Unknown restriction queried by uid 1000 (vendor.qti.qesdk.sysservice et al): null
03-23 06:42:11.372 1512 1990 E UserRestrictionsUtils: Unknown restriction queried by uid 1000 (vendor.qti.qesdk.sysservice et al): null
03-23 06:42:11.372 1512 1990 E UserRestrictionsUtils: Unknown restriction queried by uid 1000 (vendor.qti.qesdk.sysservice et al): null
03-23 06:42:11.372 1512 1667 I am_pss : [4382,10054,com.qualcomm.qti.qms.service.trustzoneaccess,5467136,3805184,0,91627520,0,19,5]
03-23 06:42:11.373 1512 1990 E UserRestrictionsUtils: Unknown restriction queried by uid 1000 (vendor.qti.qesdk.sysservice et al): null
03-23 06:42:11.373 1512 1990 E UserRestrictionsUtils: Unknown restriction queried by uid 1000 (vendor.qti.qesdk.sysservice et al): null
03-23 06:42:11.373 1512 4101 E UserRestrictionsUtils: Unknown restriction queried by uid 1000 (vendor.qti.qesdk.sysservice et al): null
03-23 06:42:11.373 2866 2934 D LoaderTask: apps.size 8
03-23 06:42:11.373 1512 4101 E UserRestrictionsUtils: Unknown restriction queried by uid 1000 (vendor.qti.qesdk.sysservice et al): null
03-23 06:42:11.373 1512 1990 E UserRestrictionsUtils: Unknown restriction queried by uid 1000 (vendor.qti.qesdk.sysservice et al): null
03-23 06:42:11.373 2866 2934 D LoaderTask: app pkg com.android.gallery3d
03-23 06:42:11.373 1512 1990 E UserRestrictionsUtils: Unknown restriction queried by uid 1000 (vendor.qti.qesdk.sysservice et al): null
03-23 06:42:11.374 1512 1990 E UserRestrictionsUtils: Unknown restriction queried by uid 1000 (vendor.qti.qesdk.sysservice et al): null
03-23 06:42:11.374 2866 2934 D LoaderTask: app pkg com.android.music
03-23 06:42:11.374 1512 1990 E UserRestrictionsUtils: Unknown restriction queried by uid 1000 (vendor.qti.qesdk.sysservice et al): null
03-23 06:42:11.374 1512 1990 E UserRestrictionsUtils: Unknown restriction queried by uid 1000 (vendor.qti.qesdk.sysservice et al): null
03-23 06:42:11.374 2866 2934 D LoaderTask: app pkg com.android.music
03-23 06:42:11.374 1512 1990 E UserRestrictionsUtils: Unknown restriction queried by uid 1000 (vendor.qti.qesdk.sysservice et al): null
03-23 06:42:11.374 1512 1990 E UserRestrictionsUtils: Unknown restriction queried by uid 1000 (vendor.qti.qesdk.sysservice et al): null
03-23 06:42:11.374 2866 2934 D LoaderTask: app pkg com.android.settings
03-23 06:42:11.374 1512 4101 E UserRestrictionsUtils: Unknown restriction queried by uid 1000 (vendor.qti.qesdk.sysservice et al): null
03-23 06:42:11.375 2866 2934 D LoaderTask: app pkg com.microsoft.emmx
03-23 06:42:11.375 2959 2959 W InstrumentedPrefFrag: Screen title missing for fragment com.android.settings.homepage.TopLevelSettings
03-23 06:42:11.375 2866 2934 D LoaderTask: app pkg com.android.documentsui
03-23 06:42:11.375 2866 2934 D LoaderTask: app pkg com.hht.lebocast
03-23 06:42:11.376 2959 2959 D TopLevelSettings: NO dashboard tiles for TopLevelSettings
03-23 06:42:11.376 2959 2959 D TopLevelSettings: All preferences added, reporting fully drawn
03-23 06:42:11.376 2866 2934 D LoaderTask: app pkg com.sohu.inputmethod.sogou.car
03-23 06:42:11.376 2866 2934 D LoaderTask: installQueue.size 8
03-23 06:42:11.376 2866 2934 D BaseModelUpdateTask: BaseModelUpdateTask constructor
03-23 06:42:11.376 2866 2934 D BaseModelUpdateTask: java.lang.Exception
03-23 06:42:11.376 2866 2934 D BaseModelUpdateTask: at com.android.launcher3.model.BaseModelUpdateTask.(BaseModelUpdateTask.java:57)
03-23 06:42:11.376 2866 2934 D BaseModelUpdateTask: at com.android.launcher3.model.AddWorkspaceItemsTask.(AddWorkspaceItemsTask.java:58)
03-23 06:42:11.376 2866 2934 D BaseModelUpdateTask: at com.android.launcher3.LauncherModel.addAndBindAddedWorkspaceItems(LauncherModel.java:145)
03-23 06:42:11.376 2866 2934 D BaseModelUpdateTask: at com.android.launcher3.model.LoaderTask.verifyApplications(LoaderTask.java:1061)
03-23 06:42:11.376 2866 2934 D BaseModelUpdateTask: at com.android.launcher3.model.LoaderTask.run(LoaderTask.java:229)
03-23 06:42:11.376 2866 2934 D BaseModelUpdateTask: at android.os.Handler.handleCallback(Handler.java:938)
03-23 06:42:11.376 2866 2934 D BaseModelUpdateTask: at android.os.Handler.dispatchMessage(Handler.java:99)
03-23 06:42:11.376 2866 2934 D BaseModelUpdateTask: at android.os.Looper.loopOnce(Looper.java:201)
03-23 06:42:11.376 2866 2934 D BaseModelUpdateTask: at android.os.Looper.loop(Looper.java:288)
03-23 06:42:11.376 2866 2934 D BaseModelUpdateTask: at android.os.HandlerThread.run(HandlerThread.java:67)
03-23 06:42:11.376 2866 2934 D LoaderTask: bindAllApps
03-23 06:42:11.378 1512 1667 I am_pss : [3804,10021,com.android.providers.calendar,7217152,5451776,0,97210368,0,19,5]
03-23 06:42:11.379 3134 4830 W adbd : timed out while waiting for FUNCTIONFS_BIND, trying again
03-23 06:42:11.379 3134 4830 I adbd : UsbFfs: connection terminated: monitor thread finished
03-23 06:42:11.379 3134 3134 I adbd : UsbFfs: already offline
03-23 06:42:11.379 3134 3134 I adbd : destroying transport UsbFfs
03-23 06:42:11.379 3134 3134 I adbd : UsbFfsConnection being destroyed
03-23 06:42:11.382 2866 2934 D LoaderTask: update icon cache
03-23 06:42:11.382 2866 2934 D LoaderTask: save shortcuts in icon cache
03-23 06:42:11.382 2866 2934 D LoaderTask: step 2 complete
03-23 06:42:11.382 2866 2934 D LoaderTask: loadDeepShortcuts
03-23 06:42:11.382 2866 2934 D LoaderTask: bindDeepShortcuts
03-23 06:42:11.383 2866 2934 D LoaderTask: save deep shortcuts in icon cache
03-23 06:42:11.383 2866 2934 D LoaderTask: step 3 complete
03-23 06:42:11.385 1512 1667 I am_pss : [3444,10024,android.process.media,10697728,8585216,0,104271872,0,10,5]
03-23 06:42:11.386 2959 2959 W BatteryBroadcastRcvr: Problem reading the battery meter.
03-23 06:42:11.387 2959 2959 I wm_on_start_called: [64326038,com.android.settings.Settings,handleStartActivity]
03-23 06:42:11.387 2959 2959 I snet_event_log: [120484087,-1,]
03-23 06:42:11.387 2959 2959 I wm_on_resume_called: [64326038,com.android.settings.Settings,RESUME_ACTIVITY]
03-23 06:42:11.387 2866 2934 D BaseIconFactory: normalizeAndWrapToAdaptiveIcon: scale=0.8096529
03-23 06:42:11.388 2959 2959 I sysui_multi_action: [757,340,758,1,833,0,1089,159]
03-23 06:42:11.388 2959 2959 I sysui_multi_action: [757,35,758,1,833,0,1089,19]
03-23 06:42:11.389 2959 3011 D BatteryInfo: time for getStats: 0ms
03-23 06:42:11.389 2959 3011 D BatteryInfo: time for regular BatteryInfo: 0ms
03-23 06:42:11.389 2959 2959 I sysui_multi_action: [757,1729,758,4,854,isParalleledControllers:false,1089,20]
03-23 06:42:11.390 2959 2959 I wm_on_top_resumed_gained_called: [64326038,com.android.settings.Settings,topWhenResuming]
03-23 06:42:11.391 2959 4696 D BatteryTipLoader: BatteryInfoLoader post query: 0ms
03-23 06:42:11.391 2959 4696 D BatteryInfo: time for getBatteryInfo: 0ms
03-23 06:42:11.391 2959 4696 D BatteryTipLoader: BatteryInfoLoader.loadInBackground: 0ms
03-23 06:42:11.392 2959 3011 D BatteryInfo: time for getBatteryInfo: 3ms
03-23 06:42:11.392 2959 4846 D UsageGraph: No enabled state changed, skipping updateCategory call
03-23 06:42:11.398 2866 2934 D BaseIconFactory: normalizeAndWrapToAdaptiveIcon: scale=0.8096529
03-23 06:42:11.401 3134 3150 I adbd : opening control endpoint /dev/usb-ffs/adb/ep0
03-23 06:42:11.401 3134 3150 I adbd : UsbFfsConnection constructed
03-23 06:42:11.402 3134 4847 I adbd : UsbFfs-monitor thread spawned
01-01 13:44:56.262 0 0 I : read descriptors
01-01 13:44:56.262 0 0 I : read strings
03-23 06:42:11.404 2866 2934 D BaseIconFactory: normalizeAndWrapToAdaptiveIcon: scale=0.8096529
03-23 06:42:11.407 2866 2934 D BaseIconFactory: normalizeAndWrapToAdaptiveIcon: scale=0.8096529
03-23 06:42:11.411 2866 2934 D LoaderTask: load widgets
03-23 06:42:11.413 2866 2934 I WidgetsModel: found whitelist widget: com.android.settings, label: 设置快捷方式, sectionName:S
03-23 06:42:11.414 2866 2934 I WidgetsModel: found whitelist widget: com.android.gallery3d, label: 照片, sectionName:T
03-23 06:42:11.414 2866 2934 I WidgetsModel: found whitelist widget: com.android.systemui, label: 对话, sectionName:D
03-23 06:42:11.414 2866 2934 I WidgetsModel: found whitelist widget: com.android.music, label: 音乐, sectionName:Y
03-23 06:42:11.414 2866 2934 D LoaderTask: bindWidgets
03-23 06:42:11.414 2866 2934 D LoaderTask: save widgets in icon cache
03-23 06:42:11.414 2866 2934 D LoaderTask: finish icon update
03-23 06:42:11.415 2866 2934 D LauncherProvider: call: method=new_db_transaction,arg=null,extras=null
03-23 06:42:11.419 2866 2934 D BaseIconFactory: normalizeAndWrapToAdaptiveIcon: scale=1.0
03-23 06:42:11.422 2866 2934 D BaseIconFactory: normalizeAndWrapToAdaptiveIcon: scale=0.8096529
03-23 06:42:11.429 2866 2934 D BaseIconFactory: normalizeAndWrapToAdaptiveIcon: scale=0.8096529
03-23 06:42:11.435 1512 1659 I input_focus: [Focus request 60c00d2 com.android.settings/com.android.settings.Settings,reason=UpdateInputWindows]
03-23 06:42:11.437 2866 2934 D BaseIconFactory: normalizeAndWrapToAdaptiveIcon: scale=0.8096529
03-23 06:42:11.443 2866 2934 D BaseIconFactory: normalizeAndWrapToAdaptiveIcon: scale=0.8096529
03-23 06:42:11.448 2866 2934 D BaseIconFactory: normalizeAndWrapToAdaptiveIcon: scale=0.8096529
03-23 06:42:11.454 2866 2934 D BaseIconFactory: normalizeAndWrapToAdaptiveIcon: scale=0.91217864
03-23 06:42:11.460 2866 2934 D BaseIconFactory: normalizeAndWrapToAdaptiveIcon: scale=0.8096529
03-23 06:42:11.467 2866 2934 D BaseIconFactory: normalizeAndWrapToAdaptiveIcon: scale=0.8096529
03-23 06:42:11.473 2866 2934 D BaseIconFactory: normalizeAndWrapToAdaptiveIcon: scale=0.8096529
03-23 06:42:11.476 1512 1990 I WindowManager: finishDrawing of relaunch: Window{60c00d2 u0 com.android.settings/com.android.settings.Settings} 266ms
03-23 06:42:11.477 2764 2764 D RemoteControlService: startVlanDispatchThread
03-23 06:42:11.477 2959 2959 W BatteryBroadcastRcvr: Problem reading the battery meter.
03-23 06:42:11.477 2959 2959 D BatteryInfo: time for callback: 0ms
03-23 06:42:11.480 2361 2361 D QSPanel : setHorizontalContentContainer
03-23 06:42:11.482 2866 2934 D BaseIconFactory: normalizeAndWrapToAdaptiveIcon: scale=0.8096529
03-23 06:42:11.483 2959 3011 D BatteryInfo: time for getStats: 2ms
03-23 06:42:11.487 2959 4697 D BatteryTipLoader: BatteryInfoLoader post query: 0ms
03-23 06:42:11.487 2959 4697 D BatteryInfo: time for getBatteryInfo: 0ms
03-23 06:42:11.487 2959 4697 D BatteryTipLoader: BatteryInfoLoader.loadInBackground: 0ms
03-23 06:42:11.488 2959 3011 D BatteryInfo: time for regular BatteryInfo: 5ms
03-23 06:42:11.488 2959 3011 D BatteryInfo: time for getBatteryInfo: 0ms
03-23 06:42:11.490 2361 2361 D QSPanel : setHorizontalContentContainer
03-23 06:42:11.491 2361 2361 D QSPanel : setHorizontalContentContainer
03-23 06:42:11.491 2361 2361 D QSPanel : setHorizontalContentContainer
03-23 06:42:11.491 2361 2361 D QSPanel : qs brightness view is null
03-23 06:42:11.492 3298 3298 W hpplay-java: [main]:IPManager:getActiveNets invalid networkInfo:null
03-23 06:42:11.492 3298 3298 I hpplay-java: [main]:IPManager:getActiveNets eth0:false wifi:false mobile:false ap:false
03-23 06:42:11.492 3298 3298 I hpplay-java: [main]:ServerTaskManager:get local ip:null
03-23 06:42:11.495 2361 2361 D QSPanel : setHorizontalContentContainer
03-23 06:42:11.495 2361 2361 D QSPanel : qs brightness view is null
03-23 06:42:11.495 1512 1659 I WindowManager: Screen frozen for +303ms due to Window{60c00d2 u0 com.android.settings/com.android.settings.Settings}
03-23 06:42:11.496 1512 1816 I input_focus: [Focus entering 60c00d2 com.android.settings/com.android.settings.Settings (server),reason=Window became focusable. Previous reason: NOT_VISIBLE]
03-23 06:42:11.496 1512 1816 I input_interaction: Interaction with: 2edafe7 StatusBar (server), swipe-up (server), edge-swipe (server), PointerEventDispatcher0 (server),
03-23 06:42:11.502 2959 2959 D BatteryInfo: time for callback: 0ms
03-23 06:42:11.503 1512 1659 W ImageReader_JNI: Unable to acquire a buffer item, very likely client tried to acquire more than maxImages buffers
03-23 06:42:11.518 2361 2361 I sysui_multi_action: [757,803,799,panel_open,802,1]
03-23 06:42:11.518 2361 2361 I sysui_multi_action: [757,1328,758,4,1326,80,1327,2,1329,0]
03-23 06:42:11.535 2361 2463 E ndroid.systemu: No package ID 7f found for ID 0x7f030001.
03-23 06:42:11.535 2361 2463 E ContrastColorUtil: Drawable not found: 2130903041
03-23 06:42:11.536 2361 2463 E ndroid.systemu: No package ID 7f found for ID 0x7f030001.
03-23 06:42:11.536 2361 2463 E ContrastColorUtil: Drawable not found: 2130903041
03-23 06:42:11.550 2361 2361 W View : requestLayout() improperly called by com.android.keyguard.AlphaOptimizedLinearLayout{d4e2009 V.E...... ......ID 4,0-34,33 #7f0b069b app:id/wifi_group} during layout: running second layout pass
03-23 06:42:11.615 1203 1298 I selfinstaller: create socket failed: Network is unreachable 101
03-23 06:42:11.716 1264 1435 E tlogd : [TzLogger](isPathReadable) file /sys/kernel/debug/tzdbg/qsee_log isn't exist or no permission, err: No such file or directory
03-23 06:42:11.716 1264 1435 E tlogd : [TzLogger](saveTzlogAsync) /sys/kernel/debug/tzdbg/qsee_log can not read.
03-23 06:42:11.716 1264 1435 E tlogd : [TzLogger](isPathReadable) file /sys/kernel/debug/tzdbg/log isn't exist or no permission, err: No such file or directory
03-23 06:42:11.716 1264 1435 E tlogd : [TzLogger](saveTzlogAsync) /sys/kernel/debug/tzdbg/log can not read.
03-23 06:42:11.816 653 668 I mpu_uart: [MSG-P:RECV]:No message received in 1000 ms
03-23 06:42:11.841 653 667 I mpu_uart: [MSG-P:R]:recv sync frame timeout
03-23 06:42:12.309 2361 2361 I sysui_multi_action: [757,803,799,panel_open,802,1]
03-23 06:42:12.311 2361 2361 I sysui_multi_action: [757,1328,758,4,1326,68,1327,0,1329,0]
03-23 06:42:12.354 2361 2361 D StatusBar: disable disable2
03-23 06:42:12.354 1512 3353 I sysui_multi_action: [757,127,758,1]
03-23 06:42:12.354 1512 3353 I sysui_multi_action: [757,804,799,note_load,801,2,802,1]
03-23 06:42:12.354 1512 3353 I notification_panel_revealed: 2
03-23 06:42:12.366 1512 1659 I input_focus: [Focus request f8e39da NotificationShade,reason=UpdateInputWindows]
03-23 06:42:12.390 1512 3353 I sysui_multi_action: [757,128,758,1,793,49102,794,0,795,49102,796,17303299,797,com.android.wifi,798,0,806,android,857,NETWORK_AVAILABLE,858,2,947,0,1395,2,1500,48900,1688,1]
03-23 06:42:12.390 1512 3353 I sysui_multi_action: [757,804,799,note_freshness,801,49102,802,1]
03-23 06:42:12.390 1512 3353 I notification_visibility: [0|android|17303299|com.android.wifi|1000,1,49102,49102,0,0]
03-23 06:42:12.390 1512 3353 I sysui_multi_action: [757,128,758,1,793,49870,794,0,795,49870,796,32,798,1,806,android,857,USB,858,1,947,0,1395,2,1500,49603,1688,1]
03-23 06:42:12.390 1512 3353 I sysui_multi_action: [757,804,799,note_freshness,801,49870,802,1]
03-23 06:42:12.390 1512 3353 I notification_visibility: [-1|android|32|null|1000,1,49870,49870,0,1]
03-23 06:42:12.392 2361 2361 I sysui_multi_action: [757,111,758,1]
03-23 06:42:12.392 2361 2361 I sysui_multi_action: [757,126,758,1,759,126,927,0,928,1,1593,0]
03-23 06:42:12.392 2361 2361 I sysui_multi_action: [757,113,758,1,759,113,927,1,928,1,1593,0]
03-23 06:42:12.392 2361 2361 I sysui_multi_action: [757,0,758,1,759,0,927,2,928,0,1593,0]
03-23 06:42:12.392 2361 2361 I sysui_multi_action: [757,0,758,1,759,0,927,3,928,0,1593,0]
03-23 06:42:12.392 2361 2361 I sysui_multi_action: [757,491,758,1,759,491,927,4,928,0,1311,-1,1593,0]
03-23 06:42:12.392 2361 2361 I sysui_multi_action: [757,0,758,1,759,0,927,5,928,0,1593,0]
03-23 06:42:12.393 2361 2361 I sysui_multi_action: [757,111,758,1]
03-23 06:42:12.393 2361 2361 I sysui_multi_action: [757,126,758,1,759,126,927,0,928,1,1593,0]
03-23 06:42:12.393 2361 2361 I sysui_multi_action: [757,113,758,1,759,113,927,1,928,1,1593,0]
03-23 06:42:12.393 2361 2361 I sysui_multi_action: [757,0,758,1,759,0,927,2,928,0,1593,0]
03-23 06:42:12.393 2361 2361 I sysui_multi_action: [757,0,758,1,759,0,927,3,928,0,1593,0]
03-23 06:42:12.399 1512 1816 I input_focus: [Focus leaving 60c00d2 com.android.settings/com.android.settings.Settings (server),reason=setFocusedWindow]
03-23 06:42:12.399 1512 1816 I input_focus: [Focus entering f8e39da NotificationShade (server),reason=setFocusedWindow]
03-23 06:42:12.403 3134 4847 W adbd : timed out while waiting for FUNCTIONFS_BIND, trying again
03-23 06:42:12.403 3134 4847 I adbd : UsbFfs: connection terminated: monitor thread finished
03-23 06:42:12.403 3134 3134 I adbd : UsbFfs: already offline
03-23 06:42:12.403 3134 3134 I adbd : destroying transport UsbFfs
03-23 06:42:12.403 3134 3134 I adbd : UsbFfsConnection being destroyed
03-23 06:42:12.422 3134 3150 I adbd : opening control endpoint /dev/usb-ffs/adb/ep0
01-01 13:44:57.284 0 0 I : read descriptors
01-01 13:44:57.284 0 0 I : read strings
03-23 06:42:12.423 3134 3150 I adbd : UsbFfsConnection constructed
03-23 06:42:12.424 3134 4855 I adbd : UsbFfs-monitor thread spawned
03-23 06:42:12.494 3298 3298 W hpplay-java: [main]:IPManager:getActiveNets invalid networkInfo:null
03-23 06:42:12.494 3298 3298 I hpplay-java: [main]:IPManager:getActiveNets eth0:false wifi:false mobile:false ap:false
03-23 06:42:12.494 3298 3298 I hpplay-java: [main]:ServerTaskManager:get local ip:null
01-01 13:44:57.407 0 0 E DTC_Display: screen not ready
01-01 13:44:57.462 0 0 E DTC_ETH,link_delay_work_func: 3003, SQI=0, link=0
03-23 06:42:12.716 2866 2866 E Launcher: Check mcu protect state
03-23 06:42:12.816 653 668 I mpu_uart: [MSG-P:RECV]:No message received in 1000 ms
03-23 06:42:13.383 1512 1816 I input_interaction: Interaction with: f8e39da NotificationShade (server), swipe-up (server), edge-swipe (server), PointerEventDispatcher0 (server),
03-23 06:42:13.425 3134 4855 W adbd : timed out while waiting for FUNCTIONFS_BIND, trying again
03-23 06:42:13.425 3134 4855 I adbd : UsbFfs: connection terminated: monitor thread finished
03-23 06:42:13.425 3134 3134 I adbd : UsbFfs: already offline
03-23 06:42:13.425 3134 3134 I adbd : destroying transport UsbFfs
03-23 06:42:13.426 3134 3134 I adbd : UsbFfsConnection being destroyed
03-23 06:42:13.441 3134 3150 I adbd : opening control endpoint /dev/usb-ffs/adb/ep0
03-23 06:42:13.442 3134 3150 I adbd : UsbFfsConnection constructed
03-23 06:42:13.443 3134 4858 I adbd : UsbFfs-monitor thread spawned
03-23 06:42:13.443 1512 2301 I GameModeConfig: isGameModeOn = false
01-01 13:44:58.303 0 0 I : read descriptors
01-01 13:44:58.303 0 0 I : read strings
03-23 06:42:13.496 3298 3298 W hpplay-java: [main]:IPManager:getActiveNets invalid networkInfo:null
03-23 06:42:13.496 3298 3298 I hpplay-java: [main]:IPManager:getActiveNets eth0:false wifi:false mobile:false ap:false
03-23 06:42:13.496 3298 3298 I hpplay-java: [main]:ServerTaskManager:get local ip:null
03-23 06:42:13.568 1512 1658 I system_server: Explicit concurrent copying GC freed 72054(3017KB) AllocSpace objects, 10(228KB) LOS objects, 49% free, 11MB/22MB, paused 168us,57us total 58.561ms
03-23 06:42:13.568 1512 1538 W JavaBinder: BinderProxy is being destroyed but the application did not call unlinkToDeath to unlink all of its death recipients beforehand. Releasing leaked death recipient: com.android.server.wm.ActivityRecord$$ExternalSyntheticLambda0
03-23 06:42:13.568 1512 1538 I BpBinder: onLastStrongRef automatically unlinking death recipients:
03-23 06:42:13.570 1512 1539 W System : A resource failed to call close.
03-23 06:42:13.571 1512 1539 W System : A resource failed to call close.
03-23 06:42:13.631 1512 2301 I GameModeConfig: isGameModeOn = false
03-23 06:42:13.735 1512 2301 I GameModeConfig: isGameModeOn = false
03-23 06:42:13.735 1512 2301 I GameModeConfig: isGameModeOn = false
03-23 06:42:13.736 1512 2301 I GameModeConfig: isGameModeOn = false
03-23 06:42:13.736 1512 2301 I GameModeConfig: isGameModeOn = false
03-23 06:42:13.737 2361 2361 I sysui_multi_action: [757,111,758,2]
03-23 06:42:13.737 1512 1512 I notification_enqueue: [10077,2361,com.android.systemui,2048,NULL,0,Notification(channel=updateNotification shortcut=null contentView=null vibrate=null sound=null defaults=0x0 flags=0x0 color=0x00000000 vis=PRIVATE),1]
03-23 06:42:13.737 2361 2361 I sysui_multi_action: [757,111,758,2]
03-23 06:42:13.816 653 668 I mpu_uart: [MSG-P:RECV]:No message received in 1000 ms
03-23 06:42:13.849 1512 1659 I input_focus: [Focus request 60c00d2 com.android.settings/com.android.settings.Settings,reason=UpdateInputWindows]
03-23 06:42:13.856 2361 2361 D StatusBar: disable disable2
03-23 06:42:13.857 1512 1990 I sysui_multi_action: [757,128,758,2,793,50569,794,1467,795,50569,796,17303299,797,com.android.wifi,798,0,806,android,857,NETWORK_AVAILABLE,858,2,947,0,1395,2,1500,50367,1688,1]
03-23 06:42:13.857 1512 1990 I notification_visibility: [0|android|17303299|com.android.wifi|1000,0,50569,50569,0,0]
03-23 06:42:13.858 1512 1990 I sysui_multi_action: [757,128,758,2,793,51338,794,1468,795,51338,796,32,798,1,806,android,857,USB,858,1,947,0,1395,2,1500,51071,1688,1]
03-23 06:42:13.858 1512 1990 I notification_visibility: [-1|android|32|null|1000,0,51338,51338,0,1]
03-23 06:42:13.859 1512 4101 I sysui_multi_action: [757,127,758,2]
03-23 06:42:13.859 1512 4101 I notification_panel_hidden:
03-23 06:42:13.869 1512 1816 I input_focus: [Focus leaving f8e39da NotificationShade (server),reason=NO_WINDOW]
03-23 06:42:13.869 1512 1816 I input_focus: [Focus entering 60c00d2 com.android.settings/com.android.settings.Settings (server),reason=setFocusedWindow]
03-23 06:42:13.871 2361 2361 V KeyguardUpdateMonitor: *** unregister callback for com.android.keyguard.CarrierTextManager$2@7e65cdb
03-23 06:42:13.939 1512 1512 I GameModeConfig: isGameModeOn = false
03-23 06:42:13.948 2361 2361 D InterruptionStateProvider: No bubble up: not allowed to bubble: 0|com.android.systemui|2048|null|10077
03-23 06:42:13.949 2361 2361 D InterruptionStateProvider: No heads up: unimportant notification: 0|com.android.systemui|2048|null|10077
03-23 06:42:13.957 2361 2463 D PeopleSpaceWidgetMgr: Sbn doesn't contain valid PeopleTileKey: null/0/com.android.systemui
03-23 06:42:14.134 1512 1816 I input_interaction: Interaction with: 60c00d2 com.android.settings/com.android.settings.Settings (server), swipe-up (server), edge-swipe (server), PointerEventDispatcher0 (server),
03-23 06:42:14.278 880 880 D vendor.qti.vibrator: Vibrator perform effect 21
03-23 06:42:14.278 880 880 D vendor.qti.vibrator: Vibrator perform effect 2
03-23 06:42:14.278 880 880 D vendor.qti.vibrator: QTI Vibrator off
03-23 06:42:14.444 3134 4858 W adbd : timed out while waiting for FUNCTIONFS_BIND, trying again
03-23 06:42:14.444 3134 4858 I adbd : UsbFfs: connection terminated: monitor thread finished
03-23 06:42:14.444 3134 3134 I adbd : UsbFfs: already offline
03-23 06:42:14.444 3134 3134 I adbd : destroying transport UsbFfs
03-23 06:42:14.444 3134 3134 I adbd : UsbFfsConnection being destroyed
03-23 06:42:14.461 3134 3150 I adbd : opening control endpoint /dev/usb-ffs/adb/ep0
03-23 06:42:14.462 3134 3150 I adbd : UsbFfsConnection constructed
03-23 06:42:14.462 3134 4866 I adbd : UsbFfs-monitor thread spawned
01-01 13:44:59.322 0 0 I : read descriptors
01-01 13:44:59.323 0 0 I : read strings
03-23 06:42:14.498 3298 3298 W hpplay-java: [main]:IPManager:getActiveNets invalid networkInfo:null
03-23 06:42:14.498 3298 3298 I hpplay-java: [main]:IPManager:getActiveNets eth0:false wifi:false mobile:false ap:false
03-23 06:42:14.498 3298 3298 I hpplay-java: [main]:ServerTaskManager:get local ip:null
03-23 06:42:14.506 1512 1658 I configuration_changed: 1073741824
03-23 06:42:14.507 1512 1658 I ActivityTaskManager: Config changes=40000000 {1.3 ?mcc?mnc [zh_CN] ldltr sw720dp w1706dp h652dp 240dpi lrg long hdr land finger -keyb/v/h -nav/h winConfig={ mBounds=Rect(0, 0 - 2560, 1080) mAppBounds=Rect(0, 0 - 2560, 1014) mMaxBounds=Rect(0, 0 - 2560, 1080) mWindowingMode=fullscreen mDisplayWindowingMode=fullscreen mActivityType=undefined mAlwaysOnTop=undefined mRotation=ROTATION_0} s.253 fontWeightAdjustment=0}
03-23 06:42:14.520 3298 3298 I hpplay-java: [main]:DaemonService:onConfigurationChanged
03-23 06:42:14.526 1512 1658 I WindowManager: Override config changes=40000000 {1.3 ?mcc?mnc [zh_CN] ldltr sw720dp w1706dp h652dp 240dpi lrg long hdr land finger -keyb/v/h -nav/h winConfig={ mBounds=Rect(0, 0 - 2560, 1080) mAppBounds=Rect(0, 0 - 2560, 1014) mMaxBounds=Rect(0, 0 - 2560, 1080) mWindowingMode=fullscreen mDisplayWindowingMode=fullscreen mActivityType=undefined mAlwaysOnTop=undefined mRotation=ROTATION_0} s.253 fontWeightAdjustment=0} for displayId=0
03-23 06:42:14.531 3761 3761 I hintView: forceClose=true,resetShowChs=true
03-23 06:42:14.531 3761 3761 I hintView: dismissPop()
03-23 06:42:14.546 1512 1658 W ImageReader_JNI: Unable to acquire a buffer item, very likely client tried to acquire more than maxImages buffers
03-23 06:42:14.549 1512 1658 I wm_relaunch_resume_activity: [0,64326038,11,com.android.settings/.Settings]
03-23 06:42:14.550 2959 2959 I wm_on_top_resumed_lost_called: [64326038,com.android.settings.Settings,pausing]
03-23 06:42:14.551 2959 2959 I sysui_multi_action: [757,340,758,2,1089,3162]
03-23 06:42:14.551 2959 2959 I sysui_multi_action: [757,35,758,2,1089,3163]
03-23 06:42:14.552 2959 2959 I wm_on_paused_called: [64326038,com.android.settings.Settings,performPause]
03-23 06:42:14.554 2562 2562 D GameMode_WindowController: onConfigurationChanged orientation: 2, locate: [zh_CN]
03-23 06:42:14.556 1512 1816 I InputDispatcher: Erasing monitor edge-swipe (server) on display 0, pid=2361
03-23 06:42:14.556 2959 2959 I wm_on_stop_called: [64326038,com.android.settings.Settings,handleRelaunchActivity]
03-23 06:42:14.556 988 1065 I BpBinder: onLastStrongRef automatically unlinking death recipients:
03-23 06:42:14.559 1512 3375 W InputManager-JNI: Input channel object 'be2b82c NavigationBar0 (client)' was disposed without first being removed with the input manager!
03-23 06:42:14.560 2959 2959 I wm_on_destroy_called: [64326038,com.android.settings.Settings,performDestroy]
03-23 06:42:14.561 2361 2361 D NavigationModeController: getCurrentInteractionMode: mode=2 contextUser=0
03-23 06:42:14.561 1512 3375 W InputManager-JNI: Input channel object '60c00d2 com.android.settings/com.android.settings.Settings (client)' was disposed without first being removed with the input manager!
03-23 06:42:14.562 2866 4613 E FrameEvents: updateAcquireFence: Did not find frame.
03-23 06:42:14.562 2361 2361 D NavigationModeController: getCurrentInteractionMode: mode=2 contextUser=0
03-23 06:42:14.564 2866 4613 E FrameEvents: updateAcquireFence: Did not find frame.
03-23 06:42:14.566 2361 2361 D NavigationModeController: getCurrentUserContext: contextUser=0 currentUser=0
03-23 06:42:14.567 2866 4613 E FrameEvents: updateAcquireFence: Did not find frame.
03-23 06:42:14.568 2361 2361 D NavigationModeController: getCurrentInteractionMode: mode=2 contextUser=0
03-23 06:42:14.568 2866 4613 E FrameEvents: updateAcquireFence: Did not find frame.
