11-11 19:43:54.388 I/auditd ( 2720): type=1400 audit(0.0:21657951): avc: denied { read } for comm="event_loop" lport=13400 scontext=u:r:hht_ota_mgr:s0 tcontext=u:r:hht_ota_mgr:s0 tclass=udp_socket permissive=0
11-11 19:43:54.388 I/auditd ( 2720): type=1400 audit(0.0:21657952): avc: denied { read } for comm="event_loop" lport=13400 scontext=u:r:hht_ota_mgr:s0 tcontext=u:r:hht_ota_mgr:s0 tclass=udp_socket permissive=0
11-11 19:43:54.388 I/auditd ( 2720): type=1400 audit(0.0:21657953): avc: denied { read } for comm="event_loop" lport=13400 scontext=u:r:hht_ota_mgr:s0 tcontext=u:r:hht_ota_mgr:s0 tclass=udp_socket permissive=0
11-11 19:43:54.388 I/auditd ( 2720): type=1400 audit(0.0:21657954): avc: denied { read } for comm="event_loop" lport=13400 scontext=u:r:hht_ota_mgr:s0 tcontext=u:r:hht_ota_mgr:s0 tclass=udp_socket permissive=0
11-11 19:43:55.388 I/auditd ( 2720): type=1400 audit(0.0:21925858): avc: denied { read } for comm="event_loop" lport=13400 scontext=u:r:hht_ota_mgr:s0 tcontext=u:r:hht_ota_mgr:s0 tclass=udp_socket permissive=0
11-11 19:43:55.392 I/auditd ( 2720): type=1400 audit(0.0:21925859): avc: denied { read } for comm="event_loop" lport=13400 scontext=u:r:hht_ota_mgr:s0 tcontext=u:r:hht_ota_mgr:s0 tclass=udp_socket permissive=0
11-11 19:43:55.392 I/auditd ( 2720): type=1400 audit(0.0:21925860): avc: denied { read } for comm="event_loop" lport=13400 scontext=u:r:hht_ota_mgr:s0 tcontext=u:r:hht_ota_mgr:s0 tclass=udp_socket permissive=0
11-11 19:43:55.392 I/auditd ( 2720): type=1400 audit(0.0:21925861): avc: denied { read } for comm="event_loop" lport=13400 scontext=u:r:hht_ota_mgr:s0 tcontext=u:r:hht_ota_mgr:s0 tclass=udp_socket permissive=0
11-11 19:43:55.392 I/auditd ( 2720): type=1400 audit(0.0:21925862): avc: denied { read } for comm="event_loop" lport=13400 scontext=u:r:hht_ota_mgr:s0 tcontext=u:r:hht_ota_mgr:s0 tclass=udp_socket permissive=0
11-11 19:43:56.396 I/auditd ( 2720): type=1400 audit(0.0:22194324): avc: denied { read } for comm="event_loop" lport=13400 scontext=u:r:hht_ota_mgr:s0 tcontext=u:r:hht_ota_mgr:s0 tclass=udp_socket permissive=0
11-11 19:43:56.396 I/auditd ( 2720): type=1400 audit(0.0:22194325): avc: denied { read } for comm="event_loop" lport=13400 scontext=u:r:hht_ota_mgr:s0 tcontext=u:r:hht_ota_mgr:s0 tclass=udp_socket permissive=0
11-11 19:43:56.396 I/auditd ( 2720): type=1400 audit(0.0:22194326): avc: denied { read } for comm="event_loop" lport=13400 scontext=u:r:hht_ota_mgr:s0 tcontext=u:r:hht_ota_mgr:s0 tclass=udp_socket permissive=0
11-11 19:43:56.396 I/auditd ( 2720): type=1400 audit(0.0:22194327): avc: denied { read } for comm="event_loop" lport=13400 scontext=u:r:hht_ota_mgr:s0 tcontext=u:r:hht_ota_mgr:s0 tclass=udp_socket permissive=0
11-11 19:43:56.396 I/auditd ( 2720): type=1400 audit(0.0:22194328): avc: denied { read } for comm="event_loop" lport=13400 scontext=u:r:hht_ota_mgr:s0 tcontext=u:r:hht_ota_mgr:s0 tclass=udp_socket permissive=0
11-11 19:43:57.400 I/auditd ( 2720): type=1400 audit(0.0:22462743): avc: denied { read } for comm="event_loop" lport=13400 scontext=u:r:hht_ota_mgr:s0 tcontext=u:r:hht_ota_mgr:s0 tclass=udp_socket permissive=0
11-11 19:43:57.400 I/auditd ( 2720): type=1400 audit(0.0:22462744): avc: denied { read } for comm="event_loop" lport=13400 scontext=u:r:hht_ota_mgr:s0 tcontext=u:r:hht_ota_mgr:s0 tclass=udp_socket permissive=0
11-11 19:43:57.400 I/auditd ( 2720): type=1400 audit(0.0:22462745): avc: denied { read } for comm="event_loop" lport=13400 scontext=u:r:hht_ota_mgr:s0 tcontext=u:r:hht_ota_mgr:s0 tclass=udp_socket permissive=0
11-11 19:43:57.400 I/auditd ( 2720): type=1400 audit(0.0:22462746): avc: denied { read } for comm="event_loop" lport=13400 scontext=u:r:hht_ota_mgr:s0 tcontext=u:r:hht_ota_mgr:s0 tclass=udp_socket permissive=0
11-11 19:43:57.400 I/auditd ( 2720): type=1400 audit(0.0:22462747): avc: denied { read } for comm="event_loop" lport=13400 scontext=u:r:hht_ota_mgr:s0 tcontext=u:r:hht_ota_mgr:s0 tclass=udp_socket permissive=0
11-11 19:43:58.404 I/auditd ( 2720): type=1400 audit(0.0:22730293): avc: denied { read } for comm="event_loop" lport=13400 scontext=u:r:hht_ota_mgr:s0 tcontext=u:r:hht_ota_mgr:s0 tclass=udp_socket permissive=0
11-11 19:43:58.404 I/auditd ( 2720): type=1400 audit(0.0:22730294): avc: denied { read } for comm="event_loop" lport=13400 scontext=u:r:hht_ota_mgr:s0 tcontext=u:r:hht_ota_mgr:s0 tclass=udp_socket permissive=0
11-11 19:43:58.404 I/auditd ( 2720): type=1400 audit(0.0:22730295): avc: denied { read } for comm="event_loop" lport=13400 scontext=u:r:hht_ota_mgr:s0 tcontext=u:r:hht_ota_mgr:s0 tclass=udp_socket permissive=0
11-11 19:43:58.404 I/auditd ( 2720): type=1400 audit(0.0:22730296): avc: denied { read } for comm="event_loop" lport=13400 scontext=u:r:hht_ota_mgr:s0 tcontext=u:r:hht_ota_mgr:s0 tclass=udp_socket permissive=0
11-11 19:43:58.404 I/auditd ( 2720): type=1400 audit(0.0:22730297): avc: denied { read } for comm="event_loop" lport=13400 scontext=u:r:hht_ota_mgr:s0 tcontext=u:r:hht_ota_mgr:s0 tclass=udp_socket permissive=0
11-11 19:43:59.404 I/auditd ( 2720): type=1400 audit(0.0:22997466): avc: denied { read } for comm="event_loop" lport=13400 scontext=u:r:hht_ota_mgr:s0 tcontext=u:r:hht_ota_mgr:s0 tclass=udp_socket permissive=0
11-11 19:43:59.408 I/auditd ( 2720): type=1400 audit(0.0:22997467): avc: denied { read } for comm="event_loop" lport=13400 scontext=u:r:hht_ota_mgr:s0 tcontext=u:r:hht_ota_mgr:s0 tclass=udp_socket permissive=0
11-11 19:43:59.408 I/auditd ( 2720): type=1400 audit(0.0:22997468): avc: denied { read } for comm="event_loop" lport=13400 scontext=u:r:hht_ota_mgr:s0 tcontext=u:r:hht_ota_mgr:s0 tclass=udp_socket permissive=0
11-11 19:43:59.408 I/auditd ( 2720): type=1400 audit(0.0:22997469): avc: denied { read } for comm="event_loop" lport=13400 scontext=u:r:hht_ota_mgr:s0 tcontext=u:r:hht_ota_mgr:s0 tclass=udp_socket permissive=0
11-11 19:43:59.408 I/auditd ( 2720): type=1400 audit(0.0:22997470): avc: denied { read } for comm="event_loop" lport=13400 scontext=u:r:hht_ota_mgr:s0 tcontext=u:r:hht_ota_mgr:s0 tclass=udp_socket permissive=0
11-11 19:44:00.412 I/auditd ( 2720): type=1400 audit(0.0:23264576): avc: denied { read } for comm="event_loop" lport=13400 scontext=u:r:hht_ota_mgr:s0 tcontext=u:r:hht_ota_mgr:s0 tclass=udp_socket permissive=0
11-11 19:44:00.412 I/auditd ( 2720): type=1400 audit(0.0:23264577): avc: denied { read } for comm="event_loop" lport=13400 scontext=u:r:hht_ota_mgr:s0 tcontext=u:r:hht_ota_mgr:s0 tclass=udp_socket permissive=0
11-11 19:44:00.412 I/auditd ( 2720): type=1400 audit(0.0:23264578): avc: denied { read } for comm="event_loop" lport=13400 scontext=u:r:hht_ota_mgr:s0 tcontext=u:r:hht_ota_mgr:s0 tclass=udp_socket permissive=0
11-11 19:44:00.412 I/auditd ( 2720): type=1400 audit(0.0:23264579): avc: denied { read } for comm="event_loop" lport=13400 scontext=u:r:hht_ota_mgr:s0 tcontext=u:r:hht_ota_mgr:s0 tclass=udp_socket permissive=0
11-11 19:44:00.412 I/auditd ( 2720): type=1400 audit(0.0:23264580): avc: denied { read } for comm="event_loop" lport=13400 scontext=u:r:hht_ota_mgr:s0 tcontext=u:r:hht_ota_mgr:s0 tclass=udp_socket permissive=0
11-11 19:44:01.416 I/auditd ( 2720): type=1400 audit(0.0:23531813): avc: denied { read } for comm="event_loop" lport=13400 scontext=u:r:hht_ota_mgr:s0 tcontext=u:r:hht_ota_mgr:s0 tclass=udp_socket permissive=0
11-11 19:44:01.416 I/auditd ( 2720): type=1400 audit(0.0:23531814): avc: denied { read } for comm="event_loop" lport=13400 scontext=u:r:hht_ota_mgr:s0 tcontext=u:r:hht_ota_mgr:s0 tclass=udp_socket permissive=0
11-11 19:44:01.416 I/auditd ( 2720): type=1400 audit(0.0:23531815): avc: denied { read } for comm="event_loop" lport=13400 scontext=u:r:hht_ota_mgr:s0 tcontext=u:r:hht_ota_mgr:s0 tclass=udp_socket permissive=0
11-11 19:44:01.416 I/auditd ( 2720): type=1400 audit(0.0:23531816): avc: denied { read } for comm="event_loop" lport=13400 scontext=u:r:hht_ota_mgr:s0 tcontext=u:r:hht_ota_mgr:s0 tclass=udp_socket permissive=0
11-11 19:44:01.416 I/auditd ( 2720): type=1400 audit(0.0:23531817): avc: denied { read } for comm="event_loop" lport=13400 scontext=u:r:hht_ota_mgr:s0 tcontext=u:r:hht_ota_mgr:s0 tclass=udp_socket permissive=0
11-11 19:44:02.420 I/auditd ( 2720): type=1400 audit(0.0:23798138): avc: denied { read } for comm="event_loop" lport=13400 scontext=u:r:hht_ota_mgr:s0 tcontext=u:r:hht_ota_mgr:s0 tclass=udp_socket permissive=0
11-11 19:44:02.420 I/auditd ( 2720): type=1400 audit(0.0:23798139): avc: denied { read } for comm="event_loop" lport=13400 scontext=u:r:hht_ota_mgr:s0 tcontext=u:r:hht_ota_mgr:s0 tclass=udp_socket permissive=0
11-11 19:44:02.420 I/auditd ( 2720): type=1400 audit(0.0:23798140): avc: denied { read } for comm="event_loop" lport=13400 scontext=u:r:hht_ota_mgr:s0 tcontext=u:r:hht_ota_mgr:s0 tclass=udp_socket permissive=0
11-11 19:44:02.420 I/auditd ( 2720): type=1400 audit(0.0:23798141): avc: denied { read } for comm="event_loop" lport=13400 scontext=u:r:hht_ota_mgr:s0 tcontext=u:r:hht_ota_mgr:s0 tclass=udp_socket permissive=0
11-11 19:44:02.420 I/auditd ( 2720): type=1400 audit(0.0:23798142): avc: denied { read } for comm="event_loop" lport=13400 scontext=u:r:hht_ota_mgr:s0 tcontext=u:r:hht_ota_mgr:s0 tclass=udp_socket permissive=0
11-11 19:44:03.424 I/auditd ( 2720): type=1400 audit(0.0:24065604): avc: denied { read } for comm="event_loop" lport=13400 scontext=u:r:hht_ota_mgr:s0 tcontext=u:r:hht_ota_mgr:s0 tclass=udp_socket permissive=0
11-11 19:44:03.424 I/auditd ( 2720): type=1400 audit(0.0:24065605): avc: denied { read } for comm="event_loop" lport=13400 scontext=u:r:hht_ota_mgr:s0 tcontext=u:r:hht_ota_mgr:s0 tclass=udp_socket permissive=0
11-11 19:44:03.424 I/auditd ( 2720): type=1400 audit(0.0:24065606): avc: denied { read } for comm="event_loop" lport=13400 scontext=u:r:hht_ota_mgr:s0 tcontext=u:r:hht_ota_mgr:s0 tclass=udp_socket permissive=0
11-11 19:44:03.424 I/auditd ( 2720): type=1400 audit(0.0:24065607): avc: denied { read } for comm="event_loop" lport=13400 scontext=u:r:hht_ota_mgr:s0 tcontext=u:r:hht_ota_mgr:s0 tclass=udp_socket permissive=0
11-11 19:44:03.424 I/auditd ( 2720): type=1400 audit(0.0:24065608): avc: denied { read } for comm="event_loop" lport=13400 scontext=u:r:hht_ota_mgr:s0 tcontext=u:r:hht_ota_mgr:s0 tclass=udp_socket permissive=0
11-11 19:44:04.428 I/auditd ( 2720): type=1400 audit(0.0:24332936): avc: denied { read } for comm="event_loop" lport=13400 scontext=u:r:hht_ota_mgr:s0 tcontext=u:r:hht_ota_mgr:s0 tclass=udp_socket permissive=0
11-11 19:44:04.428 I/auditd ( 2720): type=1400 audit(0.0:24332937): avc: denied { read } for comm="event_loop" lport=13400 scontext=u:r:hht_ota_mgr:s0 tcontext=u:r:hht_ota_mgr:s0 tclass=udp_socket permissive=0
11-11 19:44:04.428 I/auditd ( 2720): type=1400 audit(0.0:24332938): avc: denied { read } for comm="event_loop" lport=13400 scontext=u:r:hht_ota_mgr:s0 tcontext=u:r:hht_ota_mgr:s0 tclass=udp_socket permissive=0
11-11 19:44:04.428 I/auditd ( 2720): type=1400 audit(0.0:24332939): avc: denied { read } for comm="event_loop" lport=13400 scontext=u:r:hht_ota_mgr:s0 tcontext=u:r:hht_ota_mgr:s0 tclass=udp_socket permissive=0
11-11 19:44:04.428 I/auditd ( 2720): type=1400 audit(0.0:24332940): avc: denied { read } for comm="event_loop" lport=13400 scontext=u:r:hht_ota_mgr:s0 tcontext=u:r:hht_ota_mgr:s0 tclass=udp_socket permissive=0
11-11 19:44:05.432 I/auditd ( 2720): type=1400 audit(0.0:24600762): avc: denied { read } for comm="event_loop" lport=13400 scontext=u:r:hht_ota_mgr:s0 tcontext=u:r:hht_ota_mgr:s0 tclass=udp_socket permissive=0
11-11 19:44:05.432 I/auditd ( 2720): type=1400 audit(0.0:24600763): avc: denied { read } for comm="event_loop" lport=13400 scontext=u:r:hht_ota_mgr:s0 tcontext=u:r:hht_ota_mgr:s0 tclass=udp_socket permissive=0
11-11 19:44:05.432 I/auditd ( 2720): type=1400 audit(0.0:24600764): avc: denied { read } for comm="event_loop" lport=13400 scontext=u:r:hht_ota_mgr:s0 tcontext=u:r:hht_ota_mgr:s0 tclass=udp_socket permissive=0
11-11 19:44:05.432 I/auditd ( 2720): type=1400 audit(0.0:24600765): avc: denied { read } for comm="event_loop" lport=13400 scontext=u:r:hht_ota_mgr:s0 tcontext=u:r:hht_ota_mgr:s0 tclass=udp_socket permissive=0
11-11 19:44:05.432 I/auditd ( 2720): type=1400 audit(0.0:24600766): avc: denied { read } for comm="event_loop" lport=13400 scontext=u:r:hht_ota_mgr:s0 tcontext=u:r:hht_ota_mgr:s0 tclass=udp_socket permissive=0
11-11 19:44:05.855 I/input_interaction( 1503): Interaction with: 90f6769 NotificationShade (server), edge-swipe (server), swipe-up (server), PointerEventDispatcher0 (server),
11-11 19:44:06.310 I/notification_enqueue( 1503): [10078,1982,com.android.systemui,2048,NULL,0,Notification(channel=updateNotification shortcut=null contentView=null vibrate=null sound=null defaults=0x0 flags=0x0 color=0x00000000 vis=PRIVATE),1]
11-11 19:44:06.310 I/sysui_multi_action( 1982): [757,111,758,2]
11-11 19:44:06.310 I/sysui_multi_action( 1982): [757,111,758,2]
11-11 19:44:06.432 I/auditd ( 2720): type=1400 audit(0.0:24867714): avc: denied { read } for comm="event_loop" lport=13400 scontext=u:r:hht_ota_mgr:s0 tcontext=u:r:hht_ota_mgr:s0 tclass=udp_socket permissive=0
11-11 19:44:06.436 I/auditd ( 2720): type=1400 audit(0.0:24867715): avc: denied { read } for comm="event_loop" lport=13400 scontext=u:r:hht_ota_mgr:s0 tcontext=u:r:hht_ota_mgr:s0 tclass=udp_socket permissive=0
11-11 19:44:06.436 I/auditd ( 2720): type=1400 audit(0.0:24867716): avc: denied { read } for comm="event_loop" lport=13400 scontext=u:r:hht_ota_mgr:s0 tcontext=u:r:hht_ota_mgr:s0 tclass=udp_socket permissive=0
11-11 19:44:06.436 I/auditd ( 2720): type=1400 audit(0.0:24867717): avc: denied { read } for comm="event_loop" lport=13400 scontext=u:r:hht_ota_mgr:s0 tcontext=u:r:hht_ota_mgr:s0 tclass=udp_socket permissive=0
11-11 19:44:06.436 I/auditd ( 2720): type=1400 audit(0.0:24867718): avc: denied { read } for comm="event_loop" lport=13400 scontext=u:r:hht_ota_mgr:s0 tcontext=u:r:hht_ota_mgr:s0 tclass=udp_socket permissive=0
11-11 19:44:06.515 I/input_focus( 1503): [Focus request 81633e2 com.android.launcher3/com.android.launcher3.uioverrides.QuickstepLauncher,reason=UpdateInputWindows]
11-11 19:44:06.517 I/sysui_multi_action( 1503): [757,128,758,2,793,1512469438,794,1511694811,795,1512469438,796,26,798,0,806,android,857,DEVELOPER_IMPORTANT,858,4,947,0,1395,2,1500,1512469178,1688,1]
11-11 19:44:06.518 I/notification_visibility( 1503): [-1|android|26|null|1000,0,1512469438,1512469438,0,0]
11-11 19:44:06.518 I/sysui_multi_action( 1503): [757,128,758,2,793,1512469920,794,1511694810,795,1512469920,796,32,798,1,806,android,857,USB,858,1,947,0,1395,2,1500,1512469596,1688,1]
11-11 19:44:06.518 I/notification_visibility( 1503): [-1|android|32|null|1000,0,1512469920,1512469920,0,1]
11-11 19:44:06.518 I/sysui_multi_action( 1503): [757,127,758,2]
11-11 19:44:06.519 I/notification_panel_hidden( 1503):
11-11 19:44:06.545 I/input_focus( 1503): [Focus leaving 90f6769 NotificationShade (server),reason=NO_WINDOW]
11-11 19:44:06.545 I/input_focus( 1503): [Focus entering 81633e2 com.android.launcher3/com.android.launcher3.uioverrides.QuickstepLauncher (server),reason=setFocusedWindow]
11-11 19:44:06.574 I/ntp_failure( 1503): [time.android.com/216.239.35.12,java.net.SocketTimeoutException: Poll timed out]
11-11 19:44:07.440 I/auditd ( 2720): type=1400 audit(0.0:25134715): avc: denied { read } for comm="event_loop" lport=13400 scontext=u:r:hht_ota_mgr:s0 tcontext=u:r:hht_ota_mgr:s0 tclass=udp_socket permissive=0
11-11 19:44:07.440 I/auditd ( 2720): type=1400 audit(0.0:25134716): avc: denied { read } for comm="event_loop" lport=13400 scontext=u:r:hht_ota_mgr:s0 tcontext=u:r:hht_ota_mgr:s0 tclass=udp_socket permissive=0
11-11 19:44:07.440 I/auditd ( 2720): type=1400 audit(0.0:25134717): avc: denied { read } for comm="event_loop" lport=13400 scontext=u:r:hht_ota_mgr:s0 tcontext=u:r:hht_ota_mgr:s0 tclass=udp_socket permissive=0
11-11 19:44:07.440 I/auditd ( 2720): type=1400 audit(0.0:25134718): avc: denied { read } for comm="event_loop" lport=13400 scontext=u:r:hht_ota_mgr:s0 tcontext=u:r:hht_ota_mgr:s0 tclass=udp_socket permissive=0
11-11 19:44:07.440 I/auditd ( 2720): type=1400 audit(0.0:25134719): avc: denied { read } for comm="event_loop" lport=13400 scontext=u:r:hht_ota_mgr:s0 tcontext=u:r:hht_ota_mgr:s0 tclass=udp_socket permissive=0
11-11 19:44:07.951 I/input_interaction( 1503): Interaction with: 81633e2 com.android.launcher3/com.android.launcher3.uioverrides.QuickstepLauncher (server), 43cbacc com.android.systemui.ImageWallpaper (server), edge-swipe (server), swipe-up (server), PointerEventDispatcher0 (server),
11-11 19:44:07.995 I/sysui_multi_action( 1503): [757,127,758,1]
11-11 19:44:07.995 I/sysui_multi_action( 1503): [757,804,799,note_load,801,2,802,1]
11-11 19:44:07.995 I/notification_panel_revealed( 1503): 2
11-11 19:44:08.003 I/input_focus( 1503): [Focus request 90f6769 NotificationShade,reason=UpdateInputWindows]
11-11 19:44:08.010 I/sysui_multi_action( 1503): [757,128,758,1,793,1512470931,794,0,795,1512470931,796,26,798,0,806,android,857,DEVELOPER_IMPORTANT,858,4,947,0,1395,2,1500,1512470671,1688,1]
11-11 19:44:08.010 I/sysui_multi_action( 1503): [757,804,799,note_freshness,801,1512470931,802,1]
11-11 19:44:08.010 I/notification_visibility( 1503): [-1|android|26|null|1000,1,1512470931,1512470931,0,0]
11-11 19:44:08.010 I/sysui_multi_action( 1503): [757,128,758,1,793,1512471412,794,0,795,1512471412,796,32,798,1,806,android,857,USB,858,1,947,0,1395,2,1500,1512471088,1688,1]
11-11 19:44:08.010 I/sysui_multi_action( 1503): [757,804,799,note_freshness,801,1512471412,802,1]
11-11 19:44:08.010 I/notification_visibility( 1503): [-1|android|32|null|1000,1,1512471412,1512471412,0,1]
11-11 19:44:08.016 I/input_focus( 1503): [Focus leaving 81633e2 com.android.launcher3/com.android.launcher3.uioverrides.QuickstepLauncher (server),reason=setFocusedWindow]
11-11 19:44:08.016 I/input_focus( 1503): [Focus entering 90f6769 NotificationShade (server),reason=setFocusedWindow]
11-11 19:44:08.021 I/input_interaction( 1503): Interaction with: 81633e2 com.android.launcher3/com.android.launcher3.uioverrides.QuickstepLauncher (server), 43cbacc com.android.systemui.ImageWallpaper (server), 90f6769 NotificationShade (server), edge-swipe (server), swipe-up (server), PointerEventDispatcher0 (server),
11-11 19:44:08.022 I/view_enqueue_input_event( 2526): [Motion - Cancel,com.android.launcher3/com.android.launcher3.uioverrides.QuickstepLauncher]
11-11 19:44:08.031 I/input_interaction( 1503): Interaction with: 43cbacc com.android.systemui.ImageWallpaper (server), 90f6769 NotificationShade (server), edge-swipe (server), swipe-up (server), PointerEventDispatcher0 (server),
11-11 19:44:08.060 I/sysui_multi_action( 1982): [757,111,758,1]
11-11 19:44:08.060 I/sysui_multi_action( 1982): [757,126,758,1,759,126,927,0,928,1,1593,0]
11-11 19:44:08.060 I/sysui_multi_action( 1982): [757,113,758,1,759,113,927,1,928,1,1593,0]
11-11 19:44:08.060 I/sysui_multi_action( 1982): [757,0,758,1,759,0,927,2,928,0,1593,0]
11-11 19:44:08.060 I/sysui_multi_action( 1982): [757,0,758,1,759,0,927,3,928,0,1593,0]
11-11 19:44:08.061 I/sysui_multi_action( 1982): [757,491,758,1,759,491,927,4,928,0,1311,-1,1593,0]
11-11 19:44:08.061 I/sysui_multi_action( 1982): [757,0,758,1,759,0,927,5,928,0,1593,0]
11-11 19:44:08.061 I/sysui_multi_action( 1982): [757,111,758,1]
11-11 19:44:08.061 I/sysui_multi_action( 1982): [757,126,758,1,759,126,927,0,928,1,1593,0]
11-11 19:44:08.061 I/sysui_multi_action( 1982): [757,113,758,1,759,113,927,1,928,1,1593,0]
11-11 19:44:08.061 I/sysui_multi_action( 1982): [757,0,758,1,759,0,927,2,928,0,1593,0]
11-11 19:44:08.061 I/sysui_multi_action( 1982): [757,0,758,1,759,0,927,3,928,0,1593,0]
11-11 19:44:08.444 I/auditd ( 2720): type=1400 audit(0.0:25401710): avc: denied { read } for comm="event_loop" lport=13400 scontext=u:r:hht_ota_mgr:s0 tcontext=u:r:hht_ota_mgr:s0 tclass=udp_socket permissive=0
11-11 19:44:08.444 I/auditd ( 2720): type=1400 audit(0.0:25401711): avc: denied { read } for comm="event_loop" lport=13400 scontext=u:r:hht_ota_mgr:s0 tcontext=u:r:hht_ota_mgr:s0 tclass=udp_socket permissive=0
11-11 19:44:08.444 I/auditd ( 2720): type=1400 audit(0.0:25401712): avc: denied { read } for comm="event_loop" lport=13400 scontext=u:r:hht_ota_mgr:s0 tcontext=u:r:hht_ota_mgr:s0 tclass=udp_socket permissive=0
11-11 19:44:08.444 I/auditd ( 2720): type=1400 audit(0.0:25401713): avc: denied { read } for comm="event_loop" lport=13400 scontext=u:r:hht_ota_mgr:s0 tcontext=u:r:hht_ota_mgr:s0 tclass=udp_socket permissive=0
11-11 19:44:08.444 I/auditd ( 2720): type=1400 audit(0.0:25401714): avc: denied { read } for comm="event_loop" lport=13400 scontext=u:r:hht_ota_mgr:s0 tcontext=u:r:hht_ota_mgr:s0 tclass=udp_socket permissive=0
11-11 19:44:09.448 I/auditd ( 2720): type=1400 audit(0.0:25668871): avc: denied { read } for comm="event_loop" lport=13400 scontext=u:r:hht_ota_mgr:s0 tcontext=u:r:hht_ota_mgr:s0 tclass=udp_socket permissive=0
11-11 19:44:09.448 I/auditd ( 2720): type=1400 audit(0.0:25668872): avc: denied { read } for comm="event_loop" lport=13400 scontext=u:r:hht_ota_mgr:s0 tcontext=u:r:hht_ota_mgr:s0 tclass=udp_socket permissive=0
11-11 19:44:09.448 I/auditd ( 2720): type=1400 audit(0.0:25668873): avc: denied { read } for comm="event_loop" lport=13400 scontext=u:r:hht_ota_mgr:s0 tcontext=u:r:hht_ota_mgr:s0 tclass=udp_socket permissive=0
11-11 19:44:09.448 I/auditd ( 2720): type=1400 audit(0.0:25668874): avc: denied { read } for comm="event_loop" lport=13400 scontext=u:r:hht_ota_mgr:s0 tcontext=u:r:hht_ota_mgr:s0 tclass=udp_socket permissive=0
11-11 19:44:09.448 I/auditd ( 2720): type=1400 audit(0.0:25668875): avc: denied { read } for comm="event_loop" lport=13400 scontext=u:r:hht_ota_mgr:s0 tcontext=u:r:hht_ota_mgr:s0 tclass=udp_socket permissive=0
11-11 19:44:09.948 I/input_interaction( 1503): Interaction with: 90f6769 NotificationShade (server), edge-swipe (server), swipe-up (server), PointerEventDispatcher0 (server),
11-11 19:44:10.385 I/notification_enqueue( 1503): [10078,1982,com.android.systemui,2048,NULL,0,Notification(channel=updateNotification shortcut=null contentView=null vibrate=null sound=null defaults=0x0 flags=0x0 color=0x00000000 vis=PRIVATE),1]
11-11 19:44:10.386 I/sysui_multi_action( 1982): [757,111,758,2]
11-11 19:44:10.387 I/sysui_multi_action( 1982): [757,111,758,2]
11-11 19:44:10.448 I/auditd ( 2720): type=1400 audit(0.0:25935609): avc: denied { read } for comm="event_loop" lport=13400 scontext=u:r:hht_ota_mgr:s0 tcontext=u:r:hht_ota_mgr:s0 tclass=udp_socket permissive=0
11-11 19:44:10.452 I/auditd ( 2720): type=1400 audit(0.0:25935610): avc: denied { read } for comm="event_loop" lport=13400 scontext=u:r:hht_ota_mgr:s0 tcontext=u:r:hht_ota_mgr:s0 tclass=udp_socket permissive=0
11-11 19:44:10.452 I/auditd ( 2720): type=1400 audit(0.0:25935611): avc: denied { read } for comm="event_loop" lport=13400 scontext=u:r:hht_ota_mgr:s0 tcontext=u:r:hht_ota_mgr:s0 tclass=udp_socket permissive=0
11-11 19:44:10.452 I/auditd ( 2720): type=1400 audit(0.0:25935612): avc: denied { read } for comm="event_loop" lport=13400 scontext=u:r:hht_ota_mgr:s0 tcontext=u:r:hht_ota_mgr:s0 tclass=udp_socket permissive=0
11-11 19:44:10.452 I/auditd ( 2720): type=1400 audit(0.0:25935613): avc: denied { read } for comm="event_loop" lport=13400 scontext=u:r:hht_ota_mgr:s0 tcontext=u:r:hht_ota_mgr:s0 tclass=udp_socket permissive=0
11-11 19:44:10.599 I/input_focus( 1503): [Focus request 81633e2 com.android.launcher3/com.android.launcher3.uioverrides.QuickstepLauncher,reason=UpdateInputWindows]
11-11 19:44:10.607 I/sysui_multi_action( 1503): [757,128,758,2,793,1512473528,794,2597,795,1512473528,796,26,798,0,806,android,857,DEVELOPER_IMPORTANT,858,4,947,0,1395,2,1500,1512473268,1688,1]
11-11 19:44:10.607 I/notification_visibility( 1503): [-1|android|26|null|1000,0,1512473528,1512473528,0,0]
11-11 19:44:10.607 I/sysui_multi_action( 1503): [757,128,758,2,793,1512474009,794,2597,795,1512474009,796,32,798,1,806,android,857,USB,858,1,947,0,1395,2,1500,1512473685,1688,1]
11-11 19:44:10.607 I/notification_visibility( 1503): [-1|android|32|null|1000,0,1512474009,1512474009,0,1]
11-11 19:44:10.608 I/sysui_multi_action( 1503): [757,127,758,2]
11-11 19:44:10.608 I/notification_panel_hidden( 1503):
11-11 19:44:10.623 I/input_focus( 1503): [Focus leaving 90f6769 NotificationShade (server),reason=NO_WINDOW]
11-11 19:44:10.623 I/input_focus( 1503): [Focus entering 81633e2 com.android.launcher3/com.android.launcher3.uioverrides.QuickstepLauncher (server),reason=setFocusedWindow]
11-11 19:44:11.452 I/auditd ( 2720): type=1400 audit(0.0:26203250): avc: denied { read } for comm="event_loop" lport=13400 scontext=u:r:hht_ota_mgr:s0 tcontext=u:r:hht_ota_mgr:s0 tclass=udp_socket permissive=0
11-11 19:44:11.456 I/auditd ( 2720): type=1400 audit(0.0:26203251): avc: denied { read } for comm="event_loop" lport=13400 scontext=u:r:hht_ota_mgr:s0 tcontext=u:r:hht_ota_mgr:s0 tclass=udp_socket permissive=0
11-11 19:44:11.456 I/auditd ( 2720): type=1400 audit(0.0:26203252): avc: denied { read } for comm="event_loop" lport=13400 scontext=u:r:hht_ota_mgr:s0 tcontext=u:r:hht_ota_mgr:s0 tclass=udp_socket permissive=0
11-11 19:44:11.456 I/auditd ( 2720): type=1400 audit(0.0:26203253): avc: denied { read } for comm="event_loop" lport=13400 scontext=u:r:hht_ota_mgr:s0 tcontext=u:r:hht_ota_mgr:s0 tclass=udp_socket permissive=0
11-11 19:44:11.456 I/auditd ( 2720): type=1400 audit(0.0:26203254): avc: denied { read } for comm="event_loop" lport=13400 scontext=u:r:hht_ota_mgr:s0 tcontext=u:r:hht_ota_mgr:s0 tclass=udp_socket permissive=0
11-11 19:44:11.578 I/ntp_failure( 1503): [time.android.com/216.239.35.0,java.net.SocketTimeoutException: Poll timed out]
11-11 19:44:12.460 I/auditd ( 2720): type=1400 audit(0.0:26470992): avc: denied { read } for comm="event_loop" lport=13400 scontext=u:r:hht_ota_mgr:s0 tcontext=u:r:hht_ota_mgr:s0 tclass=udp_socket permissive=0
11-11 19:44:12.460 I/auditd ( 2720): type=1400 audit(0.0:26470993): avc: denied { read } for comm="event_loop" lport=13400 scontext=u:r:hht_ota_mgr:s0 tcontext=u:r:hht_ota_mgr:s0 tclass=udp_socket permissive=0
11-11 19:44:12.460 I/auditd ( 2720): type=1400 audit(0.0:26470994): avc: denied { read } for comm="event_loop" lport=13400 scontext=u:r:hht_ota_mgr:s0 tcontext=u:r:hht_ota_mgr:s0 tclass=udp_socket permissive=0
11-11 19:44:12.460 I/auditd ( 2720): type=1400 audit(0.0:26470995): avc: denied { read } for comm="event_loop" lport=13400 scontext=u:r:hht_ota_mgr:s0 tcontext=u:r:hht_ota_mgr:s0 tclass=udp_socket permissive=0
11-11 19:44:12.460 I/auditd ( 2720): type=1400 audit(0.0:26470996): avc: denied { read } for comm="event_loop" lport=13400 scontext=u:r:hht_ota_mgr:s0 tcontext=u:r:hht_ota_mgr:s0 tclass=udp_socket permissive=0
11-11 19:44:13.464 I/auditd ( 2720): type=1400 audit(0.0:26738673): avc: denied { read } for comm="event_loop" lport=13400 scontext=u:r:hht_ota_mgr:s0 tcontext=u:r:hht_ota_mgr:s0 tclass=udp_socket permissive=0
11-11 19:44:13.464 I/auditd ( 2720): type=1400 audit(0.0:26738674): avc: denied { read } for comm="event_loop" lport=13400 scontext=u:r:hht_ota_mgr:s0 tcontext=u:r:hht_ota_mgr:s0 tclass=udp_socket permissive=0
11-11 19:44:13.464 I/auditd ( 2720): type=1400 audit(0.0:26738675): avc: denied { read } for comm="event_loop" lport=13400 scontext=u:r:hht_ota_mgr:s0 tcontext=u:r:hht_ota_mgr:s0 tclass=udp_socket permissive=0
11-11 19:44:13.464 I/auditd ( 2720): type=1400 audit(0.0:26738676): avc: denied { read } for comm="event_loop" lport=13400 scontext=u:r:hht_ota_mgr:s0 tcontext=u:r:hht_ota_mgr:s0 tclass=udp_socket permissive=0
11-11 19:44:13.464 I/auditd ( 2720): type=1400 audit(0.0:26738677): avc: denied { read } for comm="event_loop" lport=13400 scontext=u:r:hht_ota_mgr:s0 tcontext=u:r:hht_ota_mgr:s0 tclass=udp_socket permissive=0
11-11 19:44:14.468 I/auditd ( 2720): type=1400 audit(0.0:27006128): avc: denied { read } for comm="event_loop" lport=13400 scontext=u:r:hht_ota_mgr:s0 tcontext=u:r:hht_ota_mgr:s0 tclass=udp_socket permissive=0
11-11 19:44:14.468 I/auditd ( 2720): type=1400 audit(0.0:27006129): avc: denied { read } for comm="event_loop" lport=13400 scontext=u:r:hht_ota_mgr:s0 tcontext=u:r:hht_ota_mgr:s0 tclass=udp_socket permissive=0
11-11 19:44:14.468 I/auditd ( 2720): type=1400 audit(0.0:27006130): avc: denied { read } for comm="event_loop" lport=13400 scontext=u:r:hht_ota_mgr:s0 tcontext=u:r:hht_ota_mgr:s0 tclass=udp_socket permissive=0
11-11 19:44:14.468 I/auditd ( 2720): type=1400 audit(0.0:27006131): avc: denied { read } for comm="event_loop" lport=13400 scontext=u:r:hht_ota_mgr:s0 tcontext=u:r:hht_ota_mgr:s0 tclass=udp_socket permissive=0
11-11 19:44:14.468 I/auditd ( 2720): type=1400 audit(0.0:27006132): avc: denied { read } for comm="event_loop" lport=13400 scontext=u:r:hht_ota_mgr:s0 tcontext=u:r:hht_ota_mgr:s0 tclass=udp_socket permissive=0
11-11 19:44:15.472 I/auditd ( 2720): type=1400 audit(0.0:27273734): avc: denied { read } for comm="event_loop" lport=13400 scontext=u:r:hht_ota_mgr:s0 tcontext=u:r:hht_ota_mgr:s0 tclass=udp_socket permissive=0
11-11 19:44:15.472 I/auditd ( 2720): type=1400 audit(0.0:27273735): avc: denied { read } for comm="event_loop" lport=13400 scontext=u:r:hht_ota_mgr:s0 tcontext=u:r:hht_ota_mgr:s0 tclass=udp_socket permissive=0
11-11 19:44:15.472 I/auditd ( 2720): type=1400 audit(0.0:27273736): avc: denied { read } for comm="event_loop" lport=13400 scontext=u:r:hht_ota_mgr:s0 tcontext=u:r:hht_ota_mgr:s0 tclass=udp_socket permissive=0
11-11 19:44:15.472 I/auditd ( 2720): type=1400 audit(0.0:27273737): avc: denied { read } for comm="event_loop" lport=13400 scontext=u:r:hht_ota_mgr:s0 tcontext=u:r:hht_ota_mgr:s0 tclass=udp_socket permissive=0
11-11 19:44:15.472 I/auditd ( 2720): type=1400 audit(0.0:27273738): avc: denied { read } for comm="event_loop" lport=13400 scontext=u:r:hht_ota_mgr:s0 tcontext=u:r:hht_ota_mgr:s0 tclass=udp_socket permissive=0
11-11 19:44:16.476 I/auditd ( 2720): type=1400 audit(0.0:27541076): avc: denied { read } for comm="event_loop" lport=13400 scontext=u:r:hht_ota_mgr:s0 tcontext=u:r:hht_ota_mgr:s0 tclass=udp_socket permissive=0
11-11 19:44:16.476 I/auditd ( 2720): type=1400 audit(0.0:27541077): avc: denied { read } for comm="event_loop" lport=13400 scontext=u:r:hht_ota_mgr:s0 tcontext=u:r:hht_ota_mgr:s0 tclass=udp_socket permissive=0
11-11 19:44:16.476 I/auditd ( 2720): type=1400 audit(0.0:27541078): avc: denied { read } for comm="event_loop" lport=13400 scontext=u:r:hht_ota_mgr:s0 tcontext=u:r:hht_ota_mgr:s0 tclass=udp_socket permissive=0
11-11 19:44:16.476 I/auditd ( 2720): type=1400 audit(0.0:27541079): avc: denied { read } for comm="event_loop" lport=13400 scontext=u:r:hht_ota_mgr:s0 tcontext=u:r:hht_ota_mgr:s0 tclass=udp_socket permissive=0
11-11 19:44:16.476 I/auditd ( 2720): type=1400 audit(0.0:27541080): avc: denied { read } for comm="event_loop" lport=13400 scontext=u:r:hht_ota_mgr:s0 tcontext=u:r:hht_ota_mgr:s0 tclass=udp_socket permissive=0
11-11 19:44:16.587 I/ntp_failure( 1503): [time.android.com/216.239.35.8,java.net.SocketTimeoutException: Poll timed out]
11-11 19:44:17.480 I/auditd ( 2720): type=1400 audit(0.0:27808670): avc: denied { read } for comm="event_loop" lport=13400 scontext=u:r:hht_ota_mgr:s0 tcontext=u:r:hht_ota_mgr:s0 tclass=udp_socket permissive=0
11-11 19:44:17.480 I/auditd ( 2720): type=1400 audit(0.0:27808671): avc: denied { read } for comm="event_loop" lport=13400 scontext=u:r:hht_ota_mgr:s0 tcontext=u:r:hht_ota_mgr:s0 tclass=udp_socket permissive=0
11-11 19:44:17.480 I/auditd ( 2720): type=1400 audit(0.0:27808672): avc: denied { read } for comm="event_loop" lport=13400 scontext=u:r:hht_ota_mgr:s0 tcontext=u:r:hht_ota_mgr:s0 tclass=udp_socket permissive=0
11-11 19:44:17.480 I/auditd ( 2720): type=1400 audit(0.0:27808673): avc: denied { read } for comm="event_loop" lport=13400 scontext=u:r:hht_ota_mgr:s0 tcontext=u:r:hht_ota_mgr:s0 tclass=udp_socket permissive=0
11-11 19:44:17.480 I/auditd ( 2720): type=1400 audit(0.0:27808674): avc: denied { read } for comm="event_loop" lport=13400 scontext=u:r:hht_ota_mgr:s0 tcontext=u:r:hht_ota_mgr:s0 tclass=udp_socket permissive=0
11-11 19:44:18.484 I/auditd ( 2720): type=1400 audit(0.0:28075445): avc: denied { read } for comm="event_loop" lport=13400 scontext=u:r:hht_ota_mgr:s0 tcontext=u:r:hht_ota_mgr:s0 tclass=udp_socket permissive=0
11-11 19:44:18.484 I/auditd ( 2720): type=1400 audit(0.0:28075446): avc: denied { read } for comm="event_loop" lport=13400 scontext=u:r:hht_ota_mgr:s0 tcontext=u:r:hht_ota_mgr:s0 tclass=udp_socket permissive=0
11-11 19:44:18.484 I/auditd ( 2720): type=1400 audit(0.0:28075447): avc: denied { read } for comm="event_loop" lport=13400 scontext=u:r:hht_ota_mgr:s0 tcontext=u:r:hht_ota_mgr:s0 tclass=udp_socket permissive=0
11-11 19:44:18.484 I/auditd ( 2720): type=1400 audit(0.0:28075448): avc: denied { read } for comm="event_loop" lport=13400 scontext=u:r:hht_ota_mgr:s0 tcontext=u:r:hht_ota_mgr:s0 tclass=udp_socket permissive=0
11-11 19:44:18.484 I/auditd ( 2720): type=1400 audit(0.0:28075449): avc: denied { read } for comm="event_loop" lport=13400 scontext=u:r:hht_ota_mgr:s0 tcontext=u:r:hht_ota_mgr:s0 tclass=udp_socket permissive=0
11-11 19:44:19.488 I/auditd ( 2720): type=1400 audit(0.0:28343630): avc: denied { read } for comm="event_loop" lport=13400 scontext=u:r:hht_ota_mgr:s0 tcontext=u:r:hht_ota_mgr:s0 tclass=udp_socket permissive=0
11-11 19:44:19.488 I/auditd ( 2720): type=1400 audit(0.0:28343631): avc: denied { read } for comm="event_loop" lport=13400 scontext=u:r:hht_ota_mgr:s0 tcontext=u:r:hht_ota_mgr:s0 tclass=udp_socket permissive=0
11-11 19:44:19.488 I/auditd ( 2720): type=1400 audit(0.0:28343632): avc: denied { read } for comm="event_loop" lport=13400 scontext=u:r:hht_ota_mgr:s0 tcontext=u:r:hht_ota_mgr:s0 tclass=udp_socket permissive=0
11-11 19:44:19.488 I/auditd ( 2720): type=1400 audit(0.0:28343633): avc: denied { read } for comm="event_loop" lport=13400 scontext=u:r:hht_ota_mgr:s0 tcontext=u:r:hht_ota_mgr:s0 tclass=udp_socket permissive=0
11-11 19:44:19.488 I/auditd ( 2720): type=1400 audit(0.0:28343634): avc: denied { read } for comm="event_loop" lport=13400 scontext=u:r:hht_ota_mgr:s0 tcontext=u:r:hht_ota_mgr:s0 tclass=udp_socket permissive=0
11-11 19:44:20.492 I/auditd ( 2720): type=1400 audit(0.0:28610650): avc: denied { read } for comm="event_loop" lport=13400 scontext=u:r:hht_ota_mgr:s0 tcontext=u:r:hht_ota_mgr:s0 tclass=udp_socket permissive=0
11-11 19:44:20.492 I/auditd ( 2720): type=1400 audit(0.0:28610651): avc: denied { read } for comm="event_loop" lport=13400 scontext=u:r:hht_ota_mgr:s0 tcontext=u:r:hht_ota_mgr:s0 tclass=udp_socket permissive=0
11-11 19:44:20.492 I/auditd ( 2720): type=1400 audit(0.0:28610652): avc: denied { read } for comm="event_loop" lport=13400 scontext=u:r:hht_ota_mgr:s0 tcontext=u:r:hht_ota_mgr:s0 tclass=udp_socket permissive=0
11-11 19:44:20.492 I/auditd ( 2720): type=1400 audit(0.0:28610653): avc: denied { read } for comm="event_loop" lport=13400 scontext=u:r:hht_ota_mgr:s0 tcontext=u:r:hht_ota_mgr:s0 tclass=udp_socket permissive=0
11-11 19:44:20.492 I/auditd ( 2720): type=1400 audit(0.0:28610654): avc: denied { read } for comm="event_loop" lport=13400 scontext=u:r:hht_ota_mgr:s0 tcontext=u:r:hht_ota_mgr:s0 tclass=udp_socket permissive=0
11-11 19:44:21.492 I/auditd ( 2720): type=1400 audit(0.0:28878600): avc: denied { read } for comm="event_loop" lport=13400 scontext=u:r:hht_ota_mgr:s0 tcontext=u:r:hht_ota_mgr:s0 tclass=udp_socket permissive=0
11-11 19:44:21.496 I/auditd ( 2720): type=1400 audit(0.0:28878601): avc: denied { read } for comm="event_loop" lport=13400 scontext=u:r:hht_ota_mgr:s0 tcontext=u:r:hht_ota_mgr:s0 tclass=udp_socket permissive=0
11-11 19:44:21.496 I/auditd ( 2720): type=1400 audit(0.0:28878602): avc: denied { read } for comm="event_loop" lport=13400 scontext=u:r:hht_ota_mgr:s0 tcontext=u:r:hht_ota_mgr:s0 tclass=udp_socket permissive=0
11-11 19:44:21.496 I/auditd ( 2720): type=1400 audit(0.0:28878603): avc: denied { read } for comm="event_loop" lport=13400 scontext=u:r:hht_ota_mgr:s0 tcontext=u:r:hht_ota_mgr:s0 tclass=udp_socket permissive=0
11-11 19:44:21.496 I/auditd ( 2720): type=1400 audit(0.0:28878604): avc: denied { read } for comm="event_loop" lport=13400 scontext=u:r:hht_ota_mgr:s0 tcontext=u:r:hht_ota_mgr:s0 tclass=udp_socket permissive=0
11-11 19:44:22.500 I/auditd ( 2720): type=1400 audit(0.0:29145318): avc: denied { read } for comm="event_loop" lport=13400 scontext=u:r:hht_ota_mgr:s0 tcontext=u:r:hht_ota_mgr:s0 tclass=udp_socket permissive=0
11-11 19:44:22.500 I/auditd ( 2720): type=1400 audit(0.0:29145319): avc: denied { read } for comm="event_loop" lport=13400 scontext=u:r:hht_ota_mgr:s0 tcontext=u:r:hht_ota_mgr:s0 tclass=udp_socket permissive=0
11-11 19:44:22.500 I/auditd ( 2720): type=1400 audit(0.0:29145320): avc: denied { read } for comm="event_loop" lport=13400 scontext=u:r:hht_ota_mgr:s0 tcontext=u:r:hht_ota_mgr:s0 tclass=udp_socket permissive=0
11-11 19:44:22.500 I/auditd ( 2720): type=1400 audit(0.0:29145321): avc: denied { read } for comm="event_loop" lport=13400 scontext=u:r:hht_ota_mgr:s0 tcontext=u:r:hht_ota_mgr:s0 tclass=udp_socket permissive=0
11-11 19:44:22.500 I/auditd ( 2720): type=1400 audit(0.0:29145322): avc: denied { read } for comm="event_loop" lport=13400 scontext=u:r:hht_ota_mgr:s0 tcontext=u:r:hht_ota_mgr:s0 tclass=udp_socket permissive=0
11-11 19:44:23.504 I/auditd ( 2720): type=1400 audit(0.0:29413504): avc: denied { read } for comm="event_loop" lport=13400 scontext=u:r:hht_ota_mgr:s0 tcontext=u:r:hht_ota_mgr:s0 tclass=udp_socket permissive=0
11-11 19:44:23.504 I/auditd ( 2720): type=1400 audit(0.0:29413505): avc: denied { read } for comm="event_loop" lport=13400 scontext=u:r:hht_ota_mgr:s0 tcontext=u:r:hht_ota_mgr:s0 tclass=udp_socket permissive=0
11-11 19:44:23.504 I/auditd ( 2720): type=1400 audit(0.0:29413506): avc: denied { read } for comm="event_loop" lport=13400 scontext=u:r:hht_ota_mgr:s0 tcontext=u:r:hht_ota_mgr:s0 tclass=udp_socket permissive=0
11-11 19:44:23.504 I/auditd ( 2720): type=1400 audit(0.0:29413507): avc: denied { read } for comm="event_loop" lport=13400 scontext=u:r:hht_ota_mgr:s0 tcontext=u:r:hht_ota_mgr:s0 tclass=udp_socket permissive=0
11-11 19:44:23.504 I/auditd ( 2720): type=1400 audit(0.0:29413508): avc: denied { read } for comm="event_loop" lport=13400 scontext=u:r:hht_ota_mgr:s0 tcontext=u:r:hht_ota_mgr:s0 tclass=udp_socket permissive=0
11-11 19:44:24.504 I/auditd ( 2720): type=1400 audit(0.0:29681353): avc: denied { read } for comm="event_loop" lport=13400 scontext=u:r:hht_ota_mgr:s0 tcontext=u:r:hht_ota_mgr:s0 tclass=udp_socket permissive=0
11-11 19:44:24.508 I/auditd ( 2720): type=1400 audit(0.0:29681354): avc: denied { read } for comm="event_loop" lport=13400 scontext=u:r:hht_ota_mgr:s0 tcontext=u:r:hht_ota_mgr:s0 tclass=udp_socket permissive=0
11-11 19:44:24.508 I/auditd ( 2720): type=1400 audit(0.0:29681355): avc: denied { read } for comm="event_loop" lport=13400 scontext=u:r:hht_ota_mgr:s0 tcontext=u:r:hht_ota_mgr:s0 tclass=udp_socket permissive=0
11-11 19:44:24.508 I/auditd ( 2720): type=1400 audit(0.0:29681356): avc: denied { read } for comm="event_loop" lport=13400 scontext=u:r:hht_ota_mgr:s0 tcontext=u:r:hht_ota_mgr:s0 tclass=udp_socket permissive=0
11-11 19:44:24.508 I/auditd ( 2720): type=1400 audit(0.0:29681357): avc: denied { read } for comm="event_loop" lport=13400 scontext=u:r:hht_ota_mgr:s0 tcontext=u:r:hht_ota_mgr:s0 tclass=udp_socket permissive=0
11-11 19:44:25.512 I/auditd ( 2720): type=1400 audit(0.0:29949175): avc: denied { read } for comm="event_loop" lport=13400 scontext=u:r:hht_ota_mgr:s0 tcontext=u:r:hht_ota_mgr:s0 tclass=udp_socket permissive=0
11-11 19:44:25.512 I/auditd ( 2720): type=1400 audit(0.0:29949176): avc: denied { read } for comm="event_loop" lport=13400 scontext=u:r:hht_ota_mgr:s0 tcontext=u:r:hht_ota_mgr:s0 tclass=udp_socket permissive=0
11-11 19:44:25.512 I/auditd ( 2720): type=1400 audit(0.0:29949177): avc: denied { read } for comm="event_loop" lport=13400 scontext=u:r:hht_ota_mgr:s0 tcontext=u:r:hht_ota_mgr:s0 tclass=udp_socket permissive=0
11-11 19:44:25.512 I/auditd ( 2720): type=1400 audit(0.0:29949178): avc: denied { read } for comm="event_loop" lport=13400 scontext=u:r:hht_ota_mgr:s0 tcontext=u:r:hht_ota_mgr:s0 tclass=udp_socket permissive=0
11-11 19:44:25.512 I/auditd ( 2720): type=1400 audit(0.0:29949179): avc: denied { read } for comm="event_loop" lport=13400 scontext=u:r:hht_ota_mgr:s0 tcontext=u:r:hht_ota_mgr:s0 tclass=udp_socket permissive=0
11-11 19:44:26.516 I/auditd ( 2720): type=1400 audit(0.0:30217066): avc: denied { read } for comm="event_loop" lport=13400 scontext=u:r:hht_ota_mgr:s0 tcontext=u:r:hht_ota_mgr:s0 tclass=udp_socket permissive=0
11-11 19:44:26.516 I/auditd ( 2720): type=1400 audit(0.0:30217067): avc: denied { read } for comm="event_loop" lport=13400 scontext=u:r:hht_ota_mgr:s0 tcontext=u:r:hht_ota_mgr:s0 tclass=udp_socket permissive=0
11-11 19:44:26.516 I/auditd ( 2720): type=1400 audit(0.0:30217068): avc: denied { read } for comm="event_loop" lport=13400 scontext=u:r:hht_ota_mgr:s0 tcontext=u:r:hht_ota_mgr:s0 tclass=udp_socket permissive=0
11-11 19:44:26.516 I/auditd ( 2720): type=1400 audit(0.0:30217069): avc: denied { read } for comm="event_loop" lport=13400 scontext=u:r:hht_ota_mgr:s0 tcontext=u:r:hht_ota_mgr:s0 tclass=udp_socket permissive=0
11-11 19:44:26.516 I/auditd ( 2720): type=1400 audit(0.0:30217070): avc: denied { read } for comm="event_loop" lport=13400 scontext=u:r:hht_ota_mgr:s0 tcontext=u:r:hht_ota_mgr:s0 tclass=udp_socket permissive=0
11-11 19:44:27.520 I/auditd ( 2720): type=1400 audit(0.0:30484894): avc: denied { read } for comm="event_loop" lport=13400 scontext=u:r:hht_ota_mgr:s0 tcontext=u:r:hht_ota_mgr:s0 tclass=udp_socket permissive=0
11-11 19:44:27.520 I/auditd ( 2720): type=1400 audit(0.0:30484895): avc: denied { read } for comm="event_loop" lport=13400 scontext=u:r:hht_ota_mgr:s0 tcontext=u:r:hht_ota_mgr:s0 tclass=udp_socket permissive=0
11-11 19:44:27.520 I/auditd ( 2720): type=1400 audit(0.0:30484896): avc: denied { read } for comm="event_loop" lport=13400 scontext=u:r:hht_ota_mgr:s0 tcontext=u:r:hht_ota_mgr:s0 tclass=udp_socket permissive=0
11-11 19:44:27.520 I/auditd ( 2720): type=1400 audit(0.0:30484897): avc: denied { read } for comm="event_loop" lport=13400 scontext=u:r:hht_ota_mgr:s0 tcontext=u:r:hht_ota_mgr:s0 tclass=udp_socket permissive=0
11-11 19:44:27.520 I/auditd ( 2720): type=1400 audit(0.0:30484898): avc: denied { read } for comm="event_loop" lport=13400 scontext=u:r:hht_ota_mgr:s0 tcontext=u:r:hht_ota_mgr:s0 tclass=udp_socket permissive=0
11-11 19:44:28.524 I/auditd ( 2720): type=1400 audit(0.0:30752308): avc: denied { read } for comm="event_loop" lport=13400 scontext=u:r:hht_ota_mgr:s0 tcontext=u:r:hht_ota_mgr:s0 tclass=udp_socket permissive=0
11-11 19:44:28.524 I/auditd ( 2720): type=1400 audit(0.0:30752309): avc: denied { read } for comm="event_loop" lport=13400 scontext=u:r:hht_ota_mgr:s0 tcontext=u:r:hht_ota_mgr:s0 tclass=udp_socket permissive=0
11-11 19:44:28.524 I/auditd ( 2720): type=1400 audit(0.0:30752310): avc: denied { read } for comm="event_loop" lport=13400 scontext=u:r:hht_ota_mgr:s0 tcontext=u:r:hht_ota_mgr:s0 tclass=udp_socket permissive=0
11-11 19:44:28.524 I/auditd ( 2720): type=1400 audit(0.0:30752311): avc: denied { read } for comm="event_loop" lport=13400 scontext=u:r:hht_ota_mgr:s0 tcontext=u:r:hht_ota_mgr:s0 tclass=udp_socket permissive=0
11-11 19:44:28.524 I/auditd ( 2720): type=1400 audit(0.0:30752312): avc: denied { read } for comm="event_loop" lport=13400 scontext=u:r:hht_ota_mgr:s0 tcontext=u:r:hht_ota_mgr:s0 tclass=udp_socket permissive=0
11-11 19:44:29.524 I/auditd ( 2720): type=1400 audit(0.0:31020196): avc: denied { read } for comm="event_loop" lport=13400 scontext=u:r:hht_ota_mgr:s0 tcontext=u:r:hht_ota_mgr:s0 tclass=udp_socket permissive=0
11-11 19:44:29.528 I/auditd ( 2720): type=1400 audit(0.0:31020197): avc: denied { read } for comm="event_loop" lport=13400 scontext=u:r:hht_ota_mgr:s0 tcontext=u:r:hht_ota_mgr:s0 tclass=udp_socket permissive=0
11-11 19:44:29.528 I/auditd ( 2720): type=1400 audit(0.0:31020198): avc: denied { read } for comm="event_loop" lport=13400 scontext=u:r:hht_ota_mgr:s0 tcontext=u:r:hht_ota_mgr:s0 tclass=udp_socket permissive=0
11-11 19:44:29.528 I/auditd ( 2720): type=1400 audit(0.0:31020199): avc: denied { read } for comm="event_loop" lport=13400 scontext=u:r:hht_ota_mgr:s0 tcontext=u:r:hht_ota_mgr:s0 tclass=udp_socket permissive=0
11-11 19:44:29.528 I/auditd ( 2720): type=1400 audit(0.0:31020200): avc: denied { read } for comm="event_loop" lport=13400 scontext=u:r:hht_ota_mgr:s0 tcontext=u:r:hht_ota_mgr:s0 tclass=udp_socket permissive=0
11-11 19:44:30.532 I/auditd ( 2720): type=1400 audit(0.0:31287252): avc: denied { read } for comm="event_loop" lport=13400 scontext=u:r:hht_ota_mgr:s0 tcontext=u:r:hht_ota_mgr:s0 tclass=udp_socket permissive=0
11-11 19:44:30.532 I/auditd ( 2720): type=1400 audit(0.0:31287253): avc: denied { read } for comm="event_loop" lport=13400 scontext=u:r:hht_ota_mgr:s0 tcontext=u:r:hht_ota_mgr:s0 tclass=udp_socket permissive=0
11-11 19:44:30.532 I/auditd ( 2720): type=1400 audit(0.0:31287254): avc: denied { read } for comm="event_loop" lport=13400 scontext=u:r:hht_ota_mgr:s0 tcontext=u:r:hht_ota_mgr:s0 tclass=udp_socket permissive=0
11-11 19:44:30.532 I/auditd ( 2720): type=1400 audit(0.0:31287255): avc: denied { read } for comm="event_loop" lport=13400 scontext=u:r:hht_ota_mgr:s0 tcontext=u:r:hht_ota_mgr:s0 tclass=udp_socket permissive=0
11-11 19:44:30.532 I/auditd ( 2720): type=1400 audit(0.0:31287256): avc: denied { read } for comm="event_loop" lport=13400 scontext=u:r:hht_ota_mgr:s0 tcontext=u:r:hht_ota_mgr:s0 tclass=udp_socket permissive=0
11-11 19:44:31.532 I/auditd ( 2720): type=1400 audit(0.0:31555203): avc: denied { read } for comm="event_loop" lport=13400 scontext=u:r:hht_ota_mgr:s0 tcontext=u:r:hht_ota_mgr:s0 tclass=udp_socket permissive=0
11-11 19:44:31.536 I/auditd ( 2720): type=1400 audit(0.0:31555204): avc: denied { read } for comm="event_loop" lport=13400 scontext=u:r:hht_ota_mgr:s0 tcontext=u:r:hht_ota_mgr:s0 tclass=udp_socket permissive=0
11-11 19:44:31.536 I/auditd ( 2720): type=1400 audit(0.0:31555205): avc: denied { read } for comm="event_loop" lport=13400 scontext=u:r:hht_ota_mgr:s0 tcontext=u:r:hht_ota_mgr:s0 tclass=udp_socket permissive=0
11-11 19:44:31.536 I/auditd ( 2720): type=1400 audit(0.0:31555206): avc: denied { read } for comm="event_loop" lport=13400 scontext=u:r:hht_ota_mgr:s0 tcontext=u:r:hht_ota_mgr:s0 tclass=udp_socket permissive=0
11-11 19:44:31.536 I/auditd ( 2720): type=1400 audit(0.0:31555207): avc: denied { read } for comm="event_loop" lport=13400 scontext=u:r:hht_ota_mgr:s0 tcontext=u:r:hht_ota_mgr:s0 tclass=udp_socket permissive=0
11-11 19:44:32.540 I/auditd ( 2720): type=1400 audit(0.0:31822791): avc: denied { read } for comm="event_loop" lport=13400 scontext=u:r:hht_ota_mgr:s0 tcontext=u:r:hht_ota_mgr:s0 tclass=udp_socket permissive=0
11-11 19:44:32.540 I/auditd ( 2720): type=1400 audit(0.0:31822792): avc: denied { read } for comm="event_loop" lport=13400 scontext=u:r:hht_ota_mgr:s0 tcontext=u:r:hht_ota_mgr:s0 tclass=udp_socket permissive=0
11-11 19:44:32.540 I/auditd ( 2720): type=1400 audit(0.0:31822793): avc: denied { read } for comm="event_loop" lport=13400 scontext=u:r:hht_ota_mgr:s0 tcontext=u:r:hht_ota_mgr:s0 tclass=udp_socket permissive=0
11-11 19:44:32.540 I/auditd ( 2720): type=1400 audit(0.0:31822794): avc: denied { read } for comm="event_loop" lport=13400 scontext=u:r:hht_ota_mgr:s0 tcontext=u:r:hht_ota_mgr:s0 tclass=udp_socket permissive=0
11-11 19:44:32.540 I/auditd ( 2720): type=1400 audit(0.0:31822795): avc: denied { read } for comm="event_loop" lport=13400 scontext=u:r:hht_ota_mgr:s0 tcontext=u:r:hht_ota_mgr:s0 tclass=udp_socket permissive=0
11-11 19:44:33.540 I/auditd ( 2720): type=1400 audit(0.0:32090803): avc: denied { read } for comm="event_loop" lport=13400 scontext=u:r:hht_ota_mgr:s0 tcontext=u:r:hht_ota_mgr:s0 tclass=udp_socket permissive=0
11-11 19:44:33.544 I/auditd ( 2720): type=1400 audit(0.0:32090804): avc: denied { read } for comm="event_loop" lport=13400 scontext=u:r:hht_ota_mgr:s0 tcontext=u:r:hht_ota_mgr:s0 tclass=udp_socket permissive=0
11-11 19:44:33.544 I/auditd ( 2720): type=1400 audit(0.0:32090805): avc: denied { read } for comm="event_loop" lport=13400 scontext=u:r:hht_ota_mgr:s0 tcontext=u:r:hht_ota_mgr:s0 tclass=udp_socket permissive=0
11-11 19:44:33.544 I/auditd ( 2720): type=1400 audit(0.0:32090806): avc: denied { read } for comm="event_loop" lport=13400 scontext=u:r:hht_ota_mgr:s0 tcontext=u:r:hht_ota_mgr:s0 tclass=udp_socket permissive=0
11-11 19:44:33.544 I/auditd ( 2720): type=1400 audit(0.0:32090807): avc: denied { read } for comm="event_loop" lport=13400 scontext=u:r:hht_ota_mgr:s0 tcontext=u:r:hht_ota_mgr:s0 tclass=udp_socket permissive=0
11-11 19:44:34.087 I/am_uid_idle( 1503): 10058
11-11 19:44:34.087 I/am_uid_idle( 1503): 10024
11-11 19:44:34.094 I/am_uid_idle( 1503): 10041
11-11 19:44:34.548 I/auditd ( 2720): type=1400 audit(0.0:32358231): avc: denied { read } for comm="event_loop" lport=13400 scontext=u:r:hht_ota_mgr:s0 tcontext=u:r:hht_ota_mgr:s0 tclass=udp_socket permissive=0
11-11 19:44:34.548 I/auditd ( 2720): type=1400 audit(0.0:32358232): avc: denied { read } for comm="event_loop" lport=13400 scontext=u:r:hht_ota_mgr:s0 tcontext=u:r:hht_ota_mgr:s0 tclass=udp_socket permissive=0
11-11 19:44:34.548 I/auditd ( 2720): type=1400 audit(0.0:32358233): avc: denied { read } for comm="event_loop" lport=13400 scontext=u:r:hht_ota_mgr:s0 tcontext=u:r:hht_ota_mgr:s0 tclass=udp_socket permissive=0
11-11 19:44:34.548 I/auditd ( 2720): type=1400 audit(0.0:32358234): avc: denied { read } for comm="event_loop" lport=13400 scontext=u:r:hht_ota_mgr:s0 tcontext=u:r:hht_ota_mgr:s0 tclass=udp_socket permissive=0
