--------- beginning of radio
03-23 11:44:37.257 D/TelephonyRegistry( 1503): listen oscl: mHasNotifySubscriptionInfoChangedOccurred==false no callback
03-23 11:44:37.807 D/TelephonyRegistry( 1503): listen oscl: mHasNotifySubscriptionInfoChangedOccurred==false no callback
03-23 11:44:37.832 D/TelephonyRegistry( 1503): listen oscl: mHasNotifySubscriptionInfoChangedOccurred==false no callback
03-23 11:44:37.839 D/TelephonyRegistry( 1503): listen oscl: mHasNotifySubscriptionInfoChangedOccurred==false no callback
03-23 11:44:37.864 D/TelephonyRegistry( 1503): listen oscl: mHasNotifySubscriptionInfoChangedOccurred==false no callback
03-23 11:44:37.889 W/CarrierConfigManager( 1503): Error getting config for subId -1 ICarrierConfigLoader is null
03-23 11:44:37.935 D/TelephonyRegistry( 1503): systemRunning register for intents
03-23 11:44:38.096 D/TelephonyRegistry( 1503): listen oscl: mHasNotifySubscriptionInfoChangedOccurred==false no callback
03-23 11:44:38.317 D/TelephonyRegistry( 1503): listen oscl: mHasNotifySubscriptionInfoChangedOccurred==false no callback
03-23 11:44:38.516 W/CarrierConfigManager( 1982): Error getting config for subId -1 ICarrierConfigLoader is null
03-23 11:44:38.526 D/TelephonyRegistry( 1503): listen oscl: mHasNotifySubscriptionInfoChangedOccurred==false no callback
03-23 11:44:38.601 D/TelephonyRegistry( 1503): listen oscl: mHasNotifySubscriptionInfoChangedOccurred==false no callback
03-23 11:44:38.609 D/TelephonyRegistry( 1503): notifyCellLocationForSubscriber: subId=2147483647 cellIdentity=null
03-23 11:44:39.511 D/TelephonyRegistry( 1503): listen oscl: mHasNotifySubscriptionInfoChangedOccurred==false no callback
03-23 11:44:39.930 D/TelephonyRegistry( 1503): listen oscl: mHasNotifySubscriptionInfoChangedOccurred==false no callback
03-23 11:44:39.965 D/TelephonyRegistry( 1503): listen oscl: mHasNotifySubscriptionInfoChangedOccurred==false no callback --------- beginning of events
03-23 11:57:32.188 I/input_focus( 1503): [Focus request 90f6769 NotificationShade,reason=UpdateInputWindows]
03-23 11:57:32.196 I/sysui_multi_action( 1503): [757,128,758,1,793,773229,794,0,795,773229,796,26,798,0,806,android,857,DEVELOPER_IMPORTANT,858,4,947,0,1395,2,1500,772969,1688,1]
03-23 11:57:32.196 I/sysui_multi_action( 1503): [757,804,799,note_freshness,801,773229,802,1]
03-23 11:57:32.196 I/notification_visibility( 1503): [-1|android|26|null|1000,1,773229,773229,0,0]
03-23 11:57:32.197 I/sysui_multi_action( 1503): [757,128,758,1,793,773711,794,0,795,773711,796,32,798,1,806,android,857,USB,858,1,947,0,1395,2,1500,773387,1688,1]
03-23 11:57:32.197 I/sysui_multi_action( 1503): [757,804,799,note_freshness,801,773711,802,1]
03-23 11:57:32.197 I/notification_visibility( 1503): [-1|android|32|null|1000,1,773711,773711,0,1]
03-23 11:57:32.216 I/input_focus( 1503): [Focus leaving 81633e2 com.android.launcher3/com.android.launcher3.uioverrides.QuickstepLauncher (server),reason=setFocusedWindow]
03-23 11:57:32.217 I/input_focus( 1503): [Focus entering 90f6769 NotificationShade (server),reason=setFocusedWindow]
03-23 11:57:32.217 I/input_interaction( 1503): Interaction with: 81633e2 com.android.launcher3/com.android.launcher3.uioverrides.QuickstepLauncher (server), 43cbacc com.android.systemui.ImageWallpaper (server), 90f6769 NotificationShade (server), edge-swipe (server), swipe-up (server), PointerEventDispatcher0 (server),
03-23 11:57:32.217 I/view_enqueue_input_event( 2526): [Motion - Cancel,com.android.launcher3/com.android.launcher3.uioverrides.QuickstepLauncher]
03-23 11:57:32.230 I/input_interaction( 1503): Interaction with: 43cbacc com.android.systemui.ImageWallpaper (server), 90f6769 NotificationShade (server), edge-swipe (server), swipe-up (server), PointerEventDispatcher0 (server),
03-23 11:57:32.230 I/sysui_multi_action( 1503): [757,128,758,2,793,773263,794,34,795,773263,796,26,798,0,806,android,857,DEVELOPER_IMPORTANT,858,4,947,0,1395,2,1500,773003,1688,1]
03-23 11:57:32.231 I/notification_visibility( 1503): [-1|android|26|null|1000,0,773263,773263,0,0]
03-23 11:57:32.231 I/sysui_multi_action( 1503): [757,128,758,2,793,773745,794,34,795,773745,796,32,798,1,806,android,857,USB,858,1,947,0,1395,2,1500,773421,1688,1]
03-23 11:57:32.231 I/notification_visibility( 1503): [-1|android|32|null|1000,0,773745,773745,0,1]
03-23 11:57:32.231 I/sysui_multi_action( 1503): [757,127,758,2]
03-23 11:57:32.231 I/notification_panel_hidden( 1503):
03-23 11:57:32.249 I/input_focus( 1503): [Focus request 81633e2 com.android.launcher3/com.android.launcher3.uioverrides.QuickstepLauncher,reason=UpdateInputWindows]
03-23 11:57:32.250 I/view_enqueue_input_event( 1982): [Motion - Cancel,NotificationShade]
03-23 11:57:32.250 I/input_focus( 1503): [Focus leaving 90f6769 NotificationShade (server),reason=NO_WINDOW]
03-23 11:57:32.257 I/input_interaction( 1503): Interaction with: 43cbacc com.android.systemui.ImageWallpaper (server), edge-swipe (server), swipe-up (server), PointerEventDispatcher0 (server),
03-23 11:57:32.266 I/input_focus( 1503): [Focus entering 81633e2 com.android.launcher3/com.android.launcher3.uioverrides.QuickstepLauncher (server),reason=setFocusedWindow]
03-23 11:57:32.483 I/auditd ( 0): type=1400 audit(0.0:960): avc: denied { kill } for comm="swapper/3" capability=5 scontext=u:r:kernel:s0 tcontext=u:r:kernel:s0 tclass=capability permissive=0
03-23 11:57:33.483 I/auditd ( 0): type=1400 audit(0.0:961): avc: denied { kill } for comm="swapper/3" capability=5 scontext=u:r:kernel:s0 tcontext=u:r:kernel:s0 tclass=capability permissive=0
03-23 11:57:33.519 I/input_interaction( 1503): Interaction with: 774c2fa StatusBar (server), edge-swipe (server), swipe-up (server), PointerEventDispatcher0 (server),
03-23 11:57:33.521 I/sysui_multi_action( 1982): [757,803,799,panel_open,802,1]
03-23 11:57:33.521 I/sysui_multi_action( 1982): [757,1328,758,4,1326,29,1327,0,1329,0]
03-23 11:57:33.564 I/sysui_multi_action( 1503): [757,127,758,1]
03-23 11:57:33.564 I/sysui_multi_action( 1503): [757,804,799,note_load,801,2,802,1]
03-23 11:57:33.564 I/notification_panel_revealed( 1503): 2
03-23 11:57:33.576 I/input_focus( 1503): [Focus request 90f6769 NotificationShade,reason=UpdateInputWindows]
03-23 11:57:33.595 I/sysui_multi_action( 1503): [757,128,758,1,793,774627,794,0,795,774627,796,26,798,0,806,android,857,DEVELOPER_IMPORTANT,858,4,947,0,1395,2,1500,774367,1688,1]
03-23 11:57:33.595 I/sysui_multi_action( 1503): [757,804,799,note_freshness,801,774627,802,1]
03-23 11:57:33.595 I/notification_visibility( 1503): [-1|android|26|null|1000,1,774627,774627,0,0]
03-23 11:57:33.597 I/sysui_multi_action( 1503): [757,128,758,1,793,775110,794,0,795,775110,796,32,798,1,806,android,857,USB,858,1,947,0,1395,2,1500,774786,1688,1]
03-23 11:57:33.597 I/sysui_multi_action( 1503): [757,804,799,note_freshness,801,775110,802,1]
03-23 11:57:33.597 I/notification_visibility( 1503): [-1|android|32|null|1000,1,775110,775110,0,1]
03-23 11:57:33.604 I/input_focus( 1503): [Focus leaving 81633e2 com.android.launcher3/com.android.launcher3.uioverrides.QuickstepLauncher (server),reason=setFocusedWindow]
03-23 11:57:33.605 I/input_focus( 1503): [Focus entering 90f6769 NotificationShade (server),reason=setFocusedWindow]
03-23 11:57:33.613 I/sysui_multi_action( 1982): [757,111,758,1]
03-23 11:57:33.613 I/sysui_multi_action( 1982): [757,126,758,1,759,126,927,0,928,1,1593,1]
03-23 11:57:33.613 I/sysui_multi_action( 1982): [757,113,758,1,759,113,927,1,928,1,1593,1]
03-23 11:57:33.613 I/sysui_multi_action( 1982): [757,0,758,1,759,0,927,2,928,0,1593,1]
03-23 11:57:33.613 I/sysui_multi_action( 1982): [757,0,758,1,759,0,927,3,928,0,1593,1]
03-23 11:57:33.613 I/sysui_multi_action( 1982): [757,491,758,1,759,491,927,4,928,0,1311,-1,1593,1]
03-23 11:57:33.613 I/sysui_multi_action( 1982): [757,0,758,1,759,0,927,5,928,0,1593,1]
03-23 11:57:33.614 I/sysui_multi_action( 1982): [757,111,758,1]
03-23 11:57:33.614 I/sysui_multi_action( 1982): [757,126,758,1,759,126,927,0,928,1,1593,1]
03-23 11:57:33.614 I/sysui_multi_action( 1982): [757,113,758,1,759,113,927,1,928,1,1593,1]
03-23 11:57:33.614 I/sysui_multi_action( 1982): [757,0,758,1,759,0,927,2,928,0,1593,1]
03-23 11:57:33.614 I/sysui_multi_action( 1982): [757,0,758,1,759,0,927,3,928,0,1593,1]
03-23 11:57:34.483 I/auditd ( 0): type=1400 audit(0.0:962): avc: denied { kill } for comm="swapper/3" capability=5 scontext=u:r:kernel:s0 tcontext=u:r:kernel:s0 tclass=capability permissive=0
03-23 11:57:36.483 I/auditd ( 0): type=1400 audit(0.0:963): avc: denied { kill } for comm="swapper/3" capability=5 scontext=u:r:kernel:s0 tcontext=u:r:kernel:s0 tclass=capability permissive=0
03-23 11:57:37.483 I/auditd ( 0): type=1400 audit(0.0:964): avc: denied { kill } for comm="swapper/3" capability=5 scontext=u:r:kernel:s0 tcontext=u:r:kernel:s0 tclass=capability permissive=0
03-23 11:57:38.483 I/auditd ( 0): type=1400 audit(0.0:965): avc: denied { kill } for comm="swapper/3" capability=5 scontext=u:r:kernel:s0 tcontext=u:r:kernel:s0 tclass=capability permissive=0
03-23 11:57:38.488 I/storage_state( 1503): [41217664-9172-527a-b3d5-edabb50a7d69,0,0,115859148800,118610538496]
03-23 11:57:39.483 I/auditd ( 0): type=1400 audit(0.0:966): avc: denied { kill } for comm="swapper/3" capability=5 scontext=u:r:kernel:s0 tcontext=u:r:kernel:s0 tclass=capability permissive=0
03-23 11:57:40.483 I/auditd ( 0): type=1400 audit(0.0:967): avc: denied { kill } for comm="swapper/3" capability=5 scontext=u:r:kernel:s0 tcontext=u:r:kernel:s0 tclass=capability permissive=0
03-23 11:57:41.483 I/auditd ( 0): type=1400 audit(0.0:968): avc: denied { kill } for comm="swapper/3" capability=5 scontext=u:r:kernel:s0 tcontext=u:r:kernel:s0 tclass=capability permissive=0
03-23 11:57:42.483 I/auditd ( 0): type=1400 audit(0.0:969): avc: denied { kill } for comm="swapper/3" capability=5 scontext=u:r:kernel:s0 tcontext=u:r:kernel:s0 tclass=capability permissive=0
03-23 11:57:43.483 I/auditd ( 0): type=1400 audit(0.0:970): avc: denied { kill } for comm="swapper/3" capability=5 scontext=u:r:kernel:s0 tcontext=u:r:kernel:s0 tclass=capability permissive=0
03-23 11:57:45.483 I/auditd ( 0): type=1400 audit(0.0:971): avc: denied { kill } for comm="swapper/3" capability=5 scontext=u:r:kernel:s0 tcontext=u:r:kernel:s0 tclass=capability permissive=0
03-23 11:57:46.470 I/ntp_failure( 1503): [time.android.com/216.239.35.12,java.net.SocketTimeoutException: Poll timed out]
03-23 11:57:46.483 I/auditd ( 0): type=1400 audit(0.0:972): avc: denied { kill } for comm="swapper/3" capability=5 scontext=u:r:kernel:s0 tcontext=u:r:kernel:s0 tclass=capability permissive=0
03-23 11:57:47.483 I/auditd ( 0): type=1400 audit(0.0:973): avc: denied { kill } for comm="swapper/3" capability=5 scontext=u:r:kernel:s0 tcontext=u:r:kernel:s0 tclass=capability permissive=0
03-23 11:57:48.483 I/auditd ( 0): type=1400 audit(0.0:974): avc: denied { kill } for comm="swapper/3" capability=5 scontext=u:r:kernel:s0 tcontext=u:r:kernel:s0 tclass=capability permissive=0
03-23 11:57:49.483 I/auditd ( 0): type=1400 audit(0.0:975): avc: denied { kill } for comm="swapper/3" capability=5 scontext=u:r:kernel:s0 tcontext=u:r:kernel:s0 tclass=capability permissive=0
03-23 11:57:50.483 I/auditd ( 0): type=1400 audit(0.0:976): avc: denied { kill } for comm="swapper/3" capability=5 scontext=u:r:kernel:s0 tcontext=u:r:kernel:s0 tclass=capability permissive=0
03-23 11:57:51.476 I/ntp_failure( 1503): [time.android.com/216.239.35.0,java.net.SocketTimeoutException: Poll timed out]
03-23 11:57:51.483 I/auditd ( 0): type=1400 audit(0.0:977): avc: denied { kill } for comm="swapper/3" capability=5 scontext=u:r:kernel:s0 tcontext=u:r:kernel:s0 tclass=capability permissive=0
03-23 11:57:52.483 I/auditd ( 0): type=1400 audit(0.0:978): avc: denied { kill } for comm="swapper/3" capability=5 scontext=u:r:kernel:s0 tcontext=u:r:kernel:s0 tclass=capability permissive=0
03-23 11:57:54.483 I/auditd ( 0): type=1400 audit(0.0:979): avc: denied { kill } for comm="swapper/3" capability=5 scontext=u:r:kernel:s0 tcontext=u:r:kernel:s0 tclass=capability permissive=0
03-23 11:57:56.485 I/ntp_failure( 1503): [time.android.com/216.239.35.8,java.net.SocketTimeoutException: Poll timed out]
03-23 11:57:56.483 I/auditd ( 0): type=1400 audit(0.0:980): avc: denied { kill } for comm="swapper/1" capability=5 scontext=u:r:kernel:s0 tcontext=u:r:kernel:s0 tclass=capability permissive=0
03-23 11:57:57.483 I/auditd ( 0): type=1400 audit(0.0:981): avc: denied { kill } for comm="swapper/1" capability=5 scontext=u:r:kernel:s0 tcontext=u:r:kernel:s0 tclass=capability permissive=0
03-23 11:57:57.919 I/auditd ( 2720): type=1400 audit(0.0:982): avc: denied { read } for comm="event_loop" lport=13400 scontext=u:r:hht_ota_mgr:s0 tcontext=u:r:hht_ota_mgr:s0 tclass=udp_socket permissive=0
03-23 11:57:57.919 I/auditd ( 2720): type=1400 audit(0.0:983): avc: denied { read } for comm="event_loop" lport=13400 scontext=u:r:hht_ota_mgr:s0 tcontext=u:r:hht_ota_mgr:s0 tclass=udp_socket permissive=0
03-23 11:57:57.919 I/auditd ( 2720): type=1400 audit(0.0:984): avc: denied { read } for comm="event_loop" lport=13400 scontext=u:r:hht_ota_mgr:s0 tcontext=u:r:hht_ota_mgr:s0 tclass=udp_socket permissive=0
03-23 11:57:57.919 I/auditd ( 2720): type=1400 audit(0.0:985): avc: denied { read } for comm="event_loop" lport=13400 scontext=u:r:hht_ota_mgr:s0 tcontext=u:r:hht_ota_mgr:s0 tclass=udp_socket permissive=0
03-23 11:57:57.919 I/auditd ( 2720): type=1400 audit(0.0:986): avc: denied { read } for comm="event_loop" lport=13400 scontext=u:r:hht_ota_mgr:s0 tcontext=u:r:hht_ota_mgr:s0 tclass=udp_socket permissive=0
03-23 11:57:57.919 I/auditd ( 2720): type=1400 audit(0.0:987): avc: denied { read } for comm="event_loop" lport=13400 scontext=u:r:hht_ota_mgr:s0 tcontext=u:r:hht_ota_mgr:s0 tclass=udp_socket permissive=0
03-23 11:57:58.923 I/auditd ( 2720): type=1400 audit(0.0:247658): avc: denied { read } for comm="event_loop" lport=13400 scontext=u:r:hht_ota_mgr:s0 tcontext=u:r:hht_ota_mgr:s0 tclass=udp_socket permissive=0
03-23 11:57:58.923 I/auditd ( 2720): type=1400 audit(0.0:247659): avc: denied { read } for comm="event_loop" lport=13400 scontext=u:r:hht_ota_mgr:s0 tcontext=u:r:hht_ota_mgr:s0 tclass=udp_socket permissive=0
03-23 11:57:58.923 I/auditd ( 2720): type=1400 audit(0.0:247660): avc: denied { read } for comm="event_loop" lport=13400 scontext=u:r:hht_ota_mgr:s0 tcontext=u:r:hht_ota_mgr:s0 tclass=udp_socket permissive=0
03-23 11:57:58.923 I/auditd ( 2720): type=1400 audit(0.0:247661): avc: denied { read } for comm="event_loop" lport=13400 scontext=u:r:hht_ota_mgr:s0 tcontext=u:r:hht_ota_mgr:s0 tclass=udp_socket permissive=0
03-23 11:57:58.923 I/auditd ( 2720): type=1400 audit(0.0:247662): avc: denied { read } for comm="event_loop" lport=13400 scontext=u:r:hht_ota_mgr:s0 tcontext=u:r:hht_ota_mgr:s0 tclass=udp_socket permissive=0
03-23 11:57:59.927 I/auditd ( 2720): type=1400 audit(0.0:517131): avc: denied { read } for comm="event_loop" lport=13400 scontext=u:r:hht_ota_mgr:s0 tcontext=u:r:hht_ota_mgr:s0 tclass=udp_socket permissive=0
03-23 11:57:59.927 I/auditd ( 2720): type=1400 audit(0.0:517132): avc: denied { read } for comm="event_loop" lport=13400 scontext=u:r:hht_ota_mgr:s0 tcontext=u:r:hht_ota_mgr:s0 tclass=udp_socket permissive=0
03-23 11:57:59.927 I/auditd ( 2720): type=1400 audit(0.0:517133): avc: denied { read } for comm="event_loop" lport=13400 scontext=u:r:hht_ota_mgr:s0 tcontext=u:r:hht_ota_mgr:s0 tclass=udp_socket permissive=0
03-23 11:57:59.927 I/auditd ( 2720): type=1400 audit(0.0:517134): avc: denied { read } for comm="event_loop" lport=13400 scontext=u:r:hht_ota_mgr:s0 tcontext=u:r:hht_ota_mgr:s0 tclass=udp_socket permissive=0
03-23 11:57:59.927 I/auditd ( 2720): type=1400 audit(0.0:517135): avc: denied { read } for comm="event_loop" lport=13400 scontext=u:r:hht_ota_mgr:s0 tcontext=u:r:hht_ota_mgr:s0 tclass=udp_socket permissive=0
03-23 11:58:00.838 I/am_uid_idle( 1503): 10041
03-23 11:58:00.931 I/auditd ( 2720): type=1400 audit(0.0:786092): avc: denied { read } for comm="event_loop" lport=13400 scontext=u:r:hht_ota_mgr:s0 tcontext=u:r:hht_ota_mgr:s0 tclass=udp_socket permissive=0
03-23 11:58:00.931 I/auditd ( 2720): type=1400 audit(0.0:786093): avc: denied { read } for comm="event_loop" lport=13400 scontext=u:r:hht_ota_mgr:s0 tcontext=u:r:hht_ota_mgr:s0 tclass=udp_socket permissive=0
03-23 11:58:00.931 I/auditd ( 2720): type=1400 audit(0.0:786094): avc: denied { read } for comm="event_loop" lport=13400 scontext=u:r:hht_ota_mgr:s0 tcontext=u:r:hht_ota_mgr:s0 tclass=udp_socket permissive=0
03-23 11:58:00.931 I/auditd ( 2720): type=1400 audit(0.0:786095): avc: denied { read } for comm="event_loop" lport=13400 scontext=u:r:hht_ota_mgr:s0 tcontext=u:r:hht_ota_mgr:s0 tclass=udp_socket permissive=0
03-23 11:58:00.931 I/auditd ( 2720): type=1400 audit(0.0:786096): avc: denied { read } for comm="event_loop" lport=13400 scontext=u:r:hht_ota_mgr:s0 tcontext=u:r:hht_ota_mgr:s0 tclass=udp_socket permissive=0
03-23 11:58:01.935 I/auditd ( 2720): type=1400 audit(0.0:1055369): avc: denied { read } for comm="event_loop" lport=13400 scontext=u:r:hht_ota_mgr:s0 tcontext=u:r:hht_ota_mgr:s0 tclass=udp_socket permissive=0
03-23 11:58:01.935 I/auditd ( 2720): type=1400 audit(0.0:1055370): avc: denied { read } for comm="event_loop" lport=13400 scontext=u:r:hht_ota_mgr:s0 tcontext=u:r:hht_ota_mgr:s0 tclass=udp_socket permissive=0
03-23 11:58:01.935 I/auditd ( 2720): type=1400 audit(0.0:1055371): avc: denied { read } for comm="event_loop" lport=13400 scontext=u:r:hht_ota_mgr:s0 tcontext=u:r:hht_ota_mgr:s0 tclass=udp_socket permissive=0
03-23 11:58:01.935 I/auditd ( 2720): type=1400 audit(0.0:1055372): avc: denied { read } for comm="event_loop" lport=13400 scontext=u:r:hht_ota_mgr:s0 tcontext=u:r:hht_ota_mgr:s0 tclass=udp_socket permissive=0
03-23 11:58:01.935 I/auditd ( 2720): type=1400 audit(0.0:1055373): avc: denied { read } for comm="event_loop" lport=13400 scontext=u:r:hht_ota_mgr:s0 tcontext=u:r:hht_ota_mgr:s0 tclass=udp_socket permissive=0
03-23 11:58:02.939 I/auditd ( 2720): type=1400 audit(0.0:1323680): avc: denied { read } for comm="event_loop" lport=13400 scontext=u:r:hht_ota_mgr:s0 tcontext=u:r:hht_ota_mgr:s0 tclass=udp_socket permissive=0
03-23 11:58:02.939 I/auditd ( 2720): type=1400 audit(0.0:1323681): avc: denied { read } for comm="event_loop" lport=13400 scontext=u:r:hht_ota_mgr:s0 tcontext=u:r:hht_ota_mgr:s0 tclass=udp_socket permissive=0
03-23 11:58:02.939 I/auditd ( 2720): type=1400 audit(0.0:1323682): avc: denied { read } for comm="event_loop" lport=13400 scontext=u:r:hht_ota_mgr:s0 tcontext=u:r:hht_ota_mgr:s0 tclass=udp_socket permissive=0
03-23 11:58:02.939 I/auditd ( 2720): type=1400 audit(0.0:1323683): avc: denied { read } for comm="event_loop" lport=13400 scontext=u:r:hht_ota_mgr:s0 tcontext=u:r:hht_ota_mgr:s0 tclass=udp_socket permissive=0
03-23 11:58:02.939 I/auditd ( 2720): type=1400 audit(0.0:1323684): avc: denied { read } for comm="event_loop" lport=13400 scontext=u:r:hht_ota_mgr:s0 tcontext=u:r:hht_ota_mgr:s0 tclass=udp_socket permissive=0
03-23 11:58:03.943 I/auditd ( 2720): type=1400 audit(0.0:1593235): avc: denied { read } for comm="event_loop" lport=13400 scontext=u:r:hht_ota_mgr:s0 tcontext=u:r:hht_ota_mgr:s0 tclass=udp_socket permissive=0
03-23 11:58:03.943 I/auditd ( 2720): type=1400 audit(0.0:1593236): avc: denied { read } for comm="event_loop" lport=13400 scontext=u:r:hht_ota_mgr:s0 tcontext=u:r:hht_ota_mgr:s0 tclass=udp_socket permissive=0
03-23 11:58:03.943 I/auditd ( 2720): type=1400 audit(0.0:1593237): avc: denied { read } for comm="event_loop" lport=13400 scontext=u:r:hht_ota_mgr:s0 tcontext=u:r:hht_ota_mgr:s0 tclass=udp_socket permissive=0
03-23 11:58:03.943 I/auditd ( 2720): type=1400 audit(0.0:1593238): avc: denied { read } for comm="event_loop" lport=13400 scontext=u:r:hht_ota_mgr:s0 tcontext=u:r:hht_ota_mgr:s0 tclass=udp_socket permissive=0
03-23 11:58:03.943 I/auditd ( 2720): type=1400 audit(0.0:1593239): avc: denied { read } for comm="event_loop" lport=13400 scontext=u:r:hht_ota_mgr:s0 tcontext=u:r:hht_ota_mgr:s0 tclass=udp_socket permissive=0
03-23 11:58:04.943 I/auditd ( 2720): type=1400 audit(0.0:1861877): avc: denied { read } for comm="event_loop" lport=13400 scontext=u:r:hht_ota_mgr:s0 tcontext=u:r:hht_ota_mgr:s0 tclass=udp_socket permissive=0
03-23 11:58:04.947 I/auditd ( 2720): type=1400 audit(0.0:1861878): avc: denied { read } for comm="event_loop" lport=13400 scontext=u:r:hht_ota_mgr:s0 tcontext=u:r:hht_ota_mgr:s0 tclass=udp_socket permissive=0
03-23 11:58:04.947 I/auditd ( 2720): type=1400 audit(0.0:1861879): avc: denied { read } for comm="event_loop" lport=13400 scontext=u:r:hht_ota_mgr:s0 tcontext=u:r:hht_ota_mgr:s0 tclass=udp_socket permissive=0
03-23 11:58:04.947 I/auditd ( 2720): type=1400 audit(0.0:1861880): avc: denied { read } for comm="event_loop" lport=13400 scontext=u:r:hht_ota_mgr:s0 tcontext=u:r:hht_ota_mgr:s0 tclass=udp_socket permissive=0
03-23 11:58:04.947 I/auditd ( 2720): type=1400 audit(0.0:1861881): avc: denied { read } for comm="event_loop" lport=13400 scontext=u:r:hht_ota_mgr:s0 tcontext=u:r:hht_ota_mgr:s0 tclass=udp_socket permissive=0
03-23 11:58:05.951 I/auditd ( 2720): type=1400 audit(0.0:2130915): avc: denied { read } for comm="event_loop" lport=13400 scontext=u:r:hht_ota_mgr:s0 tcontext=u:r:hht_ota_mgr:s0 tclass=udp_socket permissive=0
03-23 11:58:05.951 I/auditd ( 2720): type=1400 audit(0.0:2130916): avc: denied { read } for comm="event_loop" lport=13400 scontext=u:r:hht_ota_mgr:s0 tcontext=u:r:hht_ota_mgr:s0 tclass=udp_socket permissive=0
03-23 11:58:05.951 I/auditd ( 2720): type=1400 audit(0.0:2130917): avc: denied { read } for comm="event_loop" lport=13400 scontext=u:r:hht_ota_mgr:s0 tcontext=u:r:hht_ota_mgr:s0 tclass=udp_socket permissive=0
03-23 11:58:05.951 I/auditd ( 2720): type=1400 audit(0.0:2130918): avc: denied { read } for comm="event_loop" lport=13400 scontext=u:r:hht_ota_mgr:s0 tcontext=u:r:hht_ota_mgr:s0 tclass=udp_socket permissive=0
03-23 11:58:05.951 I/auditd ( 2720): type=1400 audit(0.0:2130919): avc: denied { read } for comm="event_loop" lport=13400 scontext=u:r:hht_ota_mgr:s0 tcontext=u:r:hht_ota_mgr:s0 tclass=udp_socket permissive=0
03-23 11:58:06.955 I/auditd ( 2720): type=1400 audit(0.0:2399937): avc: denied { read } for comm="event_loop" lport=13400 scontext=u:r:hht_ota_mgr:s0 tcontext=u:r:hht_ota_mgr:s0 tclass=udp_socket permissive=0
03-23 11:58:06.955 I/auditd ( 2720): type=1400 audit(0.0:2399938): avc: denied { read } for comm="event_loop" lport=13400 scontext=u:r:hht_ota_mgr:s0 tcontext=u:r:hht_ota_mgr:s0 tclass=udp_socket permissive=0
03-23 11:58:06.955 I/auditd ( 2720): type=1400 audit(0.0:2399939): avc: denied { read } for comm="event_loop" lport=13400 scontext=u:r:hht_ota_mgr:s0 tcontext=u:r:hht_ota_mgr:s0 tclass=udp_socket permissive=0
03-23 11:58:06.955 I/auditd ( 2720): type=1400 audit(0.0:2399940): avc: denied { read } for comm="event_loop" lport=13400 scontext=u:r:hht_ota_mgr:s0 tcontext=u:r:hht_ota_mgr:s0 tclass=udp_socket permissive=0
03-23 11:58:06.955 I/auditd ( 2720): type=1400 audit(0.0:2399941): avc: denied { read } for comm="event_loop" lport=13400 scontext=u:r:hht_ota_mgr:s0 tcontext=u:r:hht_ota_mgr:s0 tclass=udp_socket permissive=0
03-23 11:58:07.959 I/auditd ( 2720): type=1400 audit(0.0:2668545): avc: denied { read } for comm="event_loop" lport=13400 scontext=u:r:hht_ota_mgr:s0 tcontext=u:r:hht_ota_mgr:s0 tclass=udp_socket permissive=0
03-23 11:58:07.959 I/auditd ( 2720): type=1400 audit(0.0:2668546): avc: denied { read } for comm="event_loop" lport=13400 scontext=u:r:hht_ota_mgr:s0 tcontext=u:r:hht_ota_mgr:s0 tclass=udp_socket permissive=0
03-23 11:58:07.959 I/auditd ( 2720): type=1400 audit(0.0:2668547): avc: denied { read } for comm="event_loop" lport=13400 scontext=u:r:hht_ota_mgr:s0 tcontext=u:r:hht_ota_mgr:s0 tclass=udp_socket permissive=0
03-23 11:58:07.959 I/auditd ( 2720): type=1400 audit(0.0:2668548): avc: denied { read } for comm="event_loop" lport=13400 scontext=u:r:hht_ota_mgr:s0 tcontext=u:r:hht_ota_mgr:s0 tclass=udp_socket permissive=0
03-23 11:58:07.959 I/auditd ( 2720): type=1400 audit(0.0:2668549): avc: denied { read } for comm="event_loop" lport=13400 scontext=u:r:hht_ota_mgr:s0 tcontext=u:r:hht_ota_mgr:s0 tclass=udp_socket permissive=0
03-23 11:58:08.963 I/auditd ( 2720): type=1400 audit(0.0:2937229): avc: denied { read } for comm="event_loop" lport=13400 scontext=u:r:hht_ota_mgr:s0 tcontext=u:r:hht_ota_mgr:s0 tclass=udp_socket permissive=0
03-23 11:58:08.963 I/auditd ( 2720): type=1400 audit(0.0:2937230): avc: denied { read } for comm="event_loop" lport=13400 scontext=u:r:hht_ota_mgr:s0 tcontext=u:r:hht_ota_mgr:s0 tclass=udp_socket permissive=0
03-23 11:58:08.963 I/auditd ( 2720): type=1400 audit(0.0:2937231): avc: denied { read } for comm="event_loop" lport=13400 scontext=u:r:hht_ota_mgr:s0 tcontext=u:r:hht_ota_mgr:s0 tclass=udp_socket permissive=0
03-23 11:58:08.963 I/auditd ( 2720): type=1400 audit(0.0:2937232): avc: denied { read } for comm="event_loop" lport=13400 scontext=u:r:hht_ota_mgr:s0 tcontext=u:r:hht_ota_mgr:s0 tclass=udp_socket permissive=0
03-23 11:58:08.963 I/auditd ( 2720): type=1400 audit(0.0:2937233): avc: denied { read } for comm="event_loop" lport=13400 scontext=u:r:hht_ota_mgr:s0 tcontext=u:r:hht_ota_mgr:s0 tclass=udp_socket permissive=0
03-23 11:58:09.967 I/auditd ( 2720): type=1400 audit(0.0:3205323): avc: denied { read } for comm="event_loop" lport=13400 scontext=u:r:hht_ota_mgr:s0 tcontext=u:r:hht_ota_mgr:s0 tclass=udp_socket permissive=0
03-23 11:58:09.967 I/auditd ( 2720): type=1400 audit(0.0:3205324): avc: denied { read } for comm="event_loop" lport=13400 scontext=u:r:hht_ota_mgr:s0 tcontext=u:r:hht_ota_mgr:s0 tclass=udp_socket permissive=0
03-23 11:58:09.967 I/auditd ( 2720): type=1400 audit(0.0:3205325): avc: denied { read } for comm="event_loop" lport=13400 scontext=u:r:hht_ota_mgr:s0 tcontext=u:r:hht_ota_mgr:s0 tclass=udp_socket permissive=0
03-23 11:58:09.967 I/auditd ( 2720): type=1400 audit(0.0:3205326): avc: denied { read } for comm="event_loop" lport=13400 scontext=u:r:hht_ota_mgr:s0 tcontext=u:r:hht_ota_mgr:s0 tclass=udp_socket permissive=0
03-23 11:58:09.967 I/auditd ( 2720): type=1400 audit(0.0:3205327): avc: denied { read } for comm="event_loop" lport=13400 scontext=u:r:hht_ota_mgr:s0 tcontext=u:r:hht_ota_mgr:s0 tclass=udp_socket permissive=0
03-23 11:58:10.967 I/auditd ( 2720): type=1400 audit(0.0:3473822): avc: denied { read } for comm="event_loop" lport=13400 scontext=u:r:hht_ota_mgr:s0 tcontext=u:r:hht_ota_mgr:s0 tclass=udp_socket permissive=0
03-23 11:58:10.971 I/auditd ( 2720): type=1400 audit(0.0:3473823): avc: denied { read } for comm="event_loop" lport=13400 scontext=u:r:hht_ota_mgr:s0 tcontext=u:r:hht_ota_mgr:s0 tclass=udp_socket permissive=0
03-23 11:58:10.971 I/auditd ( 2720): type=1400 audit(0.0:3473824): avc: denied { read } for comm="event_loop" lport=13400 scontext=u:r:hht_ota_mgr:s0 tcontext=u:r:hht_ota_mgr:s0 tclass=udp_socket permissive=0
03-23 11:58:10.971 I/auditd ( 2720): type=1400 audit(0.0:3473825): avc: denied { read } for comm="event_loop" lport=13400 scontext=u:r:hht_ota_mgr:s0 tcontext=u:r:hht_ota_mgr:s0 tclass=udp_socket permissive=0
03-23 11:58:10.971 I/auditd ( 2720): type=1400 audit(0.0:3473826): avc: denied { read } for comm="event_loop" lport=13400 scontext=u:r:hht_ota_mgr:s0 tcontext=u:r:hht_ota_mgr:s0 tclass=udp_socket permissive=0
03-23 11:58:11.971 I/auditd ( 2720): type=1400 audit(0.0:3742796): avc: denied { read } for comm="event_loop" lport=13400 scontext=u:r:hht_ota_mgr:s0 tcontext=u:r:hht_ota_mgr:s0 tclass=udp_socket permissive=0
03-23 11:58:11.975 I/auditd ( 2720): type=1400 audit(0.0:3742797): avc: denied { read } for comm="event_loop" lport=13400 scontext=u:r:hht_ota_mgr:s0 tcontext=u:r:hht_ota_mgr:s0 tclass=udp_socket permissive=0
03-23 11:58:11.975 I/auditd ( 2720): type=1400 audit(0.0:3742798): avc: denied { read } for comm="event_loop" lport=13400 scontext=u:r:hht_ota_mgr:s0 tcontext=u:r:hht_ota_mgr:s0 tclass=udp_socket permissive=0
03-23 11:58:11.975 I/auditd ( 2720): type=1400 audit(0.0:3742799): avc: denied { read } for comm="event_loop" lport=13400 scontext=u:r:hht_ota_mgr:s0 tcontext=u:r:hht_ota_mgr:s0 tclass=udp_socket permissive=0
03-23 11:58:11.975 I/auditd ( 2720): type=1400 audit(0.0:3742800): avc: denied { read } for comm="event_loop" lport=13400 scontext=u:r:hht_ota_mgr:s0 tcontext=u:r:hht_ota_mgr:s0 tclass=udp_socket permissive=0
03-23 11:58:12.979 I/auditd ( 2720): type=1400 audit(0.0:4011265): avc: denied { read } for comm="event_loop" lport=13400 scontext=u:r:hht_ota_mgr:s0 tcontext=u:r:hht_ota_mgr:s0 tclass=udp_socket permissive=0
03-23 11:58:12.979 I/auditd ( 2720): type=1400 audit(0.0:4011266): avc: denied { read } for comm="event_loop" lport=13400 scontext=u:r:hht_ota_mgr:s0 tcontext=u:r:hht_ota_mgr:s0 tclass=udp_socket permissive=0
03-23 11:58:12.979 I/auditd ( 2720): type=1400 audit(0.0:4011267): avc: denied { read } for comm="event_loop" lport=13400 scontext=u:r:hht_ota_mgr:s0 tcontext=u:r:hht_ota_mgr:s0 tclass=udp_socket permissive=0
03-23 11:58:12.979 I/auditd ( 2720): type=1400 audit(0.0:4011268): avc: denied { read } for comm="event_loop" lport=13400 scontext=u:r:hht_ota_mgr:s0 tcontext=u:r:hht_ota_mgr:s0 tclass=udp_socket permissive=0
03-23 11:58:12.979 I/auditd ( 2720): type=1400 audit(0.0:4011269): avc: denied { read } for comm="event_loop" lport=13400 scontext=u:r:hht_ota_mgr:s0 tcontext=u:r:hht_ota_mgr:s0 tclass=udp_socket permissive=0
03-23 11:58:13.983 I/auditd ( 2720): type=1400 audit(0.0:4280263): avc: denied { read } for comm="event_loop" lport=13400 scontext=u:r:hht_ota_mgr:s0 tcontext=u:r:hht_ota_mgr:s0 tclass=udp_socket permissive=0
03-23 11:58:13.983 I/auditd ( 2720): type=1400 audit(0.0:4280264): avc: denied { read } for comm="event_loop" lport=13400 scontext=u:r:hht_ota_mgr:s0 tcontext=u:r:hht_ota_mgr:s0 tclass=udp_socket permissive=0
03-23 11:58:13.983 I/auditd ( 2720): type=1400 audit(0.0:4280265): avc: denied { read } for comm="event_loop" lport=13400 scontext=u:r:hht_ota_mgr:s0 tcontext=u:r:hht_ota_mgr:s0 tclass=udp_socket permissive=0
03-23 11:58:13.983 I/auditd ( 2720): type=1400 audit(0.0:4280266): avc: denied { read } for comm="event_loop" lport=13400 scontext=u:r:hht_ota_mgr:s0 tcontext=u:r:hht_ota_mgr:s0 tclass=udp_socket permissive=0
03-23 11:58:13.983 I/auditd ( 2720): type=1400 audit(0.0:4280267): avc: denied { read } for comm="event_loop" lport=13400 scontext=u:r:hht_ota_mgr:s0 tcontext=u:r:hht_ota_mgr:s0 tclass=udp_socket permissive=0
03-23 11:58:14.987 I/auditd ( 2720): type=1400 audit(0.0:4550216): avc: denied { read } for comm="event_loop" lport=13400 scontext=u:r:hht_ota_mgr:s0 tcontext=u:r:hht_ota_mgr:s0 tclass=udp_socket permissive=0
03-23 11:58:14.987 I/auditd ( 2720): type=1400 audit(0.0:4550217): avc: denied { read } for comm="event_loop" lport=13400 scontext=u:r:hht_ota_mgr:s0 tcontext=u:r:hht_ota_mgr:s0 tclass=udp_socket permissive=0
03-23 11:58:14.987 I/auditd ( 2720): type=1400 audit(0.0:4550218): avc: denied { read } for comm="event_loop" lport=13400 scontext=u:r:hht_ota_mgr:s0 tcontext=u:r:hht_ota_mgr:s0 tclass=udp_socket permissive=0
03-23 11:58:14.987 I/auditd ( 2720): type=1400 audit(0.0:4550219): avc: denied { read } for comm="event_loop" lport=13400 scontext=u:r:hht_ota_mgr:s0 tcontext=u:r:hht_ota_mgr:s0 tclass=udp_socket permissive=0
03-23 11:58:14.987 I/auditd ( 2720): type=1400 audit(0.0:4550220): avc: denied { read } for comm="event_loop" lport=13400 scontext=u:r:hht_ota_mgr:s0 tcontext=u:r:hht_ota_mgr:s0 tclass=udp_socket permissive=0
03-23 11:58:15.783 I/am_uid_active( 1503): 10041
03-23 11:58:15.789 I/am_pss ( 1503): [4392,10093,com.tencent.qqmusicpad,126864384,97116160,0,234246144,0,4,12]
03-23 11:58:15.792 I/am_uid_running( 1503): 10024
03-23 11:58:15.792 I/sysui_multi_action( 1503): [757,803,799,dnd_mode_0,802,818476]
03-23 11:58:15.796 I/sysui_multi_action( 1503): [757,803,799,dnd_rule_count,802,0]
03-23 11:58:15.796 I/sysui_multi_action( 1503): [757,803,799,dnd_type_0,802,818480]
03-23 11:58:15.805 I/am_pss ( 1503): [3573,10085,com.android.music,35227648,27795456,0,163024896,0,10,7]
03-23 11:58:15.807 I/am_proc_start( 1503): [0,6724,10024,com.android.providers.calendar,content provider,{com.android.providers.calendar/com.android.providers.calendar.CalendarProvider2}]
03-23 11:58:15.811 I/am_pss ( 1503): [4118,10028,com.android.musicfx,5743616,3919872,0,89956352,0,19,5]
03-23 11:58:15.828 I/am_proc_bound( 1503): [0,6724,com.android.providers.calendar]
03-23 11:58:15.831 I/am_uid_active( 1503): 10024
03-23 11:58:15.992 I/commit_sys_config_file( 1503): [settings-2-0,6]
03-23 11:58:15.987 I/auditd ( 2720): type=1400 audit(0.0:4818953): avc: denied { read } for comm="event_loop" lport=13400 scontext=u:r:hht_ota_mgr:s0 tcontext=u:r:hht_ota_mgr:s0 tclass=udp_socket permissive=0
03-23 11:58:15.991 I/auditd ( 2720): type=1400 audit(0.0:4818954): avc: denied { read } for comm="event_loop" lport=13400 scontext=u:r:hht_ota_mgr:s0 tcontext=u:r:hht_ota_mgr:s0 tclass=udp_socket permissive=0
03-23 11:58:15.991 I/auditd ( 2720): type=1400 audit(0.0:4818955): avc: denied { read } for comm="event_loop" lport=13400 scontext=u:r:hht_ota_mgr:s0 tcontext=u:r:hht_ota_mgr:s0 tclass=udp_socket permissive=0
03-23 11:58:15.991 I/auditd ( 2720): type=1400 audit(0.0:4818956): avc: denied { read } for comm="event_loop" lport=13400 scontext=u:r:hht_ota_mgr:s0 tcontext=u:r:hht_ota_mgr:s0 tclass=udp_socket permissive=0
03-23 11:58:15.991 I/auditd ( 2720): type=1400 audit(0.0:4818957): avc: denied { read } for comm="event_loop" lport=13400 scontext=u:r:hht_ota_mgr:s0 tcontext=u:r:hht_ota_mgr:s0 tclass=udp_socket permissive=0
03-23 11:58:16.003 I/commit_sys_config_file( 1503): [settings-0-0,4]
03-23 11:58:16.052 I/commit_sys_config_file( 1503): [notification-policy,818486]
03-23 11:58:16.996 I/auditd ( 2720): type=1400 audit(0.0:5086596): avc: denied { read } for comm="event_loop" lport=13400 scontext=u:r:hht_ota_mgr:s0 tcontext=u:r:hht_ota_mgr:s0 tclass=udp_socket permissive=0
03-23 11:58:16.996 I/auditd ( 2720): type=1400 audit(0.0:5086597): avc: denied { read } for comm="event_loop" lport=13400 scontext=u:r:hht_ota_mgr:s0 tcontext=u:r:hht_ota_mgr:s0 tclass=udp_socket permissive=0
03-23 11:58:16.996 I/auditd ( 2720): type=1400 audit(0.0:5086598): avc: denied { read } for comm="event_loop" lport=13400 scontext=u:r:hht_ota_mgr:s0 tcontext=u:r:hht_ota_mgr:s0 tclass=udp_socket permissive=0
03-23 11:58:16.996 I/auditd ( 2720): type=1400 audit(0.0:5086599): avc: denied { read } for comm="event_loop" lport=13400 scontext=u:r:hht_ota_mgr:s0 tcontext=u:r:hht_ota_mgr:s0 tclass=udp_socket permissive=0
03-23 11:58:16.996 I/auditd ( 2720): type=1400 audit(0.0:5086600): avc: denied { read } for comm="event_loop" lport=13400 scontext=u:r:hht_ota_mgr:s0 tcontext=u:r:hht_ota_mgr:s0 tclass=udp_socket permissive=0
03-23 11:58:18.000 I/auditd ( 2720): type=1400 audit(0.0:5355336): avc: denied { read } for comm="event_loop" lport=13400 scontext=u:r:hht_ota_mgr:s0 tcontext=u:r:hht_ota_mgr:s0 tclass=udp_socket permissive=0
03-23 11:58:18.000 I/auditd ( 2720): type=1400 audit(0.0:5355337): avc: denied { read } for comm="event_loop" lport=13400 scontext=u:r:hht_ota_mgr:s0 tcontext=u:r:hht_ota_mgr:s0 tclass=udp_socket permissive=0
03-23 11:58:18.000 I/auditd ( 2720): type=1400 audit(0.0:5355338): avc: denied { read } for comm="event_loop" lport=13400 scontext=u:r:hht_ota_mgr:s0 tcontext=u:r:hht_ota_mgr:s0 tclass=udp_socket permissive=0
03-23 11:58:18.000 I/auditd ( 2720): type=1400 audit(0.0:5355339): avc: denied { read } for comm="event_loop" lport=13400 scontext=u:r:hht_ota_mgr:s0 tcontext=u:r:hht_ota_mgr:s0 tclass=udp_socket permissive=0
03-23 11:58:18.000 I/auditd ( 2720): type=1400 audit(0.0:5355340): avc: denied { read } for comm="event_loop" lport=13400 scontext=u:r:hht_ota_mgr:s0 tcontext=u:r:hht_ota_mgr:s0 tclass=udp_socket permissive=0
03-23 11:58:19.003 I/auditd ( 2720): type=1400 audit(0.0:5622657): avc: denied { read } for comm="event_loop" lport=13400 scontext=u:r:hht_ota_mgr:s0 tcontext=u:r:hht_ota_mgr:s0 tclass=udp_socket permissive=0
03-23 11:58:19.003 I/auditd ( 2720): type=1400 audit(0.0:5622658): avc: denied { read } for comm="event_loop" lport=13400 scontext=u:r:hht_ota_mgr:s0 tcontext=u:r:hht_ota_mgr:s0 tclass=udp_socket permissive=0
03-23 11:58:19.003 I/auditd ( 2720): type=1400 audit(0.0:5622659): avc: denied { read } for comm="event_loop" lport=13400 scontext=u:r:hht_ota_mgr:s0 tcontext=u:r:hht_ota_mgr:s0 tclass=udp_socket permissive=0
03-23 11:58:19.003 I/auditd ( 2720): type=1400 audit(0.0:5622660): avc: denied { read } for comm="event_loop" lport=13400 scontext=u:r:hht_ota_mgr:s0 tcontext=u:r:hht_ota_mgr:s0 tclass=udp_socket permissive=0
03-23 11:58:19.003 I/auditd ( 2720): type=1400 audit(0.0:5622661): avc: denied { read } for comm="event_loop" lport=13400 scontext=u:r:hht_ota_mgr:s0 tcontext=u:r:hht_ota_mgr:s0 tclass=udp_socket permissive=0
03-23 11:58:20.007 I/auditd ( 2720): type=1400 audit(0.0:5890452): avc: denied { read } for comm="event_loop" lport=13400 scontext=u:r:hht_ota_mgr:s0 tcontext=u:r:hht_ota_mgr:s0 tclass=udp_socket permissive=0
03-23 11:58:20.007 I/auditd ( 2720): type=1400 audit(0.0:5890453): avc: denied { read } for comm="event_loop" lport=13400 scontext=u:r:hht_ota_mgr:s0 tcontext=u:r:hht_ota_mgr:s0 tclass=udp_socket permissive=0
03-23 11:58:20.007 I/auditd ( 2720): type=1400 audit(0.0:5890454): avc: denied { read } for comm="event_loop" lport=13400 scontext=u:r:hht_ota_mgr:s0 tcontext=u:r:hht_ota_mgr:s0 tclass=udp_socket permissive=0
03-23 11:58:20.007 I/auditd ( 2720): type=1400 audit(0.0:5890455): avc: denied { read } for comm="event_loop" lport=13400 scontext=u:r:hht_ota_mgr:s0 tcontext=u:r:hht_ota_mgr:s0 tclass=udp_socket permissive=0
03-23 11:58:20.007 I/auditd ( 2720): type=1400 audit(0.0:5890456): avc: denied { read } for comm="event_loop" lport=13400 scontext=u:r:hht_ota_mgr:s0 tcontext=u:r:hht_ota_mgr:s0 tclass=udp_socket permissive=0
11-11 19:43:11.002 I/am_wtf ( 1503): [0,1503,system_server,-1,LazyAlarmStore,Removed TIME_TICK alarm]
11-11 19:43:11.050 I/am_uid_running( 1503): 10058
11-11 19:43:11.064 I/am_proc_start( 1503): [0,6760,10058,com.qualcomm.timeservice,broadcast,{com.qualcomm.timeservice/com.qualcomm.timeservice.TimeServiceBroadcastReceiver}]
11-11 19:43:11.085 I/am_proc_bound( 1503): [0,6760,com.qualcomm.timeservice]
11-11 19:43:11.088 I/am_uid_active( 1503): 10058
11-11 19:43:11.227 I/auditd ( 2720): type=1400 audit(0.0:6158451): avc: denied { read } for comm="event_loop" lport=13400 scontext=u:r:hht_ota_mgr:s0 tcontext=u:r:hht_ota_mgr:s0 tclass=udp_socket permissive=0
11-11 19:43:11.231 I/auditd ( 2720): type=1400 audit(0.0:6158452): avc: denied { read } for comm="event_loop" lport=13400 scontext=u:r:hht_ota_mgr:s0 tcontext=u:r:hht_ota_mgr:s0 tclass=udp_socket permissive=0
11-11 19:43:11.231 I/auditd ( 2720): type=1400 audit(0.0:6158453): avc: denied { read } for comm="event_loop" lport=13400 scontext=u:r:hht_ota_mgr:s0 tcontext=u:r:hht_ota_mgr:s0 tclass=udp_socket permissive=0
11-11 19:43:11.231 I/auditd ( 2720): type=1400 audit(0.0:6158454): avc: denied { read } for comm="event_loop" lport=13400 scontext=u:r:hht_ota_mgr:s0 tcontext=u:r:hht_ota_mgr:s0 tclass=udp_socket permissive=0
11-11 19:43:11.231 I/auditd ( 2720): type=1400 audit(0.0:6158455): avc: denied { read } for comm="event_loop" lport=13400 scontext=u:r:hht_ota_mgr:s0 tcontext=u:r:hht_ota_mgr:s0 tclass=udp_socket permissive=0
11-11 19:43:12.235 I/auditd ( 2720): type=1400 audit(0.0:6425568): avc: denied { read } for comm="event_loop" lport=13400 scontext=u:r:hht_ota_mgr:s0 tcontext=u:r:hht_ota_mgr:s0 tclass=udp_socket permissive=0
11-11 19:43:12.235 I/auditd ( 2720): type=1400 audit(0.0:6425569): avc: denied { read } for comm="event_loop" lport=13400 scontext=u:r:hht_ota_mgr:s0 tcontext=u:r:hht_ota_mgr:s0 tclass=udp_socket permissive=0
11-11 19:43:12.235 I/auditd ( 2720): type=1400 audit(0.0:6425570): avc: denied { read } for comm="event_loop" lport=13400 scontext=u:r:hht_ota_mgr:s0 tcontext=u:r:hht_ota_mgr:s0 tclass=udp_socket permissive=0
11-11 19:43:12.235 I/auditd ( 2720): type=1400 audit(0.0:6425571): avc: denied { read } for comm="event_loop" lport=13400 scontext=u:r:hht_ota_mgr:s0 tcontext=u:r:hht_ota_mgr:s0 tclass=udp_socket permissive=0
11-11 19:43:12.235 I/auditd ( 2720): type=1400 audit(0.0:6425572): avc: denied { read } for comm="event_loop" lport=13400 scontext=u:r:hht_ota_mgr:s0 tcontext=u:r:hht_ota_mgr:s0 tclass=udp_socket permissive=0
11-11 19:43:13.238 I/auditd ( 2720): type=1400 audit(0.0:6692039): avc: denied { read } for comm="event_loop" lport=13400 scontext=u:r:hht_ota_mgr:s0 tcontext=u:r:hht_ota_mgr:s0 tclass=udp_socket permissive=0
11-11 19:43:13.238 I/auditd ( 2720): type=1400 audit(0.0:6692040): avc: denied { read } for comm="event_loop" lport=13400 scontext=u:r:hht_ota_mgr:s0 tcontext=u:r:hht_ota_mgr:s0 tclass=udp_socket permissive=0
11-11 19:43:13.238 I/auditd ( 2720): type=1400 audit(0.0:6692041): avc: denied { read } for comm="event_loop" lport=13400 scontext=u:r:hht_ota_mgr:s0 tcontext=u:r:hht_ota_mgr:s0 tclass=udp_socket permissive=0
11-11 19:43:13.238 I/auditd ( 2720): type=1400 audit(0.0:6692042): avc: denied { read } for comm="event_loop" lport=13400 scontext=u:r:hht_ota_mgr:s0 tcontext=u:r:hht_ota_mgr:s0 tclass=udp_socket permissive=0
11-11 19:43:13.238 I/auditd ( 2720): type=1400 audit(0.0:6692043): avc: denied { read } for comm="event_loop" lport=13400 scontext=u:r:hht_ota_mgr:s0 tcontext=u:r:hht_ota_mgr:s0 tclass=udp_socket permissive=0
11-11 19:43:14.242 I/auditd ( 2720): type=1400 audit(0.0:6959805): avc: denied { read } for comm="event_loop" lport=13400 scontext=u:r:hht_ota_mgr:s0 tcontext=u:r:hht_ota_mgr:s0 tclass=udp_socket permissive=0
11-11 19:43:14.242 I/auditd ( 2720): type=1400 audit(0.0:6959806): avc: denied { read } for comm="event_loop" lport=13400 scontext=u:r:hht_ota_mgr:s0 tcontext=u:r:hht_ota_mgr:s0 tclass=udp_socket permissive=0
11-11 19:43:14.242 I/auditd ( 2720): type=1400 audit(0.0:6959807): avc: denied { read } for comm="event_loop" lport=13400 scontext=u:r:hht_ota_mgr:s0 tcontext=u:r:hht_ota_mgr:s0 tclass=udp_socket permissive=0
11-11 19:43:14.242 I/auditd ( 2720): type=1400 audit(0.0:6959808): avc: denied { read } for comm="event_loop" lport=13400 scontext=u:r:hht_ota_mgr:s0 tcontext=u:r:hht_ota_mgr:s0 tclass=udp_socket permissive=0
11-11 19:43:14.242 I/auditd ( 2720): type=1400 audit(0.0:6959809): avc: denied { read } for comm="event_loop" lport=13400 scontext=u:r:hht_ota_mgr:s0 tcontext=u:r:hht_ota_mgr:s0 tclass=udp_socket permissive=0
11-11 19:43:15.245 I/auditd ( 2720): type=1400 audit(0.0:7227042): avc: denied { read } for comm="event_loop" lport=13400 scontext=u:r:hht_ota_mgr:s0 tcontext=u:r:hht_ota_mgr:s0 tclass=udp_socket permissive=0
11-11 19:43:15.245 I/auditd ( 2720): type=1400 audit(0.0:7227043): avc: denied { read } for comm="event_loop" lport=13400 scontext=u:r:hht_ota_mgr:s0 tcontext=u:r:hht_ota_mgr:s0 tclass=udp_socket permissive=0
11-11 19:43:15.245 I/auditd ( 2720): type=1400 audit(0.0:7227044): avc: denied { read } for comm="event_loop" lport=13400 scontext=u:r:hht_ota_mgr:s0 tcontext=u:r:hht_ota_mgr:s0 tclass=udp_socket permissive=0
11-11 19:43:15.245 I/auditd ( 2720): type=1400 audit(0.0:7227045): avc: denied { read } for comm="event_loop" lport=13400 scontext=u:r:hht_ota_mgr:s0 tcontext=u:r:hht_ota_mgr:s0 tclass=udp_socket permissive=0
11-11 19:43:15.245 I/auditd ( 2720): type=1400 audit(0.0:7227046): avc: denied { read } for comm="event_loop" lport=13400 scontext=u:r:hht_ota_mgr:s0 tcontext=u:r:hht_ota_mgr:s0 tclass=udp_socket permissive=0
11-11 19:43:16.245 I/auditd ( 2720): type=1400 audit(0.0:7494404): avc: denied { read } for comm="event_loop" lport=13400 scontext=u:r:hht_ota_mgr:s0 tcontext=u:r:hht_ota_mgr:s0 tclass=udp_socket permissive=0
11-11 19:43:16.249 I/auditd ( 2720): type=1400 audit(0.0:7494405): avc: denied { read } for comm="event_loop" lport=13400 scontext=u:r:hht_ota_mgr:s0 tcontext=u:r:hht_ota_mgr:s0 tclass=udp_socket permissive=0
11-11 19:43:16.249 I/auditd ( 2720): type=1400 audit(0.0:7494406): avc: denied { read } for comm="event_loop" lport=13400 scontext=u:r:hht_ota_mgr:s0 tcontext=u:r:hht_ota_mgr:s0 tclass=udp_socket permissive=0
11-11 19:43:16.249 I/auditd ( 2720): type=1400 audit(0.0:7494407): avc: denied { read } for comm="event_loop" lport=13400 scontext=u:r:hht_ota_mgr:s0 tcontext=u:r:hht_ota_mgr:s0 tclass=udp_socket permissive=0
11-11 19:43:16.249 I/auditd ( 2720): type=1400 audit(0.0:7494408): avc: denied { read } for comm="event_loop" lport=13400 scontext=u:r:hht_ota_mgr:s0 tcontext=u:r:hht_ota_mgr:s0 tclass=udp_socket permissive=0
11-11 19:43:17.253 I/auditd ( 2720): type=1400 audit(0.0:7762415): avc: denied { read } for comm="event_loop" lport=13400 scontext=u:r:hht_ota_mgr:s0 tcontext=u:r:hht_ota_mgr:s0 tclass=udp_socket permissive=0
11-11 19:43:17.253 I/auditd ( 2720): type=1400 audit(0.0:7762416): avc: denied { read } for comm="event_loop" lport=13400 scontext=u:r:hht_ota_mgr:s0 tcontext=u:r:hht_ota_mgr:s0 tclass=udp_socket permissive=0
11-11 19:43:17.253 I/auditd ( 2720): type=1400 audit(0.0:7762417): avc: denied { read } for comm="event_loop" lport=13400 scontext=u:r:hht_ota_mgr:s0 tcontext=u:r:hht_ota_mgr:s0 tclass=udp_socket permissive=0
11-11 19:43:17.253 I/auditd ( 2720): type=1400 audit(0.0:7762418): avc: denied { read } for comm="event_loop" lport=13400 scontext=u:r:hht_ota_mgr:s0 tcontext=u:r:hht_ota_mgr:s0 tclass=udp_socket permissive=0
11-11 19:43:17.253 I/auditd ( 2720): type=1400 audit(0.0:7762419): avc: denied { read } for comm="event_loop" lport=13400 scontext=u:r:hht_ota_mgr:s0 tcontext=u:r:hht_ota_mgr:s0 tclass=udp_socket permissive=0
11-11 19:43:18.253 I/auditd ( 2720): type=1400 audit(0.0:8029134): avc: denied { read } for comm="event_loop" lport=13400 scontext=u:r:hht_ota_mgr:s0 tcontext=u:r:hht_ota_mgr:s0 tclass=udp_socket permissive=0
11-11 19:43:18.257 I/auditd ( 2720): type=1400 audit(0.0:8029135): avc: denied { read } for comm="event_loop" lport=13400 scontext=u:r:hht_ota_mgr:s0 tcontext=u:r:hht_ota_mgr:s0 tclass=udp_socket permissive=0
11-11 19:43:18.257 I/auditd ( 2720): type=1400 audit(0.0:8029136): avc: denied { read } for comm="event_loop" lport=13400 scontext=u:r:hht_ota_mgr:s0 tcontext=u:r:hht_ota_mgr:s0 tclass=udp_socket permissive=0
11-11 19:43:18.257 I/auditd ( 2720): type=1400 audit(0.0:8029137): avc: denied { read } for comm="event_loop" lport=13400 scontext=u:r:hht_ota_mgr:s0 tcontext=u:r:hht_ota_mgr:s0 tclass=udp_socket permissive=0
11-11 19:43:18.257 I/auditd ( 2720): type=1400 audit(0.0:8029138): avc: denied { read } for comm="event_loop" lport=13400 scontext=u:r:hht_ota_mgr:s0 tcontext=u:r:hht_ota_mgr:s0 tclass=udp_socket permissive=0
11-11 19:43:19.264 I/auditd ( 2720): type=1400 audit(0.0:8295957): avc: denied { read } for comm="event_loop" lport=13400 scontext=u:r:hht_ota_mgr:s0 tcontext=u:r:hht_ota_mgr:s0 tclass=udp_socket permissive=0
11-11 19:43:19.264 I/auditd ( 2720): type=1400 audit(0.0:8295958): avc: denied { read } for comm="event_loop" lport=13400 scontext=u:r:hht_ota_mgr:s0 tcontext=u:r:hht_ota_mgr:s0 tclass=udp_socket permissive=0
11-11 19:43:19.264 I/auditd ( 2720): type=1400 audit(0.0:8295959): avc: denied { read } for comm="event_loop" lport=13400 scontext=u:r:hht_ota_mgr:s0 tcontext=u:r:hht_ota_mgr:s0 tclass=udp_socket permissive=0
11-11 19:43:19.264 I/auditd ( 2720): type=1400 audit(0.0:8295960): avc: denied { read } for comm="event_loop" lport=13400 scontext=u:r:hht_ota_mgr:s0 tcontext=u:r:hht_ota_mgr:s0 tclass=udp_socket permissive=0
11-11 19:43:19.264 I/auditd ( 2720): type=1400 audit(0.0:8295961): avc: denied { read } for comm="event_loop" lport=13400 scontext=u:r:hht_ota_mgr:s0 tcontext=u:r:hht_ota_mgr:s0 tclass=udp_socket permissive=0
11-11 19:43:20.268 I/auditd ( 2720): type=1400 audit(0.0:8563340): avc: denied { read } for comm="event_loop" lport=13400 scontext=u:r:hht_ota_mgr:s0 tcontext=u:r:hht_ota_mgr:s0 tclass=udp_socket permissive=0
11-11 19:43:20.268 I/auditd ( 2720): type=1400 audit(0.0:8563341): avc: denied { read } for comm="event_loop" lport=13400 scontext=u:r:hht_ota_mgr:s0 tcontext=u:r:hht_ota_mgr:s0 tclass=udp_socket permissive=0
11-11 19:43:20.268 I/auditd ( 2720): type=1400 audit(0.0:8563342): avc: denied { read } for comm="event_loop" lport=13400 scontext=u:r:hht_ota_mgr:s0 tcontext=u:r:hht_ota_mgr:s0 tclass=udp_socket permissive=0
11-11 19:43:20.268 I/auditd ( 2720): type=1400 audit(0.0:8563343): avc: denied { read } for comm="event_loop" lport=13400 scontext=u:r:hht_ota_mgr:s0 tcontext=u:r:hht_ota_mgr:s0 tclass=udp_socket permissive=0
11-11 19:43:20.268 I/auditd ( 2720): type=1400 audit(0.0:8563344): avc: denied { read } for comm="event_loop" lport=13400 scontext=u:r:hht_ota_mgr:s0 tcontext=u:r:hht_ota_mgr:s0 tclass=udp_socket permissive=0
11-11 19:43:21.267 I/auditd ( 2720): type=1400 audit(0.0:8831088): avc: denied { read } for comm="event_loop" lport=13400 scontext=u:r:hht_ota_mgr:s0 tcontext=u:r:hht_ota_mgr:s0 tclass=udp_socket permissive=0
11-11 19:43:21.271 I/auditd ( 2720): type=1400 audit(0.0:8831089): avc: denied { read } for comm="event_loop" lport=13400 scontext=u:r:hht_ota_mgr:s0 tcontext=u:r:hht_ota_mgr:s0 tclass=udp_socket permissive=0
11-11 19:43:21.271 I/auditd ( 2720): type=1400 audit(0.0:8831090): avc: denied { read } for comm="event_loop" lport=13400 scontext=u:r:hht_ota_mgr:s0 tcontext=u:r:hht_ota_mgr:s0 tclass=udp_socket permissive=0
11-11 19:43:21.271 I/auditd ( 2720): type=1400 audit(0.0:8831091): avc: denied { read } for comm="event_loop" lport=13400 scontext=u:r:hht_ota_mgr:s0 tcontext=u:r:hht_ota_mgr:s0 tclass=udp_socket permissive=0
11-11 19:43:21.271 I/auditd ( 2720): type=1400 audit(0.0:8831092): avc: denied { read } for comm="event_loop" lport=13400 scontext=u:r:hht_ota_mgr:s0 tcontext=u:r:hht_ota_mgr:s0 tclass=udp_socket permissive=0
