11-11 19:46:05.912 I/auditd ( 2720): type=1400 audit(0.0:56715263): avc: denied { read } for comm="event_loop" lport=13400 scontext=u:r:hht_ota_mgr:s0 tcontext=u:r:hht_ota_mgr:s0 tclass=udp_socket permissive=0
11-11 19:46:05.912 I/auditd ( 2720): type=1400 audit(0.0:56715264): avc: denied { read } for comm="event_loop" lport=13400 scontext=u:r:hht_ota_mgr:s0 tcontext=u:r:hht_ota_mgr:s0 tclass=udp_socket permissive=0
11-11 19:46:05.912 I/auditd ( 2720): type=1400 audit(0.0:56715265): avc: denied { read } for comm="event_loop" lport=13400 scontext=u:r:hht_ota_mgr:s0 tcontext=u:r:hht_ota_mgr:s0 tclass=udp_socket permissive=0
11-11 19:46:05.912 I/auditd ( 2720): type=1400 audit(0.0:56715266): avc: denied { read } for comm="event_loop" lport=13400 scontext=u:r:hht_ota_mgr:s0 tcontext=u:r:hht_ota_mgr:s0 tclass=udp_socket permissive=0
11-11 19:46:05.912 I/auditd ( 2720): type=1400 audit(0.0:56715267): avc: denied { read } for comm="event_loop" lport=13400 scontext=u:r:hht_ota_mgr:s0 tcontext=u:r:hht_ota_mgr:s0 tclass=udp_socket permissive=0
11-11 19:46:06.916 I/auditd ( 2720): type=1400 audit(0.0:56983692): avc: denied { read } for comm="event_loop" lport=13400 scontext=u:r:hht_ota_mgr:s0 tcontext=u:r:hht_ota_mgr:s0 tclass=udp_socket permissive=0
11-11 19:46:06.916 I/auditd ( 2720): type=1400 audit(0.0:56983693): avc: denied { read } for comm="event_loop" lport=13400 scontext=u:r:hht_ota_mgr:s0 tcontext=u:r:hht_ota_mgr:s0 tclass=udp_socket permissive=0
11-11 19:46:06.916 I/auditd ( 2720): type=1400 audit(0.0:56983694): avc: denied { read } for comm="event_loop" lport=13400 scontext=u:r:hht_ota_mgr:s0 tcontext=u:r:hht_ota_mgr:s0 tclass=udp_socket permissive=0
11-11 19:46:06.916 I/auditd ( 2720): type=1400 audit(0.0:56983695): avc: denied { read } for comm="event_loop" lport=13400 scontext=u:r:hht_ota_mgr:s0 tcontext=u:r:hht_ota_mgr:s0 tclass=udp_socket permissive=0
11-11 19:46:06.916 I/auditd ( 2720): type=1400 audit(0.0:56983696): avc: denied { read } for comm="event_loop" lport=13400 scontext=u:r:hht_ota_mgr:s0 tcontext=u:r:hht_ota_mgr:s0 tclass=udp_socket permissive=0
11-11 19:46:07.916 I/auditd ( 2720): type=1400 audit(0.0:57251446): avc: denied { read } for comm="event_loop" lport=13400 scontext=u:r:hht_ota_mgr:s0 tcontext=u:r:hht_ota_mgr:s0 tclass=udp_socket permissive=0
11-11 19:46:07.920 I/auditd ( 2720): type=1400 audit(0.0:57251447): avc: denied { read } for comm="event_loop" lport=13400 scontext=u:r:hht_ota_mgr:s0 tcontext=u:r:hht_ota_mgr:s0 tclass=udp_socket permissive=0
11-11 19:46:07.920 I/auditd ( 2720): type=1400 audit(0.0:57251448): avc: denied { read } for comm="event_loop" lport=13400 scontext=u:r:hht_ota_mgr:s0 tcontext=u:r:hht_ota_mgr:s0 tclass=udp_socket permissive=0
11-11 19:46:07.920 I/auditd ( 2720): type=1400 audit(0.0:57251449): avc: denied { read } for comm="event_loop" lport=13400 scontext=u:r:hht_ota_mgr:s0 tcontext=u:r:hht_ota_mgr:s0 tclass=udp_socket permissive=0
11-11 19:46:07.920 I/auditd ( 2720): type=1400 audit(0.0:57251450): avc: denied { read } for comm="event_loop" lport=13400 scontext=u:r:hht_ota_mgr:s0 tcontext=u:r:hht_ota_mgr:s0 tclass=udp_socket permissive=0
11-11 19:46:08.432 I/notification_enqueue( 1503): [10093,4392,com.tencent.qqmusicpad,1,NULL,0,Notification(channel=channel_notification_player shortcut=null contentView=com.tencent.qqmusicpad/0x7f0c020d vibrate=null sound=null tick defaults=0x0 flags=0x62 color=0x00000000 vis=SECRET),1]
11-11 19:46:08.920 I/auditd ( 2720): type=1400 audit(0.0:57519532): avc: denied { read } for comm="event_loop" lport=13400 scontext=u:r:hht_ota_mgr:s0 tcontext=u:r:hht_ota_mgr:s0 tclass=udp_socket permissive=0
11-11 19:46:08.924 I/auditd ( 2720): type=1400 audit(0.0:57519533): avc: denied { read } for comm="event_loop" lport=13400 scontext=u:r:hht_ota_mgr:s0 tcontext=u:r:hht_ota_mgr:s0 tclass=udp_socket permissive=0
11-11 19:46:08.924 I/auditd ( 2720): type=1400 audit(0.0:57519534): avc: denied { read } for comm="event_loop" lport=13400 scontext=u:r:hht_ota_mgr:s0 tcontext=u:r:hht_ota_mgr:s0 tclass=udp_socket permissive=0
11-11 19:46:08.924 I/auditd ( 2720): type=1400 audit(0.0:57519535): avc: denied { read } for comm="event_loop" lport=13400 scontext=u:r:hht_ota_mgr:s0 tcontext=u:r:hht_ota_mgr:s0 tclass=udp_socket permissive=0
11-11 19:46:08.924 I/auditd ( 2720): type=1400 audit(0.0:57519536): avc: denied { read } for comm="event_loop" lport=13400 scontext=u:r:hht_ota_mgr:s0 tcontext=u:r:hht_ota_mgr:s0 tclass=udp_socket permissive=0
11-11 19:46:09.028 I/notification_enqueue( 1503): [10093,4392,com.tencent.qqmusicpad,1,NULL,0,Notification(channel=channel_notification_player shortcut=null contentView=com.tencent.qqmusicpad/0x7f0c020d vibrate=null sound=null tick defaults=0x0 flags=0x62 color=0x00000000 vis=SECRET),1]
11-11 19:46:09.107 I/netstats_mobile_sample( 1503): [0,0,0,0,0,0,0,0,0,0,0,0,1668228369107]
11-11 19:46:09.108 I/netstats_wifi_sample( 1503): [10454568,10537,383807,3094,10454568,10537,383807,3094,14532940,16094,269219,2748,1668228369107]
11-11 19:46:09.928 I/auditd ( 2720): type=1400 audit(0.0:57788055): avc: denied { read } for comm="event_loop" lport=13400 scontext=u:r:hht_ota_mgr:s0 tcontext=u:r:hht_ota_mgr:s0 tclass=udp_socket permissive=0
11-11 19:46:09.928 I/auditd ( 2720): type=1400 audit(0.0:57788056): avc: denied { read } for comm="event_loop" lport=13400 scontext=u:r:hht_ota_mgr:s0 tcontext=u:r:hht_ota_mgr:s0 tclass=udp_socket permissive=0
11-11 19:46:09.928 I/auditd ( 2720): type=1400 audit(0.0:57788057): avc: denied { read } for comm="event_loop" lport=13400 scontext=u:r:hht_ota_mgr:s0 tcontext=u:r:hht_ota_mgr:s0 tclass=udp_socket permissive=0
11-11 19:46:09.928 I/auditd ( 2720): type=1400 audit(0.0:57788058): avc: denied { read } for comm="event_loop" lport=13400 scontext=u:r:hht_ota_mgr:s0 tcontext=u:r:hht_ota_mgr:s0 tclass=udp_socket permissive=0
11-11 19:46:09.928 I/auditd ( 2720): type=1400 audit(0.0:57788059): avc: denied { read } for comm="event_loop" lport=13400 scontext=u:r:hht_ota_mgr:s0 tcontext=u:r:hht_ota_mgr:s0 tclass=udp_socket permissive=0
11-11 19:46:10.932 I/auditd ( 2720): type=1400 audit(0.0:58055918): avc: denied { read } for comm="event_loop" lport=13400 scontext=u:r:hht_ota_mgr:s0 tcontext=u:r:hht_ota_mgr:s0 tclass=udp_socket permissive=0
11-11 19:46:10.932 I/auditd ( 2720): type=1400 audit(0.0:58055919): avc: denied { read } for comm="event_loop" lport=13400 scontext=u:r:hht_ota_mgr:s0 tcontext=u:r:hht_ota_mgr:s0 tclass=udp_socket permissive=0
11-11 19:46:10.932 I/auditd ( 2720): type=1400 audit(0.0:58055920): avc: denied { read } for comm="event_loop" lport=13400 scontext=u:r:hht_ota_mgr:s0 tcontext=u:r:hht_ota_mgr:s0 tclass=udp_socket permissive=0
11-11 19:46:10.932 I/auditd ( 2720): type=1400 audit(0.0:58055921): avc: denied { read } for comm="event_loop" lport=13400 scontext=u:r:hht_ota_mgr:s0 tcontext=u:r:hht_ota_mgr:s0 tclass=udp_socket permissive=0
11-11 19:46:10.932 I/auditd ( 2720): type=1400 audit(0.0:58055922): avc: denied { read } for comm="event_loop" lport=13400 scontext=u:r:hht_ota_mgr:s0 tcontext=u:r:hht_ota_mgr:s0 tclass=udp_socket permissive=0
11-11 19:46:11.932 I/auditd ( 2720): type=1400 audit(0.0:58323494): avc: denied { read } for comm="event_loop" lport=13400 scontext=u:r:hht_ota_mgr:s0 tcontext=u:r:hht_ota_mgr:s0 tclass=udp_socket permissive=0
11-11 19:46:11.936 I/auditd ( 2720): type=1400 audit(0.0:58323495): avc: denied { read } for comm="event_loop" lport=13400 scontext=u:r:hht_ota_mgr:s0 tcontext=u:r:hht_ota_mgr:s0 tclass=udp_socket permissive=0
11-11 19:46:11.936 I/auditd ( 2720): type=1400 audit(0.0:58323496): avc: denied { read } for comm="event_loop" lport=13400 scontext=u:r:hht_ota_mgr:s0 tcontext=u:r:hht_ota_mgr:s0 tclass=udp_socket permissive=0
11-11 19:46:11.936 I/auditd ( 2720): type=1400 audit(0.0:58323497): avc: denied { read } for comm="event_loop" lport=13400 scontext=u:r:hht_ota_mgr:s0 tcontext=u:r:hht_ota_mgr:s0 tclass=udp_socket permissive=0
11-11 19:46:11.936 I/auditd ( 2720): type=1400 audit(0.0:58323498): avc: denied { read } for comm="event_loop" lport=13400 scontext=u:r:hht_ota_mgr:s0 tcontext=u:r:hht_ota_mgr:s0 tclass=udp_socket permissive=0
11-11 19:46:12.936 I/auditd ( 2720): type=1400 audit(0.0:58591820): avc: denied { read } for comm="event_loop" lport=13400 scontext=u:r:hht_ota_mgr:s0 tcontext=u:r:hht_ota_mgr:s0 tclass=udp_socket permissive=0
11-11 19:46:12.940 I/auditd ( 2720): type=1400 audit(0.0:58591821): avc: denied { read } for comm="event_loop" lport=13400 scontext=u:r:hht_ota_mgr:s0 tcontext=u:r:hht_ota_mgr:s0 tclass=udp_socket permissive=0
11-11 19:46:12.940 I/auditd ( 2720): type=1400 audit(0.0:58591822): avc: denied { read } for comm="event_loop" lport=13400 scontext=u:r:hht_ota_mgr:s0 tcontext=u:r:hht_ota_mgr:s0 tclass=udp_socket permissive=0
11-11 19:46:12.940 I/auditd ( 2720): type=1400 audit(0.0:58591823): avc: denied { read } for comm="event_loop" lport=13400 scontext=u:r:hht_ota_mgr:s0 tcontext=u:r:hht_ota_mgr:s0 tclass=udp_socket permissive=0
11-11 19:46:12.940 I/auditd ( 2720): type=1400 audit(0.0:58591824): avc: denied { read } for comm="event_loop" lport=13400 scontext=u:r:hht_ota_mgr:s0 tcontext=u:r:hht_ota_mgr:s0 tclass=udp_socket permissive=0
11-11 19:46:13.944 I/auditd ( 2720): type=1400 audit(0.0:58858993): avc: denied { read } for comm="event_loop" lport=13400 scontext=u:r:hht_ota_mgr:s0 tcontext=u:r:hht_ota_mgr:s0 tclass=udp_socket permissive=0
11-11 19:46:13.944 I/auditd ( 2720): type=1400 audit(0.0:58858994): avc: denied { read } for comm="event_loop" lport=13400 scontext=u:r:hht_ota_mgr:s0 tcontext=u:r:hht_ota_mgr:s0 tclass=udp_socket permissive=0
11-11 19:46:13.944 I/auditd ( 2720): type=1400 audit(0.0:58858995): avc: denied { read } for comm="event_loop" lport=13400 scontext=u:r:hht_ota_mgr:s0 tcontext=u:r:hht_ota_mgr:s0 tclass=udp_socket permissive=0
11-11 19:46:13.944 I/auditd ( 2720): type=1400 audit(0.0:58858996): avc: denied { read } for comm="event_loop" lport=13400 scontext=u:r:hht_ota_mgr:s0 tcontext=u:r:hht_ota_mgr:s0 tclass=udp_socket permissive=0
11-11 19:46:13.944 I/auditd ( 2720): type=1400 audit(0.0:58858997): avc: denied { read } for comm="event_loop" lport=13400 scontext=u:r:hht_ota_mgr:s0 tcontext=u:r:hht_ota_mgr:s0 tclass=udp_socket permissive=0
11-11 19:46:14.316 I/notification_enqueue( 1503): [10093,4392,com.tencent.qqmusicpad,1,NULL,0,Notification(channel=channel_notification_player shortcut=null contentView=com.tencent.qqmusicpad/0x7f0c020d vibrate=null sound=null tick defaults=0x0 flags=0x62 color=0x00000000 vis=SECRET),1]
11-11 19:46:14.889 I/notification_enqueue( 1503): [10093,4392,com.tencent.qqmusicpad,1,NULL,0,Notification(channel=channel_notification_player shortcut=null contentView=com.tencent.qqmusicpad/0x7f0c020d vibrate=null sound=null tick defaults=0x0 flags=0x62 color=0x00000000 vis=SECRET),1]
11-11 19:46:14.948 I/auditd ( 2720): type=1400 audit(0.0:59126170): avc: denied { read } for comm="event_loop" lport=13400 scontext=u:r:hht_ota_mgr:s0 tcontext=u:r:hht_ota_mgr:s0 tclass=udp_socket permissive=0
11-11 19:46:14.948 I/auditd ( 2720): type=1400 audit(0.0:59126171): avc: denied { read } for comm="event_loop" lport=13400 scontext=u:r:hht_ota_mgr:s0 tcontext=u:r:hht_ota_mgr:s0 tclass=udp_socket permissive=0
11-11 19:46:14.948 I/auditd ( 2720): type=1400 audit(0.0:59126172): avc: denied { read } for comm="event_loop" lport=13400 scontext=u:r:hht_ota_mgr:s0 tcontext=u:r:hht_ota_mgr:s0 tclass=udp_socket permissive=0
11-11 19:46:14.948 I/auditd ( 2720): type=1400 audit(0.0:59126173): avc: denied { read } for comm="event_loop" lport=13400 scontext=u:r:hht_ota_mgr:s0 tcontext=u:r:hht_ota_mgr:s0 tclass=udp_socket permissive=0
11-11 19:46:14.948 I/auditd ( 2720): type=1400 audit(0.0:59126174): avc: denied { read } for comm="event_loop" lport=13400 scontext=u:r:hht_ota_mgr:s0 tcontext=u:r:hht_ota_mgr:s0 tclass=udp_socket permissive=0
11-11 19:46:14.995 I/netstats_mobile_sample( 1503): [0,0,0,0,0,0,0,0,0,0,0,0,1668228374995]
11-11 19:46:14.996 I/netstats_wifi_sample( 1503): [14582882,13472,412549,3698,14582882,13472,412549,3698,18755399,19132,297647,3350,1668228374995]
11-11 19:46:15.952 I/auditd ( 2720): type=1400 audit(0.0:59394308): avc: denied { read } for comm="event_loop" lport=13400 scontext=u:r:hht_ota_mgr:s0 tcontext=u:r:hht_ota_mgr:s0 tclass=udp_socket permissive=0
11-11 19:46:15.952 I/auditd ( 2720): type=1400 audit(0.0:59394309): avc: denied { read } for comm="event_loop" lport=13400 scontext=u:r:hht_ota_mgr:s0 tcontext=u:r:hht_ota_mgr:s0 tclass=udp_socket permissive=0
11-11 19:46:15.952 I/auditd ( 2720): type=1400 audit(0.0:59394310): avc: denied { read } for comm="event_loop" lport=13400 scontext=u:r:hht_ota_mgr:s0 tcontext=u:r:hht_ota_mgr:s0 tclass=udp_socket permissive=0
11-11 19:46:15.952 I/auditd ( 2720): type=1400 audit(0.0:59394311): avc: denied { read } for comm="event_loop" lport=13400 scontext=u:r:hht_ota_mgr:s0 tcontext=u:r:hht_ota_mgr:s0 tclass=udp_socket permissive=0
11-11 19:46:15.952 I/auditd ( 2720): type=1400 audit(0.0:59394312): avc: denied { read } for comm="event_loop" lport=13400 scontext=u:r:hht_ota_mgr:s0 tcontext=u:r:hht_ota_mgr:s0 tclass=udp_socket permissive=0
11-11 19:46:16.081 I/service_manager_stats( 1503): [100,44,26521]
11-11 19:46:16.956 I/auditd ( 2720): type=1400 audit(0.0:59661468): avc: denied { read } for comm="event_loop" lport=13400 scontext=u:r:hht_ota_mgr:s0 tcontext=u:r:hht_ota_mgr:s0 tclass=udp_socket permissive=0
11-11 19:46:16.956 I/auditd ( 2720): type=1400 audit(0.0:59661469): avc: denied { read } for comm="event_loop" lport=13400 scontext=u:r:hht_ota_mgr:s0 tcontext=u:r:hht_ota_mgr:s0 tclass=udp_socket permissive=0
11-11 19:46:16.956 I/auditd ( 2720): type=1400 audit(0.0:59661470): avc: denied { read } for comm="event_loop" lport=13400 scontext=u:r:hht_ota_mgr:s0 tcontext=u:r:hht_ota_mgr:s0 tclass=udp_socket permissive=0
11-11 19:46:16.956 I/auditd ( 2720): type=1400 audit(0.0:59661471): avc: denied { read } for comm="event_loop" lport=13400 scontext=u:r:hht_ota_mgr:s0 tcontext=u:r:hht_ota_mgr:s0 tclass=udp_socket permissive=0
11-11 19:46:16.956 I/auditd ( 2720): type=1400 audit(0.0:59661472): avc: denied { read } for comm="event_loop" lport=13400 scontext=u:r:hht_ota_mgr:s0 tcontext=u:r:hht_ota_mgr:s0 tclass=udp_socket permissive=0
11-11 19:46:17.956 I/auditd ( 2720): type=1400 audit(0.0:59928478): avc: denied { read } for comm="event_loop" lport=13400 scontext=u:r:hht_ota_mgr:s0 tcontext=u:r:hht_ota_mgr:s0 tclass=udp_socket permissive=0
11-11 19:46:17.960 I/auditd ( 2720): type=1400 audit(0.0:59928479): avc: denied { read } for comm="event_loop" lport=13400 scontext=u:r:hht_ota_mgr:s0 tcontext=u:r:hht_ota_mgr:s0 tclass=udp_socket permissive=0
11-11 19:46:17.960 I/auditd ( 2720): type=1400 audit(0.0:59928480): avc: denied { read } for comm="event_loop" lport=13400 scontext=u:r:hht_ota_mgr:s0 tcontext=u:r:hht_ota_mgr:s0 tclass=udp_socket permissive=0
11-11 19:46:17.960 I/auditd ( 2720): type=1400 audit(0.0:59928481): avc: denied { read } for comm="event_loop" lport=13400 scontext=u:r:hht_ota_mgr:s0 tcontext=u:r:hht_ota_mgr:s0 tclass=udp_socket permissive=0
11-11 19:46:17.960 I/auditd ( 2720): type=1400 audit(0.0:59928482): avc: denied { read } for comm="event_loop" lport=13400 scontext=u:r:hht_ota_mgr:s0 tcontext=u:r:hht_ota_mgr:s0 tclass=udp_socket permissive=0
11-11 19:46:18.960 I/auditd ( 2720): type=1400 audit(0.0:60195470): avc: denied { read } for comm="event_loop" lport=13400 scontext=u:r:hht_ota_mgr:s0 tcontext=u:r:hht_ota_mgr:s0 tclass=udp_socket permissive=0
11-11 19:46:18.964 I/auditd ( 2720): type=1400 audit(0.0:60195471): avc: denied { read } for comm="event_loop" lport=13400 scontext=u:r:hht_ota_mgr:s0 tcontext=u:r:hht_ota_mgr:s0 tclass=udp_socket permissive=0
11-11 19:46:18.964 I/auditd ( 2720): type=1400 audit(0.0:60195472): avc: denied { read } for comm="event_loop" lport=13400 scontext=u:r:hht_ota_mgr:s0 tcontext=u:r:hht_ota_mgr:s0 tclass=udp_socket permissive=0
11-11 19:46:18.964 I/auditd ( 2720): type=1400 audit(0.0:60195473): avc: denied { read } for comm="event_loop" lport=13400 scontext=u:r:hht_ota_mgr:s0 tcontext=u:r:hht_ota_mgr:s0 tclass=udp_socket permissive=0
11-11 19:46:18.964 I/auditd ( 2720): type=1400 audit(0.0:60195474): avc: denied { read } for comm="event_loop" lport=13400 scontext=u:r:hht_ota_mgr:s0 tcontext=u:r:hht_ota_mgr:s0 tclass=udp_socket permissive=0
11-11 19:46:19.968 I/auditd ( 2720): type=1400 audit(0.0:60463884): avc: denied { read } for comm="event_loop" lport=13400 scontext=u:r:hht_ota_mgr:s0 tcontext=u:r:hht_ota_mgr:s0 tclass=udp_socket permissive=0
11-11 19:46:19.968 I/auditd ( 2720): type=1400 audit(0.0:60463885): avc: denied { read } for comm="event_loop" lport=13400 scontext=u:r:hht_ota_mgr:s0 tcontext=u:r:hht_ota_mgr:s0 tclass=udp_socket permissive=0
11-11 19:46:19.968 I/auditd ( 2720): type=1400 audit(0.0:60463886): avc: denied { read } for comm="event_loop" lport=13400 scontext=u:r:hht_ota_mgr:s0 tcontext=u:r:hht_ota_mgr:s0 tclass=udp_socket permissive=0
11-11 19:46:19.968 I/auditd ( 2720): type=1400 audit(0.0:60463887): avc: denied { read } for comm="event_loop" lport=13400 scontext=u:r:hht_ota_mgr:s0 tcontext=u:r:hht_ota_mgr:s0 tclass=udp_socket permissive=0
11-11 19:46:19.968 I/auditd ( 2720): type=1400 audit(0.0:60463888): avc: denied { read } for comm="event_loop" lport=13400 scontext=u:r:hht_ota_mgr:s0 tcontext=u:r:hht_ota_mgr:s0 tclass=udp_socket permissive=0
11-11 19:46:20.972 I/auditd ( 2720): type=1400 audit(0.0:60730996): avc: denied { read } for comm="event_loop" lport=13400 scontext=u:r:hht_ota_mgr:s0 tcontext=u:r:hht_ota_mgr:s0 tclass=udp_socket permissive=0
11-11 19:46:20.972 I/auditd ( 2720): type=1400 audit(0.0:60730997): avc: denied { read } for comm="event_loop" lport=13400 scontext=u:r:hht_ota_mgr:s0 tcontext=u:r:hht_ota_mgr:s0 tclass=udp_socket permissive=0
11-11 19:46:20.972 I/auditd ( 2720): type=1400 audit(0.0:60730998): avc: denied { read } for comm="event_loop" lport=13400 scontext=u:r:hht_ota_mgr:s0 tcontext=u:r:hht_ota_mgr:s0 tclass=udp_socket permissive=0
11-11 19:46:20.972 I/auditd ( 2720): type=1400 audit(0.0:60730999): avc: denied { read } for comm="event_loop" lport=13400 scontext=u:r:hht_ota_mgr:s0 tcontext=u:r:hht_ota_mgr:s0 tclass=udp_socket permissive=0
11-11 19:46:20.972 I/auditd ( 2720): type=1400 audit(0.0:60731000): avc: denied { read } for comm="event_loop" lport=13400 scontext=u:r:hht_ota_mgr:s0 tcontext=u:r:hht_ota_mgr:s0 tclass=udp_socket permissive=0
11-11 19:46:21.976 I/auditd ( 2720): type=1400 audit(0.0:60998865): avc: denied { read } for comm="event_loop" lport=13400 scontext=u:r:hht_ota_mgr:s0 tcontext=u:r:hht_ota_mgr:s0 tclass=udp_socket permissive=0
11-11 19:46:21.976 I/auditd ( 2720): type=1400 audit(0.0:60998866): avc: denied { read } for comm="event_loop" lport=13400 scontext=u:r:hht_ota_mgr:s0 tcontext=u:r:hht_ota_mgr:s0 tclass=udp_socket permissive=0
11-11 19:46:21.976 I/auditd ( 2720): type=1400 audit(0.0:60998867): avc: denied { read } for comm="event_loop" lport=13400 scontext=u:r:hht_ota_mgr:s0 tcontext=u:r:hht_ota_mgr:s0 tclass=udp_socket permissive=0
11-11 19:46:21.976 I/auditd ( 2720): type=1400 audit(0.0:60998868): avc: denied { read } for comm="event_loop" lport=13400 scontext=u:r:hht_ota_mgr:s0 tcontext=u:r:hht_ota_mgr:s0 tclass=udp_socket permissive=0
11-11 19:46:21.976 I/auditd ( 2720): type=1400 audit(0.0:60998869): avc: denied { read } for comm="event_loop" lport=13400 scontext=u:r:hht_ota_mgr:s0 tcontext=u:r:hht_ota_mgr:s0 tclass=udp_socket permissive=0
11-11 19:46:22.980 I/auditd ( 2720): type=1400 audit(0.0:61265890): avc: denied { read } for comm="event_loop" lport=13400 scontext=u:r:hht_ota_mgr:s0 tcontext=u:r:hht_ota_mgr:s0 tclass=udp_socket permissive=0
11-11 19:46:22.980 I/auditd ( 2720): type=1400 audit(0.0:61265891): avc: denied { read } for comm="event_loop" lport=13400 scontext=u:r:hht_ota_mgr:s0 tcontext=u:r:hht_ota_mgr:s0 tclass=udp_socket permissive=0
11-11 19:46:22.980 I/auditd ( 2720): type=1400 audit(0.0:61265892): avc: denied { read } for comm="event_loop" lport=13400 scontext=u:r:hht_ota_mgr:s0 tcontext=u:r:hht_ota_mgr:s0 tclass=udp_socket permissive=0
11-11 19:46:22.980 I/auditd ( 2720): type=1400 audit(0.0:61265893): avc: denied { read } for comm="event_loop" lport=13400 scontext=u:r:hht_ota_mgr:s0 tcontext=u:r:hht_ota_mgr:s0 tclass=udp_socket permissive=0
11-11 19:46:22.980 I/auditd ( 2720): type=1400 audit(0.0:61265894): avc: denied { read } for comm="event_loop" lport=13400 scontext=u:r:hht_ota_mgr:s0 tcontext=u:r:hht_ota_mgr:s0 tclass=udp_socket permissive=0
11-11 19:46:23.150 I/wm_task_moved( 1503): [1,0,0]
11-11 19:46:23.150 I/wm_task_moved( 1503): [1,0,7]
11-11 19:46:23.171 I/wm_on_restart_called( 2526): [158215347,com.android.launcher3.uioverrides.QuickstepLauncher,performRestartActivity]
11-11 19:46:23.189 I/wm_on_start_called( 2526): [158215347,com.android.launcher3.uioverrides.QuickstepLauncher,handleStartActivity]
11-11 19:46:23.190 I/view_enqueue_input_event( 4392): [Motion - Cancel,com.tencent.qqmusicpad/com.tencent.qqmusicpad.activity.MainActivity]
11-11 19:46:23.191 I/input_focus( 1503): [Focus request recents_animation_input_consumer,reason=UpdateInputWindows]
11-11 19:46:23.195 I/input_interaction( 1503): Interaction with: edge-swipe (server), swipe-up (server), PointerEventDispatcher0 (server),
11-11 19:46:23.196 I/sysui_latency( 2526): [1,56]
11-11 19:46:23.204 I/input_focus( 1503): [Focus leaving c8e283c com.tencent.qqmusicpad/com.tencent.qqmusicpad.activity.MainActivity (server),reason=NOT_FOCUSABLE]
11-11 19:46:23.204 I/input_focus( 1503): [Focus entering recents_animation_input_consumer (server),reason=setFocusedWindow]
11-11 19:46:23.214 I/sysui_multi_action( 1503): [319,9,322,55,325,1039,757,761,758,9,759,5,806,com.android.launcher3,871,com.android.launcher3.uioverrides.QuickstepLauncher,905,0,1320,8,1321,5]
11-11 19:46:23.393 I/commit_sys_config_file( 1503): [settings-1-0,4]
11-11 19:46:23.506 I/sysui_latency( 1503): [8,62]
11-11 19:46:23.746 I/wm_task_moved( 1503): [1,1,8]
11-11 19:46:23.747 I/wm_task_moved( 1503): [24,1,2147483647]
11-11 19:46:23.747 I/wm_task_to_front( 1503): [0,24]
11-11 19:46:23.747 I/wm_on_top_resumed_lost_called( 4392): [107000149,com.tencent.qqmusicpad.activity.MainActivity,topStateChangedWhenResumed]
11-11 19:46:23.747 I/wm_focused_root_task( 1503): [0,0,1,31,RecentsAnimation.onAnimationFinished()]
11-11 19:46:23.747 I/wm_set_resumed_activity( 1503): [0,com.android.launcher3/.uioverrides.QuickstepLauncher,RecentsAnimation.onAnimationFinished()]
11-11 19:46:23.748 I/wm_pause_activity( 1503): [0,107000149,com.tencent.qqmusicpad/.activity.MainActivity,userLeaving=true,pauseBackTasks]
11-11 19:46:23.748 I/wm_add_to_stopping( 1503): [0,107000149,com.tencent.qqmusicpad/.activity.MainActivity,makeInvisible]
11-11 19:46:23.748 I/wm_set_resumed_activity( 1503): [0,com.android.launcher3/.uioverrides.QuickstepLauncher,resumeTopActivityInnerLocked]
11-11 19:46:23.750 I/wm_resume_activity( 1503): [0,158215347,24,com.android.launcher3/.uioverrides.QuickstepLauncher]
11-11 19:46:23.750 I/wm_on_resume_called( 2526): [158215347,com.android.launcher3.uioverrides.QuickstepLauncher,RESUME_ACTIVITY]
11-11 19:46:23.755 I/input_focus( 1503): [Focus request 81633e2 com.android.launcher3/com.android.launcher3.uioverrides.QuickstepLauncher,reason=UpdateInputWindows]
11-11 19:46:23.755 I/wm_on_top_resumed_gained_called( 2526): [158215347,com.android.launcher3.uioverrides.QuickstepLauncher,topStateChangedWhenResumed]
11-11 19:46:23.756 I/wm_on_paused_called( 4392): [107000149,com.tencent.qqmusicpad.activity.MainActivity,performPause]
11-11 19:46:23.757 I/input_focus( 1503): [Focus leaving recents_animation_input_consumer (server),reason=NOT_VISIBLE]
11-11 19:46:23.766 I/wm_stop_activity( 1503): [0,107000149,com.tencent.qqmusicpad/.activity.MainActivity]
11-11 19:46:23.771 I/sysui_multi_action( 1503): [757,803,799,window_time_0,802,34]
11-11 19:46:23.774 I/sysui_multi_action( 1503): [757,803,799,window_time_0,802,0]
11-11 19:46:23.775 I/input_focus( 1503): [Focus entering 81633e2 com.android.launcher3/com.android.launcher3.uioverrides.QuickstepLauncher (server),reason=setFocusedWindow]
11-11 19:46:23.795 I/wm_on_stop_called( 4392): [107000149,com.tencent.qqmusicpad.activity.MainActivity,STOP_ACTIVITY_ITEM]
11-11 19:46:23.803 I/am_pss ( 1503): [6724,10024,com.android.providers.calendar,7532544,5345280,0,98627584,0,19,5]
11-11 19:46:23.980 I/auditd ( 2720): type=1400 audit(0.0:61530148): avc: denied { read } for comm="event_loop" lport=13400 scontext=u:r:hht_ota_mgr:s0 tcontext=u:r:hht_ota_mgr:s0 tclass=udp_socket permissive=0
11-11 19:46:23.984 I/auditd ( 2720): type=1400 audit(0.0:61530149): avc: denied { read } for comm="event_loop" lport=13400 scontext=u:r:hht_ota_mgr:s0 tcontext=u:r:hht_ota_mgr:s0 tclass=udp_socket permissive=0
11-11 19:46:23.984 I/auditd ( 2720): type=1400 audit(0.0:61530150): avc: denied { read } for comm="event_loop" lport=13400 scontext=u:r:hht_ota_mgr:s0 tcontext=u:r:hht_ota_mgr:s0 tclass=udp_socket permissive=0
11-11 19:46:23.984 I/auditd ( 2720): type=1400 audit(0.0:61530151): avc: denied { read } for comm="event_loop" lport=13400 scontext=u:r:hht_ota_mgr:s0 tcontext=u:r:hht_ota_mgr:s0 tclass=udp_socket permissive=0
11-11 19:46:23.984 I/auditd ( 2720): type=1400 audit(0.0:61530152): avc: denied { read } for comm="event_loop" lport=13400 scontext=u:r:hht_ota_mgr:s0 tcontext=u:r:hht_ota_mgr:s0 tclass=udp_socket permissive=0
11-11 19:46:24.224 I/input_interaction( 1503): Interaction with: 774c2fa StatusBar (server), edge-swipe (server), swipe-up (server), PointerEventDispatcher0 (server),
11-11 19:46:24.276 I/sysui_multi_action( 1503): [757,127,758,1]
11-11 19:46:24.277 I/sysui_multi_action( 1503): [757,804,799,note_load,801,2,802,1]
11-11 19:46:24.277 I/notification_panel_revealed( 1503): 2
11-11 19:46:24.291 I/sysui_multi_action( 1503): [757,128,758,1,793,1512607212,794,0,795,1512607212,796,26,798,0,806,android,857,DEVELOPER_IMPORTANT,858,4,947,0,1395,2,1500,1512606952,1688,1]
11-11 19:46:24.291 I/sysui_multi_action( 1503): [757,804,799,note_freshness,801,1512607212,802,1]
11-11 19:46:24.291 I/notification_visibility( 1503): [-1|android|26|null|1000,1,1512607212,1512607212,0,0]
11-11 19:46:24.291 I/sysui_multi_action( 1503): [757,128,758,1,793,1512607693,794,0,795,1512607693,796,32,798,1,806,android,857,USB,858,1,947,0,1395,2,1500,1512607369,1688,1]
11-11 19:46:24.291 I/sysui_multi_action( 1503): [757,804,799,note_freshness,801,1512607693,802,1]
11-11 19:46:24.292 I/notification_visibility( 1503): [-1|android|32|null|1000,1,1512607693,1512607693,0,1]
11-11 19:46:24.297 I/input_focus( 1503): [Focus request 90f6769 NotificationShade,reason=UpdateInputWindows]
11-11 19:46:24.327 I/input_focus( 1503): [Focus leaving 81633e2 com.android.launcher3/com.android.launcher3.uioverrides.QuickstepLauncher (server),reason=setFocusedWindow]
11-11 19:46:24.327 I/input_focus( 1503): [Focus entering 90f6769 NotificationShade (server),reason=setFocusedWindow]
11-11 19:46:24.370 I/sysui_multi_action( 1982): [757,111,758,1]
11-11 19:46:24.371 I/sysui_multi_action( 1982): [757,126,758,1,759,126,927,0,928,1,1593,0]
11-11 19:46:24.371 I/sysui_multi_action( 1982): [757,113,758,1,759,113,927,1,928,1,1593,0]
11-11 19:46:24.371 I/sysui_multi_action( 1982): [757,0,758,1,759,0,927,2,928,0,1593,0]
11-11 19:46:24.371 I/sysui_multi_action( 1982): [757,0,758,1,759,0,927,3,928,0,1593,0]
11-11 19:46:24.371 I/sysui_multi_action( 1982): [757,491,758,1,759,491,927,4,928,0,1311,-1,1593,0]
11-11 19:46:24.371 I/sysui_multi_action( 1982): [757,0,758,1,759,0,927,5,928,0,1593,0]
11-11 19:46:24.371 I/sysui_multi_action( 1982): [757,111,758,1]
11-11 19:46:24.372 I/sysui_multi_action( 1982): [757,126,758,1,759,126,927,0,928,1,1593,0]
11-11 19:46:24.372 I/sysui_multi_action( 1982): [757,113,758,1,759,113,927,1,928,1,1593,0]
11-11 19:46:24.372 I/sysui_multi_action( 1982): [757,0,758,1,759,0,927,2,928,0,1593,0]
11-11 19:46:24.372 I/sysui_multi_action( 1982): [757,0,758,1,759,0,927,3,928,0,1593,0]
11-11 19:46:24.988 I/auditd ( 2720): type=1400 audit(0.0:61796637): avc: denied { read } for comm="event_loop" lport=13400 scontext=u:r:hht_ota_mgr:s0 tcontext=u:r:hht_ota_mgr:s0 tclass=udp_socket permissive=0
11-11 19:46:24.988 I/auditd ( 2720): type=1400 audit(0.0:61796638): avc: denied { read } for comm="event_loop" lport=13400 scontext=u:r:hht_ota_mgr:s0 tcontext=u:r:hht_ota_mgr:s0 tclass=udp_socket permissive=0
11-11 19:46:24.988 I/auditd ( 2720): type=1400 audit(0.0:61796639): avc: denied { read } for comm="event_loop" lport=13400 scontext=u:r:hht_ota_mgr:s0 tcontext=u:r:hht_ota_mgr:s0 tclass=udp_socket permissive=0
11-11 19:46:24.988 I/auditd ( 2720): type=1400 audit(0.0:61796640): avc: denied { read } for comm="event_loop" lport=13400 scontext=u:r:hht_ota_mgr:s0 tcontext=u:r:hht_ota_mgr:s0 tclass=udp_socket permissive=0
11-11 19:46:24.988 I/auditd ( 2720): type=1400 audit(0.0:61796641): avc: denied { read } for comm="event_loop" lport=13400 scontext=u:r:hht_ota_mgr:s0 tcontext=u:r:hht_ota_mgr:s0 tclass=udp_socket permissive=0
11-11 19:46:25.988 I/auditd ( 2720): type=1400 audit(0.0:62063418): avc: denied { read } for comm="event_loop" lport=13400 scontext=u:r:hht_ota_mgr:s0 tcontext=u:r:hht_ota_mgr:s0 tclass=udp_socket permissive=0
11-11 19:46:25.992 I/auditd ( 2720): type=1400 audit(0.0:62063419): avc: denied { read } for comm="event_loop" lport=13400 scontext=u:r:hht_ota_mgr:s0 tcontext=u:r:hht_ota_mgr:s0 tclass=udp_socket permissive=0
11-11 19:46:25.992 I/auditd ( 2720): type=1400 audit(0.0:62063420): avc: denied { read } for comm="event_loop" lport=13400 scontext=u:r:hht_ota_mgr:s0 tcontext=u:r:hht_ota_mgr:s0 tclass=udp_socket permissive=0
11-11 19:46:25.992 I/auditd ( 2720): type=1400 audit(0.0:62063421): avc: denied { read } for comm="event_loop" lport=13400 scontext=u:r:hht_ota_mgr:s0 tcontext=u:r:hht_ota_mgr:s0 tclass=udp_socket permissive=0
11-11 19:46:25.992 I/auditd ( 2720): type=1400 audit(0.0:62063422): avc: denied { read } for comm="event_loop" lport=13400 scontext=u:r:hht_ota_mgr:s0 tcontext=u:r:hht_ota_mgr:s0 tclass=udp_socket permissive=0
11-11 19:46:26.992 I/auditd ( 2720): type=1400 audit(0.0:62330306): avc: denied { read } for comm="event_loop" lport=13400 scontext=u:r:hht_ota_mgr:s0 tcontext=u:r:hht_ota_mgr:s0 tclass=udp_socket permissive=0
11-11 19:46:26.996 I/auditd ( 2720): type=1400 audit(0.0:62330307): avc: denied { read } for comm="event_loop" lport=13400 scontext=u:r:hht_ota_mgr:s0 tcontext=u:r:hht_ota_mgr:s0 tclass=udp_socket permissive=0
11-11 19:46:26.996 I/auditd ( 2720): type=1400 audit(0.0:62330308): avc: denied { read } for comm="event_loop" lport=13400 scontext=u:r:hht_ota_mgr:s0 tcontext=u:r:hht_ota_mgr:s0 tclass=udp_socket permissive=0
11-11 19:46:26.996 I/auditd ( 2720): type=1400 audit(0.0:62330309): avc: denied { read } for comm="event_loop" lport=13400 scontext=u:r:hht_ota_mgr:s0 tcontext=u:r:hht_ota_mgr:s0 tclass=udp_socket permissive=0
11-11 19:46:26.996 I/auditd ( 2720): type=1400 audit(0.0:62330310): avc: denied { read } for comm="event_loop" lport=13400 scontext=u:r:hht_ota_mgr:s0 tcontext=u:r:hht_ota_mgr:s0 tclass=udp_socket permissive=0
11-11 19:46:28.000 I/auditd ( 2720): type=1400 audit(0.0:62596315): avc: denied { read } for comm="event_loop" lport=13400 scontext=u:r:hht_ota_mgr:s0 tcontext=u:r:hht_ota_mgr:s0 tclass=udp_socket permissive=0
11-11 19:46:28.000 I/auditd ( 2720): type=1400 audit(0.0:62596316): avc: denied { read } for comm="event_loop" lport=13400 scontext=u:r:hht_ota_mgr:s0 tcontext=u:r:hht_ota_mgr:s0 tclass=udp_socket permissive=0
11-11 19:46:28.000 I/auditd ( 2720): type=1400 audit(0.0:62596317): avc: denied { read } for comm="event_loop" lport=13400 scontext=u:r:hht_ota_mgr:s0 tcontext=u:r:hht_ota_mgr:s0 tclass=udp_socket permissive=0
11-11 19:46:28.000 I/auditd ( 2720): type=1400 audit(0.0:62596318): avc: denied { read } for comm="event_loop" lport=13400 scontext=u:r:hht_ota_mgr:s0 tcontext=u:r:hht_ota_mgr:s0 tclass=udp_socket permissive=0
11-11 19:46:28.000 I/auditd ( 2720): type=1400 audit(0.0:62596319): avc: denied { read } for comm="event_loop" lport=13400 scontext=u:r:hht_ota_mgr:s0 tcontext=u:r:hht_ota_mgr:s0 tclass=udp_socket permissive=0
11-11 19:46:29.004 I/auditd ( 2720): type=1400 audit(0.0:62857710): avc: denied { read } for comm="event_loop" lport=13400 scontext=u:r:hht_ota_mgr:s0 tcontext=u:r:hht_ota_mgr:s0 tclass=udp_socket permissive=0
11-11 19:46:29.004 I/auditd ( 2720): type=1400 audit(0.0:62857711): avc: denied { read } for comm="event_loop" lport=13400 scontext=u:r:hht_ota_mgr:s0 tcontext=u:r:hht_ota_mgr:s0 tclass=udp_socket permissive=0
11-11 19:46:29.004 I/auditd ( 2720): type=1400 audit(0.0:62857712): avc: denied { read } for comm="event_loop" lport=13400 scontext=u:r:hht_ota_mgr:s0 tcontext=u:r:hht_ota_mgr:s0 tclass=udp_socket permissive=0
11-11 19:46:29.004 I/auditd ( 2720): type=1400 audit(0.0:62857713): avc: denied { read } for comm="event_loop" lport=13400 scontext=u:r:hht_ota_mgr:s0 tcontext=u:r:hht_ota_mgr:s0 tclass=udp_socket permissive=0
11-11 19:46:29.004 I/auditd ( 2720): type=1400 audit(0.0:62857714): avc: denied { read } for comm="event_loop" lport=13400 scontext=u:r:hht_ota_mgr:s0 tcontext=u:r:hht_ota_mgr:s0 tclass=udp_socket permissive=0
11-11 19:46:30.008 I/auditd ( 2720): type=1400 audit(0.0:63122356): avc: denied { read } for comm="event_loop" lport=13400 scontext=u:r:hht_ota_mgr:s0 tcontext=u:r:hht_ota_mgr:s0 tclass=udp_socket permissive=0
11-11 19:46:30.008 I/auditd ( 2720): type=1400 audit(0.0:63122357): avc: denied { read } for comm="event_loop" lport=13400 scontext=u:r:hht_ota_mgr:s0 tcontext=u:r:hht_ota_mgr:s0 tclass=udp_socket permissive=0
11-11 19:46:30.008 I/auditd ( 2720): type=1400 audit(0.0:63122358): avc: denied { read } for comm="event_loop" lport=13400 scontext=u:r:hht_ota_mgr:s0 tcontext=u:r:hht_ota_mgr:s0 tclass=udp_socket permissive=0
11-11 19:46:30.008 I/auditd ( 2720): type=1400 audit(0.0:63122359): avc: denied { read } for comm="event_loop" lport=13400 scontext=u:r:hht_ota_mgr:s0 tcontext=u:r:hht_ota_mgr:s0 tclass=udp_socket permissive=0
11-11 19:46:30.008 I/auditd ( 2720): type=1400 audit(0.0:63122360): avc: denied { read } for comm="event_loop" lport=13400 scontext=u:r:hht_ota_mgr:s0 tcontext=u:r:hht_ota_mgr:s0 tclass=udp_socket permissive=0
11-11 19:46:31.012 I/auditd ( 2720): type=1400 audit(0.0:63391057): avc: denied { read } for comm="event_loop" lport=13400 scontext=u:r:hht_ota_mgr:s0 tcontext=u:r:hht_ota_mgr:s0 tclass=udp_socket permissive=0
11-11 19:46:31.012 I/auditd ( 2720): type=1400 audit(0.0:63391058): avc: denied { read } for comm="event_loop" lport=13400 scontext=u:r:hht_ota_mgr:s0 tcontext=u:r:hht_ota_mgr:s0 tclass=udp_socket permissive=0
11-11 19:46:31.012 I/auditd ( 2720): type=1400 audit(0.0:63391059): avc: denied { read } for comm="event_loop" lport=13400 scontext=u:r:hht_ota_mgr:s0 tcontext=u:r:hht_ota_mgr:s0 tclass=udp_socket permissive=0
11-11 19:46:31.012 I/auditd ( 2720): type=1400 audit(0.0:63391060): avc: denied { read } for comm="event_loop" lport=13400 scontext=u:r:hht_ota_mgr:s0 tcontext=u:r:hht_ota_mgr:s0 tclass=udp_socket permissive=0
11-11 19:46:31.012 I/auditd ( 2720): type=1400 audit(0.0:63391061): avc: denied { read } for comm="event_loop" lport=13400 scontext=u:r:hht_ota_mgr:s0 tcontext=u:r:hht_ota_mgr:s0 tclass=udp_socket permissive=0
11-11 19:46:32.016 I/auditd ( 2720): type=1400 audit(0.0:63660953): avc: denied { read } for comm="event_loop" lport=13400 scontext=u:r:hht_ota_mgr:s0 tcontext=u:r:hht_ota_mgr:s0 tclass=udp_socket permissive=0
11-11 19:46:32.016 I/auditd ( 2720): type=1400 audit(0.0:63660954): avc: denied { read } for comm="event_loop" lport=13400 scontext=u:r:hht_ota_mgr:s0 tcontext=u:r:hht_ota_mgr:s0 tclass=udp_socket permissive=0
11-11 19:46:32.016 I/auditd ( 2720): type=1400 audit(0.0:63660955): avc: denied { read } for comm="event_loop" lport=13400 scontext=u:r:hht_ota_mgr:s0 tcontext=u:r:hht_ota_mgr:s0 tclass=udp_socket permissive=0
11-11 19:46:32.016 I/auditd ( 2720): type=1400 audit(0.0:63660956): avc: denied { read } for comm="event_loop" lport=13400 scontext=u:r:hht_ota_mgr:s0 tcontext=u:r:hht_ota_mgr:s0 tclass=udp_socket permissive=0
11-11 19:46:32.016 I/auditd ( 2720): type=1400 audit(0.0:63660957): avc: denied { read } for comm="event_loop" lport=13400 scontext=u:r:hht_ota_mgr:s0 tcontext=u:r:hht_ota_mgr:s0 tclass=udp_socket permissive=0
11-11 19:46:33.020 I/auditd ( 2720): type=1400 audit(0.0:63930149): avc: denied { read } for comm="event_loop" lport=13400 scontext=u:r:hht_ota_mgr:s0 tcontext=u:r:hht_ota_mgr:s0 tclass=udp_socket permissive=0
11-11 19:46:33.020 I/auditd ( 2720): type=1400 audit(0.0:63930150): avc: denied { read } for comm="event_loop" lport=13400 scontext=u:r:hht_ota_mgr:s0 tcontext=u:r:hht_ota_mgr:s0 tclass=udp_socket permissive=0
11-11 19:46:33.020 I/auditd ( 2720): type=1400 audit(0.0:63930151): avc: denied { read } for comm="event_loop" lport=13400 scontext=u:r:hht_ota_mgr:s0 tcontext=u:r:hht_ota_mgr:s0 tclass=udp_socket permissive=0
11-11 19:46:33.020 I/auditd ( 2720): type=1400 audit(0.0:63930152): avc: denied { read } for comm="event_loop" lport=13400 scontext=u:r:hht_ota_mgr:s0 tcontext=u:r:hht_ota_mgr:s0 tclass=udp_socket permissive=0
11-11 19:46:33.020 I/auditd ( 2720): type=1400 audit(0.0:63930153): avc: denied { read } for comm="event_loop" lport=13400 scontext=u:r:hht_ota_mgr:s0 tcontext=u:r:hht_ota_mgr:s0 tclass=udp_socket permissive=0
11-11 19:46:34.024 I/auditd ( 2720): type=1400 audit(0.0:64199208): avc: denied { read } for comm="event_loop" lport=13400 scontext=u:r:hht_ota_mgr:s0 tcontext=u:r:hht_ota_mgr:s0 tclass=udp_socket permissive=0
11-11 19:46:34.024 I/auditd ( 2720): type=1400 audit(0.0:64199209): avc: denied { read } for comm="event_loop" lport=13400 scontext=u:r:hht_ota_mgr:s0 tcontext=u:r:hht_ota_mgr:s0 tclass=udp_socket permissive=0
11-11 19:46:34.024 I/auditd ( 2720): type=1400 audit(0.0:64199210): avc: denied { read } for comm="event_loop" lport=13400 scontext=u:r:hht_ota_mgr:s0 tcontext=u:r:hht_ota_mgr:s0 tclass=udp_socket permissive=0
11-11 19:46:34.024 I/auditd ( 2720): type=1400 audit(0.0:64199211): avc: denied { read } for comm="event_loop" lport=13400 scontext=u:r:hht_ota_mgr:s0 tcontext=u:r:hht_ota_mgr:s0 tclass=udp_socket permissive=0
11-11 19:46:34.024 I/auditd ( 2720): type=1400 audit(0.0:64199212): avc: denied { read } for comm="event_loop" lport=13400 scontext=u:r:hht_ota_mgr:s0 tcontext=u:r:hht_ota_mgr:s0 tclass=udp_socket permissive=0
11-11 19:46:35.028 I/auditd ( 2720): type=1400 audit(0.0:64466586): avc: denied { read } for comm="event_loop" lport=13400 scontext=u:r:hht_ota_mgr:s0 tcontext=u:r:hht_ota_mgr:s0 tclass=udp_socket permissive=0
11-11 19:46:35.028 I/auditd ( 2720): type=1400 audit(0.0:64466587): avc: denied { read } for comm="event_loop" lport=13400 scontext=u:r:hht_ota_mgr:s0 tcontext=u:r:hht_ota_mgr:s0 tclass=udp_socket permissive=0
11-11 19:46:35.028 I/auditd ( 2720): type=1400 audit(0.0:64466588): avc: denied { read } for comm="event_loop" lport=13400 scontext=u:r:hht_ota_mgr:s0 tcontext=u:r:hht_ota_mgr:s0 tclass=udp_socket permissive=0
11-11 19:46:35.028 I/auditd ( 2720): type=1400 audit(0.0:64466589): avc: denied { read } for comm="event_loop" lport=13400 scontext=u:r:hht_ota_mgr:s0 tcontext=u:r:hht_ota_mgr:s0 tclass=udp_socket permissive=0
11-11 19:46:35.028 I/auditd ( 2720): type=1400 audit(0.0:64466590): avc: denied { read } for comm="event_loop" lport=13400 scontext=u:r:hht_ota_mgr:s0 tcontext=u:r:hht_ota_mgr:s0 tclass=udp_socket permissive=0
11-11 19:46:36.032 I/auditd ( 2720): type=1400 audit(0.0:64734287): avc: denied { read } for comm="event_loop" lport=13400 scontext=u:r:hht_ota_mgr:s0 tcontext=u:r:hht_ota_mgr:s0 tclass=udp_socket permissive=0
11-11 19:46:36.032 I/auditd ( 2720): type=1400 audit(0.0:64734288): avc: denied { read } for comm="event_loop" lport=13400 scontext=u:r:hht_ota_mgr:s0 tcontext=u:r:hht_ota_mgr:s0 tclass=udp_socket permissive=0
11-11 19:46:36.032 I/auditd ( 2720): type=1400 audit(0.0:64734289): avc: denied { read } for comm="event_loop" lport=13400 scontext=u:r:hht_ota_mgr:s0 tcontext=u:r:hht_ota_mgr:s0 tclass=udp_socket permissive=0
11-11 19:46:36.032 I/auditd ( 2720): type=1400 audit(0.0:64734290): avc: denied { read } for comm="event_loop" lport=13400 scontext=u:r:hht_ota_mgr:s0 tcontext=u:r:hht_ota_mgr:s0 tclass=udp_socket permissive=0
11-11 19:46:36.032 I/auditd ( 2720): type=1400 audit(0.0:64734291): avc: denied { read } for comm="event_loop" lport=13400 scontext=u:r:hht_ota_mgr:s0 tcontext=u:r:hht_ota_mgr:s0 tclass=udp_socket permissive=0
11-11 19:46:37.036 I/auditd ( 2720): type=1400 audit(0.0:65003070): avc: denied { read } for comm="event_loop" lport=13400 scontext=u:r:hht_ota_mgr:s0 tcontext=u:r:hht_ota_mgr:s0 tclass=udp_socket permissive=0
11-11 19:46:37.036 I/auditd ( 2720): type=1400 audit(0.0:65003071): avc: denied { read } for comm="event_loop" lport=13400 scontext=u:r:hht_ota_mgr:s0 tcontext=u:r:hht_ota_mgr:s0 tclass=udp_socket permissive=0
11-11 19:46:37.036 I/auditd ( 2720): type=1400 audit(0.0:65003072): avc: denied { read } for comm="event_loop" lport=13400 scontext=u:r:hht_ota_mgr:s0 tcontext=u:r:hht_ota_mgr:s0 tclass=udp_socket permissive=0
11-11 19:46:37.036 I/auditd ( 2720): type=1400 audit(0.0:65003073): avc: denied { read } for comm="event_loop" lport=13400 scontext=u:r:hht_ota_mgr:s0 tcontext=u:r:hht_ota_mgr:s0 tclass=udp_socket permissive=0
11-11 19:46:37.036 I/auditd ( 2720): type=1400 audit(0.0:65003074): avc: denied { read } for comm="event_loop" lport=13400 scontext=u:r:hht_ota_mgr:s0 tcontext=u:r:hht_ota_mgr:s0 tclass=udp_socket permissive=0
11-11 19:46:38.036 I/auditd ( 2720): type=1400 audit(0.0:65272653): avc: denied { read } for comm="event_loop" lport=13400 scontext=u:r:hht_ota_mgr:s0 tcontext=u:r:hht_ota_mgr:s0 tclass=udp_socket permissive=0
11-11 19:46:38.040 I/auditd ( 2720): type=1400 audit(0.0:65272654): avc: denied { read } for comm="event_loop" lport=13400 scontext=u:r:hht_ota_mgr:s0 tcontext=u:r:hht_ota_mgr:s0 tclass=udp_socket permissive=0
11-11 19:46:38.040 I/auditd ( 2720): type=1400 audit(0.0:65272655): avc: denied { read } for comm="event_loop" lport=13400 scontext=u:r:hht_ota_mgr:s0 tcontext=u:r:hht_ota_mgr:s0 tclass=udp_socket permissive=0
11-11 19:46:38.040 I/auditd ( 2720): type=1400 audit(0.0:65272656): avc: denied { read } for comm="event_loop" lport=13400 scontext=u:r:hht_ota_mgr:s0 tcontext=u:r:hht_ota_mgr:s0 tclass=udp_socket permissive=0
11-11 19:46:38.040 I/auditd ( 2720): type=1400 audit(0.0:65272657): avc: denied { read } for comm="event_loop" lport=13400 scontext=u:r:hht_ota_mgr:s0 tcontext=u:r:hht_ota_mgr:s0 tclass=udp_socket permissive=0
11-11 19:46:39.044 I/auditd ( 2720): type=1400 audit(0.0:65541300): avc: denied { read } for comm="event_loop" lport=13400 scontext=u:r:hht_ota_mgr:s0 tcontext=u:r:hht_ota_mgr:s0 tclass=udp_socket permissive=0
11-11 19:46:39.044 I/auditd ( 2720): type=1400 audit(0.0:65541301): avc: denied { read } for comm="event_loop" lport=13400 scontext=u:r:hht_ota_mgr:s0 tcontext=u:r:hht_ota_mgr:s0 tclass=udp_socket permissive=0
11-11 19:46:39.044 I/auditd ( 2720): type=1400 audit(0.0:65541302): avc: denied { read } for comm="event_loop" lport=13400 scontext=u:r:hht_ota_mgr:s0 tcontext=u:r:hht_ota_mgr:s0 tclass=udp_socket permissive=0
11-11 19:46:39.044 I/auditd ( 2720): type=1400 audit(0.0:65541303): avc: denied { read } for comm="event_loop" lport=13400 scontext=u:r:hht_ota_mgr:s0 tcontext=u:r:hht_ota_mgr:s0 tclass=udp_socket permissive=0
11-11 19:46:39.044 I/auditd ( 2720): type=1400 audit(0.0:65541304): avc: denied { read } for comm="event_loop" lport=13400 scontext=u:r:hht_ota_mgr:s0 tcontext=u:r:hht_ota_mgr:s0 tclass=udp_socket permissive=0
11-11 19:46:40.048 I/auditd ( 2720): type=1400 audit(0.0:65810954): avc: denied { read } for comm="event_loop" lport=13400 scontext=u:r:hht_ota_mgr:s0 tcontext=u:r:hht_ota_mgr:s0 tclass=udp_socket permissive=0
11-11 19:46:40.048 I/auditd ( 2720): type=1400 audit(0.0:65810955): avc: denied { read } for comm="event_loop" lport=13400 scontext=u:r:hht_ota_mgr:s0 tcontext=u:r:hht_ota_mgr:s0 tclass=udp_socket permissive=0
11-11 19:46:40.048 I/auditd ( 2720): type=1400 audit(0.0:65810956): avc: denied { read } for comm="event_loop" lport=13400 scontext=u:r:hht_ota_mgr:s0 tcontext=u:r:hht_ota_mgr:s0 tclass=udp_socket permissive=0
11-11 19:46:40.048 I/auditd ( 2720): type=1400 audit(0.0:65810957): avc: denied { read } for comm="event_loop" lport=13400 scontext=u:r:hht_ota_mgr:s0 tcontext=u:r:hht_ota_mgr:s0 tclass=udp_socket permissive=0
11-11 19:46:40.048 I/auditd ( 2720): type=1400 audit(0.0:65810958): avc: denied { read } for comm="event_loop" lport=13400 scontext=u:r:hht_ota_mgr:s0 tcontext=u:r:hht_ota_mgr:s0 tclass=udp_socket permissive=0
11-11 19:46:40.452 I/input_interaction( 1503): Interaction with: 90f6769 NotificationShade (server), edge-swipe (server), swipe-up (server), PointerEventDispatcher0 (server),
11-11 19:46:40.914 I/notification_enqueue( 1503): [10078,1982,com.android.systemui,2048,NULL,0,Notification(channel=updateNotification shortcut=null contentView=null vibrate=null sound=null defaults=0x0 flags=0x0 color=0x00000000 vis=PRIVATE),1]
11-11 19:46:40.914 I/sysui_multi_action( 1982): [757,111,758,2]
11-11 19:46:40.914 I/sysui_multi_action( 1982): [757,111,758,2]
11-11 19:46:41.048 I/auditd ( 2720): type=1400 audit(0.0:66080283): avc: denied { read } for comm="event_loop" lport=13400 scontext=u:r:hht_ota_mgr:s0 tcontext=u:r:hht_ota_mgr:s0 tclass=udp_socket permissive=0
11-11 19:46:41.052 I/auditd ( 2720): type=1400 audit(0.0:66080284): avc: denied { read } for comm="event_loop" lport=13400 scontext=u:r:hht_ota_mgr:s0 tcontext=u:r:hht_ota_mgr:s0 tclass=udp_socket permissive=0
11-11 19:46:41.052 I/auditd ( 2720): type=1400 audit(0.0:66080285): avc: denied { read } for comm="event_loop" lport=13400 scontext=u:r:hht_ota_mgr:s0 tcontext=u:r:hht_ota_mgr:s0 tclass=udp_socket permissive=0
11-11 19:46:41.052 I/auditd ( 2720): type=1400 audit(0.0:66080286): avc: denied { read } for comm="event_loop" lport=13400 scontext=u:r:hht_ota_mgr:s0 tcontext=u:r:hht_ota_mgr:s0 tclass=udp_socket permissive=0
11-11 19:46:41.052 I/auditd ( 2720): type=1400 audit(0.0:66080287): avc: denied { read } for comm="event_loop" lport=13400 scontext=u:r:hht_ota_mgr:s0 tcontext=u:r:hht_ota_mgr:s0 tclass=udp_socket permissive=0
11-11 19:46:41.125 I/input_focus( 1503): [Focus request 81633e2 com.android.launcher3/com.android.launcher3.uioverrides.QuickstepLauncher,reason=UpdateInputWindows]
11-11 19:46:41.134 I/sysui_multi_action( 1503): [757,128,758,2,793,1512624052,794,16840,795,1512624052,796,26,798,0,806,android,857,DEVELOPER_IMPORTANT,858,4,947,0,1395,2,1500,1512623792,1688,1]
11-11 19:46:41.134 I/notification_visibility( 1503): [-1|android|26|null|1000,0,1512624052,1512624052,0,0]
11-11 19:46:41.140 I/sysui_multi_action( 1503): [757,128,758,2,793,1512624542,794,16849,795,1512624542,796,32,798,1,806,android,857,USB,858,1,947,0,1395,2,1500,1512624218,1688,1]
11-11 19:46:41.140 I/notification_visibility( 1503): [-1|android|32|null|1000,0,1512624542,1512624542,0,1]
11-11 19:46:41.141 I/sysui_multi_action( 1503): [757,127,758,2]
11-11 19:46:41.142 I/notification_panel_hidden( 1503):
11-11 19:46:41.150 I/input_focus( 1503): [Focus leaving 90f6769 NotificationShade (server),reason=NO_WINDOW]
11-11 19:46:41.150 I/input_focus( 1503): [Focus entering 81633e2 com.android.launcher3/com.android.launcher3.uioverrides.QuickstepLauncher (server),reason=setFocusedWindow]
11-11 19:46:42.056 I/auditd ( 2720): type=1400 audit(0.0:66349659): avc: denied { read } for comm="event_loop" lport=13400 scontext=u:r:hht_ota_mgr:s0 tcontext=u:r:hht_ota_mgr:s0 tclass=udp_socket permissive=0
11-11 19:46:42.056 I/auditd ( 2720): type=1400 audit(0.0:66349660): avc: denied { read } for comm="event_loop" lport=13400 scontext=u:r:hht_ota_mgr:s0 tcontext=u:r:hht_ota_mgr:s0 tclass=udp_socket permissive=0
11-11 19:46:42.056 I/auditd ( 2720): type=1400 audit(0.0:66349661): avc: denied { read } for comm="event_loop" lport=13400 scontext=u:r:hht_ota_mgr:s0 tcontext=u:r:hht_ota_mgr:s0 tclass=udp_socket permissive=0
11-11 19:46:42.056 I/auditd ( 2720): type=1400 audit(0.0:66349662): avc: denied { read } for comm="event_loop" lport=13400 scontext=u:r:hht_ota_mgr:s0 tcontext=u:r:hht_ota_mgr:s0 tclass=udp_socket permissive=0
11-11 19:46:42.056 I/auditd ( 2720): type=1400 audit(0.0:66349663): avc: denied { read } for comm="event_loop" lport=13400 scontext=u:r:hht_ota_mgr:s0 tcontext=u:r:hht_ota_mgr:s0 tclass=udp_socket permissive=0
11-11 19:46:43.060 I/auditd ( 2720): type=1400 audit(0.0:66618229): avc: denied { read } for comm="event_loop" lport=13400 scontext=u:r:hht_ota_mgr:s0 tcontext=u:r:hht_ota_mgr:s0 tclass=udp_socket permissive=0
11-11 19:46:43.060 I/auditd ( 2720): type=1400 audit(0.0:66618230): avc: denied { read } for comm="event_loop" lport=13400 scontext=u:r:hht_ota_mgr:s0 tcontext=u:r:hht_ota_mgr:s0 tclass=udp_socket permissive=0
11-11 19:46:43.060 I/auditd ( 2720): type=1400 audit(0.0:66618231): avc: denied { read } for comm="event_loop" lport=13400 scontext=u:r:hht_ota_mgr:s0 tcontext=u:r:hht_ota_mgr:s0 tclass=udp_socket permissive=0
11-11 19:46:43.060 I/auditd ( 2720): type=1400 audit(0.0:66618232): avc: denied { read } for comm="event_loop" lport=13400 scontext=u:r:hht_ota_mgr:s0 tcontext=u:r:hht_ota_mgr:s0 tclass=udp_socket permissive=0
11-11 19:46:43.060 I/auditd ( 2720): type=1400 audit(0.0:66618233): avc: denied { read } for comm="event_loop" lport=13400 scontext=u:r:hht_ota_mgr:s0 tcontext=u:r:hht_ota_mgr:s0 tclass=udp_socket permissive=0
11-11 19:46:44.064 I/auditd ( 2720): type=1400 audit(0.0:66888280): avc: denied { read } for comm="event_loop" lport=13400 scontext=u:r:hht_ota_mgr:s0 tcontext=u:r:hht_ota_mgr:s0 tclass=udp_socket permissive=0
