11-11 19:45:22.740 I/auditd ( 2720): type=1400 audit(0.0:45199709): avc: denied { read } for comm="event_loop" lport=13400 scontext=u:r:hht_ota_mgr:s0 tcontext=u:r:hht_ota_mgr:s0 tclass=udp_socket permissive=0
11-11 19:45:22.740 I/auditd ( 2720): type=1400 audit(0.0:45199710): avc: denied { read } for comm="event_loop" lport=13400 scontext=u:r:hht_ota_mgr:s0 tcontext=u:r:hht_ota_mgr:s0 tclass=udp_socket permissive=0
11-11 19:45:22.740 I/auditd ( 2720): type=1400 audit(0.0:45199711): avc: denied { read } for comm="event_loop" lport=13400 scontext=u:r:hht_ota_mgr:s0 tcontext=u:r:hht_ota_mgr:s0 tclass=udp_socket permissive=0
11-11 19:45:22.740 I/auditd ( 2720): type=1400 audit(0.0:45199712): avc: denied { read } for comm="event_loop" lport=13400 scontext=u:r:hht_ota_mgr:s0 tcontext=u:r:hht_ota_mgr:s0 tclass=udp_socket permissive=0
11-11 19:45:22.740 I/auditd ( 2720): type=1400 audit(0.0:45199713): avc: denied { read } for comm="event_loop" lport=13400 scontext=u:r:hht_ota_mgr:s0 tcontext=u:r:hht_ota_mgr:s0 tclass=udp_socket permissive=0
11-11 19:45:23.744 I/auditd ( 2720): type=1400 audit(0.0:45467433): avc: denied { read } for comm="event_loop" lport=13400 scontext=u:r:hht_ota_mgr:s0 tcontext=u:r:hht_ota_mgr:s0 tclass=udp_socket permissive=0
11-11 19:45:23.744 I/auditd ( 2720): type=1400 audit(0.0:45467434): avc: denied { read } for comm="event_loop" lport=13400 scontext=u:r:hht_ota_mgr:s0 tcontext=u:r:hht_ota_mgr:s0 tclass=udp_socket permissive=0
11-11 19:45:23.744 I/auditd ( 2720): type=1400 audit(0.0:45467435): avc: denied { read } for comm="event_loop" lport=13400 scontext=u:r:hht_ota_mgr:s0 tcontext=u:r:hht_ota_mgr:s0 tclass=udp_socket permissive=0
11-11 19:45:23.744 I/auditd ( 2720): type=1400 audit(0.0:45467436): avc: denied { read } for comm="event_loop" lport=13400 scontext=u:r:hht_ota_mgr:s0 tcontext=u:r:hht_ota_mgr:s0 tclass=udp_socket permissive=0
11-11 19:45:23.744 I/auditd ( 2720): type=1400 audit(0.0:45467437): avc: denied { read } for comm="event_loop" lport=13400 scontext=u:r:hht_ota_mgr:s0 tcontext=u:r:hht_ota_mgr:s0 tclass=udp_socket permissive=0
11-11 19:45:24.748 I/auditd ( 2720): type=1400 audit(0.0:45734810): avc: denied { read } for comm="event_loop" lport=13400 scontext=u:r:hht_ota_mgr:s0 tcontext=u:r:hht_ota_mgr:s0 tclass=udp_socket permissive=0
11-11 19:45:24.748 I/auditd ( 2720): type=1400 audit(0.0:45734811): avc: denied { read } for comm="event_loop" lport=13400 scontext=u:r:hht_ota_mgr:s0 tcontext=u:r:hht_ota_mgr:s0 tclass=udp_socket permissive=0
11-11 19:45:24.748 I/auditd ( 2720): type=1400 audit(0.0:45734812): avc: denied { read } for comm="event_loop" lport=13400 scontext=u:r:hht_ota_mgr:s0 tcontext=u:r:hht_ota_mgr:s0 tclass=udp_socket permissive=0
11-11 19:45:24.748 I/auditd ( 2720): type=1400 audit(0.0:45734813): avc: denied { read } for comm="event_loop" lport=13400 scontext=u:r:hht_ota_mgr:s0 tcontext=u:r:hht_ota_mgr:s0 tclass=udp_socket permissive=0
11-11 19:45:24.748 I/auditd ( 2720): type=1400 audit(0.0:45734814): avc: denied { read } for comm="event_loop" lport=13400 scontext=u:r:hht_ota_mgr:s0 tcontext=u:r:hht_ota_mgr:s0 tclass=udp_socket permissive=0
11-11 19:45:25.748 I/auditd ( 2720): type=1400 audit(0.0:46003331): avc: denied { read } for comm="event_loop" lport=13400 scontext=u:r:hht_ota_mgr:s0 tcontext=u:r:hht_ota_mgr:s0 tclass=udp_socket permissive=0
11-11 19:45:25.752 I/auditd ( 2720): type=1400 audit(0.0:46003332): avc: denied { read } for comm="event_loop" lport=13400 scontext=u:r:hht_ota_mgr:s0 tcontext=u:r:hht_ota_mgr:s0 tclass=udp_socket permissive=0
11-11 19:45:25.752 I/auditd ( 2720): type=1400 audit(0.0:46003333): avc: denied { read } for comm="event_loop" lport=13400 scontext=u:r:hht_ota_mgr:s0 tcontext=u:r:hht_ota_mgr:s0 tclass=udp_socket permissive=0
11-11 19:45:25.752 I/auditd ( 2720): type=1400 audit(0.0:46003334): avc: denied { read } for comm="event_loop" lport=13400 scontext=u:r:hht_ota_mgr:s0 tcontext=u:r:hht_ota_mgr:s0 tclass=udp_socket permissive=0
11-11 19:45:25.752 I/auditd ( 2720): type=1400 audit(0.0:46003335): avc: denied { read } for comm="event_loop" lport=13400 scontext=u:r:hht_ota_mgr:s0 tcontext=u:r:hht_ota_mgr:s0 tclass=udp_socket permissive=0
11-11 19:45:26.752 I/auditd ( 2720): type=1400 audit(0.0:46271448): avc: denied { read } for comm="event_loop" lport=13400 scontext=u:r:hht_ota_mgr:s0 tcontext=u:r:hht_ota_mgr:s0 tclass=udp_socket permissive=0
11-11 19:45:26.756 I/auditd ( 2720): type=1400 audit(0.0:46271449): avc: denied { read } for comm="event_loop" lport=13400 scontext=u:r:hht_ota_mgr:s0 tcontext=u:r:hht_ota_mgr:s0 tclass=udp_socket permissive=0
11-11 19:45:26.756 I/auditd ( 2720): type=1400 audit(0.0:46271450): avc: denied { read } for comm="event_loop" lport=13400 scontext=u:r:hht_ota_mgr:s0 tcontext=u:r:hht_ota_mgr:s0 tclass=udp_socket permissive=0
11-11 19:45:26.756 I/auditd ( 2720): type=1400 audit(0.0:46271451): avc: denied { read } for comm="event_loop" lport=13400 scontext=u:r:hht_ota_mgr:s0 tcontext=u:r:hht_ota_mgr:s0 tclass=udp_socket permissive=0
11-11 19:45:26.756 I/auditd ( 2720): type=1400 audit(0.0:46271452): avc: denied { read } for comm="event_loop" lport=13400 scontext=u:r:hht_ota_mgr:s0 tcontext=u:r:hht_ota_mgr:s0 tclass=udp_socket permissive=0
11-11 19:45:27.756 I/auditd ( 2720): type=1400 audit(0.0:46539421): avc: denied { read } for comm="event_loop" lport=13400 scontext=u:r:hht_ota_mgr:s0 tcontext=u:r:hht_ota_mgr:s0 tclass=udp_socket permissive=0
11-11 19:45:27.760 I/auditd ( 2720): type=1400 audit(0.0:46539422): avc: denied { read } for comm="event_loop" lport=13400 scontext=u:r:hht_ota_mgr:s0 tcontext=u:r:hht_ota_mgr:s0 tclass=udp_socket permissive=0
11-11 19:45:27.760 I/auditd ( 2720): type=1400 audit(0.0:46539423): avc: denied { read } for comm="event_loop" lport=13400 scontext=u:r:hht_ota_mgr:s0 tcontext=u:r:hht_ota_mgr:s0 tclass=udp_socket permissive=0
11-11 19:45:27.760 I/auditd ( 2720): type=1400 audit(0.0:46539424): avc: denied { read } for comm="event_loop" lport=13400 scontext=u:r:hht_ota_mgr:s0 tcontext=u:r:hht_ota_mgr:s0 tclass=udp_socket permissive=0
11-11 19:45:27.760 I/auditd ( 2720): type=1400 audit(0.0:46539425): avc: denied { read } for comm="event_loop" lport=13400 scontext=u:r:hht_ota_mgr:s0 tcontext=u:r:hht_ota_mgr:s0 tclass=udp_socket permissive=0
11-11 19:45:28.760 I/auditd ( 2720): type=1400 audit(0.0:46806905): avc: denied { read } for comm="event_loop" lport=13400 scontext=u:r:hht_ota_mgr:s0 tcontext=u:r:hht_ota_mgr:s0 tclass=udp_socket permissive=0
11-11 19:45:28.764 I/auditd ( 2720): type=1400 audit(0.0:46806906): avc: denied { read } for comm="event_loop" lport=13400 scontext=u:r:hht_ota_mgr:s0 tcontext=u:r:hht_ota_mgr:s0 tclass=udp_socket permissive=0
11-11 19:45:28.764 I/auditd ( 2720): type=1400 audit(0.0:46806907): avc: denied { read } for comm="event_loop" lport=13400 scontext=u:r:hht_ota_mgr:s0 tcontext=u:r:hht_ota_mgr:s0 tclass=udp_socket permissive=0
11-11 19:45:28.764 I/auditd ( 2720): type=1400 audit(0.0:46806908): avc: denied { read } for comm="event_loop" lport=13400 scontext=u:r:hht_ota_mgr:s0 tcontext=u:r:hht_ota_mgr:s0 tclass=udp_socket permissive=0
11-11 19:45:28.764 I/auditd ( 2720): type=1400 audit(0.0:46806909): avc: denied { read } for comm="event_loop" lport=13400 scontext=u:r:hht_ota_mgr:s0 tcontext=u:r:hht_ota_mgr:s0 tclass=udp_socket permissive=0
11-11 19:45:29.768 I/auditd ( 2720): type=1400 audit(0.0:47074455): avc: denied { read } for comm="event_loop" lport=13400 scontext=u:r:hht_ota_mgr:s0 tcontext=u:r:hht_ota_mgr:s0 tclass=udp_socket permissive=0
11-11 19:45:29.768 I/auditd ( 2720): type=1400 audit(0.0:47074456): avc: denied { read } for comm="event_loop" lport=13400 scontext=u:r:hht_ota_mgr:s0 tcontext=u:r:hht_ota_mgr:s0 tclass=udp_socket permissive=0
11-11 19:45:29.768 I/auditd ( 2720): type=1400 audit(0.0:47074457): avc: denied { read } for comm="event_loop" lport=13400 scontext=u:r:hht_ota_mgr:s0 tcontext=u:r:hht_ota_mgr:s0 tclass=udp_socket permissive=0
11-11 19:45:29.768 I/auditd ( 2720): type=1400 audit(0.0:47074458): avc: denied { read } for comm="event_loop" lport=13400 scontext=u:r:hht_ota_mgr:s0 tcontext=u:r:hht_ota_mgr:s0 tclass=udp_socket permissive=0
11-11 19:45:29.768 I/auditd ( 2720): type=1400 audit(0.0:47074459): avc: denied { read } for comm="event_loop" lport=13400 scontext=u:r:hht_ota_mgr:s0 tcontext=u:r:hht_ota_mgr:s0 tclass=udp_socket permissive=0
11-11 19:45:30.772 I/auditd ( 2720): type=1400 audit(0.0:47342547): avc: denied { read } for comm="event_loop" lport=13400 scontext=u:r:hht_ota_mgr:s0 tcontext=u:r:hht_ota_mgr:s0 tclass=udp_socket permissive=0
11-11 19:45:30.772 I/auditd ( 2720): type=1400 audit(0.0:47342548): avc: denied { read } for comm="event_loop" lport=13400 scontext=u:r:hht_ota_mgr:s0 tcontext=u:r:hht_ota_mgr:s0 tclass=udp_socket permissive=0
11-11 19:45:30.772 I/auditd ( 2720): type=1400 audit(0.0:47342549): avc: denied { read } for comm="event_loop" lport=13400 scontext=u:r:hht_ota_mgr:s0 tcontext=u:r:hht_ota_mgr:s0 tclass=udp_socket permissive=0
11-11 19:45:30.772 I/auditd ( 2720): type=1400 audit(0.0:47342550): avc: denied { read } for comm="event_loop" lport=13400 scontext=u:r:hht_ota_mgr:s0 tcontext=u:r:hht_ota_mgr:s0 tclass=udp_socket permissive=0
11-11 19:45:30.772 I/auditd ( 2720): type=1400 audit(0.0:47342551): avc: denied { read } for comm="event_loop" lport=13400 scontext=u:r:hht_ota_mgr:s0 tcontext=u:r:hht_ota_mgr:s0 tclass=udp_socket permissive=0
11-11 19:45:31.776 I/auditd ( 2720): type=1400 audit(0.0:47610199): avc: denied { read } for comm="event_loop" lport=13400 scontext=u:r:hht_ota_mgr:s0 tcontext=u:r:hht_ota_mgr:s0 tclass=udp_socket permissive=0
11-11 19:45:31.776 I/auditd ( 2720): type=1400 audit(0.0:47610200): avc: denied { read } for comm="event_loop" lport=13400 scontext=u:r:hht_ota_mgr:s0 tcontext=u:r:hht_ota_mgr:s0 tclass=udp_socket permissive=0
11-11 19:45:31.776 I/auditd ( 2720): type=1400 audit(0.0:47610201): avc: denied { read } for comm="event_loop" lport=13400 scontext=u:r:hht_ota_mgr:s0 tcontext=u:r:hht_ota_mgr:s0 tclass=udp_socket permissive=0
11-11 19:45:31.776 I/auditd ( 2720): type=1400 audit(0.0:47610202): avc: denied { read } for comm="event_loop" lport=13400 scontext=u:r:hht_ota_mgr:s0 tcontext=u:r:hht_ota_mgr:s0 tclass=udp_socket permissive=0
11-11 19:45:31.776 I/auditd ( 2720): type=1400 audit(0.0:47610203): avc: denied { read } for comm="event_loop" lport=13400 scontext=u:r:hht_ota_mgr:s0 tcontext=u:r:hht_ota_mgr:s0 tclass=udp_socket permissive=0
11-11 19:45:32.776 I/auditd ( 2720): type=1400 audit(0.0:47877586): avc: denied { read } for comm="event_loop" lport=13400 scontext=u:r:hht_ota_mgr:s0 tcontext=u:r:hht_ota_mgr:s0 tclass=udp_socket permissive=0
11-11 19:45:32.780 I/auditd ( 2720): type=1400 audit(0.0:47877587): avc: denied { read } for comm="event_loop" lport=13400 scontext=u:r:hht_ota_mgr:s0 tcontext=u:r:hht_ota_mgr:s0 tclass=udp_socket permissive=0
11-11 19:45:32.780 I/auditd ( 2720): type=1400 audit(0.0:47877588): avc: denied { read } for comm="event_loop" lport=13400 scontext=u:r:hht_ota_mgr:s0 tcontext=u:r:hht_ota_mgr:s0 tclass=udp_socket permissive=0
11-11 19:45:32.780 I/auditd ( 2720): type=1400 audit(0.0:47877589): avc: denied { read } for comm="event_loop" lport=13400 scontext=u:r:hht_ota_mgr:s0 tcontext=u:r:hht_ota_mgr:s0 tclass=udp_socket permissive=0
11-11 19:45:32.780 I/auditd ( 2720): type=1400 audit(0.0:47877590): avc: denied { read } for comm="event_loop" lport=13400 scontext=u:r:hht_ota_mgr:s0 tcontext=u:r:hht_ota_mgr:s0 tclass=udp_socket permissive=0
11-11 19:45:33.784 I/auditd ( 2720): type=1400 audit(0.0:48145390): avc: denied { read } for comm="event_loop" lport=13400 scontext=u:r:hht_ota_mgr:s0 tcontext=u:r:hht_ota_mgr:s0 tclass=udp_socket permissive=0
11-11 19:45:33.784 I/auditd ( 2720): type=1400 audit(0.0:48145391): avc: denied { read } for comm="event_loop" lport=13400 scontext=u:r:hht_ota_mgr:s0 tcontext=u:r:hht_ota_mgr:s0 tclass=udp_socket permissive=0
11-11 19:45:33.784 I/auditd ( 2720): type=1400 audit(0.0:48145392): avc: denied { read } for comm="event_loop" lport=13400 scontext=u:r:hht_ota_mgr:s0 tcontext=u:r:hht_ota_mgr:s0 tclass=udp_socket permissive=0
11-11 19:45:33.784 I/auditd ( 2720): type=1400 audit(0.0:48145393): avc: denied { read } for comm="event_loop" lport=13400 scontext=u:r:hht_ota_mgr:s0 tcontext=u:r:hht_ota_mgr:s0 tclass=udp_socket permissive=0
11-11 19:45:33.784 I/auditd ( 2720): type=1400 audit(0.0:48145394): avc: denied { read } for comm="event_loop" lport=13400 scontext=u:r:hht_ota_mgr:s0 tcontext=u:r:hht_ota_mgr:s0 tclass=udp_socket permissive=0
11-11 19:45:34.784 I/auditd ( 2720): type=1400 audit(0.0:48412270): avc: denied { read } for comm="event_loop" lport=13400 scontext=u:r:hht_ota_mgr:s0 tcontext=u:r:hht_ota_mgr:s0 tclass=udp_socket permissive=0
11-11 19:45:34.788 I/auditd ( 2720): type=1400 audit(0.0:48412271): avc: denied { read } for comm="event_loop" lport=13400 scontext=u:r:hht_ota_mgr:s0 tcontext=u:r:hht_ota_mgr:s0 tclass=udp_socket permissive=0
11-11 19:45:34.788 I/auditd ( 2720): type=1400 audit(0.0:48412272): avc: denied { read } for comm="event_loop" lport=13400 scontext=u:r:hht_ota_mgr:s0 tcontext=u:r:hht_ota_mgr:s0 tclass=udp_socket permissive=0
11-11 19:45:34.788 I/auditd ( 2720): type=1400 audit(0.0:48412273): avc: denied { read } for comm="event_loop" lport=13400 scontext=u:r:hht_ota_mgr:s0 tcontext=u:r:hht_ota_mgr:s0 tclass=udp_socket permissive=0
11-11 19:45:34.788 I/auditd ( 2720): type=1400 audit(0.0:48412274): avc: denied { read } for comm="event_loop" lport=13400 scontext=u:r:hht_ota_mgr:s0 tcontext=u:r:hht_ota_mgr:s0 tclass=udp_socket permissive=0
11-11 19:45:35.792 I/auditd ( 2720): type=1400 audit(0.0:48678698): avc: denied { read } for comm="event_loop" lport=13400 scontext=u:r:hht_ota_mgr:s0 tcontext=u:r:hht_ota_mgr:s0 tclass=udp_socket permissive=0
11-11 19:45:35.792 I/auditd ( 2720): type=1400 audit(0.0:48678699): avc: denied { read } for comm="event_loop" lport=13400 scontext=u:r:hht_ota_mgr:s0 tcontext=u:r:hht_ota_mgr:s0 tclass=udp_socket permissive=0
11-11 19:45:35.792 I/auditd ( 2720): type=1400 audit(0.0:48678700): avc: denied { read } for comm="event_loop" lport=13400 scontext=u:r:hht_ota_mgr:s0 tcontext=u:r:hht_ota_mgr:s0 tclass=udp_socket permissive=0
11-11 19:45:35.792 I/auditd ( 2720): type=1400 audit(0.0:48678701): avc: denied { read } for comm="event_loop" lport=13400 scontext=u:r:hht_ota_mgr:s0 tcontext=u:r:hht_ota_mgr:s0 tclass=udp_socket permissive=0
11-11 19:45:35.792 I/auditd ( 2720): type=1400 audit(0.0:48678702): avc: denied { read } for comm="event_loop" lport=13400 scontext=u:r:hht_ota_mgr:s0 tcontext=u:r:hht_ota_mgr:s0 tclass=udp_socket permissive=0
11-11 19:45:36.796 I/auditd ( 2720): type=1400 audit(0.0:48945516): avc: denied { read } for comm="event_loop" lport=13400 scontext=u:r:hht_ota_mgr:s0 tcontext=u:r:hht_ota_mgr:s0 tclass=udp_socket permissive=0
11-11 19:45:36.796 I/auditd ( 2720): type=1400 audit(0.0:48945517): avc: denied { read } for comm="event_loop" lport=13400 scontext=u:r:hht_ota_mgr:s0 tcontext=u:r:hht_ota_mgr:s0 tclass=udp_socket permissive=0
11-11 19:45:36.796 I/auditd ( 2720): type=1400 audit(0.0:48945518): avc: denied { read } for comm="event_loop" lport=13400 scontext=u:r:hht_ota_mgr:s0 tcontext=u:r:hht_ota_mgr:s0 tclass=udp_socket permissive=0
11-11 19:45:36.796 I/auditd ( 2720): type=1400 audit(0.0:48945519): avc: denied { read } for comm="event_loop" lport=13400 scontext=u:r:hht_ota_mgr:s0 tcontext=u:r:hht_ota_mgr:s0 tclass=udp_socket permissive=0
11-11 19:45:36.796 I/auditd ( 2720): type=1400 audit(0.0:48945520): avc: denied { read } for comm="event_loop" lport=13400 scontext=u:r:hht_ota_mgr:s0 tcontext=u:r:hht_ota_mgr:s0 tclass=udp_socket permissive=0
11-11 19:45:37.796 I/auditd ( 2720): type=1400 audit(0.0:49213498): avc: denied { read } for comm="event_loop" lport=13400 scontext=u:r:hht_ota_mgr:s0 tcontext=u:r:hht_ota_mgr:s0 tclass=udp_socket permissive=0
11-11 19:45:37.800 I/auditd ( 2720): type=1400 audit(0.0:49213499): avc: denied { read } for comm="event_loop" lport=13400 scontext=u:r:hht_ota_mgr:s0 tcontext=u:r:hht_ota_mgr:s0 tclass=udp_socket permissive=0
11-11 19:45:37.800 I/auditd ( 2720): type=1400 audit(0.0:49213500): avc: denied { read } for comm="event_loop" lport=13400 scontext=u:r:hht_ota_mgr:s0 tcontext=u:r:hht_ota_mgr:s0 tclass=udp_socket permissive=0
11-11 19:45:37.800 I/auditd ( 2720): type=1400 audit(0.0:49213501): avc: denied { read } for comm="event_loop" lport=13400 scontext=u:r:hht_ota_mgr:s0 tcontext=u:r:hht_ota_mgr:s0 tclass=udp_socket permissive=0
11-11 19:45:37.800 I/auditd ( 2720): type=1400 audit(0.0:49213502): avc: denied { read } for comm="event_loop" lport=13400 scontext=u:r:hht_ota_mgr:s0 tcontext=u:r:hht_ota_mgr:s0 tclass=udp_socket permissive=0
11-11 19:45:38.804 I/auditd ( 2720): type=1400 audit(0.0:49481532): avc: denied { read } for comm="event_loop" lport=13400 scontext=u:r:hht_ota_mgr:s0 tcontext=u:r:hht_ota_mgr:s0 tclass=udp_socket permissive=0
11-11 19:45:38.804 I/auditd ( 2720): type=1400 audit(0.0:49481533): avc: denied { read } for comm="event_loop" lport=13400 scontext=u:r:hht_ota_mgr:s0 tcontext=u:r:hht_ota_mgr:s0 tclass=udp_socket permissive=0
11-11 19:45:38.804 I/auditd ( 2720): type=1400 audit(0.0:49481534): avc: denied { read } for comm="event_loop" lport=13400 scontext=u:r:hht_ota_mgr:s0 tcontext=u:r:hht_ota_mgr:s0 tclass=udp_socket permissive=0
11-11 19:45:38.804 I/auditd ( 2720): type=1400 audit(0.0:49481535): avc: denied { read } for comm="event_loop" lport=13400 scontext=u:r:hht_ota_mgr:s0 tcontext=u:r:hht_ota_mgr:s0 tclass=udp_socket permissive=0
11-11 19:45:38.804 I/auditd ( 2720): type=1400 audit(0.0:49481536): avc: denied { read } for comm="event_loop" lport=13400 scontext=u:r:hht_ota_mgr:s0 tcontext=u:r:hht_ota_mgr:s0 tclass=udp_socket permissive=0
11-11 19:45:39.804 I/auditd ( 2720): type=1400 audit(0.0:49749262): avc: denied { read } for comm="event_loop" lport=13400 scontext=u:r:hht_ota_mgr:s0 tcontext=u:r:hht_ota_mgr:s0 tclass=udp_socket permissive=0
11-11 19:45:39.808 I/auditd ( 2720): type=1400 audit(0.0:49749263): avc: denied { read } for comm="event_loop" lport=13400 scontext=u:r:hht_ota_mgr:s0 tcontext=u:r:hht_ota_mgr:s0 tclass=udp_socket permissive=0
11-11 19:45:39.808 I/auditd ( 2720): type=1400 audit(0.0:49749264): avc: denied { read } for comm="event_loop" lport=13400 scontext=u:r:hht_ota_mgr:s0 tcontext=u:r:hht_ota_mgr:s0 tclass=udp_socket permissive=0
11-11 19:45:39.808 I/auditd ( 2720): type=1400 audit(0.0:49749265): avc: denied { read } for comm="event_loop" lport=13400 scontext=u:r:hht_ota_mgr:s0 tcontext=u:r:hht_ota_mgr:s0 tclass=udp_socket permissive=0
11-11 19:45:39.808 I/auditd ( 2720): type=1400 audit(0.0:49749266): avc: denied { read } for comm="event_loop" lport=13400 scontext=u:r:hht_ota_mgr:s0 tcontext=u:r:hht_ota_mgr:s0 tclass=udp_socket permissive=0
11-11 19:45:40.812 I/auditd ( 2720): type=1400 audit(0.0:50016798): avc: denied { read } for comm="event_loop" lport=13400 scontext=u:r:hht_ota_mgr:s0 tcontext=u:r:hht_ota_mgr:s0 tclass=udp_socket permissive=0
11-11 19:45:40.812 I/auditd ( 2720): type=1400 audit(0.0:50016799): avc: denied { read } for comm="event_loop" lport=13400 scontext=u:r:hht_ota_mgr:s0 tcontext=u:r:hht_ota_mgr:s0 tclass=udp_socket permissive=0
11-11 19:45:40.812 I/auditd ( 2720): type=1400 audit(0.0:50016800): avc: denied { read } for comm="event_loop" lport=13400 scontext=u:r:hht_ota_mgr:s0 tcontext=u:r:hht_ota_mgr:s0 tclass=udp_socket permissive=0
11-11 19:45:40.812 I/auditd ( 2720): type=1400 audit(0.0:50016801): avc: denied { read } for comm="event_loop" lport=13400 scontext=u:r:hht_ota_mgr:s0 tcontext=u:r:hht_ota_mgr:s0 tclass=udp_socket permissive=0
11-11 19:45:40.812 I/auditd ( 2720): type=1400 audit(0.0:50016802): avc: denied { read } for comm="event_loop" lport=13400 scontext=u:r:hht_ota_mgr:s0 tcontext=u:r:hht_ota_mgr:s0 tclass=udp_socket permissive=0
11-11 19:45:41.816 I/auditd ( 2720): type=1400 audit(0.0:50284609): avc: denied { read } for comm="event_loop" lport=13400 scontext=u:r:hht_ota_mgr:s0 tcontext=u:r:hht_ota_mgr:s0 tclass=udp_socket permissive=0
11-11 19:45:41.816 I/auditd ( 2720): type=1400 audit(0.0:50284610): avc: denied { read } for comm="event_loop" lport=13400 scontext=u:r:hht_ota_mgr:s0 tcontext=u:r:hht_ota_mgr:s0 tclass=udp_socket permissive=0
11-11 19:45:41.816 I/auditd ( 2720): type=1400 audit(0.0:50284611): avc: denied { read } for comm="event_loop" lport=13400 scontext=u:r:hht_ota_mgr:s0 tcontext=u:r:hht_ota_mgr:s0 tclass=udp_socket permissive=0
11-11 19:45:41.816 I/auditd ( 2720): type=1400 audit(0.0:50284612): avc: denied { read } for comm="event_loop" lport=13400 scontext=u:r:hht_ota_mgr:s0 tcontext=u:r:hht_ota_mgr:s0 tclass=udp_socket permissive=0
11-11 19:45:41.816 I/auditd ( 2720): type=1400 audit(0.0:50284613): avc: denied { read } for comm="event_loop" lport=13400 scontext=u:r:hht_ota_mgr:s0 tcontext=u:r:hht_ota_mgr:s0 tclass=udp_socket permissive=0
11-11 19:45:42.820 I/auditd ( 2720): type=1400 audit(0.0:50552085): avc: denied { read } for comm="event_loop" lport=13400 scontext=u:r:hht_ota_mgr:s0 tcontext=u:r:hht_ota_mgr:s0 tclass=udp_socket permissive=0
11-11 19:45:42.820 I/auditd ( 2720): type=1400 audit(0.0:50552086): avc: denied { read } for comm="event_loop" lport=13400 scontext=u:r:hht_ota_mgr:s0 tcontext=u:r:hht_ota_mgr:s0 tclass=udp_socket permissive=0
11-11 19:45:42.820 I/auditd ( 2720): type=1400 audit(0.0:50552087): avc: denied { read } for comm="event_loop" lport=13400 scontext=u:r:hht_ota_mgr:s0 tcontext=u:r:hht_ota_mgr:s0 tclass=udp_socket permissive=0
11-11 19:45:42.820 I/auditd ( 2720): type=1400 audit(0.0:50552088): avc: denied { read } for comm="event_loop" lport=13400 scontext=u:r:hht_ota_mgr:s0 tcontext=u:r:hht_ota_mgr:s0 tclass=udp_socket permissive=0
11-11 19:45:42.820 I/auditd ( 2720): type=1400 audit(0.0:50552089): avc: denied { read } for comm="event_loop" lport=13400 scontext=u:r:hht_ota_mgr:s0 tcontext=u:r:hht_ota_mgr:s0 tclass=udp_socket permissive=0
11-11 19:45:43.820 I/auditd ( 2720): type=1400 audit(0.0:50819636): avc: denied { read } for comm="event_loop" lport=13400 scontext=u:r:hht_ota_mgr:s0 tcontext=u:r:hht_ota_mgr:s0 tclass=udp_socket permissive=0
11-11 19:45:43.824 I/auditd ( 2720): type=1400 audit(0.0:50819637): avc: denied { read } for comm="event_loop" lport=13400 scontext=u:r:hht_ota_mgr:s0 tcontext=u:r:hht_ota_mgr:s0 tclass=udp_socket permissive=0
11-11 19:45:43.824 I/auditd ( 2720): type=1400 audit(0.0:50819638): avc: denied { read } for comm="event_loop" lport=13400 scontext=u:r:hht_ota_mgr:s0 tcontext=u:r:hht_ota_mgr:s0 tclass=udp_socket permissive=0
11-11 19:45:43.824 I/auditd ( 2720): type=1400 audit(0.0:50819639): avc: denied { read } for comm="event_loop" lport=13400 scontext=u:r:hht_ota_mgr:s0 tcontext=u:r:hht_ota_mgr:s0 tclass=udp_socket permissive=0
11-11 19:45:43.824 I/auditd ( 2720): type=1400 audit(0.0:50819640): avc: denied { read } for comm="event_loop" lport=13400 scontext=u:r:hht_ota_mgr:s0 tcontext=u:r:hht_ota_mgr:s0 tclass=udp_socket permissive=0
11-11 19:45:44.828 I/auditd ( 2720): type=1400 audit(0.0:51086502): avc: denied { read } for comm="event_loop" lport=13400 scontext=u:r:hht_ota_mgr:s0 tcontext=u:r:hht_ota_mgr:s0 tclass=udp_socket permissive=0
11-11 19:45:44.828 I/auditd ( 2720): type=1400 audit(0.0:51086503): avc: denied { read } for comm="event_loop" lport=13400 scontext=u:r:hht_ota_mgr:s0 tcontext=u:r:hht_ota_mgr:s0 tclass=udp_socket permissive=0
11-11 19:45:44.828 I/auditd ( 2720): type=1400 audit(0.0:51086504): avc: denied { read } for comm="event_loop" lport=13400 scontext=u:r:hht_ota_mgr:s0 tcontext=u:r:hht_ota_mgr:s0 tclass=udp_socket permissive=0
11-11 19:45:44.828 I/auditd ( 2720): type=1400 audit(0.0:51086505): avc: denied { read } for comm="event_loop" lport=13400 scontext=u:r:hht_ota_mgr:s0 tcontext=u:r:hht_ota_mgr:s0 tclass=udp_socket permissive=0
11-11 19:45:44.828 I/auditd ( 2720): type=1400 audit(0.0:51086506): avc: denied { read } for comm="event_loop" lport=13400 scontext=u:r:hht_ota_mgr:s0 tcontext=u:r:hht_ota_mgr:s0 tclass=udp_socket permissive=0
11-11 19:45:45.832 I/auditd ( 2720): type=1400 audit(0.0:51354258): avc: denied { read } for comm="event_loop" lport=13400 scontext=u:r:hht_ota_mgr:s0 tcontext=u:r:hht_ota_mgr:s0 tclass=udp_socket permissive=0
11-11 19:45:45.832 I/auditd ( 2720): type=1400 audit(0.0:51354259): avc: denied { read } for comm="event_loop" lport=13400 scontext=u:r:hht_ota_mgr:s0 tcontext=u:r:hht_ota_mgr:s0 tclass=udp_socket permissive=0
11-11 19:45:45.832 I/auditd ( 2720): type=1400 audit(0.0:51354260): avc: denied { read } for comm="event_loop" lport=13400 scontext=u:r:hht_ota_mgr:s0 tcontext=u:r:hht_ota_mgr:s0 tclass=udp_socket permissive=0
11-11 19:45:45.832 I/auditd ( 2720): type=1400 audit(0.0:51354261): avc: denied { read } for comm="event_loop" lport=13400 scontext=u:r:hht_ota_mgr:s0 tcontext=u:r:hht_ota_mgr:s0 tclass=udp_socket permissive=0
11-11 19:45:45.832 I/auditd ( 2720): type=1400 audit(0.0:51354262): avc: denied { read } for comm="event_loop" lport=13400 scontext=u:r:hht_ota_mgr:s0 tcontext=u:r:hht_ota_mgr:s0 tclass=udp_socket permissive=0
11-11 19:45:46.836 I/auditd ( 2720): type=1400 audit(0.0:51619782): avc: denied { read } for comm="event_loop" lport=13400 scontext=u:r:hht_ota_mgr:s0 tcontext=u:r:hht_ota_mgr:s0 tclass=udp_socket permissive=0
11-11 19:45:46.836 I/auditd ( 2720): type=1400 audit(0.0:51619783): avc: denied { read } for comm="event_loop" lport=13400 scontext=u:r:hht_ota_mgr:s0 tcontext=u:r:hht_ota_mgr:s0 tclass=udp_socket permissive=0
11-11 19:45:46.836 I/auditd ( 2720): type=1400 audit(0.0:51619784): avc: denied { read } for comm="event_loop" lport=13400 scontext=u:r:hht_ota_mgr:s0 tcontext=u:r:hht_ota_mgr:s0 tclass=udp_socket permissive=0
11-11 19:45:46.836 I/auditd ( 2720): type=1400 audit(0.0:51619785): avc: denied { read } for comm="event_loop" lport=13400 scontext=u:r:hht_ota_mgr:s0 tcontext=u:r:hht_ota_mgr:s0 tclass=udp_socket permissive=0
11-11 19:45:46.836 I/auditd ( 2720): type=1400 audit(0.0:51619786): avc: denied { read } for comm="event_loop" lport=13400 scontext=u:r:hht_ota_mgr:s0 tcontext=u:r:hht_ota_mgr:s0 tclass=udp_socket permissive=0
11-11 19:45:47.836 I/auditd ( 2720): type=1400 audit(0.0:51886777): avc: denied { read } for comm="event_loop" lport=13400 scontext=u:r:hht_ota_mgr:s0 tcontext=u:r:hht_ota_mgr:s0 tclass=udp_socket permissive=0
11-11 19:45:47.840 I/auditd ( 2720): type=1400 audit(0.0:51886778): avc: denied { read } for comm="event_loop" lport=13400 scontext=u:r:hht_ota_mgr:s0 tcontext=u:r:hht_ota_mgr:s0 tclass=udp_socket permissive=0
11-11 19:45:47.840 I/auditd ( 2720): type=1400 audit(0.0:51886779): avc: denied { read } for comm="event_loop" lport=13400 scontext=u:r:hht_ota_mgr:s0 tcontext=u:r:hht_ota_mgr:s0 tclass=udp_socket permissive=0
11-11 19:45:47.840 I/auditd ( 2720): type=1400 audit(0.0:51886780): avc: denied { read } for comm="event_loop" lport=13400 scontext=u:r:hht_ota_mgr:s0 tcontext=u:r:hht_ota_mgr:s0 tclass=udp_socket permissive=0
11-11 19:45:47.840 I/auditd ( 2720): type=1400 audit(0.0:51886781): avc: denied { read } for comm="event_loop" lport=13400 scontext=u:r:hht_ota_mgr:s0 tcontext=u:r:hht_ota_mgr:s0 tclass=udp_socket permissive=0
11-11 19:45:48.844 I/auditd ( 2720): type=1400 audit(0.0:52153508): avc: denied { read } for comm="event_loop" lport=13400 scontext=u:r:hht_ota_mgr:s0 tcontext=u:r:hht_ota_mgr:s0 tclass=udp_socket permissive=0
11-11 19:45:48.844 I/auditd ( 2720): type=1400 audit(0.0:52153509): avc: denied { read } for comm="event_loop" lport=13400 scontext=u:r:hht_ota_mgr:s0 tcontext=u:r:hht_ota_mgr:s0 tclass=udp_socket permissive=0
11-11 19:45:48.844 I/auditd ( 2720): type=1400 audit(0.0:52153510): avc: denied { read } for comm="event_loop" lport=13400 scontext=u:r:hht_ota_mgr:s0 tcontext=u:r:hht_ota_mgr:s0 tclass=udp_socket permissive=0
11-11 19:45:48.844 I/auditd ( 2720): type=1400 audit(0.0:52153511): avc: denied { read } for comm="event_loop" lport=13400 scontext=u:r:hht_ota_mgr:s0 tcontext=u:r:hht_ota_mgr:s0 tclass=udp_socket permissive=0
11-11 19:45:48.844 I/auditd ( 2720): type=1400 audit(0.0:52153512): avc: denied { read } for comm="event_loop" lport=13400 scontext=u:r:hht_ota_mgr:s0 tcontext=u:r:hht_ota_mgr:s0 tclass=udp_socket permissive=0
11-11 19:45:49.417 I/input_interaction( 1503): Interaction with: 81633e2 com.android.launcher3/com.android.launcher3.uioverrides.QuickstepLauncher (server), 43cbacc com.android.systemui.ImageWallpaper (server), edge-swipe (server), swipe-up (server), PointerEventDispatcher0 (server),
11-11 19:45:49.544 I/wm_task_moved( 1503): [31,1,8]
11-11 19:45:49.544 I/wm_task_to_front( 1503): [0,31]
11-11 19:45:49.545 I/wm_focused_root_task( 1503): [0,0,31,1,bringingFoundTaskToFront]
11-11 19:45:49.545 I/wm_set_resumed_activity( 1503): [0,com.tencent.qqmusicpad/.activity.MainActivity,bringingFoundTaskToFront]
11-11 19:45:49.547 I/wm_pause_activity( 1503): [0,158215347,com.android.launcher3/.uioverrides.QuickstepLauncher,userLeaving=true,pauseBackTasks]
11-11 19:45:49.553 I/wm_on_top_resumed_lost_called( 2526): [158215347,com.android.launcher3.uioverrides.QuickstepLauncher,topStateChangedWhenResumed]
11-11 19:45:49.555 I/wm_on_paused_called( 2526): [158215347,com.android.launcher3.uioverrides.QuickstepLauncher,performPause]
11-11 19:45:49.557 I/wm_set_resumed_activity( 1503): [0,com.tencent.qqmusicpad/.activity.MainActivity,resumeTopActivityInnerLocked]
11-11 19:45:49.558 I/wm_add_to_stopping( 1503): [0,158215347,com.android.launcher3/.uioverrides.QuickstepLauncher,makeInvisible]
11-11 19:45:49.560 I/service_manager_stats( 1503): [100,72,246136]
11-11 19:45:49.561 I/wm_resume_activity( 1503): [0,107000149,31,com.tencent.qqmusicpad/.activity.MainActivity]
11-11 19:45:49.574 I/input_focus( 1503): [Focus leaving 81633e2 com.android.launcher3/com.android.launcher3.uioverrides.QuickstepLauncher (server),reason=NO_WINDOW]
11-11 19:45:49.580 I/sysui_multi_action( 1503): [757,803,799,window_time_0,802,223]
11-11 19:45:49.586 I/wm_on_restart_called( 4392): [107000149,com.tencent.qqmusicpad.activity.MainActivity,performRestartActivity]
11-11 19:45:49.590 I/am_uid_active( 1503): 10064
11-11 19:45:49.598 I/am_pss ( 1503): [4392,10093,com.tencent.qqmusicpad,126968832,97275904,0,234438656,0,2,8]
11-11 19:45:49.601 I/wm_on_start_called( 4392): [107000149,com.tencent.qqmusicpad.activity.MainActivity,handleStartActivity]
11-11 19:45:49.606 I/am_pss ( 1503): [2526,10073,com.android.launcher3,92991488,85315584,0,226725888,0,2,7]
11-11 19:45:49.608 I/wm_on_resume_called( 4392): [107000149,com.tencent.qqmusicpad.activity.MainActivity,RESUME_ACTIVITY]
11-11 19:45:49.608 I/wm_on_top_resumed_gained_called( 4392): [107000149,com.tencent.qqmusicpad.activity.MainActivity,topWhenResuming]
11-11 19:45:49.612 I/am_pss ( 1503): [6724,10024,com.android.providers.calendar,7499776,5312512,0,98594816,0,19,5]
11-11 19:45:49.617 I/am_pss ( 1503): [6760,10058,com.qualcomm.timeservice,5277696,3481600,0,89235456,0,19,5]
11-11 19:45:49.620 I/input_focus( 1503): [Focus request c8e283c com.tencent.qqmusicpad/com.tencent.qqmusicpad.activity.MainActivity,reason=UpdateInputWindows]
11-11 19:45:49.624 I/am_pss ( 1503): [3188,1000,com.qti.diagservices,6045696,3854336,0,95088640,0,10,6]
11-11 19:45:49.647 I/sysui_multi_action( 1503): [319,29,321,26,322,96,325,1006,757,761,758,9,759,4,806,com.tencent.qqmusicpad,871,com.tencent.qqmusicpad.activity.MainActivity,904,com.tencent.qqmusicpad,905,0,1320,4,1321,4]
11-11 19:45:49.657 I/input_focus( 1503): [Focus entering c8e283c com.tencent.qqmusicpad/com.tencent.qqmusicpad.activity.MainActivity (server),reason=Window became focusable. Previous reason: NOT_VISIBLE]
11-11 19:45:49.848 I/auditd ( 2720): type=1400 audit(0.0:52420349): avc: denied { read } for comm="event_loop" lport=13400 scontext=u:r:hht_ota_mgr:s0 tcontext=u:r:hht_ota_mgr:s0 tclass=udp_socket permissive=0
11-11 19:45:49.848 I/auditd ( 2720): type=1400 audit(0.0:52420350): avc: denied { read } for comm="event_loop" lport=13400 scontext=u:r:hht_ota_mgr:s0 tcontext=u:r:hht_ota_mgr:s0 tclass=udp_socket permissive=0
11-11 19:45:49.848 I/auditd ( 2720): type=1400 audit(0.0:52420351): avc: denied { read } for comm="event_loop" lport=13400 scontext=u:r:hht_ota_mgr:s0 tcontext=u:r:hht_ota_mgr:s0 tclass=udp_socket permissive=0
11-11 19:45:49.848 I/auditd ( 2720): type=1400 audit(0.0:52420352): avc: denied { read } for comm="event_loop" lport=13400 scontext=u:r:hht_ota_mgr:s0 tcontext=u:r:hht_ota_mgr:s0 tclass=udp_socket permissive=0
11-11 19:45:49.848 I/auditd ( 2720): type=1400 audit(0.0:52420353): avc: denied { read } for comm="event_loop" lport=13400 scontext=u:r:hht_ota_mgr:s0 tcontext=u:r:hht_ota_mgr:s0 tclass=udp_socket permissive=0
11-11 19:45:50.115 I/wm_stop_activity( 1503): [0,158215347,com.android.launcher3/.uioverrides.QuickstepLauncher]
11-11 19:45:50.137 I/wm_on_stop_called( 2526): [158215347,com.android.launcher3.uioverrides.QuickstepLauncher,STOP_ACTIVITY_ITEM]
11-11 19:45:50.852 I/auditd ( 2720): type=1400 audit(0.0:52686685): avc: denied { read } for comm="event_loop" lport=13400 scontext=u:r:hht_ota_mgr:s0 tcontext=u:r:hht_ota_mgr:s0 tclass=udp_socket permissive=0
11-11 19:45:50.852 I/auditd ( 2720): type=1400 audit(0.0:52686686): avc: denied { read } for comm="event_loop" lport=13400 scontext=u:r:hht_ota_mgr:s0 tcontext=u:r:hht_ota_mgr:s0 tclass=udp_socket permissive=0
11-11 19:45:50.852 I/auditd ( 2720): type=1400 audit(0.0:52686687): avc: denied { read } for comm="event_loop" lport=13400 scontext=u:r:hht_ota_mgr:s0 tcontext=u:r:hht_ota_mgr:s0 tclass=udp_socket permissive=0
11-11 19:45:50.852 I/auditd ( 2720): type=1400 audit(0.0:52686688): avc: denied { read } for comm="event_loop" lport=13400 scontext=u:r:hht_ota_mgr:s0 tcontext=u:r:hht_ota_mgr:s0 tclass=udp_socket permissive=0
11-11 19:45:50.852 I/auditd ( 2720): type=1400 audit(0.0:52686689): avc: denied { read } for comm="event_loop" lport=13400 scontext=u:r:hht_ota_mgr:s0 tcontext=u:r:hht_ota_mgr:s0 tclass=udp_socket permissive=0
11-11 19:45:51.542 I/notification_enqueue( 1503): [10093,4392,com.tencent.qqmusicpad,1,NULL,0,Notification(channel=channel_notification_player shortcut=null contentView=com.tencent.qqmusicpad/0x7f0c020d vibrate=null sound=null tick defaults=0x0 flags=0x62 color=0x00000000 vis=SECRET),1]
11-11 19:45:51.856 I/auditd ( 2720): type=1400 audit(0.0:52953513): avc: denied { read } for comm="event_loop" lport=13400 scontext=u:r:hht_ota_mgr:s0 tcontext=u:r:hht_ota_mgr:s0 tclass=udp_socket permissive=0
11-11 19:45:51.856 I/auditd ( 2720): type=1400 audit(0.0:52953514): avc: denied { read } for comm="event_loop" lport=13400 scontext=u:r:hht_ota_mgr:s0 tcontext=u:r:hht_ota_mgr:s0 tclass=udp_socket permissive=0
11-11 19:45:51.856 I/auditd ( 2720): type=1400 audit(0.0:52953515): avc: denied { read } for comm="event_loop" lport=13400 scontext=u:r:hht_ota_mgr:s0 tcontext=u:r:hht_ota_mgr:s0 tclass=udp_socket permissive=0
11-11 19:45:51.856 I/auditd ( 2720): type=1400 audit(0.0:52953516): avc: denied { read } for comm="event_loop" lport=13400 scontext=u:r:hht_ota_mgr:s0 tcontext=u:r:hht_ota_mgr:s0 tclass=udp_socket permissive=0
11-11 19:45:51.856 I/auditd ( 2720): type=1400 audit(0.0:52953517): avc: denied { read } for comm="event_loop" lport=13400 scontext=u:r:hht_ota_mgr:s0 tcontext=u:r:hht_ota_mgr:s0 tclass=udp_socket permissive=0
11-11 19:45:52.228 I/notification_enqueue( 1503): [10093,4392,com.tencent.qqmusicpad,1,NULL,0,Notification(channel=channel_notification_player shortcut=null contentView=com.tencent.qqmusicpad/0x7f0c020d vibrate=null sound=null tick defaults=0x0 flags=0x62 color=0x00000000 vis=SECRET),1]
11-11 19:45:52.608 I/netstats_mobile_sample( 1503): [0,0,0,0,0,0,0,0,0,0,0,0,1668228352608]
11-11 19:45:52.609 I/netstats_wifi_sample( 1503): [6167316,7208,334394,2304,6167316,7208,334394,2304,10004335,12441,221504,1972,1668228352608]
11-11 19:45:52.860 I/auditd ( 2720): type=1400 audit(0.0:53221294): avc: denied { read } for comm="event_loop" lport=13400 scontext=u:r:hht_ota_mgr:s0 tcontext=u:r:hht_ota_mgr:s0 tclass=udp_socket permissive=0
11-11 19:45:52.860 I/auditd ( 2720): type=1400 audit(0.0:53221295): avc: denied { read } for comm="event_loop" lport=13400 scontext=u:r:hht_ota_mgr:s0 tcontext=u:r:hht_ota_mgr:s0 tclass=udp_socket permissive=0
11-11 19:45:52.860 I/auditd ( 2720): type=1400 audit(0.0:53221296): avc: denied { read } for comm="event_loop" lport=13400 scontext=u:r:hht_ota_mgr:s0 tcontext=u:r:hht_ota_mgr:s0 tclass=udp_socket permissive=0
11-11 19:45:52.860 I/auditd ( 2720): type=1400 audit(0.0:53221297): avc: denied { read } for comm="event_loop" lport=13400 scontext=u:r:hht_ota_mgr:s0 tcontext=u:r:hht_ota_mgr:s0 tclass=udp_socket permissive=0
11-11 19:45:52.860 I/auditd ( 2720): type=1400 audit(0.0:53221298): avc: denied { read } for comm="event_loop" lport=13400 scontext=u:r:hht_ota_mgr:s0 tcontext=u:r:hht_ota_mgr:s0 tclass=udp_socket permissive=0
11-11 19:45:52.901 I/input_interaction( 1503): Interaction with: c8e283c com.tencent.qqmusicpad/com.tencent.qqmusicpad.activity.MainActivity (server), edge-swipe (server), swipe-up (server), PointerEventDispatcher0 (server),
11-11 19:45:53.864 I/auditd ( 2720): type=1400 audit(0.0:53489820): avc: denied { read } for comm="event_loop" lport=13400 scontext=u:r:hht_ota_mgr:s0 tcontext=u:r:hht_ota_mgr:s0 tclass=udp_socket permissive=0
11-11 19:45:53.864 I/auditd ( 2720): type=1400 audit(0.0:53489821): avc: denied { read } for comm="event_loop" lport=13400 scontext=u:r:hht_ota_mgr:s0 tcontext=u:r:hht_ota_mgr:s0 tclass=udp_socket permissive=0
11-11 19:45:53.864 I/auditd ( 2720): type=1400 audit(0.0:53489822): avc: denied { read } for comm="event_loop" lport=13400 scontext=u:r:hht_ota_mgr:s0 tcontext=u:r:hht_ota_mgr:s0 tclass=udp_socket permissive=0
11-11 19:45:53.864 I/auditd ( 2720): type=1400 audit(0.0:53489823): avc: denied { read } for comm="event_loop" lport=13400 scontext=u:r:hht_ota_mgr:s0 tcontext=u:r:hht_ota_mgr:s0 tclass=udp_socket permissive=0
11-11 19:45:53.864 I/auditd ( 2720): type=1400 audit(0.0:53489824): avc: denied { read } for comm="event_loop" lport=13400 scontext=u:r:hht_ota_mgr:s0 tcontext=u:r:hht_ota_mgr:s0 tclass=udp_socket permissive=0
11-11 19:45:54.864 I/auditd ( 2720): type=1400 audit(0.0:53758863): avc: denied { read } for comm="event_loop" lport=13400 scontext=u:r:hht_ota_mgr:s0 tcontext=u:r:hht_ota_mgr:s0 tclass=udp_socket permissive=0
11-11 19:45:54.868 I/auditd ( 2720): type=1400 audit(0.0:53758864): avc: denied { read } for comm="event_loop" lport=13400 scontext=u:r:hht_ota_mgr:s0 tcontext=u:r:hht_ota_mgr:s0 tclass=udp_socket permissive=0
11-11 19:45:54.868 I/auditd ( 2720): type=1400 audit(0.0:53758865): avc: denied { read } for comm="event_loop" lport=13400 scontext=u:r:hht_ota_mgr:s0 tcontext=u:r:hht_ota_mgr:s0 tclass=udp_socket permissive=0
11-11 19:45:54.868 I/auditd ( 2720): type=1400 audit(0.0:53758866): avc: denied { read } for comm="event_loop" lport=13400 scontext=u:r:hht_ota_mgr:s0 tcontext=u:r:hht_ota_mgr:s0 tclass=udp_socket permissive=0
11-11 19:45:54.868 I/auditd ( 2720): type=1400 audit(0.0:53758867): avc: denied { read } for comm="event_loop" lport=13400 scontext=u:r:hht_ota_mgr:s0 tcontext=u:r:hht_ota_mgr:s0 tclass=udp_socket permissive=0
11-11 19:45:55.868 I/auditd ( 2720): type=1400 audit(0.0:54029041): avc: denied { read } for comm="event_loop" lport=13400 scontext=u:r:hht_ota_mgr:s0 tcontext=u:r:hht_ota_mgr:s0 tclass=udp_socket permissive=0
11-11 19:45:55.872 I/auditd ( 2720): type=1400 audit(0.0:54029042): avc: denied { read } for comm="event_loop" lport=13400 scontext=u:r:hht_ota_mgr:s0 tcontext=u:r:hht_ota_mgr:s0 tclass=udp_socket permissive=0
11-11 19:45:55.872 I/auditd ( 2720): type=1400 audit(0.0:54029043): avc: denied { read } for comm="event_loop" lport=13400 scontext=u:r:hht_ota_mgr:s0 tcontext=u:r:hht_ota_mgr:s0 tclass=udp_socket permissive=0
11-11 19:45:55.872 I/auditd ( 2720): type=1400 audit(0.0:54029044): avc: denied { read } for comm="event_loop" lport=13400 scontext=u:r:hht_ota_mgr:s0 tcontext=u:r:hht_ota_mgr:s0 tclass=udp_socket permissive=0
11-11 19:45:55.872 I/auditd ( 2720): type=1400 audit(0.0:54029045): avc: denied { read } for comm="event_loop" lport=13400 scontext=u:r:hht_ota_mgr:s0 tcontext=u:r:hht_ota_mgr:s0 tclass=udp_socket permissive=0
11-11 19:45:56.876 I/auditd ( 2720): type=1400 audit(0.0:54299325): avc: denied { read } for comm="event_loop" lport=13400 scontext=u:r:hht_ota_mgr:s0 tcontext=u:r:hht_ota_mgr:s0 tclass=udp_socket permissive=0
11-11 19:45:56.876 I/auditd ( 2720): type=1400 audit(0.0:54299326): avc: denied { read } for comm="event_loop" lport=13400 scontext=u:r:hht_ota_mgr:s0 tcontext=u:r:hht_ota_mgr:s0 tclass=udp_socket permissive=0
11-11 19:45:56.876 I/auditd ( 2720): type=1400 audit(0.0:54299327): avc: denied { read } for comm="event_loop" lport=13400 scontext=u:r:hht_ota_mgr:s0 tcontext=u:r:hht_ota_mgr:s0 tclass=udp_socket permissive=0
11-11 19:45:56.876 I/auditd ( 2720): type=1400 audit(0.0:54299328): avc: denied { read } for comm="event_loop" lport=13400 scontext=u:r:hht_ota_mgr:s0 tcontext=u:r:hht_ota_mgr:s0 tclass=udp_socket permissive=0
11-11 19:45:56.876 I/auditd ( 2720): type=1400 audit(0.0:54299329): avc: denied { read } for comm="event_loop" lport=13400 scontext=u:r:hht_ota_mgr:s0 tcontext=u:r:hht_ota_mgr:s0 tclass=udp_socket permissive=0
11-11 19:45:57.880 I/auditd ( 2720): type=1400 audit(0.0:54569485): avc: denied { read } for comm="event_loop" lport=13400 scontext=u:r:hht_ota_mgr:s0 tcontext=u:r:hht_ota_mgr:s0 tclass=udp_socket permissive=0
11-11 19:45:57.880 I/auditd ( 2720): type=1400 audit(0.0:54569486): avc: denied { read } for comm="event_loop" lport=13400 scontext=u:r:hht_ota_mgr:s0 tcontext=u:r:hht_ota_mgr:s0 tclass=udp_socket permissive=0
11-11 19:45:57.880 I/auditd ( 2720): type=1400 audit(0.0:54569487): avc: denied { read } for comm="event_loop" lport=13400 scontext=u:r:hht_ota_mgr:s0 tcontext=u:r:hht_ota_mgr:s0 tclass=udp_socket permissive=0
11-11 19:45:57.880 I/auditd ( 2720): type=1400 audit(0.0:54569488): avc: denied { read } for comm="event_loop" lport=13400 scontext=u:r:hht_ota_mgr:s0 tcontext=u:r:hht_ota_mgr:s0 tclass=udp_socket permissive=0
11-11 19:45:57.880 I/auditd ( 2720): type=1400 audit(0.0:54569489): avc: denied { read } for comm="event_loop" lport=13400 scontext=u:r:hht_ota_mgr:s0 tcontext=u:r:hht_ota_mgr:s0 tclass=udp_socket permissive=0
11-11 19:45:58.884 I/auditd ( 2720): type=1400 audit(0.0:54839281): avc: denied { read } for comm="event_loop" lport=13400 scontext=u:r:hht_ota_mgr:s0 tcontext=u:r:hht_ota_mgr:s0 tclass=udp_socket permissive=0
11-11 19:45:58.884 I/auditd ( 2720): type=1400 audit(0.0:54839282): avc: denied { read } for comm="event_loop" lport=13400 scontext=u:r:hht_ota_mgr:s0 tcontext=u:r:hht_ota_mgr:s0 tclass=udp_socket permissive=0
11-11 19:45:58.884 I/auditd ( 2720): type=1400 audit(0.0:54839283): avc: denied { read } for comm="event_loop" lport=13400 scontext=u:r:hht_ota_mgr:s0 tcontext=u:r:hht_ota_mgr:s0 tclass=udp_socket permissive=0
11-11 19:45:58.884 I/auditd ( 2720): type=1400 audit(0.0:54839284): avc: denied { read } for comm="event_loop" lport=13400 scontext=u:r:hht_ota_mgr:s0 tcontext=u:r:hht_ota_mgr:s0 tclass=udp_socket permissive=0
11-11 19:45:58.884 I/auditd ( 2720): type=1400 audit(0.0:54839285): avc: denied { read } for comm="event_loop" lport=13400 scontext=u:r:hht_ota_mgr:s0 tcontext=u:r:hht_ota_mgr:s0 tclass=udp_socket permissive=0
11-11 19:45:59.884 I/auditd ( 2720): type=1400 audit(0.0:55109225): avc: denied { read } for comm="event_loop" lport=13400 scontext=u:r:hht_ota_mgr:s0 tcontext=u:r:hht_ota_mgr:s0 tclass=udp_socket permissive=0
11-11 19:45:59.888 I/auditd ( 2720): type=1400 audit(0.0:55109226): avc: denied { read } for comm="event_loop" lport=13400 scontext=u:r:hht_ota_mgr:s0 tcontext=u:r:hht_ota_mgr:s0 tclass=udp_socket permissive=0
11-11 19:45:59.888 I/auditd ( 2720): type=1400 audit(0.0:55109227): avc: denied { read } for comm="event_loop" lport=13400 scontext=u:r:hht_ota_mgr:s0 tcontext=u:r:hht_ota_mgr:s0 tclass=udp_socket permissive=0
11-11 19:45:59.888 I/auditd ( 2720): type=1400 audit(0.0:55109228): avc: denied { read } for comm="event_loop" lport=13400 scontext=u:r:hht_ota_mgr:s0 tcontext=u:r:hht_ota_mgr:s0 tclass=udp_socket permissive=0
11-11 19:45:59.888 I/auditd ( 2720): type=1400 audit(0.0:55109229): avc: denied { read } for comm="event_loop" lport=13400 scontext=u:r:hht_ota_mgr:s0 tcontext=u:r:hht_ota_mgr:s0 tclass=udp_socket permissive=0
11-11 19:46:00.892 I/auditd ( 2720): type=1400 audit(0.0:55377873): avc: denied { read } for comm="event_loop" lport=13400 scontext=u:r:hht_ota_mgr:s0 tcontext=u:r:hht_ota_mgr:s0 tclass=udp_socket permissive=0
11-11 19:46:00.892 I/auditd ( 2720): type=1400 audit(0.0:55377874): avc: denied { read } for comm="event_loop" lport=13400 scontext=u:r:hht_ota_mgr:s0 tcontext=u:r:hht_ota_mgr:s0 tclass=udp_socket permissive=0
11-11 19:46:00.892 I/auditd ( 2720): type=1400 audit(0.0:55377875): avc: denied { read } for comm="event_loop" lport=13400 scontext=u:r:hht_ota_mgr:s0 tcontext=u:r:hht_ota_mgr:s0 tclass=udp_socket permissive=0
11-11 19:46:00.892 I/auditd ( 2720): type=1400 audit(0.0:55377876): avc: denied { read } for comm="event_loop" lport=13400 scontext=u:r:hht_ota_mgr:s0 tcontext=u:r:hht_ota_mgr:s0 tclass=udp_socket permissive=0
11-11 19:46:00.892 I/auditd ( 2720): type=1400 audit(0.0:55377877): avc: denied { read } for comm="event_loop" lport=13400 scontext=u:r:hht_ota_mgr:s0 tcontext=u:r:hht_ota_mgr:s0 tclass=udp_socket permissive=0
11-11 19:46:01.896 I/auditd ( 2720): type=1400 audit(0.0:55645545): avc: denied { read } for comm="event_loop" lport=13400 scontext=u:r:hht_ota_mgr:s0 tcontext=u:r:hht_ota_mgr:s0 tclass=udp_socket permissive=0
11-11 19:46:01.896 I/auditd ( 2720): type=1400 audit(0.0:55645546): avc: denied { read } for comm="event_loop" lport=13400 scontext=u:r:hht_ota_mgr:s0 tcontext=u:r:hht_ota_mgr:s0 tclass=udp_socket permissive=0
11-11 19:46:01.896 I/auditd ( 2720): type=1400 audit(0.0:55645547): avc: denied { read } for comm="event_loop" lport=13400 scontext=u:r:hht_ota_mgr:s0 tcontext=u:r:hht_ota_mgr:s0 tclass=udp_socket permissive=0
11-11 19:46:01.896 I/auditd ( 2720): type=1400 audit(0.0:55645548): avc: denied { read } for comm="event_loop" lport=13400 scontext=u:r:hht_ota_mgr:s0 tcontext=u:r:hht_ota_mgr:s0 tclass=udp_socket permissive=0
11-11 19:46:01.896 I/auditd ( 2720): type=1400 audit(0.0:55645549): avc: denied { read } for comm="event_loop" lport=13400 scontext=u:r:hht_ota_mgr:s0 tcontext=u:r:hht_ota_mgr:s0 tclass=udp_socket permissive=0
11-11 19:46:02.900 I/auditd ( 2720): type=1400 audit(0.0:55912638): avc: denied { read } for comm="event_loop" lport=13400 scontext=u:r:hht_ota_mgr:s0 tcontext=u:r:hht_ota_mgr:s0 tclass=udp_socket permissive=0
11-11 19:46:02.900 I/auditd ( 2720): type=1400 audit(0.0:55912639): avc: denied { read } for comm="event_loop" lport=13400 scontext=u:r:hht_ota_mgr:s0 tcontext=u:r:hht_ota_mgr:s0 tclass=udp_socket permissive=0
11-11 19:46:02.900 I/auditd ( 2720): type=1400 audit(0.0:55912640): avc: denied { read } for comm="event_loop" lport=13400 scontext=u:r:hht_ota_mgr:s0 tcontext=u:r:hht_ota_mgr:s0 tclass=udp_socket permissive=0
11-11 19:46:02.900 I/auditd ( 2720): type=1400 audit(0.0:55912641): avc: denied { read } for comm="event_loop" lport=13400 scontext=u:r:hht_ota_mgr:s0 tcontext=u:r:hht_ota_mgr:s0 tclass=udp_socket permissive=0
11-11 19:46:02.900 I/auditd ( 2720): type=1400 audit(0.0:55912642): avc: denied { read } for comm="event_loop" lport=13400 scontext=u:r:hht_ota_mgr:s0 tcontext=u:r:hht_ota_mgr:s0 tclass=udp_socket permissive=0
11-11 19:46:03.904 I/auditd ( 2720): type=1400 audit(0.0:56179927): avc: denied { read } for comm="event_loop" lport=13400 scontext=u:r:hht_ota_mgr:s0 tcontext=u:r:hht_ota_mgr:s0 tclass=udp_socket permissive=0
11-11 19:46:03.904 I/auditd ( 2720): type=1400 audit(0.0:56179928): avc: denied { read } for comm="event_loop" lport=13400 scontext=u:r:hht_ota_mgr:s0 tcontext=u:r:hht_ota_mgr:s0 tclass=udp_socket permissive=0
11-11 19:46:03.904 I/auditd ( 2720): type=1400 audit(0.0:56179929): avc: denied { read } for comm="event_loop" lport=13400 scontext=u:r:hht_ota_mgr:s0 tcontext=u:r:hht_ota_mgr:s0 tclass=udp_socket permissive=0
11-11 19:46:03.904 I/auditd ( 2720): type=1400 audit(0.0:56179930): avc: denied { read } for comm="event_loop" lport=13400 scontext=u:r:hht_ota_mgr:s0 tcontext=u:r:hht_ota_mgr:s0 tclass=udp_socket permissive=0
11-11 19:46:03.904 I/auditd ( 2720): type=1400 audit(0.0:56179931): avc: denied { read } for comm="event_loop" lport=13400 scontext=u:r:hht_ota_mgr:s0 tcontext=u:r:hht_ota_mgr:s0 tclass=udp_socket permissive=0
11-11 19:46:04.908 I/auditd ( 2720): type=1400 audit(0.0:56447980): avc: denied { read } for comm="event_loop" lport=13400 scontext=u:r:hht_ota_mgr:s0 tcontext=u:r:hht_ota_mgr:s0 tclass=udp_socket permissive=0
11-11 19:46:04.908 I/auditd ( 2720): type=1400 audit(0.0:56447981): avc: denied { read } for comm="event_loop" lport=13400 scontext=u:r:hht_ota_mgr:s0 tcontext=u:r:hht_ota_mgr:s0 tclass=udp_socket permissive=0
11-11 19:46:04.908 I/auditd ( 2720): type=1400 audit(0.0:56447982): avc: denied { read } for comm="event_loop" lport=13400 scontext=u:r:hht_ota_mgr:s0 tcontext=u:r:hht_ota_mgr:s0 tclass=udp_socket permissive=0
11-11 19:46:04.908 I/auditd ( 2720): type=1400 audit(0.0:56447983): avc: denied { read } for comm="event_loop" lport=13400 scontext=u:r:hht_ota_mgr:s0 tcontext=u:r:hht_ota_mgr:s0 tclass=udp_socket permissive=0
11-11 19:46:04.908 I/auditd ( 2720): type=1400 audit(0.0:56447984): avc: denied { read } for comm="event_loop" lport=13400 scontext=u:r:hht_ota_mgr:s0 tcontext=u:r:hht_ota_mgr:s0 tclass=udp_socket permissive=0
