05-01 18:00:00.959 I/wm_task_removed( 1504): [24,removeChild:removeChild last r=ActivityRecord{9ba0790 u0 com.thundercomm.screensaver/android.service.dreams.DreamActivity t-1 f}} in t=Task{7ef6366 #24 type=dream A=10045:android:com.thundercomm.screensaver/dream U=0 visible=false mode=fullscreen translucent=true sz=0}]
05-01 18:00:00.959 I/wm_task_removed( 1504): [24,removeChild]
05-01 18:00:00.960 W/ActivityTaskManager( 1504): Can't find TaskDisplayArea to determine support for multi window. Task id=24 attached=false
05-01 18:00:18.410 I/input_interaction( 1504): Interaction with: d5729f7 com.android.launcher3/com.android.launcher3.uioverrides.QuickstepLauncher (server), 18880e3 com.android.systemui.ImageWallpaper (server), edge-swipe (server), swipe-up (server), PointerEventDispatcher0 (server),
05-01 18:00:18.471 I/sysui_multi_action( 1504): [757,127,758,1]
05-01 18:00:18.471 I/sysui_multi_action( 1504): [757,804,799,note_load,801,3,802,1]
05-01 18:00:18.471 I/notification_panel_revealed( 1504): 3
05-01 18:00:18.478 I/sysui_multi_action( 1504): [757,128,758,1,793,-1067234633,794,0,795,-1067234633,796,26,798,0,806,android,857,DEVELOPER_IMPORTANT,858,4,947,0,1395,3,1500,-1067234836,1688,1]
05-01 18:00:18.478 I/sysui_multi_action( 1504): [757,804,799,note_freshness,801,-1067234633,802,1]
05-01 18:00:18.478 I/notification_visibility( 1504): [-1|android|26|null|1000,1,-1067234633,-1067234633,0,0]
05-01 18:00:18.481 I/sysui_multi_action( 1504): [757,128,758,1,793,-1066971240,794,0,795,-1066971240,796,17303299,797,com.android.wifi,798,1,806,android,857,NETWORK_AVAILABLE,858,2,947,0,1395,3,1500,-1066971445,1688,1]
05-01 18:00:18.482 I/sysui_multi_action( 1504): [757,804,799,note_freshness,801,-1066971240,802,1]
05-01 18:00:18.482 I/notification_visibility( 1504): [0|android|17303299|com.android.wifi|1000,1,-1066971240,-1066971240,0,1]
05-01 18:00:18.482 I/sysui_multi_action( 1504): [757,128,758,1,793,-1066970441,794,0,795,-1066970441,796,32,798,2,806,android,857,USB,858,1,947,0,1395,3,1500,-1066970643,1688,1]
05-01 18:00:18.482 I/sysui_multi_action( 1504): [757,804,799,note_freshness,801,-1066970441,802,1]
05-01 18:00:18.483 I/notification_visibility( 1504): [-1|android|32|null|1000,1,-1066970441,-1066970441,0,2]
05-01 18:00:18.487 I/input_focus( 1504): [Focus request 94683a3 NotificationShade,reason=UpdateInputWindows]
05-01 18:00:18.515 I/input_focus( 1504): [Focus leaving d5729f7 com.android.launcher3/com.android.launcher3.uioverrides.QuickstepLauncher (server),reason=setFocusedWindow]
05-01 18:00:18.515 I/input_focus( 1504): [Focus entering 94683a3 NotificationShade (server),reason=setFocusedWindow]
05-01 18:00:18.516 I/input_interaction( 1504): Interaction with: d5729f7 com.android.launcher3/com.android.launcher3.uioverrides.QuickstepLauncher (server), 18880e3 com.android.systemui.ImageWallpaper (server), 94683a3 NotificationShade (server), edge-swipe (server), swipe-up (server), PointerEventDispatcher0 (server),
05-01 18:00:18.517 I/view_enqueue_input_event( 2845): [Motion - Cancel,com.android.launcher3/com.android.launcher3.uioverrides.QuickstepLauncher]
05-01 18:00:18.522 I/sysui_multi_action( 2355): [757,803,799,panel_open,802,1]
05-01 18:00:18.522 I/sysui_multi_action( 2355): [757,1328,758,4,1326,51,1327,28,1329,0]
05-01 18:00:18.530 I/input_interaction( 1504): Interaction with: 18880e3 com.android.systemui.ImageWallpaper (server), 94683a3 NotificationShade (server), edge-swipe (server), swipe-up (server), PointerEventDispatcher0 (server),
05-01 18:00:18.546 I/sysui_multi_action( 2355): [757,111,758,1]
05-01 18:00:18.547 I/sysui_multi_action( 2355): [757,126,758,1,759,126,927,0,928,1,1593,0]
05-01 18:00:18.547 I/sysui_multi_action( 2355): [757,113,758,1,759,113,927,1,928,1,1593,0]
05-01 18:00:18.547 I/sysui_multi_action( 2355): [757,0,758,1,759,0,927,2,928,0,1593,0]
05-01 18:00:18.547 I/sysui_multi_action( 2355): [757,0,758,1,759,0,927,3,928,0,1593,0]
05-01 18:00:18.547 I/sysui_multi_action( 2355): [757,491,758,1,759,491,927,4,928,0,1311,-1,1593,0]
05-01 18:00:18.548 I/sysui_multi_action( 2355): [757,0,758,1,759,0,927,5,928,0,1593,0]
05-01 18:00:18.548 I/sysui_multi_action( 2355): [757,111,758,1]
05-01 18:00:18.548 I/sysui_multi_action( 2355): [757,126,758,1,759,126,927,0,928,1,1593,0]
05-01 18:00:18.548 I/sysui_multi_action( 2355): [757,113,758,1,759,113,927,1,928,1,1593,0]
05-01 18:00:18.548 I/sysui_multi_action( 2355): [757,0,758,1,759,0,927,2,928,0,1593,0]
05-01 18:00:18.548 I/sysui_multi_action( 2355): [757,0,758,1,759,0,927,3,928,0,1593,0]
05-01 18:00:20.113 I/am_pss ( 1504): [3871,1000,com.qti.diagservices,6311936,3837952,0,94572544,0,10,8]
02-26 13:00:00.001 I/AlarmManager( 1504): Timezone offset has changed, updating kernel timezone
02-26 13:00:00.001 E/LazyAlarmStore( 1504): Removed TIME_TICK alarm
02-26 13:00:00.002 I/am_wtf ( 1504): [0,1504,system_server,-1,LazyAlarmStore,Removed TIME_TICK alarm]
02-26 13:00:00.004 I/DropBoxManagerService( 1504): add tag=system_server_wtf isTagEnabled=true flags=0x2
02-26 13:00:00.023 D/DevicePolicyManager( 1504): updateSystemUpdateFreezePeriodsRecord
02-26 13:00:00.024 D/ConditionProviders.SCP( 1504): onReceive android.intent.action.TIME_SET
02-26 13:00:00.024 D/ConditionProviders.SCP( 1504): evaluateSubscriptionLocked cal=ScheduleCalendar[mDays={1, 2, 3, 4, 5, 6, 7}, mSchedule=ScheduleInfo{days=[1, 2, 3, 4, 5, 6, 7], startHour=22, startMinute=0, endHour=7, endMinute=0, exitAtAlarm=true, nextAlarm=Wed Dec 31 14:00:00 AKST 1969 (0)}], now=Sun Feb 26 13:00:00 AKST 2023 (1677448800024), nextUserAlarmTime=Wed Dec 31 14:00:00 AKST 1969 (0)
02-26 13:00:00.024 D/ConditionProviders.SCP( 1504): notifyCondition condition://android/schedule?days=1.2.3.4.5.6.7&start=22.0&end=7.0&exitAtAlarm=true STATE_FALSE reason=!meetsSchedule
02-26 13:00:00.026 D/ConditionProviders.SCP( 1504): Scheduling evaluate for Sun Feb 26 22:00:00 AKST 2023 (1677481200000), in +8h59m59s976ms, now=Sun Feb 26 13:00:00 AKST 2023 (1677448800024)
02-26 13:00:00.032 I/UsageStatsService( 1504): User[0] Time changed in by -5544027 seconds
02-26 13:00:00.032 I/UsageStatsService( 1504): User[0] Flushing usage stats to disk
02-26 13:00:00.062 I/UsageStatsDatabase( 1504): Time changed by -64d4h0m27s642ms. files deleted: 0 files moved: 4
02-26 13:00:00.068 I/UsageStatsService( 1504): User[0] Rollover scheduled @ 2023-02-28 05:31:24(1677533484865)
02-26 11:00:00.001 E/LazyAlarmStore( 1504): Removed TIME_TICK alarm
02-26 11:00:00.002 I/am_wtf ( 1504): [0,1504,system_server,-1,LazyAlarmStore,Removed TIME_TICK alarm]
02-26 11:00:00.004 I/DropBoxManagerService( 1504): add tag=system_server_wtf isTagEnabled=true flags=0x2
02-26 11:00:00.013 D/DevicePolicyManager( 1504): updateSystemUpdateFreezePeriodsRecord
02-26 11:00:00.014 D/ConditionProviders.SCP( 1504): onReceive android.intent.action.TIME_SET
02-26 11:00:00.015 D/ConditionProviders.SCP( 1504): evaluateSubscriptionLocked cal=ScheduleCalendar[mDays={1, 2, 3, 4, 5, 6, 7}, mSchedule=ScheduleInfo{days=[1, 2, 3, 4, 5, 6, 7], startHour=22, startMinute=0, endHour=7, endMinute=0, exitAtAlarm=true, nextAlarm=Wed Dec 31 14:00:00 AKST 1969 (0)}], now=Sun Feb 26 11:00:00 AKST 2023 (1677441600014), nextUserAlarmTime=Wed Dec 31 14:00:00 AKST 1969 (0)
02-26 11:00:00.015 D/ConditionProviders.SCP( 1504): notifyCondition condition://android/schedule?days=1.2.3.4.5.6.7&start=22.0&end=7.0&exitAtAlarm=true STATE_FALSE reason=!meetsSchedule
02-26 11:00:00.016 D/ConditionProviders.SCP( 1504): Scheduling evaluate for Sun Feb 26 22:00:00 AKST 2023 (1677481200000), in +10h59m59s986ms, now=Sun Feb 26 11:00:00 AKST 2023 (1677441600014)
02-26 11:00:00.028 I/UsageStatsService( 1504): User[0] Time changed in by -7213 seconds
02-26 11:00:00.028 I/UsageStatsService( 1504): User[0] Flushing usage stats to disk
02-26 11:00:00.065 I/UsageStatsDatabase( 1504): Time changed by -2h0m13s58ms. files deleted: 0 files moved: 4
02-26 11:00:00.071 I/UsageStatsService( 1504): User[0] Rollover scheduled @ 2023-02-28 03:31:11(1677526271807)
03-26 12:00:00.001 I/AlarmManager( 1504): Timezone offset has changed, updating kernel timezone
03-26 12:00:00.001 E/LazyAlarmStore( 1504): Removed TIME_TICK alarm
03-26 12:00:00.002 I/am_wtf ( 1504): [0,1504,system_server,-1,LazyAlarmStore,Removed TIME_TICK alarm]
03-26 12:00:00.004 I/DropBoxManagerService( 1504): add tag=system_server_wtf isTagEnabled=true flags=0x2
03-26 12:00:00.012 D/DevicePolicyManager( 1504): updateSystemUpdateFreezePeriodsRecord
03-26 12:00:00.012 D/ConditionProviders.SCP( 1504): onReceive android.intent.action.TIME_SET
03-26 12:00:00.013 D/ConditionProviders.SCP( 1504): evaluateSubscriptionLocked cal=ScheduleCalendar[mDays={1, 2, 3, 4, 5, 6, 7}, mSchedule=ScheduleInfo{days=[1, 2, 3, 4, 5, 6, 7], startHour=22, startMinute=0, endHour=7, endMinute=0, exitAtAlarm=true, nextAlarm=Wed Dec 31 14:00:00 AKST 1969 (0)}], now=Sun Mar 26 12:00:00 AKDT 2023 (1679860800012), nextUserAlarmTime=Wed Dec 31 14:00:00 AKST 1969 (0)
03-26 12:00:00.013 D/ConditionProviders.SCP( 1504): notifyCondition condition://android/schedule?days=1.2.3.4.5.6.7&start=22.0&end=7.0&exitAtAlarm=true STATE_FALSE reason=!meetsSchedule
03-26 12:00:00.014 D/ConditionProviders.SCP( 1504): Scheduling evaluate for Sun Mar 26 22:00:00 AKDT 2023 (1679896800000), in +9h59m59s988ms, now=Sun Mar 26 12:00:00 AKDT 2023 (1679860800012)
03-26 12:00:00.032 I/UsageStatsService( 1504): User[0] Time changed in by 2419192 seconds
03-26 12:00:00.032 I/UsageStatsService( 1504): User[0] Flushing usage stats to disk
03-26 12:00:00.051 I/UsageStatsDatabase( 1504): Time changed by +27d23h59m52s973ms. files deleted: 0 files moved: 4
03-26 12:00:00.055 I/UsageStatsService( 1504): User[0] Rollover scheduled @ 2023-03-28 03:31:04(1679945464780)
03-25 12:00:00.001 E/LazyAlarmStore( 1504): Removed TIME_TICK alarm
03-25 12:00:00.002 I/am_wtf ( 1504): [0,1504,system_server,-1,LazyAlarmStore,Removed TIME_TICK alarm]
03-25 12:00:00.003 I/DropBoxManagerService( 1504): add tag=system_server_wtf isTagEnabled=true flags=0x2
03-25 12:00:00.006 D/DevicePolicyManager( 1504): updateSystemUpdateFreezePeriodsRecord
03-25 12:00:00.006 D/ConditionProviders.SCP( 1504): onReceive android.intent.action.TIME_SET
03-25 12:00:00.007 D/ConditionProviders.SCP( 1504): evaluateSubscriptionLocked cal=ScheduleCalendar[mDays={1, 2, 3, 4, 5, 6, 7}, mSchedule=ScheduleInfo{days=[1, 2, 3, 4, 5, 6, 7], startHour=22, startMinute=0, endHour=7, endMinute=0, exitAtAlarm=true, nextAlarm=Wed Dec 31 14:00:00 AKST 1969 (0)}], now=Sat Mar 25 12:00:00 AKDT 2023 (1679774400006), nextUserAlarmTime=Wed Dec 31 14:00:00 AKST 1969 (0)
03-25 12:00:00.007 D/ConditionProviders.SCP( 1504): notifyCondition condition://android/schedule?days=1.2.3.4.5.6.7&start=22.0&end=7.0&exitAtAlarm=true STATE_FALSE reason=!meetsSchedule
03-25 12:00:00.009 D/ConditionProviders.SCP( 1504): Scheduling evaluate for Sat Mar 25 22:00:00 AKDT 2023 (1679810400000), in +9h59m59s994ms, now=Sat Mar 25 12:00:00 AKDT 2023 (1679774400006)
03-25 17:00:00.001 E/LazyAlarmStore( 1504): Removed TIME_TICK alarm
03-25 17:00:00.002 I/am_wtf ( 1504): [0,1504,system_server,-1,LazyAlarmStore,Removed TIME_TICK alarm]
03-25 17:00:00.004 I/DropBoxManagerService( 1504): add tag=system_server_wtf isTagEnabled=true flags=0x2
03-25 17:00:00.006 D/DevicePolicyManager( 1504): updateSystemUpdateFreezePeriodsRecord
03-25 17:00:00.007 D/ConditionProviders.SCP( 1504): onReceive android.intent.action.TIME_SET
03-25 17:00:00.009 D/ConditionProviders.SCP( 1504): evaluateSubscriptionLocked cal=ScheduleCalendar[mDays={1, 2, 3, 4, 5, 6, 7}, mSchedule=ScheduleInfo{days=[1, 2, 3, 4, 5, 6, 7], startHour=22, startMinute=0, endHour=7, endMinute=0, exitAtAlarm=true, nextAlarm=Wed Dec 31 14:00:00 AKST 1969 (0)}], now=Sat Mar 25 17:00:00 AKDT 2023 (1679792400007), nextUserAlarmTime=Wed Dec 31 14:00:00 AKST 1969 (0)
03-25 17:00:00.010 D/ConditionProviders.SCP( 1504): notifyCondition condition://android/schedule?days=1.2.3.4.5.6.7&start=22.0&end=7.0&exitAtAlarm=true STATE_FALSE reason=!meetsSchedule
03-25 17:00:00.011 D/ConditionProviders.SCP( 1504): Scheduling evaluate for Sat Mar 25 22:00:00 AKDT 2023 (1679810400000), in +4h59m59s993ms, now=Sat Mar 25 17:00:00 AKDT 2023 (1679792400007)
03-25 17:00:00.023 I/UsageStatsService( 1504): User[0] Time changed in by -68412 seconds
03-25 17:00:00.023 I/UsageStatsService( 1504): User[0] Flushing usage stats to disk
03-25 17:00:00.047 I/UsageStatsDatabase( 1504): Time changed by -19h0m12s567ms. files deleted: 0 files moved: 4
03-25 17:00:00.051 I/UsageStatsService( 1504): User[0] Rollover scheduled @ 2023-03-27 08:30:52(1679877052213)
03-25 17:00:05.160 I/am_uid_idle( 1504): 10062
03-25 08:00:00.001 E/LazyAlarmStore( 1504): Removed TIME_TICK alarm
03-25 08:00:00.002 I/am_wtf ( 1504): [0,1504,system_server,-1,LazyAlarmStore,Removed TIME_TICK alarm]
03-25 08:00:00.004 I/DropBoxManagerService( 1504): add tag=system_server_wtf isTagEnabled=true flags=0x2
03-25 08:00:00.008 D/DevicePolicyManager( 1504): updateSystemUpdateFreezePeriodsRecord
03-25 08:00:00.008 D/ConditionProviders.SCP( 1504): onReceive android.intent.action.TIME_SET
03-25 08:00:00.009 D/ConditionProviders.SCP( 1504): evaluateSubscriptionLocked cal=ScheduleCalendar[mDays={1, 2, 3, 4, 5, 6, 7}, mSchedule=ScheduleInfo{days=[1, 2, 3, 4, 5, 6, 7], startHour=22, startMinute=0, endHour=7, endMinute=0, exitAtAlarm=true, nextAlarm=Wed Dec 31 14:00:00 AKST 1969 (0)}], now=Sat Mar 25 08:00:00 AKDT 2023 (1679760000008), nextUserAlarmTime=Wed Dec 31 14:00:00 AKST 1969 (0)
03-25 08:00:00.009 D/ConditionProviders.SCP( 1504): notifyCondition condition://android/schedule?days=1.2.3.4.5.6.7&start=22.0&end=7.0&exitAtAlarm=true STATE_FALSE reason=!meetsSchedule
03-25 08:00:00.011 D/ConditionProviders.SCP( 1504): Scheduling evaluate for Sat Mar 25 22:00:00 AKDT 2023 (1679810400000), in +13h59m59s992ms, now=Sat Mar 25 08:00:00 AKDT 2023 (1679760000008)
03-25 08:00:00.027 I/UsageStatsService( 1504): User[0] Time changed in by -32407 seconds
03-25 08:00:00.027 I/UsageStatsService( 1504): User[0] Flushing usage stats to disk
03-25 08:00:00.042 I/UsageStatsDatabase( 1504): Time changed by -9h0m7s538ms. files deleted: 0 files moved: 4
03-25 08:00:00.047 I/UsageStatsService( 1504): User[0] Rollover scheduled @ 2023-03-26 23:30:44(1679844644675)
03-25 08:00:03.691 V/DisplayPowerController[0]( 1504): Brightness [0.05] reason changing to: 'manual [ dim ]', previous reason: 'manual'.
03-25 08:00:03.692 I/sysui_multi_action( 1504): [757,1696,758,6,759,2]
03-25 08:00:03.692 W/PowerManagerService( 1504): Screen on took 70819 ms
03-25 08:00:03.701 E/DisplayDeviceConfig( 1504): requesting nits when no mapping exists.
03-25 08:00:03.702 E/DisplayDeviceConfig( 1504): requesting nits when no mapping exists.
03-25 08:00:03.702 I/am_wtf ( 1504): [0,1504,system_server,-1,DisplayDeviceConfig,requesting nits when no mapping exists.]
03-25 08:00:03.704 I/DropBoxManagerService( 1504): add tag=system_server_wtf isTagEnabled=true flags=0x2
03-25 08:00:03.705 I/am_wtf ( 1504): [0,1504,system_server,-1,DisplayDeviceConfig,requesting nits when no mapping exists.]
03-25 08:00:03.706 I/DropBoxManagerService( 1504): add tag=system_server_wtf isTagEnabled=true flags=0x2
03-25 08:00:03.717 E/DisplayDeviceConfig( 1504): requesting nits when no mapping exists.
03-25 08:00:03.718 E/DisplayDeviceConfig( 1504): requesting nits when no mapping exists.
03-25 08:00:03.718 I/am_wtf ( 1504): [0,1504,system_server,-1,DisplayDeviceConfig,requesting nits when no mapping exists.]
03-25 08:00:03.719 I/DropBoxManagerService( 1504): add tag=system_server_wtf isTagEnabled=true flags=0x2
03-25 08:00:03.720 I/am_wtf ( 1504): [0,1504,system_server,-1,DisplayDeviceConfig,requesting nits when no mapping exists.]
03-25 08:00:03.720 I/DropBoxManagerService( 1504): add tag=system_server_wtf isTagEnabled=true flags=0x2
03-25 08:00:03.726 E/DisplayDeviceConfig( 1504): requesting nits when no mapping exists.
03-25 08:00:03.726 I/am_wtf ( 1504): [0,1504,system_server,-1,DisplayDeviceConfig,requesting nits when no mapping exists.]
03-25 08:00:03.726 E/DisplayDeviceConfig( 1504): requesting nits when no mapping exists.
03-25 08:00:03.727 I/am_wtf ( 1504): [0,1504,system_server,-1,DisplayDeviceConfig,requesting nits when no mapping exists.]
03-25 08:00:03.743 E/DisplayDeviceConfig( 1504): requesting nits when no mapping exists.
03-25 08:00:03.743 E/DisplayDeviceConfig( 1504): requesting nits when no mapping exists.
03-25 08:00:03.743 I/am_wtf ( 1504): [0,1504,system_server,-1,DisplayDeviceConfig,requesting nits when no mapping exists.]
03-25 08:00:03.744 I/am_wtf ( 1504): [0,1504,system_server,-1,DisplayDeviceConfig,requesting nits when no mapping exists.]
03-25 08:00:03.759 E/DisplayDeviceConfig( 1504): requesting nits when no mapping exists.
03-25 08:00:03.760 E/DisplayDeviceConfig( 1504): requesting nits when no mapping exists.
03-25 08:00:03.760 I/am_wtf ( 1504): [0,1504,system_server,-1,DisplayDeviceConfig,requesting nits when no mapping exists.]
03-25 08:00:03.760 I/am_wtf ( 1504): [0,1504,system_server,-1,DisplayDeviceConfig,requesting nits when no mapping exists.]
03-25 08:00:03.776 E/DisplayDeviceConfig( 1504): requesting nits when no mapping exists.
03-25 08:00:03.776 E/DisplayDeviceConfig( 1504): requesting nits when no mapping exists.
03-25 08:00:03.776 I/am_wtf ( 1504): [0,1504,system_server,-1,DisplayDeviceConfig,requesting nits when no mapping exists.]
03-25 08:00:03.777 I/am_wtf ( 1504): [0,1504,system_server,-1,DisplayDeviceConfig,requesting nits when no mapping exists.]
03-25 08:00:03.793 E/DisplayDeviceConfig( 1504): requesting nits when no mapping exists.
03-25 08:00:03.793 E/DisplayDeviceConfig( 1504): requesting nits when no mapping exists.
03-25 08:00:03.794 I/am_wtf ( 1504): [0,1504,system_server,-1,DisplayDeviceConfig,requesting nits when no mapping exists.]
03-25 08:00:03.795 I/am_wtf ( 1504): [0,1504,system_server,-1,DisplayDeviceConfig,requesting nits when no mapping exists.]
03-25 08:00:03.809 E/DisplayDeviceConfig( 1504): requesting nits when no mapping exists.
03-25 08:00:03.810 E/DisplayDeviceConfig( 1504): requesting nits when no mapping exists.
03-25 08:00:03.810 I/am_wtf ( 1504): [0,1504,system_server,-1,DisplayDeviceConfig,requesting nits when no mapping exists.]
03-25 08:00:03.812 I/am_wtf ( 1504): [0,1504,system_server,-1,DisplayDeviceConfig,requesting nits when no mapping exists.]
03-25 08:00:03.826 E/DisplayDeviceConfig( 1504): requesting nits when no mapping exists.
03-25 08:00:03.827 I/am_wtf ( 1504): [0,1504,system_server,-1,DisplayDeviceConfig,requesting nits when no mapping exists.]
03-25 08:00:03.827 E/DisplayDeviceConfig( 1504): requesting nits when no mapping exists.
03-25 08:00:03.828 I/am_wtf ( 1504): [0,1504,system_server,-1,DisplayDeviceConfig,requesting nits when no mapping exists.]
03-25 08:00:03.843 E/DisplayDeviceConfig( 1504): requesting nits when no mapping exists.
03-25 08:00:03.843 E/DisplayDeviceConfig( 1504): requesting nits when no mapping exists.
03-25 08:00:03.843 I/am_wtf ( 1504): [0,1504,system_server,-1,DisplayDeviceConfig,requesting nits when no mapping exists.]
03-25 08:00:03.844 I/am_wtf ( 1504): [0,1504,system_server,-1,DisplayDeviceConfig,requesting nits when no mapping exists.]
03-25 08:00:10.688 I/PowerManagerService( 1504): Napping display group (groupId=0, uid=1000)...
03-25 08:00:10.688 I/PowerManagerService( 1504): Nap time (uid 1000)...
03-25 08:00:10.689 I/DreamManagerService( 1504): Entering dreamland.
03-25 08:00:10.696 I/PowerManagerService( 1504): Dreaming...
03-25 08:00:10.698 I/DreamController( 1504): Starting dream: name=ComponentInfo{com.thundercomm.screensaver/com.thundercomm.screensaver.service.SystemDream}, isTest=false, canDoze=false, userId=0
03-25 08:00:10.698 I/sysui_multi_action( 1504): [757,222,758,1]
03-25 08:00:10.706 I/am_pss ( 1504): [3370,10079,com.qualcomm.qti.workloadclassifier,19606528,16953344,0,110411776,0,0,10]
03-25 08:00:10.717 I/am_pss ( 1504): [3362,10068,com.qualcomm.qti.services.systemhelper:systemhelper_service,6682624,4472832,0,93425664,0,0,9]
03-25 08:00:10.721 I/input_focus( 1504): [Focus request d5729f7 com.android.launcher3/com.android.launcher3.uioverrides.QuickstepLauncher,reason=UpdateInputWindows]
03-25 08:00:10.724 I/am_pss ( 1504): [3367,10084,com.qualcomm.qti.qccnetstat,6454272,4313088,0,91164672,0,0,6]
03-25 08:00:10.731 I/am_pss ( 1504): [3347,10055,.pasr,5664768,3629056,0,88748032,0,0,5]
03-25 08:00:10.732 I/ActivityTaskManager( 1504): START u0 {flg=0x10000000 pkg=com.thundercomm.screensaver cmp=com.thundercomm.screensaver/android.service.dreams.DreamActivity (has extras)} from uid 10045
03-25 08:00:10.736 I/wm_task_created( 1504): [25,-1]
03-25 08:00:10.736 W/ActivityTaskManager( 1504): Can't find TaskDisplayArea to determine support for multi window. Task id=25 attached=false
03-25 08:00:10.738 I/am_pss ( 1504): [3345,1000,com.hryt.hiphishowfsecontrol,14875648,12337152,0,105861120,0,0,5]
03-25 08:00:10.740 I/wm_task_moved( 1504): [25,1,7]
03-25 08:00:10.740 I/wm_task_to_front( 1504): [0,25]
03-25 08:00:10.740 I/wm_create_task( 1504): [0,25]
03-25 08:00:10.740 I/wm_create_activity( 1504): [0,249034024,25,com.thundercomm.screensaver/android.service.dreams.DreamActivity,NULL,NULL,NULL,276824064]
03-25 08:00:10.740 I/wm_task_moved( 1504): [25,1,7]
03-25 08:00:10.740 I/wm_on_top_resumed_lost_called( 2845): [31052584,com.android.launcher3.uioverrides.QuickstepLauncher,topStateChangedWhenResumed]
03-25 08:00:10.741 I/wm_pause_activity( 1504): [0,31052584,com.android.launcher3/.uioverrides.QuickstepLauncher,userLeaving=true,pauseBackTasks]
03-25 08:00:10.745 I/wm_on_paused_called( 2845): [31052584,com.android.launcher3.uioverrides.QuickstepLauncher,performPause]
03-25 08:00:10.746 I/am_pss ( 1504): [3291,10057,ts.car.uart,6447104,4411392,0,89821184,0,0,7]
03-25 08:00:10.748 I/ActivityTaskManager( 1504): FOREGROUND_APPLICATION_CHANGED to android.service.dreams.DreamActivity
03-25 08:00:10.749 I/ActivityTaskManager( 1504): The Process com.thundercomm.screensaver Already Exists in BG. So sending its PID: 4535
03-25 08:00:10.749 W/ActivityTaskManager( 1504): Tried to set launchTime (0) < mLastActivityLaunchTime (1710378)
03-25 08:00:10.749 I/wm_add_to_stopping( 1504): [0,31052584,com.android.launcher3/.uioverrides.QuickstepLauncher,makeInvisible]
03-25 08:00:10.749 I/wm_restart_activity( 1504): [0,249034024,25,com.thundercomm.screensaver/android.service.dreams.DreamActivity]
03-25 08:00:10.750 I/wm_set_resumed_activity( 1504): [0,com.thundercomm.screensaver/android.service.dreams.DreamActivity,minimalResumeActivityLocked]
03-25 08:00:10.755 I/sysui_multi_action( 1504): [757,803,799,window_time_0,802,78]
03-25 08:00:10.756 I/am_pss ( 1504): [3287,10081,com.hht.lebocast,47817728,24207360,0,114909184,0,0,5]
03-25 08:00:10.756 I/UsageStatsService( 1504): Time changed in by -3232867 seconds
03-25 08:00:10.758 I/am_uid_active( 1504): 10062
03-25 08:00:10.758 I/wm_on_create_called( 4535): [249034024,android.service.dreams.DreamActivity,performCreate]
03-25 08:00:10.758 I/wm_on_start_called( 4535): [249034024,android.service.dreams.DreamActivity,handleStartActivity]
03-25 08:00:10.760 I/input_focus( 1504): [Focus leaving 94683a3 NotificationShade (server),reason=NOT_FOCUSABLE]
03-25 08:00:10.760 I/input_focus( 1504): [Focus entering d5729f7 com.android.launcher3/com.android.launcher3.uioverrides.QuickstepLauncher (server),reason=setFocusedWindow]
03-25 08:00:10.761 I/wm_on_resume_called( 4535): [249034024,android.service.dreams.DreamActivity,RESUME_ACTIVITY]
03-25 08:00:10.764 W/WindowManager( 1504): Failed looking up window session=Session{c7c00bb 4535:u0a10045} callers=com.android.server.wm.WindowManagerService.windowForClientLocked:5628 com.android.server.wm.Session.insetsModified:629 android.view.IWindowSession$Stub.onTransact:1151
03-25 08:00:10.766 I/wm_on_top_resumed_gained_called( 4535): [249034024,android.service.dreams.DreamActivity,topStateChangedWhenResumed]
03-25 08:00:10.777 I/input_focus( 1504): [Focus leaving d5729f7 com.android.launcher3/com.android.launcher3.uioverrides.QuickstepLauncher (server),reason=NO_WINDOW]
03-25 08:00:10.780 I/input_focus( 1504): [Focus request 44b3bd4 com.thundercomm.screensaver/android.service.dreams.DreamActivity,reason=UpdateInputWindows]
03-25 08:00:10.787 I/sysui_multi_action( 1504): [319,54,322,54,325,1789,757,761,758,8,759,2,806,com.thundercomm.screensaver,871,android.service.dreams.DreamActivity,904,com.thundercomm.screensaver,905,0,1320,4,1321,2]
03-25 08:00:10.787 I/wm_activity_launch_time( 1504): [0,249034024,com.thundercomm.screensaver/android.service.dreams.DreamActivity,54]
03-25 08:00:10.788 V/DisplayPowerController[0]( 1504): Brightness [0.1919192] reason changing to: 'manual', previous reason: 'manual [ dim ]'.
03-25 08:00:10.788 I/sysui_multi_action( 1504): [757,1696,758,6,759,3]
03-25 08:00:10.792 E/DisplayDeviceConfig( 1504): requesting nits when no mapping exists.
03-25 08:00:10.792 E/DisplayDeviceConfig( 1504): requesting nits when no mapping exists.
03-25 08:00:10.792 I/am_wtf ( 1504): [0,1504,system_server,-1,DisplayDeviceConfig,requesting nits when no mapping exists.]
03-25 08:00:10.792 I/DropBoxManagerService( 1504): add tag=system_server_wtf isTagEnabled=true flags=0x2
03-25 08:00:10.793 I/am_wtf ( 1504): [0,1504,system_server,-1,DisplayDeviceConfig,requesting nits when no mapping exists.]
03-25 08:00:10.794 I/DropBoxManagerService( 1504): add tag=system_server_wtf isTagEnabled=true flags=0x2
03-25 08:00:10.795 I/sysui_multi_action( 2355): [757,111,758,2]
03-25 08:00:10.795 I/sysui_multi_action( 2355): [757,111,758,2]
03-25 08:00:10.809 E/DisplayDeviceConfig( 1504): requesting nits when no mapping exists.
03-25 08:00:10.809 E/DisplayDeviceConfig( 1504): requesting nits when no mapping exists.
03-25 08:00:10.809 I/am_wtf ( 1504): [0,1504,system_server,-1,DisplayDeviceConfig,requesting nits when no mapping exists.]
03-25 08:00:10.809 I/DropBoxManagerService( 1504): add tag=system_server_wtf isTagEnabled=true flags=0x2
03-25 08:00:10.809 I/sysui_multi_action( 2355): [757,111,758,1]
03-25 08:00:10.809 I/sysui_multi_action( 2355): [757,126,758,1,759,126,927,0,928,1,1593,0]
03-25 08:00:10.809 I/input_focus( 1504): [Focus entering 44b3bd4 com.thundercomm.screensaver/android.service.dreams.DreamActivity (server),reason=Window became focusable. Previous reason: NOT_VISIBLE]
03-25 08:00:10.809 I/am_wtf ( 1504): [0,1504,system_server,-1,DisplayDeviceConfig,requesting nits when no mapping exists.]
03-25 08:00:10.809 I/sysui_multi_action( 2355): [757,113,758,1,759,113,927,1,928,1,1593,0]
03-25 08:00:10.809 I/sysui_multi_action( 2355): [757,0,758,1,759,0,927,2,928,0,1593,0]
03-25 08:00:10.809 I/sysui_multi_action( 2355): [757,0,758,1,759,0,927,3,928,0,1593,0]
03-25 08:00:10.810 I/DropBoxManagerService( 1504): add tag=system_server_wtf isTagEnabled=true flags=0x2
03-25 08:00:10.810 I/sysui_multi_action( 2355): [757,491,758,1,759,491,927,4,928,0,1311,-1,1593,0]
03-25 08:00:10.810 I/sysui_multi_action( 2355): [757,0,758,1,759,0,927,5,928,0,1593,0]
03-25 08:00:10.810 I/sysui_multi_action( 2355): [757,111,758,1]
03-25 08:00:10.810 I/sysui_multi_action( 2355): [757,126,758,1,759,126,927,0,928,1,1593,1]
03-25 08:00:10.810 I/sysui_multi_action( 2355): [757,113,758,1,759,113,927,1,928,1,1593,1]
03-25 08:00:10.810 I/sysui_multi_action( 2355): [757,0,758,1,759,0,927,2,928,0,1593,1]
03-25 08:00:10.810 I/sysui_multi_action( 2355): [757,0,758,1,759,0,927,3,928,0,1593,1]
03-25 08:00:10.825 E/DisplayDeviceConfig( 1504): requesting nits when no mapping exists.
03-25 08:00:10.826 E/DisplayDeviceConfig( 1504): requesting nits when no mapping exists.
03-25 08:00:10.826 I/am_wtf ( 1504): [0,1504,system_server,-1,DisplayDeviceConfig,requesting nits when no mapping exists.]
03-25 08:00:10.826 I/DropBoxManagerService( 1504): add tag=system_server_wtf isTagEnabled=true flags=0x2
03-25 08:00:10.826 I/am_wtf ( 1504): [0,1504,system_server,-1,DisplayDeviceConfig,requesting nits when no mapping exists.]
03-25 08:00:10.842 E/DisplayDeviceConfig( 1504): requesting nits when no mapping exists.
03-25 08:00:10.842 I/am_wtf ( 1504): [0,1504,system_server,-1,DisplayDeviceConfig,requesting nits when no mapping exists.]
03-25 08:00:10.842 E/DisplayDeviceConfig( 1504): requesting nits when no mapping exists.
03-25 08:00:10.843 I/am_wtf ( 1504): [0,1504,system_server,-1,DisplayDeviceConfig,requesting nits when no mapping exists.]
03-25 08:00:10.852 W/FreeFormWindowHelper( 1504): Current Display FreeFormTask is null
03-25 08:00:10.859 E/DisplayDeviceConfig( 1504): requesting nits when no mapping exists.
03-25 08:00:10.859 E/DisplayDeviceConfig( 1504): requesting nits when no mapping exists.
03-25 08:00:10.859 I/am_wtf ( 1504): [0,1504,system_server,-1,DisplayDeviceConfig,requesting nits when no mapping exists.]
03-25 08:00:10.859 I/am_wtf ( 1504): [0,1504,system_server,-1,DisplayDeviceConfig,requesting nits when no mapping exists.]
03-25 08:00:10.876 E/DisplayDeviceConfig( 1504): requesting nits when no mapping exists.
03-25 08:00:10.876 E/DisplayDeviceConfig( 1504): requesting nits when no mapping exists.
03-25 08:00:10.876 I/am_wtf ( 1504): [0,1504,system_server,-1,DisplayDeviceConfig,requesting nits when no mapping exists.]
03-25 08:00:10.876 I/am_wtf ( 1504): [0,1504,system_server,-1,DisplayDeviceConfig,requesting nits when no mapping exists.]
03-25 08:00:10.892 E/DisplayDeviceConfig( 1504): requesting nits when no mapping exists.
03-25 08:00:10.892 E/DisplayDeviceConfig( 1504): requesting nits when no mapping exists.
03-25 08:00:10.893 I/am_wtf ( 1504): [0,1504,system_server,-1,DisplayDeviceConfig,requesting nits when no mapping exists.]
03-25 08:00:10.893 I/am_wtf ( 1504): [0,1504,system_server,-1,DisplayDeviceConfig,requesting nits when no mapping exists.]
03-25 08:00:10.909 E/DisplayDeviceConfig( 1504): requesting nits when no mapping exists.
03-25 08:00:10.909 E/DisplayDeviceConfig( 1504): requesting nits when no mapping exists.
03-25 08:00:10.909 I/am_wtf ( 1504): [0,1504,system_server,-1,DisplayDeviceConfig,requesting nits when no mapping exists.]
03-25 08:00:10.910 I/am_wtf ( 1504): [0,1504,system_server,-1,DisplayDeviceConfig,requesting nits when no mapping exists.]
03-25 08:00:10.926 E/DisplayDeviceConfig( 1504): requesting nits when no mapping exists.
03-25 08:00:10.926 I/am_wtf ( 1504): [0,1504,system_server,-1,DisplayDeviceConfig,requesting nits when no mapping exists.]
03-25 08:00:10.926 E/DisplayDeviceConfig( 1504): requesting nits when no mapping exists.
03-25 08:00:10.926 I/am_wtf ( 1504): [0,1504,system_server,-1,DisplayDeviceConfig,requesting nits when no mapping exists.]
03-25 08:00:10.942 E/DisplayDeviceConfig( 1504): requesting nits when no mapping exists.
03-25 08:00:10.943 E/DisplayDeviceConfig( 1504): requesting nits when no mapping exists.
03-25 08:00:10.943 I/am_wtf ( 1504): [0,1504,system_server,-1,DisplayDeviceConfig,requesting nits when no mapping exists.]
03-25 08:00:10.943 I/am_wtf ( 1504): [0,1504,system_server,-1,DisplayDeviceConfig,requesting nits when no mapping exists.]
03-25 08:00:11.010 I/sysui_multi_action( 2355): [757,111,758,2]
03-25 08:00:11.010 I/sysui_multi_action( 2355): [757,111,758,2]
03-25 08:00:11.078 I/wm_stop_activity( 1504): [0,31052584,com.android.launcher3/.uioverrides.QuickstepLauncher]
03-25 08:00:11.095 I/wm_on_stop_called( 2845): [31052584,com.android.launcher3.uioverrides.QuickstepLauncher,STOP_ACTIVITY_ITEM]
03-25 08:00:11.220 I/sysui_multi_action( 1504): [757,128,758,2,793,-5074594,794,1062160039,795,-5074594,796,26,798,0,806,android,857,DEVELOPER_IMPORTANT,858,4,947,0,1395,3,1500,-5074797,1688,1]
03-25 08:00:11.221 I/notification_visibility( 1504): [-1|android|26|null|1000,0,-5074594,-5074594,0,0]
03-25 08:00:11.221 I/sysui_multi_action( 1504): [757,128,758,2,793,-4811201,794,1062160039,795,-4811201,796,17303299,797,com.android.wifi,798,1,806,android,857,NETWORK_AVAILABLE,858,2,947,0,1395,3,1500,-4811406,1688,1]
03-25 08:00:11.221 I/notification_visibility( 1504): [0|android|17303299|com.android.wifi|1000,0,-4811201,-4811201,0,1]
03-25 08:00:11.222 I/sysui_multi_action( 1504): [757,128,758,2,793,-4810406,794,1062160035,795,-4810406,796,32,798,2,806,android,857,USB,858,1,947,0,1395,3,1500,-4810608,1688,1]
03-25 08:00:11.222 I/notification_visibility( 1504): [-1|android|32|null|1000,0,-4810406,-4810406,0,2]
03-25 08:00:11.222 I/sysui_multi_action( 1504): [757,127,758,2]
03-25 08:00:11.222 I/notification_panel_hidden( 1504):
03-25 08:00:11.977 I/input_interaction( 1504): Interaction with: 44b3bd4 com.thundercomm.screensaver/android.service.dreams.DreamActivity (server), edge-swipe (server), swipe-up (server), PointerEventDispatcher0 (server),
03-25 08:00:11.977 I/wm_finish_activity( 1504): [0,249034024,25,com.thundercomm.screensaver/android.service.dreams.DreamActivity,finish-activity]
03-25 08:00:11.978 I/wm_task_moved( 1504): [1,1,6]
03-25 08:00:11.978 I/wm_task_moved( 1504): [11,1,2147483647]
03-25 08:00:11.978 I/wm_task_to_front( 1504): [0,11]
03-25 08:00:11.978 I/wm_focused_root_task( 1504): [0,0,1,25,finish-top adjustFocusToNextFocusableTask]
03-25 08:00:11.978 I/wm_set_resumed_activity( 1504): [0,com.android.launcher3/.uioverrides.QuickstepLauncher,finish-top adjustFocusToNextFocusableTask]
03-25 08:00:11.978 I/wm_pause_activity( 1504): [0,249034024,com.thundercomm.screensaver/android.service.dreams.DreamActivity,userLeaving=false,finish]
03-25 08:00:11.980 I/DreamManagerService( 1504): Gently waking up from dream.
03-25 08:00:11.980 I/sysui_multi_action( 1504): [757,803,799,window_time_0,802,1]
03-25 08:00:11.981 I/DreamManagerService( 1504): Performing gentle wake from dream.
03-25 08:00:11.981 I/wm_on_top_resumed_lost_called( 4535): [249034024,android.service.dreams.DreamActivity,topStateChangedWhenResumed]
03-25 08:00:11.981 I/wm_on_paused_called( 4535): [249034024,android.service.dreams.DreamActivity,performPause]
03-25 08:00:11.981 I/wm_add_to_stopping( 1504): [0,249034024,com.thundercomm.screensaver/android.service.dreams.DreamActivity,completeFinishing]
03-25 08:00:11.981 I/ActivityTaskManager( 1504): FOREGROUND_APPLICATION_CHANGED to com.android.launcher3.uioverrides.QuickstepLauncher
03-25 08:00:11.982 I/wm_set_resumed_activity( 1504): [0,com.android.launcher3/.uioverrides.QuickstepLauncher,resumeTopActivityInnerLocked]
03-25 08:00:11.982 I/wm_resume_activity( 1504): [0,31052584,11,com.android.launcher3/.uioverrides.QuickstepLauncher]
03-25 08:00:11.985 I/wm_on_restart_called( 2845): [31052584,com.android.launcher3.uioverrides.QuickstepLauncher,performRestartActivity]
03-25 08:00:11.985 I/sysui_multi_action( 1504): [757,803,799,window_time_0,802,0]
03-25 08:00:11.985 I/wm_on_start_called( 2845): [31052584,com.android.launcher3.uioverrides.QuickstepLauncher,handleStartActivity]
03-25 08:00:11.985 I/wm_on_resume_called( 2845): [31052584,com.android.launcher3.uioverrides.QuickstepLauncher,RESUME_ACTIVITY]
03-25 08:00:11.985 I/wm_on_top_resumed_gained_called( 2845): [31052584,com.android.launcher3.uioverrides.QuickstepLauncher,topWhenResuming]
03-25 08:00:11.996 I/input_focus( 1504): [Focus leaving 44b3bd4 com.thundercomm.screensaver/android.service.dreams.DreamActivity (server),reason=NO_WINDOW]
03-25 08:00:11.996 I/view_enqueue_input_event( 4535): [Motion - Cancel,com.thundercomm.screensaver/android.service.dreams.DreamActivity]
03-25 08:00:11.998 I/input_focus( 1504): [Focus request d5729f7 com.android.launcher3/com.android.launcher3.uioverrides.QuickstepLauncher,reason=UpdateInputWindows]
03-25 08:00:12.012 I/PowerManagerService( 1504): Powering on display group fromDreaming (groupId=0, uid=1000, reason=WAKE_REASON_UNKNOWN, details=android.server.power:DREAM_FINISHED)...
03-25 08:00:12.012 I/PowerManagerService( 1504): Waking up from Dreaming (uid=1000, reason=WAKE_REASON_UNKNOWN, details=android.server.power:DREAM_FINISHED)...
03-25 08:00:12.013 I/input_focus( 1504): [Focus entering d5729f7 com.android.launcher3/com.android.launcher3.uioverrides.QuickstepLauncher (server),reason=setFocusedWindow]
03-25 06:00:00.000 E/LazyAlarmStore( 1504): Removed TIME_TICK alarm
03-25 06:00:00.000 I/am_wtf ( 1504): [0,1504,system_server,-1,LazyAlarmStore,Removed TIME_TICK alarm]
03-25 06:00:00.000 D/DevicePolicyManager( 1504): updateSystemUpdateFreezePeriodsRecord
03-25 06:00:00.001 D/ConditionProviders.SCP( 1504): onReceive android.intent.action.TIME_SET
03-25 06:00:00.001 D/ConditionProviders.SCP( 1504): evaluateSubscriptionLocked cal=ScheduleCalendar[mDays={1, 2, 3, 4, 5, 6, 7}, mSchedule=ScheduleInfo{days=[1, 2, 3, 4, 5, 6, 7], startHour=22, startMinute=0, endHour=7, endMinute=0, exitAtAlarm=true, nextAlarm=Wed Dec 31 14:00:00 AKST 1969 (0)}], now=Sat Mar 25 06:00:00 AKDT 2023 (1679752800001), nextUserAlarmTime=Wed Dec 31 14:00:00 AKST 1969 (0)
03-25 06:00:00.001 D/ConditionProviders.SCP( 1504): notifyCondition condition://android/schedule?days=1.2.3.4.5.6.7&start=22.0&end=7.0&exitAtAlarm=true STATE_TRUE reason=meetsSchedule
03-25 06:00:00.001 D/ConditionProviders.SCP( 1504): Scheduling evaluate for Sat Mar 25 07:00:00 AKDT 2023 (1679756400000), in +59m59s999ms, now=Sat Mar 25 06:00:00 AKDT 2023 (1679752800001)
03-25 06:00:00.003 I/sysui_multi_action( 1504): [757,803,799,dnd_mode_0,802,425539]
03-25 06:00:00.003 I/sysui_multi_action( 1504): [757,803,799,dnd_rule_count,802,0]
03-25 06:00:00.003 I/sysui_multi_action( 1504): [757,803,799,dnd_type_0,802,425539]
03-25 06:00:00.004 I/UsageStatsService( 1504): User[0] Time changed in by -7212 seconds
03-25 06:00:00.004 I/UsageStatsService( 1504): User[0] Flushing usage stats to disk
03-25 06:00:00.004 I/GameModeConfig( 1504): isGameModeOn = false
03-25 06:00:00.015 I/UsageStatsDatabase( 1504): Time changed by -2h0m12s50ms. files deleted: 0 files moved: 4
03-25 06:00:00.020 I/UsageStatsService( 1504): User[0] Rollover scheduled @ 2023-03-26 21:30:32(1679837432625)
03-25 06:00:00.032 W/FreeFormWindowHelper( 1504): Current Display FreeFormTask is null
03-25 06:00:00.196 I/wm_destroy_activity( 1504): [0,249034024,25,com.thundercomm.screensaver/android.service.dreams.DreamActivity,finish-imm:idle]
03-25 06:00:00.207 I/commit_sys_config_file( 1504): [settings-0-0,2]
03-25 06:00:00.213 I/wm_on_stop_called( 4535): [249034024,android.service.dreams.DreamActivity,LIFECYCLER_STOP_ACTIVITY]
03-25 06:00:00.213 I/wm_on_destroy_called( 4535): [249034024,android.service.dreams.DreamActivity,performDestroy]
03-25 06:00:00.213 I/DreamManagerService( 1504): Leaving dreamland.
03-25 06:00:00.214 I/DreamManagerService( 1504): Performing gentle wake from dream.
03-25 06:00:00.214 I/DreamController( 1504): Stopping dream: name=ComponentInfo{com.thundercomm.screensaver/com.thundercomm.screensaver.service.SystemDream}, isTest=false, canDoze=false, userId=0, reason='finished self'(from 'finished self')
03-25 06:00:00.214 I/sysui_multi_action( 1504): [757,222,758,2]
03-25 06:00:00.214 I/sysui_multi_action( 1504): [757,804,799,dreaming_minutes,801,0,802,1]
03-25 06:00:00.217 I/wm_task_removed( 1504): [25,removeChild:removeChild last r=ActivityRecord{ed7f528 u0 com.thundercomm.screensaver/android.service.dreams.DreamActivity t-1 f}} in t=Task{10a4140 #25 type=dream A=10045:android:com.thundercomm.screensaver/dream U=0 visible=false mode=fullscreen translucent=true sz=0}]
03-25 06:00:00.217 I/wm_task_removed( 1504): [25,removeChild]
03-25 06:00:00.218 W/ActivityTaskManager( 1504): Can't find TaskDisplayArea to determine support for multi window. Task id=25 attached=false
03-25 06:00:00.255 I/commit_sys_config_file( 1504): [notification-policy,1769738]
03-25 06:00:00.942 I/input_interaction( 1504): Interaction with: 300cccc StatusBar (server), edge-swipe (server), swipe-up (server), PointerEventDispatcher0 (server),
03-25 06:00:00.947 I/sysui_multi_action( 2355): [757,803,799,panel_open,802,1]
03-25 06:00:00.948 I/sysui_multi_action( 2355): [757,1328,758,4,1326,48,1327,1,1329,0]
03-25 06:00:01.004 I/sysui_multi_action( 1504): [757,127,758,1]
03-25 06:00:01.004 I/sysui_multi_action( 1504): [757,804,799,note_load,801,3,802,1]
03-25 06:00:01.004 I/notification_panel_revealed( 1504): 3
03-25 06:00:01.020 I/input_focus( 1504): [Focus request 94683a3 NotificationShade,reason=UpdateInputWindows]
03-25 06:00:01.030 I/sysui_multi_action( 1504): [757,128,758,1,793,-12284785,794,0,795,-12284785,796,26,798,0,806,android,857,DEVELOPER_IMPORTANT,858,4,947,0,1395,3,1500,-12284988,1688,1]
03-25 06:00:01.030 I/sysui_multi_action( 1504): [757,804,799,note_freshness,801,-12284785,802,1]
03-25 06:00:01.030 I/notification_visibility( 1504): [-1|android|26|null|1000,1,-12284785,-12284785,0,0]
03-25 06:00:01.030 I/sysui_multi_action( 1504): [757,128,758,1,793,-12021392,794,0,795,-12021392,796,17303299,797,com.android.wifi,798,1,806,android,857,NETWORK_AVAILABLE,858,2,947,0,1395,3,1500,-12021597,1688,1]
03-25 06:00:01.030 I/sysui_multi_action( 1504): [757,804,799,note_freshness,801,-12021392,802,1]
03-25 06:00:01.030 I/notification_visibility( 1504): [0|android|17303299|com.android.wifi|1000,1,-12021392,-12021392,0,1]
03-25 06:00:01.030 I/sysui_multi_action( 1504): [757,128,758,1,793,-12020597,794,0,795,-12020597,796,32,798,2,806,android,857,USB,858,1,947,0,1395,3,1500,-12020799,1688,1]
03-25 06:00:01.030 I/sysui_multi_action( 1504): [757,804,799,note_freshness,801,-12020597,802,1]
03-25 06:00:01.030 I/notification_visibility( 1504): [-1|android|32|null|1000,1,-12020597,-12020597,0,2]
03-25 06:00:01.049 I/input_focus( 1504): [Focus leaving d5729f7 com.android.launcher3/com.android.launcher3.uioverrides.QuickstepLauncher (server),reason=setFocusedWindow]
03-25 06:00:01.049 I/input_focus( 1504): [Focus entering 94683a3 NotificationShade (server),reason=setFocusedWindow]
03-25 06:00:01.064 I/sysui_multi_action( 2355): [757,111,758,1]
03-25 06:00:01.065 I/sysui_multi_action( 2355): [757,126,758,1,759,126,927,0,928,1,1593,0]
03-25 06:00:01.065 I/sysui_multi_action( 2355): [757,113,758,1,759,113,927,1,928,1,1593,0]
03-25 06:00:01.065 I/sysui_multi_action( 2355): [757,0,758,1,759,0,927,2,928,0,1593,0]
03-25 06:00:01.065 I/sysui_multi_action( 2355): [757,0,758,1,759,0,927,3,928,0,1593,0]
03-25 06:00:01.065 I/sysui_multi_action( 2355): [757,491,758,1,759,491,927,4,928,0,1311,-1,1593,0]
03-25 06:00:01.065 I/sysui_multi_action( 2355): [757,0,758,1,759,0,927,5,928,0,1593,0]
03-25 06:00:01.066 I/sysui_multi_action( 2355): [757,111,758,1]
03-25 06:00:01.066 I/sysui_multi_action( 2355): [757,126,758,1,759,126,927,0,928,1,1593,0]
03-25 06:00:01.066 I/sysui_multi_action( 2355): [757,113,758,1,759,113,927,1,928,1,1593,0]
03-25 06:00:01.066 I/sysui_multi_action( 2355): [757,0,758,1,759,0,927,2,928,0,1593,0]
03-25 06:00:01.066 I/sysui_multi_action( 2355): [757,0,758,1,759,0,927,3,928,0,1593,0]
03-25 05:00:00.001 E/LazyAlarmStore( 1504): Removed TIME_TICK alarm
03-25 05:00:00.002 I/am_wtf ( 1504): [0,1504,system_server,-1,LazyAlarmStore,Removed TIME_TICK alarm]
03-25 05:00:00.003 I/service_manager_stats( 1504): [100,47,147555]
03-25 05:00:00.006 D/DevicePolicyManager( 1504): updateSystemUpdateFreezePeriodsRecord
03-25 05:00:00.006 D/ConditionProviders.SCP( 1504): onReceive android.intent.action.TIME_SET
03-25 05:00:00.007 D/ConditionProviders.SCP( 1504): evaluateSubscriptionLocked cal=ScheduleCalendar[mDays={1, 2, 3, 4, 5, 6, 7}, mSchedule=ScheduleInfo{days=[1, 2, 3, 4, 5, 6, 7], startHour=22, startMinute=0, endHour=7, endMinute=0, exitAtAlarm=true, nextAlarm=Wed Dec 31 14:00:00 AKST 1969 (0)}], now=Sat Mar 25 05:00:00 AKDT 2023 (1679749200006), nextUserAlarmTime=Wed Dec 31 14:00:00 AKST 1969 (0)
03-25 05:00:00.007 D/ConditionProviders.SCP( 1504): notifyCondition condition://android/schedule?days=1.2.3.4.5.6.7&start=22.0&end=7.0&exitAtAlarm=true STATE_TRUE reason=meetsSchedule
03-25 05:00:00.008 D/ConditionProviders.SCP( 1504): Scheduling evaluate for Sat Mar 25 07:00:00 AKDT 2023 (1679756400000), in +1h59m59s994ms, now=Sat Mar 25 05:00:00 AKDT 2023 (1679749200006)
03-25 05:00:00.017 I/UsageStatsService( 1504): User[0] Time changed in by -3607 seconds
03-25 05:00:00.017 I/UsageStatsService( 1504): User[0] Flushing usage stats to disk
03-25 05:00:00.046 I/UsageStatsDatabase( 1504): Time changed by -1h0m7s48ms. files deleted: 0 files moved: 4
03-25 05:00:00.051 I/UsageStatsService( 1504): User[0] Rollover scheduled @ 2023-03-26 20:30:25(1679833825577)
03-25 05:00:02.150 W/BatteryExternalStatsWorker( 1504): error reading modem stats:ERROR_PHONE_NOT_AVAILABLE
03-25 05:00:02.178 E/KernelCpuSpeedReader( 1504): Failed to read cpu-freq: /sys/devices/system/cpu/cpu4/cpufreq/stats/time_in_state: open failed: ENOENT (No such file or directory)
03-25 05:00:02.178 E/KernelCpuSpeedReader( 1504): Failed to read cpu-freq: /sys/devices/system/cpu/cpu0/cpufreq/stats/time_in_state: open failed: ENOENT (No such file or directory)
03-25 05:00:02.179 I/auditd ( 569): type=1400 audit(0.0:601): avc: denied { read } for comm="Binder:569_2" name="wakeup58" dev="sysfs" ino=71811 scontext=u:r:system_suspend:s0 tcontext=u:object_r:sysfs:s0 tclass=dir permissive=0
03-25 05:00:02.179 I/auditd ( 569): type=1400 audit(0.0:602): avc: denied { read } for comm="Binder:569_2" name="wakeup4" dev="sysfs" ino=47054 scontext=u:r:system_suspend:s0 tcontext=u:object_r:sysfs:s0 tclass=dir permissive=0
03-25 05:00:02.179 I/auditd ( 569): type=1400 audit(0.0:603): avc: denied { read } for comm="Binder:569_2" name="wakeup76" dev="sysfs" ino=76734 scontext=u:r:system_suspend:s0 tcontext=u:object_r:sysfs:s0 tclass=dir permissive=0
03-25 05:00:02.179 I/auditd ( 569): type=1400 audit(0.0:604): avc: denied { read } for comm="Binder:569_2" name="wakeup28" dev="sysfs" ino=53259 scontext=u:r:system_suspend:s0 tcontext=u:object_r:sysfs:s0 tclass=dir permissive=0
03-25 05:00:02.179 I/auditd ( 569): type=1400 audit(0.0:605): avc: denied { read } for comm="Binder:569_2" name="wakeup56" dev="sysfs" ino=71739 scontext=u:r:system_suspend:s0 tcontext=u:object_r:sysfs:s0 tclass=dir permissive=0
01-03 10:24:32.425 W/audit ( 0): audit_lost=128 audit_rate_limit=5 audit_backlog_limit=64
01-03 10:24:32.425 E/audit ( 0): rate limit exceeded
03-25 05:00:02.213 I/commit_sys_config_file( 1504): [batterystats,4]
03-25 05:00:02.214 I/commit_sys_config_file( 1504): [batterystats,1]
03-25 05:00:20.058 I/commit_sys_config_file( 1504): [procstats,16]
01-03 10:24:56.072 D/cnss ( 0): Host time = 1825976390 us, device time = 1805730060 us, offset = 20246330 us
01-03 10:24:56.072 D/cnss ( 0): Updated time sync regs [0x984] = 0x134ef3a, [0x988] = 0x0
03-25 05:00:33.543 I/commit_sys_config_file( 1504): [appops,1800037]
03-25 05:00:47.154 V/DisplayPowerController[0]( 1504): Brightness [0.05] reason changing to: 'manual [ dim ]', previous reason: 'manual'.
03-25 05:00:47.154 I/sysui_multi_action( 1504): [757,1696,758,6,759,2]
03-25 05:00:47.154 W/PowerManagerService( 1504): Screen on took 54241 ms
03-25 05:00:47.166 E/DisplayDeviceConfig( 1504): requesting nits when no mapping exists.
03-25 05:00:47.166 E/DisplayDeviceConfig( 1504): requesting nits when no mapping exists.
03-25 05:00:47.167 I/am_wtf ( 1504): [0,1504,system_server,-1,DisplayDeviceConfig,requesting nits when no mapping exists.]
03-25 05:00:47.169 I/DropBoxManagerService( 1504): add tag=system_server_wtf isTagEnabled=true flags=0x2
03-25 05:00:47.173 I/am_wtf ( 1504): [0,1504,system_server,-1,DisplayDeviceConfig,requesting nits when no mapping exists.]
03-25 05:00:47.174 I/DropBoxManagerService( 1504): add tag=system_server_wtf isTagEnabled=true flags=0x2
03-25 05:00:47.181 E/DisplayDeviceConfig( 1504): requesting nits when no mapping exists.
03-25 05:00:47.182 E/DisplayDeviceConfig( 1504): requesting nits when no mapping exists.
03-25 05:00:47.182 I/am_wtf ( 1504): [0,1504,system_server,-1,DisplayDeviceConfig,requesting nits when no mapping exists.]
03-25 05:00:47.183 I/DropBoxManagerService( 1504): add tag=system_server_wtf isTagEnabled=true flags=0x2
03-25 05:00:47.184 I/am_wtf ( 1504): [0,1504,system_server,-1,DisplayDeviceConfig,requesting nits when no mapping exists.]
03-25 05:00:47.185 I/DropBoxManagerService( 1504): add tag=system_server_wtf isTagEnabled=true flags=0x2
03-25 05:00:47.194 E/DisplayDeviceConfig( 1504): requesting nits when no mapping exists.
03-25 05:00:47.195 E/DisplayDeviceConfig( 1504): requesting nits when no mapping exists.
03-25 05:00:47.195 I/am_wtf ( 1504): [0,1504,system_server,-1,DisplayDeviceConfig,requesting nits when no mapping exists.]
03-25 05:00:47.196 I/DropBoxManagerService( 1504): add tag=system_server_wtf isTagEnabled=true flags=0x2
03-25 05:00:47.197 I/am_wtf ( 1504): [0,1504,system_server,-1,DisplayDeviceConfig,requesting nits when no mapping exists.]
03-25 05:00:47.211 E/DisplayDeviceConfig( 1504): requesting nits when no mapping exists.
03-25 05:00:47.211 E/DisplayDeviceConfig( 1504): requesting nits when no mapping exists.
03-25 05:00:47.211 I/am_wtf ( 1504): [0,1504,system_server,-1,DisplayDeviceConfig,requesting nits when no mapping exists.]
03-25 05:00:47.212 I/am_wtf ( 1504): [0,1504,system_server,-1,DisplayDeviceConfig,requesting nits when no mapping exists.]
03-25 05:00:47.228 E/DisplayDeviceConfig( 1504): requesting nits when no mapping exists.
03-25 05:00:47.229 I/am_wtf ( 1504): [0,1504,system_server,-1,DisplayDeviceConfig,requesting nits when no mapping exists.]
03-25 05:00:47.229 E/DisplayDeviceConfig( 1504): requesting nits when no mapping exists.
03-25 05:00:47.230 I/am_wtf ( 1504): [0,1504,system_server,-1,DisplayDeviceConfig,requesting nits when no mapping exists.]
03-25 05:00:47.244 E/DisplayDeviceConfig( 1504): requesting nits when no mapping exists.
03-25 05:00:47.245 I/am_wtf ( 1504): [0,1504,system_server,-1,DisplayDeviceConfig,requesting nits when no mapping exists.]
03-25 05:00:47.245 E/DisplayDeviceConfig( 1504): requesting nits when no mapping exists.
03-25 05:00:47.246 I/am_wtf ( 1504): [0,1504,system_server,-1,DisplayDeviceConfig,requesting nits when no mapping exists.]
03-25 05:00:47.261 E/DisplayDeviceConfig( 1504): requesting nits when no mapping exists.
