03-25 09:41:58.551 I/sysui_multi_action( 1504): [757,803,799,window_time_0,802,61]
03-25 09:41:58.551 I/wm_on_create_called( 4535): [216635958,android.service.dreams.DreamActivity,performCreate]
03-25 09:41:58.552 I/wm_on_start_called( 4535): [216635958,android.service.dreams.DreamActivity,handleStartActivity]
03-25 09:41:58.553 I/wm_on_resume_called( 4535): [216635958,android.service.dreams.DreamActivity,RESUME_ACTIVITY]
03-25 09:41:58.554 W/WindowManager( 1504): Failed looking up window session=Session{c7c00bb 4535:u0a10045} callers=com.android.server.wm.WindowManagerService.windowForClientLocked:5628 com.android.server.wm.Session.insetsModified:629 android.view.IWindowSession$Stub.onTransact:1151
03-25 09:41:58.556 I/wm_on_top_resumed_gained_called( 4535): [216635958,android.service.dreams.DreamActivity,topStateChangedWhenResumed]
03-25 09:41:58.558 I/input_focus( 1504): [Focus leaving 94683a3 NotificationShade (server),reason=NOT_FOCUSABLE]
03-25 09:41:58.561 I/input_focus( 1504): [Focus request f2dba0e com.thundercomm.screensaver/android.service.dreams.DreamActivity,reason=UpdateInputWindows]
03-25 09:41:58.569 I/sysui_multi_action( 1504): [319,37,322,36,325,1320,757,761,758,8,759,2,806,com.thundercomm.screensaver,871,android.service.dreams.DreamActivity,904,com.thundercomm.screensaver,905,0,1320,4,1321,2]
03-25 09:41:58.570 I/wm_activity_launch_time( 1504): [0,216635958,com.thundercomm.screensaver/android.service.dreams.DreamActivity,36]
03-25 09:41:58.571 V/DisplayPowerController[0]( 1504): Brightness [0.1919192] reason changing to: 'manual', previous reason: 'manual [ dim ]'.
03-25 09:41:58.571 I/sysui_multi_action( 1504): [757,1696,758,6,759,3]
03-25 09:41:58.573 E/DisplayDeviceConfig( 1504): requesting nits when no mapping exists.
03-25 09:41:58.573 E/DisplayDeviceConfig( 1504): requesting nits when no mapping exists.
03-25 09:41:58.573 I/am_wtf ( 1504): [0,1504,system_server,-1,DisplayDeviceConfig,requesting nits when no mapping exists.]
03-25 09:41:58.574 I/am_wtf ( 1504): [0,1504,system_server,-1,DisplayDeviceConfig,requesting nits when no mapping exists.]
03-25 09:41:58.578 I/sysui_multi_action( 2355): [757,111,758,2]
03-25 09:41:58.578 I/sysui_multi_action( 2355): [757,111,758,2]
03-25 09:41:58.590 E/DisplayDeviceConfig( 1504): requesting nits when no mapping exists.
03-25 09:41:58.590 E/DisplayDeviceConfig( 1504): requesting nits when no mapping exists.
03-25 09:41:58.590 I/am_wtf ( 1504): [0,1504,system_server,-1,DisplayDeviceConfig,requesting nits when no mapping exists.]
03-25 09:41:58.591 I/sysui_multi_action( 2355): [757,111,758,1]
03-25 09:41:58.591 I/input_focus( 1504): [Focus entering f2dba0e com.thundercomm.screensaver/android.service.dreams.DreamActivity (server),reason=Window became focusable. Previous reason: NOT_VISIBLE]
03-25 09:41:58.591 I/sysui_multi_action( 2355): [757,126,758,1,759,126,927,0,928,1,1593,1]
03-25 09:41:58.591 I/am_wtf ( 1504): [0,1504,system_server,-1,DisplayDeviceConfig,requesting nits when no mapping exists.]
03-25 09:41:58.591 I/sysui_multi_action( 2355): [757,113,758,1,759,113,927,1,928,1,1593,1]
03-25 09:41:58.591 I/sysui_multi_action( 2355): [757,0,758,1,759,0,927,2,928,0,1593,1]
03-25 09:41:58.591 I/sysui_multi_action( 2355): [757,0,758,1,759,0,927,3,928,0,1593,1]
03-25 09:41:58.591 I/sysui_multi_action( 2355): [757,491,758,1,759,491,927,4,928,0,1311,-1,1593,1]
03-25 09:41:58.591 I/sysui_multi_action( 2355): [757,0,758,1,759,0,927,5,928,0,1593,1]
03-25 09:41:58.591 I/sysui_multi_action( 2355): [757,111,758,1]
03-25 09:41:58.591 I/sysui_multi_action( 2355): [757,126,758,1,759,126,927,0,928,1,1593,1]
03-25 09:41:58.591 I/sysui_multi_action( 2355): [757,113,758,1,759,113,927,1,928,1,1593,1]
03-25 09:41:58.591 I/sysui_multi_action( 2355): [757,0,758,1,759,0,927,2,928,0,1593,1]
03-25 09:41:58.591 I/sysui_multi_action( 2355): [757,0,758,1,759,0,927,3,928,0,1593,1]
03-25 09:41:58.607 E/DisplayDeviceConfig( 1504): requesting nits when no mapping exists.
03-25 09:41:58.607 E/DisplayDeviceConfig( 1504): requesting nits when no mapping exists.
03-25 09:41:58.607 I/am_wtf ( 1504): [0,1504,system_server,-1,DisplayDeviceConfig,requesting nits when no mapping exists.]
03-25 09:41:58.608 I/am_wtf ( 1504): [0,1504,system_server,-1,DisplayDeviceConfig,requesting nits when no mapping exists.]
03-25 09:41:58.624 E/DisplayDeviceConfig( 1504): requesting nits when no mapping exists.
03-25 09:41:58.624 E/DisplayDeviceConfig( 1504): requesting nits when no mapping exists.
03-25 09:41:58.624 I/am_wtf ( 1504): [0,1504,system_server,-1,DisplayDeviceConfig,requesting nits when no mapping exists.]
03-25 09:41:58.624 I/am_wtf ( 1504): [0,1504,system_server,-1,DisplayDeviceConfig,requesting nits when no mapping exists.]
03-25 09:41:58.640 E/DisplayDeviceConfig( 1504): requesting nits when no mapping exists.
03-25 09:41:58.641 E/DisplayDeviceConfig( 1504): requesting nits when no mapping exists.
03-25 09:41:58.641 I/am_wtf ( 1504): [0,1504,system_server,-1,DisplayDeviceConfig,requesting nits when no mapping exists.]
03-25 09:41:58.641 I/am_wtf ( 1504): [0,1504,system_server,-1,DisplayDeviceConfig,requesting nits when no mapping exists.]
03-25 09:41:58.646 W/FreeFormWindowHelper( 1504): Current Display FreeFormTask is null
03-25 09:41:58.657 E/DisplayDeviceConfig( 1504): requesting nits when no mapping exists.
03-25 09:41:58.657 E/DisplayDeviceConfig( 1504): requesting nits when no mapping exists.
03-25 09:41:58.657 I/am_wtf ( 1504): [0,1504,system_server,-1,DisplayDeviceConfig,requesting nits when no mapping exists.]
03-25 09:41:58.657 I/am_wtf ( 1504): [0,1504,system_server,-1,DisplayDeviceConfig,requesting nits when no mapping exists.]
03-25 09:41:58.674 E/DisplayDeviceConfig( 1504): requesting nits when no mapping exists.
03-25 09:41:58.674 E/DisplayDeviceConfig( 1504): requesting nits when no mapping exists.
03-25 09:41:58.674 I/am_wtf ( 1504): [0,1504,system_server,-1,DisplayDeviceConfig,requesting nits when no mapping exists.]
03-25 09:41:58.674 I/am_wtf ( 1504): [0,1504,system_server,-1,DisplayDeviceConfig,requesting nits when no mapping exists.]
03-25 09:41:58.690 E/DisplayDeviceConfig( 1504): requesting nits when no mapping exists.
03-25 09:41:58.690 E/DisplayDeviceConfig( 1504): requesting nits when no mapping exists.
03-25 09:41:58.691 I/am_wtf ( 1504): [0,1504,system_server,-1,DisplayDeviceConfig,requesting nits when no mapping exists.]
03-25 09:41:58.691 I/am_wtf ( 1504): [0,1504,system_server,-1,DisplayDeviceConfig,requesting nits when no mapping exists.]
03-25 09:41:58.707 E/DisplayDeviceConfig( 1504): requesting nits when no mapping exists.
03-25 09:41:58.707 E/DisplayDeviceConfig( 1504): requesting nits when no mapping exists.
03-25 09:41:58.707 I/am_wtf ( 1504): [0,1504,system_server,-1,DisplayDeviceConfig,requesting nits when no mapping exists.]
03-25 09:41:58.708 I/am_wtf ( 1504): [0,1504,system_server,-1,DisplayDeviceConfig,requesting nits when no mapping exists.]
03-25 09:41:58.724 E/DisplayDeviceConfig( 1504): requesting nits when no mapping exists.
03-25 09:41:58.724 E/DisplayDeviceConfig( 1504): requesting nits when no mapping exists.
03-25 09:41:58.724 I/am_wtf ( 1504): [0,1504,system_server,-1,DisplayDeviceConfig,requesting nits when no mapping exists.]
03-25 09:41:58.724 I/am_wtf ( 1504): [0,1504,system_server,-1,DisplayDeviceConfig,requesting nits when no mapping exists.]
03-25 09:41:58.842 I/sysui_multi_action( 2355): [757,111,758,2]
03-25 09:41:58.842 I/sysui_multi_action( 2355): [757,111,758,2]
03-25 09:41:58.860 I/wm_stop_activity( 1504): [0,31052584,com.android.launcher3/.uioverrides.QuickstepLauncher]
03-25 09:41:58.877 I/wm_on_stop_called( 2845): [31052584,com.android.launcher3.uioverrides.QuickstepLauncher,STOP_ACTIVITY_ITEM]
03-25 09:41:59.052 I/sysui_multi_action( 1504): [757,128,758,2,793,1033238,794,60674,795,1033238,796,26,798,0,806,android,857,DEVELOPER_IMPORTANT,858,4,947,0,1395,3,1500,1033035,1688,1]
03-25 09:41:59.053 I/notification_visibility( 1504): [-1|android|26|null|1000,0,1033238,1033238,0,0]
03-25 09:41:59.053 I/sysui_multi_action( 1504): [757,128,758,2,793,1296631,794,60674,795,1296631,796,17303299,797,com.android.wifi,798,1,806,android,857,NETWORK_AVAILABLE,858,2,947,0,1395,3,1500,1296426,1688,1]
03-25 09:41:59.053 I/notification_visibility( 1504): [0|android|17303299|com.android.wifi|1000,0,1296631,1296631,0,1]
03-25 09:41:59.053 I/sysui_multi_action( 1504): [757,128,758,2,793,1297426,794,60674,795,1297426,796,32,798,2,806,android,857,USB,858,1,947,0,1395,3,1500,1297224,1688,1]
03-25 09:41:59.053 I/notification_visibility( 1504): [-1|android|32|null|1000,0,1297426,1297426,0,2]
03-25 09:41:59.053 I/sysui_multi_action( 1504): [757,127,758,2]
03-25 09:41:59.053 I/notification_panel_hidden( 1504):
01-03 10:16:50.439 I/logd ( 0): logdr: UID=2000 GID=2000 PID=5797 b tail=0 logMask=99 pid=0 start=0ns deadline=0ns
03-25 09:42:33.934 I/input_interaction( 1504): Interaction with: f2dba0e com.thundercomm.screensaver/android.service.dreams.DreamActivity (server), edge-swipe (server), swipe-up (server), PointerEventDispatcher0 (server),
03-25 09:42:33.937 I/wm_finish_activity( 1504): [0,216635958,19,com.thundercomm.screensaver/android.service.dreams.DreamActivity,finish-activity]
03-25 09:42:33.938 I/wm_task_moved( 1504): [1,1,6]
03-25 09:42:33.939 I/wm_task_moved( 1504): [11,1,2147483647]
03-25 09:42:33.939 I/wm_task_to_front( 1504): [0,11]
03-25 09:42:33.939 I/wm_focused_root_task( 1504): [0,0,1,19,finish-top adjustFocusToNextFocusableTask]
03-25 09:42:33.940 I/wm_set_resumed_activity( 1504): [0,com.android.launcher3/.uioverrides.QuickstepLauncher,finish-top adjustFocusToNextFocusableTask]
03-25 09:42:33.940 I/wm_pause_activity( 1504): [0,216635958,com.thundercomm.screensaver/android.service.dreams.DreamActivity,userLeaving=false,finish]
03-25 09:42:33.947 I/DreamManagerService( 1504): Gently waking up from dream.
03-25 09:42:33.947 I/sysui_multi_action( 1504): [757,803,799,window_time_0,802,35]
03-25 09:42:33.948 I/DreamManagerService( 1504): Performing gentle wake from dream.
03-25 09:42:33.948 I/wm_on_top_resumed_lost_called( 4535): [216635958,android.service.dreams.DreamActivity,topStateChangedWhenResumed]
03-25 09:42:33.949 I/wm_on_paused_called( 4535): [216635958,android.service.dreams.DreamActivity,performPause]
03-25 09:42:33.949 I/wm_add_to_stopping( 1504): [0,216635958,com.thundercomm.screensaver/android.service.dreams.DreamActivity,completeFinishing]
03-25 09:42:33.950 I/ActivityTaskManager( 1504): FOREGROUND_APPLICATION_CHANGED to com.android.launcher3.uioverrides.QuickstepLauncher
03-25 09:42:33.951 I/wm_set_resumed_activity( 1504): [0,com.android.launcher3/.uioverrides.QuickstepLauncher,resumeTopActivityInnerLocked]
03-25 09:42:33.953 I/wm_resume_activity( 1504): [0,31052584,11,com.android.launcher3/.uioverrides.QuickstepLauncher]
03-25 09:42:33.960 I/input_focus( 1504): [Focus leaving f2dba0e com.thundercomm.screensaver/android.service.dreams.DreamActivity (server),reason=NO_WINDOW]
03-25 09:42:33.961 I/view_enqueue_input_event( 4535): [Motion - Cancel,com.thundercomm.screensaver/android.service.dreams.DreamActivity]
03-25 09:42:33.964 I/wm_on_restart_called( 2845): [31052584,com.android.launcher3.uioverrides.QuickstepLauncher,performRestartActivity]
03-25 09:42:33.964 I/wm_on_start_called( 2845): [31052584,com.android.launcher3.uioverrides.QuickstepLauncher,handleStartActivity]
03-25 09:42:33.964 I/wm_on_resume_called( 2845): [31052584,com.android.launcher3.uioverrides.QuickstepLauncher,RESUME_ACTIVITY]
03-25 09:42:33.964 I/wm_on_top_resumed_gained_called( 2845): [31052584,com.android.launcher3.uioverrides.QuickstepLauncher,topWhenResuming]
03-25 09:42:33.969 I/sysui_multi_action( 1504): [757,803,799,window_time_0,802,0]
03-25 09:42:33.971 I/input_interaction( 1504): Interaction with: edge-swipe (server), swipe-up (server), PointerEventDispatcher0 (server),
03-25 09:42:33.980 I/input_focus( 1504): [Focus request d5729f7 com.android.launcher3/com.android.launcher3.uioverrides.QuickstepLauncher,reason=UpdateInputWindows]
03-25 09:42:33.994 I/input_focus( 1504): [Focus entering d5729f7 com.android.launcher3/com.android.launcher3.uioverrides.QuickstepLauncher (server),reason=setFocusedWindow]
03-25 09:42:34.002 I/PowerManagerService( 1504): Powering on display group fromDreaming (groupId=0, uid=1000, reason=WAKE_REASON_UNKNOWN, details=android.server.power:DREAM_FINISHED)...
03-25 09:42:34.003 I/PowerManagerService( 1504): Waking up from Dreaming (uid=1000, reason=WAKE_REASON_UNKNOWN, details=android.server.power:DREAM_FINISHED)...
03-25 09:42:34.054 W/FreeFormWindowHelper( 1504): Current Display FreeFormTask is null
03-25 09:42:34.230 I/wm_destroy_activity( 1504): [0,216635958,19,com.thundercomm.screensaver/android.service.dreams.DreamActivity,finish-imm:idle]
03-25 09:42:34.252 I/wm_on_stop_called( 4535): [216635958,android.service.dreams.DreamActivity,LIFECYCLER_STOP_ACTIVITY]
03-25 09:42:34.253 I/wm_on_destroy_called( 4535): [216635958,android.service.dreams.DreamActivity,performDestroy]
03-25 09:42:34.253 I/DreamManagerService( 1504): Leaving dreamland.
03-25 09:42:34.254 I/DreamManagerService( 1504): Performing gentle wake from dream.
03-25 09:42:34.254 I/DreamController( 1504): Stopping dream: name=ComponentInfo{com.thundercomm.screensaver/com.thundercomm.screensaver.service.SystemDream}, isTest=false, canDoze=false, userId=0, reason='finished self'(from 'finished self')
03-25 09:42:34.254 I/sysui_multi_action( 1504): [757,222,758,2]
03-25 09:42:34.254 I/sysui_multi_action( 1504): [757,804,799,dreaming_minutes,801,0,802,1]
03-25 09:42:34.262 I/wm_task_removed( 1504): [19,removeChild:removeChild last r=ActivityRecord{ce99a36 u0 com.thundercomm.screensaver/android.service.dreams.DreamActivity t-1 f}} in t=Task{80f691a #19 type=dream A=10045:android:com.thundercomm.screensaver/dream U=0 visible=false mode=fullscreen translucent=true sz=0}]
03-25 09:42:34.262 I/wm_task_removed( 1504): [19,removeChild]
03-25 09:42:34.263 W/ActivityTaskManager( 1504): Can't find TaskDisplayArea to determine support for multi window. Task id=19 attached=false
03-25 09:42:34.783 I/input_interaction( 1504): Interaction with: 300cccc StatusBar (server), edge-swipe (server), swipe-up (server), PointerEventDispatcher0 (server),
03-25 09:42:34.789 I/sysui_multi_action( 2355): [757,803,799,panel_open,802,1]
03-25 09:42:34.790 I/sysui_multi_action( 2355): [757,1328,758,4,1326,44,1327,1,1329,0]
03-25 09:42:34.835 I/sysui_multi_action( 1504): [757,127,758,1]
03-25 09:42:34.835 I/sysui_multi_action( 1504): [757,804,799,note_load,801,3,802,1]
03-25 09:42:34.836 I/notification_panel_revealed( 1504): 3
03-25 09:42:34.846 I/input_focus( 1504): [Focus request 94683a3 NotificationShade,reason=UpdateInputWindows]
03-25 09:42:34.858 I/sysui_multi_action( 1504): [757,128,758,1,793,1069044,794,0,795,1069044,796,26,798,0,806,android,857,DEVELOPER_IMPORTANT,858,4,947,0,1395,3,1500,1068841,1688,1]
03-25 09:42:34.858 I/sysui_multi_action( 1504): [757,804,799,note_freshness,801,1069044,802,1]
03-25 09:42:34.858 I/notification_visibility( 1504): [-1|android|26|null|1000,1,1069044,1069044,0,0]
03-25 09:42:34.858 I/sysui_multi_action( 1504): [757,128,758,1,793,1332436,794,0,795,1332436,796,17303299,797,com.android.wifi,798,1,806,android,857,NETWORK_AVAILABLE,858,2,947,0,1395,3,1500,1332231,1688,1]
03-25 09:42:34.858 I/sysui_multi_action( 1504): [757,804,799,note_freshness,801,1332436,802,1]
03-25 09:42:34.858 I/notification_visibility( 1504): [0|android|17303299|com.android.wifi|1000,1,1332436,1332436,0,1]
03-25 09:42:34.858 I/sysui_multi_action( 1504): [757,128,758,1,793,1333231,794,0,795,1333231,796,32,798,2,806,android,857,USB,858,1,947,0,1395,3,1500,1333029,1688,1]
03-25 09:42:34.858 I/sysui_multi_action( 1504): [757,804,799,note_freshness,801,1333231,802,1]
03-25 09:42:34.859 I/notification_visibility( 1504): [-1|android|32|null|1000,1,1333231,1333231,0,2]
03-25 09:42:34.863 I/input_focus( 1504): [Focus leaving d5729f7 com.android.launcher3/com.android.launcher3.uioverrides.QuickstepLauncher (server),reason=setFocusedWindow]
03-25 09:42:34.864 I/input_focus( 1504): [Focus entering 94683a3 NotificationShade (server),reason=setFocusedWindow]
03-25 09:42:34.891 I/service_manager_stats( 1504): [100,50,151041]
03-25 09:42:34.929 I/sysui_multi_action( 2355): [757,111,758,1]
03-25 09:42:34.929 I/sysui_multi_action( 2355): [757,126,758,1,759,126,927,0,928,1,1593,0]
03-25 09:42:34.929 I/sysui_multi_action( 2355): [757,113,758,1,759,113,927,1,928,1,1593,0]
03-25 09:42:34.929 I/sysui_multi_action( 2355): [757,0,758,1,759,0,927,2,928,0,1593,0]
03-25 09:42:34.929 I/sysui_multi_action( 2355): [757,0,758,1,759,0,927,3,928,0,1593,0]
03-25 09:42:34.930 I/sysui_multi_action( 2355): [757,491,758,1,759,491,927,4,928,0,1311,-1,1593,0]
03-25 09:42:34.930 I/sysui_multi_action( 2355): [757,0,758,1,759,0,927,5,928,0,1593,0]
03-25 09:42:34.930 I/sysui_multi_action( 2355): [757,111,758,1]
03-25 09:42:34.931 I/sysui_multi_action( 2355): [757,126,758,1,759,126,927,0,928,1,1593,0]
03-25 09:42:34.931 I/sysui_multi_action( 2355): [757,113,758,1,759,113,927,1,928,1,1593,0]
03-25 09:42:34.931 I/sysui_multi_action( 2355): [757,0,758,1,759,0,927,2,928,0,1593,0]
03-25 09:42:34.931 I/sysui_multi_action( 2355): [757,0,758,1,759,0,927,3,928,0,1593,0]
03-25 09:42:43.686 D/ConditionProviders.SCP( 1504): onReceive android.intent.action.TIMEZONE_CHANGED
03-25 09:42:43.687 D/ConditionProviders.SCP( 1504): evaluateSubscriptionLocked cal=ScheduleCalendar[mDays={1, 2, 3, 4, 5, 6, 7}, mSchedule=ScheduleInfo{days=[1, 2, 3, 4, 5, 6, 7], startHour=22, startMinute=0, endHour=7, endMinute=0, exitAtAlarm=true, nextAlarm=Wed Dec 31 14:00:00 AKST 1969 (0)}], now=Sat Mar 25 09:42:43 AKDT 2023 (1679766163686), nextUserAlarmTime=Wed Dec 31 14:00:00 AKST 1969 (0)
03-25 09:42:43.688 D/ConditionProviders.SCP( 1504): notifyCondition condition://android/schedule?days=1.2.3.4.5.6.7&start=22.0&end=7.0&exitAtAlarm=true STATE_FALSE reason=!meetsSchedule
03-25 09:42:43.689 D/ConditionProviders.SCP( 1504): Scheduling evaluate for Sat Mar 25 22:00:00 AKDT 2023 (1679810400000), in +12h17m16s314ms, now=Sat Mar 25 09:42:43 AKDT 2023 (1679766163686)
03-25 09:42:43.690 D/CompatibilityChangeReporter( 1504): Compat change id reported: 171306433; UID 1000; state: ENABLED
03-25 09:42:43.692 I/am_uid_running( 1504): 10034
03-25 09:42:43.692 I/sysui_multi_action( 1504): [757,803,799,dnd_mode_0,802,1342197]
03-25 09:42:43.692 I/sysui_multi_action( 1504): [757,803,799,dnd_rule_count,802,0]
03-25 09:42:43.693 I/sysui_multi_action( 1504): [757,803,799,dnd_type_0,802,1342197]
03-25 09:42:43.693 D/CompatibilityChangeReporter( 1504): Compat change id reported: 135634846; UID 10034; state: DISABLED
03-25 09:42:43.693 D/CompatibilityChangeReporter( 1504): Compat change id reported: 177438394; UID 10034; state: DISABLED
03-25 09:42:43.693 D/CompatibilityChangeReporter( 1504): Compat change id reported: 135772972; UID 10034; state: DISABLED
03-25 09:42:43.693 D/CompatibilityChangeReporter( 1504): Compat change id reported: 135754954; UID 10034; state: ENABLED
03-25 09:42:43.694 D/CompatibilityChangeReporter( 1504): Compat change id reported: 143937733; UID 10034; state: ENABLED
03-25 09:42:43.700 I/GameModeConfig( 1504): isGameModeOn = false
03-25 09:42:43.701 I/am_proc_start( 1504): [0,5815,10034,com.android.providers.calendar,content provider,{com.android.providers.calendar/com.android.providers.calendar.CalendarProvider2}]
03-25 09:42:43.701 I/ActivityManager( 1504): Start proc 5815:com.android.providers.calendar/u0a34 for content provider {com.android.providers.calendar/com.android.providers.calendar.CalendarProvider2}
03-25 09:42:43.722 I/am_proc_bound( 1504): [0,5815,com.android.providers.calendar]
03-25 09:42:43.725 I/am_uid_active( 1504): 10034
01-03 10:17:17.686 I/binder ( 0): 5815:5815 ioctl 40046210 7fd5c529e4 returned -22
03-25 09:42:43.761 D/CompatibilityChangeReporter( 1504): Compat change id reported: 143231523; UID 1000; state: DISABLED
03-25 09:42:43.895 I/commit_sys_config_file( 1504): [settings-2-0,6]
03-25 09:42:43.904 I/commit_sys_config_file( 1504): [settings-0-0,4]
03-25 09:42:43.956 I/commit_sys_config_file( 1504): [notification-policy,1344211]
05-03 21:00:00.001 E/LazyAlarmStore( 1504): Removed TIME_TICK alarm
05-03 21:00:00.002 I/am_wtf ( 1504): [0,1504,system_server,-1,LazyAlarmStore,Removed TIME_TICK alarm]
05-03 21:00:00.004 I/DropBoxManagerService( 1504): add tag=system_server_wtf isTagEnabled=true flags=0x2
05-03 21:00:00.021 D/DevicePolicyManager( 1504): updateSystemUpdateFreezePeriodsRecord
05-03 21:00:00.021 W/SyncManager( 1504): Clock is valid now.
05-03 21:00:00.021 D/ConditionProviders.SCP( 1504): onReceive android.intent.action.TIME_SET
05-03 21:00:00.022 D/ConditionProviders.SCP( 1504): evaluateSubscriptionLocked cal=ScheduleCalendar[mDays={1, 2, 3, 4, 5, 6, 7}, mSchedule=ScheduleInfo{days=[1, 2, 3, 4, 5, 6, 7], startHour=22, startMinute=0, endHour=7, endMinute=0, exitAtAlarm=true, nextAlarm=Wed Dec 31 14:00:00 AKST 1969 (0)}], now=Wed May 03 21:00:00 AKDT 2023 (1683176400021), nextUserAlarmTime=Wed Dec 31 14:00:00 AKST 1969 (0)
05-03 21:00:00.022 D/ConditionProviders.SCP( 1504): notifyCondition condition://android/schedule?days=1.2.3.4.5.6.7&start=22.0&end=7.0&exitAtAlarm=true STATE_FALSE reason=!meetsSchedule
05-03 21:00:00.023 D/ConditionProviders.SCP( 1504): Scheduling evaluate for Wed May 03 22:00:00 AKDT 2023 (1683180000000), in +59m59s979ms, now=Wed May 03 21:00:00 AKDT 2023 (1683176400021)
05-03 21:00:00.029 D/CompatibilityChangeReporter( 1504): Compat change id reported: 171306433; UID 10034; state: ENABLED
05-03 21:00:00.032 I/am_uid_running( 1504): 10056
05-03 21:00:00.032 D/CompatibilityChangeReporter( 1504): Compat change id reported: 135634846; UID 10056; state: DISABLED
05-03 21:00:00.032 D/CompatibilityChangeReporter( 1504): Compat change id reported: 177438394; UID 10056; state: DISABLED
05-03 21:00:00.033 D/CompatibilityChangeReporter( 1504): Compat change id reported: 135772972; UID 10056; state: DISABLED
05-03 21:00:00.033 D/CompatibilityChangeReporter( 1504): Compat change id reported: 135754954; UID 10056; state: ENABLED
05-03 21:00:00.033 D/CompatibilityChangeReporter( 1504): Compat change id reported: 143937733; UID 10056; state: ENABLED
05-03 21:00:00.043 I/am_proc_start( 1504): [0,5835,10056,com.qualcomm.timeservice,broadcast,{com.qualcomm.timeservice/com.qualcomm.timeservice.TimeServiceBroadcastReceiver}]
05-03 21:00:00.043 I/ActivityManager( 1504): Start proc 5835:com.qualcomm.timeservice/u0a56 for broadcast {com.qualcomm.timeservice/com.qualcomm.timeservice.TimeServiceBroadcastReceiver}
01-03 10:17:18.713 I/binder ( 0): 5835:5835 ioctl 40046210 7fd5c529e4 returned -22
05-03 21:00:00.072 I/am_proc_bound( 1504): [0,5835,com.qualcomm.timeservice]
05-03 21:00:00.073 D/CompatibilityChangeReporter( 1504): Compat change id reported: 168419799; UID 10056; state: DISABLED
05-03 21:00:00.077 I/am_uid_active( 1504): 10056
05-03 21:00:05.056 D/CompatibilityChangeReporter( 1504): Compat change id reported: 143231523; UID 10034; state: DISABLED
01-03 10:17:40.288 I/[schedu][0x636f30264][21:00:21.642085] wlan( 0): [2145:I:OSIF] scan start scan id 40969
01-03 10:17:41.463 I/[schedu][0x6384b375e][21:00:22.816979] wlan( 0): [2145:I:OSIF] vdev 0, scan id 40969 type COMPLETED(1) reason COMPLETED(1) scan found 59 bss
05-03 21:00:43.455 V/DisplayPowerController[0]( 1504): Brightness [0.05] reason changing to: 'manual [ dim ]', previous reason: 'manual'.
05-03 21:00:43.455 I/sysui_multi_action( 1504): [757,1696,758,6,759,2]
05-03 21:00:43.455 W/PowerManagerService( 1504): Screen on took 54133 ms
05-03 21:00:43.457 E/DisplayDeviceConfig( 1504): requesting nits when no mapping exists.
05-03 21:00:43.457 E/DisplayDeviceConfig( 1504): requesting nits when no mapping exists.
05-03 21:00:43.457 I/am_wtf ( 1504): [0,1504,system_server,-1,DisplayDeviceConfig,requesting nits when no mapping exists.]
05-03 21:00:43.459 I/DropBoxManagerService( 1504): add tag=system_server_wtf isTagEnabled=true flags=0x2
05-03 21:00:43.461 I/am_wtf ( 1504): [0,1504,system_server,-1,DisplayDeviceConfig,requesting nits when no mapping exists.]
05-03 21:00:43.462 I/DropBoxManagerService( 1504): add tag=system_server_wtf isTagEnabled=true flags=0x2
05-03 21:00:43.472 E/DisplayDeviceConfig( 1504): requesting nits when no mapping exists.
05-03 21:00:43.473 E/DisplayDeviceConfig( 1504): requesting nits when no mapping exists.
05-03 21:00:43.473 I/am_wtf ( 1504): [0,1504,system_server,-1,DisplayDeviceConfig,requesting nits when no mapping exists.]
05-03 21:00:43.474 I/DropBoxManagerService( 1504): add tag=system_server_wtf isTagEnabled=true flags=0x2
05-03 21:00:43.475 I/am_wtf ( 1504): [0,1504,system_server,-1,DisplayDeviceConfig,requesting nits when no mapping exists.]
05-03 21:00:43.476 I/DropBoxManagerService( 1504): add tag=system_server_wtf isTagEnabled=true flags=0x2
05-03 21:00:43.489 E/DisplayDeviceConfig( 1504): requesting nits when no mapping exists.
05-03 21:00:43.490 E/DisplayDeviceConfig( 1504): requesting nits when no mapping exists.
05-03 21:00:43.490 I/am_wtf ( 1504): [0,1504,system_server,-1,DisplayDeviceConfig,requesting nits when no mapping exists.]
05-03 21:00:43.491 I/DropBoxManagerService( 1504): add tag=system_server_wtf isTagEnabled=true flags=0x2
05-03 21:00:43.492 I/am_wtf ( 1504): [0,1504,system_server,-1,DisplayDeviceConfig,requesting nits when no mapping exists.]
05-03 21:00:43.493 E/DisplayDeviceConfig( 1504): requesting nits when no mapping exists.
05-03 21:00:43.494 I/am_wtf ( 1504): [0,1504,system_server,-1,DisplayDeviceConfig,requesting nits when no mapping exists.]
05-03 21:00:43.494 E/DisplayDeviceConfig( 1504): requesting nits when no mapping exists.
05-03 21:00:43.495 I/am_wtf ( 1504): [0,1504,system_server,-1,DisplayDeviceConfig,requesting nits when no mapping exists.]
05-03 21:00:43.510 E/DisplayDeviceConfig( 1504): requesting nits when no mapping exists.
05-03 21:00:43.510 I/am_wtf ( 1504): [0,1504,system_server,-1,DisplayDeviceConfig,requesting nits when no mapping exists.]
05-03 21:00:43.510 E/DisplayDeviceConfig( 1504): requesting nits when no mapping exists.
05-03 21:00:43.511 I/am_wtf ( 1504): [0,1504,system_server,-1,DisplayDeviceConfig,requesting nits when no mapping exists.]
05-03 21:00:43.527 E/DisplayDeviceConfig( 1504): requesting nits when no mapping exists.
05-03 21:00:43.527 I/am_wtf ( 1504): [0,1504,system_server,-1,DisplayDeviceConfig,requesting nits when no mapping exists.]
05-03 21:00:43.527 E/DisplayDeviceConfig( 1504): requesting nits when no mapping exists.
05-03 21:00:43.528 I/am_wtf ( 1504): [0,1504,system_server,-1,DisplayDeviceConfig,requesting nits when no mapping exists.]
05-03 21:00:43.544 E/DisplayDeviceConfig( 1504): requesting nits when no mapping exists.
05-03 21:00:43.544 E/DisplayDeviceConfig( 1504): requesting nits when no mapping exists.
05-03 21:00:43.544 I/am_wtf ( 1504): [0,1504,system_server,-1,DisplayDeviceConfig,requesting nits when no mapping exists.]
05-03 21:00:43.545 I/am_wtf ( 1504): [0,1504,system_server,-1,DisplayDeviceConfig,requesting nits when no mapping exists.]
05-03 21:00:43.560 E/DisplayDeviceConfig( 1504): requesting nits when no mapping exists.
05-03 21:00:43.561 E/DisplayDeviceConfig( 1504): requesting nits when no mapping exists.
05-03 21:00:43.561 I/am_wtf ( 1504): [0,1504,system_server,-1,DisplayDeviceConfig,requesting nits when no mapping exists.]
05-03 21:00:43.562 I/am_wtf ( 1504): [0,1504,system_server,-1,DisplayDeviceConfig,requesting nits when no mapping exists.]
05-03 21:00:43.577 E/DisplayDeviceConfig( 1504): requesting nits when no mapping exists.
05-03 21:00:43.577 E/DisplayDeviceConfig( 1504): requesting nits when no mapping exists.
05-03 21:00:43.577 I/am_wtf ( 1504): [0,1504,system_server,-1,DisplayDeviceConfig,requesting nits when no mapping exists.]
05-03 21:00:43.578 I/am_wtf ( 1504): [0,1504,system_server,-1,DisplayDeviceConfig,requesting nits when no mapping exists.]
05-03 21:00:43.594 E/DisplayDeviceConfig( 1504): requesting nits when no mapping exists.
05-03 21:00:43.594 E/DisplayDeviceConfig( 1504): requesting nits when no mapping exists.
05-03 21:00:43.594 I/am_wtf ( 1504): [0,1504,system_server,-1,DisplayDeviceConfig,requesting nits when no mapping exists.]
05-03 21:00:43.595 I/am_wtf ( 1504): [0,1504,system_server,-1,DisplayDeviceConfig,requesting nits when no mapping exists.]
05-03 21:00:43.610 E/DisplayDeviceConfig( 1504): requesting nits when no mapping exists.
05-03 21:00:43.611 E/DisplayDeviceConfig( 1504): requesting nits when no mapping exists.
05-03 21:00:43.611 I/am_wtf ( 1504): [0,1504,system_server,-1,DisplayDeviceConfig,requesting nits when no mapping exists.]
05-03 21:00:43.612 I/am_wtf ( 1504): [0,1504,system_server,-1,DisplayDeviceConfig,requesting nits when no mapping exists.]
05-03 21:00:50.436 I/PowerManagerService( 1504): Napping display group (groupId=0, uid=1000)...
05-03 21:00:50.436 I/PowerManagerService( 1504): Nap time (uid 1000)...
05-03 21:00:50.438 I/DreamManagerService( 1504): Entering dreamland.
05-03 21:00:50.441 I/UsageStatsService( 1504): User[0] Time changed in by 3410235 seconds
05-03 21:00:50.441 I/PowerManagerService( 1504): Dreaming...
05-03 21:00:50.444 I/UsageStatsService( 1504): User[0] Flushing usage stats to disk
05-03 21:00:50.446 I/DreamController( 1504): Starting dream: name=ComponentInfo{com.thundercomm.screensaver/com.thundercomm.screensaver.service.SystemDream}, isTest=false, canDoze=false, userId=0
05-03 21:00:50.446 I/sysui_multi_action( 1504): [757,222,758,1]
05-03 21:00:50.459 I/ActivityTaskManager( 1504): START u0 {flg=0x10000000 pkg=com.thundercomm.screensaver cmp=com.thundercomm.screensaver/android.service.dreams.DreamActivity (has extras)} from uid 10045
05-03 21:00:50.461 I/wm_task_created( 1504): [20,-1]
05-03 21:00:50.461 W/ActivityTaskManager( 1504): Can't find TaskDisplayArea to determine support for multi window. Task id=20 attached=false
05-03 21:00:50.465 I/wm_task_moved( 1504): [20,1,7]
05-03 21:00:50.465 I/wm_task_to_front( 1504): [0,20]
05-03 21:00:50.466 I/wm_on_top_resumed_lost_called( 2845): [31052584,com.android.launcher3.uioverrides.QuickstepLauncher,topStateChangedWhenResumed]
05-03 21:00:50.466 I/wm_create_task( 1504): [0,20]
05-03 21:00:50.466 I/wm_create_activity( 1504): [0,143386640,20,com.thundercomm.screensaver/android.service.dreams.DreamActivity,NULL,NULL,NULL,276824064]
05-03 21:00:50.466 I/wm_task_moved( 1504): [20,1,7]
05-03 21:00:50.467 I/wm_pause_activity( 1504): [0,31052584,com.android.launcher3/.uioverrides.QuickstepLauncher,userLeaving=true,pauseBackTasks]
05-03 21:00:50.470 I/input_focus( 1504): [Focus request d5729f7 com.android.launcher3/com.android.launcher3.uioverrides.QuickstepLauncher,reason=UpdateInputWindows]
05-03 21:00:50.470 I/wm_on_paused_called( 2845): [31052584,com.android.launcher3.uioverrides.QuickstepLauncher,performPause]
05-03 21:00:50.471 I/ActivityTaskManager( 1504): FOREGROUND_APPLICATION_CHANGED to android.service.dreams.DreamActivity
05-03 21:00:50.471 I/ActivityTaskManager( 1504): The Process com.thundercomm.screensaver Already Exists in BG. So sending its PID: 4535
05-03 21:00:50.471 W/ActivityTaskManager( 1504): Tried to set launchTime (0) < mLastActivityLaunchTime (1320157)
05-03 21:00:50.471 I/wm_add_to_stopping( 1504): [0,31052584,com.android.launcher3/.uioverrides.QuickstepLauncher,makeInvisible]
05-03 21:00:50.471 I/wm_restart_activity( 1504): [0,143386640,20,com.thundercomm.screensaver/android.service.dreams.DreamActivity]
05-03 21:00:50.472 I/wm_set_resumed_activity( 1504): [0,com.thundercomm.screensaver/android.service.dreams.DreamActivity,minimalResumeActivityLocked]
05-03 21:00:50.477 I/sysui_multi_action( 1504): [757,803,799,window_time_0,802,61]
05-03 21:00:50.478 I/input_focus( 1504): [Focus leaving 94683a3 NotificationShade (server),reason=NOT_FOCUSABLE]
05-03 21:00:50.478 I/input_focus( 1504): [Focus entering d5729f7 com.android.launcher3/com.android.launcher3.uioverrides.QuickstepLauncher (server),reason=setFocusedWindow]
05-03 21:00:50.480 I/wm_on_create_called( 4535): [143386640,android.service.dreams.DreamActivity,performCreate]
05-03 21:00:50.480 I/wm_on_start_called( 4535): [143386640,android.service.dreams.DreamActivity,handleStartActivity]
05-03 21:00:50.482 I/wm_on_resume_called( 4535): [143386640,android.service.dreams.DreamActivity,RESUME_ACTIVITY]
05-03 21:00:50.483 I/UsageStatsDatabase( 1504): Time changed by +39d11h17m15s320ms. files deleted: 0 files moved: 4
05-03 21:00:50.484 W/WindowManager( 1504): Failed looking up window session=Session{c7c00bb 4535:u0a10045} callers=com.android.server.wm.WindowManagerService.windowForClientLocked:5628 com.android.server.wm.Session.insetsModified:629 android.view.IWindowSession$Stub.onTransact:1151
05-03 21:00:50.485 I/wm_on_top_resumed_gained_called( 4535): [143386640,android.service.dreams.DreamActivity,topStateChangedWhenResumed]
05-03 21:00:50.489 I/UsageStatsService( 1504): User[0] Rollover scheduled @ 2023-05-05 12:37:37(1683261457172)
05-03 21:00:50.494 I/input_focus( 1504): [Focus leaving d5729f7 com.android.launcher3/com.android.launcher3.uioverrides.QuickstepLauncher (server),reason=NO_WINDOW]
05-03 21:00:50.496 I/am_pss ( 1504): [5815,10034,com.android.providers.calendar,7542784,5197824,0,97546240,0,19,5]
05-03 21:00:50.500 I/input_focus( 1504): [Focus request 35ca8c3 com.thundercomm.screensaver/android.service.dreams.DreamActivity,reason=UpdateInputWindows]
05-03 21:00:50.502 I/am_pss ( 1504): [5835,10056,com.qualcomm.timeservice,5376000,3416064,0,88649728,0,19,5]
05-03 21:00:50.503 I/UsageStatsService( 1504): Time changed in by 3410235 seconds
05-03 21:00:50.508 I/sysui_multi_action( 1504): [319,48,322,47,325,1416,757,761,758,8,759,2,806,com.thundercomm.screensaver,871,android.service.dreams.DreamActivity,904,com.thundercomm.screensaver,905,0,1320,4,1321,2]
05-03 21:00:50.508 I/wm_activity_launch_time( 1504): [0,143386640,com.thundercomm.screensaver/android.service.dreams.DreamActivity,47]
05-03 21:00:50.508 V/DisplayPowerController[0]( 1504): Brightness [0.1919192] reason changing to: 'manual', previous reason: 'manual [ dim ]'.
05-03 21:00:50.508 I/sysui_multi_action( 1504): [757,1696,758,6,759,3]
05-03 21:00:50.513 I/sysui_multi_action( 2355): [757,111,758,2]
05-03 21:00:50.513 I/sysui_multi_action( 2355): [757,111,758,2]
05-03 21:00:50.526 E/DisplayDeviceConfig( 1504): requesting nits when no mapping exists.
05-03 21:00:50.526 E/DisplayDeviceConfig( 1504): requesting nits when no mapping exists.
05-03 21:00:50.526 I/am_wtf ( 1504): [0,1504,system_server,-1,DisplayDeviceConfig,requesting nits when no mapping exists.]
05-03 21:00:50.526 I/am_wtf ( 1504): [0,1504,system_server,-1,DisplayDeviceConfig,requesting nits when no mapping exists.]
05-03 21:00:50.526 I/sysui_multi_action( 2355): [757,111,758,1]
05-03 21:00:50.526 I/sysui_multi_action( 2355): [757,126,758,1,759,126,927,0,928,1,1593,1]
05-03 21:00:50.527 I/sysui_multi_action( 2355): [757,113,758,1,759,113,927,1,928,1,1593,1]
05-03 21:00:50.527 I/sysui_multi_action( 2355): [757,0,758,1,759,0,927,2,928,0,1593,1]
05-03 21:00:50.527 I/sysui_multi_action( 2355): [757,0,758,1,759,0,927,3,928,0,1593,1]
05-03 21:00:50.527 I/input_focus( 1504): [Focus entering 35ca8c3 com.thundercomm.screensaver/android.service.dreams.DreamActivity (server),reason=Window became focusable. Previous reason: NOT_VISIBLE]
05-03 21:00:50.527 I/sysui_multi_action( 2355): [757,491,758,1,759,491,927,4,928,0,1311,-1,1593,1]
05-03 21:00:50.527 I/sysui_multi_action( 2355): [757,0,758,1,759,0,927,5,928,0,1593,1]
05-03 21:00:50.527 I/sysui_multi_action( 2355): [757,111,758,1]
05-03 21:00:50.527 I/sysui_multi_action( 2355): [757,126,758,1,759,126,927,0,928,1,1593,1]
05-03 21:00:50.527 I/sysui_multi_action( 2355): [757,113,758,1,759,113,927,1,928,1,1593,1]
05-03 21:00:50.527 I/sysui_multi_action( 2355): [757,0,758,1,759,0,927,2,928,0,1593,1]
05-03 21:00:50.527 I/sysui_multi_action( 2355): [757,0,758,1,759,0,927,3,928,0,1593,1]
05-03 21:00:50.542 E/DisplayDeviceConfig( 1504): requesting nits when no mapping exists.
05-03 21:00:50.543 E/DisplayDeviceConfig( 1504): requesting nits when no mapping exists.
05-03 21:00:50.543 I/am_wtf ( 1504): [0,1504,system_server,-1,DisplayDeviceConfig,requesting nits when no mapping exists.]
05-03 21:00:50.543 I/am_wtf ( 1504): [0,1504,system_server,-1,DisplayDeviceConfig,requesting nits when no mapping exists.]
05-03 21:00:50.560 E/DisplayDeviceConfig( 1504): requesting nits when no mapping exists.
05-03 21:00:50.560 E/DisplayDeviceConfig( 1504): requesting nits when no mapping exists.
05-03 21:00:50.560 I/am_wtf ( 1504): [0,1504,system_server,-1,DisplayDeviceConfig,requesting nits when no mapping exists.]
05-03 21:00:50.560 I/am_wtf ( 1504): [0,1504,system_server,-1,DisplayDeviceConfig,requesting nits when no mapping exists.]
05-03 21:00:50.573 W/FreeFormWindowHelper( 1504): Current Display FreeFormTask is null
05-03 21:00:50.576 E/DisplayDeviceConfig( 1504): requesting nits when no mapping exists.
05-03 21:00:50.576 E/DisplayDeviceConfig( 1504): requesting nits when no mapping exists.
05-03 21:00:50.576 I/am_wtf ( 1504): [0,1504,system_server,-1,DisplayDeviceConfig,requesting nits when no mapping exists.]
05-03 21:00:50.577 I/am_wtf ( 1504): [0,1504,system_server,-1,DisplayDeviceConfig,requesting nits when no mapping exists.]
05-03 21:00:50.593 E/DisplayDeviceConfig( 1504): requesting nits when no mapping exists.
05-03 21:00:50.593 E/DisplayDeviceConfig( 1504): requesting nits when no mapping exists.
05-03 21:00:50.593 I/am_wtf ( 1504): [0,1504,system_server,-1,DisplayDeviceConfig,requesting nits when no mapping exists.]
05-03 21:00:50.593 I/am_wtf ( 1504): [0,1504,system_server,-1,DisplayDeviceConfig,requesting nits when no mapping exists.]
05-03 21:00:50.610 E/DisplayDeviceConfig( 1504): requesting nits when no mapping exists.
05-03 21:00:50.610 E/DisplayDeviceConfig( 1504): requesting nits when no mapping exists.
05-03 21:00:50.610 I/am_wtf ( 1504): [0,1504,system_server,-1,DisplayDeviceConfig,requesting nits when no mapping exists.]
05-03 21:00:50.610 I/am_wtf ( 1504): [0,1504,system_server,-1,DisplayDeviceConfig,requesting nits when no mapping exists.]
05-03 21:00:50.626 E/DisplayDeviceConfig( 1504): requesting nits when no mapping exists.
05-03 21:00:50.626 E/DisplayDeviceConfig( 1504): requesting nits when no mapping exists.
05-03 21:00:50.627 I/am_wtf ( 1504): [0,1504,system_server,-1,DisplayDeviceConfig,requesting nits when no mapping exists.]
05-03 21:00:50.627 I/am_wtf ( 1504): [0,1504,system_server,-1,DisplayDeviceConfig,requesting nits when no mapping exists.]
05-03 21:00:50.643 E/DisplayDeviceConfig( 1504): requesting nits when no mapping exists.
05-03 21:00:50.643 E/DisplayDeviceConfig( 1504): requesting nits when no mapping exists.
05-03 21:00:50.643 I/am_wtf ( 1504): [0,1504,system_server,-1,DisplayDeviceConfig,requesting nits when no mapping exists.]
05-03 21:00:50.644 I/am_wtf ( 1504): [0,1504,system_server,-1,DisplayDeviceConfig,requesting nits when no mapping exists.]
05-03 21:00:50.660 E/DisplayDeviceConfig( 1504): requesting nits when no mapping exists.
05-03 21:00:50.660 E/DisplayDeviceConfig( 1504): requesting nits when no mapping exists.
05-03 21:00:50.660 I/am_wtf ( 1504): [0,1504,system_server,-1,DisplayDeviceConfig,requesting nits when no mapping exists.]
05-03 21:00:50.660 I/am_wtf ( 1504): [0,1504,system_server,-1,DisplayDeviceConfig,requesting nits when no mapping exists.]
05-03 21:00:50.761 I/sysui_multi_action( 2355): [757,111,758,2]
05-03 21:00:50.761 I/sysui_multi_action( 2355): [757,111,758,2]
05-03 21:00:50.795 I/wm_stop_activity( 1504): [0,31052584,com.android.launcher3/.uioverrides.QuickstepLauncher]
05-03 21:00:50.813 I/wm_on_stop_called( 2845): [31052584,com.android.launcher3.uioverrides.QuickstepLauncher,STOP_ACTIVITY_ITEM]
05-03 21:00:50.971 I/sysui_multi_action( 1504): [757,128,758,2,793,-883602139,794,-884671183,795,-883602139,796,26,798,0,806,android,857,DEVELOPER_IMPORTANT,858,4,947,0,1395,3,1500,-883602342,1688,1]
05-03 21:00:50.971 I/notification_visibility( 1504): [-1|android|26|null|1000,0,-883602139,-883602139,0,0]
05-03 21:00:50.971 I/sysui_multi_action( 1504): [757,128,758,2,793,-883338747,794,-884671183,795,-883338747,796,17303299,797,com.android.wifi,798,1,806,android,857,NETWORK_AVAILABLE,858,2,947,0,1395,3,1500,-883338952,1688,1]
05-03 21:00:50.971 I/notification_visibility( 1504): [0|android|17303299|com.android.wifi|1000,0,-883338747,-883338747,0,1]
05-03 21:00:50.971 I/sysui_multi_action( 1504): [757,128,758,2,793,-883337952,794,-884671183,795,-883337952,796,32,798,2,806,android,857,USB,858,1,947,0,1395,3,1500,-883338154,1688,1]
05-03 21:00:50.972 I/notification_visibility( 1504): [-1|android|32|null|1000,0,-883337952,-883337952,0,2]
05-03 21:00:50.972 I/sysui_multi_action( 1504): [757,127,758,2]
05-03 21:00:50.972 I/notification_panel_hidden( 1504):
05-01 21:00:00.001 E/LazyAlarmStore( 1504): Removed TIME_TICK alarm
05-01 21:00:00.002 I/am_wtf ( 1504): [0,1504,system_server,-1,LazyAlarmStore,Removed TIME_TICK alarm]
05-01 21:00:00.004 I/DropBoxManagerService( 1504): add tag=system_server_wtf isTagEnabled=true flags=0x2
05-01 21:00:00.025 D/DevicePolicyManager( 1504): updateSystemUpdateFreezePeriodsRecord
05-01 21:00:00.026 D/ConditionProviders.SCP( 1504): onReceive android.intent.action.TIME_SET
05-01 21:00:00.026 D/ConditionProviders.SCP( 1504): evaluateSubscriptionLocked cal=ScheduleCalendar[mDays={1, 2, 3, 4, 5, 6, 7}, mSchedule=ScheduleInfo{days=[1, 2, 3, 4, 5, 6, 7], startHour=22, startMinute=0, endHour=7, endMinute=0, exitAtAlarm=true, nextAlarm=Wed Dec 31 14:00:00 AKST 1969 (0)}], now=Mon May 01 21:00:00 AKDT 2023 (1683003600026), nextUserAlarmTime=Wed Dec 31 14:00:00 AKST 1969 (0)
05-01 21:00:00.026 D/ConditionProviders.SCP( 1504): notifyCondition condition://android/schedule?days=1.2.3.4.5.6.7&start=22.0&end=7.0&exitAtAlarm=true STATE_FALSE reason=!meetsSchedule
05-01 21:00:00.027 D/ConditionProviders.SCP( 1504): Scheduling evaluate for Mon May 01 22:00:00 AKDT 2023 (1683007200000), in +59m59s974ms, now=Mon May 01 21:00:00 AKDT 2023 (1683003600026)
05-01 21:00:00.037 I/UsageStatsService( 1504): User[0] Time changed in by -172862 seconds
05-01 21:00:00.037 I/UsageStatsService( 1504): User[0] Flushing usage stats to disk
05-01 21:00:00.056 I/UsageStatsDatabase( 1504): Time changed by -2d0h1m2s303ms. files deleted: 0 files moved: 4
05-01 21:00:00.060 I/UsageStatsService( 1504): User[0] Rollover scheduled @ 2023-05-03 12:36:34(1683088594869)
05-01 21:00:10.854 I/input_interaction( 1504): Interaction with: 35ca8c3 com.thundercomm.screensaver/android.service.dreams.DreamActivity (server), edge-swipe (server), swipe-up (server), PointerEventDispatcher0 (server),
05-01 21:00:10.856 I/wm_finish_activity( 1504): [0,143386640,20,com.thundercomm.screensaver/android.service.dreams.DreamActivity,finish-activity]
05-01 21:00:10.857 I/wm_task_moved( 1504): [1,1,6]
05-01 21:00:10.857 I/wm_task_moved( 1504): [11,1,2147483647]
05-01 21:00:10.857 I/wm_task_to_front( 1504): [0,11]
05-01 21:00:10.858 I/wm_focused_root_task( 1504): [0,0,1,20,finish-top adjustFocusToNextFocusableTask]
05-01 21:00:10.858 I/wm_set_resumed_activity( 1504): [0,com.android.launcher3/.uioverrides.QuickstepLauncher,finish-top adjustFocusToNextFocusableTask]
05-01 21:00:10.859 I/wm_pause_activity( 1504): [0,143386640,com.thundercomm.screensaver/android.service.dreams.DreamActivity,userLeaving=false,finish]
05-01 21:00:10.864 I/DreamManagerService( 1504): Gently waking up from dream.
05-01 21:00:10.865 I/wm_on_top_resumed_lost_called( 4535): [143386640,android.service.dreams.DreamActivity,topStateChangedWhenResumed]
05-01 21:00:10.865 I/DreamManagerService( 1504): Performing gentle wake from dream.
05-01 21:00:10.865 I/sysui_multi_action( 1504): [757,803,799,window_time_0,802,23]
05-01 21:00:10.866 I/wm_on_paused_called( 4535): [143386640,android.service.dreams.DreamActivity,performPause]
05-01 21:00:10.866 I/wm_add_to_stopping( 1504): [0,143386640,com.thundercomm.screensaver/android.service.dreams.DreamActivity,completeFinishing]
05-01 21:00:10.867 I/ActivityTaskManager( 1504): FOREGROUND_APPLICATION_CHANGED to com.android.launcher3.uioverrides.QuickstepLauncher
05-01 21:00:10.869 I/wm_set_resumed_activity( 1504): [0,com.android.launcher3/.uioverrides.QuickstepLauncher,resumeTopActivityInnerLocked]
05-01 21:00:10.870 I/wm_resume_activity( 1504): [0,31052584,11,com.android.launcher3/.uioverrides.QuickstepLauncher]
05-01 21:00:10.876 I/UsageStatsService( 1504): Time changed in by -172862 seconds
05-01 21:00:10.878 I/sysui_multi_action( 1504): [757,803,799,window_time_0,802,0]
05-01 21:00:10.886 I/view_enqueue_input_event( 4535): [Motion - Cancel,com.thundercomm.screensaver/android.service.dreams.DreamActivity]
05-01 21:00:10.887 I/input_focus( 1504): [Focus leaving 35ca8c3 com.thundercomm.screensaver/android.service.dreams.DreamActivity (server),reason=NO_WINDOW]
05-01 21:00:10.887 I/wm_on_restart_called( 2845): [31052584,com.android.launcher3.uioverrides.QuickstepLauncher,performRestartActivity]
05-01 21:00:10.887 I/wm_on_start_called( 2845): [31052584,com.android.launcher3.uioverrides.QuickstepLauncher,handleStartActivity]
05-01 21:00:10.888 I/wm_on_resume_called( 2845): [31052584,com.android.launcher3.uioverrides.QuickstepLauncher,RESUME_ACTIVITY]
05-01 21:00:10.888 I/wm_on_top_resumed_gained_called( 2845): [31052584,com.android.launcher3.uioverrides.QuickstepLauncher,topWhenResuming]
05-01 21:00:10.891 I/input_interaction( 1504): Interaction with: edge-swipe (server), swipe-up (server), PointerEventDispatcher0 (server),
05-01 21:00:10.897 I/am_pss ( 1504): [5835,10056,com.qualcomm.timeservice,5388288,3428352,0,88662016,0,19,5]
05-01 21:00:10.898 I/input_focus( 1504): [Focus request d5729f7 com.android.launcher3/com.android.launcher3.uioverrides.QuickstepLauncher,reason=UpdateInputWindows]
05-01 21:00:10.913 I/input_focus( 1504): [Focus entering d5729f7 com.android.launcher3/com.android.launcher3.uioverrides.QuickstepLauncher (server),reason=setFocusedWindow]
05-01 21:00:10.915 I/PowerManagerService( 1504): Powering on display group fromDreaming (groupId=0, uid=1000, reason=WAKE_REASON_UNKNOWN, details=android.server.power:DREAM_FINISHED)...
05-01 21:00:10.915 I/PowerManagerService( 1504): Waking up from Dreaming (uid=1000, reason=WAKE_REASON_UNKNOWN, details=android.server.power:DREAM_FINISHED)...
05-01 21:00:10.971 W/FreeFormWindowHelper( 1504): Current Display FreeFormTask is null
05-01 21:00:11.151 I/wm_destroy_activity( 1504): [0,143386640,20,com.thundercomm.screensaver/android.service.dreams.DreamActivity,finish-imm:idle]
05-01 21:00:11.169 I/wm_on_stop_called( 4535): [143386640,android.service.dreams.DreamActivity,LIFECYCLER_STOP_ACTIVITY]
05-01 21:00:11.170 I/wm_on_destroy_called( 4535): [143386640,android.service.dreams.DreamActivity,performDestroy]
05-01 21:00:11.170 I/DreamManagerService( 1504): Leaving dreamland.
05-01 21:00:11.172 I/DreamManagerService( 1504): Performing gentle wake from dream.
05-01 21:00:11.172 I/DreamController( 1504): Stopping dream: name=ComponentInfo{com.thundercomm.screensaver/com.thundercomm.screensaver.service.SystemDream}, isTest=false, canDoze=false, userId=0, reason='finished self'(from 'finished self')
05-01 21:00:11.172 I/sysui_multi_action( 1504): [757,222,758,2]
05-01 21:00:11.172 I/sysui_multi_action( 1504): [757,804,799,dreaming_minutes,801,0,802,1]
05-01 21:00:11.180 I/wm_task_removed( 1504): [20,removeChild:removeChild last r=ActivityRecord{88be810 u0 com.thundercomm.screensaver/android.service.dreams.DreamActivity t-1 f}} in t=Task{460ac58 #20 type=dream A=10045:android:com.thundercomm.screensaver/dream U=0 visible=false mode=fullscreen translucent=true sz=0}]
05-01 21:00:11.180 I/wm_task_removed( 1504): [20,removeChild]
05-01 21:00:11.181 W/ActivityTaskManager( 1504): Can't find TaskDisplayArea to determine support for multi window. Task id=20 attached=false
05-01 21:00:11.689 I/input_interaction( 1504): Interaction with: 300cccc StatusBar (server), edge-swipe (server), swipe-up (server), PointerEventDispatcher0 (server),
05-01 21:00:11.693 I/sysui_multi_action( 2355): [757,803,799,panel_open,802,1]
05-01 21:00:11.695 I/sysui_multi_action( 2355): [757,1328,758,4,1326,40,1327,2,1329,0]
05-01 21:00:11.737 I/sysui_multi_action( 1504): [757,127,758,1]
05-01 21:00:11.737 I/sysui_multi_action( 1504): [757,804,799,note_load,801,3,802,1]
05-01 21:00:11.737 I/notification_panel_revealed( 1504): 3
05-01 21:00:11.750 I/input_focus( 1504): [Focus request 94683a3 NotificationShade,reason=UpdateInputWindows]
05-01 21:00:11.762 I/sysui_multi_action( 1504): [757,128,758,1,793,-1056441348,794,0,795,-1056441348,796,26,798,0,806,android,857,DEVELOPER_IMPORTANT,858,4,947,0,1395,3,1500,-1056441551,1688,1]
05-01 21:00:11.762 I/sysui_multi_action( 1504): [757,804,799,note_freshness,801,-1056441348,802,1]
05-01 21:00:11.762 I/notification_visibility( 1504): [-1|android|26|null|1000,1,-1056441348,-1056441348,0,0]
05-01 21:00:11.763 I/sysui_multi_action( 1504): [757,128,758,1,793,-1056177955,794,0,795,-1056177955,796,17303299,797,com.android.wifi,798,1,806,android,857,NETWORK_AVAILABLE,858,2,947,0,1395,3,1500,-1056178160,1688,1]
05-01 21:00:11.763 I/sysui_multi_action( 1504): [757,804,799,note_freshness,801,-1056177955,802,1]
05-01 21:00:11.763 I/notification_visibility( 1504): [0|android|17303299|com.android.wifi|1000,1,-1056177955,-1056177955,0,1]
05-01 21:00:11.763 I/sysui_multi_action( 1504): [757,128,758,1,793,-1056177160,794,0,795,-1056177160,796,32,798,2,806,android,857,USB,858,1,947,0,1395,3,1500,-1056177362,1688,1]
05-01 21:00:11.763 I/sysui_multi_action( 1504): [757,804,799,note_freshness,801,-1056177160,802,1]
05-01 21:00:11.763 I/notification_visibility( 1504): [-1|android|32|null|1000,1,-1056177160,-1056177160,0,2]
