03-25 09:20:20.173 I/sysui_multi_action( 1504): [757,1243,758,4,806,com.android.gallery3d,1241,android.permission.WRITE_EXTERNAL_STORAGE]
03-25 09:20:20.174 I/netstats_mobile_sample( 1504): [0,0,0,0,0,0,0,0,0,0,0,0,1679764820174]
03-25 09:20:20.174 I/netstats_wifi_sample( 1504): [0,0,0,0,0,0,0,0,0,0,0,0,1679764820174]
03-25 09:20:20.177 I/sysui_multi_action( 1504): [757,1243,758,4,806,com.android.gallery3d,1241,android.permission.READ_EXTERNAL_STORAGE]
03-25 09:20:20.178 I/netstats_mobile_sample( 1504): [0,0,0,0,0,0,0,0,0,0,0,0,1679764820178]
03-25 09:20:20.178 I/netstats_wifi_sample( 1504): [0,0,0,0,0,0,0,0,0,0,0,0,1679764820178]
03-25 09:20:20.182 I/sysui_multi_action( 1504): [757,856,758,1,806,com.android.networkstack,857,connected_note_loud,858,4]
03-25 09:20:20.182 I/sysui_multi_action( 1504): [757,856,758,1,806,com.android.networkstack,857,connected_note,858,3]
03-25 09:20:20.188 I/netstats_mobile_sample( 1504): [0,0,0,0,0,0,0,0,0,0,0,0,1679764820188]
03-25 09:20:20.188 I/netstats_wifi_sample( 1504): [0,0,0,0,0,0,0,0,0,0,0,0,1679764820188]
03-25 09:20:20.191 I/sysui_multi_action( 1504): [757,856,758,1,806,com.android.networkstack.tethering,857,TETHERING_STATUS,858,2]
03-25 09:20:20.196 I/netstats_mobile_sample( 1504): [0,0,0,0,0,0,0,0,0,0,0,0,1679764820196]
03-25 09:20:20.196 I/netstats_wifi_sample( 1504): [0,0,0,0,0,0,0,0,0,0,0,0,1679764820196]
03-25 09:20:20.199 I/netstats_mobile_sample( 1504): [0,0,0,0,0,0,0,0,0,0,0,0,1679764820199]
03-25 09:20:20.199 I/netstats_wifi_sample( 1504): [0,0,0,0,0,0,0,0,0,0,0,0,1679764820199]
03-25 09:20:20.202 D/CompatibilityChangeReporter( 1504): Compat change id reported: 182478738; UID 1073; state: DISABLED
03-25 09:20:20.208 I/netstats_mobile_sample( 1504): [0,0,0,0,0,0,0,0,0,0,0,0,1679764820208]
03-25 09:20:20.208 I/netstats_wifi_sample( 1504): [0,0,0,0,0,0,0,0,0,0,0,0,1679764820208]
03-25 09:20:20.209 W/SystemServiceManager( 1504): Service com.android.role.RoleService took 72 ms in onStartUser-0
03-25 09:20:20.209 I/SystemServerTiming( 1504): ssm.onStartUser-0_com.android.server.vibrator.VibratorManagerService$Lifecycle
03-25 09:20:20.209 I/SystemServerTiming( 1504): ssm.onStartUser-0_com.android.server.alarm.AlarmManagerService
03-25 09:20:20.209 I/SystemServerTiming( 1504): ssm.onStartUser-0_com.android.server.devicestate.DeviceStateManagerService
03-25 09:20:20.209 I/SystemServerTiming( 1504): ssm.onStartUser-0_com.android.server.camera.CameraServiceProxy
03-25 09:20:20.209 I/SystemServerTiming( 1504): ssm.onStartUser-0_com.android.server.BluetoothService
03-25 09:20:20.209 I/SystemServerTiming( 1504): ssm.onStartUser-0_com.android.server.connectivity.IpConnectivityMetrics
03-25 09:20:20.209 I/SystemServerTiming( 1504): ssm.onStartUser-0_com.android.server.net.watchlist.NetworkWatchlistService$Lifecycle
03-25 09:20:20.209 I/SystemServerTiming( 1504): ssm.onStartUser-0_com.android.server.PinnerService
03-25 09:20:20.209 I/SystemServerTiming( 1504): ssm.onStartUser-0_com.google.android.startop.iorap.IorapForwardingService
03-25 09:20:20.209 I/SystemServerTiming( 1504): ssm.onStartUser-0_com.android.server.ActivityTriggerService
03-25 09:20:20.209 I/SystemServerTiming( 1504): ssm.onStartUser-0_com.android.server.integrity.AppIntegrityManagerService
03-25 09:20:20.210 I/SystemServerTiming( 1504): ssm.onStartUser-0_com.android.server.inputmethod.InputMethodManagerService$Lifecycle
03-25 09:20:20.210 I/SystemServerTiming( 1504): ssm.onStartUser-0_com.android.server.accessibility.AccessibilityManagerService$Lifecycle
03-25 09:20:20.210 I/SystemServerTiming( 1504): ssm.onStartUser-0_com.android.server.StorageManagerService$Lifecycle
03-25 09:20:20.210 V/StorageManagerService( 1504): Package com.sohu.inputmethod.sogou.car has legacy storage
03-25 09:20:20.210 V/StorageManagerService( 1504): Package android.frameworkres.overlay does not have legacy storage
03-25 09:20:20.210 V/StorageManagerService( 1504): Package com.android.cts.priv.ctsshim does not have legacy storage
03-25 09:20:20.210 V/StorageManagerService( 1504): Package com.thundercomm.gamemode.provider does not have legacy storage
03-25 09:20:20.210 V/StorageManagerService( 1504): Package com.thundercomm.gamemode does not have legacy storage
03-25 09:20:20.210 V/StorageManagerService( 1504): Package com.thundercomm.microservice does not have legacy storage
03-25 09:20:20.210 V/StorageManagerService( 1504): Package com.android.dynsystem does not have legacy storage
03-25 09:20:20.210 V/StorageManagerService( 1504): Package com.hht.lebocast does not have legacy storage
03-25 09:20:20.210 V/StorageManagerService( 1504): Package com.android.providers.calendar does not have legacy storage
03-25 09:20:20.210 V/StorageManagerService( 1504): Package com.android.providers.media does not have legacy storage
03-25 09:20:20.210 V/StorageManagerService( 1504): Package com.android.internal.systemui.navbar.gestural_wide_back does not have legacy storage
03-25 09:20:20.210 V/StorageManagerService( 1504): Package com.android.wallpapercropper does not have legacy storage
03-25 09:20:20.210 V/StorageManagerService( 1504): Package com.thundercomm.microsettings does not have legacy storage
03-25 09:20:20.210 V/StorageManagerService( 1504): Package com.qualcomm.qti.gpudrivers.kona.api30 does not have legacy storage
03-25 09:20:20.210 V/StorageManagerService( 1504): Package com.android.documentsui does not have legacy storage
03-25 09:20:20.210 V/StorageManagerService( 1504): Package com.android.externalstorage does not have legacy storage
03-25 09:20:20.211 V/StorageManagerService( 1504): Package com.android.htmlviewer does not have legacy storage
03-25 09:20:20.211 V/StorageManagerService( 1504): Package com.qualcomm.qti.uceShimService does not have legacy storage
03-25 09:20:20.211 V/StorageManagerService( 1504): Package com.android.companiondevicemanager does not have legacy storage
03-25 09:20:20.211 V/StorageManagerService( 1504): Package com.qualcomm.qti.qms.service.connectionsecurity does not have legacy storage
03-25 09:20:20.211 V/StorageManagerService( 1504): Package com.android.providers.downloads does not have legacy storage
03-25 09:20:20.211 V/StorageManagerService( 1504): Package com.android.internal.systemui.onehanded.gestural does not have legacy storage
03-25 09:20:20.211 V/StorageManagerService( 1504): Package vendor.qti.hardware.cacert.server does not have legacy storage
03-25 09:20:20.211 V/StorageManagerService( 1504): Package com.thundercomm.tchttpserver does not have legacy storage
03-25 09:20:20.211 V/StorageManagerService( 1504): Package vendor.qti.iwlan does not have legacy storage
03-25 09:20:20.211 V/StorageManagerService( 1504): Package com.tc.logclient does not have legacy storage
03-25 09:20:20.211 V/StorageManagerService( 1504): Package android.qvaoverlay.common does not have legacy storage
03-25 09:20:20.211 V/StorageManagerService( 1504): Package com.android.providers.downloads.ui does not have legacy storage
03-25 09:20:20.211 V/StorageManagerService( 1504): Package com.android.pacprocessor does not have legacy storage
03-25 09:20:20.211 V/StorageManagerService( 1504): Package com.android.networkstack does not have legacy storage
03-25 09:20:20.211 V/StorageManagerService( 1504): Package android.overlay.common does not have legacy storage
03-25 09:20:20.211 V/StorageManagerService( 1504): Package com.android.connectivity.resources does not have legacy storage
03-25 09:20:20.211 V/StorageManagerService( 1504): Package com.android.modulemetadata does not have legacy storage
03-25 09:20:20.211 V/StorageManagerService( 1504): Package com.android.certinstaller does not have legacy storage
03-25 09:20:20.211 V/StorageManagerService( 1504): Package android does not have legacy storage
03-25 09:20:20.211 V/StorageManagerService( 1504): Package com.qualcomm.wfd.service does not have legacy storage
03-25 09:20:20.211 V/StorageManagerService( 1504): Package com.thundercomm.tcsetupwizard does not have legacy storage
03-25 09:20:20.211 V/StorageManagerService( 1504): Package ts.car.uart does not have legacy storage
03-25 09:20:20.211 V/StorageManagerService( 1504): Package com.android.egg does not have legacy storage
03-25 09:20:20.211 V/StorageManagerService( 1504): Package com.android.mtp does not have legacy storage
03-25 09:20:20.211 V/StorageManagerService( 1504): Package com.android.nfc does not have legacy storage
03-25 09:20:20.211 V/StorageManagerService( 1504): Package com.android.launcher3 does not have legacy storage
03-25 09:20:20.211 V/StorageManagerService( 1504): Package com.android.backupconfirm does not have legacy storage
03-25 09:20:20.211 V/StorageManagerService( 1504): Package vendor.qti.qesdk.sysservice does not have legacy storage
03-25 09:20:20.211 V/StorageManagerService( 1504): Package com.hryt.hiphishowfsecontrol does not have legacy storage
03-25 09:20:20.211 V/StorageManagerService( 1504): Package com.android.provision does not have legacy storage
03-25 09:20:20.212 V/StorageManagerService( 1504): Package com.thundercomm.debugtools does not have legacy storage
03-25 09:20:20.212 V/StorageManagerService( 1504): Package android.overlay.target does not have legacy storage
03-25 09:20:20.212 V/StorageManagerService( 1504): Package com.microsoft.emmx does not have legacy storage
03-25 09:20:20.212 V/StorageManagerService( 1504): Package com.qti.pasrservice does not have legacy storage
03-25 09:20:20.212 V/StorageManagerService( 1504): Package com.android.settings.intelligence does not have legacy storage
03-25 09:20:20.212 V/StorageManagerService( 1504): Package com.android.internal.systemui.navbar.gestural_extra_wide_back does not have legacy storage
03-25 09:20:20.212 V/StorageManagerService( 1504): Package com.qualcomm.qti.dynamicddsservice does not have legacy storage
03-25 09:20:20.212 V/StorageManagerService( 1504): Package com.qualcomm.qti.xrvd.service does not have legacy storage
03-25 09:20:20.212 V/StorageManagerService( 1504): Package com.android.providers.settings does not have legacy storage
03-25 09:20:20.212 V/StorageManagerService( 1504): Package com.android.sharedstoragebackup does not have legacy storage
03-25 09:20:20.212 V/StorageManagerService( 1504): Package com.android.printspooler does not have legacy storage
03-25 09:20:20.212 V/StorageManagerService( 1504): Package com.qti.qualcomm.mstatssystemservice does not have legacy storage
03-25 09:20:20.212 V/StorageManagerService( 1504): Package com.qualcomm.qti.services.systemhelper does not have legacy storage
03-25 09:20:20.212 V/StorageManagerService( 1504): Package com.android.wifi.resources.overlay.common does not have legacy storage
03-25 09:20:20.212 V/StorageManagerService( 1504): Package com.android.dreams.basic does not have legacy storage
03-25 09:20:20.212 V/StorageManagerService( 1504): Package com.android.webview does not have legacy storage
03-25 09:20:20.212 V/StorageManagerService( 1504): Package com.android.se does not have legacy storage
03-25 09:20:20.212 V/StorageManagerService( 1504): Package com.android.inputdevices does not have legacy storage
03-25 09:20:20.212 V/StorageManagerService( 1504): Package com.android.bips does not have legacy storage
03-25 09:20:20.212 V/StorageManagerService( 1504): Package com.qti.dpmserviceapp does not have legacy storage
03-25 09:20:20.212 V/StorageManagerService( 1504): Package com.thundercomm.remotecontrolservice does not have legacy storage
03-25 09:20:20.212 V/StorageManagerService( 1504): Package com.android.musicfx does not have legacy storage
03-25 09:20:20.212 V/StorageManagerService( 1504): Package com.android.settings.overlay.common does not have legacy storage
03-25 09:20:20.212 V/StorageManagerService( 1504): Package com.qualcomm.qti.qccnetstat does not have legacy storage
03-25 09:20:20.212 V/StorageManagerService( 1504): Package android.ext.shared does not have legacy storage
03-25 09:20:20.212 V/StorageManagerService( 1504): Package com.android.onetimeinitializer does not have legacy storage
03-25 09:20:20.212 V/StorageManagerService( 1504): Package com.android.server.telecom does not have legacy storage
03-25 09:20:20.212 V/StorageManagerService( 1504): Package com.android.keychain does not have legacy storage
03-25 09:20:20.212 V/StorageManagerService( 1504): Package com.qti.snapdragon.qdcm_ff does not have legacy storage
03-25 09:20:20.212 V/StorageManagerService( 1504): Package com.android.wifi.resources.overlay.target does not have legacy storage
03-25 09:20:20.212 V/StorageManagerService( 1504): Package com.android.printservice.recommendation does not have legacy storage
03-25 09:20:20.212 I/netstats_mobile_sample( 1504): [0,0,0,0,0,0,0,0,0,0,0,0,1679764820212]
03-25 09:20:20.212 V/StorageManagerService( 1504): Package com.android.gallery3d has legacy storage
03-25 09:20:20.212 I/netstats_wifi_sample( 1504): [0,0,0,0,0,0,0,0,0,0,0,0,1679764820212]
03-25 09:20:20.212 V/StorageManagerService( 1504): Package android.ext.services does not have legacy storage
03-25 09:20:20.212 V/StorageManagerService( 1504): Package com.android.wifi.resources does not have legacy storage
03-25 09:20:20.212 V/StorageManagerService( 1504): Package com.baidu.input does not have legacy storage
03-25 09:20:20.212 V/StorageManagerService( 1504): Package com.android.systemui.overlay.common does not have legacy storage
03-25 09:20:20.213 V/StorageManagerService( 1504): Package com.android.cameraextensions does not have legacy storage
03-25 09:20:20.213 V/StorageManagerService( 1504): Package com.thundercomm.tcservice does not have legacy storage
03-25 09:20:20.213 V/StorageManagerService( 1504): Package com.android.localtransport does not have legacy storage
03-25 09:20:20.213 V/StorageManagerService( 1504): Package com.android.packageinstaller does not have legacy storage
03-25 09:20:20.213 V/StorageManagerService( 1504): Package com.qualcomm.qti.devicestatisticsservice does not have legacy storage
03-25 09:20:20.213 V/StorageManagerService( 1504): Package com.android.theme.font.notoserifsource does not have legacy storage
03-25 09:20:20.213 V/StorageManagerService( 1504): Package com.android.proxyhandler does not have legacy storage
03-25 09:20:20.213 V/StorageManagerService( 1504): Package com.android.internal.display.cutout.emulation.waterfall does not have legacy storage
03-25 09:20:20.213 V/StorageManagerService( 1504): Package com.qualcomm.qti.workloadclassifier does not have legacy storage
03-25 09:20:20.213 V/StorageManagerService( 1504): Package com.android.inputmethod.latin does not have legacy storage
03-25 09:20:20.213 V/StorageManagerService( 1504): Package com.android.providers.settings.overlay does not have legacy storage
03-25 09:20:20.213 V/StorageManagerService( 1504): Package com.android.managedprovisioning does not have legacy storage
03-25 09:20:20.213 V/StorageManagerService( 1504): Package com.android.networkstack.tethering does not have legacy storage
03-25 09:20:20.213 V/StorageManagerService( 1504): Package com.android.soundpicker does not have legacy storage
03-25 09:20:20.213 V/StorageManagerService( 1504): Package com.android.dreams.phototable does not have legacy storage
03-25 09:20:20.213 V/StorageManagerService( 1504): Package com.thundercomm.screensaver does not have legacy storage
03-25 09:20:20.213 V/StorageManagerService( 1504): Package com.android.wallpaper.livepicker does not have legacy storage
03-25 09:20:20.213 V/StorageManagerService( 1504): Package com.android.apps.tag does not have legacy storage
03-25 09:20:20.213 V/StorageManagerService( 1504): Package com.android.storagemanager does not have legacy storage
03-25 09:20:20.213 V/StorageManagerService( 1504): Package com.android.bookmarkprovider does not have legacy storage
03-25 09:20:20.213 V/StorageManagerService( 1504): Package com.android.settings does not have legacy storage
03-25 09:20:20.213 V/StorageManagerService( 1504): Package com.android.networkstack.permissionconfig does not have legacy storage
03-25 09:20:20.213 V/StorageManagerService( 1504): Package com.qualcomm.location does not have legacy storage
03-25 09:20:20.213 V/StorageManagerService( 1504): Package com.android.cts.ctsshim does not have legacy storage
03-25 09:20:20.213 V/StorageManagerService( 1504): Package com.qti.diagservices does not have legacy storage
03-25 09:20:20.213 V/StorageManagerService( 1504): Package com.android.vpndialogs does not have legacy storage
03-25 09:20:20.213 V/StorageManagerService( 1504): Package com.qualcomm.location.XT does not have legacy storage
03-25 09:20:20.213 V/StorageManagerService( 1504): Package com.android.music does not have legacy storage
03-25 09:20:20.213 V/StorageManagerService( 1504): Package com.android.shell does not have legacy storage
03-25 09:20:20.213 V/StorageManagerService( 1504): Package com.android.wallpaperbackup does not have legacy storage
03-25 09:20:20.213 V/StorageManagerService( 1504): Package com.android.providers.userdictionary does not have legacy storage
03-25 09:20:20.214 V/StorageManagerService( 1504): Package com.android.providers.media.module does not have legacy storage
03-25 09:20:20.214 V/StorageManagerService( 1504): Package com.android.emergency does not have legacy storage
03-25 09:20:20.214 V/StorageManagerService( 1504): Package com.android.hotspot2.osulogin does not have legacy storage
03-25 09:20:20.214 V/StorageManagerService( 1504): Package com.qualcomm.qti.qdma does not have legacy storage
03-25 09:20:20.214 V/StorageManagerService( 1504): Package com.qualcomm.qti.xrcb does not have legacy storage
03-25 09:20:20.214 V/StorageManagerService( 1504): Package com.android.internal.systemui.navbar.gestural does not have legacy storage
03-25 09:20:20.214 V/StorageManagerService( 1504): Package com.android.location.fused does not have legacy storage
03-25 09:20:20.214 V/StorageManagerService( 1504): Package com.android.systemui does not have legacy storage
03-25 09:20:20.214 V/StorageManagerService( 1504): Package com.android.bluetoothmidiservice does not have legacy storage
03-25 09:20:20.214 V/StorageManagerService( 1504): Package com.qti.ltebc does not have legacy storage
03-25 09:20:20.214 V/StorageManagerService( 1504): Package com.android.permissioncontroller does not have legacy storage
03-25 09:20:20.214 V/StorageManagerService( 1504): Package com.android.traceur does not have legacy storage
03-25 09:20:20.214 V/StorageManagerService( 1504): Package com.qualcomm.qti.qccauthmgr does not have legacy storage
03-25 09:20:20.214 I/netstats_mobile_sample( 1504): [0,0,0,0,0,0,0,0,0,0,0,0,1679764820214]
03-25 09:20:20.214 I/netstats_wifi_sample( 1504): [0,0,0,0,0,0,0,0,0,0,0,0,1679764820214]
03-25 09:20:20.214 V/StorageManagerService( 1504): Package com.qualcomm.qti.qms.service.trustzoneaccess does not have legacy storage
03-25 09:20:20.214 V/StorageManagerService( 1504): Package com.qualcomm.qtil.aptxui does not have legacy storage
03-25 09:20:20.214 V/StorageManagerService( 1504): Package com.android.bluetooth does not have legacy storage
03-25 09:20:20.214 V/StorageManagerService( 1504): Package com.qualcomm.timeservice does not have legacy storage
03-25 09:20:20.214 V/StorageManagerService( 1504): Package com.qualcomm.embms does not have legacy storage
03-25 09:20:20.214 V/StorageManagerService( 1504): Package com.android.providers.contacts does not have legacy storage
03-25 09:20:20.214 V/StorageManagerService( 1504): Package com.android.captiveportallogin does not have legacy storage
03-25 09:20:20.214 V/StorageManagerService( 1504): Package com.android.internal.systemui.navbar.gestural_narrow_back does not have legacy storage
03-25 09:20:20.214 V/StorageManagerService( 1504): Package com.android.cellbroadcastreceiver.overlay.common does not have legacy storage
03-25 09:20:20.214 D/TelephonyRegistry( 1504): listen oscl: mHasNotifySubscriptionInfoChangedOccurred==false no callback
03-25 09:20:20.214 I/SystemServerTiming( 1504): ssm.onStartUser-0_com.android.server.usage.StorageStatsService$Lifecycle
03-25 09:20:20.214 I/SystemServerTiming( 1504): ssm.onStartUser-0_com.android.server.UiModeManagerService
03-25 09:20:20.214 I/SystemServerTiming( 1504): ssm.onStartUser-0_com.android.server.locksettings.LockSettingsService$Lifecycle
03-25 09:20:20.214 I/SystemServerTiming( 1504): ssm.onStartUser-0_com.android.server.PersistentDataBlockService
03-25 09:20:20.214 I/SystemServerTiming( 1504): ssm.onStartUser-0_com.android.server.testharness.TestHarnessModeService
03-25 09:20:20.214 I/SystemServerTiming( 1504): ssm.onStartUser-0_com.android.server.oemlock.OemLockService
03-25 09:20:20.214 D/CountryDetector( 1504): Using custom country detector class: com.android.server.location.ComprehensiveCountryDetector
03-25 09:20:20.215 E/CountryDetector( 1504): Could not instantiate the custom country detector class
03-25 09:20:20.215 D/CountryDetector( 1504): Using default country detector
03-25 09:20:20.215 I/SystemServerTiming( 1504): ssm.onStartUser-0_com.android.server.DeviceIdleController
03-25 09:20:20.215 I/SystemServerTiming( 1504): ssm.onStartUser-0_com.android.server.devicepolicy.DevicePolicyManagerService$Lifecycle
03-25 09:20:20.215 I/SystemServerTiming( 1504): ssm.onStartUser-0_com.android.server.texttospeech.TextToSpeechManagerService
03-25 09:20:20.215 I/SystemServerTiming( 1504): ssm.onStartUser-0_com.android.server.speech.SpeechRecognitionManagerService
03-25 09:20:20.215 I/SystemServerTiming( 1504): ssm.onStartUser-0_com.android.server.searchui.SearchUiManagerService
03-25 09:20:20.215 I/SystemServerTiming( 1504): ssm.onStartUser-0_com.android.server.smartspace.SmartspaceManagerService
03-25 09:20:20.215 I/SystemServerTiming( 1504): ssm.onStartUser-0_com.android.server.graphics.fonts.FontManagerService$Lifecycle
03-25 09:20:20.215 I/SystemServerTiming( 1504): ssm.onStartUser-0_com.android.server.textservices.TextServicesManagerService$Lifecycle
03-25 09:20:20.215 I/SystemServerTiming( 1504): ssm.onStartUser-0_com.android.server.textclassifier.TextClassificationManagerService$Lifecycle
03-25 09:20:20.215 I/SystemServerTiming( 1504): ssm.onStartUser-0_com.android.server.NetworkScoreService$Lifecycle
03-25 09:20:20.215 I/SystemServerTiming( 1504): ssm.onStartUser-0_com.android.server.wifi.WifiService
03-25 09:20:20.215 I/SystemServerTiming( 1504): ssm.onStartUser-0_com.android.server.wifi.scanner.WifiScanningService
03-25 09:20:20.215 I/SystemServerTiming( 1504): ssm.onStartUser-0_com.android.server.wifi.rtt.RttService
03-25 09:20:20.215 I/SystemServerTiming( 1504): ssm.onStartUser-0_com.android.server.wifi.aware.WifiAwareService
03-25 09:20:20.215 I/SystemServerTiming( 1504): ssm.onStartUser-0_com.android.server.wifi.p2p.WifiP2pService
03-25 09:20:20.215 I/SystemServerTiming( 1504): ssm.onStartUser-0_com.android.server.ethernet.EthernetService
03-25 09:20:20.215 I/SystemServerTiming( 1504): ssm.onStartUser-0_com.android.server.ConnectivityServiceInitializer
03-25 09:20:20.215 I/SystemServerTiming( 1504): ssm.onStartUser-0_com.android.server.notification.NotificationManagerService
03-25 09:20:20.216 I/SystemServerTiming( 1504): ssm.onStartUser-0_com.android.server.storage.DeviceStorageMonitorService
03-25 09:20:20.216 I/SystemServerTiming( 1504): ssm.onStartUser-0_com.android.server.location.LocationManagerService$Lifecycle
03-25 09:20:20.216 I/SystemServerTiming( 1504): ssm.onStartUser-0_com.android.server.timedetector.TimeDetectorService$Lifecycle
03-25 09:20:20.216 I/SystemServerTiming( 1504): ssm.onStartUser-0_com.android.server.timezonedetector.TimeZoneDetectorService$Lifecycle
03-25 09:20:20.216 I/SystemServerTiming( 1504): ssm.onStartUser-0_com.android.server.timezonedetector.location.LocationTimeZoneManagerService$Lifecycle
03-25 09:20:20.216 I/SystemServerTiming( 1504): ssm.onStartUser-0_com.android.server.search.SearchManagerService$Lifecycle
03-25 09:20:20.216 I/SystemServerTiming( 1504): ssm.onStartUser-0_com.android.server.wallpaper.WallpaperManagerService$Lifecycle
03-25 09:20:20.216 I/SystemServerTiming( 1504): ssm.onStartUser-0_com.android.server.audio.AudioService$Lifecycle
03-25 09:20:20.216 I/SystemServerTiming( 1504): ssm.onStartUser-0_com.android.server.soundtrigger_middleware.SoundTriggerMiddlewareService$Lifecycle
03-25 09:20:20.216 I/SystemServerTiming( 1504): ssm.onStartUser-0_com.android.server.DockObserver
03-25 09:20:20.216 I/SystemServerTiming( 1504): ssm.onStartUser-0_com.android.server.midi.MidiService$Lifecycle
03-25 09:20:20.216 I/SystemServerTiming( 1504): ssm.onStartUser-0_com.android.server.adb.AdbService$Lifecycle
03-25 09:20:20.216 I/SystemServerTiming( 1504): ssm.onStartUser-0_com.android.server.usb.UsbService$Lifecycle
03-25 09:20:20.216 I/SystemServerTiming( 1504): ssm.onStartUser-0_com.android.server.twilight.TwilightService
03-25 09:20:20.216 I/SystemServerTiming( 1504): ssm.onStartUser-0_com.android.server.display.color.ColorDisplayService
03-25 09:20:20.216 I/SystemServerTiming( 1504): ssm.onStartUser-0_com.android.server.job.JobSchedulerService
03-25 09:20:20.216 I/SystemServerTiming( 1504): ssm.onStartUser-0_com.android.server.soundtrigger.SoundTriggerService
03-25 09:20:20.216 I/SystemServerTiming( 1504): ssm.onStartUser-0_com.android.server.trust.TrustManagerService
03-25 09:20:20.216 I/SystemServerTiming( 1504): ssm.onStartUser-0_com.android.server.backup.BackupManagerService$Lifecycle
03-25 09:20:20.216 I/SystemServerTiming( 1504): ssm.onStartUser-0_com.android.server.appwidget.AppWidgetService
03-25 09:20:20.216 I/SystemServerTiming( 1504): ssm.onStartUser-0_com.android.server.voiceinteraction.VoiceInteractionManagerService
03-25 09:20:20.216 W/VoiceInteractionManager( 1504): no available voice recognition services found for user 0
03-25 09:20:20.216 I/SystemServerTiming( 1504): ssm.onStartUser-0_com.android.server.apphibernation.AppHibernationService
03-25 09:20:20.216 I/SystemServerTiming( 1504): ssm.onStartUser-0_com.android.server.SensorNotificationService
03-25 09:20:20.216 I/SystemServerTiming( 1504): ssm.onStartUser-0_com.android.server.emergency.EmergencyAffordanceService
03-25 09:20:20.216 I/SystemServerTiming( 1504): ssm.onStartUser-0_com.android.server.blob.BlobStoreManagerService
03-25 09:20:20.216 I/SystemServerTiming( 1504): ssm.onStartUser-0_com.android.server.dreams.DreamManagerService
03-25 09:20:20.216 I/SystemServerTiming( 1504): ssm.onStartUser-0_com.android.server.companion.CompanionDeviceManagerService
03-25 09:20:20.216 I/SystemServerTiming( 1504): ssm.onStartUser-0_com.android.server.restrictions.RestrictionsManagerService
03-25 09:20:20.216 I/SystemServerTiming( 1504): ssm.onStartUser-0_com.android.server.media.MediaSessionService
03-25 09:20:20.216 I/SystemServerTiming( 1504): ssm.onStartUser-0_com.android.server.media.MediaResourceMonitorService
03-25 09:20:20.216 I/SystemServerTiming( 1504): ssm.onStartUser-0_com.android.server.biometrics.sensors.fingerprint.FingerprintService
03-25 09:20:20.216 I/SystemServerTiming( 1504): ssm.onStartUser-0_com.android.server.biometrics.BiometricService
03-25 09:20:20.216 I/SystemServerTiming( 1504): ssm.onStartUser-0_com.android.server.biometrics.AuthService
03-25 09:20:20.216 I/SystemServerTiming( 1504): ssm.onStartUser-0_com.android.server.pm.ShortcutService$Lifecycle
03-25 09:20:20.216 I/SystemServerTiming( 1504): ssm.onStartUser-0_com.android.server.pm.LauncherAppsService
03-25 09:20:20.216 I/SystemServerTiming( 1504): ssm.onStartUser-0_com.android.server.pm.CrossProfileAppsService
03-25 09:20:20.216 I/SystemServerTiming( 1504): ssm.onStartUser-0_com.android.server.people.PeopleService
03-25 09:20:20.216 I/SystemServerTiming( 1504): ssm.onStartUser-0_com.android.server.media.metrics.MediaMetricsManagerService
03-25 09:20:20.216 I/SystemServerTiming( 1504): ssm.onStartUser-0_com.android.server.media.projection.MediaProjectionManagerService
03-25 09:20:20.216 I/SystemServerTiming( 1504): ssm.onStartUser-0_com.android.server.slice.SliceManagerService$Lifecycle
03-25 09:20:20.216 I/SystemServerTiming( 1504): ssm.onStartUser-0_com.android.server.stats.StatsCompanion$Lifecycle
03-25 09:20:20.216 I/SystemServerTiming( 1504): ssm.onStartUser-0_com.android.server.scheduling.RebootReadinessManagerService$Lifecycle
03-25 09:20:20.216 I/SystemServerTiming( 1504): ssm.onStartUser-0_com.android.server.stats.pull.StatsPullAtomService
03-25 09:20:20.216 I/SystemServerTiming( 1504): ssm.onStartUser-0_com.android.server.incident.IncidentCompanionService
03-25 09:20:20.216 I/SystemServerTiming( 1504): ssm.onStartUser-0_com.android.server.MmsServiceBroker
03-25 09:20:20.216 I/SystemServerTiming( 1504): ssm.onStartUser-0_com.android.server.autofill.AutofillManagerService
03-25 09:20:20.216 I/SystemServerTiming( 1504): ssm.onStartUser-0_com.android.server.clipboard.ClipboardService
03-25 09:20:20.216 I/SystemServerTiming( 1504): ssm.onStartUser-0_com.android.server.appbinding.AppBindingService$Lifecycle
03-25 09:20:20.216 W/AppBindingService( 1504): [Default SMS app] u0 Target package not found
03-25 09:20:20.216 I/SystemServerTiming( 1504): ssm.onStartUser-0_com.android.server.tracing.TracingServiceProxy
03-25 09:20:20.216 I/SystemServerTiming( 1504): ssm.onStartUser-0_com.android.server.policy.PermissionPolicyService
03-25 09:20:20.216 I/SystemServerTiming( 1504): ssm.onStartUser-0_com.android.server.pm.StagingManager$Lifecycle
03-25 09:20:20.216 I/SystemServerTiming( 1504): ssm.onStartUser-0_com.android.server.app.GameManagerService$Lifecycle
03-25 09:20:20.217 V/GameManagerService( 1504): Settings file doesn't exists, skip reading
03-25 09:20:20.217 I/SystemServerTiming( 1504): ssm.onStartUser-0_com.android.server.appsearch.AppSearchManagerService
03-25 09:20:20.217 I/SystemServerTiming( 1504): ssm.onStartUser-0_com.android.server.media.MediaCommunicationService
03-25 09:20:20.217 I/SystemServerTiming( 1504): startPersistentApps
03-25 09:20:20.218 D/CompatibilityChangeReporter( 1504): Compat change id reported: 135634846; UID 1000; state: DISABLED
03-25 09:20:20.218 D/CompatibilityChangeReporter( 1504): Compat change id reported: 177438394; UID 1000; state: DISABLED
03-25 09:20:20.218 D/CompatibilityChangeReporter( 1504): Compat change id reported: 135772972; UID 1000; state: DISABLED
03-25 09:20:20.218 D/CompatibilityChangeReporter( 1504): Compat change id reported: 135754954; UID 1000; state: ENABLED
03-25 09:20:20.218 W/ActivityManager( 1504): com.android.wallpaperbackup inode == 0 (b/152760674)
03-25 09:20:20.219 I/am_uid_running( 1504): 1001
03-25 09:20:20.219 D/CompatibilityChangeReporter( 1504): Compat change id reported: 135634846; UID 1001; state: DISABLED
03-25 09:20:20.219 D/CompatibilityChangeReporter( 1504): Compat change id reported: 177438394; UID 1001; state: DISABLED
03-25 09:20:20.219 D/CompatibilityChangeReporter( 1504): Compat change id reported: 135772972; UID 1001; state: DISABLED
03-25 09:20:20.219 D/CompatibilityChangeReporter( 1504): Compat change id reported: 135754954; UID 1001; state: ENABLED
03-25 09:20:20.219 I/am_uid_running( 1504): 10052
03-25 09:20:20.220 D/CompatibilityChangeReporter( 1504): Compat change id reported: 135634846; UID 10052; state: DISABLED
03-25 09:20:20.220 D/CompatibilityChangeReporter( 1504): Compat change id reported: 177438394; UID 10052; state: DISABLED
03-25 09:20:20.220 D/CompatibilityChangeReporter( 1504): Compat change id reported: 135772972; UID 10052; state: DISABLED
03-25 09:20:20.220 D/CompatibilityChangeReporter( 1504): Compat change id reported: 135754954; UID 10052; state: DISABLED
03-25 09:20:20.222 I/am_uid_running( 1504): 10083
03-25 09:20:20.222 D/CompatibilityChangeReporter( 1504): Compat change id reported: 135634846; UID 10083; state: DISABLED
03-25 09:20:20.222 D/CompatibilityChangeReporter( 1504): Compat change id reported: 177438394; UID 10083; state: DISABLED
03-25 09:20:20.222 D/CompatibilityChangeReporter( 1504): Compat change id reported: 135772972; UID 10083; state: DISABLED
03-25 09:20:20.222 D/CompatibilityChangeReporter( 1504): Compat change id reported: 135754954; UID 10083; state: DISABLED
03-25 09:20:20.222 I/am_uid_running( 1504): 1068
03-25 09:20:20.223 D/CompatibilityChangeReporter( 1504): Compat change id reported: 135634846; UID 1068; state: DISABLED
03-25 09:20:20.224 I/am_uid_running( 1504): 10064
03-25 09:20:20.224 D/CompatibilityChangeReporter( 1504): Compat change id reported: 135634846; UID 10064; state: DISABLED
03-25 09:20:20.224 D/CompatibilityChangeReporter( 1504): Compat change id reported: 177438394; UID 10064; state: DISABLED
03-25 09:20:20.224 D/CompatibilityChangeReporter( 1504): Compat change id reported: 135772972; UID 10064; state: DISABLED
03-25 09:20:20.224 D/CompatibilityChangeReporter( 1504): Compat change id reported: 135754954; UID 10064; state: ENABLED
03-25 09:20:20.225 I/SystemServerTiming( 1504): startHomeOnAllDisplays
03-25 09:20:20.225 I/ActivityTaskManager( 1504): START u0 {act=android.intent.action.MAIN cat=[android.intent.category.HOME] flg=0x10000100 cmp=com.android.settings/.CryptKeeper (has extras)} from uid 0
01-03 09:54:54.196 I/binder ( 0): 2552:2552 ioctl 40046210 7fd5c529e4 returned -22
03-25 09:20:20.229 D/CompatibilityChangeReporter( 1504): Compat change id reported: 174042980; UID 1000; state: DISABLED
01-03 09:54:54.197 E/init ( 0): Control message: Could not find 'vendor.qti.hardware.iop@2.0::IIop/default' for ctl.interface_start from pid: 508 (/system/bin/hwservicemanager)
03-25 09:20:20.231 I/wm_task_created( 1504): [7,-1]
03-25 09:20:20.232 I/wm_task_moved( 1504): [7,1,2147483647]
03-25 09:20:20.232 I/wm_task_moved( 1504): [1,1,5]
03-25 09:20:20.232 I/wm_create_task( 1504): [0,7]
03-25 09:20:20.232 I/wm_create_activity( 1504): [0,53878602,7,com.android.settings/.CryptKeeper,android.intent.action.MAIN,NULL,NULL,276824320]
03-25 09:20:20.232 I/wm_task_moved( 1504): [1,1,5]
03-25 09:20:20.233 I/wm_task_moved( 1504): [7,1,2147483647]
03-25 09:20:20.233 I/wm_task_to_front( 1504): [0,7]
03-25 09:20:20.235 W/ContextImpl( 1504): Calling a method in the system process without a qualified user: android.app.ContextImpl.bindService:1895 android.content.ContextWrapper.bindService:810 com.qualcomm.qti.activityextension.ActivityNotifier.bindToDynamicDDSService:103 com.qualcomm.qti.activityextension.ActivityNotifier.handleSendActivityInvokeNotification:184 com.qualcomm.qti.activityextension.ActivityNotifier.access$300:26
03-25 09:20:20.236 D/CompatibilityChangeReporter( 1504): Compat change id reported: 168419799; UID 1000; state: DISABLED
03-25 09:20:20.236 I/ActivityTaskManager( 1504): FOREGROUND_APPLICATION_CHANGED to com.android.settings.CryptKeeper
03-25 09:20:20.237 I/SystemServerTiming( 1504): showSystemReadyErrorDialogs
03-25 09:20:20.261 I/SystemServerTiming( 1504): sendUserStartBroadcast
03-25 09:20:20.261 I/SystemServerTiming( 1504): resumeTopActivities
03-25 09:20:20.262 I/SystemServerTiming( 1504): sendUserSwitchBroadcasts
03-25 09:20:20.262 I/uc_send_user_broadcast( 1504): [0,android.intent.action.USER_FOREGROUND]
03-25 09:20:20.262 I/uc_send_user_broadcast( 1504): [0,android.intent.action.USER_SWITCHED]
03-25 09:20:20.262 I/SystemServerTiming( 1504): setBinderProxies
03-25 09:20:20.262 I/SystemServerTiming( 1504): StartSystemUI
03-25 09:20:20.262 I/am_proc_start( 1504): [0,2552,1000,com.thundercomm.gamemode,added application,com.thundercomm.gamemode]
03-25 09:20:20.263 I/ActivityManager( 1504): Start proc 2552:com.thundercomm.gamemode/1000 for added application com.thundercomm.gamemode
03-25 09:20:20.263 W/ActivityManager( 1504): com.android.wallpaperbackup inode == 0 (b/152760674)
03-25 09:20:20.263 I/am_proc_bound( 1504): [0,2552,com.thundercomm.gamemode]
03-25 09:20:20.268 D/CompatibilityChangeReporter( 1504): Compat change id reported: 135634846; UID 1000; state: DISABLED
03-25 09:20:20.268 D/CompatibilityChangeReporter( 1504): Compat change id reported: 177438394; UID 1000; state: DISABLED
03-25 09:20:20.268 D/CompatibilityChangeReporter( 1504): Compat change id reported: 135772972; UID 1000; state: DISABLED
03-25 09:20:20.268 D/CompatibilityChangeReporter( 1504): Compat change id reported: 135754954; UID 1000; state: ENABLED
03-25 09:20:20.268 I/am_proc_start( 1504): [0,2569,1000,com.thundercomm.microservice,added application,com.thundercomm.microservice]
03-25 09:20:20.268 I/ActivityManager( 1504): Start proc 2569:com.thundercomm.microservice/1000 for added application com.thundercomm.microservice
03-25 09:20:20.268 W/ActivityManager( 1504): com.android.wallpaperbackup inode == 0 (b/152760674)
03-25 09:20:20.271 I/sysui_multi_action( 1504): [757,856,758,1,806,com.android.systemui,857,ALR,858,4]
03-25 09:20:20.271 I/sysui_multi_action( 1504): [757,856,758,1,806,com.android.systemui,857,GEN,858,1]
03-25 09:20:20.271 I/sysui_multi_action( 1504): [757,856,758,1,806,com.android.systemui,857,DSK,858,2]
03-25 09:20:20.271 I/sysui_multi_action( 1504): [757,856,758,1,806,com.android.systemui,857,SCN_HEADSUP,858,4]
03-25 09:20:20.271 I/sysui_multi_action( 1504): [757,856,758,1,806,com.android.systemui,857,BAT,858,5]
03-25 09:20:20.272 I/sysui_multi_action( 1504): [757,856,758,1,806,com.android.systemui,857,HNT,858,3]
03-25 09:20:20.272 W/ActivityManager( 1504): Slow operation: 54ms so far, now at startProcess: returned from zygote!
03-25 09:20:20.272 W/ActivityManager( 1504): Slow operation: 54ms so far, now at startProcess: done updating battery stats
03-25 09:20:20.272 I/am_proc_start( 1504): [0,2571,1000,com.thundercomm.microsettings,added application,com.thundercomm.microsettings]
03-25 09:20:20.272 W/ActivityManager( 1504): Slow operation: 54ms so far, now at startProcess: building log message
03-25 09:20:20.272 I/ActivityManager( 1504): Start proc 2571:com.thundercomm.microsettings/1000 for added application com.thundercomm.microsettings
03-25 09:20:20.272 W/ActivityManager( 1504): Slow operation: 54ms so far, now at startProcess: starting to update pids map
03-25 09:20:20.272 W/ActivityManager( 1504): Slow operation: 54ms so far, now at startProcess: done updating pids map
03-25 09:20:20.272 W/ActivityManager( 1504): Slow operation: 53ms so far, now at startProcess: asking zygote to start proc
03-25 09:20:20.272 W/ActivityManager( 1504): com.qualcomm.qti.uceShimService inode == 0 (b/152760674)
03-25 09:20:20.275 W/ContextImpl( 1504): Calling a method in the system process without a qualified user: android.app.ContextImpl.bindService:1895 android.content.ContextWrapper.bindService:810 com.qualcomm.qti.activityextension.ActivityNotifier.bindToDynamicDDSService:103 com.qualcomm.qti.activityextension.ActivityNotifier.handleSendActivityInvokeNotification:184 com.qualcomm.qti.activityextension.ActivityNotifier.access$300:26
03-25 09:20:20.276 W/ContextImpl( 1504): Calling a method in the system process without a qualified user: android.app.ContextImpl.bindService:1895 android.content.ContextWrapper.bindService:810 com.qualcomm.qti.activityextension.ActivityNotifier.bindToDynamicDDSService:103 com.qualcomm.qti.activityextension.ActivityNotifier.handleSendActivityInvokeNotification:184 com.qualcomm.qti.activityextension.ActivityNotifier.access$300:26
03-25 09:20:20.276 W/ActivityManager( 1504): Slow operation: 57ms so far, now at startProcess: returned from zygote!
03-25 09:20:20.276 W/ActivityManager( 1504): Slow operation: 57ms so far, now at startProcess: done updating battery stats
03-25 09:20:20.276 I/am_proc_start( 1504): [0,2574,1001,.dataservices,added application,.dataservices]
03-25 09:20:20.276 W/ActivityManager( 1504): Slow operation: 57ms so far, now at startProcess: building log message
03-25 09:20:20.276 I/ActivityManager( 1504): Start proc 2574:.dataservices/1001 for added application .dataservices
03-25 09:20:20.276 W/ActivityManager( 1504): Slow operation: 57ms so far, now at startProcess: starting to update pids map
03-25 09:20:20.276 W/ActivityManager( 1504): Slow operation: 57ms so far, now at startProcess: done updating pids map
03-25 09:20:20.276 W/ActivityManager( 1504): Slow operation: 57ms so far, now at startProcess: asking zygote to start proc
03-25 09:20:20.276 D/CompatibilityChangeReporter( 1504): Compat change id reported: 143937733; UID 10052; state: DISABLED
03-25 09:20:20.277 W/ActivityManager( 1504): vendor.qti.iwlan inode == 0 (b/152760674)
03-25 09:20:20.277 I/SystemServerTiming( 1504): startMicroService
03-25 09:20:20.278 I/SystemServerTiming( 1504): startRemoteControlService
03-25 09:20:20.278 I/SystemServerTiming( 1504): startTcService
03-25 09:20:20.278 I/SystemServerTiming( 1504): startBoostPerfService
01-03 09:54:54.249 I/binder ( 0): 2569:2569 ioctl 40046210 7fd5c529e4 returned -22
03-25 09:20:20.279 W/Looper ( 1504): Slow delivery took 8683ms main h=android.app.PropertyInvalidatedCache$AutoCorker$1 c=null m=0
03-25 09:20:20.285 W/QuotaTracker( 1504): Alarm not scheduled because boot isn't completed
03-25 09:20:20.286 D/CompatibilityChangeReporter( 1504): Compat change id reported: 168419799; UID 1000; state: DISABLED
03-25 09:20:20.287 I/commit_sys_config_file( 1504): [settings-0-0,23]
03-25 09:20:20.289 I/commit_sys_config_file( 1504): [notification-policy,543]
03-25 09:20:20.289 I/am_proc_bound( 1504): [0,2569,com.thundercomm.microservice]
01-03 09:54:54.257 I/binder ( 0): 2574:2574 ioctl 40046210 7fd5c529e4 returned -22
03-25 09:20:20.291 D/CompatibilityChangeReporter( 1504): Compat change id reported: 181136395; UID 1000; state: DISABLED
03-25 09:20:20.287 I/auditd ( 1165): type=1400 audit(0.0:248): avc: denied { read } for comm="traced_probes" name="format" dev="tracefs" ino=6419 scontext=u:r:traced_probes:s0 tcontext=u:object_r:debugfs_tracing_debug:s0 tclass=file permissive=0
03-25 09:20:20.287 I/auditd ( 1165): type=1400 audit(0.0:249): avc: denied { read } for comm="traced_probes" name="format" dev="tracefs" ino=6407 scontext=u:r:traced_probes:s0 tcontext=u:object_r:debugfs_tracing_debug:s0 tclass=file permissive=0
03-25 09:20:20.287 I/auditd ( 1165): type=1400 audit(0.0:250): avc: denied { read } for comm="traced_probes" name="format" dev="tracefs" ino=6413 scontext=u:r:traced_probes:s0 tcontext=u:object_r:debugfs_tracing_debug:s0 tclass=file permissive=0
03-25 09:20:20.287 I/auditd ( 1165): type=1400 audit(0.0:251): avc: denied { read } for comm="traced_probes" name="format" dev="tracefs" ino=6425 scontext=u:r:traced_probes:s0 tcontext=u:object_r:debugfs_tracing_debug:s0 tclass=file permissive=0
03-25 09:20:20.292 D/CompatibilityChangeReporter( 1504): Compat change id reported: 174042936; UID 1000; state: DISABLED
03-25 09:20:20.293 W/ActivityManager( 1504): Slow operation: 74ms so far, now at startProcess: returned from zygote!
03-25 09:20:20.287 I/auditd ( 1165): type=1400 audit(0.0:252): avc: denied { read } for comm="traced_probes" name="format" dev="tracefs" ino=6431 scontext=u:r:traced_probes:s0 tcontext=u:object_r:debugfs_tracing_debug:s0 tclass=file permissive=0
03-25 09:20:20.287 I/auditd ( 1165): type=1400 audit(0.0:253): avc: denied { read } for comm="traced_probes" name="format" dev="tracefs" ino=6467 scontext=u:r:traced_probes:s0 tcontext=u:object_r:debugfs_tracing_debug:s0 tclass=file permissive=0
03-25 09:20:20.287 I/auditd ( 1165): type=1400 audit(0.0:254): avc: denied { read } for comm="traced_probes" name="format" dev="tracefs" ino=6377 scontext=u:r:traced_probes:s0 tcontext=u:object_r:debugfs_tracing_debug:s0 tclass=file permissive=0
03-25 09:20:20.287 I/auditd ( 1165): type=1400 audit(0.0:255): avc: denied { read } for comm="traced_probes" name="format" dev="tracefs" ino=6437 scontext=u:r:traced_probes:s0 tcontext=u:object_r:debugfs_tracing_debug:s0 tclass=file permissive=0
03-25 09:20:20.287 I/auditd ( 1165): type=1400 audit(0.0:256): avc: denied { read } for comm="traced_probes" name="format" dev="tracefs" ino=6449 scontext=u:r:traced_probes:s0 tcontext=u:object_r:debugfs_tracing_debug:s0 tclass=file permissive=0
03-25 09:20:20.287 I/auditd ( 1165): type=1400 audit(0.0:257): avc: denied { read } for comm="traced_probes" name="format" dev="tracefs" ino=6395 scontext=u:r:traced_probes:s0 tcontext=u:object_r:debugfs_tracing_debug:s0 tclass=file permissive=0
03-25 09:20:20.287 I/auditd ( 1165): type=1400 audit(0.0:258): avc: denied { read } for comm="traced_probes" name="format" dev="tracefs" ino=6473 scontext=u:r:traced_probes:s0 tcontext=u:object_r:debugfs_tracing_debug:s0 tclass=file permissive=0
03-25 09:20:20.287 I/auditd ( 1165): type=1400 audit(0.0:259): avc: denied { read } for comm="traced_probes" name="format" dev="tracefs" ino=6383 scontext=u:r:traced_probes:s0 tcontext=u:object_r:debugfs_tracing_debug:s0 tclass=file permissive=0
03-25 09:20:20.287 I/auditd ( 1165): type=1400 audit(0.0:260): avc: denied { read } for comm="traced_probes" name="format" dev="tracefs" ino=6443 scontext=u:r:traced_probes:s0 tcontext=u:object_r:debugfs_tracing_debug:s0 tclass=file permissive=0
01-03 09:54:54.260 W/audit ( 0): audit_backlog=65 > audit_backlog_limit=64
01-03 09:54:54.260 W/audit ( 0): audit_lost=1 audit_rate_limit=0 audit_backlog_limit=64
01-03 09:54:54.260 E/audit ( 0): backlog limit exceeded
01-03 09:54:54.260 W/audit ( 0): audit_backlog=65 > audit_backlog_limit=64
01-03 09:54:54.260 W/audit ( 0): audit_lost=2 audit_rate_limit=0 audit_backlog_limit=64
01-03 09:54:54.260 E/audit ( 0): backlog limit exceeded
01-03 09:54:54.260 W/audit ( 0): audit_backlog=65 > audit_backlog_limit=64
01-03 09:54:54.260 W/audit ( 0): audit_lost=3 audit_rate_limit=0 audit_backlog_limit=64
01-03 09:54:54.260 E/audit ( 0): backlog limit exceeded
01-03 09:54:54.260 W/audit ( 0): audit_backlog=65 > audit_backlog_limit=64
03-25 09:20:20.287 I/auditd ( 1165): type=1400 audit(0.0:261): avc: denied { read } for comm="traced_probes" name="format" dev="tracefs" ino=6461 scontext=u:r:traced_probes:s0 tcontext=u:object_r:debugfs_tracing_debug:s0 tclass=file permissive=0
03-25 09:20:20.295 D/ConditionProviders.SCP( 1504): onConnected
03-25 09:20:20.295 I/am_proc_bound( 1504): [0,2574,.dataservices]
03-25 09:20:20.287 I/auditd ( 1165): type=1400 audit(0.0:262): avc: denied { read } for comm="traced_probes" name="format" dev="tracefs" ino=6371 scontext=u:r:traced_probes:s0 tcontext=u:object_r:debugfs_tracing_debug:s0 tclass=file permissive=0
03-25 09:20:20.287 I/auditd ( 1165): type=1400 audit(0.0:263): avc: denied { read } for comm="traced_probes" name="format" dev="tracefs" ino=6455 scontext=u:r:traced_probes:s0 tcontext=u:object_r:debugfs_tracing_debug:s0 tclass=file permissive=0
03-25 09:20:20.287 I/auditd ( 1165): type=1400 audit(0.0:264): avc: denied { read } for comm="traced_probes" name="format" dev="tracefs" ino=4748 scontext=u:r:traced_probes:s0 tcontext=u:object_r:debugfs_tracing_debug:s0 tclass=file permissive=0
03-25 09:20:20.287 I/auditd ( 1165): type=1400 audit(0.0:265): avc: denied { read } for comm="traced_probes" name="format" dev="tracefs" ino=4784 scontext=u:r:traced_probes:s0 tcontext=u:object_r:debugfs_tracing_debug:s0 tclass=file permissive=0
03-25 09:20:20.287 I/auditd ( 1165): type=1400 audit(0.0:266): avc: denied { read } for comm="traced_probes" name="format" dev="tracefs" ino=4778 scontext=u:r:traced_probes:s0 tcontext=u:object_r:debugfs_tracing_debug:s0 tclass=file permissive=0
03-25 09:20:20.287 I/auditd ( 1165): type=1400 audit(0.0:267): avc: denied { read } for comm="traced_probes" name="format" dev="tracefs" ino=4790 scontext=u:r:traced_probes:s0 tcontext=u:object_r:debugfs_tracing_debug:s0 tclass=file permissive=0
03-25 09:20:20.287 I/auditd ( 1165): type=1400 audit(0.0:268): avc: denied { read } for comm="traced_probes" name="format" dev="tracefs" ino=4754 scontext=u:r:traced_probes:s0 tcontext=u:object_r:debugfs_tracing_debug:s0 tclass=file permissive=0
03-25 09:20:20.287 I/auditd ( 1165): type=1400 audit(0.0:269): avc: denied { read } for comm="traced_probes" name="format" dev="tracefs" ino=4766 scontext=u:r:traced_probes:s0 tcontext=u:object_r:debugfs_tracing_debug:s0 tclass=file permissive=0
03-25 09:20:20.287 I/auditd ( 1165): type=1400 audit(0.0:270): avc: denied { read } for comm="traced_probes" name="format" dev="tracefs" ino=4736 scontext=u:r:traced_probes:s0 tcontext=u:object_r:debugfs_tracing_debug:s0 tclass=file permissive=0
03-25 09:20:20.287 I/auditd ( 1165): type=1400 audit(0.0:271): avc: denied { read } for comm="traced_probes" name="format" dev="tracefs" ino=4730 scontext=u:r:traced_probes:s0 tcontext=u:object_r:debugfs_tracing_debug:s0 tclass=file permissive=0
03-25 09:20:20.287 I/auditd ( 1165): type=1400 audit(0.0:272): avc: denied { read } for comm="traced_probes" name="format" dev="tracefs" ino=4796 scontext=u:r:traced_probes:s0 tcontext=u:object_r:debugfs_tracing_debug:s0 tclass=file permissive=0
03-25 09:20:20.287 I/auditd ( 1165): type=1400 audit(0.0:273): avc: denied { read } for comm="traced_probes" name="format" dev="tracefs" ino=4808 scontext=u:r:traced_probes:s0 tcontext=u:object_r:debugfs_tracing_debug:s0 tclass=file permissive=0
03-25 09:20:20.287 I/auditd ( 1165): type=1400 audit(0.0:274): avc: denied { read } for comm="traced_probes" name="format" dev="tracefs" ino=4742 scontext=u:r:traced_probes:s0 tcontext=u:object_r:debugfs_tracing_debug:s0 tclass=file permissive=0
03-25 09:20:20.287 I/auditd ( 1165): type=1400 audit(0.0:275): avc: denied { read } for comm="traced_probes" name="format" dev="tracefs" ino=4772 scontext=u:r:traced_probes:s0 tcontext=u:object_r:debugfs_tracing_debug:s0 tclass=file permissive=0
03-25 09:20:20.287 I/auditd ( 1165): type=1400 audit(0.0:276): avc: denied { read } for comm="traced_probes" name="format" dev="tracefs" ino=4760 scontext=u:r:traced_probes:s0 tcontext=u:object_r:debugfs_tracing_debug:s0 tclass=file permissive=0
03-25 09:20:20.287 I/auditd ( 1165): type=1400 audit(0.0:277): avc: denied { read } for comm="traced_probes" name="format" dev="tracefs" ino=4802 scontext=u:r:traced_probes:s0 tcontext=u:object_r:debugfs_tracing_debug:s0 tclass=file permissive=0
