01-03 09:54:37.160 I/ ( 0): IPA driver initialization was successful.
01-03 09:54:37.160 W/subsys-pil-tz soc( 0): qcom,ipa_uc: Falling back to syfs fallback for: ipa_uc.mdt
01-03 09:54:37.161 E/ipa-wan ipa3_wwan_probe( 0): 2530 rmnet_ipa completed initialization
01-03 09:54:37.165 I/subsys-pil-tz soc( 0): qcom,ipa_uc: ipa_uc: loading from 0x0000000086800000 to 0x0000000086810000
01-03 09:54:37.167 W/subsys-pil-tz soc( 0): qcom,ipa_uc: Falling back to syfs fallback for: ipa_uc.b02
01-03 09:54:37.170 I/subsys-pil-tz soc( 0): qcom,ipa_uc: ipa_uc: Brought out of reset
01-03 09:54:37.171 E/ipa3_uc_wdi_event_log_info_handler( 0): 351 WDI protocol missing 0x21
01-03 09:54:37.171 E/ipa3_uc_ntn_event_log_info_handler( 0): 34 NTN stats ofst=0x500e0
01-03 09:54:38.084 W/ServiceManager( 0): Waited one second for android.system.keystore2.IKeystoreService/default (is service started? are binder threads started and available?)
01-03 09:54:38.084 I/wait_for_keymaster( 0): Keymaster device ready
01-03 09:54:38.086 I/binder ( 0): undelivered transaction 235, process died.
01-03 09:54:38.090 I/binder ( 0): 610:610 ioctl 40046210 7fd944e8c4 returned -22
01-03 09:54:38.090 D/ProcessState( 0): Binder ioctl to enable oneway spam detection failed: Invalid argument
01-03 09:54:38.087 I/auditd ( 610): type=1400 audit(0.0:21): avc: denied { kill } for comm="vdc" capability=5 scontext=u:r:vdc:s0 tcontext=u:r:vdc:s0 tclass=capability permissive=0
01-03 09:54:38.090 D/vdc ( 0): Waited 0ms for vold
01-03 09:54:38.491 E/DTC_ETH,link_delay_work_func( 0): 3003, SQI=0, link=0
01-03 09:54:41.790 I/init ( 0): [libfs_mgr]Running /system/bin/fsck.f2fs -a -c 10000 --debug-cache /dev/block/sda15
01-03 09:54:41.793 I/fsck.f2fs( 0): Info: Fix the reported corruption.
01-03 09:54:41.794 I/fsck.f2fs( 0): Info: No support kernel version!
01-03 09:54:41.794 I/fsck.f2fs( 0): Info: Segments per section = 1
01-03 09:54:41.791 I/auditd ( 612): type=1400 audit(0.0:22): avc: denied { kill } for comm="fsck.f2fs" capability=5 scontext=u:r:fsck:s0 tcontext=u:r:fsck:s0 tclass=capability permissive=0
01-03 09:54:41.797 W/F2FS-fs (sda15)( 0): invalid crc_offset: 0
01-03 09:54:41.818 I/F2FS-fs (sda15)( 0): Found nat_bits in checkpoint
01-03 09:54:41.872 I/F2FS-fs (sda15)( 0): Mounted with checkpoint version = 1a5b7f98
01-03 09:54:41.872 I/init ( 0): [libfs_mgr]__mount(source=/dev/block/bootdevice/by-name/userdata,target=/data,type=f2fs)=0: Success
01-03 09:54:41.898 I/init ( 0): Calling: /system/bin/vdc cryptfs encryptFstab /dev/block/bootdevice/by-name/userdata /data false f2fs
01-03 09:54:41.902 I/binder ( 0): 616:616 ioctl 40046210 7fd7fbb864 returned -22
01-03 09:54:41.902 D/ProcessState( 0): Binder ioctl to enable oneway spam detection failed: Invalid argument
01-03 09:54:41.903 D/vdc ( 0): Waited 0ms for vold
01-03 09:54:41.903 D/vold ( 522): fscrypt_mount_metadata_encrypted: /data encrypt: 1 format: 0 with f2fs
01-03 09:54:41.903 D/vold ( 522): metadata_key_dir/key: /metadata/vold/metadata_encryption/key
01-03 09:54:41.918 D/vold ( 522): Created directory /metadata/vold/metadata_encryption
01-03 09:54:41.918 D/vold ( 522): Metadata key does not exist but ro.crypto.metadata_init_delete_all_keys.enabled is false
01-03 09:54:41.918 I/vold ( 522): Creating new key in /metadata/vold/metadata_encryption/key
01-03 09:54:41.918 D/vold ( 522): Generating wrapped storage key
01-03 09:54:41.919 I/auditd ( 570): SELinux: Loaded keystore2_key_contexts from:
01-03 09:54:41.919 I/auditd ( 570): /system/etc/selinux/plat_keystore2_key_contexts
01-03 09:54:41.920 E/vold ( 522): keystore2 Keystore generateKey returned service specific error: -67
01-03 09:54:41.920 W/vold ( 522): Failed to generate rollback-resistant key. This is expected if keymaster doesn't support rollback resistance. Falling back to non-rollback-resistant key.
01-03 09:54:41.925 D/vold ( 522): Generating "key storage" key
01-03 09:54:41.926 E/vold ( 522): keystore2 Keystore generateKey returned service specific error: -67
01-03 09:54:41.926 W/vold ( 522): Failed to generate rollback-resistant key. This is expected if keymaster doesn't support rollback resistance. Falling back to non-rollback-resistant key.
01-03 09:54:41.934 D/vold ( 522): Created key: /metadata/vold/metadata_encryption/key
01-03 09:54:41.937 D/vold ( 522): encrypt_inplace(/dev/block/dm-10, /dev/block/bootdevice/by-name/userdata, 231665304, false)
01-03 09:54:41.942 I/vold ( 522): Encrypting f2fs filesystem on /dev/block/bootdevice/by-name/userdata in-place via /dev/block/dm-10
01-03 09:54:41.942 I/vold ( 522): 119816 blocks (490 MB) of 28958163 blocks are in-use
01-03 09:54:41.971 D/vold ( 522): Encrypted 10000 of 119816 blocks
01-03 09:54:41.999 D/vold ( 522): Encrypted 20000 of 119816 blocks
01-03 09:54:42.026 D/vold ( 522): Encrypted 30000 of 119816 blocks
01-03 09:54:42.054 D/vold ( 522): Encrypted 40000 of 119816 blocks
01-03 09:54:42.081 D/vold ( 522): Encrypted 50000 of 119816 blocks
01-03 09:54:42.109 D/vold ( 522): Encrypted 60000 of 119816 blocks
01-03 09:54:42.135 D/vold ( 522): Encrypted 70000 of 119816 blocks
01-03 09:54:42.161 D/vold ( 522): Encrypted 80000 of 119816 blocks
01-03 09:54:42.187 D/vold ( 522): Encrypted 90000 of 119816 blocks
01-03 09:54:42.213 D/vold ( 522): Encrypted 100000 of 119816 blocks
01-03 09:54:42.239 D/vold ( 522): Encrypted 110000 of 119816 blocks
01-03 09:54:42.878 D/vold ( 522): Encrypted 119816 of 119816 blocks
01-03 09:54:42.878 I/vold ( 522): Successfully encrypted f2fs filesystem on /dev/block/bootdevice/by-name/userdata
01-03 09:54:42.911 D/vold ( 522): Mounting metadata-encrypted filesystem:/data
01-03 09:54:42.913 I/vold ( 522): [libfs_mgr]Running /system/bin/fsck.f2fs -a -c 10000 --debug-cache /dev/block/dm-10
01-03 09:54:42.916 I/fsck.f2fs( 0): Info: Fix the reported corruption.
01-03 09:54:42.917 I/fsck.f2fs( 0): Info: No support kernel version!
01-03 09:54:42.917 I/fsck.f2fs( 0): Info: Segments per section = 1
01-03 09:54:42.917 I/fsck.f2fs( 0): Info: Sections per zone = 1
01-03 09:54:42.917 I/fsck.f2fs( 0): Info: sector size = 4096
01-03 09:54:42.917 I/fsck.f2fs( 0): Info: total sectors = 28958163 (113117 MB)
01-03 09:54:42.917 I/fsck.f2fs( 0): Info: MKFS version
01-03 09:54:42.917 I/fsck.f2fs( 0): "4.19.157-perf+ #1 SMP PREEMPT Sun Mar 26 03:06:20 CST 2023"
01-03 09:54:42.917 I/fsck.f2fs( 0): Info: FSCK version
01-03 09:54:42.917 I/fsck.f2fs( 0): from "4.19.157-perf+"
01-03 09:54:42.915 I/auditd ( 618): type=1400 audit(0.0:23): avc: denied { kill } for comm="fsck.f2fs" capability=5 scontext=u:r:fsck:s0 tcontext=u:r:fsck:s0 tclass=capability permissive=0
01-03 09:54:42.920 E/init ( 0): Unable to set property 'ro.boottime.init.fsck.data' from uid:0 gid:0 pid:522: Read-only property was already set
01-03 09:54:42.939 I/F2FS-fs (dm-10)( 0): Found nat_bits in checkpoint
01-03 09:54:42.990 I/F2FS-fs (dm-10)( 0): Mounted with checkpoint version = 1a5b7f9c
01-03 09:54:42.990 I/vold ( 522): [libfs_mgr]__mount(source=/dev/block/dm-10,target=/data,type=f2fs)=0: Success
01-03 09:54:42.990 D/vold ( 522): Mounted /data
01-03 09:54:42.991 D/vold ( 522): Disk at 252:10 changed
01-03 09:54:42.987 I/auditd ( 616): type=1400 audit(0.0:24): avc: denied { kill } for comm="vdc" capability=5 scontext=u:r:vdc:s0 tcontext=u:r:vdc:s0 tclass=capability permissive=0
01-03 09:54:42.990 E/init ( 0): Unable to set property 'ro.boottime.init.mount.data' from uid:0 gid:0 pid:522: Read-only property was already set
01-03 09:54:42.995 I/init ( 0): Userdata mounted using /vendor/etc/fstab.qcom result : 6
01-03 09:54:42.995 I/init ( 0): Keyring created with id 774872739 in process 1
01-03 09:54:42.995 I/init ( 0): Command 'mount_all /vendor/etc/fstab.qcom --late' action=late-fs (/vendor/etc/init/hw/init.target.rc:69) took 4909ms and succeeded
01-03 09:54:42.995 I/init ( 0): processing action (late-fs) from (/vendor/etc/init/keymasterd.rc:5)
01-03 09:54:42.996 I/init ( 0): starting service 'vendor.keymasterd'...
01-03 09:54:43.001 I/Checkpoint( 522): cp_prepareCheckpoint called
01-03 09:54:43.001 I/binder ( 0): 624:624 ioctl 40046210 7febab56f4 returned -22
01-03 09:54:43.001 D/ProcessState( 0): Binder ioctl to enable oneway spam detection failed: Invalid argument
01-03 09:54:43.001 D/vdc ( 0): Waited 0ms for vold
01-03 09:54:43.008 I/vold ( 522): fscrypt_initialize_systemwide_keys
01-03 09:54:43.008 I/vold ( 522): Creating new key in /data/unencrypted/key
01-03 09:54:43.008 D/vold ( 522): Generating wrapped storage key
01-03 09:54:43.007 I/binder ( 0): 626:626 ioctl 40046210 7fd2c86714 returned -22
01-03 09:54:43.008 D/ProcessState( 0): Binder ioctl to enable oneway spam detection failed: Invalid argument
01-03 09:54:43.008 D/vdc ( 0): Waited 0ms for vold
01-03 09:54:43.009 E/vold ( 522): keystore2 Keystore generateKey returned service specific error: -67
01-03 09:54:43.009 W/vold ( 522): Failed to generate rollback-resistant key. This is expected if keymaster doesn't support rollback resistance. Falling back to non-rollback-resistant key.
01-03 09:54:43.013 D/vold ( 522): Generating "key storage" key
01-03 09:54:43.014 E/vold ( 522): keystore2 Keystore generateKey returned service specific error: -67
01-03 09:54:43.014 W/vold ( 522): Failed to generate rollback-resistant key. This is expected if keymaster doesn't support rollback resistance. Falling back to non-rollback-resistant key.
01-03 09:54:43.021 D/vold ( 522): Created key: /data/unencrypted/key
01-03 09:54:43.025 D/vold ( 522): Installed fscrypt key with ref 86a7109cc16b11021ab12b04c9791cdd to /data
01-03 09:54:43.025 D/vold ( 522): Added fscrypt-provisioning key for 86a7109cc16b11021ab12b04c9791cdd to session keyring
01-03 09:54:43.026 I/vold ( 522): Wrote system DE key reference to:/data/unencrypted/ref
01-03 09:54:43.026 D/vold ( 522): Generating wrapped storage key
01-03 09:54:43.026 D/spcomlib( 623): [spcom_register_service] spcom_register_service() name [sp_keymaster_ssr] pid [474907872432]
01-03 09:54:43.026 D/spcomlib( 623): [spcom_open] ch [sp_keymaster_ssr] doesn't exist, create it.
01-03 09:54:43.026 D/spcomlib( 623): [spcom_create_channel] Create Channel [sp_keymaster_ssr].
01-03 09:54:43.026 E/vold ( 522): keystore2 Keystore generateKey returned service specific error: -67
01-03 09:54:43.026 W/vold ( 522): Failed to generate rollback-resistant key. This is expected if keymaster doesn't support rollback resistance. Falling back to non-rollback-resistant key.
01-03 09:54:43.033 D/vold ( 522): Installed fscrypt key with ref 94c9552baee9ee2869063c17d89a1216 to /data
01-03 09:54:43.033 D/vold ( 522): Added fscrypt-provisioning key for 94c9552baee9ee2869063c17d89a1216 to session keyring
01-03 09:54:43.033 I/vold ( 522): Wrote per boot key reference to:/data/unencrypted/per_boot_ref
01-03 09:54:43.035 I/fscrypt ( 0): AES-256-CTS-CBC using implementation "cts(cbc-aes-ce)"
01-03 09:54:43.037 D/spcomlib( 623): [add_ssr_cb] ssr cb added!
01-03 09:54:43.037 D/spcomlib( 623): [start_ssr_thread] ch [spcom] ready!
01-03 09:54:43.037 D/spcomlib( 623): [start_ssr_thread] main pthread self_id [0x92b70cb0].
01-03 09:54:43.037 D/spcomlib( 623): [start_ssr_thread] pthread_create() ret [0] thread-id [0x91a72cb0].
01-03 09:54:43.037 D/spcomlib( 623): [start_ssr_thread] Wait for SSR thread to run.
01-03 09:54:43.037 D/spcomlib( 623): [notify_ssr_thread] SSR pthread self_id [0x91a72cb0].
01-03 09:54:43.037 D/spcomlib( 623): [start_ssr_thread] pthread_cond_wait() ret [0].
01-03 09:54:43.037 D/spcomlib( 623): [start_ssr_thread] done.
01-03 09:54:43.037 D/spcomlib( 623): [add_ch] add ch [sp_keymaster_ssr].
01-03 09:54:43.037 D/spcomlib( 623): [spcom_register_service] spcom_register_service() name [sp_keymaster_ssr] pid [474907872432] done
01-03 09:54:43.042 I/binder ( 0): 635:635 ioctl 40046210 7ff9c18ce4 returned -22
01-03 09:54:43.042 D/ProcessState( 0): Binder ioctl to enable oneway spam detection failed: Invalid argument
01-03 09:54:43.042 D/vdc ( 0): Waited 0ms for vold
01-03 09:54:43.042 I/incfs ( 522): Initial API level of the device: 30
01-03 09:54:43.042 I/incfs ( 522): ro.incremental.enable: 1
01-03 09:54:43.042 I/incfs ( 522): isFsAvailable: true
01-03 09:54:43.042 I/incfs ( 522): isFsAvailable: true
01-03 09:54:43.042 I/incfs ( 522): IncFs_Features: v1
01-03 09:54:43.058 E/vold ( 522): keystore2 Keystore earlyBootEnded returned service specific error: -68
01-03 09:54:43.068 I/apexd ( 0): This device does not support updatable APEX. Exiting
01-03 09:54:43.068 I/apexd ( 0): Marking APEXd as activated
01-03 09:54:43.103 I/binder ( 0): 641:641 ioctl 40046210 7fd029aab4 returned -22
01-03 09:54:43.103 D/ProcessState( 0): Binder ioctl to enable oneway spam detection failed: Invalid argument
01-03 09:54:43.103 D/vdc ( 0): Waited 0ms for vold
01-03 09:54:43.103 D/vold ( 522): fscrypt_init_user0
01-03 09:54:43.103 D/vold ( 522): Preparing: /data/misc/vold/user_keys
01-03 09:54:43.103 D/vold ( 522): Preparing: /data/misc/vold/user_keys/ce
01-03 09:54:43.103 D/vold ( 522): Preparing: /data/misc/vold/user_keys/de
01-03 09:54:43.103 D/vold ( 522): Generating wrapped storage key
01-03 09:54:43.104 E/vold ( 522): keystore2 Keystore generateKey returned service specific error: -67
01-03 09:54:43.104 W/vold ( 522): Failed to generate rollback-resistant key. This is expected if keymaster doesn't support rollback resistance. Falling back to non-rollback-resistant key.
01-03 09:54:43.107 D/vold ( 522): Generating wrapped storage key
01-03 09:54:43.107 E/vold ( 522): keystore2 Keystore generateKey returned service specific error: -67
01-03 09:54:43.107 W/vold ( 522): Failed to generate rollback-resistant key. This is expected if keymaster doesn't support rollback resistance. Falling back to non-rollback-resistant key.
01-03 09:54:43.109 D/vold ( 522): Preparing: /data/misc/vold/user_keys/ce/0
01-03 09:54:43.113 D/vold ( 522): Generating "key storage" key
01-03 09:54:43.113 E/vold ( 522): keystore2 Keystore generateKey returned service specific error: -67
01-03 09:54:43.113 W/vold ( 522): Failed to generate rollback-resistant key. This is expected if keymaster doesn't support rollback resistance. Falling back to non-rollback-resistant key.
01-03 09:54:43.120 D/vold ( 522): Created key: /data/misc/vold/user_keys/ce/0/current
01-03 09:54:43.122 D/vold ( 522): Generating "key storage" key
01-03 09:54:43.122 E/vold ( 522): keystore2 Keystore generateKey returned service specific error: -67
01-03 09:54:43.122 W/vold ( 522): Failed to generate rollback-resistant key. This is expected if keymaster doesn't support rollback resistance. Falling back to non-rollback-resistant key.
01-03 09:54:43.129 D/vold ( 522): Created key: /data/misc/vold/user_keys/de/0
01-03 09:54:43.133 D/vold ( 522): Installed fscrypt key with ref 795688c44ad27a110c778627105a3d99 to /data
01-03 09:54:43.133 D/vold ( 522): Added fscrypt-provisioning key for 795688c44ad27a110c778627105a3d99 to session keyring
01-03 09:54:43.138 D/vold ( 522): Installed fscrypt key with ref 4588f67d7925f95d0b8758d74eff39d3 to /data
01-03 09:54:43.138 D/vold ( 522): Added fscrypt-provisioning key for 4588f67d7925f95d0b8758d74eff39d3 to session keyring
01-03 09:54:43.138 D/vold ( 522): Created keys for user 0
01-03 09:54:43.145 D/vold ( 522): Installed fscrypt key with ref 795688c44ad27a110c778627105a3d99 to /data
01-03 09:54:43.145 D/vold ( 522): Added fscrypt-provisioning key for 795688c44ad27a110c778627105a3d99 to session keyring
01-03 09:54:43.145 D/vold ( 522): Installed de key for user 0
01-03 09:54:43.145 D/vold ( 522): fscrypt_prepare_user_storage for volume null, user 0, serial 0, flags 1
01-03 09:54:43.145 D/vold ( 522): Preparing: /data/system/users/0
01-03 09:54:43.145 D/vold ( 522): Preparing: /data/misc/profiles/cur/0
01-03 09:54:43.145 D/vold ( 522): Preparing: /data/system_de/0
01-03 09:54:43.145 D/vold ( 522): Preparing: /data/misc_de/0
01-03 09:54:43.145 D/vold ( 522): Preparing: /data/vendor_de/0
01-03 09:54:43.145 D/vold ( 522): Preparing: /data/user_de/0
01-03 09:54:43.145 I/vold ( 522): Encryption policy of /data/system_de/0 set to 795688c44ad27a110c778627105a3d99 v2 modes 1/4 flags 0xa
01-03 09:54:43.145 I/vold ( 522): Encryption policy of /data/misc_de/0 set to 795688c44ad27a110c778627105a3d99 v2 modes 1/4 flags 0xa
01-03 09:54:43.145 I/vold ( 522): Encryption policy of /data/vendor_de/0 set to 795688c44ad27a110c778627105a3d99 v2 modes 1/4 flags 0xa
01-03 09:54:43.145 I/vold ( 522): Encryption policy of /data/user_de/0 set to 795688c44ad27a110c778627105a3d99 v2 modes 1/4 flags 0xa
01-03 09:54:43.145 D/vold ( 522): /system/bin/vold_prepare_subdirs
01-03 09:54:43.145 D/vold ( 522): prepare
01-03 09:54:43.145 D/vold ( 522):
01-03 09:54:43.145 D/vold ( 522): 0
01-03 09:54:43.145 D/vold ( 522): 1
01-03 09:54:43.157 D/vold ( 522): Detected support for FS_IOC_ADD_ENCRYPTION_KEY
01-03 09:54:43.157 D/vold ( 522): Installing fscrypt-provisioning key for 4588f67d7925f95d0b8758d74eff39d3 back into /data fs-keyring
01-03 09:54:43.247 I/apexd ( 0): This device does not support updatable APEX. Exiting
01-03 09:54:43.247 I/apexd ( 0): Marking APEXd as ready
01-03 09:54:43.264 D/cnss ( 0): File system is ready, fs_ready is 1, count is 1
01-03 09:54:43.264 D/cnss ( 0): Posting event: COLD_BOOT_CAL_START(5), state: 0x0 flags: 0x0
01-03 09:54:43.264 D/cnss ( 0): PM stay awake, state: 0x0, count: 1
01-03 09:54:43.264 D/cnss ( 0): PM relax, state: 0x0, count: 0
01-03 09:54:43.264 D/cnss ( 0): PM stay awake, state: 0x0, count: 1
01-03 09:54:43.264 D/cnss ( 0): Processing driver event: COLD_BOOT_CAL_START(5), state: 0x0
01-03 09:54:43.264 D/cnss ( 0): Regulator vdd-wlan-io is being enabled
01-03 09:54:43.264 D/cnss ( 0): Regulator wlan-ant-switch is being enabled
01-03 09:54:43.264 D/cnss ( 0): Regulator vdd-wlan-aon is being enabled
01-03 09:54:43.264 D/cnss ( 0): Regulator vdd-wlan-dig is being enabled
01-03 09:54:43.265 D/cnss ( 0): Regulator vdd-wlan-rfa1 is being enabled
01-03 09:54:43.265 D/cnss ( 0): Regulator vdd-wlan-rfa2 is being enabled
01-03 09:54:43.265 D/cnss ( 0): BT_EN_GPIO State: Off. Delay WLAN_GPIO enable
01-03 09:54:43.275 I/auditd ( 1): type=1400 audit(0.0:25): avc: denied { getattr } for comm="init" path="/product/bin/init.qti.display.sh" dev="dm-7" ino=56 scontext=u:r:init:s0 tcontext=u:object_r:vendor_sys_qti_display_exec:s0 tclass=file permissive=0
01-03 09:54:43.287 I/logd ( 0): logd reinit
01-03 09:54:43.287 E/logd ( 0): FrameworkListener: read() failed (Connection reset by peer)
01-03 09:54:43.033 I/liblog ( 661): 44
01-03 09:54:43.351 I/update_verifier( 0): Started with arg 1: nonencrypted
01-03 09:54:43.351 I/binder ( 0): 670:670 ioctl 40046210 7ffdeaecc4 returned -22
01-03 09:54:43.351 D/hw-ProcessState( 0): Binder ioctl to enable oneway spam detection failed: Invalid argument
01-03 09:54:43.351 I/update_verifier( 0): Booting slot 0: isSlotMarkedSuccessful=1
01-03 09:54:43.351 I/update_verifier( 0): Leaving update_verifier.
01-03 09:54:43.359 W/subsys-pil-tz 17300000.qcom,lpass( 0): Falling back to syfs fallback for: adsp.mdt
01-03 09:54:43.359 W/subsys-pil-tz 8300000.qcom,turing( 0): Falling back to syfs fallback for: cdsp.mdt
01-03 09:54:43.361 I/ueventd ( 0): firmware: loading 'cdsp.mdt' for '/devices/platform/soc/8300000.qcom,turing/firmware/cdsp.mdt'
01-03 09:54:43.361 I/ueventd ( 0): firmware: loading 'adsp.mdt' for '/devices/platform/soc/17300000.qcom,lpass/firmware/adsp.mdt'
01-03 09:54:43.362 I/ueventd ( 0): loading /devices/platform/soc/17300000.qcom,lpass/firmware/adsp.mdt took 0ms
01-03 09:54:43.362 I/subsys-pil-tz 17300000.qcom,lpass( 0): adsp: loading from 0x000000008a100000 to 0x000000008be00000
01-03 09:54:43.362 I/subsys-pil-tz 8300000.qcom,turing( 0): cdsp: loading from 0x0000000087800000 to 0x0000000088c00000
01-03 09:54:43.362 I/ueventd ( 0): loading /devices/platform/soc/8300000.qcom,turing/firmware/cdsp.mdt took 1ms
01-03 09:54:43.365 I/binder ( 0): 671:671 ioctl 40046210 7ff8333c34 returned -22
01-03 09:54:43.365 W/subsys-pil-tz 8300000.qcom,turing( 0): Falling back to syfs fallback for: cdsp.b02
01-03 09:54:43.365 W/subsys-pil-tz 8300000.qcom,turing( 0): Falling back to syfs fallback for: cdsp.b03
01-03 09:54:43.365 W/subsys-pil-tz 8300000.qcom,turing( 0): Falling back to syfs fallback for: cdsp.b04
01-03 09:54:43.366 W/subsys-pil-tz 8300000.qcom,turing( 0): Falling back to syfs fallback for: cdsp.b05
01-03 09:54:43.366 W/subsys-pil-tz 8300000.qcom,turing( 0): Falling back to syfs fallback for: cdsp.b06
01-03 09:54:43.366 W/subsys-pil-tz 8300000.qcom,turing( 0): Falling back to syfs fallback for: cdsp.b08
01-03 09:54:43.366 W/subsys-pil-tz 8300000.qcom,turing( 0): Falling back to syfs fallback for: cdsp.b09
01-03 09:54:43.366 W/subsys-pil-tz 8300000.qcom,turing( 0): Falling back to syfs fallback for: cdsp.b11
01-03 09:54:43.366 W/subsys-pil-tz 17300000.qcom,lpass( 0): Falling back to syfs fallback for: adsp.b02
01-03 09:54:43.366 W/subsys-pil-tz 17300000.qcom,lpass( 0): Falling back to syfs fallback for: adsp.b03
01-03 09:54:43.366 W/subsys-pil-tz 17300000.qcom,lpass( 0): Falling back to syfs fallback for: adsp.b04
01-03 09:54:43.366 W/subsys-pil-tz 17300000.qcom,lpass( 0): Falling back to syfs fallback for: adsp.b05
01-03 09:54:43.366 W/subsys-pil-tz 17300000.qcom,lpass( 0): Falling back to syfs fallback for: adsp.b06
01-03 09:54:43.366 W/subsys-pil-tz 17300000.qcom,lpass( 0): Falling back to syfs fallback for: adsp.b07
01-03 09:54:43.366 W/subsys-pil-tz 17300000.qcom,lpass( 0): Falling back to syfs fallback for: adsp.b08
01-03 09:54:43.366 W/subsys-pil-tz 17300000.qcom,lpass( 0): Falling back to syfs fallback for: adsp.b09
01-03 09:54:43.366 W/subsys-pil-tz 17300000.qcom,lpass( 0): Falling back to syfs fallback for: adsp.b10
01-03 09:54:43.366 W/subsys-pil-tz 17300000.qcom,lpass( 0): Falling back to syfs fallback for: adsp.b11
01-03 09:54:43.367 W/subsys-pil-tz 17300000.qcom,lpass( 0): Falling back to syfs fallback for: adsp.b12
01-03 09:54:43.367 W/subsys-pil-tz 17300000.qcom,lpass( 0): Falling back to syfs fallback for: adsp.b13
01-03 09:54:43.367 I/ueventd ( 0): firmware: loading 'cdsp.b03' for '/devices/platform/soc/8300000.qcom,turing/firmware/cdsp.b03'
01-03 09:54:43.367 W/subsys-pil-tz 17300000.qcom,lpass( 0): Falling back to syfs fallback for: adsp.b14
01-03 09:54:43.367 W/subsys-pil-tz 17300000.qcom,lpass( 0): Falling back to syfs fallback for: adsp.b15
01-03 09:54:43.367 W/subsys-pil-tz 17300000.qcom,lpass( 0): Falling back to syfs fallback for: adsp.b16
01-03 09:54:43.368 I/ueventd ( 0): firmware: loading 'cdsp.b02' for '/devices/platform/soc/8300000.qcom,turing/firmware/cdsp.b02'
01-03 09:54:43.368 D/cnss ( 0): Assert WLAN_EN GPIO successfully
01-03 09:54:43.368 D/cnss ( 0): Resuming PCI link
01-03 09:54:43.368 I/msm_pcie_enable( 0): PCIe: Assert the reset of endpoint of RC0.
01-03 09:54:43.368 W/subsys-pil-tz 17300000.qcom,lpass( 0): Falling back to syfs fallback for: adsp.b17
01-03 09:54:43.368 I/ueventd ( 0): loading /devices/platform/soc/8300000.qcom,turing/firmware/cdsp.b03 took 1ms
01-03 09:54:43.368 I/ueventd ( 0): firmware: loading 'cdsp.b04' for '/devices/platform/soc/8300000.qcom,turing/firmware/cdsp.b04'
01-03 09:54:43.369 I/ueventd ( 0): loading /devices/platform/soc/8300000.qcom,turing/firmware/cdsp.b02 took 1ms
01-03 09:54:43.369 W/subsys-pil-tz 17300000.qcom,lpass( 0): Falling back to syfs fallback for: adsp.b18
01-03 09:54:43.369 I/ueventd ( 0): loading /devices/platform/soc/8300000.qcom,turing/firmware/cdsp.b04 took 0ms
01-03 09:54:43.371 I/msm_pcie_enable( 0): PCIe: RC0: PCIE20_PARF_INT_ALL_MASK: 0x7f80d202
01-03 09:54:43.373 I/pcie_phy_init( 0): PCIe RC0 PHY is ready!
01-03 09:54:43.383 I/msm_pcie_enable( 0): PCIe: Release the reset of endpoint of RC0.
01-03 09:54:43.400 I/msm_pcie_link_train( 0): PCIe RC0 link initialized
01-03 09:54:43.404 E/OF ( 0): graph: no port node found in /soc/qcom,dsi-display-primary
01-03 09:54:43.404 W/[drm] [msm-dsi-warn]( 0): [hx82101+hx8692 video mode dsi truly panel] fallback to default te-pin-select
01-03 09:54:43.405 I/msm_drm ae00000.qcom,mdss_mdp( 0): Linked as a consumer to regulator.31
01-03 09:54:43.405 E/register_client_adhoc( 0): find path.src 1 dest 590
01-03 09:54:43.405 E/register_client_adhoc( 0): Client handle 15 mdss_reg
01-03 09:54:43.406 E/register_client_adhoc( 0): find path.src 22 dest 512
01-03 09:54:43.406 E/register_client_adhoc( 0): find path.src 23 dest 512
01-03 09:54:43.406 E/register_client_adhoc( 0): Client handle 53 mdss_sde
01-03 09:54:43.406 I/msm_drm ae00000.qcom,mdss_mdp( 0): bound soc:qcom,wb-display@0 (ops sde_wb_comp_ops)
01-03 09:54:43.406 I/msm-dsi-display soc( 0): qcom,dsi-display-primary: Linked as a consumer to regulator.25
01-03 09:54:43.406 I/[drm:dsi_display_bind] [msm-dsi-info]( 0): Successfully bind display panel 'qcom,mdss_dsi_panel_hx82101_hx8692_truly_v2_video'
01-03 09:54:43.406 I/msm_drm ae00000.qcom,mdss_mdp( 0): bound soc:qcom,dsi-display-primary (ops dsi_display_comp_ops)
01-03 09:54:43.406 I/msm_drm ae00000.qcom,mdss_mdp( 0): bound af20000.qcom,sde_rscc (ops sde_rsc_comp_ops)
01-03 09:54:43.407 I/ ( 0): [drm] mapped mdp address space @0000000000000000
01-03 09:54:43.407 I/qcom_rpmh DRV( 0): apps_rsc TCS Busy, retrying RPMH message send: addr=0x30080
01-03 09:54:43.407 I/ ( 0): [drm:_sde_kms_hw_init_blocks:3613] sde hardware revision:0x60000000
01-03 09:54:43.409 I/msmdrm_smmu ae00000.qcom,mdss_mdp( 0): qcom,smmu_sde_unsec_cb: Linked as a consumer to 15000000.apps-smmu
01-03 09:54:43.411 I/subsys-pil-tz 8300000.qcom,turing( 0): cdsp: Brought out of reset
01-03 09:54:43.414 I/cnss_pci 0000( 0): 01:00.0: enabling device (0000 -> 0002)
01-03 09:54:43.415 D/cnss ( 0): Read register offset 0x1f8031c, val = 0x6
01-03 09:54:43.415 D/cnss ( 0): Write val 0x2 to register offset 0x1f8031c
01-03 09:54:43.415 D/cnss ( 0): Setting MHI state: INIT(0)
01-03 09:54:43.420 I/subsys-pil-tz 8300000.qcom,turing( 0): cdsp: Power/Clock ready interrupt received
01-03 09:54:43.420 I/subsys-pil-tz 8300000.qcom,turing( 0): Subsystem error monitoring/handling services are up
01-03 09:54:43.421 I/iommu ( 0): Adding device ae00000.qcom,mdss_mdp:qcom,smmu_sde_unsec_cb to group 48
01-03 09:54:43.421 I/ ( 0): [drm] probing device qcom,smmu_sde_unsec
01-03 09:54:43.421 I/ ( 0): [drm] Created domain mdp_ns, secure=0
01-03 09:54:43.421 I/qcom_smd_qrtr_probe( 0): Entered
01-03 09:54:43.421 I/qcom_smd_qrtr_probe( 0): SMD QRTR driver probed
01-03 09:54:43.422 I/msmdrm_smmu ae00000.qcom,mdss_mdp( 0): qcom,smmu_sde_sec_cb: Linked as a consumer to 15000000.apps-smmu
01-03 09:54:43.422 I/adsprpc ( 0): fastrpc_restart_notifier_cb: cdsp subsystem is up
01-03 09:54:43.423 E/register_client_adhoc( 0): find path.src 1 dest 589
01-03 09:54:43.423 E/register_client_adhoc( 0): Failed to find path.src 1 dest 589
01-03 09:54:43.424 W/subsys-pil-tz 9800000.qcom,npu( 0): Falling back to syfs fallback for: npu.mdt
01-03 09:54:43.424 E/ ( 0): [drm:dp_display_init_aux_switch][msm-dp-err][437 ]failed to register notifier (-22)
01-03 09:54:43.426 I/adsprpc ( 0): fastrpc_rpmsg_probe: opened rpmsg channel for cdsp
01-03 09:54:43.428 I/msm_cvp ( 0): info: Opening cvp instance: 0000000000000000
01-03 09:54:43.428 I/msm_cvp_v4l2 ab00000.qcom,cvp( 0): Linked as a consumer to regulator.77
01-03 09:54:43.428 I/msm_cvp_v4l2 ab00000.qcom,cvp( 0): Linked as a consumer to regulator.76
01-03 09:54:43.429 E/register_client_adhoc( 0): find path.src 1 dest 589
01-03 09:54:43.429 E/register_client_adhoc( 0): Failed to find path.src 1 dest 589
01-03 09:54:43.429 I/subsys-pil-tz 9800000.qcom,npu( 0): npu: loading from 0x0000000086900000 to 0x0000000086e00000
01-03 09:54:43.429 I/subsys-restart( 0): __subsystem_get(): Changing subsys fw_name to cvpss
01-03 09:54:43.429 W/subsys-pil-tz abb0000.qcom,cvpss( 0): Falling back to syfs fallback for: cvpss.mdt
01-03 09:54:43.430 E/ ( 0): [drm:dp_display_init_aux_switch][msm-dp-err][437 ]failed to register notifier (-22)
01-03 09:54:43.438 I/subsys-pil-tz abb0000.qcom,cvpss( 0): cvpss: loading from 0x0000000087300000 to 0x0000000087800000
01-03 09:54:43.459 I/binder ( 0): 672:672 ioctl 40046210 7fdefa0934 returned -22
01-03 09:54:43.460 I/binder ( 0): 672:672 ioctl 40046210 7fdefa0b44 returned -22
01-03 09:54:43.482 I/subsys-pil-tz 17300000.qcom,lpass( 0): adsp: Brought out of reset
01-03 09:54:43.485 I/iommu ( 0): Adding device ae00000.qcom,mdss_mdp:qcom,smmu_sde_sec_cb to group 49
01-03 09:54:43.485 I/ ( 0): [drm] probing device qcom,smmu_sde_sec
01-03 09:54:43.485 I/ ( 0): [drm] Created domain mdp_s, secure=1
01-03 09:54:43.486 W/subsys-pil-tz 9800000.qcom,npu( 0): Falling back to syfs fallback for: npu.b02
01-03 09:54:43.486 W/subsys-pil-tz 9800000.qcom,npu( 0): Falling back to syfs fallback for: npu.b03
01-03 09:54:43.486 W/subsys-pil-tz 9800000.qcom,npu( 0): Falling back to syfs fallback for: npu.b04
01-03 09:54:43.486 W/subsys-pil-tz 9800000.qcom,npu( 0): Falling back to syfs fallback for: npu.b05
01-03 09:54:43.486 W/subsys-pil-tz 9800000.qcom,npu( 0): Falling back to syfs fallback for: npu.b06
01-03 09:54:43.486 W/subsys-pil-tz abb0000.qcom,cvpss( 0): Falling back to syfs fallback for: cvpss.b02
01-03 09:54:43.486 W/subsys-pil-tz abb0000.qcom,cvpss( 0): Falling back to syfs fallback for: cvpss.b03
01-03 09:54:43.487 W/subsys-pil-tz abb0000.qcom,cvpss( 0): Falling back to syfs fallback for: cvpss.b04
01-03 09:54:43.487 W/subsys-pil-tz abb0000.qcom,cvpss( 0): Falling back to syfs fallback for: cvpss.b05
01-03 09:54:43.487 W/subsys-pil-tz abb0000.qcom,cvpss( 0): Falling back to syfs fallback for: cvpss.b06
01-03 09:54:43.487 W/subsys-pil-tz abb0000.qcom,cvpss( 0): Falling back to syfs fallback for: cvpss.b07
01-03 09:54:43.487 W/subsys-pil-tz abb0000.qcom,cvpss( 0): Falling back to syfs fallback for: cvpss.b08
01-03 09:54:43.487 W/subsys-pil-tz abb0000.qcom,cvpss( 0): Falling back to syfs fallback for: cvpss.b10
01-03 09:54:43.487 W/subsys-pil-tz abb0000.qcom,cvpss( 0): Falling back to syfs fallback for: cvpss.b09
01-03 09:54:43.487 W/subsys-pil-tz abb0000.qcom,cvpss( 0): Falling back to syfs fallback for: cvpss.b19
01-03 09:54:43.491 I/[drm:dsi_panel_get_mode] [msm-dsi-info]( 0): default topology: lm: 1 comp_enc:0 intf: 1
01-03 09:54:43.496 E/register_client_adhoc( 0): find path.src 1 dest 589
01-03 09:54:43.496 E/register_client_adhoc( 0): Failed to find path.src 1 dest 589
01-03 09:54:43.497 E/ ( 0): [drm:dp_display_init_aux_switch][msm-dp-err][418 ]failed to register notifier (-22)
01-03 09:54:43.506 I/subsys-pil-tz 9800000.qcom,npu( 0): npu: Brought out of reset
01-03 09:54:43.506 I/ ( 0): [drm] Supports vblank timestamp caching Rev 2 (21.10.2013).
01-03 09:54:43.506 I/ ( 0): [drm] No driver support for vblank timestamp query.
01-03 09:54:43.506 I/subsys-pil-tz 17300000.qcom,lpass( 0): Subsystem error monitoring/handling services are up
01-03 09:54:43.506 I/subsys-pil-tz 17300000.qcom,lpass( 0): adsp: Power/Clock ready interrupt received
01-03 09:54:43.506 I/qcom_rpmh DRV( 0): apps_rsc TCS Busy, retrying RPMH message send: addr=0x30030
01-03 09:54:43.506 I/qcom_rpmh DRV( 0): apps_rsc TCS Busy, retrying RPMH message send: addr=0x30040
01-03 09:54:43.507 I/qcom_rpmh DRV( 0): apps_rsc TCS Busy, retrying RPMH message send: addr=0x30040
01-03 09:54:43.507 I/qcom_rpmh DRV( 0): apps_rsc TCS Busy, retrying RPMH message send: addr=0x30040
01-03 09:54:43.507 I/qcom_rpmh DRV( 0): apps_rsc TCS Busy, retrying RPMH message send: addr=0x30040
01-03 09:54:43.507 I/adsprpc ( 0): fastrpc_restart_notifier_cb: adsp subsystem is up
01-03 09:54:43.507 E/register_client_adhoc( 0): find path.src 1 dest 589
01-03 09:54:43.507 E/register_client_adhoc( 0): Failed to find path.src 1 dest 589
01-03 09:54:43.507 E/ ( 0): [drm:dp_display_init_aux_switch][msm-dp-err][123 ]failed to register notifier (-22)
01-03 09:54:43.507 E/register_client_adhoc( 0): find path.src 1 dest 589
01-03 09:54:43.507 D/cnss ( 0): DRV subsystem is connected
01-03 09:54:43.507 E/register_client_adhoc( 0): Failed to find path.src 1 dest 589
01-03 09:54:43.507 E/ ( 0): [drm:dp_display_init_aux_switch][msm-dp-err][123 ]failed to register notifier (-22)
01-03 09:54:43.508 E/register_client_adhoc( 0): find path.src 1 dest 589
01-03 09:54:43.508 E/register_client_adhoc( 0): Failed to find path.src 1 dest 589
01-03 09:54:43.508 E/ ( 0): [drm:dp_display_init_aux_switch][msm-dp-err][123 ]failed to register notifier (-22)
01-03 09:54:43.508 I/qcom_smd_qrtr_probe( 0): Entered
01-03 09:54:43.508 I/qcom_smd_qrtr_probe( 0): SMD QRTR driver probed
01-03 09:54:43.509 I/ ( 0): [drm] Initialized msm_drm 1.3.0 20130625 for ae00000.qcom,mdss_mdp on minor 0
01-03 09:54:43.509 I/ ( 0): [drm] cont_splash feature not enabled
01-03 09:54:43.509 E/register_client_adhoc( 0): find path.src 1 dest 589
01-03 09:54:43.509 E/register_client_adhoc( 0): Failed to find path.src 1 dest 589
01-03 09:54:43.510 E/ ( 0): [drm:dp_display_init_aux_switch][msm-dp-err][437 ]failed to register notifier (-22)
01-03 09:54:43.512 I/subsys-pil-tz abb0000.qcom,cvpss( 0): cvpss: Brought out of reset
01-03 09:54:43.515 I/adsprpc ( 0): fastrpc_rpmsg_probe: opened rpmsg channel for adsp
01-03 09:54:43.517 E/register_client_adhoc( 0): find path.src 1 dest 589
01-03 09:54:43.517 E/register_client_adhoc( 0): Failed to find path.src 1 dest 589
01-03 09:54:43.517 E/ ( 0): [drm:dp_display_init_aux_switch][msm-dp-err][437 ]failed to register notifier (-22)
01-03 09:54:43.518 I/apr_tal_rpmsg qcom,glink( 0): adsp.apr_audio_svc.-1.-1: apr_tal_rpmsg_probe: Channel[apr_audio_svc] state[Up]
01-03 09:54:43.520 E/register_client_adhoc( 0): find path.src 1 dest 589
01-03 09:54:43.520 E/register_client_adhoc( 0): Failed to find path.src 1 dest 589
01-03 09:54:43.521 E/ ( 0): [drm:dp_display_init_aux_switch][msm-dp-err][437 ]failed to register notifier (-22)
01-03 09:54:43.524 I/NPU_INFO( 0): npu_get_fw_caps: 236 fw caps 0:2007
01-03 09:54:43.524 W/NPU_WARN( 0): host_session_msg_hdlr: 1904 handle npu session msg when FW is disabled
01-03 09:54:43.524 I/NPU_INFO( 0): npu_get_fw_caps: 236 fw caps 1:80000005
01-03 09:54:43.524 I/NPU_INFO( 0): npu_get_fw_caps: 236 fw caps 2:0
01-03 09:54:43.524 I/NPU_INFO( 0): npu_get_fw_caps: 236 fw caps 3:0
01-03 09:54:43.524 I/NPU_INFO( 0): npu_get_fw_caps: 236 fw caps 4:0
01-03 09:54:43.524 I/NPU_INFO( 0): npu_get_fw_caps: 236 fw caps 5:0
01-03 09:54:43.524 I/NPU_INFO( 0): npu_get_fw_caps: 236 fw caps 6:0
01-03 09:54:43.524 I/NPU_INFO( 0): npu_get_fw_caps: 236 fw caps 7:0
01-03 09:54:43.527 I/qcom_smd_qrtr_probe( 0): Entered
01-03 09:54:43.527 I/qcom_smd_qrtr_probe( 0): SMD QRTR driver probed
01-03 09:54:43.528 E/register_client_adhoc( 0): find path.src 1 dest 589
01-03 09:54:43.528 E/register_client_adhoc( 0): Failed to find path.src 1 dest 589
01-03 09:54:43.529 E/ ( 0): [drm:dp_display_init_aux_switch][msm-dp-err][437 ]failed to register notifier (-22)
01-03 09:54:43.533 I/msm_cvp ( 0): err: Failed to create debugfs for msm_cvp
01-03 09:54:43.533 I/msm_cvp ( 0): info: Closed cvp instance: 0000000000000000 session_id = 0
01-03 09:54:43.557 D/cnss ( 0): Setting MHI state: POWER_ON(2)
01-03 09:54:43.557 W/cnss_pci 0000( 0): 01:00.0: Falling back to syfs fallback for: qca6390/amss20.bin
01-03 09:54:43.296 I/boot_progress_start( 673): 10942
01-03 09:54:43.611 E/DTC_ETH,link_delay_work_func( 0): 3003, SQI=0, link=0
01-03 09:54:43.648 I/subsys-restart( 0): __subsystem_get(): Changing subsys fw_name to slpi
01-03 09:54:43.649 W/subsys-pil-tz 5c00000.qcom,ssc( 0): Falling back to syfs fallback for: slpi.mdt
01-03 09:54:43.651 I/subsys-pil-tz 5c00000.qcom,ssc( 0): slpi: loading from 0x0000000088c00000 to 0x000000008a100000
01-03 09:54:43.653 W/subsys-pil-tz 5c00000.qcom,ssc( 0): Falling back to syfs fallback for: slpi.b02
01-03 09:54:43.653 W/subsys-pil-tz 5c00000.qcom,ssc( 0): Falling back to syfs fallback for: slpi.b03
01-03 09:54:43.653 W/subsys-pil-tz 5c00000.qcom,ssc( 0): Falling back to syfs fallback for: slpi.b04
01-03 09:54:43.653 W/subsys-pil-tz 5c00000.qcom,ssc( 0): Falling back to syfs fallback for: slpi.b06
01-03 09:54:43.653 W/subsys-pil-tz 5c00000.qcom,ssc( 0): Falling back to syfs fallback for: slpi.b05
01-03 09:54:43.654 W/subsys-pil-tz 5c00000.qcom,ssc( 0): Falling back to syfs fallback for: slpi.b07
01-03 09:54:43.654 W/subsys-pil-tz 5c00000.qcom,ssc( 0): Falling back to syfs fallback for: slpi.b08
01-03 09:54:43.654 W/subsys-pil-tz 5c00000.qcom,ssc( 0): Falling back to syfs fallback for: slpi.b09
01-03 09:54:43.654 W/subsys-pil-tz 5c00000.qcom,ssc( 0): Falling back to syfs fallback for: slpi.b10
01-03 09:54:43.654 W/subsys-pil-tz 5c00000.qcom,ssc( 0): Falling back to syfs fallback for: slpi.b11
01-03 09:54:43.654 W/subsys-pil-tz 5c00000.qcom,ssc( 0): Falling back to syfs fallback for: slpi.b12
01-03 09:54:43.654 W/subsys-pil-tz 5c00000.qcom,ssc( 0): Falling back to syfs fallback for: slpi.b13
01-03 09:54:43.654 W/subsys-pil-tz 5c00000.qcom,ssc( 0): Falling back to syfs fallback for: slpi.b14
01-03 09:54:43.654 W/subsys-pil-tz 5c00000.qcom,ssc( 0): Falling back to syfs fallback for: slpi.b15
01-03 09:54:43.654 W/subsys-pil-tz 5c00000.qcom,ssc( 0): Falling back to syfs fallback for: slpi.b16
01-03 09:54:43.654 W/subsys-pil-tz 5c00000.qcom,ssc( 0): Falling back to syfs fallback for: slpi.b17
01-03 09:54:43.654 W/subsys-pil-tz 5c00000.qcom,ssc( 0): Falling back to syfs fallback for: slpi.b18
01-03 09:54:43.654 W/subsys-pil-tz 5c00000.qcom,ssc( 0): Falling back to syfs fallback for: slpi.b19
01-03 09:54:43.654 W/subsys-pil-tz 5c00000.qcom,ssc( 0): Falling back to syfs fallback for: slpi.b20
01-03 09:54:43.681 I/binder ( 0): 811:811 ioctl 40046210 7fda9c6104 returned -22
01-03 09:54:43.691 I/binder ( 0): 813:813 ioctl 40046210 7fe8b0b5a4 returned -22
01-03 09:54:43.691 I/binder ( 0): 813:813 ioctl 40046210 7fe8b0b584 returned -22
01-03 09:54:43.708 I/binder ( 0): 825:825 ioctl 40046210 7fdd69c404 returned -22
01-03 09:54:43.773 I/subsys-pil-tz 5c00000.qcom,ssc( 0): slpi: Brought out of reset
01-03 09:54:43.779 I/binder ( 0): 831:831 ioctl 40046210 7fd9625a54 returned -22
01-03 09:54:43.495 I/auditd ( 842): type=1400 audit(0.0:26): avc: denied { read } for comm="vendor.qti.hard" name="u:object_r:vendor_cap_configstore_dbg_prop:s0" dev="tmpfs" ino=15671 scontext=u:r:vendor_hal_capabilityconfigstore_qti_default:s0 tcontext=u:object_r:vendor_cap_configstore_dbg_prop:s0 tclass=file permissive=0
01-03 09:54:43.799 I/binder ( 0): 877:877 ioctl 40046210 7ff6c1e714 returned -22
01-03 09:54:43.539 I/android.hardware.wifi@1.0-service( 837): Wifi Hal is booting up...
01-03 09:54:43.820 W/QSEECOM ( 0): qseecom_load_app: App (soter64) does'nt exist, loading apps for first time
01-03 09:54:43.545 I/HidlServiceManagement( 837): Registered android.hardware.wifi@1.4::IWifi/default (start delay of 131ms)
01-03 09:54:43.547 I/auditd ( 80): type=1400 audit(0.0:27): avc: denied { create } for comm="kworker/u16:1" scontext=u:r:kernel:s0 tcontext=u:r:kernel:s0 tclass=qipcrtr_socket permissive=0
01-03 09:54:43.547 I/auditd ( 7): type=1400 audit(0.0:28): avc: denied { create } for comm="kworker/u16:0" scontext=u:r:kernel:s0 tcontext=u:r:kernel:s0 tclass=qipcrtr_socket permissive=0
01-03 09:54:43.547 I/auditd ( 80): type=1400 audit(0.0:30): avc: denied { create } for comm="kworker/u16:1" scontext=u:r:kernel:s0 tcontext=u:r:kernel:s0 tclass=qipcrtr_socket permissive=0
01-03 09:54:43.547 I/auditd ( 331): type=1400 audit(0.0:29): avc: denied { create } for comm="kworker/u16:10" scontext=u:r:kernel:s0 tcontext=u:r:kernel:s0 tclass=qipcrtr_socket permissive=0
01-03 09:54:43.547 I/auditd ( 80): type=1400 audit(0.0:32): avc: denied { create } for comm="kworker/u16:1" scontext=u:r:kernel:s0 tcontext=u:r:kernel:s0 tclass=qipcrtr_socket permissive=0
01-03 09:54:43.547 I/auditd ( 7): type=1400 audit(0.0:31): avc: denied { create } for comm="kworker/u16:0" scontext=u:r:kernel:s0 tcontext=u:r:kernel:s0 tclass=qipcrtr_socket permissive=0
01-03 09:54:43.547 I/auditd ( 331): type=1400 audit(0.0:33): avc: denied { create } for comm="kworker/u16:10" scontext=u:r:kernel:s0 tcontext=u:r:kernel:s0 tclass=qipcrtr_socket permissive=0
01-03 09:54:43.547 I/auditd ( 80): type=1400 audit(0.0:34): avc: denied { create } for comm="kworker/u16:1" scontext=u:r:kernel:s0 tcontext=u:r:kernel:s0 tclass=qipcrtr_socket permissive=0
01-03 09:54:43.547 I/auditd ( 7): type=1400 audit(0.0:35): avc: denied { create } for comm="kworker/u16:0" scontext=u:r:kernel:s0 tcontext=u:r:kernel:s0 tclass=qipcrtr_socket permissive=0
01-03 09:54:43.547 I/auditd ( 80): type=1400 audit(0.0:37): avc: denied { create } for comm="kworker/u16:1" scontext=u:r:kernel:s0 tcontext=u:r:kernel:s0 tclass=qipcrtr_socket permissive=0
01-03 09:54:43.547 I/auditd ( 274): type=1400 audit(0.0:36): avc: denied { create } for comm="kworker/u16:3" scontext=u:r:kernel:s0 tcontext=u:r:kernel:s0 tclass=qipcrtr_socket permissive=0
01-03 09:54:43.547 I/auditd ( 80): type=1400 audit(0.0:39): avc: denied { create } for comm="kworker/u16:1" scontext=u:r:kernel:s0 tcontext=u:r:kernel:s0 tclass=qipcrtr_socket permissive=0
01-03 09:54:43.547 I/auditd ( 331): type=1400 audit(0.0:38): avc: denied { create } for comm="kworker/u16:10" scontext=u:r:kernel:s0 tcontext=u:r:kernel:s0 tclass=qipcrtr_socket permissive=0
01-03 09:54:43.547 I/auditd ( 80): type=1400 audit(0.0:41): avc: denied { create } for comm="kworker/u16:1" scontext=u:r:kernel:s0 tcontext=u:r:kernel:s0 tclass=qipcrtr_socket permissive=0
01-03 09:54:43.547 I/auditd ( 7): type=1400 audit(0.0:40): avc: denied { create } for comm="kworker/u16:0" scontext=u:r:kernel:s0 tcontext=u:r:kernel:s0 tclass=qipcrtr_socket permissive=0
01-03 09:54:43.547 I/auditd ( 331): type=1400 audit(0.0:42): avc: denied { create } for comm="kworker/u16:10" scontext=u:r:kernel:s0 tcontext=u:r:kernel:s0 tclass=qipcrtr_socket permissive=0
01-03 09:54:43.547 I/auditd ( 274): type=1400 audit(0.0:43): avc: denied { create } for comm="kworker/u16:3" scontext=u:r:kernel:s0 tcontext=u:r:kernel:s0 tclass=qipcrtr_socket permissive=0
01-03 09:54:43.547 I/auditd ( 280): type=1400 audit(0.0:44): avc: denied { create } for comm="kworker/u16:6" scontext=u:r:kernel:s0 tcontext=u:r:kernel:s0 tclass=qipcrtr_socket permissive=0
01-03 09:54:43.547 I/auditd ( 272): type=1400 audit(0.0:45): avc: denied { create } for comm="kworker/u16:2" scontext=u:r:kernel:s0 tcontext=u:r:kernel:s0 tclass=qipcrtr_socket permissive=0
01-03 09:54:43.547 I/auditd ( 276): type=1400 audit(0.0:46): avc: denied { create } for comm="kworker/u16:4" scontext=u:r:kernel:s0 tcontext=u:r:kernel:s0 tclass=qipcrtr_socket permissive=0
01-03 09:54:43.547 I/auditd ( 278): type=1400 audit(0.0:47): avc: denied { create } for comm="kworker/u16:5" scontext=u:r:kernel:s0 tcontext=u:r:kernel:s0 tclass=qipcrtr_socket permissive=0
01-03 09:54:43.831 E/diag ( 0): In socket_open_server, socket not initialized for LPASS_CNTL
01-03 09:54:43.831 E/diag ( 0): In socket_open_server, socket not initialized for MODEM_CNTL
01-03 09:54:43.831 E/diag ( 0): In socket_open_server, socket not initialized for LPASS_DATA
01-03 09:54:43.831 E/diag ( 0): In socket_open_server, socket not initialized for MODEM_DATA
01-03 09:54:43.831 E/diag ( 0): In socket_open_server, socket not initialized for WCNSS_DATA
01-03 09:54:43.831 E/diag ( 0): In socket_open_server, socket not initialized for MODEM_DCI
01-03 09:54:43.831 E/diag ( 0): In socket_open_server, socket not initialized for SENSORS_DATA
01-03 09:54:43.831 E/diag ( 0): In socket_open_server, socket not initialized for LPASS_DCI
01-03 09:54:43.831 E/diag ( 0): In socket_open_server, socket not initialized for DIAG_DATA
01-03 09:54:43.831 E/diag ( 0): In socket_open_server, socket not initialized for WCNSS_DCI
01-03 09:54:43.831 E/diag ( 0): In socket_open_server, socket not initialized for DIAG_DCI_DATA
01-03 09:54:43.831 E/diag ( 0): In socket_open_server, socket not initialized for SENSORS_DCI
01-03 09:54:43.831 E/diag ( 0): In socket_open_server, socket not initialized for WCNSS_CNTL
01-03 09:54:43.831 E/diag ( 0): In socket_open_server, socket not initialized for NPU_DATA
01-03 09:54:43.831 E/diag ( 0): In socket_open_server, socket not initialized for CDSP_DATA
01-03 09:54:43.831 E/diag ( 0): In socket_open_server, socket not initialized for CDSP_DCI
01-03 09:54:43.831 E/diag ( 0): In socket_open_server, socket not initialized for NPU_DCI
01-03 09:54:43.832 E/diag ( 0): In socket_open_server, socket not initialized for CDSP_CNTL
01-03 09:54:43.832 E/diag ( 0): In socket_open_server, socket not initialized for SENSORS_CNTL
01-03 09:54:43.832 E/diag ( 0): In socket_open_server, socket not initialized for DIAG_CTRL
01-03 09:54:43.832 I/sysmon-qmi( 0): ssctl_new_server: Connection established between QMI handle and slpi's SSCTL service
01-03 09:54:43.832 E/diag ( 0): In socket_open_server, socket not initialized for NPU_CNTL
01-03 09:54:43.833 I/subsys-pil-tz 5c00000.qcom,ssc( 0): Subsystem error monitoring/handling services are up
01-03 09:54:43.833 I/subsys-pil-tz 5c00000.qcom,ssc( 0): slpi: Power/Clock ready interrupt received
01-03 09:54:43.835 I/sysmon-qmi( 0): ssctl_new_server: Connection established between QMI handle and cdsp's SSCTL service
01-03 09:54:43.835 I/sysmon-qmi( 0): ssctl_new_server: Connection established between QMI handle and adsp's SSCTL service
01-03 09:54:43.560 I/irsc_util( 949): Starting irsc tool
01-03 09:54:43.836 W/QSEECOM ( 0): qseecom_load_app: App with id 4 (soter64) now loaded
01-03 09:54:43.839 I/adsprpc ( 0): fastrpc_restart_notifier_cb: slpi subsystem is up
01-03 09:54:43.839 E/register_client_adhoc( 0): find path.src 1 dest 589
01-03 09:54:43.839 E/register_client_adhoc( 0): Failed to find path.src 1 dest 589
01-03 09:54:43.840 I/qcom_smd_qrtr_probe( 0): Entered
01-03 09:54:43.840 I/qcom_smd_qrtr_probe( 0): SMD QRTR driver probed
01-03 09:54:43.841 I/adsprpc ( 0): fastrpc_rpmsg_probe: opened rpmsg channel for slpi
01-03 09:54:43.844 E/ ( 0): [drm:dp_display_init_aux_switch][msm-dp-err][84 ]failed to register notifier (-22)
01-03 09:54:43.844 E/register_client_adhoc( 0): find path.src 1 dest 589
01-03 09:54:43.573 I/irsc_util( 949): Num of entries:298
01-03 09:54:43.573 I/irsc_util( 949): Ending irsc tool
01-03 09:54:43.844 E/register_client_adhoc( 0): Failed to find path.src 1 dest 589
01-03 09:54:43.861 I/sysmon-qmi( 0): ssctl_new_server: Connection established between QMI handle and slpi's SSCTL service
01-03 09:54:43.879 I/servloc ( 0): service_locator_new_server: Connection established with the Service locator
01-03 09:54:43.879 I/servloc ( 0): init_service_locator: Service locator initialized
01-03 09:54:43.881 I/adsprpc ( 0): fastrpc_get_service_location_notify: PDR notifier for adsp registered for msm/adsp/audio_pd (audio_pdr_adsprpc)
01-03 09:54:43.881 I/adsprpc ( 0): fastrpc_get_service_location_notify: audio_pdr_adsprpc (msm/adsp/audio_pd) PDR service for adsp is uninitialized
01-03 09:54:43.882 I/service-notifier( 0): service_notifier_new_server: Connection established between QMI handle and 74 service
01-03 09:54:43.883 I/adsprpc ( 0): fastrpc_pdr_notifier_cb: msm/adsp/audio_pd (audio_pdr_adsprpc) is up on adsp
01-03 09:54:43.883 I/audio_notifer_reg_service( 0): service PDR_ADSP is in use
01-03 09:54:43.883 I/apr_adsp_up( 0): Q6 is Up
01-03 09:54:43.883 I/msm-audio-ion soc( 0): qcom,msm-audio-apr:qcom,msm-audio-ion: Linked as a consumer to 15000000.apps-smmu
01-03 09:54:43.890 I/iommu ( 0): Adding device soc:qcom,msm-audio-apr:qcom,msm-audio-ion to group 50
01-03 09:54:43.607 I/auditd ( 475): type=1400 audit(0.0:48): avc: denied { create } for comm="init" name="drm" scontext=u:r:vendor_init:s0 tcontext=u:object_r:mnt_product_file:s0 tclass=dir permissive=0
01-03 09:54:43.607 I/auditd ( 475): type=1400 audit(0.0:49): avc: denied { create } for comm="init" name="bluetooth" scontext=u:r:vendor_init:s0 tcontext=u:object_r:mnt_product_file:s0 tclass=dir permissive=0
01-03 09:54:43.607 I/auditd ( 475): type=1400 audit(0.0:50): avc: denied { create } for comm="init" name="misc" scontext=u:r:vendor_init:s0 tcontext=u:object_r:mnt_product_file:s0 tclass=dir permissive=0
01-03 09:54:43.607 I/auditd ( 475): type=1400 audit(0.0:51): avc: denied { create } for comm="init" name="alarm" scontext=u:r:vendor_init:s0 tcontext=u:object_r:mnt_product_file:s0 tclass=dir permissive=0
01-03 09:54:43.892 E/ ( 0): [drm:dp_display_init_aux_switch][msm-dp-err][388 ]failed to register notifier (-22)
01-03 09:54:43.892 E/rmt_storage( 0): ERR:main: Mmap Failed for rmts (-1)...pausing execution!
01-03 09:54:43.893 E/register_client_adhoc( 0): find path.src 1 dest 589
01-03 09:54:43.893 E/register_client_adhoc( 0): Failed to find path.src 1 dest 589
01-03 09:54:43.894 E/ ( 0): [drm:dp_display_init_aux_switch][msm-dp-err][388 ]failed to register notifier (-22)
01-03 09:54:43.895 I/sps ( 0): BAM 0x0000000003a84000 (va:0x0000000000000000) enabled: ver:0x19, number of pipes:25
01-03 09:54:43.895 I/sps ( 0): BAM 0x0000000003a84000 is registered.
01-03 09:54:43.896 E/register_client_adhoc( 0): find path.src 1 dest 589
01-03 09:54:43.897 E/register_client_adhoc( 0): Failed to find path.src 1 dest 589
01-03 09:54:43.898 E/ ( 0): [drm:dp_display_init_aux_switch][msm-dp-err][38 ]failed to register notifier (-22)
01-03 09:54:43.623 I/auditd ( 1002): type=1400 audit(0.0:52): avc: denied { read write } for comm="sensors.qti" name="diag" dev="tmpfs" ino=11418 scontext=u:r:vendor_sensors_qti:s0 tcontext=u:object_r:vendor_diag_device:s0 tclass=chr_file permissive=0
01-03 09:54:43.623 I/auditd ( 475): type=1400 audit(0.0:53): avc: denied { setattr } for comm="init" name="rawdump" dev="tmpfs" ino=11456 scontext=u:r:vendor_init:s0 tcontext=u:object_r:block_device:s0 tclass=lnk_file permissive=0
01-03 09:54:43.623 I/auditd ( 475): type=1400 audit(0.0:54): avc: denied { setattr } for comm="init" name="rawdump" dev="tmpfs" ino=11456 scontext=u:r:vendor_init:s0 tcontext=u:object_r:block_device:s0 tclass=lnk_file permissive=0
01-03 09:54:43.919 I/binder ( 0): 994:994 ioctl 40046210 7fcde2e104 returned -22
01-03 09:54:43.920 I/ ( 0): Mass Storage Function, version: 2009/09/11
