01-03 09:54:43.920 I/LUN ( 0): removable file: (no medium)
01-03 09:54:43.924 I/ ( 0): file system registered
01-03 09:54:43.926 I/f_cdev_alloc( 0): port_name:at_usb0 (0000000000000000) portno:(0)
01-03 09:54:43.926 I/f_cdev_alloc( 0): port_name:at_usb1 (0000000000000000) portno:(1)
01-03 09:54:43.926 I/f_cdev_alloc( 0): port_name:at_usb2 (0000000000000000) portno:(2)
01-03 09:54:43.930 I/binder ( 0): 991:991 ioctl 40046210 7fed63f934 returned -22
01-03 09:54:43.675 I/snet_event_log( 673): [200284993,-1,]
01-03 09:54:43.676 I/snet_event_log( 674): [200284993,-1,]
01-03 09:54:43.963 I/msm_vidc( 0): high: 00000001: ....d: Opening video instance: 0000000000000000, 1
01-03 09:54:43.964 I/msm_vidc_v4l2 aa00000.qcom,vidc( 0): Linked as a consumer to regulator.75
01-03 09:54:43.964 I/msm_vidc_v4l2 aa00000.qcom,vidc( 0): Linked as a consumer to regulator.74
01-03 09:54:43.969 I/subsys-restart( 0): __subsystem_get(): Changing subsys fw_name to venus
01-03 09:54:43.970 W/subsys-pil-tz aab0000.qcom,venus( 0): Falling back to syfs fallback for: venus.mdt
01-03 09:54:43.687 I/auditd ( 844): type=1400 audit(0.0:55): avc: denied { read write } for comm="vendor.qti.hard" name="diag" dev="tmpfs" ino=11418 scontext=u:r:hal_graphics_composer_default:s0 tcontext=u:object_r:vendor_diag_device:s0 tclass=chr_file permissive=0
01-03 09:54:43.974 I/subsys-pil-tz aab0000.qcom,venus( 0): venus: loading from 0x0000000086e00000 to 0x0000000087300000
01-03 09:54:43.977 W/subsys-pil-tz aab0000.qcom,venus( 0): Falling back to syfs fallback for: venus.b02
01-03 09:54:43.977 W/subsys-pil-tz aab0000.qcom,venus( 0): Falling back to syfs fallback for: venus.b03
01-03 09:54:43.977 W/subsys-pil-tz aab0000.qcom,venus( 0): Falling back to syfs fallback for: venus.b04
01-03 09:54:43.977 W/subsys-pil-tz aab0000.qcom,venus( 0): Falling back to syfs fallback for: venus.b05
01-03 09:54:43.978 W/subsys-pil-tz aab0000.qcom,venus( 0): Falling back to syfs fallback for: venus.b07
01-03 09:54:43.978 W/subsys-pil-tz aab0000.qcom,venus( 0): Falling back to syfs fallback for: venus.b06
01-03 09:54:43.978 W/subsys-pil-tz aab0000.qcom,venus( 0): Falling back to syfs fallback for: venus.b08
01-03 09:54:43.978 W/subsys-pil-tz aab0000.qcom,venus( 0): Falling back to syfs fallback for: venus.b09
01-03 09:54:43.978 W/subsys-pil-tz aab0000.qcom,venus( 0): Falling back to syfs fallback for: venus.b10
01-03 09:54:43.978 W/subsys-pil-tz aab0000.qcom,venus( 0): Falling back to syfs fallback for: venus.b19
01-03 09:54:43.981 I/binder ( 0): 981:981 ioctl 40046210 7feae20a54 returned -22
01-03 09:54:43.981 I/binder ( 0): 981:981 ioctl 40046210 7feae20a74 returned -22
01-03 09:54:43.982 I/binder ( 0): 995:995 ioctl 40046210 7fe1356914 returned -22
01-03 09:54:43.987 I/binder ( 0): 995:995 ioctl 40046210 7fe1358344 returned -22
01-03 09:54:43.990 D/cnss ( 0): MHI status cb is called with reason MISSION_MODE(6)
01-03 09:54:43.991 D/cnss ( 0): Notify MHI to use already allocated images
01-03 09:54:43.991 D/cnss ( 0): PM relax, state: 0x8, count: 0
01-03 09:54:43.991 E/register_client_adhoc( 0): find path.src 1 dest 589
01-03 09:54:43.991 E/register_client_adhoc( 0): Failed to find path.src 1 dest 589
01-03 09:54:43.992 E/ ( 0): [drm:dp_display_init_aux_switch][msm-dp-err][580 ]failed to register notifier (-22)
01-03 09:54:43.994 E/register_client_adhoc( 0): find path.src 1 dest 589
01-03 09:54:43.994 E/register_client_adhoc( 0): Failed to find path.src 1 dest 589
01-03 09:54:43.995 E/ ( 0): [drm:dp_display_init_aux_switch][msm-dp-err][78 ]failed to register notifier (-22)
01-03 09:54:43.716 I/auditd ( 507): avc: denied { find } for pid=995 uid=1000 name=vendor.qti.hardware.display.config.IDisplayConfig/default scontext=u:r:surfaceflinger:s0 tcontext=u:object_r:default_android_service:s0 tclass=service_manager permissive=0
01-03 09:54:43.998 W/kona-asoc-snd soc( 0): qcom,msm-audio-apr:qcom,q6core-audio:sound: msm_init_aux_dev: Max WSA devices is 0 for this target?
01-03 09:54:43.718 I/auditd ( 507): avc: denied { find } for pid=995 uid=1000 name=vendor.qti.hardware.display.config.IDisplayConfig/default scontext=u:r:surfaceflinger:s0 tcontext=u:object_r:default_android_service:s0 tclass=service_manager permissive=0
01-03 09:54:43.999 E/kona-asoc-snd soc( 0): qcom,msm-audio-apr:qcom,q6core-audio:sound: ASoC: CODEC DAI wsa_macro_vifeedback not registered
01-03 09:54:44.000 E/qcom-lpi-pinctrl soc( 0): qcom,msm-audio-apr:qcom,q6core-audio:lpi_pinctrl@33c0000: snd_event_notify: No snd dev entry found
01-03 09:54:44.006 I/platform soc( 0): qcom,msm-audio-apr:qcom,voice-mhi-audio: assigned reserved memory node mailbox_region
01-03 09:54:44.006 E/register_client_adhoc( 0): find path.src 1 dest 589
01-03 09:54:44.006 E/register_client_adhoc( 0): Failed to find path.src 1 dest 589
01-03 09:54:44.007 E/ ( 0): [drm:dp_display_init_aux_switch][msm-dp-err][438 ]failed to register notifier (-22)
01-03 09:54:44.009 W/kona-asoc-snd soc( 0): qcom,msm-audio-apr:qcom,q6core-audio:sound: msm_init_aux_dev: Max WSA devices is 0 for this target?
01-03 09:54:44.009 E/kona-asoc-snd soc( 0): qcom,msm-audio-apr:qcom,q6core-audio:sound: ASoC: CODEC DAI wsa_macro_vifeedback not registered
01-03 09:54:44.010 W/ ( 0): bolero-clk-rsc-mngr bolero-clk-rsc-mngr: DMA mask not set
01-03 09:54:44.011 W/tx_macro tx-macro( 0): DMA mask not set
01-03 09:54:44.011 E/tx_macro tx-macro( 0): tx_macro_probe: va-macro not registered yet, defer
01-03 09:54:44.011 W/rx_macro rx-macro( 0): DMA mask not set
01-03 09:54:44.011 E/rx_macro rx-macro( 0): rx_macro_probe: va-macro not registered yet, defer
01-03 09:54:44.012 W/wsa_macro wsa-macro( 0): DMA mask not set
01-03 09:54:44.012 E/wsa_macro wsa-macro( 0): wsa_macro_probe: va-macro not registered yet, defer
01-03 09:54:44.012 W/va_macro va-macro( 0): DMA mask not set
01-03 09:54:44.012 E/msm_cdc_pinctrl_get_gpiodata( 0): device node is null
01-03 09:54:44.012 I/va_macro va-macro( 0): Linked as a consumer to regulator.7
01-03 09:54:44.012 I/va_macro va-macro( 0): bolero_register_macro: register macro successful:3
01-03 09:54:44.012 W/wcd938x_codec wcd938x-codec( 0): DMA mask not set
01-03 09:54:44.012 I/wcd938x_codec wcd938x-codec( 0): msm_cdc_dt_parse_vreg_info: cdc-vdd-rxtx: vol=[1800000 1800000]uV, curr=[30000]uA, ond 0 lpm 0
01-03 09:54:44.012 I/wcd938x_codec wcd938x-codec( 0): msm_cdc_dt_parse_vreg_info: cdc-vddio: vol=[1800000 1800000]uV, curr=[30000]uA, ond 0 lpm 0
01-03 09:54:44.012 I/wcd938x_codec wcd938x-codec( 0): msm_cdc_dt_parse_vreg_info: cdc-vdd-buck: vol=[1800000 1800000]uV, curr=[650000]uA, ond 0 lpm 0
01-03 09:54:44.012 I/wcd938x_codec wcd938x-codec( 0): msm_cdc_dt_parse_vreg_info: cdc-vdd-mic-bias: vol=[3296000 3296000]uV, curr=[30000]uA, ond 0 lpm 0
01-03 09:54:44.012 I/wcd938x_codec wcd938x-codec( 0): Linked as a consumer to regulator.7
01-03 09:54:44.012 I/wcd938x_codec wcd938x-codec( 0): Linked as a consumer to regulator.48
01-03 09:54:44.013 E/register_client_adhoc( 0): find path.src 1 dest 589
01-03 09:54:44.013 E/register_client_adhoc( 0): Failed to find path.src 1 dest 589
01-03 09:54:44.014 E/ ( 0): [drm:dp_display_init_aux_switch][msm-dp-err][388 ]failed to register notifier (-22)
01-03 09:54:44.015 W/kona-asoc-snd soc( 0): qcom,msm-audio-apr:qcom,q6core-audio:sound: msm_init_aux_dev: Max WSA devices is 0 for this target?
01-03 09:54:44.016 E/kona-asoc-snd soc( 0): qcom,msm-audio-apr:qcom,q6core-audio:sound: ASoC: CODEC DAI wsa_macro_vifeedback not registered
01-03 09:54:44.017 I/tx_macro tx-macro( 0): bolero_register_macro: register macro successful:0
01-03 09:54:44.017 I/rx_macro rx-macro( 0): bolero_register_macro: register macro successful:1
01-03 09:54:44.018 I/wsa_macro wsa-macro( 0): bolero_register_macro: register macro successful:2
01-03 09:54:44.019 E/register_client_adhoc( 0): find path.src 1 dest 589
01-03 09:54:44.019 E/register_client_adhoc( 0): Failed to find path.src 1 dest 589
01-03 09:54:44.020 E/ ( 0): [drm:dp_display_init_aux_switch][msm-dp-err][388 ]failed to register notifier (-22)
01-03 09:54:44.021 W/kona-asoc-snd soc( 0): qcom,msm-audio-apr:qcom,q6core-audio:sound: msm_init_aux_dev: Max WSA devices is 0 for this target?
01-03 09:54:44.026 I/subsys-pil-tz aab0000.qcom,venus( 0): venus: Brought out of reset
01-03 09:54:43.747 D/Build ( 673): ro.build.display.id=01.00.X102_20230326_private_user
01-03 09:54:44.032 W/swr-wcd tx_swr_ctrl( 0): DMA mask not set
01-03 09:54:44.032 W/swr-wcd rx_swr_ctrl( 0): DMA mask not set
01-03 09:54:44.032 W/swr-wcd wsa_swr_ctrl( 0): DMA mask not set
01-03 09:54:43.753 D/Build ( 674): ro.build.display.id=01.00.X102_20230326_private_user
01-03 09:54:43.753 I/boot_progress_preload_start( 673): 11400
01-03 09:54:44.037 I/msm_vidc( 0): err : 00000001: ....d: Failed to create debugfs for msm_vidc
01-03 09:54:44.040 D/cnss ( 0): WLFW server arriving: node 7 port 1
01-03 09:54:44.040 D/cnss ( 0): Posting event: SERVER_ARRIVE(0), state: 0x8 flags: 0x0
01-03 09:54:44.040 D/cnss ( 0): PM stay awake, state: 0x8, count: 1
01-03 09:54:44.040 D/cnss ( 0): PM relax, state: 0x8, count: 0
01-03 09:54:44.040 D/cnss ( 0): PM stay awake, state: 0x8, count: 1
01-03 09:54:44.040 D/cnss ( 0): Processing driver event: SERVER_ARRIVE(0), state: 0x8
01-03 09:54:44.040 I/cnss ( 0): QMI WLFW service connected, state: 0x9
01-03 09:54:44.040 D/cnss ( 0): Sending indication register message, state: 0x9
01-03 09:54:44.041 I/msm_vidc( 0): high: 00000001: h264d: Closed video instance: 0000000000000000
01-03 09:54:44.041 I/msm_vidc( 0): high: 00000001: ....d: Opening video instance: 0000000000000000, 1
01-03 09:54:44.041 I/msm_vidc( 0): err : 00000001: ....d: Failed to create debugfs for msm_vidc
01-03 09:54:44.043 D/cnss ( 0): Sending host capability message, state: 0x9
01-03 09:54:44.043 D/cnss ( 0): Number of clients is 2
01-03 09:54:44.043 D/cnss ( 0): Assign MSI to user: WAKE, num_vectors: 1, user_base_data: 813, base_vector: 13
01-03 09:54:44.043 D/cnss ( 0): WAKE MSI base data is 813
01-03 09:54:44.043 D/cnss ( 0): Calibration done is 0
01-03 09:54:44.043 D/cnss ( 0): Sending iova starting 0xa0000000 with size 0x10010000
01-03 09:54:44.045 D/cnss ( 0): PM relax, state: 0x9, count: 0
01-03 09:54:44.045 I/msm_vidc( 0): high: 00000001: h264d: Closed video instance: 0000000000000000
01-03 09:54:44.045 I/msm_vidc( 0): high: 00000001: ....d: Opening video instance: 0000000000000000, 1
01-03 09:54:44.045 I/msm_vidc( 0): err : 00000001: ....d: Failed to create debugfs for msm_vidc
01-03 09:54:44.048 E/swr-wcd wsa_swr_ctrl( 0): swrm_get_logical_dev_num: device 0x1020170211 is not ready
01-03 09:54:44.048 E/swr_get_logical_dev_num( 0): Error -22 to get logical addr for device 1020170211
01-03 09:54:44.048 W/wsa881x ( 0): probe of wsa881x.1020170211 failed with error -22
01-03 09:54:44.048 E/swr-wcd rx_swr_ctrl( 0): swrm_get_logical_dev_num: device 0xd01170224 is not ready
01-03 09:54:44.048 E/swr_get_logical_dev_num( 0): Error -22 to get logical addr for device d01170224
01-03 09:54:44.049 E/swr-wcd rx_swr_ctrl( 0): swrm_get_logical_dev_num: device 0xd01170224 is not ready
01-03 09:54:44.049 E/swr_get_logical_dev_num( 0): Error -22 to get logical addr for device d01170224
01-03 09:54:44.049 E/swr-wcd rx_swr_ctrl( 0): swrm_get_logical_dev_num: device 0xd01170224 is not ready
01-03 09:54:44.049 E/swr_get_logical_dev_num( 0): Error -22 to get logical addr for device d01170224
01-03 09:54:44.049 E/swr-wcd rx_swr_ctrl( 0): swrm_get_logical_dev_num: device 0xd01170224 is not ready
01-03 09:54:44.049 E/swr_get_logical_dev_num( 0): Error -22 to get logical addr for device d01170224
01-03 09:54:44.049 E/swr-wcd rx_swr_ctrl( 0): swrm_get_logical_dev_num: device 0xd01170224 is not ready
01-03 09:54:44.049 E/swr_get_logical_dev_num( 0): Error -22 to get logical addr for device d01170224
01-03 09:54:44.049 E/wcd938x_codec wcd938x-codec( 0): wcd938x_bind: Slave bind failed, ret = -517
01-03 09:54:44.050 I/msm_vidc( 0): high: 00000001: h265d: Closed video instance: 0000000000000000
01-03 09:54:44.051 I/msm_vidc( 0): high: 00000001: ....d: Opening video instance: 0000000000000000, 1
01-03 09:54:44.051 I/msm_vidc( 0): err : 00000001: ....d: Failed to create debugfs for msm_vidc
01-03 09:54:44.053 E/swr-wcd wsa_swr_ctrl( 0): swrm_get_logical_dev_num: device 0x1020170212 is not ready
01-03 09:54:44.053 E/swr_get_logical_dev_num( 0): Error -22 to get logical addr for device 1020170212
01-03 09:54:44.054 I/msm_vidc( 0): high: 00000001: h265d: Closed video instance: 0000000000000000
01-03 09:54:44.054 W/wsa881x ( 0): probe of wsa881x.1020170212 failed with error -22
01-03 09:54:44.056 I/msm_vidc( 0): high: 00000001: ....d: Opening video instance: 0000000000000000, 1
01-03 09:54:44.056 I/msm_vidc( 0): err : 00000001: ....d: Failed to create debugfs for msm_vidc
01-03 09:54:44.059 E/swr-wcd wsa_swr_ctrl( 0): swrm_get_logical_dev_num: device 0x1021170213 is not ready
01-03 09:54:44.059 E/swr_get_logical_dev_num( 0): Error -22 to get logical addr for device 1021170213
01-03 09:54:44.059 W/wsa881x ( 0): probe of wsa881x.1021170213 failed with error -22
01-03 09:54:44.060 I/msm_vidc( 0): high: 00000001: vp8d: Closed video instance: 0000000000000000
01-03 09:54:44.061 I/msm_vidc( 0): high: 00000001: ....d: Opening video instance: 0000000000000000, 1
01-03 09:54:44.061 I/msm_vidc( 0): err : 00000001: ....d: Failed to create debugfs for msm_vidc
01-03 09:54:44.064 E/msm-pcm-routing soc( 0): qcom,msm-pcm-routing: ASoC: no source widget found for AUDIO_REF_EC_UL30 MUX
01-03 09:54:44.064 E/msm-pcm-routing soc( 0): qcom,msm-pcm-routing: ASoC: Failed to add route AUDIO_REF_EC_UL30 MUX -> direct -> MM_UL30
01-03 09:54:44.064 I/msm_vidc( 0): high: 00000001: vp9d: Closed video instance: 0000000000000000
01-03 09:54:44.065 E/swr-wcd wsa_swr_ctrl( 0): swrm_get_logical_dev_num: device 0x1021170214 is not ready
01-03 09:54:44.065 E/swr_get_logical_dev_num( 0): Error -22 to get logical addr for device 1021170214
01-03 09:54:44.065 W/wsa881x ( 0): probe of wsa881x.1021170214 failed with error -22
01-03 09:54:44.066 I/msm_vidc( 0): high: 00000001: ....d: Opening video instance: 0000000000000000, 1
01-03 09:54:44.066 I/msm_vidc( 0): err : 00000001: ....d: Failed to create debugfs for msm_vidc
01-03 09:54:44.068 I/msm_vidc( 0): high: 00000001: vp9d: Closed video instance: 0000000000000000
01-03 09:54:44.072 E/msm-pcm-routing soc( 0): qcom,msm-pcm-routing: ASoC: no source widget found for AUX_PCM_TX
01-03 09:54:44.072 E/msm-pcm-routing soc( 0): qcom,msm-pcm-routing: ASoC: Failed to add route AUX_PCM_TX -> AUX_PCM_UL_TX -> VoLTE Stub Tx Mixer
01-03 09:54:44.075 E/msm-pcm-routing soc( 0): qcom,msm-pcm-routing: ASoC: no source widget found for AUX_PCM_RX
01-03 09:54:44.075 E/msm-pcm-routing soc( 0): qcom,msm-pcm-routing: ASoC: Failed to add route AUX_PCM_RX -> direct -> BE_OUT
01-03 09:54:44.078 W/msm-pcm-routing soc( 0): qcom,msm-pcm-routing: ASoC: no dapm match for MM_DL23 --> MultiMedia23 --> QUIN_TDM_RX_1 Audio Mixer
01-03 09:54:44.078 E/msm-pcm-routing soc( 0): qcom,msm-pcm-routing: ASoC: Failed to add route MM_DL23 -> MultiMedia23 -> QUIN_TDM_RX_1 Audio Mixer
01-03 09:54:44.078 W/msm-pcm-routing soc( 0): qcom,msm-pcm-routing: ASoC: no dapm match for MM_DL24 --> MultiMedia24 --> QUIN_TDM_RX_1 Audio Mixer
01-03 09:54:44.078 E/msm-pcm-routing soc( 0): qcom,msm-pcm-routing: ASoC: Failed to add route MM_DL24 -> MultiMedia24 -> QUIN_TDM_RX_1 Audio Mixer
01-03 09:54:44.078 W/msm-pcm-routing soc( 0): qcom,msm-pcm-routing: ASoC: no dapm match for MM_DL25 --> MultiMedia25 --> QUIN_TDM_RX_1 Audio Mixer
01-03 09:54:44.078 E/msm-pcm-routing soc( 0): qcom,msm-pcm-routing: ASoC: Failed to add route MM_DL25 -> MultiMedia25 -> QUIN_TDM_RX_1 Audio Mixer
01-03 09:54:44.083 I/msm_vidc( 0): high: 00000001: ....d: Opening video instance: 0000000000000000, 1
01-03 09:54:44.083 I/msm_vidc( 0): err : 00000001: ....d: Failed to create debugfs for msm_vidc
01-03 09:54:44.085 I/msm_vidc( 0): high: 00000001: mpg2d: Closed video instance: 0000000000000000
01-03 09:54:44.086 I/msm_vidc( 0): high: 00000001: ....d: Opening video instance: 0000000000000000, 1
01-03 09:54:44.086 I/msm_vidc( 0): err : 00000001: ....d: Failed to create debugfs for msm_vidc
01-03 09:54:44.086 W/kgsl-3d0( 0): Falling back to syfs fallback for: a650_sqe.fw
01-03 09:54:44.090 I/msm_vidc( 0): high: 00000001: mpg2d: Closed video instance: 0000000000000000
01-03 09:54:44.092 I/msm_vidc( 0): high: 00000001: ....e: Opening video instance: 0000000000000000, 0
01-03 09:54:44.092 I/msm_vidc( 0): err : 00000001: ....e: Failed to create debugfs for msm_vidc
01-03 09:54:44.095 I/msm_vidc( 0): high: 00000001: h264e: Closed video instance: 0000000000000000
01-03 09:54:44.097 I/msm_vidc( 0): high: 00000001: ....e: Opening video instance: 0000000000000000, 0
01-03 09:54:44.097 I/msm_vidc( 0): err : 00000001: ....e: Failed to create debugfs for msm_vidc
01-03 09:54:44.100 I/msm_vidc( 0): high: 00000001: h265e: Closed video instance: 0000000000000000
01-03 09:54:44.102 I/msm_vidc( 0): high: 00000001: ....e: Opening video instance: 0000000000000000, 0
01-03 09:54:44.102 I/msm_vidc( 0): err : 00000001: ....e: Failed to create debugfs for msm_vidc
01-03 09:54:44.105 I/msm_vidc( 0): high: 00000001: h265e: Closed video instance: 0000000000000000
01-03 09:54:43.823 I/auditd ( 1002): type=1400 audit(0.0:56): avc: denied { read write } for comm="sensors.qti" name="diag" dev="tmpfs" ino=11418 scontext=u:r:vendor_sensors_qti:s0 tcontext=u:object_r:vendor_diag_device:s0 tclass=chr_file permissive=0
01-03 09:54:44.107 I/msm_vidc( 0): high: 00000001: ....e: Opening video instance: 0000000000000000, 0
01-03 09:54:44.108 I/msm_vidc( 0): err : 00000001: ....e: Failed to create debugfs for msm_vidc
01-03 09:54:44.109 W/kgsl-3d0( 0): Falling back to syfs fallback for: a650_gmu.bin
01-03 09:54:44.111 I/msm_vidc( 0): high: 00000001: h265e: Closed video instance: 0000000000000000
01-03 09:54:44.114 I/msm_vidc( 0): high: 00000001: ....e: Opening video instance: 0000000000000000, 0
01-03 09:54:44.114 I/msm_vidc( 0): err : 00000001: ....e: Failed to create debugfs for msm_vidc
01-03 09:54:44.115 I/msm_vidc( 0): err : 00000001: ....e: msm_vidc_comm_update_ctrl: failed: control name Ltr Count, min 0, max 0, step 0, default_value 0
01-03 09:54:44.117 I/msm_vidc( 0): high: 00000001: vp8e: Closed video instance: 0000000000000000
01-03 09:54:44.120 I/binder ( 0): 1103:1103 ioctl 40046210 7ff0bda574 returned -22
01-03 09:54:44.127 E/msm-pcm-routing soc( 0): qcom,msm-pcm-routing: ASoC: no source widget found for AUX_PCM_TX
01-03 09:54:44.127 E/msm-pcm-routing soc( 0): qcom,msm-pcm-routing: ASoC: Failed to add route AUX_PCM_TX -> AUX_PCM_UL_TX -> SLIMBUS_0_RX Port Mixer
01-03 09:54:44.127 E/msm-pcm-routing soc( 0): qcom,msm-pcm-routing: ASoC: no source widget found for SEC_AUX_PCM_TX
01-03 09:54:44.127 E/msm-pcm-routing soc( 0): qcom,msm-pcm-routing: ASoC: Failed to add route SEC_AUX_PCM_TX -> SEC_AUX_PCM_UL_TX -> SLIMBUS_0_RX Port Mixer
01-03 09:54:44.127 E/msm-pcm-routing soc( 0): qcom,msm-pcm-routing: ASoC: no source widget found for TERT_AUX_PCM_TX
01-03 09:54:44.127 E/msm-pcm-routing soc( 0): qcom,msm-pcm-routing: ASoC: Failed to add route TERT_AUX_PCM_TX -> TERT_AUXPCM_UL_TX -> SLIMBUS_0_RX Port Mixer
01-03 09:54:44.127 E/msm-pcm-routing soc( 0): qcom,msm-pcm-routing: ASoC: no source widget found for QUAT_AUX_PCM_TX
01-03 09:54:44.127 E/msm-pcm-routing soc( 0): qcom,msm-pcm-routing: ASoC: Failed to add route QUAT_AUX_PCM_TX -> QUAT_AUXPCM_UL_TX -> SLIMBUS_0_RX Port Mixer
01-03 09:54:44.127 E/msm-pcm-routing soc( 0): qcom,msm-pcm-routing: ASoC: no source widget found for QUIN_AUX_PCM_TX
01-03 09:54:44.127 E/msm-pcm-routing soc( 0): qcom,msm-pcm-routing: ASoC: Failed to add route QUIN_AUX_PCM_TX -> QUIN_AUXPCM_UL_TX -> SLIMBUS_0_RX Port Mixer
01-03 09:54:44.127 E/msm-pcm-routing soc( 0): qcom,msm-pcm-routing: ASoC: no source widget found for SEN_AUX_PCM_TX
01-03 09:54:44.127 E/msm-pcm-routing soc( 0): qcom,msm-pcm-routing: ASoC: Failed to add route SEN_AUX_PCM_TX -> SEN_AUXPCM_UL_TX -> SLIMBUS_0_RX Port Mixer
01-03 09:54:43.891 I/auditd ( 1036): type=1400 audit(0.0:57): avc: denied { write } for comm="init.qcom.usb.s" name="uvc.0" dev="configfs" ino=17273 scontext=u:r:vendor_qti_init_shell:s0 tcontext=u:object_r:configfs:s0 tclass=dir permissive=0
01-03 09:54:43.891 I/auditd ( 1036): type=1400 audit(0.0:58): avc: denied { write } for comm="init.qcom.usb.s" name="uvc.0" dev="configfs" ino=17273 scontext=u:r:vendor_qti_init_shell:s0 tcontext=u:object_r:configfs:s0 tclass=dir permissive=0
01-03 09:54:43.899 I/auditd ( 1129): type=1400 audit(0.0:59): avc: denied { write } for comm="mkdir" name="header" dev="configfs" ino=17275 scontext=u:r:vendor_qti_init_shell:s0 tcontext=u:object_r:configfs:s0 tclass=dir permissive=0
01-03 09:54:43.903 I/auditd ( 1130): type=1400 audit(0.0:60): avc: denied { write } for comm="ln" name="fs" dev="configfs" ino=17284 scontext=u:r:vendor_qti_init_shell:s0 tcontext=u:object_r:configfs:s0 tclass=dir permissive=0
01-03 09:54:43.919 I/auditd ( 1131): type=1400 audit(0.0:61): avc: denied { write } for comm="ln" name="ss" dev="configfs" ino=17285 scontext=u:r:vendor_qti_init_shell:s0 tcontext=u:object_r:configfs:s0 tclass=dir permissive=0
01-03 09:54:43.931 I/auditd ( 1132): type=1400 audit(0.0:62): avc: denied { write } for comm="mkdir" name="uncompressed" dev="configfs" ino=17288 scontext=u:r:vendor_qti_init_shell:s0 tcontext=u:object_r:configfs:s0 tclass=dir permissive=0
01-03 09:54:43.939 I/auditd ( 1133): type=1400 audit(0.0:63): avc: denied { write } for comm="mkdir" name="uncompressed" dev="configfs" ino=17288 scontext=u:r:vendor_qti_init_shell:s0 tcontext=u:object_r:configfs:s0 tclass=dir permissive=0
01-03 09:54:43.947 I/auditd ( 1134): type=1400 audit(0.0:64): avc: denied { write } for comm="mkdir" name="mjpeg" dev="configfs" ino=17289 scontext=u:r:vendor_qti_init_shell:s0 tcontext=u:object_r:configfs:s0 tclass=dir permissive=0
01-03 09:54:43.955 I/auditd ( 1135): type=1400 audit(0.0:65): avc: denied { write } for comm="mkdir" name="mjpeg" dev="configfs" ino=17289 scontext=u:r:vendor_qti_init_shell:s0 tcontext=u:object_r:configfs:s0 tclass=dir permissive=0
01-03 09:54:43.959 I/auditd ( 1136): type=1400 audit(0.0:66): avc: denied { write } for comm="mkdir" name="h264" dev="configfs" ino=17290 scontext=u:r:vendor_qti_init_shell:s0 tcontext=u:object_r:configfs:s0 tclass=dir permissive=0
01-03 09:54:43.967 I/auditd ( 1137): type=1400 audit(0.0:67): avc: denied { write } for comm="mkdir" name="h264" dev="configfs" ino=17290 scontext=u:r:vendor_qti_init_shell:s0 tcontext=u:object_r:configfs:s0 tclass=dir permissive=0
01-03 09:54:43.971 I/auditd ( 1138): type=1400 audit(0.0:68): avc: denied { write } for comm="mkdir" name="header" dev="configfs" ino=17287 scontext=u:r:vendor_qti_init_shell:s0 tcontext=u:object_r:configfs:s0 tclass=dir permissive=0
01-03 09:54:43.979 I/auditd ( 1139): type=1400 audit(0.0:69): avc: denied { write } for comm="ln" name="header" dev="configfs" ino=17287 scontext=u:r:vendor_qti_init_shell:s0 tcontext=u:object_r:configfs:s0 tclass=dir permissive=0
01-03 09:54:43.987 I/auditd ( 1140): type=1400 audit(0.0:70): avc: denied { write } for comm="ln" name="header" dev="configfs" ino=17287 scontext=u:r:vendor_qti_init_shell:s0 tcontext=u:object_r:configfs:s0 tclass=dir permissive=0
01-03 09:54:43.991 I/auditd ( 1141): type=1400 audit(0.0:71): avc: denied { write } for comm="ln" name="header" dev="configfs" ino=17287 scontext=u:r:vendor_qti_init_shell:s0 tcontext=u:object_r:configfs:s0 tclass=dir permissive=0
01-03 09:54:43.995 I/auditd ( 1142): type=1400 audit(0.0:72): avc: denied { write } for comm="ln" name="fs" dev="configfs" ino=17294 scontext=u:r:vendor_qti_init_shell:s0 tcontext=u:object_r:configfs:s0 tclass=dir permissive=0
01-03 09:54:43.999 I/auditd ( 1143): type=1400 audit(0.0:73): avc: denied { write } for comm="ln" name="hs" dev="configfs" ino=17295 scontext=u:r:vendor_qti_init_shell:s0 tcontext=u:object_r:configfs:s0 tclass=dir permissive=0
01-03 09:54:44.007 I/auditd ( 1144): type=1400 audit(0.0:74): avc: denied { write } for comm="ln" name="ss" dev="configfs" ino=17296 scontext=u:r:vendor_qti_init_shell:s0 tcontext=u:object_r:configfs:s0 tclass=dir permissive=0
01-03 09:54:44.027 I/auditd ( 1002): type=1400 audit(0.0:75): avc: denied { read write } for comm="sensors.qti" name="diag" dev="tmpfs" ino=11418 scontext=u:r:vendor_sensors_qti:s0 tcontext=u:object_r:vendor_diag_device:s0 tclass=chr_file permissive=0
01-03 09:54:44.030 I/gsid ( 1146): no DSU: No such file or directory
01-03 09:54:44.118 I/iorapd ( 1163): iorapd (the prefetchening) firing up
01-03 09:54:44.118 E/iorapd ( 1163): SQLite error (14): cannot open file at line 39583 of [bcd014c473]
01-03 09:54:44.118 E/iorapd ( 1163): SQLite error (14): os_unix.c:39583: (2) open(/data/misc/iorapd/sqlite.db) -
01-03 09:54:44.125 I/iorapd ( 1163): Reinitialized database at '/data/misc/iorapd/sqlite.db'
01-03 09:54:44.405 I/binder ( 0): 1162:1162 ioctl 40046210 ffa963b8 returned -22
01-03 09:54:44.125 W/iorapd ( 1163): Reconnect to package manager service: 1 times
01-03 09:54:44.406 I/binder ( 0): 1163:1163 ioctl 40046210 7fdb26a854 returned -22
01-03 09:54:44.143 I/auditd ( 1169): type=1400 audit(0.0:76): avc: denied { read write } for comm="dpmd" name="diag" dev="tmpfs" ino=11418 scontext=u:r:vendor_dpmd:s0 tcontext=u:object_r:vendor_diag_device:s0 tclass=chr_file permissive=0
01-03 09:54:44.143 I/auditd ( 1194): type=1400 audit(0.0:77): avc: denied { read write } for comm="dpmd" name="diag" dev="tmpfs" ino=11418 scontext=u:r:vendor_dpmd:s0 tcontext=u:object_r:vendor_diag_device:s0 tclass=chr_file permissive=0
01-03 09:54:44.434 I/binder ( 0): 1180:1180 ioctl 40046210 7fcf0e43a4 returned -22
01-03 09:54:44.436 I/binder ( 0): 1194:1194 ioctl 40046210 7fc31fcfb4 returned -22
01-03 09:54:44.163 I/installd( 1184): installd firing up
01-03 09:54:44.163 D/installd( 1184): Assuming that device has multi-user storage layout; upgrade no longer supported
01-03 09:54:44.163 D/installd( 1184): Upgrading to /data/misc/user directories
01-03 09:54:44.444 I/binder ( 0): 1182:1182 ioctl 40046210 7ff3442824 returned -22
01-03 09:54:44.444 I/binder ( 0): 1184:1184 ioctl 40046210 7fe54e2454 returned -22
01-03 09:54:44.489 I/binder ( 0): 1187:1187 ioctl 40046210 7fdea18964 returned -22
01-03 09:54:44.493 I/lan743x 0001( 0): 01:00.0 eth0: using MSIX interrupts, number of vectors = 6
01-03 09:54:44.496 I/binder ( 0): 1206:1206 ioctl 40046210 7fe25d0ab4 returned -22
01-03 09:54:44.224 I/wificond( 1205): wificond is starting up...
01-03 09:54:44.219 I/auditd ( 1217): type=1400 audit(0.0:78): avc: denied { read write } for comm="imsqmidaemon" name="diag" dev="tmpfs" ino=11418 scontext=u:r:vendor_ims:s0 tcontext=u:object_r:vendor_diag_device:s0 tclass=chr_file permissive=0
01-03 09:54:44.219 I/auditd ( 1217): type=1400 audit(0.0:79): avc: denied { read write } for comm="imsqmidaemon" name="diag" dev="tmpfs" ino=11418 scontext=u:r:vendor_ims:s0 tcontext=u:object_r:vendor_diag_device:s0 tclass=chr_file permissive=0
01-03 09:54:44.219 I/auditd ( 1217): type=1400 audit(0.0:80): avc: denied { read write } for comm="imsqmidaemon" name="diag" dev="tmpfs" ino=11418 scontext=u:r:vendor_ims:s0 tcontext=u:object_r:vendor_diag_device:s0 tclass=chr_file permissive=0
01-03 09:54:44.219 I/auditd ( 1217): type=1400 audit(0.0:81): avc: denied { read write } for comm="imsqmidaemon" name="diag" dev="tmpfs" ino=11418 scontext=u:r:vendor_ims:s0 tcontext=u:object_r:vendor_diag_device:s0 tclass=chr_file permissive=0
01-03 09:54:44.219 I/auditd ( 1217): type=1400 audit(0.0:82): avc: denied { read write } for comm="imsqmidaemon" name="diag" dev="tmpfs" ino=11418 scontext=u:r:vendor_ims:s0 tcontext=u:object_r:vendor_diag_device:s0 tclass=chr_file permissive=0
01-03 09:54:44.219 I/auditd ( 1217): type=1400 audit(0.0:83): avc: denied { read write } for comm="imsqmidaemon" name="diag" dev="tmpfs" ino=11418 scontext=u:r:vendor_ims:s0 tcontext=u:object_r:vendor_diag_device:s0 tclass=chr_file permissive=0
01-03 09:54:44.219 I/auditd ( 1217): type=1400 audit(0.0:84): avc: denied { read write } for comm="imsqmidaemon" name="diag" dev="tmpfs" ino=11418 scontext=u:r:vendor_ims:s0 tcontext=u:object_r:vendor_diag_device:s0 tclass=chr_file permissive=0
01-03 09:54:44.505 I/binder ( 0): 1205:1205 ioctl 40046210 7fc82bfb64 returned -22
01-03 09:54:44.511 I/mv2112_config_aneg( 0): autoneg 1
01-03 09:54:44.511 I/ ( 0): mv2112_restart_aneg
01-03 09:54:44.511 I/binder ( 0): 1205:1205 ioctl 40046210 7fc82bfae4 returned -22
01-03 09:54:44.511 E/mv2112_read_status( 0): autoneg not complete;time=11876 ms
01-03 09:54:44.511 I/lan743x 0001( 0): 01:00.0 eth0: Link is Down
01-03 09:54:44.227 I/auditd ( 1002): type=1400 audit(0.0:85): avc: denied { read write } for comm="sensors.qti" name="diag" dev="tmpfs" ino=11418 scontext=u:r:vendor_sensors_qti:s0 tcontext=u:object_r:vendor_diag_device:s0 tclass=chr_file permissive=0
01-03 09:54:44.231 I/HidlServiceManagement( 1205): Registered android.system.wifi.keystore@1.0::IKeystore/default
01-03 09:54:44.513 I/binder ( 0): 1196:1196 ioctl 40046210 7fd004dde4 returned -22
01-03 09:54:44.514 I/lan743x 0001( 0): 01:00.0 eth0: successfully registered ptp clock
01-03 09:54:44.515 I/IPv6 ( 0): ADDRCONF(NETDEV_UP): eth0: link is not ready
01-03 09:54:44.239 I/auditd ( 1220): type=1400 audit(0.0:86): avc: denied { read write } for comm="ipacm-diag" name="diag" dev="tmpfs" ino=11418 scontext=u:r:hal_tetheroffload_default:s0 tcontext=u:object_r:vendor_diag_device:s0 tclass=chr_file permissive=0
01-03 09:54:44.239 I/auditd ( 1217): type=1400 audit(0.0:87): avc: denied { read write } for comm="imsqmidaemon" name="diag" dev="tmpfs" ino=11418 scontext=u:r:vendor_ims:s0 tcontext=u:object_r:vendor_diag_device:s0 tclass=chr_file permissive=0
01-03 09:54:44.239 I/auditd ( 1217): type=1400 audit(0.0:88): avc: denied { read write } for comm="imsqmidaemon" name="diag" dev="tmpfs" ino=11418 scontext=u:r:vendor_ims:s0 tcontext=u:object_r:vendor_diag_device:s0 tclass=chr_file permissive=0
01-03 09:54:44.239 I/auditd ( 1217): type=1400 audit(0.0:89): avc: denied { read write } for comm="imsqmidaemon" name="diag" dev="tmpfs" ino=11418 scontext=u:r:vendor_ims:s0 tcontext=u:object_r:vendor_diag_device:s0 tclass=chr_file permissive=0
01-03 09:54:44.327 I/imsrcsd ( 1218): Uce Service HAL is starting up...
01-03 09:54:44.328 I/imsrcsd ( 1218): Uce Service HAL loading imsrcsbaseimpl
01-03 09:54:44.618 I/cnss-daemon( 0): interop issues ap: read_iot_ap_file: No such file /data/vendor/wifi/iotap_ps.bin
01-03 09:54:44.618 I/cnss-daemon( 0): interop issues ap: read_iot_ap_ps_from_file, read file error
01-03 09:54:44.619 I/cnss-daemon( 0): NL group_id 10, cnss_nl.family_id 28
01-03 09:54:44.619 I/cnss-daemon( 0): wlfw_start: Starting
01-03 09:54:44.620 I/cnss-daemon( 0): no interop issues ap currently
01-03 09:54:44.636 I/cnss-daemon( 0): wlfw_service_request: Start the pthread: 0x0K
01-03 09:54:44.637 I/cnss-daemon( 0): pm_release_vote: pm_handle is NULL
01-03 09:54:44.637 I/cnss-daemon( 0): pm_release_vote: pm_handle is NULL
01-03 09:54:44.637 I/cnss-daemon( 0): wlfw_build_cal_table: not read /data/vendor/wifi/wlfw_cal_00.bin
01-03 09:54:44.637 I/cnss-daemon( 0): wlfw_build_cal_table: not read /data/vendor/wifi/wlfw_cal_01.bin
01-03 09:54:44.642 D/cnss ( 0): Received QMI WLFW request memory indication
01-03 09:54:44.642 D/cnss ( 0): FW requests for memory, size: 0x5e0000, type: 1
01-03 09:54:44.642 D/cnss ( 0): FW requests for memory, size: 0xd8000, type: 4
01-03 09:54:44.642 D/cnss ( 0): Posting event: REQUEST_MEM(2), state: 0x9 flags: 0x0
01-03 09:54:44.642 D/cnss ( 0): PM stay awake, state: 0x9, count: 1
01-03 09:54:44.642 D/cnss ( 0): PM relax, state: 0x9, count: 0
01-03 09:54:44.642 D/cnss ( 0): PM stay awake, state: 0x9, count: 1
01-03 09:54:44.642 D/cnss ( 0): Processing driver event: REQUEST_MEM(2), state: 0x9
01-03 09:54:44.652 I/binder ( 0): 1255:1255 ioctl 40046210 7fe9504cd4 returned -22
01-03 09:54:44.653 I/binder ( 0): 1197:1339 ioctl 40046210 72f8a7b104 returned -22
01-03 09:54:44.658 I/binder ( 0): 1255:1255 ioctl 40046210 7fe9504b04 returned -22
01-03 09:54:44.379 I/auditd ( 1209): type=1400 audit(0.0:90): avc: denied { read write } for comm="cnd" name="diag" dev="tmpfs" ino=11418 scontext=u:r:vendor_cnd:s0 tcontext=u:object_r:vendor_diag_device:s0 tclass=chr_file permissive=0
01-03 09:54:44.388 I/TLOC ( 1262): [main ]"TLOC DAEMON main thread"
01-03 09:54:44.388 D/TLOC ( 1262): [TLOCDaemon ]"---------- TLOC Daemon Starts ----------"
01-03 09:54:44.388 D/TLOC ( 1262): [TLOCChannel]"The channel was initialized successfully for TLOCD"
01-03 09:54:44.388 D/TLOC ( 1262): [TLOCChannel]"The channel was initialized successfully for TLOCL"
01-03 09:54:44.388 D/TLOC ( 1262): [TLOCChannel]"The channel was initialized successfully for MODEM"
01-03 09:54:44.388 D/TLOC ( 1262): [TLOCChannel]"TLOCChannel was initialized successfully"
01-03 09:54:44.388 D/TLOC ( 1262): [TLOCChannel] "TLOCChannel is already initialized"
01-03 09:54:44.389 I/imsrcsd ( 1218): Starting Service for First Time imsbaseimpl
01-03 09:54:44.679 I/binder ( 0): 1259:1259 ioctl 40046210 7fce7dc414 returned -22
01-03 09:54:44.683 I/binder ( 0): 1231:1231 ioctl 40046210 7fd5c254e4 returned -22
01-03 09:54:44.407 I/auditd ( 1299): type=1400 audit(0.0:91): avc: denied { read write } for comm="imsdatadaemon" name="diag" dev="tmpfs" ino=11418 scontext=u:r:vendor_ims:s0 tcontext=u:object_r:vendor_diag_device:s0 tclass=chr_file permissive=0
01-03 09:54:44.407 I/auditd ( 1299): type=1400 audit(0.0:92): avc: denied { read write } for comm="imsdatadaemon" name="diag" dev="tmpfs" ino=11418 scontext=u:r:vendor_ims:s0 tcontext=u:object_r:vendor_diag_device:s0 tclass=chr_file permissive=0
01-03 09:54:44.407 I/auditd ( 1299): type=1400 audit(0.0:93): avc: denied { read write } for comm="imsdatadaemon" name="diag" dev="tmpfs" ino=11418 scontext=u:r:vendor_ims:s0 tcontext=u:object_r:vendor_diag_device:s0 tclass=chr_file permissive=0
01-03 09:54:44.407 I/auditd ( 1299): type=1400 audit(0.0:94): avc: denied { read write } for comm="imsdatadaemon" name="diag" dev="tmpfs" ino=11418 scontext=u:r:vendor_ims:s0 tcontext=u:object_r:vendor_diag_device:s0 tclass=chr_file permissive=0
01-03 09:54:44.407 I/auditd ( 1299): type=1400 audit(0.0:95): avc: denied { read write } for comm="imsdatadaemon" name="diag" dev="tmpfs" ino=11418 scontext=u:r:vendor_ims:s0 tcontext=u:object_r:vendor_diag_device:s0 tclass=chr_file permissive=0
01-03 09:54:44.407 I/auditd ( 1299): type=1400 audit(0.0:96): avc: denied { read write } for comm="imsdatadaemon" name="diag" dev="tmpfs" ino=11418 scontext=u:r:vendor_ims:s0 tcontext=u:object_r:vendor_diag_device:s0 tclass=chr_file permissive=0
01-03 09:54:44.407 I/auditd ( 1299): type=1400 audit(0.0:97): avc: denied { read write } for comm="imsdatadaemon" name="diag" dev="tmpfs" ino=11418 scontext=u:r:vendor_ims:s0 tcontext=u:object_r:vendor_diag_device:s0 tclass=chr_file permissive=0
01-03 09:54:44.407 I/auditd ( 1299): type=1400 audit(0.0:98): avc: denied { read write } for comm="imsdatadaemon" name="diag" dev="tmpfs" ino=11418 scontext=u:r:vendor_ims:s0 tcontext=u:object_r:vendor_diag_device:s0 tclass=chr_file permissive=0
01-03 09:54:44.407 I/auditd ( 1299): type=1400 audit(0.0:99): avc: denied { read write } for comm="imsdatadaemon" name="diag" dev="tmpfs" ino=11418 scontext=u:r:vendor_ims:s0 tcontext=u:object_r:vendor_diag_device:s0 tclass=chr_file permissive=0
01-03 09:54:44.407 I/auditd ( 1299): type=1400 audit(0.0:100): avc: denied { read write } for comm="imsdatadaemon" name="diag" dev="tmpfs" ino=11418 scontext=u:r:vendor_ims:s0 tcontext=u:object_r:vendor_diag_device:s0 tclass=chr_file permissive=0
01-03 09:54:44.407 I/auditd ( 1299): type=1400 audit(0.0:101): avc: denied { read write } for comm="imsdatadaemon" name="diag" dev="tmpfs" ino=11418 scontext=u:r:vendor_ims:s0 tcontext=u:object_r:vendor_diag_device:s0 tclass=chr_file permissive=0
01-03 09:54:44.407 I/auditd ( 1299): type=1400 audit(0.0:102): avc: denied { read write } for comm="imsdatadaemon" name="diag" dev="tmpfs" ino=11418 scontext=u:r:vendor_ims:s0 tcontext=u:object_r:vendor_diag_device:s0 tclass=chr_file permissive=0
01-03 09:54:44.407 I/auditd ( 1299): type=1400 audit(0.0:103): avc: denied { read write } for comm="imsdatadaemon" name="diag" dev="tmpfs" ino=11418 scontext=u:r:vendor_ims:s0 tcontext=u:object_r:vendor_diag_device:s0 tclass=chr_file permissive=0
01-03 09:54:44.407 I/auditd ( 1299): type=1400 audit(0.0:104): avc: denied { read write } for comm="imsdatadaemon" name="diag" dev="tmpfs" ino=11418 scontext=u:r:vendor_ims:s0 tcontext=u:object_r:vendor_diag_device:s0 tclass=chr_file permissive=0
01-03 09:54:44.693 I/ ( 0): tsnv nv_initialize successfully!
01-03 09:54:44.696 I/binder ( 0): 1185:1185 ioctl 40046210 7fc98d9054 returned -22
01-03 09:54:44.407 I/auditd ( 1299): type=1400 audit(0.0:105): avc: denied { read write } for comm="imsdatadaemon" name="diag" dev="tmpfs" ino=11418 scontext=u:r:vendor_ims:s0 tcontext=u:object_r:vendor_diag_device:s0 tclass=chr_file permissive=0
01-03 09:54:44.407 I/auditd ( 1299): type=1400 audit(0.0:106): avc: denied { read write } for comm="imsdatadaemon" name="diag" dev="tmpfs" ino=11418 scontext=u:r:vendor_ims:s0 tcontext=u:object_r:vendor_diag_device:s0 tclass=chr_file permissive=0
01-03 09:54:44.407 I/auditd ( 1299): type=1400 audit(0.0:107): avc: denied { read write } for comm="imsdatadaemon" name="diag" dev="tmpfs" ino=11418 scontext=u:r:vendor_ims:s0 tcontext=u:object_r:vendor_diag_device:s0 tclass=chr_file permissive=0
01-03 09:54:44.407 I/auditd ( 1299): type=1400 audit(0.0:108): avc: denied { read write } for comm="imsdatadaemon" name="diag" dev="tmpfs" ino=11418 scontext=u:r:vendor_ims:s0 tcontext=u:object_r:vendor_diag_device:s0 tclass=chr_file permissive=0
01-03 09:54:44.407 I/auditd ( 1299): type=1400 audit(0.0:109): avc: denied { read write } for comm="imsdatadaemon" name="diag" dev="tmpfs" ino=11418 scontext=u:r:vendor_ims:s0 tcontext=u:object_r:vendor_diag_device:s0 tclass=chr_file permissive=0
01-03 09:54:44.407 I/auditd ( 1299): type=1400 audit(0.0:110): avc: denied { read write } for comm="imsdatadaemon" name="diag" dev="tmpfs" ino=11418 scontext=u:r:vendor_ims:s0 tcontext=u:object_r:vendor_diag_device:s0 tclass=chr_file permissive=0
01-03 09:54:44.407 I/auditd ( 1299): type=1400 audit(0.0:111): avc: denied { read write } for comm="imsdatadaemon" name="diag" dev="tmpfs" ino=11418 scontext=u:r:vendor_ims:s0 tcontext=u:object_r:vendor_diag_device:s0 tclass=chr_file permissive=0
01-03 09:54:44.407 I/auditd ( 1299): type=1400 audit(0.0:112): avc: denied { read write } for comm="imsdatadaemon" name="diag" dev="tmpfs" ino=11418 scontext=u:r:vendor_ims:s0 tcontext=u:object_r:vendor_diag_device:s0 tclass=chr_file permissive=0
01-03 09:54:44.407 I/auditd ( 1299): type=1400 audit(0.0:113): avc: denied { read write } for comm="imsdatadaemon" name="diag" dev="tmpfs" ino=11418 scontext=u:r:vendor_ims:s0 tcontext=u:object_r:vendor_diag_device:s0 tclass=chr_file permissive=0
01-03 09:54:44.407 I/auditd ( 1299): type=1400 audit(0.0:114): avc: denied { read write } for comm="imsdatadaemon" name="diag" dev="tmpfs" ino=11418 scontext=u:r:vendor_ims:s0 tcontext=u:object_r:vendor_diag_device:s0 tclass=chr_file permissive=0
01-03 09:54:44.407 I/auditd ( 1299): type=1400 audit(0.0:115): avc: denied { read write } for comm="imsdatadaemon" name="diag" dev="tmpfs" ino=11418 scontext=u:r:vendor_ims:s0 tcontext=u:object_r:vendor_diag_device:s0 tclass=chr_file permissive=0
01-03 09:54:44.407 I/auditd ( 1299): type=1400 audit(0.0:116): avc: denied { read write } for comm="imsdatadaemon" name="diag" dev="tmpfs" ino=11418 scontext=u:r:vendor_ims:s0 tcontext=u:object_r:vendor_diag_device:s0 tclass=chr_file permissive=0
01-03 09:54:44.407 I/auditd ( 1299): type=1400 audit(0.0:117): avc: denied { read write } for comm="imsdatadaemon" name="diag" dev="tmpfs" ino=11418 scontext=u:r:vendor_ims:s0 tcontext=u:object_r:vendor_diag_device:s0 tclass=chr_file permissive=0
01-03 09:54:44.407 I/auditd ( 1299): type=1400 audit(0.0:118): avc: denied { read write } for comm="imsdatadaemon" name="diag" dev="tmpfs" ino=11418 scontext=u:r:vendor_ims:s0 tcontext=u:object_r:vendor_diag_device:s0 tclass=chr_file permissive=0
01-03 09:54:44.407 I/auditd ( 1299): type=1400 audit(0.0:119): avc: denied { read write } for comm="imsdatadaemon" name="diag" dev="tmpfs" ino=11418 scontext=u:r:vendor_ims:s0 tcontext=u:object_r:vendor_diag_device:s0 tclass=chr_file permissive=0
01-03 09:54:44.411 I/auditd ( 1299): type=1400 audit(0.0:120): avc: denied { read write } for comm="imsdatadaemon" name="diag" dev="tmpfs" ino=11418 scontext=u:r:vendor_ims:s0 tcontext=u:object_r:vendor_diag_device:s0 tclass=chr_file permissive=0
01-03 09:54:44.700 D/qbt ( 0): qbt_open: entry minor_no=0 fd_available=1
01-03 09:54:44.700 D/qbt ( 0): qbt_open: exit : 0 fd_available=0
01-03 09:54:44.700 D/qbt ( 0): qbt_open: entry minor_no=1 fd_available=0
01-03 09:54:44.700 D/qbt ( 0): qbt_open: exit : 0 fd_available=0
01-03 09:54:44.700 D/qbt ( 0): qbt_ioctl: cmd received 102
01-03 09:54:44.700 D/qbt ( 0): qbt_ioctl: qbt_ioctl: QBT_ENABLE_IPC
01-03 09:54:44.423 I/auditd ( 1299): type=1400 audit(0.0:121): avc: denied { read write } for comm="imsdatadaemon" name="diag" dev="tmpfs" ino=11418 scontext=u:r:vendor_ims:s0 tcontext=u:object_r:vendor_diag_device:s0 tclass=chr_file permissive=0
01-03 09:54:44.423 I/auditd ( 1299): type=1400 audit(0.0:122): avc: denied { read write } for comm="imsdatadaemon" name="diag" dev="tmpfs" ino=11418 scontext=u:r:vendor_ims:s0 tcontext=u:object_r:vendor_diag_device:s0 tclass=chr_file permissive=0
01-03 09:54:44.423 I/auditd ( 1299): type=1400 audit(0.0:123): avc: denied { read write } for comm="imsdatadaemon" name="diag" dev="tmpfs" ino=11418 scontext=u:r:vendor_ims:s0 tcontext=u:object_r:vendor_diag_device:s0 tclass=chr_file permissive=0
01-03 09:54:44.408 I/imsrcsd ( 1218): Interface com.qualcomm.qti.uceservice@2.3::IUceService com.qualcomm.qti.uceservice is found in manifest
01-03 09:54:44.408 I/HidlServiceManagement( 1218): Registered com.qualcomm.qti.uceservice@2.3::IUceService/com.qualcomm.qti.uceservice (start delay of 235ms)
01-03 09:54:44.410 I/imsrcsd ( 1218): Interface com.qualcomm.qti.imscmservice@2.2::IImsCmService qti.ims.connectionmanagerservice is found in manifest
01-03 09:54:44.410 I/HidlServiceManagement( 1218): Registered com.qualcomm.qti.imscmservice@2.2::IImsCmService/qti.ims.connectionmanagerservice (start delay of 237ms)
01-03 09:54:44.411 I/imsrcsd ( 1218): Interface vendor.qti.ims.factory@1.1::IImsFactory default is not found in manifest
01-03 09:54:44.411 I/imsrcsd ( 1218): Interface vendor.qti.ims.factory@1.0::IImsFactory default is found in manifest
01-03 09:54:44.412 I/HidlServiceManagement( 1218): Registered vendor.qti.ims.factory@1.0::IImsFactory/default (start delay of 238ms)
01-03 09:54:44.412 I/imsrcsd ( 1218): Interface vendor.qti.ims.callinfo@1.0::IService default is found in manifest
01-03 09:54:44.413 I/HidlServiceManagement( 1218): Registered vendor.qti.ims.callinfo@1.0::IService/default (start delay of 239ms)
01-03 09:54:44.413 I/imsrcsd ( 1218): ImsRcsBaseImpl ImsCallInfo After Registering Service
01-03 09:54:44.427 I/auditd ( 823): type=1400 audit(0.0:124): avc: denied { read } for comm="android.hardwar" name="type" dev="sysfs" ino=63844 scontext=u:r:hal_health_default:s0 tcontext=u:object_r:sysfs:s0 tclass=file permissive=0
01-03 09:54:44.427 I/auditd ( 1002): type=1400 audit(0.0:125): avc: denied { read write } for comm="sensors.qti" name="diag" dev="tmpfs" ino=11418 scontext=u:r:vendor_sensors_qti:s0 tcontext=u:object_r:vendor_diag_device:s0 tclass=chr_file permissive=0
01-03 09:54:44.711 D/qbt ( 0): qbt_ioctl: cmd received 107
01-03 09:54:44.711 D/qbt ( 0): qbt_ioctl: Acquiring wakelock
01-03 09:54:44.711 W/healthd ( 0): No battery devices found
01-03 09:54:44.434 W/healthd ( 0): battery none chg=
01-03 09:54:44.439 I/binder ( 0): 1196:1196 ioctl 40046210 7fd004dd14 returned -22
01-03 09:54:44.438 W/storaged( 1196): health: invalid battery status
01-03 09:54:44.447 I/auditd ( 1214): type=1400 audit(0.0:126): avc: denied { read write } for comm="ims_rtp_daemon" name="diag" dev="tmpfs" ino=11418 scontext=u:r:vendor_hal_imsrtp:s0 tcontext=u:object_r:vendor_diag_device:s0 tclass=chr_file permissive=0
01-03 09:54:44.454 I/binder ( 0): 1258:1258 ioctl 40046210 7ff338d664 returned -22
01-03 09:54:44.455 I/binder ( 0): 1258:1258 ioctl 40046210 7ff338d264 returned -22
01-03 09:54:44.487 I/capability( 0): warning: `msm_irqbalance' uses 32-bit capabilities (legacy support in use)
01-03 09:54:44.505 I/binder ( 0): 1190:1190 ioctl 40046210 ffb04bb8 returned -22
01-03 09:54:44.506 I/binder ( 0): 1190:1190 ioctl 40046210 ffb04ba0 returned -22
01-03 09:54:44.506 I/binder ( 0): 1178:1178 ioctl 40046210 7fe85ea8d4 returned -22
01-03 09:54:44.506 I/binder ( 0): 1178:1178 ioctl 40046210 7fe85ea8f4 returned -22
01-03 09:54:44.549 I/IPv6 ( 0): ADDRCONF(NETDEV_UP): vlan0: link is not ready
01-03 09:54:44.551 I/auditd ( 1456): type=1400 audit(0.0:127): avc: denied { read } for comm="ip" name="rt_tables" dev="dm-10" ino=332 scontext=u:r:ethernet:s0 tcontext=u:object_r:net_data_file:s0 tclass=file permissive=0
01-03 09:54:44.555 I/auditd ( 1458): type=1400 audit(0.0:128): avc: denied { read } for comm="ip" name="rt_tables" dev="dm-10" ino=332 scontext=u:r:ethernet:s0 tcontext=u:object_r:net_data_file:s0 tclass=file permissive=0
01-03 09:54:44.571 E/wlan ( 0): Loading driver v5.2.022.10G; 2023-03-26T03:13:58Z; cld:; cmn:;
01-03 09:54:44.592 E/ipa3_uc_reg_rdyCB( 0): 2973 bad parm. inout=0000000000000000
01-03 09:54:44.592 I/ ( 0): wlan_hdd_state wlan major(476) initialized
01-03 09:54:44.592 D/cnss ( 0): Start to wait for calibration to complete
01-03 09:54:44.609 I/boot_progress_preload_end( 673): 12256
01-03 09:54:44.627 I/auditd ( 1002): type=1400 audit(0.0:129): avc: denied { read write } for comm="sensors.qti" name="diag" dev="tmpfs" ino=11418 scontext=u:r:vendor_sensors_qti:s0 tcontext=u:object_r:vendor_diag_device:s0 tclass=chr_file permissive=0
01-03 09:54:44.655 I/auditd ( 1489): type=1400 audit(0.0:130): avc: denied { getattr } for comm="hvdcp_opti" path="/dev/kmsg" dev="tmpfs" ino=12297 scontext=u:r:vendor_hvdcp:s0 tcontext=u:object_r:kmsg_device:s0 tclass=chr_file permissive=0
01-03 09:54:44.655 I/auditd ( 1489): type=1400 audit(0.0:131): avc: denied { write } for comm="hvdcp_opti" name="kmsg" dev="tmpfs" ino=12297 scontext=u:r:vendor_hvdcp:s0 tcontext=u:object_r:kmsg_device:s0 tclass=chr_file permissive=0
01-03 09:54:44.659 I/auditd ( 1489): type=1400 audit(0.0:132): avc: denied { read } for comm="hvdcp_opti" name="devices" dev="sysfs" ino=46880 scontext=u:r:vendor_hvdcp:s0 tcontext=u:object_r:sysfs:s0 tclass=dir permissive=0
01-03 09:54:44.677 I/IPv6 ( 0): ADDRCONF(NETDEV_UP): vlan1: link is not ready
01-03 09:54:44.679 I/auditd ( 1494): type=1400 audit(0.0:133): avc: denied { read } for comm="ip" name="rt_tables" dev="dm-10" ino=332 scontext=u:r:ethernet:s0 tcontext=u:object_r:net_data_file:s0 tclass=file permissive=0
01-03 09:54:44.687 I/auditd ( 1495): type=1400 audit(0.0:134): avc: denied { read } for comm="ip" name="rt_tables" dev="dm-10" ino=332 scontext=u:r:ethernet:s0 tcontext=u:object_r:net_data_file:s0 tclass=file permissive=0
01-03 09:54:44.765 I/IPv6 ( 0): ADDRCONF(NETDEV_UP): vlan2: link is not ready
01-03 09:54:44.763 I/auditd ( 1515): type=1400 audit(0.0:135): avc: denied { read } for comm="ip" name="rt_tables" dev="dm-10" ino=332 scontext=u:r:ethernet:s0 tcontext=u:object_r:net_data_file:s0 tclass=file permissive=0
01-03 09:54:44.767 I/auditd ( 1516): type=1400 audit(0.0:136): avc: denied { read } for comm="ip" name="rt_tables" dev="dm-10" ino=332 scontext=u:r:ethernet:s0 tcontext=u:object_r:net_data_file:s0 tclass=file permissive=0
01-03 09:54:44.828 I/binder ( 0): 1504:1504 ioctl 40046210 7fd5c52a44 returned -22
01-03 09:54:44.827 I/auditd ( 1002): type=1400 audit(0.0:137): avc: denied { read write } for comm="sensors.qti" name="diag" dev="tmpfs" ino=11418 scontext=u:r:vendor_sensors_qti:s0 tcontext=u:object_r:vendor_diag_device:s0 tclass=chr_file permissive=0
01-03 09:54:44.845 I/IPv6 ( 0): ADDRCONF(NETDEV_UP): vlan4: link is not ready
01-03 09:54:44.847 I/auditd ( 1539): type=1400 audit(0.0:138): avc: denied { read } for comm="ip" name="rt_tables" dev="dm-10" ino=332 scontext=u:r:ethernet:s0 tcontext=u:object_r:net_data_file:s0 tclass=file permissive=0
01-03 09:54:44.851 I/auditd ( 1541): type=1400 audit(0.0:139): avc: denied { read } for comm="ip" name="rt_tables" dev="dm-10" ino=332 scontext=u:r:ethernet:s0 tcontext=u:object_r:net_data_file:s0 tclass=file permissive=0
01-03 09:54:44.891 E/msm-dai-fe soc( 0): qcom,msm-dai-fe: ASoC: no sink widget found for AUXPCM_DL_HL
01-03 09:54:44.891 E/msm-dai-fe soc( 0): qcom,msm-dai-fe: ASoC: Failed to add route AUXPCM_HOSTLESS Playback -> direct -> AUXPCM_DL_HL
01-03 09:54:44.891 E/msm-dai-fe soc( 0): qcom,msm-dai-fe: ASoC: no source widget found for AUXPCM_UL_HL
01-03 09:54:44.891 E/msm-dai-fe soc( 0): qcom,msm-dai-fe: ASoC: Failed to add route AUXPCM_UL_HL -> direct -> AUXPCM_HOSTLESS Capture
01-03 09:54:44.905 E/msm-auxpcm-dev soc( 0): qcom,msm-pri-auxpcm: ASoC: no source widget found for AUX_PCM_RX
01-03 09:54:44.905 E/msm-auxpcm-dev soc( 0): qcom,msm-pri-auxpcm: ASoC: Failed to add route AUX_PCM_RX -> direct -> AUX PCM Playback
01-03 09:54:44.905 E/msm-auxpcm-dev soc( 0): qcom,msm-pri-auxpcm: ASoC: no sink widget found for AUX_PCM_TX
01-03 09:54:44.905 E/msm-auxpcm-dev soc( 0): qcom,msm-pri-auxpcm: ASoC: Failed to add route AUX PCM Capture -> direct -> AUX_PCM_TX
01-03 09:54:44.905 E/msm-auxpcm-dev soc( 0): qcom,msm-sec-auxpcm: ASoC: no source widget found for SEC_AUX_PCM_RX
01-03 09:54:44.905 E/msm-auxpcm-dev soc( 0): qcom,msm-sec-auxpcm: ASoC: Failed to add route SEC_AUX_PCM_RX -> direct -> Sec AUX PCM Playback
