03-25 09:20:20.287 I/auditd ( 1165): type=1400 audit(0.0:278): avc: denied { read } for comm="traced_probes" name="format" dev="tracefs" ino=1145 scontext=u:r:traced_probes:s0 tcontext=u:object_r:debugfs_tracing_debug:s0 tclass=file permissive=0
03-25 09:20:20.287 I/auditd ( 1165): type=1400 audit(0.0:279): avc: denied { read } for comm="traced_probes" name="format" dev="tracefs" ino=1157 scontext=u:r:traced_probes:s0 tcontext=u:object_r:debugfs_tracing_debug:s0 tclass=file permissive=0
03-25 09:20:20.287 I/auditd ( 1165): type=1400 audit(0.0:280): avc: denied { read } for comm="traced_probes" name="format" dev="tracefs" ino=5438 scontext=u:r:traced_probes:s0 tcontext=u:object_r:debugfs_tracing_debug:s0 tclass=file permissive=0
03-25 09:20:20.295 I/notification_cancel_all( 1504): [1000,1504,android,0,0,0,20,NULL]
03-25 09:20:20.296 D/CompatibilityChangeReporter( 1504): Compat change id reported: 168419799; UID 1001; state: DISABLED
03-25 09:20:20.287 I/auditd ( 1165): type=1400 audit(0.0:281): avc: denied { read } for comm="traced_probes" name="format" dev="tracefs" ino=5408 scontext=u:r:traced_probes:s0 tcontext=u:object_r:debugfs_tracing_debug:s0 tclass=file permissive=0
03-25 09:20:20.287 I/auditd ( 1165): type=1400 audit(0.0:282): avc: denied { read } for comm="traced_probes" name="format" dev="tracefs" ino=5240 scontext=u:r:traced_probes:s0 tcontext=u:object_r:debugfs_tracing_debug:s0 tclass=file permissive=0
03-25 09:20:20.287 I/auditd ( 1165): type=1400 audit(0.0:283): avc: denied { read } for comm="traced_probes" name="format" dev="tracefs" ino=5270 scontext=u:r:traced_probes:s0 tcontext=u:object_r:debugfs_tracing_debug:s0 tclass=file permissive=0
03-25 09:20:20.287 I/auditd ( 1165): type=1400 audit(0.0:284): avc: denied { read } for comm="traced_probes" name="format" dev="tracefs" ino=5780 scontext=u:r:traced_probes:s0 tcontext=u:object_r:debugfs_tracing_debug:s0 tclass=file permissive=0
03-25 09:20:20.287 I/auditd ( 1165): type=1400 audit(0.0:285): avc: denied { read } for comm="traced_probes" name="format" dev="tracefs" ino=5486 scontext=u:r:traced_probes:s0 tcontext=u:object_r:debugfs_tracing_debug:s0 tclass=file permissive=0
03-25 09:20:20.287 I/auditd ( 1165): type=1400 audit(0.0:286): avc: denied { read } for comm="traced_probes" name="format" dev="tracefs" ino=5480 scontext=u:r:traced_probes:s0 tcontext=u:object_r:debugfs_tracing_debug:s0 tclass=file permissive=0
03-25 09:20:20.287 I/auditd ( 1165): type=1400 audit(0.0:287): avc: denied { read } for comm="traced_probes" name="format" dev="tracefs" ino=5474 scontext=u:r:traced_probes:s0 tcontext=u:object_r:debugfs_tracing_debug:s0 tclass=file permissive=0
03-25 09:20:20.287 I/auditd ( 1165): type=1400 audit(0.0:288): avc: denied { read } for comm="traced_probes" name="format" dev="tracefs" ino=5312 scontext=u:r:traced_probes:s0 tcontext=u:object_r:debugfs_tracing_debug:s0 tclass=file permissive=0
03-25 09:20:20.287 I/auditd ( 1165): type=1400 audit(0.0:289): avc: denied { read } for comm="traced_probes" name="format" dev="tracefs" ino=5318 scontext=u:r:traced_probes:s0 tcontext=u:object_r:debugfs_tracing_debug:s0 tclass=file permissive=0
03-25 09:20:20.287 I/auditd ( 1165): type=1400 audit(0.0:290): avc: denied { read } for comm="traced_probes" name="format" dev="tracefs" ino=5516 scontext=u:r:traced_probes:s0 tcontext=u:object_r:debugfs_tracing_debug:s0 tclass=file permissive=0
03-25 09:20:20.287 I/auditd ( 1165): type=1400 audit(0.0:291): avc: denied { read } for comm="traced_probes" name="format" dev="tracefs" ino=5522 scontext=u:r:traced_probes:s0 tcontext=u:object_r:debugfs_tracing_debug:s0 tclass=file permissive=0
03-25 09:20:20.287 I/auditd ( 1165): type=1400 audit(0.0:292): avc: denied { read } for comm="traced_probes" name="format" dev="tracefs" ino=5360 scontext=u:r:traced_probes:s0 tcontext=u:object_r:debugfs_tracing_debug:s0 tclass=file permissive=0
03-25 09:20:20.287 I/auditd ( 1165): type=1400 audit(0.0:293): avc: denied { read } for comm="traced_probes" name="format" dev="tracefs" ino=5390 scontext=u:r:traced_probes:s0 tcontext=u:object_r:debugfs_tracing_debug:s0 tclass=file permissive=0
03-25 09:20:20.287 I/auditd ( 1165): type=1400 audit(0.0:294): avc: denied { read } for comm="traced_probes" name="format" dev="tracefs" ino=5252 scontext=u:r:traced_probes:s0 tcontext=u:object_r:debugfs_tracing_debug:s0 tclass=file permissive=0
03-25 09:20:20.287 I/auditd ( 1165): type=1400 audit(0.0:295): avc: denied { read } for comm="traced_probes" name="format" dev="tracefs" ino=5726 scontext=u:r:traced_probes:s0 tcontext=u:object_r:debugfs_tracing_debug:s0 tclass=file permissive=0
03-25 09:20:20.287 I/auditd ( 1165): type=1400 audit(0.0:296): avc: denied { read } for comm="traced_probes" name="format" dev="tracefs" ino=5738 scontext=u:r:traced_probes:s0 tcontext=u:object_r:debugfs_tracing_debug:s0 tclass=file permissive=0
03-25 09:20:20.287 I/auditd ( 1165): type=1400 audit(0.0:297): avc: denied { read } for comm="traced_probes" name="format" dev="tracefs" ino=5744 scontext=u:r:traced_probes:s0 tcontext=u:object_r:debugfs_tracing_debug:s0 tclass=file permissive=0
03-25 09:20:20.287 I/auditd ( 1165): type=1400 audit(0.0:298): avc: denied { read } for comm="traced_probes" name="format" dev="tracefs" ino=5720 scontext=u:r:traced_probes:s0 tcontext=u:object_r:debugfs_tracing_debug:s0 tclass=file permissive=0
03-25 09:20:20.287 I/auditd ( 1165): type=1400 audit(0.0:299): avc: denied { read } for comm="traced_probes" name="format" dev="tracefs" ino=5732 scontext=u:r:traced_probes:s0 tcontext=u:object_r:debugfs_tracing_debug:s0 tclass=file permissive=0
03-25 09:20:20.287 I/auditd ( 1165): type=1400 audit(0.0:300): avc: denied { read } for comm="traced_probes" name="format" dev="tracefs" ino=5792 scontext=u:r:traced_probes:s0 tcontext=u:object_r:debugfs_tracing_debug:s0 tclass=file permissive=0
03-25 09:20:20.287 I/auditd ( 1165): type=1400 audit(0.0:301): avc: denied { read } for comm="traced_probes" name="format" dev="tracefs" ino=5762 scontext=u:r:traced_probes:s0 tcontext=u:object_r:debugfs_tracing_debug:s0 tclass=file permissive=0
03-25 09:20:20.287 I/auditd ( 1165): type=1400 audit(0.0:302): avc: denied { read } for comm="traced_probes" name="format" dev="tracefs" ino=5768 scontext=u:r:traced_probes:s0 tcontext=u:object_r:debugfs_tracing_debug:s0 tclass=file permissive=0
03-25 09:20:20.287 I/auditd ( 1165): type=1400 audit(0.0:303): avc: denied { read } for comm="traced_probes" name="format" dev="tracefs" ino=5774 scontext=u:r:traced_probes:s0 tcontext=u:object_r:debugfs_tracing_debug:s0 tclass=file permissive=0
03-25 09:20:20.287 I/auditd ( 1165): type=1400 audit(0.0:304): avc: denied { read } for comm="traced_probes" name="format" dev="tracefs" ino=5246 scontext=u:r:traced_probes:s0 tcontext=u:object_r:debugfs_tracing_debug:s0 tclass=file permissive=0
03-25 09:20:20.287 I/auditd ( 1165): type=1400 audit(0.0:305): avc: denied { read } for comm="traced_probes" name="format" dev="tracefs" ino=5576 scontext=u:r:traced_probes:s0 tcontext=u:object_r:debugfs_tracing_debug:s0 tclass=file permissive=0
03-25 09:20:20.287 I/auditd ( 1165): type=1400 audit(0.0:306): avc: denied { read } for comm="traced_probes" name="format" dev="tracefs" ino=5582 scontext=u:r:traced_probes:s0 tcontext=u:object_r:debugfs_tracing_debug:s0 tclass=file permissive=0
03-25 09:20:20.287 I/auditd ( 1165): type=1400 audit(0.0:307): avc: denied { read } for comm="traced_probes" name="format" dev="tracefs" ino=5648 scontext=u:r:traced_probes:s0 tcontext=u:object_r:debugfs_tracing_debug:s0 tclass=file permissive=0
03-25 09:20:20.287 I/auditd ( 1165): type=1400 audit(0.0:308): avc: denied { read } for comm="traced_probes" name="format" dev="tracefs" ino=5666 scontext=u:r:traced_probes:s0 tcontext=u:object_r:debugfs_tracing_debug:s0 tclass=file permissive=0
03-25 09:20:20.287 I/auditd ( 1165): type=1400 audit(0.0:309): avc: denied { read } for comm="traced_probes" name="format" dev="tracefs" ino=5612 scontext=u:r:traced_probes:s0 tcontext=u:object_r:debugfs_tracing_debug:s0 tclass=file permissive=0
03-25 09:20:20.287 I/auditd ( 1165): type=1400 audit(0.0:310): avc: denied { read } for comm="traced_probes" name="format" dev="tracefs" ino=5588 scontext=u:r:traced_probes:s0 tcontext=u:object_r:debugfs_tracing_debug:s0 tclass=file permissive=0
03-25 09:20:20.297 I/am_uid_active( 1504): 1001
03-25 09:20:20.287 I/auditd ( 1165): type=1400 audit(0.0:311): avc: denied { read } for comm="traced_probes" name="format" dev="tracefs" ino=5600 scontext=u:r:traced_probes:s0 tcontext=u:object_r:debugfs_tracing_debug:s0 tclass=file permissive=0
03-25 09:20:20.287 I/auditd ( 1165): type=1400 audit(0.0:312): avc: denied { read } for comm="traced_probes" name="format" dev="tracefs" ino=5660 scontext=u:r:traced_probes:s0 tcontext=u:object_r:debugfs_tracing_debug:s0 tclass=file permissive=0
03-25 09:20:20.287 I/auditd ( 1165): type=1400 audit(0.0:313): avc: denied { read } for comm="traced_probes" name="format" dev="tracefs" ino=5708 scontext=u:r:traced_probes:s0 tcontext=u:object_r:debugfs_tracing_debug:s0 tclass=file permissive=0
03-25 09:20:20.287 I/auditd ( 1165): type=1400 audit(0.0:314): avc: denied { read } for comm="traced_probes" name="format" dev="tracefs" ino=5714 scontext=u:r:traced_probes:s0 tcontext=u:object_r:debugfs_tracing_debug:s0 tclass=file permissive=0
03-25 09:20:20.287 I/auditd ( 1165): type=1400 audit(0.0:315): avc: denied { read } for comm="traced_probes" name="format" dev="tracefs" ino=5702 scontext=u:r:traced_probes:s0 tcontext=u:object_r:debugfs_tracing_debug:s0 tclass=file permissive=0
03-25 09:20:20.287 I/auditd ( 1165): type=1400 audit(0.0:316): avc: denied { read } for comm="traced_probes" name="format" dev="tracefs" ino=5696 scontext=u:r:traced_probes:s0 tcontext=u:object_r:debugfs_tracing_debug:s0 tclass=file permissive=0
03-25 09:20:20.287 I/auditd ( 1165): type=1400 audit(0.0:317): avc: denied { read } for comm="traced_probes" name="format" dev="tracefs" ino=5672 scontext=u:r:traced_probes:s0 tcontext=u:object_r:debugfs_tracing_debug:s0 tclass=file permissive=0
03-25 09:20:20.287 I/auditd ( 1165): type=1400 audit(0.0:318): avc: denied { read } for comm="traced_probes" name="format" dev="tracefs" ino=5654 scontext=u:r:traced_probes:s0 tcontext=u:object_r:debugfs_tracing_debug:s0 tclass=file permissive=0
03-25 09:20:20.287 I/auditd ( 1165): type=1400 audit(0.0:319): avc: denied { read } for comm="traced_probes" name="format" dev="tracefs" ino=5678 scontext=u:r:traced_probes:s0 tcontext=u:object_r:debugfs_tracing_debug:s0 tclass=file permissive=0
03-25 09:20:20.287 I/auditd ( 1165): type=1400 audit(0.0:320): avc: denied { read } for comm="traced_probes" name="format" dev="tracefs" ino=5594 scontext=u:r:traced_probes:s0 tcontext=u:object_r:debugfs_tracing_debug:s0 tclass=file permissive=0
03-25 09:20:20.287 I/auditd ( 1165): type=1400 audit(0.0:321): avc: denied { read } for comm="traced_probes" name="format" dev="tracefs" ino=5606 scontext=u:r:traced_probes:s0 tcontext=u:object_r:debugfs_tracing_debug:s0 tclass=file permissive=0
03-25 09:20:20.287 I/auditd ( 1165): type=1400 audit(0.0:322): avc: denied { read } for comm="traced_probes" name="format" dev="tracefs" ino=5786 scontext=u:r:traced_probes:s0 tcontext=u:object_r:debugfs_tracing_debug:s0 tclass=file permissive=0
03-25 09:20:20.287 I/auditd ( 1165): type=1400 audit(0.0:323): avc: denied { read } for comm="traced_probes" name="format" dev="tracefs" ino=5348 scontext=u:r:traced_probes:s0 tcontext=u:object_r:debugfs_tracing_debug:s0 tclass=file permissive=0
03-25 09:20:20.287 I/auditd ( 1165): type=1400 audit(0.0:324): avc: denied { read } for comm="traced_probes" name="format" dev="tracefs" ino=5624 scontext=u:r:traced_probes:s0 tcontext=u:object_r:debugfs_tracing_debug:s0 tclass=file permissive=0
03-25 09:20:20.287 I/auditd ( 1165): type=1400 audit(0.0:325): avc: denied { read } for comm="traced_probes" name="format" dev="tracefs" ino=5630 scontext=u:r:traced_probes:s0 tcontext=u:object_r:debugfs_tracing_debug:s0 tclass=file permissive=0
03-25 09:20:20.287 I/auditd ( 1165): type=1400 audit(0.0:326): avc: denied { read } for comm="traced_probes" name="format" dev="tracefs" ino=5354 scontext=u:r:traced_probes:s0 tcontext=u:object_r:debugfs_tracing_debug:s0 tclass=file permissive=0
03-25 09:20:20.287 I/auditd ( 1165): type=1400 audit(0.0:327): avc: denied { read } for comm="traced_probes" name="format" dev="tracefs" ino=5294 scontext=u:r:traced_probes:s0 tcontext=u:object_r:debugfs_tracing_debug:s0 tclass=file permissive=0
03-25 09:20:20.287 I/auditd ( 1165): type=1400 audit(0.0:328): avc: denied { read } for comm="traced_probes" name="format" dev="tracefs" ino=5510 scontext=u:r:traced_probes:s0 tcontext=u:object_r:debugfs_tracing_debug:s0 tclass=file permissive=0
03-25 09:20:20.287 I/auditd ( 1165): type=1400 audit(0.0:329): avc: denied { read } for comm="traced_probes" name="format" dev="tracefs" ino=5264 scontext=u:r:traced_probes:s0 tcontext=u:object_r:debugfs_tracing_debug:s0 tclass=file permissive=0
03-25 09:20:20.287 I/auditd ( 1165): type=1400 audit(0.0:330): avc: denied { read } for comm="traced_probes" name="format" dev="tracefs" ino=5492 scontext=u:r:traced_probes:s0 tcontext=u:object_r:debugfs_tracing_debug:s0 tclass=file permissive=0
03-25 09:20:20.287 I/auditd ( 1165): type=1400 audit(0.0:331): avc: denied { read } for comm="traced_probes" name="format" dev="tracefs" ino=5498 scontext=u:r:traced_probes:s0 tcontext=u:object_r:debugfs_tracing_debug:s0 tclass=file permissive=0
03-25 09:20:20.287 I/auditd ( 1165): type=1400 audit(0.0:332): avc: denied { read } for comm="traced_probes" name="format" dev="tracefs" ino=5396 scontext=u:r:traced_probes:s0 tcontext=u:object_r:debugfs_tracing_debug:s0 tclass=file permissive=0
03-25 09:20:20.287 I/auditd ( 1165): type=1400 audit(0.0:333): avc: denied { read } for comm="traced_probes" name="format" dev="tracefs" ino=5372 scontext=u:r:traced_probes:s0 tcontext=u:object_r:debugfs_tracing_debug:s0 tclass=file permissive=0
03-25 09:20:20.287 I/auditd ( 1165): type=1400 audit(0.0:334): avc: denied { read } for comm="traced_probes" name="format" dev="tracefs" ino=5366 scontext=u:r:traced_probes:s0 tcontext=u:object_r:debugfs_tracing_debug:s0 tclass=file permissive=0
03-25 09:20:20.287 I/auditd ( 1165): type=1400 audit(0.0:335): avc: denied { read } for comm="traced_probes" name="format" dev="tracefs" ino=5384 scontext=u:r:traced_probes:s0 tcontext=u:object_r:debugfs_tracing_debug:s0 tclass=file permissive=0
03-25 09:20:20.287 I/auditd ( 1165): type=1400 audit(0.0:336): avc: denied { read } for comm="traced_probes" name="format" dev="tracefs" ino=5378 scontext=u:r:traced_probes:s0 tcontext=u:object_r:debugfs_tracing_debug:s0 tclass=file permissive=0
03-25 09:20:20.287 I/auditd ( 1165): type=1400 audit(0.0:337): avc: denied { read } for comm="traced_probes" name="format" dev="tracefs" ino=5444 scontext=u:r:traced_probes:s0 tcontext=u:object_r:debugfs_tracing_debug:s0 tclass=file permissive=0
03-25 09:20:20.287 I/auditd ( 1165): type=1400 audit(0.0:338): avc: denied { read } for comm="traced_probes" name="format" dev="tracefs" ino=5456 scontext=u:r:traced_probes:s0 tcontext=u:object_r:debugfs_tracing_debug:s0 tclass=file permissive=0
03-25 09:20:20.287 I/auditd ( 1165): type=1400 audit(0.0:339): avc: denied { read } for comm="traced_probes" name="format" dev="tracefs" ino=5462 scontext=u:r:traced_probes:s0 tcontext=u:object_r:debugfs_tracing_debug:s0 tclass=file permissive=0
03-25 09:20:20.287 I/auditd ( 1165): type=1400 audit(0.0:340): avc: denied { read } for comm="traced_probes" name="format" dev="tracefs" ino=5450 scontext=u:r:traced_probes:s0 tcontext=u:object_r:debugfs_tracing_debug:s0 tclass=file permissive=0
03-25 09:20:20.287 I/auditd ( 1165): type=1400 audit(0.0:341): avc: denied { read } for comm="traced_probes" name="format" dev="tracefs" ino=5222 scontext=u:r:traced_probes:s0 tcontext=u:object_r:debugfs_tracing_debug:s0 tclass=file permissive=0
03-25 09:20:20.287 I/auditd ( 1165): type=1400 audit(0.0:342): avc: denied { read } for comm="traced_probes" name="format" dev="tracefs" ino=5534 scontext=u:r:traced_probes:s0 tcontext=u:object_r:debugfs_tracing_debug:s0 tclass=file permissive=0
03-25 09:20:20.287 I/auditd ( 1165): type=1400 audit(0.0:343): avc: denied { read } for comm="traced_probes" name="format" dev="tracefs" ino=5504 scontext=u:r:traced_probes:s0 tcontext=u:object_r:debugfs_tracing_debug:s0 tclass=file permissive=0
03-25 09:20:20.287 I/auditd ( 1165): type=1400 audit(0.0:344): avc: denied { read } for comm="traced_probes" name="format" dev="tracefs" ino=5336 scontext=u:r:traced_probes:s0 tcontext=u:object_r:debugfs_tracing_debug:s0 tclass=file permissive=0
03-25 09:20:20.287 I/auditd ( 1165): type=1400 audit(0.0:345): avc: denied { read } for comm="traced_probes" name="format" dev="tracefs" ino=5342 scontext=u:r:traced_probes:s0 tcontext=u:object_r:debugfs_tracing_debug:s0 tclass=file permissive=0
03-25 09:20:20.287 I/auditd ( 1165): type=1400 audit(0.0:346): avc: denied { read } for comm="traced_probes" name="format" dev="tracefs" ino=5690 scontext=u:r:traced_probes:s0 tcontext=u:object_r:debugfs_tracing_debug:s0 tclass=file permissive=0
03-25 09:20:20.287 I/auditd ( 1165): type=1400 audit(0.0:347): avc: denied { read } for comm="traced_probes" name="format" dev="tracefs" ino=5402 scontext=u:r:traced_probes:s0 tcontext=u:object_r:debugfs_tracing_debug:s0 tclass=file permissive=0
03-25 09:20:20.287 I/auditd ( 1165): type=1400 audit(0.0:348): avc: denied { read } for comm="traced_probes" name="format" dev="tracefs" ino=5234 scontext=u:r:traced_probes:s0 tcontext=u:object_r:debugfs_tracing_debug:s0 tclass=file permissive=0
03-25 09:20:20.287 I/auditd ( 1165): type=1400 audit(0.0:349): avc: denied { read } for comm="traced_probes" name="format" dev="tracefs" ino=5432 scontext=u:r:traced_probes:s0 tcontext=u:object_r:debugfs_tracing_debug:s0 tclass=file permissive=0
03-25 09:20:20.287 I/auditd ( 1165): type=1400 audit(0.0:350): avc: denied { read } for comm="traced_probes" name="format" dev="tracefs" ino=5642 scontext=u:r:traced_probes:s0 tcontext=u:object_r:debugfs_tracing_debug:s0 tclass=file permissive=0
03-25 09:20:20.287 I/auditd ( 1165): type=1400 audit(0.0:351): avc: denied { read } for comm="traced_probes" name="format" dev="tracefs" ino=5636 scontext=u:r:traced_probes:s0 tcontext=u:object_r:debugfs_tracing_debug:s0 tclass=file permissive=0
01-03 09:54:54.265 I/binder ( 0): 2571:2571 ioctl 40046210 7fd5c529e4 returned -22
03-25 09:20:20.287 I/auditd ( 1165): type=1400 audit(0.0:352): avc: denied { read } for comm="traced_probes" name="format" dev="tracefs" ino=5564 scontext=u:r:traced_probes:s0 tcontext=u:object_r:debugfs_tracing_debug:s0 tclass=file permissive=0
03-25 09:20:20.299 D/CompatibilityChangeReporter( 1504): Compat change id reported: 168419799; UID 1001; state: DISABLED
03-25 09:20:20.287 I/auditd ( 1165): type=1400 audit(0.0:353): avc: denied { read } for comm="traced_probes" name="format" dev="tracefs" ino=5570 scontext=u:r:traced_probes:s0 tcontext=u:object_r:debugfs_tracing_debug:s0 tclass=file permissive=0
03-25 09:20:20.287 I/auditd ( 1165): type=1400 audit(0.0:354): avc: denied { read } for comm="traced_probes" name="format" dev="tracefs" ino=5552 scontext=u:r:traced_probes:s0 tcontext=u:object_r:debugfs_tracing_debug:s0 tclass=file permissive=0
03-25 09:20:20.287 I/auditd ( 1165): type=1400 audit(0.0:355): avc: denied { read } for comm="traced_probes" name="format" dev="tracefs" ino=5558 scontext=u:r:traced_probes:s0 tcontext=u:object_r:debugfs_tracing_debug:s0 tclass=file permissive=0
03-25 09:20:20.287 I/auditd ( 1165): type=1400 audit(0.0:356): avc: denied { read } for comm="traced_probes" name="format" dev="tracefs" ino=5276 scontext=u:r:traced_probes:s0 tcontext=u:object_r:debugfs_tracing_debug:s0 tclass=file permissive=0
03-25 09:20:20.287 I/auditd ( 1165): type=1400 audit(0.0:357): avc: denied { read } for comm="traced_probes" name="format" dev="tracefs" ino=5288 scontext=u:r:traced_probes:s0 tcontext=u:object_r:debugfs_tracing_debug:s0 tclass=file permissive=0
03-25 09:20:20.287 I/auditd ( 1165): type=1400 audit(0.0:358): avc: denied { read } for comm="traced_probes" name="format" dev="tracefs" ino=5330 scontext=u:r:traced_probes:s0 tcontext=u:object_r:debugfs_tracing_debug:s0 tclass=file permissive=0
03-25 09:20:20.287 I/auditd ( 1165): type=1400 audit(0.0:359): avc: denied { read } for comm="traced_probes" name="format" dev="tracefs" ino=5306 scontext=u:r:traced_probes:s0 tcontext=u:object_r:debugfs_tracing_debug:s0 tclass=file permissive=0
03-25 09:20:20.287 I/auditd ( 1165): type=1400 audit(0.0:360): avc: denied { read } for comm="traced_probes" name="format" dev="tracefs" ino=5324 scontext=u:r:traced_probes:s0 tcontext=u:object_r:debugfs_tracing_debug:s0 tclass=file permissive=0
03-25 09:20:20.287 I/auditd ( 1165): type=1400 audit(0.0:361): avc: denied { read } for comm="traced_probes" name="format" dev="tracefs" ino=5540 scontext=u:r:traced_probes:s0 tcontext=u:object_r:debugfs_tracing_debug:s0 tclass=file permissive=0
03-25 09:20:20.287 I/auditd ( 1165): type=1400 audit(0.0:362): avc: denied { read } for comm="traced_probes" name="format" dev="tracefs" ino=5978 scontext=u:r:traced_probes:s0 tcontext=u:object_r:debugfs_tracing_debug:s0 tclass=file permissive=0
03-25 09:20:20.287 I/auditd ( 1165): type=1400 audit(0.0:363): avc: denied { read } for comm="traced_probes" name="format" dev="tracefs" ino=6122 scontext=u:r:traced_probes:s0 tcontext=u:object_r:debugfs_tracing_debug:s0 tclass=file permissive=0
03-25 09:20:20.287 I/auditd ( 1165): type=1400 audit(0.0:364): avc: denied { read } for comm="traced_probes" name="format" dev="tracefs" ino=6098 scontext=u:r:traced_probes:s0 tcontext=u:object_r:debugfs_tracing_debug:s0 tclass=file permissive=0
03-25 09:20:20.287 I/auditd ( 1165): type=1400 audit(0.0:365): avc: denied { read } for comm="traced_probes" name="format" dev="tracefs" ino=5972 scontext=u:r:traced_probes:s0 tcontext=u:object_r:debugfs_tracing_debug:s0 tclass=file permissive=0
03-25 09:20:20.287 I/auditd ( 1165): type=1400 audit(0.0:366): avc: denied { read } for comm="traced_probes" name="format" dev="tracefs" ino=5984 scontext=u:r:traced_probes:s0 tcontext=u:object_r:debugfs_tracing_debug:s0 tclass=file permissive=0
03-25 09:20:20.287 I/auditd ( 1165): type=1400 audit(0.0:367): avc: denied { read } for comm="traced_probes" name="format" dev="tracefs" ino=6206 scontext=u:r:traced_probes:s0 tcontext=u:object_r:debugfs_tracing_debug:s0 tclass=file permissive=0
03-25 09:20:20.287 I/auditd ( 1165): type=1400 audit(0.0:368): avc: denied { read } for comm="traced_probes" name="format" dev="tracefs" ino=6212 scontext=u:r:traced_probes:s0 tcontext=u:object_r:debugfs_tracing_debug:s0 tclass=file permissive=0
03-25 09:20:20.287 I/auditd ( 1165): type=1400 audit(0.0:369): avc: denied { read } for comm="traced_probes" name="format" dev="tracefs" ino=5960 scontext=u:r:traced_probes:s0 tcontext=u:object_r:debugfs_tracing_debug:s0 tclass=file permissive=0
03-25 09:20:20.300 W/ActivityManager( 1504): Slow operation: 81ms so far, now at startProcess: done updating battery stats
03-25 09:20:20.300 I/am_proc_start( 1504): [0,2609,10052,.qtidataservices,added application,.qtidataservices]
03-25 09:20:20.300 W/ActivityManager( 1504): Slow operation: 81ms so far, now at startProcess: building log message
03-25 09:20:20.300 I/ActivityManager( 1504): Start proc 2609:.qtidataservices/u0a52 for added application .qtidataservices
03-25 09:20:20.300 W/ActivityManager( 1504): Slow operation: 81ms so far, now at startProcess: starting to update pids map
03-25 09:20:20.300 W/ActivityManager( 1504): Slow operation: 81ms so far, now at startProcess: done updating pids map
03-25 09:20:20.300 W/ActivityManager( 1504): Slow operation: 80ms so far, now at startProcess: asking zygote to start proc
03-25 09:20:20.300 W/ActivityManager( 1504): com.android.wallpaperbackup inode == 0 (b/152760674)
03-25 09:20:20.302 I/am_proc_bound( 1504): [0,2571,com.thundercomm.microsettings]
03-25 09:20:20.302 D/CompatibilityChangeReporter( 1504): Compat change id reported: 168419799; UID 1000; state: DISABLED
03-25 09:20:20.287 I/auditd ( 1165): type=1400 audit(0.0:371): avc: denied { read } for comm="traced_probes" name="format" dev="tracefs" ino=6020 scontext=u:r:traced_probes:s0 tcontext=u:object_r:debugfs_tracing_debug:s0 tclass=file permissive=0
03-25 09:20:20.287 I/auditd ( 1165): type=1400 audit(0.0:372): avc: denied { read } for comm="traced_probes" name="format" dev="tracefs" ino=6026 scontext=u:r:traced_probes:s0 tcontext=u:object_r:debugfs_tracing_debug:s0 tclass=file permissive=0
03-25 09:20:20.287 I/auditd ( 1165): type=1400 audit(0.0:373): avc: denied { read } for comm="traced_probes" name="format" dev="tracefs" ino=6014 scontext=u:r:traced_probes:s0 tcontext=u:object_r:debugfs_tracing_debug:s0 tclass=file permissive=0
03-25 09:20:20.287 I/auditd ( 1165): type=1400 audit(0.0:374): avc: denied { read } for comm="traced_probes" name="format" dev="tracefs" ino=6032 scontext=u:r:traced_probes:s0 tcontext=u:object_r:debugfs_tracing_debug:s0 tclass=file permissive=0
03-25 09:20:20.287 I/auditd ( 1165): type=1400 audit(0.0:375): avc: denied { read } for comm="traced_probes" name="format" dev="tracefs" ino=6038 scontext=u:r:traced_probes:s0 tcontext=u:object_r:debugfs_tracing_debug:s0 tclass=file permissive=0
03-25 09:20:20.287 I/auditd ( 1165): type=1400 audit(0.0:376): avc: denied { read } for comm="traced_probes" name="format" dev="tracefs" ino=6056 scontext=u:r:traced_probes:s0 tcontext=u:object_r:debugfs_tracing_debug:s0 tclass=file permissive=0
03-25 09:20:20.287 I/auditd ( 1165): type=1400 audit(0.0:377): avc: denied { read } for comm="traced_probes" name="format" dev="tracefs" ino=6044 scontext=u:r:traced_probes:s0 tcontext=u:object_r:debugfs_tracing_debug:s0 tclass=file permissive=0
03-25 09:20:20.287 I/auditd ( 1165): type=1400 audit(0.0:378): avc: denied { read } for comm="traced_probes" name="format" dev="tracefs" ino=6050 scontext=u:r:traced_probes:s0 tcontext=u:object_r:debugfs_tracing_debug:s0 tclass=file permissive=0
03-25 09:20:20.287 I/auditd ( 1165): type=1400 audit(0.0:379): avc: denied { read } for comm="traced_probes" name="format" dev="tracefs" ino=6062 scontext=u:r:traced_probes:s0 tcontext=u:object_r:debugfs_tracing_debug:s0 tclass=file permissive=0
03-25 09:20:20.287 I/auditd ( 1165): type=1400 audit(0.0:380): avc: denied { read } for comm="traced_probes" name="format" dev="tracefs" ino=5990 scontext=u:r:traced_probes:s0 tcontext=u:object_r:debugfs_tracing_debug:s0 tclass=file permissive=0
03-25 09:20:20.287 I/auditd ( 1165): type=1400 audit(0.0:381): avc: denied { read } for comm="traced_probes" name="format" dev="tracefs" ino=5996 scontext=u:r:traced_probes:s0 tcontext=u:object_r:debugfs_tracing_debug:s0 tclass=file permissive=0
03-25 09:20:20.287 I/auditd ( 1165): type=1400 audit(0.0:382): avc: denied { read } for comm="traced_probes" name="format" dev="tracefs" ino=6218 scontext=u:r:traced_probes:s0 tcontext=u:object_r:debugfs_tracing_debug:s0 tclass=file permissive=0
03-25 09:20:20.287 I/auditd ( 1165): type=1400 audit(0.0:383): avc: denied { read } for comm="traced_probes" name="format" dev="tracefs" ino=6254 scontext=u:r:traced_probes:s0 tcontext=u:object_r:debugfs_tracing_debug:s0 tclass=file permissive=0
03-25 09:20:20.287 I/auditd ( 1165): type=1400 audit(0.0:384): avc: denied { read } for comm="traced_probes" name="format" dev="tracefs" ino=8783 scontext=u:r:traced_probes:s0 tcontext=u:object_r:debugfs_tracing_debug:s0 tclass=file permissive=0
03-25 09:20:20.287 I/auditd ( 1165): type=1400 audit(0.0:385): avc: denied { read } for comm="traced_probes" name="format" dev="tracefs" ino=8777 scontext=u:r:traced_probes:s0 tcontext=u:object_r:debugfs_tracing_debug:s0 tclass=file permissive=0
03-25 09:20:20.287 I/auditd ( 1165): type=1400 audit(0.0:386): avc: denied { read } for comm="traced_probes" name="format" dev="tracefs" ino=8795 scontext=u:r:traced_probes:s0 tcontext=u:object_r:debugfs_tracing_debug:s0 tclass=file permissive=0
03-25 09:20:20.287 I/auditd ( 1165): type=1400 audit(0.0:387): avc: denied { read } for comm="traced_probes" name="format" dev="tracefs" ino=8789 scontext=u:r:traced_probes:s0 tcontext=u:object_r:debugfs_tracing_debug:s0 tclass=file permissive=0
03-25 09:20:20.287 I/auditd ( 1165): type=1400 audit(0.0:388): avc: denied { read } for comm="traced_probes" name="format" dev="tracefs" ino=4619 scontext=u:r:traced_probes:s0 tcontext=u:object_r:debugfs_tracing_debug:s0 tclass=file permissive=0
03-25 09:20:20.287 I/auditd ( 1165): type=1400 audit(0.0:389): avc: denied { read } for comm="traced_probes" name="format" dev="tracefs" ino=4625 scontext=u:r:traced_probes:s0 tcontext=u:object_r:debugfs_tracing_debug:s0 tclass=file permissive=0
03-25 09:20:20.287 I/auditd ( 1165): type=1400 audit(0.0:390): avc: denied { read } for comm="traced_probes" name="format" dev="tracefs" ino=4613 scontext=u:r:traced_probes:s0 tcontext=u:object_r:debugfs_tracing_debug:s0 tclass=file permissive=0
03-25 09:20:20.287 I/auditd ( 1165): type=1400 audit(0.0:391): avc: denied { read } for comm="traced_probes" name="format" dev="tracefs" ino=4637 scontext=u:r:traced_probes:s0 tcontext=u:object_r:debugfs_tracing_debug:s0 tclass=file permissive=0
03-25 09:20:20.287 I/auditd ( 1165): type=1400 audit(0.0:392): avc: denied { read } for comm="traced_probes" name="format" dev="tracefs" ino=4643 scontext=u:r:traced_probes:s0 tcontext=u:object_r:debugfs_tracing_debug:s0 tclass=file permissive=0
03-25 09:20:20.287 I/auditd ( 1165): type=1400 audit(0.0:393): avc: denied { read } for comm="traced_probes" name="format" dev="tracefs" ino=4631 scontext=u:r:traced_probes:s0 tcontext=u:object_r:debugfs_tracing_debug:s0 tclass=file permissive=0
03-25 09:20:20.287 I/auditd ( 1165): type=1400 audit(0.0:394): avc: denied { read } for comm="traced_probes" name="format" dev="tracefs" ino=4595 scontext=u:r:traced_probes:s0 tcontext=u:object_r:debugfs_tracing_debug:s0 tclass=file permissive=0
03-25 09:20:20.287 I/auditd ( 1165): type=1400 audit(0.0:395): avc: denied { read } for comm="traced_probes" name="format" dev="tracefs" ino=4649 scontext=u:r:traced_probes:s0 tcontext=u:object_r:debugfs_tracing_debug:s0 tclass=file permissive=0
03-25 09:20:20.287 I/auditd ( 1165): type=1400 audit(0.0:396): avc: denied { read } for comm="traced_probes" name="format" dev="tracefs" ino=4715 scontext=u:r:traced_probes:s0 tcontext=u:object_r:debugfs_tracing_debug:s0 tclass=file permissive=0
03-25 09:20:20.287 I/auditd ( 1165): type=1400 audit(0.0:397): avc: denied { read } for comm="traced_probes" name="format" dev="tracefs" ino=4709 scontext=u:r:traced_probes:s0 tcontext=u:object_r:debugfs_tracing_debug:s0 tclass=file permissive=0
03-25 09:20:20.287 I/auditd ( 1165): type=1400 audit(0.0:398): avc: denied { read } for comm="traced_probes" name="format" dev="tracefs" ino=4565 scontext=u:r:traced_probes:s0 tcontext=u:object_r:debugfs_tracing_debug:s0 tclass=file permissive=0
03-25 09:20:20.287 I/auditd ( 1165): type=1400 audit(0.0:399): avc: denied { read } for comm="traced_probes" name="format" dev="tracefs" ino=4577 scontext=u:r:traced_probes:s0 tcontext=u:object_r:debugfs_tracing_debug:s0 tclass=file permissive=0
03-25 09:20:20.287 I/auditd ( 1165): type=1400 audit(0.0:400): avc: denied { read } for comm="traced_probes" name="format" dev="tracefs" ino=4571 scontext=u:r:traced_probes:s0 tcontext=u:object_r:debugfs_tracing_debug:s0 tclass=file permissive=0
03-25 09:20:20.287 I/auditd ( 1165): type=1400 audit(0.0:401): avc: denied { read } for comm="traced_probes" name="format" dev="tracefs" ino=4559 scontext=u:r:traced_probes:s0 tcontext=u:object_r:debugfs_tracing_debug:s0 tclass=file permissive=0
03-25 09:20:20.287 I/auditd ( 1165): type=1400 audit(0.0:402): avc: denied { read } for comm="traced_probes" name="format" dev="tracefs" ino=4583 scontext=u:r:traced_probes:s0 tcontext=u:object_r:debugfs_tracing_debug:s0 tclass=file permissive=0
03-25 09:20:20.287 I/auditd ( 1165): type=1400 audit(0.0:403): avc: denied { read } for comm="traced_probes" name="format" dev="tracefs" ino=4703 scontext=u:r:traced_probes:s0 tcontext=u:object_r:debugfs_tracing_debug:s0 tclass=file permissive=0
03-25 09:20:20.287 I/auditd ( 1165): type=1400 audit(0.0:404): avc: denied { read } for comm="traced_probes" name="format" dev="tracefs" ino=4697 scontext=u:r:traced_probes:s0 tcontext=u:object_r:debugfs_tracing_debug:s0 tclass=file permissive=0
03-25 09:20:20.287 I/auditd ( 1165): type=1400 audit(0.0:405): avc: denied { read } for comm="traced_probes" name="format" dev="tracefs" ino=4679 scontext=u:r:traced_probes:s0 tcontext=u:object_r:debugfs_tracing_debug:s0 tclass=file permissive=0
03-25 09:20:20.287 I/auditd ( 1165): type=1400 audit(0.0:406): avc: denied { read } for comm="traced_probes" name="format" dev="tracefs" ino=4661 scontext=u:r:traced_probes:s0 tcontext=u:object_r:debugfs_tracing_debug:s0 tclass=file permissive=0
03-25 09:20:20.287 I/auditd ( 1165): type=1400 audit(0.0:407): avc: denied { read } for comm="traced_probes" name="format" dev="tracefs" ino=4655 scontext=u:r:traced_probes:s0 tcontext=u:object_r:debugfs_tracing_debug:s0 tclass=file permissive=0
03-25 09:20:20.287 I/auditd ( 1165): type=1400 audit(0.0:408): avc: denied { read } for comm="traced_probes" name="format" dev="tracefs" ino=4691 scontext=u:r:traced_probes:s0 tcontext=u:object_r:debugfs_tracing_debug:s0 tclass=file permissive=0
03-25 09:20:20.287 I/auditd ( 1165): type=1400 audit(0.0:409): avc: denied { read } for comm="traced_probes" name="format" dev="tracefs" ino=4685 scontext=u:r:traced_probes:s0 tcontext=u:object_r:debugfs_tracing_debug:s0 tclass=file permissive=0
03-25 09:20:20.287 I/auditd ( 1165): type=1400 audit(0.0:410): avc: denied { read } for comm="traced_probes" name="format" dev="tracefs" ino=4673 scontext=u:r:traced_probes:s0 tcontext=u:object_r:debugfs_tracing_debug:s0 tclass=file permissive=0
03-25 09:20:20.287 I/auditd ( 1165): type=1400 audit(0.0:411): avc: denied { read } for comm="traced_probes" name="format" dev="tracefs" ino=4667 scontext=u:r:traced_probes:s0 tcontext=u:object_r:debugfs_tracing_debug:s0 tclass=file permissive=0
03-25 09:20:20.287 I/auditd ( 1165): type=1400 audit(0.0:412): avc: denied { read } for comm="traced_probes" name="format" dev="tracefs" ino=4511 scontext=u:r:traced_probes:s0 tcontext=u:object_r:debugfs_tracing_debug:s0 tclass=file permissive=0
03-25 09:20:20.287 I/auditd ( 1165): type=1400 audit(0.0:413): avc: denied { read } for comm="traced_probes" name="format" dev="tracefs" ino=4487 scontext=u:r:traced_probes:s0 tcontext=u:object_r:debugfs_tracing_debug:s0 tclass=file permissive=0
03-25 09:20:20.287 I/auditd ( 1165): type=1400 audit(0.0:414): avc: denied { read } for comm="traced_probes" name="format" dev="tracefs" ino=4499 scontext=u:r:traced_probes:s0 tcontext=u:object_r:debugfs_tracing_debug:s0 tclass=file permissive=0
03-25 09:20:20.287 I/auditd ( 1165): type=1400 audit(0.0:415): avc: denied { read } for comm="traced_probes" name="format" dev="tracefs" ino=4493 scontext=u:r:traced_probes:s0 tcontext=u:object_r:debugfs_tracing_debug:s0 tclass=file permissive=0
03-25 09:20:20.287 I/auditd ( 1165): type=1400 audit(0.0:416): avc: denied { read } for comm="traced_probes" name="format" dev="tracefs" ino=4505 scontext=u:r:traced_probes:s0 tcontext=u:object_r:debugfs_tracing_debug:s0 tclass=file permissive=0
03-25 09:20:20.287 I/auditd ( 1165): type=1400 audit(0.0:417): avc: denied { read } for comm="traced_probes" name="format" dev="tracefs" ino=4517 scontext=u:r:traced_probes:s0 tcontext=u:object_r:debugfs_tracing_debug:s0 tclass=file permissive=0
03-25 09:20:20.287 I/auditd ( 1165): type=1400 audit(0.0:418): avc: denied { read } for comm="traced_probes" name="format" dev="tracefs" ino=4607 scontext=u:r:traced_probes:s0 tcontext=u:object_r:debugfs_tracing_debug:s0 tclass=file permissive=0
03-25 09:20:20.287 I/auditd ( 1165): type=1400 audit(0.0:419): avc: denied { read } for comm="traced_probes" name="format" dev="tracefs" ino=4601 scontext=u:r:traced_probes:s0 tcontext=u:object_r:debugfs_tracing_debug:s0 tclass=file permissive=0
03-25 09:20:20.287 I/auditd ( 1165): type=1400 audit(0.0:420): avc: denied { read } for comm="traced_probes" name="format" dev="tracefs" ino=4589 scontext=u:r:traced_probes:s0 tcontext=u:object_r:debugfs_tracing_debug:s0 tclass=file permissive=0
03-25 09:20:20.287 I/auditd ( 1165): type=1400 audit(0.0:421): avc: denied { read } for comm="traced_probes" name="format" dev="tracefs" ino=4535 scontext=u:r:traced_probes:s0 tcontext=u:object_r:debugfs_tracing_debug:s0 tclass=file permissive=0
03-25 09:20:20.287 I/auditd ( 1165): type=1400 audit(0.0:422): avc: denied { read } for comm="traced_probes" name="format" dev="tracefs" ino=4553 scontext=u:r:traced_probes:s0 tcontext=u:object_r:debugfs_tracing_debug:s0 tclass=file permissive=0
03-25 09:20:20.287 I/auditd ( 1165): type=1400 audit(0.0:423): avc: denied { read } for comm="traced_probes" name="format" dev="tracefs" ino=4541 scontext=u:r:traced_probes:s0 tcontext=u:object_r:debugfs_tracing_debug:s0 tclass=file permissive=0
03-25 09:20:20.287 I/auditd ( 1165): type=1400 audit(0.0:424): avc: denied { read } for comm="traced_probes" name="format" dev="tracefs" ino=4523 scontext=u:r:traced_probes:s0 tcontext=u:object_r:debugfs_tracing_debug:s0 tclass=file permissive=0
03-25 09:20:20.287 I/auditd ( 1165): type=1400 audit(0.0:425): avc: denied { read } for comm="traced_probes" name="format" dev="tracefs" ino=4529 scontext=u:r:traced_probes:s0 tcontext=u:object_r:debugfs_tracing_debug:s0 tclass=file permissive=0
03-25 09:20:20.287 I/auditd ( 1165): type=1400 audit(0.0:426): avc: denied { read } for comm="traced_probes" name="format" dev="tracefs" ino=4547 scontext=u:r:traced_probes:s0 tcontext=u:object_r:debugfs_tracing_debug:s0 tclass=file permissive=0
03-25 09:20:20.291 I/auditd ( 1165): type=1400 audit(0.0:427): avc: denied { read } for comm="traced_probes" name="format" dev="tracefs" ino=1064 scontext=u:r:traced_probes:s0 tcontext=u:object_r:debugfs_tracing_debug:s0 tclass=file permissive=0
03-25 09:20:20.291 I/auditd ( 1165): type=1400 audit(0.0:428): avc: denied { read } for comm="traced_probes" name="format" dev="tracefs" ino=1070 scontext=u:r:traced_probes:s0 tcontext=u:object_r:debugfs_tracing_debug:s0 tclass=file permissive=0
03-25 09:20:20.291 I/auditd ( 1165): type=1400 audit(0.0:429): avc: denied { read } for comm="traced_probes" name="format" dev="tracefs" ino=6845 scontext=u:r:traced_probes:s0 tcontext=u:object_r:debugfs_tracing_debug:s0 tclass=file permissive=0
03-25 09:20:20.291 I/auditd ( 1165): type=1400 audit(0.0:430): avc: denied { read } for comm="traced_probes" name="format" dev="tracefs" ino=6851 scontext=u:r:traced_probes:s0 tcontext=u:object_r:debugfs_tracing_debug:s0 tclass=file permissive=0
03-25 09:20:20.291 I/auditd ( 1165): type=1400 audit(0.0:431): avc: denied { read } for comm="traced_probes" name="format" dev="tracefs" ino=6827 scontext=u:r:traced_probes:s0 tcontext=u:object_r:debugfs_tracing_debug:s0 tclass=file permissive=0
03-25 09:20:20.291 I/auditd ( 1165): type=1400 audit(0.0:432): avc: denied { read } for comm="traced_probes" name="format" dev="tracefs" ino=6839 scontext=u:r:traced_probes:s0 tcontext=u:object_r:debugfs_tracing_debug:s0 tclass=file permissive=0
03-25 09:20:20.291 I/auditd ( 1165): type=1400 audit(0.0:433): avc: denied { read } for comm="traced_probes" name="format" dev="tracefs" ino=6833 scontext=u:r:traced_probes:s0 tcontext=u:object_r:debugfs_tracing_debug:s0 tclass=file permissive=0
03-25 09:20:20.291 I/auditd ( 1165): type=1400 audit(0.0:434): avc: denied { read } for comm="traced_probes" name="format" dev="tracefs" ino=6857 scontext=u:r:traced_probes:s0 tcontext=u:object_r:debugfs_tracing_debug:s0 tclass=file permissive=0
03-25 09:20:20.291 I/auditd ( 1165): type=1400 audit(0.0:435): avc: denied { read } for comm="traced_probes" name="format" dev="tracefs" ino=6863 scontext=u:r:traced_probes:s0 tcontext=u:object_r:debugfs_tracing_debug:s0 tclass=file permissive=0
03-25 09:20:20.291 I/auditd ( 1165): type=1400 audit(0.0:436): avc: denied { read } for comm="traced_probes" name="format" dev="tracefs" ino=1367 scontext=u:r:traced_probes:s0 tcontext=u:object_r:debugfs_tracing_debug:s0 tclass=file permissive=0
03-25 09:20:20.291 I/auditd ( 1165): type=1400 audit(0.0:437): avc: denied { read } for comm="traced_probes" name="format" dev="tracefs" ino=1361 scontext=u:r:traced_probes:s0 tcontext=u:object_r:debugfs_tracing_debug:s0 tclass=file permissive=0
03-25 09:20:20.291 I/auditd ( 1165): type=1400 audit(0.0:438): avc: denied { read } for comm="traced_probes" name="format" dev="tracefs" ino=1355 scontext=u:r:traced_probes:s0 tcontext=u:object_r:debugfs_tracing_debug:s0 tclass=file permissive=0
03-25 09:20:20.291 I/auditd ( 1165): type=1400 audit(0.0:439): avc: denied { read } for comm="traced_probes" name="format" dev="tracefs" ino=6734 scontext=u:r:traced_probes:s0 tcontext=u:object_r:debugfs_tracing_debug:s0 tclass=file permissive=0
03-25 09:20:20.291 I/auditd ( 1165): type=1400 audit(0.0:440): avc: denied { read } for comm="traced_probes" name="format" dev="tracefs" ino=6740 scontext=u:r:traced_probes:s0 tcontext=u:object_r:debugfs_tracing_debug:s0 tclass=file permissive=0
03-25 09:20:20.291 I/auditd ( 1165): type=1400 audit(0.0:441): avc: denied { read } for comm="traced_probes" name="format" dev="tracefs" ino=9731 scontext=u:r:traced_probes:s0 tcontext=u:object_r:debugfs_tracing_debug:s0 tclass=file permissive=0
03-25 09:20:20.291 I/auditd ( 1165): type=1400 audit(0.0:442): avc: denied { read } for comm="traced_probes" name="format" dev="tracefs" ino=9737 scontext=u:r:traced_probes:s0 tcontext=u:object_r:debugfs_tracing_debug:s0 tclass=file permissive=0
03-25 09:20:20.291 I/auditd ( 1165): type=1400 audit(0.0:443): avc: denied { read } for comm="traced_probes" name="format" dev="tracefs" ino=9749 scontext=u:r:traced_probes:s0 tcontext=u:object_r:debugfs_tracing_debug:s0 tclass=file permissive=0
03-25 09:20:20.291 I/auditd ( 1165): type=1400 audit(0.0:444): avc: denied { read } for comm="traced_probes" name="format" dev="tracefs" ino=9743 scontext=u:r:traced_probes:s0 tcontext=u:object_r:debugfs_tracing_debug:s0 tclass=file permissive=0
03-25 09:20:20.291 I/auditd ( 1165): type=1400 audit(0.0:445): avc: denied { read } for comm="traced_probes" name="format" dev="tracefs" ino=9701 scontext=u:r:traced_probes:s0 tcontext=u:object_r:debugfs_tracing_debug:s0 tclass=file permissive=0
03-25 09:20:20.291 I/auditd ( 1165): type=1400 audit(0.0:446): avc: denied { read } for comm="traced_probes" name="format" dev="tracefs" ino=9713 scontext=u:r:traced_probes:s0 tcontext=u:object_r:debugfs_tracing_debug:s0 tclass=file permissive=0
03-25 09:20:20.291 I/auditd ( 1165): type=1400 audit(0.0:447): avc: denied { read } for comm="traced_probes" name="format" dev="tracefs" ino=1229 scontext=u:r:traced_probes:s0 tcontext=u:object_r:debugfs_tracing_debug:s0 tclass=file permissive=0
03-25 09:20:20.291 I/auditd ( 1165): type=1400 audit(0.0:448): avc: denied { read } for comm="traced_probes" name="format" dev="tracefs" ino=1223 scontext=u:r:traced_probes:s0 tcontext=u:object_r:debugfs_tracing_debug:s0 tclass=file permissive=0
03-25 09:20:20.291 I/auditd ( 1165): type=1400 audit(0.0:449): avc: denied { read } for comm="traced_probes" name="format" dev="tracefs" ino=1244 scontext=u:r:traced_probes:s0 tcontext=u:object_r:debugfs_tracing_debug:s0 tclass=file permissive=0
03-25 09:20:20.291 I/auditd ( 1165): type=1400 audit(0.0:450): avc: denied { read } for comm="traced_probes" name="format" dev="tracefs" ino=1256 scontext=u:r:traced_probes:s0 tcontext=u:object_r:debugfs_tracing_debug:s0 tclass=file permissive=0
03-25 09:20:20.291 I/auditd ( 1165): type=1400 audit(0.0:451): avc: denied { read } for comm="traced_probes" name="format" dev="tracefs" ino=1250 scontext=u:r:traced_probes:s0 tcontext=u:object_r:debugfs_tracing_debug:s0 tclass=file permissive=0
03-25 09:20:20.291 I/auditd ( 1165): type=1400 audit(0.0:452): avc: denied { read } for comm="traced_probes" name="format" dev="tracefs" ino=1238 scontext=u:r:traced_probes:s0 tcontext=u:object_r:debugfs_tracing_debug:s0 tclass=file permissive=0
03-25 09:20:20.305 I/GameModeConfig( 1504): isGameModeOn = false
03-25 09:20:20.305 D/ConditionProviders( 1504): Subscribing to condition://android/event?userId=-10000&calendar=&reply=1 with ComponentInfo{android/com.android.server.notification.EventConditionProvider}
03-25 09:20:20.305 D/ConditionProviders( 1504): Subscribing to condition://android/schedule?days=1.2.3.4.5.6.7&start=22.0&end=7.0&exitAtAlarm=true with ComponentInfo{android/com.android.server.notification.ScheduleConditionProvider}
01-03 09:54:54.281 E/init ( 0): Control message: Could not find 'vendor.qti.hardware.iop@2.0::IIop/default' for ctl.interface_start from pid: 508 (/system/bin/hwservicemanager)
01-03 09:54:54.282 I/binder ( 0): 2609:2609 ioctl 40046210 7fd5c529e4 returned -22
03-25 09:20:20.315 W/ActivityManager( 1504): Slow operation: 95ms so far, now at startProcess: returned from zygote!
03-25 09:20:20.315 W/ActivityManager( 1504): Slow operation: 95ms so far, now at startProcess: done updating battery stats
03-25 09:20:20.315 I/am_proc_start( 1504): [0,2638,1000,com.thundercomm.tchttpserver,added application,com.thundercomm.tchttpserver]
03-25 09:20:20.315 W/ActivityManager( 1504): Slow operation: 95ms so far, now at startProcess: building log message
03-25 09:20:20.315 I/ActivityManager( 1504): Start proc 2638:com.thundercomm.tchttpserver/1000 for added application com.thundercomm.tchttpserver
03-25 09:20:20.315 W/ActivityManager( 1504): Slow operation: 95ms so far, now at startProcess: starting to update pids map
03-25 09:20:20.316 W/ActivityManager( 1504): Slow operation: 95ms so far, now at startProcess: done updating pids map
03-25 09:20:20.316 W/ActivityManager( 1504): Slow operation: 96ms so far, now at startProcess: asking zygote to start proc
03-25 09:20:20.316 W/ActivityManager( 1504): com.android.wallpaperbackup inode == 0 (b/152760674)
01-03 09:54:54.287 I/binder ( 0): 1165:1165 ioctl 40046210 7fd1e05684 returned -22
01-03 09:54:54.288 E/init ( 0): Control message: Could not find 'vendor.qti.hardware.iop@2.0::IIop/default' for ctl.interface_start from pid: 508 (/system/bin/hwservicemanager)
03-25 09:20:20.322 W/ActivityManager( 1504): Slow operation: 102ms so far, now at startProcess: returned from zygote!
03-25 09:20:20.322 W/ActivityManager( 1504): Slow operation: 102ms so far, now at startProcess: done updating battery stats
03-25 09:20:20.322 I/am_proc_start( 1504): [0,2649,1000,com.tc.logclient,added application,com.tc.logclient]
03-25 09:20:20.322 W/ActivityManager( 1504): Slow operation: 102ms so far, now at startProcess: building log message
03-25 09:20:20.322 I/ActivityManager( 1504): Start proc 2649:com.tc.logclient/1000 for added application com.tc.logclient
03-25 09:20:20.322 W/ActivityManager( 1504): Slow operation: 102ms so far, now at startProcess: starting to update pids map
03-25 09:20:20.322 W/ActivityManager( 1504): Slow operation: 102ms so far, now at startProcess: done updating pids map
03-25 09:20:20.322 W/ActivityManager( 1504): Slow operation: 101ms so far, now at startProcess: asking zygote to start proc
03-25 09:20:20.322 W/ActivityManager( 1504): com.android.wallpaperbackup inode == 0 (b/152760674)
03-25 09:20:20.315 I/auditd ( 1165): type=1400 audit(0.0:453): avc: denied { read } for comm="traced_probes" name="set_event" dev="tracefs" ino=1029 scontext=u:r:traced_probes:s0 tcontext=u:object_r:debugfs_tracing_debug:s0 tclass=file permissive=0
03-25 09:20:20.315 I/auditd ( 1165): type=1400 audit(0.0:454): avc: denied { read } for comm="traced_probes" name="set_event" dev="tracefs" ino=1029 scontext=u:r:traced_probes:s0 tcontext=u:object_r:debugfs_tracing_debug:s0 tclass=file permissive=0
03-25 09:20:20.325 I/am_uid_running( 1504): 10062
03-25 09:20:20.325 D/CompatibilityChangeReporter( 1504): Compat change id reported: 135634846; UID 10062; state: DISABLED
03-25 09:20:20.325 D/CompatibilityChangeReporter( 1504): Compat change id reported: 177438394; UID 10062; state: DISABLED
03-25 09:20:20.325 D/CompatibilityChangeReporter( 1504): Compat change id reported: 135772972; UID 10062; state: DISABLED
03-25 09:20:20.325 D/CompatibilityChangeReporter( 1504): Compat change id reported: 135754954; UID 10062; state: ENABLED
03-25 09:20:20.327 I/am_proc_bound( 1504): [0,2609,.qtidataservices]
03-25 09:20:20.328 D/CompatibilityChangeReporter( 1504): Compat change id reported: 168419799; UID 10052; state: DISABLED
03-25 09:20:20.329 I/am_uid_active( 1504): 10052
01-03 09:54:54.297 E/init ( 0): Control message: Could not find 'vendor.qti.hardware.iop@2.0::IIop/default' for ctl.interface_start from pid: 508 (/system/bin/hwservicemanager)
01-03 09:54:54.298 W/perfetto( 0): enabled ftrace
03-25 09:20:20.334 W/ActivityManager( 1504): Slow operation: 113ms so far, now at startProcess: returned from zygote!
03-25 09:20:20.335 W/ActivityManager( 1504): Slow operation: 113ms so far, now at startProcess: done updating battery stats
03-25 09:20:20.335 I/am_proc_start( 1504): [0,2657,1000,com.thundercomm.tcsetupwizard,added application,com.thundercomm.tcsetupwizard]
03-25 09:20:20.335 W/ActivityManager( 1504): Slow operation: 113ms so far, now at startProcess: building log message
03-25 09:20:20.335 I/ActivityManager( 1504): Start proc 2657:com.thundercomm.tcsetupwizard/1000 for added application com.thundercomm.tcsetupwizard
03-25 09:20:20.335 W/ActivityManager( 1504): Slow operation: 113ms so far, now at startProcess: starting to update pids map
03-25 09:20:20.335 W/ActivityManager( 1504): Slow operation: 114ms so far, now at startProcess: done updating pids map
