03-25 09:34:11.335 E/DisplayDeviceConfig( 1504): requesting nits when no mapping exists.
03-25 09:34:11.335 I/am_wtf ( 1504): [0,1504,system_server,-1,DisplayDeviceConfig,requesting nits when no mapping exists.]
03-25 09:34:11.336 I/service_manager_stats( 1504): [100,35,211577]
03-25 09:34:11.336 I/am_wtf ( 1504): [0,1504,system_server,-1,DisplayDeviceConfig,requesting nits when no mapping exists.]
03-25 09:34:11.351 E/DisplayDeviceConfig( 1504): requesting nits when no mapping exists.
03-25 09:34:11.352 E/DisplayDeviceConfig( 1504): requesting nits when no mapping exists.
03-25 09:34:11.352 I/am_wtf ( 1504): [0,1504,system_server,-1,DisplayDeviceConfig,requesting nits when no mapping exists.]
03-25 09:34:11.352 I/am_wtf ( 1504): [0,1504,system_server,-1,DisplayDeviceConfig,requesting nits when no mapping exists.]
03-25 09:34:11.368 E/DisplayDeviceConfig( 1504): requesting nits when no mapping exists.
03-25 09:34:11.368 E/DisplayDeviceConfig( 1504): requesting nits when no mapping exists.
03-25 09:34:11.368 I/am_wtf ( 1504): [0,1504,system_server,-1,DisplayDeviceConfig,requesting nits when no mapping exists.]
03-25 09:34:11.369 I/am_wtf ( 1504): [0,1504,system_server,-1,DisplayDeviceConfig,requesting nits when no mapping exists.]
03-25 09:34:11.385 E/DisplayDeviceConfig( 1504): requesting nits when no mapping exists.
03-25 09:34:11.385 I/am_wtf ( 1504): [0,1504,system_server,-1,DisplayDeviceConfig,requesting nits when no mapping exists.]
03-25 09:34:11.385 E/DisplayDeviceConfig( 1504): requesting nits when no mapping exists.
03-25 09:34:11.386 I/am_wtf ( 1504): [0,1504,system_server,-1,DisplayDeviceConfig,requesting nits when no mapping exists.]
03-25 09:34:11.401 E/DisplayDeviceConfig( 1504): requesting nits when no mapping exists.
03-25 09:34:11.402 E/DisplayDeviceConfig( 1504): requesting nits when no mapping exists.
03-25 09:34:11.402 I/am_wtf ( 1504): [0,1504,system_server,-1,DisplayDeviceConfig,requesting nits when no mapping exists.]
03-25 09:34:11.403 I/am_wtf ( 1504): [0,1504,system_server,-1,DisplayDeviceConfig,requesting nits when no mapping exists.]
03-25 09:34:11.418 E/DisplayDeviceConfig( 1504): requesting nits when no mapping exists.
03-25 09:34:11.419 I/am_wtf ( 1504): [0,1504,system_server,-1,DisplayDeviceConfig,requesting nits when no mapping exists.]
03-25 09:34:11.419 E/DisplayDeviceConfig( 1504): requesting nits when no mapping exists.
03-25 09:34:11.420 I/am_wtf ( 1504): [0,1504,system_server,-1,DisplayDeviceConfig,requesting nits when no mapping exists.]
03-25 09:34:11.435 E/DisplayDeviceConfig( 1504): requesting nits when no mapping exists.
03-25 09:34:11.436 E/DisplayDeviceConfig( 1504): requesting nits when no mapping exists.
03-25 09:34:11.436 I/am_wtf ( 1504): [0,1504,system_server,-1,DisplayDeviceConfig,requesting nits when no mapping exists.]
03-25 09:34:11.437 I/am_wtf ( 1504): [0,1504,system_server,-1,DisplayDeviceConfig,requesting nits when no mapping exists.]
03-25 09:34:11.452 E/DisplayDeviceConfig( 1504): requesting nits when no mapping exists.
03-25 09:34:11.452 E/DisplayDeviceConfig( 1504): requesting nits when no mapping exists.
03-25 09:34:11.452 I/am_wtf ( 1504): [0,1504,system_server,-1,DisplayDeviceConfig,requesting nits when no mapping exists.]
03-25 09:34:11.453 I/am_wtf ( 1504): [0,1504,system_server,-1,DisplayDeviceConfig,requesting nits when no mapping exists.]
03-25 09:34:11.468 E/DisplayDeviceConfig( 1504): requesting nits when no mapping exists.
03-25 09:34:11.469 E/DisplayDeviceConfig( 1504): requesting nits when no mapping exists.
03-25 09:34:11.469 I/am_wtf ( 1504): [0,1504,system_server,-1,DisplayDeviceConfig,requesting nits when no mapping exists.]
03-25 09:34:11.470 I/am_wtf ( 1504): [0,1504,system_server,-1,DisplayDeviceConfig,requesting nits when no mapping exists.]
03-25 09:34:11.485 E/DisplayDeviceConfig( 1504): requesting nits when no mapping exists.
03-25 09:34:11.486 E/DisplayDeviceConfig( 1504): requesting nits when no mapping exists.
03-25 09:34:11.486 I/am_wtf ( 1504): [0,1504,system_server,-1,DisplayDeviceConfig,requesting nits when no mapping exists.]
03-25 09:34:11.486 I/am_wtf ( 1504): [0,1504,system_server,-1,DisplayDeviceConfig,requesting nits when no mapping exists.]
03-25 09:34:11.502 E/DisplayDeviceConfig( 1504): requesting nits when no mapping exists.
03-25 09:34:11.502 E/DisplayDeviceConfig( 1504): requesting nits when no mapping exists.
03-25 09:34:11.502 I/am_wtf ( 1504): [0,1504,system_server,-1,DisplayDeviceConfig,requesting nits when no mapping exists.]
03-25 09:34:11.503 I/am_wtf ( 1504): [0,1504,system_server,-1,DisplayDeviceConfig,requesting nits when no mapping exists.]
03-25 09:34:11.519 E/DisplayDeviceConfig( 1504): requesting nits when no mapping exists.
03-25 09:34:11.519 E/DisplayDeviceConfig( 1504): requesting nits when no mapping exists.
03-25 09:34:11.519 I/am_wtf ( 1504): [0,1504,system_server,-1,DisplayDeviceConfig,requesting nits when no mapping exists.]
03-25 09:34:11.520 I/am_wtf ( 1504): [0,1504,system_server,-1,DisplayDeviceConfig,requesting nits when no mapping exists.]
03-25 09:34:11.535 E/DisplayDeviceConfig( 1504): requesting nits when no mapping exists.
03-25 09:34:11.535 E/DisplayDeviceConfig( 1504): requesting nits when no mapping exists.
03-25 09:34:11.536 I/am_wtf ( 1504): [0,1504,system_server,-1,DisplayDeviceConfig,requesting nits when no mapping exists.]
03-25 09:34:11.536 I/am_wtf ( 1504): [0,1504,system_server,-1,DisplayDeviceConfig,requesting nits when no mapping exists.]
03-25 09:34:11.552 E/DisplayDeviceConfig( 1504): requesting nits when no mapping exists.
03-25 09:34:11.552 E/DisplayDeviceConfig( 1504): requesting nits when no mapping exists.
03-25 09:34:11.552 I/am_wtf ( 1504): [0,1504,system_server,-1,DisplayDeviceConfig,requesting nits when no mapping exists.]
03-25 09:34:11.553 I/am_wtf ( 1504): [0,1504,system_server,-1,DisplayDeviceConfig,requesting nits when no mapping exists.]
03-25 09:34:11.568 E/DisplayDeviceConfig( 1504): requesting nits when no mapping exists.
03-25 09:34:11.569 E/DisplayDeviceConfig( 1504): requesting nits when no mapping exists.
03-25 09:34:11.569 I/am_wtf ( 1504): [0,1504,system_server,-1,DisplayDeviceConfig,requesting nits when no mapping exists.]
03-25 09:34:11.570 I/am_wtf ( 1504): [0,1504,system_server,-1,DisplayDeviceConfig,requesting nits when no mapping exists.]
03-25 09:34:11.585 E/DisplayDeviceConfig( 1504): requesting nits when no mapping exists.
03-25 09:34:11.586 E/DisplayDeviceConfig( 1504): requesting nits when no mapping exists.
03-25 09:34:11.586 I/am_wtf ( 1504): [0,1504,system_server,-1,DisplayDeviceConfig,requesting nits when no mapping exists.]
03-25 09:34:11.586 I/am_wtf ( 1504): [0,1504,system_server,-1,DisplayDeviceConfig,requesting nits when no mapping exists.]
03-25 09:34:11.602 E/DisplayDeviceConfig( 1504): requesting nits when no mapping exists.
03-25 09:34:11.602 I/am_wtf ( 1504): [0,1504,system_server,-1,DisplayDeviceConfig,requesting nits when no mapping exists.]
03-25 09:34:11.602 E/DisplayDeviceConfig( 1504): requesting nits when no mapping exists.
03-25 09:34:11.603 I/am_wtf ( 1504): [0,1504,system_server,-1,DisplayDeviceConfig,requesting nits when no mapping exists.]
03-25 09:34:11.618 E/DisplayDeviceConfig( 1504): requesting nits when no mapping exists.
03-25 09:34:11.619 E/DisplayDeviceConfig( 1504): requesting nits when no mapping exists.
03-25 09:34:11.619 I/am_wtf ( 1504): [0,1504,system_server,-1,DisplayDeviceConfig,requesting nits when no mapping exists.]
03-25 09:34:11.620 I/am_wtf ( 1504): [0,1504,system_server,-1,DisplayDeviceConfig,requesting nits when no mapping exists.]
03-25 09:34:11.635 E/DisplayDeviceConfig( 1504): requesting nits when no mapping exists.
03-25 09:34:11.636 I/am_wtf ( 1504): [0,1504,system_server,-1,DisplayDeviceConfig,requesting nits when no mapping exists.]
03-25 09:34:11.636 E/DisplayDeviceConfig( 1504): requesting nits when no mapping exists.
03-25 09:34:11.637 I/am_wtf ( 1504): [0,1504,system_server,-1,DisplayDeviceConfig,requesting nits when no mapping exists.]
03-25 09:34:11.652 E/DisplayDeviceConfig( 1504): requesting nits when no mapping exists.
03-25 09:34:11.653 I/am_wtf ( 1504): [0,1504,system_server,-1,DisplayDeviceConfig,requesting nits when no mapping exists.]
03-25 09:34:11.653 E/DisplayDeviceConfig( 1504): requesting nits when no mapping exists.
03-25 09:34:11.653 I/am_wtf ( 1504): [0,1504,system_server,-1,DisplayDeviceConfig,requesting nits when no mapping exists.]
03-25 09:34:11.669 E/DisplayDeviceConfig( 1504): requesting nits when no mapping exists.
03-25 09:34:11.669 E/DisplayDeviceConfig( 1504): requesting nits when no mapping exists.
03-25 09:34:11.669 I/am_wtf ( 1504): [0,1504,system_server,-1,DisplayDeviceConfig,requesting nits when no mapping exists.]
03-25 09:34:11.670 I/am_wtf ( 1504): [0,1504,system_server,-1,DisplayDeviceConfig,requesting nits when no mapping exists.]
03-25 09:34:11.685 E/DisplayDeviceConfig( 1504): requesting nits when no mapping exists.
03-25 09:34:11.686 I/am_wtf ( 1504): [0,1504,system_server,-1,DisplayDeviceConfig,requesting nits when no mapping exists.]
03-25 09:34:11.686 E/DisplayDeviceConfig( 1504): requesting nits when no mapping exists.
03-25 09:34:11.687 I/am_wtf ( 1504): [0,1504,system_server,-1,DisplayDeviceConfig,requesting nits when no mapping exists.]
03-25 09:34:11.702 E/DisplayDeviceConfig( 1504): requesting nits when no mapping exists.
03-25 09:34:11.703 I/am_wtf ( 1504): [0,1504,system_server,-1,DisplayDeviceConfig,requesting nits when no mapping exists.]
03-25 09:34:11.703 E/DisplayDeviceConfig( 1504): requesting nits when no mapping exists.
03-25 09:34:11.703 I/am_wtf ( 1504): [0,1504,system_server,-1,DisplayDeviceConfig,requesting nits when no mapping exists.]
03-25 09:34:11.719 E/DisplayDeviceConfig( 1504): requesting nits when no mapping exists.
03-25 09:34:11.719 I/am_wtf ( 1504): [0,1504,system_server,-1,DisplayDeviceConfig,requesting nits when no mapping exists.]
03-25 09:34:11.719 E/DisplayDeviceConfig( 1504): requesting nits when no mapping exists.
03-25 09:34:11.720 I/am_wtf ( 1504): [0,1504,system_server,-1,DisplayDeviceConfig,requesting nits when no mapping exists.]
03-25 09:34:11.735 E/DisplayDeviceConfig( 1504): requesting nits when no mapping exists.
03-25 09:34:11.736 I/am_wtf ( 1504): [0,1504,system_server,-1,DisplayDeviceConfig,requesting nits when no mapping exists.]
03-25 09:34:11.736 E/DisplayDeviceConfig( 1504): requesting nits when no mapping exists.
03-25 09:34:11.737 I/am_wtf ( 1504): [0,1504,system_server,-1,DisplayDeviceConfig,requesting nits when no mapping exists.]
03-25 09:34:11.752 E/DisplayDeviceConfig( 1504): requesting nits when no mapping exists.
03-25 09:34:11.753 I/am_wtf ( 1504): [0,1504,system_server,-1,DisplayDeviceConfig,requesting nits when no mapping exists.]
03-25 09:34:11.754 E/DisplayDeviceConfig( 1504): requesting nits when no mapping exists.
03-25 09:34:11.755 I/am_wtf ( 1504): [0,1504,system_server,-1,DisplayDeviceConfig,requesting nits when no mapping exists.]
03-25 09:34:11.769 E/DisplayDeviceConfig( 1504): requesting nits when no mapping exists.
03-25 09:34:11.769 E/DisplayDeviceConfig( 1504): requesting nits when no mapping exists.
03-25 09:34:11.770 I/am_wtf ( 1504): [0,1504,system_server,-1,DisplayDeviceConfig,requesting nits when no mapping exists.]
03-25 09:34:11.770 I/am_wtf ( 1504): [0,1504,system_server,-1,DisplayDeviceConfig,requesting nits when no mapping exists.]
03-25 09:34:11.786 E/DisplayDeviceConfig( 1504): requesting nits when no mapping exists.
03-25 09:34:11.786 I/am_wtf ( 1504): [0,1504,system_server,-1,DisplayDeviceConfig,requesting nits when no mapping exists.]
03-25 09:34:11.786 E/DisplayDeviceConfig( 1504): requesting nits when no mapping exists.
03-25 09:34:11.787 I/am_wtf ( 1504): [0,1504,system_server,-1,DisplayDeviceConfig,requesting nits when no mapping exists.]
03-25 09:34:11.803 E/DisplayDeviceConfig( 1504): requesting nits when no mapping exists.
03-25 09:34:11.803 E/DisplayDeviceConfig( 1504): requesting nits when no mapping exists.
03-25 09:34:11.803 I/am_wtf ( 1504): [0,1504,system_server,-1,DisplayDeviceConfig,requesting nits when no mapping exists.]
03-25 09:34:11.805 I/am_wtf ( 1504): [0,1504,system_server,-1,DisplayDeviceConfig,requesting nits when no mapping exists.]
03-25 09:34:11.819 E/DisplayDeviceConfig( 1504): requesting nits when no mapping exists.
03-25 09:34:11.820 E/DisplayDeviceConfig( 1504): requesting nits when no mapping exists.
03-25 09:34:11.820 I/am_wtf ( 1504): [0,1504,system_server,-1,DisplayDeviceConfig,requesting nits when no mapping exists.]
03-25 09:34:11.821 I/am_wtf ( 1504): [0,1504,system_server,-1,DisplayDeviceConfig,requesting nits when no mapping exists.]
03-25 09:34:11.836 E/DisplayDeviceConfig( 1504): requesting nits when no mapping exists.
03-25 09:34:11.837 E/DisplayDeviceConfig( 1504): requesting nits when no mapping exists.
03-25 09:34:11.837 I/am_wtf ( 1504): [0,1504,system_server,-1,DisplayDeviceConfig,requesting nits when no mapping exists.]
03-25 09:34:11.838 I/am_wtf ( 1504): [0,1504,system_server,-1,DisplayDeviceConfig,requesting nits when no mapping exists.]
03-25 09:34:11.853 E/DisplayDeviceConfig( 1504): requesting nits when no mapping exists.
03-25 09:34:11.854 E/DisplayDeviceConfig( 1504): requesting nits when no mapping exists.
03-25 09:34:11.854 I/am_wtf ( 1504): [0,1504,system_server,-1,DisplayDeviceConfig,requesting nits when no mapping exists.]
03-25 09:34:11.854 I/am_wtf ( 1504): [0,1504,system_server,-1,DisplayDeviceConfig,requesting nits when no mapping exists.]
03-25 09:34:11.869 E/DisplayDeviceConfig( 1504): requesting nits when no mapping exists.
03-25 09:34:11.870 E/DisplayDeviceConfig( 1504): requesting nits when no mapping exists.
03-25 09:34:11.870 I/am_wtf ( 1504): [0,1504,system_server,-1,DisplayDeviceConfig,requesting nits when no mapping exists.]
03-25 09:34:11.871 I/am_wtf ( 1504): [0,1504,system_server,-1,DisplayDeviceConfig,requesting nits when no mapping exists.]
03-25 09:34:11.886 E/DisplayDeviceConfig( 1504): requesting nits when no mapping exists.
03-25 09:34:11.887 E/DisplayDeviceConfig( 1504): requesting nits when no mapping exists.
03-25 09:34:11.887 I/am_wtf ( 1504): [0,1504,system_server,-1,DisplayDeviceConfig,requesting nits when no mapping exists.]
03-25 09:34:11.887 I/am_wtf ( 1504): [0,1504,system_server,-1,DisplayDeviceConfig,requesting nits when no mapping exists.]
03-25 09:34:11.903 E/DisplayDeviceConfig( 1504): requesting nits when no mapping exists.
03-25 09:34:11.903 I/am_wtf ( 1504): [0,1504,system_server,-1,DisplayDeviceConfig,requesting nits when no mapping exists.]
03-25 09:34:11.903 E/DisplayDeviceConfig( 1504): requesting nits when no mapping exists.
03-25 09:34:11.904 I/am_wtf ( 1504): [0,1504,system_server,-1,DisplayDeviceConfig,requesting nits when no mapping exists.]
03-25 09:34:11.919 E/DisplayDeviceConfig( 1504): requesting nits when no mapping exists.
03-25 09:34:11.920 E/DisplayDeviceConfig( 1504): requesting nits when no mapping exists.
03-25 09:34:11.920 I/am_wtf ( 1504): [0,1504,system_server,-1,DisplayDeviceConfig,requesting nits when no mapping exists.]
03-25 09:34:11.921 I/am_wtf ( 1504): [0,1504,system_server,-1,DisplayDeviceConfig,requesting nits when no mapping exists.]
03-25 09:34:11.936 E/DisplayDeviceConfig( 1504): requesting nits when no mapping exists.
03-25 09:34:11.937 E/DisplayDeviceConfig( 1504): requesting nits when no mapping exists.
03-25 09:34:11.937 I/am_wtf ( 1504): [0,1504,system_server,-1,DisplayDeviceConfig,requesting nits when no mapping exists.]
03-25 09:34:11.938 I/am_wtf ( 1504): [0,1504,system_server,-1,DisplayDeviceConfig,requesting nits when no mapping exists.]
03-25 09:34:11.953 E/DisplayDeviceConfig( 1504): requesting nits when no mapping exists.
03-25 09:34:11.953 I/am_wtf ( 1504): [0,1504,system_server,-1,DisplayDeviceConfig,requesting nits when no mapping exists.]
03-25 09:34:11.953 E/DisplayDeviceConfig( 1504): requesting nits when no mapping exists.
03-25 09:34:11.954 I/am_wtf ( 1504): [0,1504,system_server,-1,DisplayDeviceConfig,requesting nits when no mapping exists.]
03-25 09:34:11.970 E/DisplayDeviceConfig( 1504): requesting nits when no mapping exists.
03-25 09:34:11.970 E/DisplayDeviceConfig( 1504): requesting nits when no mapping exists.
03-25 09:34:11.970 I/am_wtf ( 1504): [0,1504,system_server,-1,DisplayDeviceConfig,requesting nits when no mapping exists.]
03-25 09:34:11.971 I/am_wtf ( 1504): [0,1504,system_server,-1,DisplayDeviceConfig,requesting nits when no mapping exists.]
03-25 09:34:11.986 E/DisplayDeviceConfig( 1504): requesting nits when no mapping exists.
03-25 09:34:11.987 E/DisplayDeviceConfig( 1504): requesting nits when no mapping exists.
03-25 09:34:11.987 I/am_wtf ( 1504): [0,1504,system_server,-1,DisplayDeviceConfig,requesting nits when no mapping exists.]
03-25 09:34:11.988 I/am_wtf ( 1504): [0,1504,system_server,-1,DisplayDeviceConfig,requesting nits when no mapping exists.]
03-25 09:34:12.004 E/DisplayDeviceConfig( 1504): requesting nits when no mapping exists.
03-25 09:34:12.004 E/DisplayDeviceConfig( 1504): requesting nits when no mapping exists.
03-25 09:34:12.004 I/am_wtf ( 1504): [0,1504,system_server,-1,DisplayDeviceConfig,requesting nits when no mapping exists.]
03-25 09:34:12.005 I/am_wtf ( 1504): [0,1504,system_server,-1,DisplayDeviceConfig,requesting nits when no mapping exists.]
03-25 09:34:12.020 E/DisplayDeviceConfig( 1504): requesting nits when no mapping exists.
03-25 09:34:12.020 E/DisplayDeviceConfig( 1504): requesting nits when no mapping exists.
03-25 09:34:12.020 I/am_wtf ( 1504): [0,1504,system_server,-1,DisplayDeviceConfig,requesting nits when no mapping exists.]
03-25 09:34:12.021 I/am_wtf ( 1504): [0,1504,system_server,-1,DisplayDeviceConfig,requesting nits when no mapping exists.]
03-25 09:34:12.037 E/DisplayDeviceConfig( 1504): requesting nits when no mapping exists.
03-25 09:34:12.037 I/am_wtf ( 1504): [0,1504,system_server,-1,DisplayDeviceConfig,requesting nits when no mapping exists.]
03-25 09:34:12.038 E/DisplayDeviceConfig( 1504): requesting nits when no mapping exists.
03-25 09:34:12.038 I/am_wtf ( 1504): [0,1504,system_server,-1,DisplayDeviceConfig,requesting nits when no mapping exists.]
03-25 09:34:12.053 E/DisplayDeviceConfig( 1504): requesting nits when no mapping exists.
03-25 09:34:12.054 I/am_wtf ( 1504): [0,1504,system_server,-1,DisplayDeviceConfig,requesting nits when no mapping exists.]
03-25 09:34:12.054 E/DisplayDeviceConfig( 1504): requesting nits when no mapping exists.
03-25 09:34:12.054 I/am_wtf ( 1504): [0,1504,system_server,-1,DisplayDeviceConfig,requesting nits when no mapping exists.]
03-25 09:34:12.070 E/DisplayDeviceConfig( 1504): requesting nits when no mapping exists.
03-25 09:34:12.071 I/am_wtf ( 1504): [0,1504,system_server,-1,DisplayDeviceConfig,requesting nits when no mapping exists.]
03-25 09:34:12.071 E/DisplayDeviceConfig( 1504): requesting nits when no mapping exists.
03-25 09:34:12.072 I/am_wtf ( 1504): [0,1504,system_server,-1,DisplayDeviceConfig,requesting nits when no mapping exists.]
03-25 09:34:12.086 E/DisplayDeviceConfig( 1504): requesting nits when no mapping exists.
03-25 09:34:12.087 E/DisplayDeviceConfig( 1504): requesting nits when no mapping exists.
03-25 09:34:12.087 I/am_wtf ( 1504): [0,1504,system_server,-1,DisplayDeviceConfig,requesting nits when no mapping exists.]
03-25 09:34:12.088 I/am_wtf ( 1504): [0,1504,system_server,-1,DisplayDeviceConfig,requesting nits when no mapping exists.]
03-25 09:34:12.103 E/DisplayDeviceConfig( 1504): requesting nits when no mapping exists.
03-25 09:34:12.104 I/am_wtf ( 1504): [0,1504,system_server,-1,DisplayDeviceConfig,requesting nits when no mapping exists.]
03-25 09:34:12.104 E/DisplayDeviceConfig( 1504): requesting nits when no mapping exists.
03-25 09:34:12.104 I/am_wtf ( 1504): [0,1504,system_server,-1,DisplayDeviceConfig,requesting nits when no mapping exists.]
03-25 09:34:12.120 E/DisplayDeviceConfig( 1504): requesting nits when no mapping exists.
03-25 09:34:12.121 E/DisplayDeviceConfig( 1504): requesting nits when no mapping exists.
03-25 09:34:12.121 I/am_wtf ( 1504): [0,1504,system_server,-1,DisplayDeviceConfig,requesting nits when no mapping exists.]
03-25 09:34:12.121 I/am_wtf ( 1504): [0,1504,system_server,-1,DisplayDeviceConfig,requesting nits when no mapping exists.]
03-25 09:34:12.137 E/DisplayDeviceConfig( 1504): requesting nits when no mapping exists.
03-25 09:34:12.137 E/DisplayDeviceConfig( 1504): requesting nits when no mapping exists.
03-25 09:34:12.137 I/am_wtf ( 1504): [0,1504,system_server,-1,DisplayDeviceConfig,requesting nits when no mapping exists.]
03-25 09:34:12.138 I/am_wtf ( 1504): [0,1504,system_server,-1,DisplayDeviceConfig,requesting nits when no mapping exists.]
03-25 09:34:12.153 E/DisplayDeviceConfig( 1504): requesting nits when no mapping exists.
03-25 09:34:12.154 E/DisplayDeviceConfig( 1504): requesting nits when no mapping exists.
03-25 09:34:12.154 I/am_wtf ( 1504): [0,1504,system_server,-1,DisplayDeviceConfig,requesting nits when no mapping exists.]
03-25 09:34:12.155 I/am_wtf ( 1504): [0,1504,system_server,-1,DisplayDeviceConfig,requesting nits when no mapping exists.]
03-25 09:34:12.170 E/DisplayDeviceConfig( 1504): requesting nits when no mapping exists.
03-25 09:34:12.171 I/am_wtf ( 1504): [0,1504,system_server,-1,DisplayDeviceConfig,requesting nits when no mapping exists.]
03-25 09:34:12.171 E/DisplayDeviceConfig( 1504): requesting nits when no mapping exists.
03-25 09:34:12.172 I/am_wtf ( 1504): [0,1504,system_server,-1,DisplayDeviceConfig,requesting nits when no mapping exists.]
03-25 09:34:12.187 E/DisplayDeviceConfig( 1504): requesting nits when no mapping exists.
03-25 09:34:12.187 E/DisplayDeviceConfig( 1504): requesting nits when no mapping exists.
03-25 09:34:12.187 I/am_wtf ( 1504): [0,1504,system_server,-1,DisplayDeviceConfig,requesting nits when no mapping exists.]
03-25 09:34:12.188 I/am_wtf ( 1504): [0,1504,system_server,-1,DisplayDeviceConfig,requesting nits when no mapping exists.]
03-25 09:34:12.203 E/DisplayDeviceConfig( 1504): requesting nits when no mapping exists.
03-25 09:34:12.204 E/DisplayDeviceConfig( 1504): requesting nits when no mapping exists.
03-25 09:34:12.204 I/am_wtf ( 1504): [0,1504,system_server,-1,DisplayDeviceConfig,requesting nits when no mapping exists.]
03-25 09:34:12.204 I/am_wtf ( 1504): [0,1504,system_server,-1,DisplayDeviceConfig,requesting nits when no mapping exists.]
03-25 09:34:12.220 E/DisplayDeviceConfig( 1504): requesting nits when no mapping exists.
03-25 09:34:12.221 I/am_wtf ( 1504): [0,1504,system_server,-1,DisplayDeviceConfig,requesting nits when no mapping exists.]
03-25 09:34:12.221 E/DisplayDeviceConfig( 1504): requesting nits when no mapping exists.
03-25 09:34:12.222 I/am_wtf ( 1504): [0,1504,system_server,-1,DisplayDeviceConfig,requesting nits when no mapping exists.]
03-25 09:34:18.270 I/PowerManagerService( 1504): Napping display group (groupId=0, uid=1000)...
03-25 09:34:18.270 I/PowerManagerService( 1504): Nap time (uid 1000)...
03-25 09:34:18.272 I/DreamManagerService( 1504): Entering dreamland.
03-25 09:34:18.274 I/PowerManagerService( 1504): Dreaming...
03-25 09:34:18.275 I/DreamController( 1504): Starting dream: name=ComponentInfo{com.thundercomm.screensaver/com.thundercomm.screensaver.service.SystemDream}, isTest=false, canDoze=false, userId=0
03-25 09:34:18.276 I/sysui_multi_action( 1504): [757,222,758,1]
03-25 09:34:18.281 I/am_uid_active( 1504): 10045
03-25 09:34:18.288 I/ActivityTaskManager( 1504): START u0 {flg=0x10000000 pkg=com.thundercomm.screensaver cmp=com.thundercomm.screensaver/android.service.dreams.DreamActivity (has extras)} from uid 10045
03-25 09:34:18.291 I/wm_task_created( 1504): [15,-1]
03-25 09:34:18.291 W/ActivityTaskManager( 1504): Can't find TaskDisplayArea to determine support for multi window. Task id=15 attached=false
03-25 09:34:18.295 I/wm_task_moved( 1504): [15,1,7]
03-25 09:34:18.295 I/wm_task_to_front( 1504): [0,15]
03-25 09:34:18.295 I/wm_create_task( 1504): [0,15]
03-25 09:34:18.295 I/wm_create_activity( 1504): [0,7258279,15,com.thundercomm.screensaver/android.service.dreams.DreamActivity,NULL,NULL,NULL,276824064]
03-25 09:34:18.295 I/wm_task_moved( 1504): [15,1,7]
03-25 09:34:18.295 I/wm_on_top_resumed_lost_called( 2845): [31052584,com.android.launcher3.uioverrides.QuickstepLauncher,topStateChangedWhenResumed]
03-25 09:34:18.296 I/wm_pause_activity( 1504): [0,31052584,com.android.launcher3/.uioverrides.QuickstepLauncher,userLeaving=true,pauseBackTasks]
03-25 09:34:18.298 I/wm_on_paused_called( 2845): [31052584,com.android.launcher3.uioverrides.QuickstepLauncher,performPause]
03-25 09:34:18.298 I/ActivityTaskManager( 1504): FOREGROUND_APPLICATION_CHANGED to android.service.dreams.DreamActivity
03-25 09:34:18.299 I/ActivityTaskManager( 1504): The Process com.thundercomm.screensaver Already Exists in BG. So sending its PID: 4535
03-25 09:34:18.299 W/ActivityTaskManager( 1504): Tried to set launchTime (0) < mLastActivityLaunchTime (640711)
03-25 09:34:18.299 I/wm_add_to_stopping( 1504): [0,31052584,com.android.launcher3/.uioverrides.QuickstepLauncher,makeInvisible]
03-25 09:34:18.299 I/wm_restart_activity( 1504): [0,7258279,15,com.thundercomm.screensaver/android.service.dreams.DreamActivity]
03-25 09:34:18.300 I/wm_set_resumed_activity( 1504): [0,com.thundercomm.screensaver/android.service.dreams.DreamActivity,minimalResumeActivityLocked]
03-25 09:34:18.302 I/am_pss ( 1504): [3370,10079,com.qualcomm.qti.workloadclassifier,19473408,16924672,0,110387200,0,0,6]
03-25 09:34:18.303 I/wm_on_create_called( 4535): [7258279,android.service.dreams.DreamActivity,performCreate]
03-25 09:34:18.303 I/wm_on_start_called( 4535): [7258279,android.service.dreams.DreamActivity,handleStartActivity]
03-25 09:34:18.303 I/sysui_multi_action( 1504): [757,803,799,window_time_0,802,73]
03-25 09:34:18.304 I/wm_on_resume_called( 4535): [7258279,android.service.dreams.DreamActivity,RESUME_ACTIVITY]
03-25 09:34:18.305 W/WindowManager( 1504): Failed looking up window session=Session{c7c00bb 4535:u0a10045} callers=com.android.server.wm.WindowManagerService.windowForClientLocked:5628 com.android.server.wm.Session.insetsModified:629 android.view.IWindowSession$Stub.onTransact:1151
03-25 09:34:18.306 I/wm_on_top_resumed_gained_called( 4535): [7258279,android.service.dreams.DreamActivity,topStateChangedWhenResumed]
03-25 09:34:18.306 I/am_uid_active( 1504): 10062
03-25 09:34:18.308 I/am_pss ( 1504): [3362,10068,com.qualcomm.qti.services.systemhelper:systemhelper_service,6580224,4468736,0,93360128,0,0,5]
03-25 09:34:18.314 I/am_pss ( 1504): [3367,10084,com.qualcomm.qti.qccnetstat,6337536,4308992,0,91164672,0,0,5]
03-25 09:34:18.318 I/input_focus( 1504): [Focus leaving d5729f7 com.android.launcher3/com.android.launcher3.uioverrides.QuickstepLauncher (server),reason=NO_WINDOW]
03-25 09:34:18.319 I/am_pss ( 1504): [3347,10055,.pasr,5572608,3624960,0,88682496,0,0,5]
03-25 09:34:18.322 I/input_focus( 1504): [Focus request c5801f2 com.thundercomm.screensaver/android.service.dreams.DreamActivity,reason=UpdateInputWindows]
03-25 09:34:18.325 I/am_pss ( 1504): [3345,1000,com.hryt.hiphishowfsecontrol,14743552,12328960,0,105857024,0,0,6]
03-25 09:34:18.328 I/sysui_multi_action( 1504): [319,38,322,38,325,859,757,761,758,8,759,2,806,com.thundercomm.screensaver,871,android.service.dreams.DreamActivity,904,com.thundercomm.screensaver,905,0,1320,4,1321,2]
03-25 09:34:18.328 I/wm_activity_launch_time( 1504): [0,7258279,com.thundercomm.screensaver/android.service.dreams.DreamActivity,38]
03-25 09:34:18.329 V/DisplayPowerController[0]( 1504): Brightness [1.0] reason changing to: 'manual', previous reason: 'manual [ dim ]'.
03-25 09:34:18.329 I/sysui_multi_action( 1504): [757,1696,758,6,759,3]
03-25 09:34:18.330 I/am_pss ( 1504): [3291,10057,ts.car.uart,6347776,4399104,0,89747456,0,0,5]
03-25 09:34:18.334 E/DisplayDeviceConfig( 1504): requesting nits when no mapping exists.
03-25 09:34:18.334 E/DisplayDeviceConfig( 1504): requesting nits when no mapping exists.
03-25 09:34:18.334 I/am_wtf ( 1504): [0,1504,system_server,-1,DisplayDeviceConfig,requesting nits when no mapping exists.]
03-25 09:34:18.334 I/service_manager_stats( 1504): [108,54,6998]
03-25 09:34:18.334 I/am_wtf ( 1504): [0,1504,system_server,-1,DisplayDeviceConfig,requesting nits when no mapping exists.]
03-25 09:34:18.336 I/am_pss ( 1504): [3287,10081,com.hht.lebocast,44930048,21348352,0,112054272,0,0,5]
03-25 09:34:18.343 I/am_pss ( 1504): [2657,1000,com.thundercomm.tcsetupwizard,46136320,39755776,0,168226816,0,0,7]
03-25 09:34:18.350 E/DisplayDeviceConfig( 1504): requesting nits when no mapping exists.
03-25 09:34:18.351 I/am_wtf ( 1504): [0,1504,system_server,-1,DisplayDeviceConfig,requesting nits when no mapping exists.]
03-25 09:34:18.351 E/DisplayDeviceConfig( 1504): requesting nits when no mapping exists.
03-25 09:34:18.351 I/input_focus( 1504): [Focus entering c5801f2 com.thundercomm.screensaver/android.service.dreams.DreamActivity (server),reason=Window became focusable. Previous reason: NOT_VISIBLE]
03-25 09:34:18.351 I/am_wtf ( 1504): [0,1504,system_server,-1,DisplayDeviceConfig,requesting nits when no mapping exists.]
03-25 09:34:18.367 E/DisplayDeviceConfig( 1504): requesting nits when no mapping exists.
03-25 09:34:18.367 E/DisplayDeviceConfig( 1504): requesting nits when no mapping exists.
03-25 09:34:18.367 I/am_wtf ( 1504): [0,1504,system_server,-1,DisplayDeviceConfig,requesting nits when no mapping exists.]
03-25 09:34:18.368 I/am_wtf ( 1504): [0,1504,system_server,-1,DisplayDeviceConfig,requesting nits when no mapping exists.]
03-25 09:34:18.384 E/DisplayDeviceConfig( 1504): requesting nits when no mapping exists.
03-25 09:34:18.384 E/DisplayDeviceConfig( 1504): requesting nits when no mapping exists.
03-25 09:34:18.384 I/am_wtf ( 1504): [0,1504,system_server,-1,DisplayDeviceConfig,requesting nits when no mapping exists.]
03-25 09:34:18.384 I/am_wtf ( 1504): [0,1504,system_server,-1,DisplayDeviceConfig,requesting nits when no mapping exists.]
03-25 09:34:18.401 E/DisplayDeviceConfig( 1504): requesting nits when no mapping exists.
03-25 09:34:18.401 E/DisplayDeviceConfig( 1504): requesting nits when no mapping exists.
03-25 09:34:18.401 I/am_wtf ( 1504): [0,1504,system_server,-1,DisplayDeviceConfig,requesting nits when no mapping exists.]
03-25 09:34:18.401 W/FreeFormWindowHelper( 1504): Current Display FreeFormTask is null
03-25 09:34:18.401 I/am_wtf ( 1504): [0,1504,system_server,-1,DisplayDeviceConfig,requesting nits when no mapping exists.]
03-25 09:34:18.418 E/DisplayDeviceConfig( 1504): requesting nits when no mapping exists.
03-25 09:34:18.418 E/DisplayDeviceConfig( 1504): requesting nits when no mapping exists.
03-25 09:34:18.418 I/am_wtf ( 1504): [0,1504,system_server,-1,DisplayDeviceConfig,requesting nits when no mapping exists.]
03-25 09:34:18.418 I/am_wtf ( 1504): [0,1504,system_server,-1,DisplayDeviceConfig,requesting nits when no mapping exists.]
03-25 09:34:18.435 E/DisplayDeviceConfig( 1504): requesting nits when no mapping exists.
03-25 09:34:18.435 E/DisplayDeviceConfig( 1504): requesting nits when no mapping exists.
03-25 09:34:18.435 I/am_wtf ( 1504): [0,1504,system_server,-1,DisplayDeviceConfig,requesting nits when no mapping exists.]
03-25 09:34:18.435 I/am_wtf ( 1504): [0,1504,system_server,-1,DisplayDeviceConfig,requesting nits when no mapping exists.]
03-25 09:34:18.451 E/DisplayDeviceConfig( 1504): requesting nits when no mapping exists.
03-25 09:34:18.451 E/DisplayDeviceConfig( 1504): requesting nits when no mapping exists.
03-25 09:34:18.451 I/am_wtf ( 1504): [0,1504,system_server,-1,DisplayDeviceConfig,requesting nits when no mapping exists.]
03-25 09:34:18.451 I/am_wtf ( 1504): [0,1504,system_server,-1,DisplayDeviceConfig,requesting nits when no mapping exists.]
03-25 09:34:18.467 E/DisplayDeviceConfig( 1504): requesting nits when no mapping exists.
03-25 09:34:18.468 E/DisplayDeviceConfig( 1504): requesting nits when no mapping exists.
03-25 09:34:18.468 I/am_wtf ( 1504): [0,1504,system_server,-1,DisplayDeviceConfig,requesting nits when no mapping exists.]
03-25 09:34:18.468 I/am_wtf ( 1504): [0,1504,system_server,-1,DisplayDeviceConfig,requesting nits when no mapping exists.]
03-25 09:34:18.485 E/DisplayDeviceConfig( 1504): requesting nits when no mapping exists.
03-25 09:34:18.485 E/DisplayDeviceConfig( 1504): requesting nits when no mapping exists.
03-25 09:34:18.485 I/am_wtf ( 1504): [0,1504,system_server,-1,DisplayDeviceConfig,requesting nits when no mapping exists.]
03-25 09:34:18.485 I/am_wtf ( 1504): [0,1504,system_server,-1,DisplayDeviceConfig,requesting nits when no mapping exists.]
03-25 09:34:18.501 E/DisplayDeviceConfig( 1504): requesting nits when no mapping exists.
03-25 09:34:18.502 E/DisplayDeviceConfig( 1504): requesting nits when no mapping exists.
03-25 09:34:18.502 I/am_wtf ( 1504): [0,1504,system_server,-1,DisplayDeviceConfig,requesting nits when no mapping exists.]
03-25 09:34:18.502 I/am_wtf ( 1504): [0,1504,system_server,-1,DisplayDeviceConfig,requesting nits when no mapping exists.]
03-25 09:34:18.518 E/DisplayDeviceConfig( 1504): requesting nits when no mapping exists.
03-25 09:34:18.518 E/DisplayDeviceConfig( 1504): requesting nits when no mapping exists.
03-25 09:34:18.518 I/am_wtf ( 1504): [0,1504,system_server,-1,DisplayDeviceConfig,requesting nits when no mapping exists.]
03-25 09:34:18.518 I/am_wtf ( 1504): [0,1504,system_server,-1,DisplayDeviceConfig,requesting nits when no mapping exists.]
03-25 09:34:18.534 E/DisplayDeviceConfig( 1504): requesting nits when no mapping exists.
03-25 09:34:18.534 I/am_wtf ( 1504): [0,1504,system_server,-1,DisplayDeviceConfig,requesting nits when no mapping exists.]
03-25 09:34:18.535 E/DisplayDeviceConfig( 1504): requesting nits when no mapping exists.
03-25 09:34:18.535 I/am_wtf ( 1504): [0,1504,system_server,-1,DisplayDeviceConfig,requesting nits when no mapping exists.]
03-25 09:34:18.551 E/DisplayDeviceConfig( 1504): requesting nits when no mapping exists.
03-25 09:34:18.551 E/DisplayDeviceConfig( 1504): requesting nits when no mapping exists.
03-25 09:34:18.551 I/am_wtf ( 1504): [0,1504,system_server,-1,DisplayDeviceConfig,requesting nits when no mapping exists.]
03-25 09:34:18.551 I/am_wtf ( 1504): [0,1504,system_server,-1,DisplayDeviceConfig,requesting nits when no mapping exists.]
03-25 09:34:18.568 E/DisplayDeviceConfig( 1504): requesting nits when no mapping exists.
03-25 09:34:18.568 I/am_wtf ( 1504): [0,1504,system_server,-1,DisplayDeviceConfig,requesting nits when no mapping exists.]
03-25 09:34:18.568 E/DisplayDeviceConfig( 1504): requesting nits when no mapping exists.
03-25 09:34:18.568 I/am_wtf ( 1504): [0,1504,system_server,-1,DisplayDeviceConfig,requesting nits when no mapping exists.]
03-25 09:34:18.584 E/DisplayDeviceConfig( 1504): requesting nits when no mapping exists.
03-25 09:34:18.584 I/am_wtf ( 1504): [0,1504,system_server,-1,DisplayDeviceConfig,requesting nits when no mapping exists.]
03-25 09:34:18.584 E/DisplayDeviceConfig( 1504): requesting nits when no mapping exists.
03-25 09:34:18.585 I/am_wtf ( 1504): [0,1504,system_server,-1,DisplayDeviceConfig,requesting nits when no mapping exists.]
03-25 09:34:18.601 E/DisplayDeviceConfig( 1504): requesting nits when no mapping exists.
03-25 09:34:18.601 I/am_wtf ( 1504): [0,1504,system_server,-1,DisplayDeviceConfig,requesting nits when no mapping exists.]
03-25 09:34:18.601 E/DisplayDeviceConfig( 1504): requesting nits when no mapping exists.
03-25 09:34:18.601 I/am_wtf ( 1504): [0,1504,system_server,-1,DisplayDeviceConfig,requesting nits when no mapping exists.]
03-25 09:34:18.618 E/DisplayDeviceConfig( 1504): requesting nits when no mapping exists.
03-25 09:34:18.618 I/wm_stop_activity( 1504): [0,31052584,com.android.launcher3/.uioverrides.QuickstepLauncher]
03-25 09:34:18.618 I/am_wtf ( 1504): [0,1504,system_server,-1,DisplayDeviceConfig,requesting nits when no mapping exists.]
03-25 09:34:18.620 E/DisplayDeviceConfig( 1504): requesting nits when no mapping exists.
03-25 09:34:18.620 I/am_wtf ( 1504): [0,1504,system_server,-1,DisplayDeviceConfig,requesting nits when no mapping exists.]
03-25 09:34:18.634 E/DisplayDeviceConfig( 1504): requesting nits when no mapping exists.
03-25 09:34:18.635 E/DisplayDeviceConfig( 1504): requesting nits when no mapping exists.
03-25 09:34:18.635 I/am_wtf ( 1504): [0,1504,system_server,-1,DisplayDeviceConfig,requesting nits when no mapping exists.]
03-25 09:34:18.635 I/am_wtf ( 1504): [0,1504,system_server,-1,DisplayDeviceConfig,requesting nits when no mapping exists.]
03-25 09:34:18.641 I/wm_on_stop_called( 2845): [31052584,com.android.launcher3.uioverrides.QuickstepLauncher,STOP_ACTIVITY_ITEM]
03-25 09:34:18.651 E/DisplayDeviceConfig( 1504): requesting nits when no mapping exists.
03-25 09:34:18.651 E/DisplayDeviceConfig( 1504): requesting nits when no mapping exists.
03-25 09:34:18.652 I/am_wtf ( 1504): [0,1504,system_server,-1,DisplayDeviceConfig,requesting nits when no mapping exists.]
03-25 09:34:18.652 I/am_wtf ( 1504): [0,1504,system_server,-1,DisplayDeviceConfig,requesting nits when no mapping exists.]
03-25 09:34:18.668 E/DisplayDeviceConfig( 1504): requesting nits when no mapping exists.
03-25 09:34:18.668 E/DisplayDeviceConfig( 1504): requesting nits when no mapping exists.
03-25 09:34:18.668 I/am_wtf ( 1504): [0,1504,system_server,-1,DisplayDeviceConfig,requesting nits when no mapping exists.]
03-25 09:34:18.668 I/am_wtf ( 1504): [0,1504,system_server,-1,DisplayDeviceConfig,requesting nits when no mapping exists.]
03-25 09:34:18.684 E/DisplayDeviceConfig( 1504): requesting nits when no mapping exists.
03-25 09:34:18.685 E/DisplayDeviceConfig( 1504): requesting nits when no mapping exists.
03-25 09:34:18.685 I/am_wtf ( 1504): [0,1504,system_server,-1,DisplayDeviceConfig,requesting nits when no mapping exists.]
03-25 09:34:18.685 I/am_wtf ( 1504): [0,1504,system_server,-1,DisplayDeviceConfig,requesting nits when no mapping exists.]
03-25 09:34:18.701 E/DisplayDeviceConfig( 1504): requesting nits when no mapping exists.
03-25 09:34:18.701 E/DisplayDeviceConfig( 1504): requesting nits when no mapping exists.
03-25 09:34:18.701 I/am_wtf ( 1504): [0,1504,system_server,-1,DisplayDeviceConfig,requesting nits when no mapping exists.]
03-25 09:34:18.702 I/am_wtf ( 1504): [0,1504,system_server,-1,DisplayDeviceConfig,requesting nits when no mapping exists.]
03-25 09:34:18.718 E/DisplayDeviceConfig( 1504): requesting nits when no mapping exists.
03-25 09:34:18.718 I/am_wtf ( 1504): [0,1504,system_server,-1,DisplayDeviceConfig,requesting nits when no mapping exists.]
03-25 09:34:18.718 E/DisplayDeviceConfig( 1504): requesting nits when no mapping exists.
03-25 09:34:18.719 I/am_wtf ( 1504): [0,1504,system_server,-1,DisplayDeviceConfig,requesting nits when no mapping exists.]
03-25 09:34:18.735 E/DisplayDeviceConfig( 1504): requesting nits when no mapping exists.
03-25 09:34:18.735 E/DisplayDeviceConfig( 1504): requesting nits when no mapping exists.
03-25 09:34:18.735 I/am_wtf ( 1504): [0,1504,system_server,-1,DisplayDeviceConfig,requesting nits when no mapping exists.]
03-25 09:34:18.735 I/am_wtf ( 1504): [0,1504,system_server,-1,DisplayDeviceConfig,requesting nits when no mapping exists.]
03-25 09:34:18.752 E/DisplayDeviceConfig( 1504): requesting nits when no mapping exists.
03-25 09:34:18.752 E/DisplayDeviceConfig( 1504): requesting nits when no mapping exists.
03-25 09:34:18.752 I/am_wtf ( 1504): [0,1504,system_server,-1,DisplayDeviceConfig,requesting nits when no mapping exists.]
03-25 09:34:18.752 I/am_wtf ( 1504): [0,1504,system_server,-1,DisplayDeviceConfig,requesting nits when no mapping exists.]
03-25 09:34:18.768 E/DisplayDeviceConfig( 1504): requesting nits when no mapping exists.
03-25 09:34:18.768 E/DisplayDeviceConfig( 1504): requesting nits when no mapping exists.
03-25 09:34:18.768 I/am_wtf ( 1504): [0,1504,system_server,-1,DisplayDeviceConfig,requesting nits when no mapping exists.]
03-25 09:34:18.769 I/am_wtf ( 1504): [0,1504,system_server,-1,DisplayDeviceConfig,requesting nits when no mapping exists.]
03-25 09:34:18.785 E/DisplayDeviceConfig( 1504): requesting nits when no mapping exists.
03-25 09:34:18.785 E/DisplayDeviceConfig( 1504): requesting nits when no mapping exists.
03-25 09:34:18.785 I/am_wtf ( 1504): [0,1504,system_server,-1,DisplayDeviceConfig,requesting nits when no mapping exists.]
03-25 09:34:18.785 I/am_wtf ( 1504): [0,1504,system_server,-1,DisplayDeviceConfig,requesting nits when no mapping exists.]
03-25 09:34:18.802 E/DisplayDeviceConfig( 1504): requesting nits when no mapping exists.
03-25 09:34:18.802 E/DisplayDeviceConfig( 1504): requesting nits when no mapping exists.
03-25 09:34:18.802 I/am_wtf ( 1504): [0,1504,system_server,-1,DisplayDeviceConfig,requesting nits when no mapping exists.]
03-25 09:34:18.802 I/am_wtf ( 1504): [0,1504,system_server,-1,DisplayDeviceConfig,requesting nits when no mapping exists.]
03-25 09:34:18.819 E/DisplayDeviceConfig( 1504): requesting nits when no mapping exists.
03-25 09:34:18.819 I/am_wtf ( 1504): [0,1504,system_server,-1,DisplayDeviceConfig,requesting nits when no mapping exists.]
03-25 09:34:18.819 E/DisplayDeviceConfig( 1504): requesting nits when no mapping exists.
03-25 09:34:18.819 I/am_wtf ( 1504): [0,1504,system_server,-1,DisplayDeviceConfig,requesting nits when no mapping exists.]
03-25 09:34:18.835 E/DisplayDeviceConfig( 1504): requesting nits when no mapping exists.
03-25 09:34:18.835 E/DisplayDeviceConfig( 1504): requesting nits when no mapping exists.
03-25 09:34:18.835 I/am_wtf ( 1504): [0,1504,system_server,-1,DisplayDeviceConfig,requesting nits when no mapping exists.]
03-25 09:34:18.835 I/am_wtf ( 1504): [0,1504,system_server,-1,DisplayDeviceConfig,requesting nits when no mapping exists.]
03-25 09:34:18.852 E/DisplayDeviceConfig( 1504): requesting nits when no mapping exists.
03-25 09:34:18.852 E/DisplayDeviceConfig( 1504): requesting nits when no mapping exists.
03-25 09:34:18.852 I/am_wtf ( 1504): [0,1504,system_server,-1,DisplayDeviceConfig,requesting nits when no mapping exists.]
03-25 09:34:18.852 I/am_wtf ( 1504): [0,1504,system_server,-1,DisplayDeviceConfig,requesting nits when no mapping exists.]
03-25 09:34:18.869 E/DisplayDeviceConfig( 1504): requesting nits when no mapping exists.
03-25 09:34:18.869 I/am_wtf ( 1504): [0,1504,system_server,-1,DisplayDeviceConfig,requesting nits when no mapping exists.]
03-25 09:34:18.869 E/DisplayDeviceConfig( 1504): requesting nits when no mapping exists.
03-25 09:34:18.869 I/am_wtf ( 1504): [0,1504,system_server,-1,DisplayDeviceConfig,requesting nits when no mapping exists.]
03-25 09:34:18.885 E/DisplayDeviceConfig( 1504): requesting nits when no mapping exists.
03-25 09:34:18.885 E/DisplayDeviceConfig( 1504): requesting nits when no mapping exists.
03-25 09:34:18.885 I/am_wtf ( 1504): [0,1504,system_server,-1,DisplayDeviceConfig,requesting nits when no mapping exists.]
03-25 09:34:18.886 I/am_wtf ( 1504): [0,1504,system_server,-1,DisplayDeviceConfig,requesting nits when no mapping exists.]
03-25 09:34:18.902 E/DisplayDeviceConfig( 1504): requesting nits when no mapping exists.
03-25 09:34:18.902 E/DisplayDeviceConfig( 1504): requesting nits when no mapping exists.
03-25 09:34:18.902 I/am_wtf ( 1504): [0,1504,system_server,-1,DisplayDeviceConfig,requesting nits when no mapping exists.]
03-25 09:34:18.902 I/am_wtf ( 1504): [0,1504,system_server,-1,DisplayDeviceConfig,requesting nits when no mapping exists.]
03-25 09:34:18.919 E/DisplayDeviceConfig( 1504): requesting nits when no mapping exists.
03-25 09:34:18.919 I/am_wtf ( 1504): [0,1504,system_server,-1,DisplayDeviceConfig,requesting nits when no mapping exists.]
03-25 09:34:18.919 E/DisplayDeviceConfig( 1504): requesting nits when no mapping exists.
03-25 09:34:18.919 I/am_wtf ( 1504): [0,1504,system_server,-1,DisplayDeviceConfig,requesting nits when no mapping exists.]
03-25 09:34:18.935 E/DisplayDeviceConfig( 1504): requesting nits when no mapping exists.
03-25 09:34:18.936 E/DisplayDeviceConfig( 1504): requesting nits when no mapping exists.
03-25 09:34:18.936 I/am_wtf ( 1504): [0,1504,system_server,-1,DisplayDeviceConfig,requesting nits when no mapping exists.]
03-25 09:34:18.936 I/am_wtf ( 1504): [0,1504,system_server,-1,DisplayDeviceConfig,requesting nits when no mapping exists.]
03-25 09:34:18.952 E/DisplayDeviceConfig( 1504): requesting nits when no mapping exists.
03-25 09:34:18.952 I/am_wtf ( 1504): [0,1504,system_server,-1,DisplayDeviceConfig,requesting nits when no mapping exists.]
03-25 09:34:18.952 E/DisplayDeviceConfig( 1504): requesting nits when no mapping exists.
03-25 09:34:18.952 I/am_wtf ( 1504): [0,1504,system_server,-1,DisplayDeviceConfig,requesting nits when no mapping exists.]
03-25 09:34:18.969 E/DisplayDeviceConfig( 1504): requesting nits when no mapping exists.
03-25 09:34:18.969 E/DisplayDeviceConfig( 1504): requesting nits when no mapping exists.
03-25 09:34:18.969 I/am_wtf ( 1504): [0,1504,system_server,-1,DisplayDeviceConfig,requesting nits when no mapping exists.]
03-25 09:34:18.969 I/am_wtf ( 1504): [0,1504,system_server,-1,DisplayDeviceConfig,requesting nits when no mapping exists.]
03-25 09:34:18.986 E/DisplayDeviceConfig( 1504): requesting nits when no mapping exists.
03-25 09:34:18.986 E/DisplayDeviceConfig( 1504): requesting nits when no mapping exists.
03-25 09:34:18.986 I/am_wtf ( 1504): [0,1504,system_server,-1,DisplayDeviceConfig,requesting nits when no mapping exists.]
03-25 09:34:18.986 I/am_wtf ( 1504): [0,1504,system_server,-1,DisplayDeviceConfig,requesting nits when no mapping exists.]
03-25 09:34:19.002 E/DisplayDeviceConfig( 1504): requesting nits when no mapping exists.
03-25 09:34:19.002 E/DisplayDeviceConfig( 1504): requesting nits when no mapping exists.
03-25 09:34:19.002 I/am_wtf ( 1504): [0,1504,system_server,-1,DisplayDeviceConfig,requesting nits when no mapping exists.]
03-25 09:34:19.003 I/am_wtf ( 1504): [0,1504,system_server,-1,DisplayDeviceConfig,requesting nits when no mapping exists.]
03-25 09:34:19.019 E/DisplayDeviceConfig( 1504): requesting nits when no mapping exists.
03-25 09:34:19.019 I/am_wtf ( 1504): [0,1504,system_server,-1,DisplayDeviceConfig,requesting nits when no mapping exists.]
03-25 09:34:19.019 E/DisplayDeviceConfig( 1504): requesting nits when no mapping exists.
03-25 09:34:19.019 I/am_wtf ( 1504): [0,1504,system_server,-1,DisplayDeviceConfig,requesting nits when no mapping exists.]
03-25 09:34:19.036 E/DisplayDeviceConfig( 1504): requesting nits when no mapping exists.
03-25 09:34:19.036 I/am_wtf ( 1504): [0,1504,system_server,-1,DisplayDeviceConfig,requesting nits when no mapping exists.]
03-25 09:34:19.036 E/DisplayDeviceConfig( 1504): requesting nits when no mapping exists.
03-25 09:34:19.036 I/am_wtf ( 1504): [0,1504,system_server,-1,DisplayDeviceConfig,requesting nits when no mapping exists.]
03-25 09:34:19.052 E/DisplayDeviceConfig( 1504): requesting nits when no mapping exists.
03-25 09:34:19.052 E/DisplayDeviceConfig( 1504): requesting nits when no mapping exists.
03-25 09:34:19.052 I/am_wtf ( 1504): [0,1504,system_server,-1,DisplayDeviceConfig,requesting nits when no mapping exists.]
03-25 09:34:19.053 I/am_wtf ( 1504): [0,1504,system_server,-1,DisplayDeviceConfig,requesting nits when no mapping exists.]
03-25 09:34:19.069 E/DisplayDeviceConfig( 1504): requesting nits when no mapping exists.
03-25 09:34:19.069 E/DisplayDeviceConfig( 1504): requesting nits when no mapping exists.
03-25 09:34:19.069 I/am_wtf ( 1504): [0,1504,system_server,-1,DisplayDeviceConfig,requesting nits when no mapping exists.]
03-25 09:34:19.069 I/am_wtf ( 1504): [0,1504,system_server,-1,DisplayDeviceConfig,requesting nits when no mapping exists.]
03-25 09:34:19.086 E/DisplayDeviceConfig( 1504): requesting nits when no mapping exists.
03-25 09:34:19.086 I/am_wtf ( 1504): [0,1504,system_server,-1,DisplayDeviceConfig,requesting nits when no mapping exists.]
03-25 09:34:19.086 E/DisplayDeviceConfig( 1504): requesting nits when no mapping exists.
03-25 09:34:19.086 I/am_wtf ( 1504): [0,1504,system_server,-1,DisplayDeviceConfig,requesting nits when no mapping exists.]
03-25 09:34:19.103 E/DisplayDeviceConfig( 1504): requesting nits when no mapping exists.
03-25 09:34:19.103 E/DisplayDeviceConfig( 1504): requesting nits when no mapping exists.
03-25 09:34:19.103 I/am_wtf ( 1504): [0,1504,system_server,-1,DisplayDeviceConfig,requesting nits when no mapping exists.]
03-25 09:34:19.103 I/am_wtf ( 1504): [0,1504,system_server,-1,DisplayDeviceConfig,requesting nits when no mapping exists.]
03-25 09:34:19.119 E/DisplayDeviceConfig( 1504): requesting nits when no mapping exists.
03-25 09:34:19.119 E/DisplayDeviceConfig( 1504): requesting nits when no mapping exists.
03-25 09:34:19.119 I/am_wtf ( 1504): [0,1504,system_server,-1,DisplayDeviceConfig,requesting nits when no mapping exists.]
03-25 09:34:19.119 I/am_wtf ( 1504): [0,1504,system_server,-1,DisplayDeviceConfig,requesting nits when no mapping exists.]
03-25 09:34:19.136 E/DisplayDeviceConfig( 1504): requesting nits when no mapping exists.
03-25 09:34:19.136 E/DisplayDeviceConfig( 1504): requesting nits when no mapping exists.
03-25 09:34:19.136 I/am_wtf ( 1504): [0,1504,system_server,-1,DisplayDeviceConfig,requesting nits when no mapping exists.]
03-25 09:34:19.136 I/am_wtf ( 1504): [0,1504,system_server,-1,DisplayDeviceConfig,requesting nits when no mapping exists.]
03-25 09:34:19.153 E/DisplayDeviceConfig( 1504): requesting nits when no mapping exists.
03-25 09:34:19.153 E/DisplayDeviceConfig( 1504): requesting nits when no mapping exists.
03-25 09:34:19.153 I/am_wtf ( 1504): [0,1504,system_server,-1,DisplayDeviceConfig,requesting nits when no mapping exists.]
03-25 09:34:19.153 I/am_wtf ( 1504): [0,1504,system_server,-1,DisplayDeviceConfig,requesting nits when no mapping exists.]
03-25 09:34:19.169 E/DisplayDeviceConfig( 1504): requesting nits when no mapping exists.
