03-25 09:20:21.222 I/ActivityManagerTiming( 1504): OnBootPhase_1000_com.android.server.content.ContentService$Lifecycle
03-25 09:20:21.222 I/ActivityManagerTiming( 1504): OnBootPhase_1000_com.android.server.DropBoxManagerService
03-25 09:20:21.222 I/ActivityManagerTiming( 1504): OnBootPhase_1000_com.android.role.RoleService
03-25 09:20:21.222 I/ActivityManagerTiming( 1504): OnBootPhase_1000_com.android.server.vibrator.VibratorManagerService$Lifecycle
03-25 09:20:21.222 I/ActivityManagerTiming( 1504): OnBootPhase_1000_com.android.server.alarm.AlarmManagerService
03-25 09:20:21.222 I/ActivityManagerTiming( 1504): OnBootPhase_1000_com.android.server.devicestate.DeviceStateManagerService
03-25 09:20:21.222 I/ActivityManagerTiming( 1504): OnBootPhase_1000_com.android.server.camera.CameraServiceProxy
03-25 09:20:21.223 I/ActivityManagerTiming( 1504): OnBootPhase_1000_com.android.server.BluetoothService
03-25 09:20:21.223 I/ActivityManagerTiming( 1504): OnBootPhase_1000_com.android.server.connectivity.IpConnectivityMetrics
03-25 09:20:21.223 I/ActivityManagerTiming( 1504): OnBootPhase_1000_com.android.server.net.watchlist.NetworkWatchlistService$Lifecycle
03-25 09:20:21.223 I/ActivityManagerTiming( 1504): OnBootPhase_1000_com.android.server.PinnerService
03-25 09:20:21.223 I/ActivityManagerTiming( 1504): OnBootPhase_1000_com.google.android.startop.iorap.IorapForwardingService
03-25 09:20:21.223 I/ActivityManagerTiming( 1504): OnBootPhase_1000_com.android.server.ActivityTriggerService
03-25 09:20:21.223 I/ActivityManagerTiming( 1504): OnBootPhase_1000_com.android.server.integrity.AppIntegrityManagerService
03-25 09:20:21.223 I/ActivityManagerTiming( 1504): OnBootPhase_1000_com.android.server.inputmethod.InputMethodManagerService$Lifecycle
03-25 09:20:21.223 I/ActivityManagerTiming( 1504): OnBootPhase_1000_com.android.server.accessibility.AccessibilityManagerService$Lifecycle
03-25 09:20:21.223 I/ActivityManagerTiming( 1504): OnBootPhase_1000_com.android.server.StorageManagerService$Lifecycle
03-25 09:20:21.223 I/ActivityManagerTiming( 1504): OnBootPhase_1000_com.android.server.usage.StorageStatsService$Lifecycle
03-25 09:20:21.223 I/ActivityManagerTiming( 1504): OnBootPhase_1000_com.android.server.UiModeManagerService
03-25 09:20:21.223 I/ActivityManagerTiming( 1504): OnBootPhase_1000_com.android.server.locksettings.LockSettingsService$Lifecycle
03-25 09:20:21.223 D/StorageManagerService( 1504): Thinking about init, mBootCompleted=true, mDaemonConnected=true
03-25 09:20:21.223 D/StorageManagerService( 1504): Thinking about reset, mBootCompleted=true, mDaemonConnected=true
03-25 09:20:21.224 I/StorageSessionController( 1504): Started resetting external storage service...
03-25 09:20:21.224 I/StorageSessionController( 1504): Finished resetting external storage service
03-25 09:20:21.224 I/StorageManagerService( 1504): Resetting vold...
03-25 09:20:21.224 I/StorageManagerService( 1504): Reset vold
03-25 09:20:21.224 I/vold ( 522): onUserAdded: 0
03-25 09:20:21.224 I/ActivityManagerTiming( 1504): OnBootPhase_1000_com.android.server.PersistentDataBlockService
03-25 09:20:21.224 I/ActivityManagerTiming( 1504): OnBootPhase_1000_com.android.server.testharness.TestHarnessModeService
03-25 09:20:21.225 D/TestHarnessModeService( 1504): Completing Test Harness Mode setup.
03-25 09:20:21.232 I/ActivityManagerTiming( 1504): OnBootPhase_1000_com.android.server.oemlock.OemLockService
03-25 09:20:21.232 I/ActivityManagerTiming( 1504): OnBootPhase_1000_com.android.server.DeviceIdleController
03-25 09:20:21.232 I/ActivityManagerTiming( 1504): OnBootPhase_1000_com.android.server.devicepolicy.DevicePolicyManagerService$Lifecycle
03-25 09:20:21.232 I/ActivityManagerTiming( 1504): OnBootPhase_1000_com.android.server.texttospeech.TextToSpeechManagerService
03-25 09:20:21.232 I/ActivityManagerTiming( 1504): OnBootPhase_1000_com.android.server.speech.SpeechRecognitionManagerService
03-25 09:20:21.232 I/ActivityManagerTiming( 1504): OnBootPhase_1000_com.android.server.searchui.SearchUiManagerService
03-25 09:20:21.232 I/ActivityManagerTiming( 1504): OnBootPhase_1000_com.android.server.smartspace.SmartspaceManagerService
03-25 09:20:21.232 I/ActivityManagerTiming( 1504): OnBootPhase_1000_com.android.server.graphics.fonts.FontManagerService$Lifecycle
03-25 09:20:21.232 I/ActivityManagerTiming( 1504): OnBootPhase_1000_com.android.server.textservices.TextServicesManagerService$Lifecycle
03-25 09:20:21.232 I/ActivityManagerTiming( 1504): OnBootPhase_1000_com.android.server.textclassifier.TextClassificationManagerService$Lifecycle
03-25 09:20:21.232 I/ActivityManagerTiming( 1504): OnBootPhase_1000_com.android.server.NetworkScoreService$Lifecycle
03-25 09:20:21.232 I/ActivityManagerTiming( 1504): OnBootPhase_1000_com.android.server.wifi.WifiService
03-25 09:20:21.232 I/ActivityManagerTiming( 1504): OnBootPhase_1000_com.android.server.wifi.scanner.WifiScanningService
03-25 09:20:21.232 I/ActivityManagerTiming( 1504): OnBootPhase_1000_com.android.server.wifi.rtt.RttService
03-25 09:20:21.232 I/ActivityManagerTiming( 1504): OnBootPhase_1000_com.android.server.wifi.aware.WifiAwareService
03-25 09:20:21.233 I/ActivityManagerTiming( 1504): OnBootPhase_1000_com.android.server.wifi.p2p.WifiP2pService
03-25 09:20:21.233 I/ActivityManagerTiming( 1504): OnBootPhase_1000_com.android.server.ethernet.EthernetService
03-25 09:20:21.233 I/ActivityManagerTiming( 1504): OnBootPhase_1000_com.android.server.ConnectivityServiceInitializer
03-25 09:20:21.233 I/ActivityManagerTiming( 1504): OnBootPhase_1000_com.android.server.notification.NotificationManagerService
03-25 09:20:21.233 I/ActivityManagerTiming( 1504): OnBootPhase_1000_com.android.server.storage.DeviceStorageMonitorService
03-25 09:20:21.233 I/ActivityManagerTiming( 1504): OnBootPhase_1000_com.android.server.location.LocationManagerService$Lifecycle
03-25 09:20:21.233 I/ActivityManagerTiming( 1504): OnBootPhase_1000_com.android.server.timedetector.TimeDetectorService$Lifecycle
03-25 09:20:21.233 I/ActivityManagerTiming( 1504): OnBootPhase_1000_com.android.server.timezonedetector.TimeZoneDetectorService$Lifecycle
03-25 09:20:21.233 I/ActivityManagerTiming( 1504): OnBootPhase_1000_com.android.server.timezonedetector.location.LocationTimeZoneManagerService$Lifecycle
03-25 09:20:21.233 I/ActivityManagerTiming( 1504): OnBootPhase_1000_com.android.server.search.SearchManagerService$Lifecycle
03-25 09:20:21.233 I/ActivityManagerTiming( 1504): OnBootPhase_1000_com.android.server.wallpaper.WallpaperManagerService$Lifecycle
03-25 09:20:21.233 I/ActivityManagerTiming( 1504): OnBootPhase_1000_com.android.server.audio.AudioService$Lifecycle
03-25 09:20:21.233 I/ActivityManagerTiming( 1504): OnBootPhase_1000_com.android.server.soundtrigger_middleware.SoundTriggerMiddlewareService$Lifecycle
03-25 09:20:21.233 I/ActivityManagerTiming( 1504): OnBootPhase_1000_com.android.server.DockObserver
03-25 09:20:21.233 I/ActivityManagerTiming( 1504): OnBootPhase_1000_com.android.server.midi.MidiService$Lifecycle
03-25 09:20:21.233 I/ActivityManagerTiming( 1504): OnBootPhase_1000_com.android.server.adb.AdbService$Lifecycle
03-25 09:20:21.233 I/ActivityManagerTiming( 1504): OnBootPhase_1000_com.android.server.usb.UsbService$Lifecycle
03-25 09:20:21.233 I/ActivityManagerTiming( 1504): OnBootPhase_1000_com.android.server.twilight.TwilightService
03-25 09:20:21.233 I/UsbDeviceManager( 1504): Setting USB config to mtp
03-25 09:20:21.234 I/ActivityManagerTiming( 1504): OnBootPhase_1000_com.android.server.display.color.ColorDisplayService
01-03 09:54:55.204 I/[wifi@1][0x1cbc1461][01:20:21.237933] wlan( 0): [837:I:DP] dp_vdev_attach_wifi3: wlan_cfg_ap_bridge_enabled 1
03-25 09:20:21.234 I/ActivityManagerTiming( 1504): OnBootPhase_1000_com.android.server.job.JobSchedulerService
03-25 09:20:21.234 I/ActivityManagerTiming( 1504): OnBootPhase_1000_com.android.server.soundtrigger.SoundTriggerService
03-25 09:20:21.234 D/SoundTriggerService( 1504): onBootPhase: 1000 : false
03-25 09:20:21.234 I/ActivityManagerTiming( 1504): OnBootPhase_1000_com.android.server.trust.TrustManagerService
03-25 09:20:21.240 I/ActivityManagerTiming( 1504): OnBootPhase_1000_com.android.server.backup.BackupManagerService$Lifecycle
03-25 09:20:21.240 I/ActivityManagerTiming( 1504): OnBootPhase_1000_com.android.server.appwidget.AppWidgetService
03-25 09:20:21.240 I/ActivityManagerTiming( 1504): OnBootPhase_1000_com.android.server.voiceinteraction.VoiceInteractionManagerService
03-25 09:20:21.240 I/ActivityManagerTiming( 1504): OnBootPhase_1000_com.android.server.apphibernation.AppHibernationService
03-25 09:20:21.240 I/ActivityManagerTiming( 1504): OnBootPhase_1000_com.android.server.SensorNotificationService
01-03 09:54:55.204 E/[wifi@1][0x1cbc1ba1][01:20:21.238029] wlan( 0): [837:E:PMO] pmo_register_wow_wakeup_events: 88: Skipping wake event configuration for vdev_opmode 16
01-03 09:54:55.204 E/[wifi@1][0x1cbc1f53][01:20:21.238079] wlan( 0): [837:E:SME] sme_get_nss_chain_shift: 4045: Device mode 16 invalid
01-03 09:54:55.204 E/[wifi@1][0x1cbc1f94][01:20:21.238082] wlan( 0): [837:E:SME] sme_get_nss_chain_shift: 4045: Device mode 16 invalid
01-03 09:54:55.204 I/IPv6 ( 0): ADDRCONF(NETDEV_UP): wifi-aware0: link is not ready
03-25 09:20:21.242 I/HibernationStateDiskStore( 1504): No hibernation file on disk for file /data/system/hibernation/states
03-25 09:20:21.243 D/CompatibilityChangeReporter( 1504): Compat change id reported: 168936375; UID 1000; state: ENABLED
03-25 09:20:21.243 D/CompatibilityChangeReporter( 1504): Compat change id reported: 168936375; UID 1000; state: DISABLED
03-25 09:20:21.248 D/CompatibilityChangeReporter( 1504): Compat change id reported: 73144566; UID 1000; state: ENABLED
03-25 09:20:21.249 D/CompatibilityChangeReporter( 1504): Compat change id reported: 73144566; UID 1000; state: DISABLED
03-25 09:20:21.249 I/ActivityManagerTiming( 1504): OnBootPhase_1000_com.android.server.emergency.EmergencyAffordanceService
03-25 09:20:21.249 I/ActivityManagerTiming( 1504): OnBootPhase_1000_com.android.server.blob.BlobStoreManagerService
03-25 09:20:21.249 I/ActivityManagerTiming( 1504): OnBootPhase_1000_com.android.server.dreams.DreamManagerService
03-25 09:20:21.249 I/ActivityManagerTiming( 1504): OnBootPhase_1000_com.android.server.companion.CompanionDeviceManagerService
03-25 09:20:21.249 I/ActivityManagerTiming( 1504): OnBootPhase_1000_com.android.server.restrictions.RestrictionsManagerService
03-25 09:20:21.249 I/ActivityManagerTiming( 1504): OnBootPhase_1000_com.android.server.media.MediaSessionService
03-25 09:20:21.251 I/ActivityManagerTiming( 1504): OnBootPhase_1000_com.android.server.media.MediaResourceMonitorService
03-25 09:20:21.251 I/ActivityManagerTiming( 1504): OnBootPhase_1000_com.android.server.biometrics.sensors.fingerprint.FingerprintService
03-25 09:20:21.251 I/ActivityManagerTiming( 1504): OnBootPhase_1000_com.android.server.biometrics.BiometricService
03-25 09:20:21.251 I/ActivityManagerTiming( 1504): OnBootPhase_1000_com.android.server.biometrics.AuthService
03-25 09:20:21.251 I/ActivityManagerTiming( 1504): OnBootPhase_1000_com.android.server.pm.ShortcutService$Lifecycle
03-25 09:20:21.251 I/ActivityManagerTiming( 1504): OnBootPhase_1000_com.android.server.pm.LauncherAppsService
03-25 09:20:21.251 I/ActivityManagerTiming( 1504): OnBootPhase_1000_com.android.server.pm.CrossProfileAppsService
03-25 09:20:21.251 I/ActivityManagerTiming( 1504): OnBootPhase_1000_com.android.server.people.PeopleService
03-25 09:20:21.251 I/ActivityManagerTiming( 1504): OnBootPhase_1000_com.android.server.media.metrics.MediaMetricsManagerService
03-25 09:20:21.251 I/ActivityManagerTiming( 1504): OnBootPhase_1000_com.android.server.media.projection.MediaProjectionManagerService
03-25 09:20:21.251 I/ActivityManagerTiming( 1504): OnBootPhase_1000_com.android.server.slice.SliceManagerService$Lifecycle
03-25 09:20:21.251 I/ActivityManagerTiming( 1504): OnBootPhase_1000_com.android.server.stats.StatsCompanion$Lifecycle
03-25 09:20:21.251 I/ActivityManagerTiming( 1504): OnBootPhase_1000_com.android.server.scheduling.RebootReadinessManagerService$Lifecycle
03-25 09:20:21.251 I/ActivityManagerTiming( 1504): OnBootPhase_1000_com.android.server.stats.pull.StatsPullAtomService
03-25 09:20:21.251 I/ActivityManagerTiming( 1504): OnBootPhase_1000_com.android.server.incident.IncidentCompanionService
03-25 09:20:21.251 I/ActivityManagerTiming( 1504): OnBootPhase_1000_com.android.server.MmsServiceBroker
03-25 09:20:21.251 I/ActivityManagerTiming( 1504): OnBootPhase_1000_com.android.server.autofill.AutofillManagerService
03-25 09:20:21.251 I/ActivityManagerTiming( 1504): OnBootPhase_1000_com.android.server.clipboard.ClipboardService
03-25 09:20:21.251 I/ActivityManagerTiming( 1504): OnBootPhase_1000_com.android.server.appbinding.AppBindingService$Lifecycle
03-25 09:20:21.251 I/ActivityManagerTiming( 1504): OnBootPhase_1000_com.android.server.tracing.TracingServiceProxy
03-25 09:20:21.251 I/ActivityManagerTiming( 1504): OnBootPhase_1000_com.android.server.policy.PermissionPolicyService
03-25 09:20:21.251 I/ActivityManagerTiming( 1504): OnBootPhase_1000_com.android.server.pm.StagingManager$Lifecycle
03-25 09:20:21.251 I/ActivityManagerTiming( 1504): OnBootPhase_1000_com.android.server.app.GameManagerService$Lifecycle
03-25 09:20:21.251 D/GameManagerService( 1504): onBootCompleted
03-25 09:20:21.251 I/ActivityManagerTiming( 1504): OnBootPhase_1000_com.android.server.appsearch.AppSearchManagerService
03-25 09:20:21.253 I/ActivityManagerTiming( 1504): OnBootPhase_1000_com.android.server.media.MediaCommunicationService
03-25 09:20:21.253 D/ActivityManagerTiming( 1504): TotalBootTime took to complete: 10148ms
03-25 09:20:21.253 D/SystemServerInitThreadPool( 1504): Shutdown requested
03-25 09:20:21.253 I/SystemServerTiming( 1504): WaitInitThreadPoolShutdown
03-25 09:20:21.254 D/SystemServerInitThreadPool( 1504): Shutdown successful
03-25 09:20:21.254 D/CompatibilityChangeReporter( 1504): Compat change id reported: 135634846; UID 10092; state: DISABLED
03-25 09:20:21.254 D/CompatibilityChangeReporter( 1504): Compat change id reported: 177438394; UID 10092; state: DISABLED
03-25 09:20:21.254 D/CompatibilityChangeReporter( 1504): Compat change id reported: 135772972; UID 10092; state: DISABLED
03-25 09:20:21.254 D/CompatibilityChangeReporter( 1504): Compat change id reported: 135754954; UID 10092; state: ENABLED
03-25 09:20:21.254 D/CompatibilityChangeReporter( 1504): Compat change id reported: 143937733; UID 10092; state: ENABLED
03-25 09:20:21.254 W/ActivityManager( 1504): android.ext.services inode == 0 (b/152760674)
03-25 09:20:21.255 I/uc_finish_user_boot( 1504): 0
03-25 09:20:21.256 I/ActivityManager( 1504): User 0 state changed from BOOTING to RUNNING_LOCKED
03-25 09:20:21.256 I/am_user_state_changed( 1504): [0,1]
03-25 09:20:21.256 W/ActivityManager( 1504): UserLifecycleEvent 4 received without an active userJourneySession.
03-25 09:20:21.257 I/uc_send_user_broadcast( 1504): [0,android.intent.action.LOCKED_BOOT_COMPLETED]
03-25 09:20:21.257 I/uc_finish_user_unlocking( 1504): 0
03-25 09:20:21.257 W/ActivityManager( 1504): UserLifecycleEvent 5 received without an active userJourneySession.
03-25 09:20:21.257 D/ActivityManager( 1504): Started unlocking user 0
03-25 09:20:21.258 D/ActivityManager( 1504): Unlocking user 0 progress 0
03-25 09:20:21.258 D/ActivityManager( 1504): Unlocking user 0 progress 5
03-25 09:20:21.263 D/CompatibilityChangeReporter( 1504): Compat change id reported: 168419799; UID 10083; state: DISABLED
03-25 09:20:21.265 I/am_proc_start( 1504): [0,3071,10092,android.ext.services,on-hold,]
03-25 09:20:21.265 I/ActivityManager( 1504): Start proc 3071:android.ext.services/u0a92 for on-hold
03-25 09:20:21.267 I/am_uid_running( 1504): 10069
03-25 09:20:21.268 D/CompatibilityChangeReporter( 1504): Compat change id reported: 135634846; UID 10069; state: DISABLED
03-25 09:20:21.268 D/CompatibilityChangeReporter( 1504): Compat change id reported: 177438394; UID 10069; state: DISABLED
03-25 09:20:21.268 D/CompatibilityChangeReporter( 1504): Compat change id reported: 135772972; UID 10069; state: DISABLED
03-25 09:20:21.268 D/CompatibilityChangeReporter( 1504): Compat change id reported: 135754954; UID 10069; state: ENABLED
03-25 09:20:21.268 D/CompatibilityChangeReporter( 1504): Compat change id reported: 143937733; UID 10069; state: ENABLED
03-25 09:20:21.268 W/ActivityManager( 1504): com.qualcomm.location inode == 0 (b/152760674)
03-25 09:20:21.274 I/am_proc_start( 1504): [0,3073,10069,com.qualcomm.location,broadcast,{com.qualcomm.location/com.qualcomm.location.LocationServiceReceiver}]
03-25 09:20:21.274 I/ActivityManager( 1504): Start proc 3073:com.qualcomm.location/u0a69 for broadcast {com.qualcomm.location/com.qualcomm.location.LocationServiceReceiver}
03-25 09:20:21.288 D/vold ( 522): fscrypt_prepare_user_storage for volume null, user 0, serial 0, flags 2
03-25 09:20:21.289 D/vold ( 522): Preparing: /data/system_ce/0
03-25 09:20:21.290 D/vold ( 522): Preparing: /data/misc_ce/0
03-25 09:20:21.290 D/vold ( 522): Preparing: /data/vendor_ce/0
03-25 09:20:21.290 D/vold ( 522): Preparing: /data/media/0
03-25 09:20:21.290 D/vold ( 522): Preparing: /data/data
03-25 09:20:21.290 I/vold ( 522): Encryption policy of /data/system_ce/0 set to 4588f67d7925f95d0b8758d74eff39d3 v2 modes 1/4 flags 0xa
03-25 09:20:21.290 I/vold ( 522): Encryption policy of /data/misc_ce/0 set to 4588f67d7925f95d0b8758d74eff39d3 v2 modes 1/4 flags 0xa
03-25 09:20:21.290 I/vold ( 522): Encryption policy of /data/vendor_ce/0 set to 4588f67d7925f95d0b8758d74eff39d3 v2 modes 1/4 flags 0xa
03-25 09:20:21.290 I/vold ( 522): Encryption policy of /data/media/0 set to 4588f67d7925f95d0b8758d74eff39d3 v2 modes 1/4 flags 0xa
03-25 09:20:21.290 I/vold ( 522): Encryption policy of /data/data set to 4588f67d7925f95d0b8758d74eff39d3 v2 modes 1/4 flags 0xa
03-25 09:20:21.290 D/vold ( 522): Starting restorecon of /data/system_ce/0
01-03 09:54:55.259 I/binder ( 0): 3073:3073 ioctl 40046210 7fd5c529e4 returned -22
03-25 09:20:21.296 I/am_proc_bound( 1504): [0,3073,com.qualcomm.location]
03-25 09:20:21.296 D/CompatibilityChangeReporter( 1504): Compat change id reported: 168419799; UID 10069; state: DISABLED
01-03 09:54:55.262 I/binder ( 0): 3071:3071 ioctl 40046210 7fd5c529e4 returned -22
03-25 09:20:21.298 I/am_uid_active( 1504): 10069
03-25 09:20:21.299 I/am_proc_bound( 1504): [0,3071,android.ext.services]
03-25 09:20:21.300 D/vold ( 522): Finished restorecon of /data/system_ce/0
03-25 09:20:21.300 D/vold ( 522): Starting restorecon of /data/vendor_ce/0
03-25 09:20:21.301 D/CompatibilityChangeReporter( 1504): Compat change id reported: 168419799; UID 10092; state: DISABLED
03-25 09:20:21.301 I/am_uid_active( 1504): 10092
01-03 09:54:55.272 I/android_work( 0): did not send uevent (0 0 0000000000000000)
03-25 09:20:21.307 D/vold ( 522): Finished restorecon of /data/vendor_ce/0
03-25 09:20:21.307 D/vold ( 522): Starting restorecon of /data/misc_ce/0
01-03 09:54:55.291 W/QSEECOM ( 0): qseecom_load_app: App with id 8 (fingerpr) now loaded
03-25 09:20:21.325 D/vold ( 522): Finished restorecon of /data/misc_ce/0
03-25 09:20:21.325 D/vold ( 522): /system/bin/vold_prepare_subdirs
03-25 09:20:21.325 D/vold ( 522): prepare
03-25 09:20:21.325 D/vold ( 522):
03-25 09:20:21.325 D/vold ( 522): 0
03-25 09:20:21.325 D/vold ( 522): 2
01-03 09:54:55.298 W/ ( 0): Boot completed
01-03 09:54:55.301 I/[schedu][0x1cd88d10][01:20:21.335115] wlan( 0): [2145:I:HIF] Deinitializing Runtime PM wakelock &vdev->vdev_set_key_runtime_wakelock
01-03 09:54:55.302 I/[schedu][0x1cd8a33f][01:20:21.335411] wlan( 0): [2145:I:HIF] Initializing Runtime PM wakelock &vdev->vdev_set_key_runtime_wakelock
03-25 09:20:21.341 F/libc ( 3112): Fatal signal 6 (SIGABRT), code -1 (SI_QUEUE) in tid 3112 (init), pid 3112 (init)
01-03 09:54:55.324 I/init ( 0): qssi copy & sync /metadata/vold/metadata_encryption/key/encrypted_key to /persist/key/encrypted_key_bak: No such file or directory
03-25 09:20:21.361 V/UserDataPreparer( 1504): Found /data/user/0 with serial number 0
03-25 09:20:21.361 V/UserDataPreparer( 1504): Found /data/system_ce/0 with serial number -1
03-25 09:20:21.361 D/UserDataPreparer( 1504): Serial number missing on /data/system_ce/0; assuming current is valid
03-25 09:20:21.361 D/UserDataPreparer( 1504): Setting property: sys.user.0.ce_available=true
03-25 09:20:21.362 V/PackageManager( 1504): reconcileAppsData for null u0 0x2 migrateAppData=true
01-03 09:54:55.331 I/binder ( 0): 3073:3120 ioctl 40046210 7879b16934 returned -22
01-03 09:54:55.335 I/init ( 0): qssi copy & sync /metadata/vold/metadata_encryption/key/keymaster_key_blob to /persist/key/keymaster_key_blob_bak: No such file or directory
01-03 09:54:55.336 I/ ( 0): read descriptors
01-03 09:54:55.336 I/ ( 0): read strings
03-25 09:20:21.367 I/auditd ( 3127): type=1400 audit(0.0:455): avc: denied { ptrace } for comm="crash_dump64" scontext=u:r:crash_dump:s0 tcontext=u:r:init:s0 tclass=process permissive=0
03-25 09:20:21.374 F/libc ( 3112): crash_dump helper failed to exec, or was killed
03-25 09:20:21.377 D/TelephonyRegistry( 1504): listen oscl: mHasNotifySubscriptionInfoChangedOccurred==false no callback
03-25 09:20:21.390 W/ContextImpl( 2807): Calling a method in the system process without a qualified user: android.app.ContextImpl.startService:1816 android.content.ContextWrapper.startService:774 android.content.ContextWrapper.startService:774 com.qualcomm.qti.qdma.app.BootReceiver.onBootReceived:115 com.qualcomm.qti.innodme.InnoBootReceiver.onReceive:22
01-03 09:54:55.361 I/init ( 0): qssi copy & sync /metadata/vold/metadata_encryption/key/secdiscardable to /persist/key/secdiscardable_bak: No such file or directory
03-25 09:20:21.396 W/ContextImpl( 2807): Calling a method in the system process without a qualified user: android.app.ContextImpl.startService:1816 android.content.ContextWrapper.startService:774 com.qualcomm.qti.qdma.util.PeriodicCI.run:477 com.qualcomm.qti.qdma.util.PeriodicCI.start:390 com.qualcomm.qti.qdma.app.ActiveCareService$ProcessSessionRequest.run:457
03-25 09:20:21.397 I/am_uid_running( 1504): 10085
03-25 09:20:21.398 D/CompatibilityChangeReporter( 1504): Compat change id reported: 135634846; UID 10085; state: DISABLED
03-25 09:20:21.398 D/CompatibilityChangeReporter( 1504): Compat change id reported: 177438394; UID 10085; state: DISABLED
03-25 09:20:21.398 D/CompatibilityChangeReporter( 1504): Compat change id reported: 135772972; UID 10085; state: DISABLED
03-25 09:20:21.398 D/CompatibilityChangeReporter( 1504): Compat change id reported: 135754954; UID 10085; state: ENABLED
03-25 09:20:21.398 D/CompatibilityChangeReporter( 1504): Compat change id reported: 143937733; UID 10085; state: ENABLED
03-25 09:20:21.398 W/ActivityManager( 1504): com.qualcomm.qtil.aptxui inode == 0 (b/152760674)
03-25 09:20:21.401 D/CompatibilityChangeReporter( 1504): Compat change id reported: 182478738; UID 1001; state: DISABLED
03-25 09:20:21.408 I/am_proc_start( 1504): [0,3144,10085,com.qualcomm.qtil.aptxui,broadcast,{com.qualcomm.qtil.aptxui/com.qualcomm.qtil.aptxui.aptxuiBootReceiver}]
03-25 09:20:21.408 I/ActivityManager( 1504): Start proc 3144:com.qualcomm.qtil.aptxui/u0a85 for broadcast {com.qualcomm.qtil.aptxui/com.qualcomm.qtil.aptxui.aptxuiBootReceiver}
01-03 09:54:55.384 E/msm-dwc3 a600000.ssusb( 0): Could not get usb psy
01-03 09:54:55.395 I/binder ( 0): 3144:3144 ioctl 40046210 7fd5c529e4 returned -22
03-25 09:20:21.431 I/am_proc_bound( 1504): [0,3144,com.qualcomm.qtil.aptxui]
03-25 09:20:21.431 D/CompatibilityChangeReporter( 1504): Compat change id reported: 168419799; UID 10085; state: DISABLED
03-25 09:20:21.434 I/am_uid_active( 1504): 10085
01-03 09:54:55.415 I/init ( 0): qssi copy & sync /metadata/vold/metadata_encryption/key/stretching to /persist/key/stretching_bak: No such file or directory
03-25 09:20:21.449 I/commit_sys_config_file( 1504): [settings-0-0,32]
03-25 09:20:21.455 I/commit_sys_config_file( 1504): [settings-2-0,7]
01-03 09:54:55.428 I/init ( 0): qssi copy & sync /metadata/vold/metadata_encryption/key/version to /persist/key/version_bak: No such file or directory
03-25 09:20:21.469 D/CompatibilityChangeReporter( 1504): Compat change id reported: 168419799; UID 10052; state: DISABLED
03-25 09:20:21.472 D/CompatibilityChangeReporter( 1504): Compat change id reported: 168419799; UID 1000; state: DISABLED
03-25 09:20:21.474 W/ContextImpl( 2661): Calling a method in the system process without a qualified user: android.app.ContextImpl.startService:1816 android.content.ContextWrapper.startService:774 android.content.ContextWrapper.startService:774 vendor.qti.qesdk.sysservice.QesdkSysReceiver.onReceive:42 android.app.ActivityThread.handleReceiver:4309
01-03 09:54:55.439 I/binder ( 0): 2609:2609 ioctl 40046210 7fd5c52374 returned -22
01-03 09:54:55.442 W/QSEECOM ( 0): __qseecom_unload_app: App (8) is unloaded
01-03 09:54:55.443 D/qbt ( 0): qbt_release: entry minor_no=0 fd_available=0
01-03 09:54:55.443 D/qbt ( 0): qbt_release: Releasing wakelock
01-03 09:54:55.443 D/qbt ( 0): qbt_release: exit : fd_available=1
01-03 09:54:55.443 D/qbt ( 0): qbt_release: entry minor_no=1 fd_available=1
01-03 09:54:55.443 D/qbt ( 0): qbt_release: exit : fd_available=1
03-25 09:20:21.477 W/Looper ( 1504): Slow dispatch took 289ms main h=android.os.Handler c=com.android.server.biometrics.sensors.BiometricScheduler$InternalCallback$$ExternalSyntheticLambda0@bad6a1f m=0
03-25 09:20:21.477 I/AutofillManagerService( 1504): Updating for user 0: disabled=false
03-25 09:20:21.488 D/TelephonyRegistry( 1504): notifyCellLocationForSubscriber: subId=2147483647 cellIdentity=null
03-25 09:20:21.498 I/Telecom ( 1504): WiredHeadsetManager: ACTION_HEADSET_PLUG event, plugged in: false, : WHC.oADA@AAQ
03-25 09:20:21.507 W/UsageStatsService( 1504): Failed to query usage stats for locked user 0
03-25 09:20:21.507 V/NotificationAssistants( 1504): 0 notification assistant service connected: ComponentInfo{android.ext.services/android.ext.services.notification.Assistant}
03-25 09:20:21.508 I/ExplicitHealthCheckController( 1504): Explicit health check service is connected ComponentInfo{android.ext.services/android.ext.services.watchdog.ExplicitHealthCheckServiceImpl}
03-25 09:20:21.508 I/ExplicitHealthCheckController( 1504): Service initialized, syncing requests
03-25 09:20:21.509 D/BiometricScheduler/Fingerprint21( 1504): [Finishing] {[1] FingerprintUpdateActiveUserClient, proto=1, owner=android, cookie=0, requestId=-1, userId=0}, success: true
03-25 09:20:21.509 D/BiometricScheduler/Fingerprint21( 1504): [Polled] {[2] FingerprintInternalCleanupClient, proto=7, owner=android, cookie=0, requestId=-1, userId=0}, State: 0
03-25 09:20:21.509 D/BiometricScheduler/Fingerprint21( 1504): [Starting] {[2] FingerprintInternalCleanupClient, proto=7, owner=android, cookie=0, requestId=-1, userId=0}, State: 0
03-25 09:20:21.509 D/BiometricScheduler/Fingerprint21( 1504): [Started] {[2] FingerprintInternalCleanupClient, proto=7, owner=android, cookie=0, requestId=-1, userId=0}
03-25 09:20:21.510 D/Biometrics/InternalCleanupClient( 1504): Starting enumerate: {[3] FingerprintInternalEnumerateClient, proto=6, owner=android, cookie=0, requestId=-1, userId=0}
01-03 09:54:55.477 D/qbt ( 0): qbt_open: entry minor_no=0 fd_available=1
01-03 09:54:55.477 D/qbt ( 0): qbt_open: exit : 0 fd_available=0
01-03 09:54:55.477 D/qbt ( 0): qbt_open: entry minor_no=1 fd_available=0
01-03 09:54:55.477 D/qbt ( 0): qbt_open: exit : 0 fd_available=0
01-03 09:54:55.477 D/qbt ( 0): qbt_ioctl: cmd received 107
01-03 09:54:55.477 D/qbt ( 0): qbt_ioctl: Acquiring wakelock
01-03 09:54:55.480 E/msm-dwc3 a600000.ssusb( 0): Could not get usb psy
03-25 09:20:21.516 I/GameModeConfig( 1504): isGameModeOn = false
03-25 09:20:21.517 I/GameModeConfig( 1504): isGameModeOn = false
01-03 09:54:55.487 W/QSEECOM ( 0): qseecom_load_app: App (fingerpr) does'nt exist, loading apps for first time
03-25 09:20:21.523 I/PackageWatchdog( 1504): Syncing health check requests for packages: {}
03-25 09:20:21.523 D/ExplicitHealthCheckController( 1504): Getting health check supported packages
03-25 09:20:21.523 W/Looper ( 1504): Drained
03-25 09:20:21.524 I/ExplicitHealthCheckController( 1504): Explicit health check supported packages [PackageConfig{com.android.networkstack, 86400000}]
03-25 09:20:21.524 D/PackageWatchdog( 1504): Received supported packages [PackageConfig{com.android.networkstack, 86400000}]
03-25 09:20:21.524 D/ExplicitHealthCheckController( 1504): Getting health check requested packages
03-25 09:20:21.525 I/ExplicitHealthCheckController( 1504): Explicit health check requested packages []
03-25 09:20:21.525 I/ExplicitHealthCheckController( 1504): No more health check requests, unbinding...
03-25 09:20:21.525 I/ExplicitHealthCheckController( 1504): Explicit health check service is unbound
01-03 09:54:55.525 I/devfreq-qcom-fw 18590000.qcom,devfreq-l3( 0): qcom,cdsp-cdsp-l3-lat: Successfully started CDSP L3 governor
01-03 09:54:55.535 I/binder ( 0): 3194:3194 ioctl 40046210 7fdf5fe3b4 returned -22
01-03 09:54:55.567 I/android_work( 0): sent uevent USB_STATE=CONNECTED
01-03 09:54:55.587 E/msm-dwc3 a600000.ssusb( 0): Could not get usb psy
03-25 09:20:21.624 V/PackageManager( 1504): reconcileAppsData finished 135 packages
03-25 09:20:21.625 I/ActivityManager( 1504): User 0 state changed from RUNNING_LOCKED to RUNNING_UNLOCKING
03-25 09:20:21.625 I/am_user_state_changed( 1504): [0,2]
03-25 09:20:21.625 D/ActivityManager( 1504): Unlocking user 0 progress 20
03-25 09:20:21.626 I/ssm_user_unlocking( 1504): 0
03-25 09:20:21.626 I/SystemServerTimingAsync( 1504): ssm.UnlockingUser-0
03-25 09:20:21.626 W/Looper ( 1504): Slow dispatch took 338ms android.fg h=android.os.Handler c=com.android.server.am.UserController$$ExternalSyntheticLambda3@512d3f7 m=0
03-25 09:20:21.626 I/SystemServiceManager( 1504): Calling onUnlockingUser 0
03-25 09:20:21.626 W/Looper ( 1504): Slow delivery took 368ms android.fg h=android.os.Handler c=com.android.server.am.UserController$$ExternalSyntheticLambda1@c659ccd m=0
03-25 09:20:21.626 I/SystemServerTimingAsync( 1504): ssm.onUnlockingUser-0_com.android.server.security.FileIntegrityService
03-25 09:20:21.626 I/SystemServerTimingAsync( 1504): ssm.onUnlockingUser-0_com.android.server.pm.Installer
03-25 09:20:21.626 I/SystemServerTimingAsync( 1504): ssm.onUnlockingUser-0_com.android.server.os.DeviceIdentifiersPolicyService
03-25 09:20:21.626 I/SystemServerTimingAsync( 1504): ssm.onUnlockingUser-0_com.android.server.uri.UriGrantsManagerService$Lifecycle
03-25 09:20:21.626 I/SystemServerTimingAsync( 1504): ssm.onUnlockingUser-0_com.android.server.powerstats.PowerStatsService
03-25 09:20:21.626 I/SystemServerTimingAsync( 1504): ssm.onUnlockingUser-0_com.android.server.wm.ActivityTaskManagerService$Lifecycle
03-25 09:20:21.626 I/SystemServerTimingAsync( 1504): ssm.onUnlockingUser-0_com.android.server.am.ActivityManagerService$Lifecycle
03-25 09:20:21.626 I/SystemServerTimingAsync( 1504): ssm.onUnlockingUser-0_com.android.server.pm.DataLoaderManagerService
03-25 09:20:21.626 I/SystemServerTimingAsync( 1504): ssm.onUnlockingUser-0_com.android.server.power.PowerManagerService
03-25 09:20:21.626 I/SystemServerTimingAsync( 1504): ssm.onUnlockingUser-0_com.android.server.power.ThermalManagerService
03-25 09:20:21.626 I/SystemServerTimingAsync( 1504): ssm.onUnlockingUser-0_com.android.server.power.hint.HintManagerService
03-25 09:20:21.626 I/SystemServerTimingAsync( 1504): ssm.onUnlockingUser-0_com.android.server.recoverysystem.RecoverySystemService$Lifecycle
03-25 09:20:21.626 I/SystemServerTimingAsync( 1504): ssm.onUnlockingUser-0_com.android.server.lights.LightsService
03-25 09:20:21.626 I/SystemServerTimingAsync( 1504): ssm.onUnlockingUser-0_com.android.server.display.DisplayManagerService
03-25 09:20:21.626 I/SystemServerTimingAsync( 1504): ssm.onUnlockingUser-0_com.android.server.pm.verify.domain.DomainVerificationService
03-25 09:20:21.626 I/SystemServerTimingAsync( 1504): ssm.onUnlockingUser-0_com.android.server.pm.PackageInstallerService$Lifecycle
03-25 09:20:21.626 I/SystemServerTimingAsync( 1504): ssm.onUnlockingUser-0_com.android.server.pm.UserManagerService$LifeCycle
03-25 09:20:21.626 I/SystemServerTimingAsync( 1504): ssm.onUnlockingUser-0_com.android.server.om.OverlayManagerService
03-25 09:20:21.626 I/SystemServerTimingAsync( 1504): ssm.onUnlockingUser-0_com.android.server.SensorPrivacyService
03-25 09:20:21.626 I/SystemServerTimingAsync( 1504): ssm.onUnlockingUser-0_com.android.server.thunderperf.ThunderBoostPerfService
03-25 09:20:21.626 I/SystemServerTimingAsync( 1504): ssm.onUnlockingUser-0_com.android.server.sensors.SensorService
03-25 09:20:21.626 I/SystemServerTimingAsync( 1504): ssm.onUnlockingUser-0_com.android.server.SystemConfigService
03-25 09:20:21.626 I/SystemServerTimingAsync( 1504): ssm.onUnlockingUser-0_com.android.server.BatteryService
03-25 09:20:21.626 I/SystemServerTimingAsync( 1504): ssm.onUnlockingUser-0_com.android.server.usage.UsageStatsService
03-25 09:20:21.626 I/SystemServerTimingAsync( 1504): ssm.onUnlockingUser-0_com.android.server.webkit.WebViewUpdateService
03-25 09:20:21.626 I/SystemServerTimingAsync( 1504): ssm.onUnlockingUser-0_com.android.server.CachedDeviceStateService
03-25 09:20:21.626 I/SystemServerTimingAsync( 1504): ssm.onUnlockingUser-0_com.android.server.BinderCallsStatsService$LifeCycle
03-25 09:20:21.626 I/SystemServerTimingAsync( 1504): ssm.onUnlockingUser-0_com.android.server.LooperStatsService$Lifecycle
03-25 09:20:21.627 I/SystemServerTimingAsync( 1504): ssm.onUnlockingUser-0_com.android.server.rollback.RollbackManagerService
03-25 09:20:21.627 D/UsbDeviceManager( 1504): push notification:姝e湪閫氳繃 USB 涓烘璁惧鍏呯數
03-25 09:20:21.628 I/notification_enqueue( 1504): [1000,1504,android,32,NULL,-1,Notification(channel=USB shortcut=null contentView=null vibrate=null sound=null tick defaults=0x0 flags=0x2 color=0x00000000 vis=PUBLIC),0]
03-25 09:20:21.629 I/SystemServerTimingAsync( 1504): ssm.onUnlockingUser-0_com.android.server.os.NativeTombstoneManagerService
03-25 09:20:21.629 I/SystemServerTimingAsync( 1504): ssm.onUnlockingUser-0_com.android.server.os.BugreportManagerService
03-25 09:20:21.629 I/SystemServerTimingAsync( 1504): ssm.onUnlockingUser-0_com.android.server.gpu.GpuService
03-25 09:20:21.629 I/SystemServerTimingAsync( 1504): ssm.onUnlockingUser-0_com.android.server.security.KeyChainSystemService
03-25 09:20:21.629 I/SystemServerTimingAsync( 1504): ssm.onUnlockingUser-0_com.android.server.telecom.TelecomLoaderService
03-25 09:20:21.629 I/SystemServerTimingAsync( 1504): ssm.onUnlockingUser-0_com.android.server.accounts.AccountManagerService$Lifecycle
03-25 09:20:21.629 I/SystemServerTimingAsync( 1504): ssm.onUnlockingUser-0_com.android.server.content.ContentService$Lifecycle
03-25 09:20:21.629 I/SystemServerTimingAsync( 1504): ssm.onUnlockingUser-0_com.android.server.DropBoxManagerService
03-25 09:20:21.629 I/SystemServerTimingAsync( 1504): ssm.onUnlockingUser-0_com.android.role.RoleService
03-25 09:20:21.629 I/SystemServerTimingAsync( 1504): ssm.onUnlockingUser-0_com.android.server.vibrator.VibratorManagerService$Lifecycle
03-25 09:20:21.629 I/SystemServerTimingAsync( 1504): ssm.onUnlockingUser-0_com.android.server.alarm.AlarmManagerService
03-25 09:20:21.629 I/SystemServerTimingAsync( 1504): ssm.onUnlockingUser-0_com.android.server.devicestate.DeviceStateManagerService
03-25 09:20:21.629 I/SystemServerTimingAsync( 1504): ssm.onUnlockingUser-0_com.android.server.camera.CameraServiceProxy
03-25 09:20:21.629 I/SystemServerTimingAsync( 1504): ssm.onUnlockingUser-0_com.android.server.BluetoothService
03-25 09:20:21.629 D/BluetoothManagerService( 1504): User 0 unlocked
03-25 09:20:21.629 I/SystemServerTimingAsync( 1504): ssm.onUnlockingUser-0_com.android.server.connectivity.IpConnectivityMetrics
03-25 09:20:21.629 I/SystemServerTimingAsync( 1504): ssm.onUnlockingUser-0_com.android.server.net.watchlist.NetworkWatchlistService$Lifecycle
03-25 09:20:21.629 I/SystemServerTimingAsync( 1504): ssm.onUnlockingUser-0_com.android.server.PinnerService
03-25 09:20:21.629 I/SystemServerTimingAsync( 1504): ssm.onUnlockingUser-0_com.google.android.startop.iorap.IorapForwardingService
03-25 09:20:21.629 I/SystemServerTimingAsync( 1504): ssm.onUnlockingUser-0_com.android.server.ActivityTriggerService
03-25 09:20:21.629 I/SystemServerTimingAsync( 1504): ssm.onUnlockingUser-0_com.android.server.integrity.AppIntegrityManagerService
03-25 09:20:21.629 I/SystemServerTimingAsync( 1504): ssm.onUnlockingUser-0_com.android.server.inputmethod.InputMethodManagerService$Lifecycle
03-25 09:20:21.629 I/SystemServerTimingAsync( 1504): ssm.onUnlockingUser-0_com.android.server.accessibility.AccessibilityManagerService$Lifecycle
03-25 09:20:21.629 I/SystemServerTimingAsync( 1504): ssm.onUnlockingUser-0_com.android.server.StorageManagerService$Lifecycle
03-25 09:20:21.629 D/StorageManagerService( 1504): onUnlockUser 0
03-25 09:20:21.629 I/StorageSessionController( 1504): On user unlock 0
03-25 09:20:21.629 I/StorageSessionController( 1504): Initialialising...
03-25 09:20:21.629 D/BluetoothManagerService( 1504): MESSAGE_USER_UNLOCKED
03-25 09:20:21.629 I/vold ( 522): onUserStarted: 0
03-25 09:20:21.630 V/StorageManagerService( 1504): Found primary storage at VolumeInfo{emulated;0}:
03-25 09:20:21.630 V/StorageManagerService( 1504): type=EMULATED diskId=null partGuid= mountFlags=0 mountUserId=0
03-25 09:20:21.630 V/StorageManagerService( 1504): state=UNMOUNTED
03-25 09:20:21.630 V/StorageManagerService( 1504): fsType=null fsUuid=null fsLabel=null
03-25 09:20:21.630 V/StorageManagerService( 1504): path=null internalPath=null
03-25 09:20:21.630 I/StorageManagerService( 1504): Mounting volume VolumeInfo{emulated;0}:
03-25 09:20:21.630 I/StorageManagerService( 1504): type=EMULATED diskId=null partGuid= mountFlags=PRIMARY|VISIBLE
03-25 09:20:21.630 I/StorageManagerService( 1504): mountUserId=0 state=UNMOUNTED
03-25 09:20:21.630 I/StorageManagerService( 1504): fsType=null fsUuid=null fsLabel=null
03-25 09:20:21.630 I/StorageManagerService( 1504): path=null internalPath=null
03-25 09:20:21.630 I/vold ( 522): Executing sdcardfs
03-25 09:20:21.630 I/SystemServerTimingAsync( 1504): ssm.onUnlockingUser-0_com.android.server.usage.StorageStatsService$Lifecycle
03-25 09:20:21.630 I/SystemServerTimingAsync( 1504): ssm.onUnlockingUser-0_com.android.server.UiModeManagerService
03-25 09:20:21.630 I/SystemServerTimingAsync( 1504): ssm.onUnlockingUser-0_com.android.server.locksettings.LockSettingsService$Lifecycle
03-25 09:20:21.631 I/SystemServerTimingAsync( 1504): ssm.onUnlockingUser-0_com.android.server.PersistentDataBlockService
03-25 09:20:21.631 I/SystemServerTimingAsync( 1504): ssm.onUnlockingUser-0_com.android.server.testharness.TestHarnessModeService
03-25 09:20:21.631 I/SystemServerTimingAsync( 1504): ssm.onUnlockingUser-0_com.android.server.oemlock.OemLockService
03-25 09:20:21.631 I/SystemServerTimingAsync( 1504): ssm.onUnlockingUser-0_com.android.server.DeviceIdleController
03-25 09:20:21.631 I/SystemServerTimingAsync( 1504): ssm.onUnlockingUser-0_com.android.server.devicepolicy.DevicePolicyManagerService$Lifecycle
03-25 09:20:21.631 I/SystemServerTimingAsync( 1504): ssm.onUnlockingUser-0_com.android.server.texttospeech.TextToSpeechManagerService
03-25 09:20:21.631 D/vold ( 522): Waiting for sdcardfs to spin up...
03-25 09:20:21.631 I/SystemServerTimingAsync( 1504): ssm.onUnlockingUser-0_com.android.server.speech.SpeechRecognitionManagerService
03-25 09:20:21.631 I/SystemServerTimingAsync( 1504): ssm.onUnlockingUser-0_com.android.server.searchui.SearchUiManagerService
03-25 09:20:21.631 I/SystemServerTimingAsync( 1504): ssm.onUnlockingUser-0_com.android.server.smartspace.SmartspaceManagerService
03-25 09:20:21.631 I/SystemServerTimingAsync( 1504): ssm.onUnlockingUser-0_com.android.server.graphics.fonts.FontManagerService$Lifecycle
03-25 09:20:21.631 I/SystemServerTimingAsync( 1504): ssm.onUnlockingUser-0_com.android.server.textservices.TextServicesManagerService$Lifecycle
03-25 09:20:21.632 W/Looper ( 1504): Drained
01-03 09:54:55.605 I/ ( 0): sdcardfs version 2.0
01-03 09:54:55.605 I/sdcardfs( 0): dev_name -> /data/media
01-03 09:54:55.605 I/sdcardfs( 0): options -> fsuid=1023,fsgid=1023,multiuser,derive_gid,default_normal,unshared_obb,mask=6,userid=0,gid=1015
01-03 09:54:55.605 I/sdcardfs( 0): mnt -> 00000000547ab846
01-03 09:54:55.605 I/sdcardfs( 0): mounted on top of /data/media type f2fs
01-03 09:54:55.605 I/ ( 0): Remount options were mask=23,gid=9997 for vfsmnt 0000000024f9fa52.
01-03 09:54:55.605 I/sdcardfs( 0): options - debug:1
01-03 09:54:55.605 I/sdcardfs( 0): options - gid:9997
01-03 09:54:55.605 I/sdcardfs( 0): options - mask:23
01-03 09:54:55.605 I/ ( 0): Remount options were mask=7,gid=9997 for vfsmnt 000000005111c8ed.
01-03 09:54:55.605 I/sdcardfs( 0): options - debug:1
01-03 09:54:55.605 I/sdcardfs( 0): options - gid:9997
01-03 09:54:55.605 I/sdcardfs( 0): options - mask:7
01-03 09:54:55.605 I/ ( 0): Remount options were mask=7,gid=9997 for vfsmnt 00000000f03b0464.
01-03 09:54:55.605 I/sdcardfs( 0): options - debug:1
01-03 09:54:55.605 I/sdcardfs( 0): options - gid:9997
01-03 09:54:55.605 I/sdcardfs( 0): options - mask:7
03-25 09:20:21.638 I/SystemServerTimingAsync( 1504): ssm.onUnlockingUser-0_com.android.server.textclassifier.TextClassificationManagerService$Lifecycle
03-25 09:20:21.638 W/sdcard ( 3277): Device explicitly enabled sdcardfs
03-25 09:20:21.638 I/SystemServerTimingAsync( 1504): ssm.onUnlockingUser-0_com.android.server.NetworkScoreService$Lifecycle
01-03 09:54:55.606 W/QSEECOM ( 0): qseecom_load_app: App with id 9 (fingerpr) now loaded
03-25 09:20:21.638 I/SystemServerTimingAsync( 1504): ssm.onUnlockingUser-0_com.android.server.wifi.WifiService
03-25 09:20:21.639 I/SystemServerTimingAsync( 1504): ssm.onUnlockingUser-0_com.android.server.wifi.scanner.WifiScanningService
03-25 09:20:21.639 I/SystemServerTimingAsync( 1504): ssm.onUnlockingUser-0_com.android.server.wifi.rtt.RttService
03-25 09:20:21.639 I/SystemServerTimingAsync( 1504): ssm.onUnlockingUser-0_com.android.server.wifi.aware.WifiAwareService
03-25 09:20:21.639 I/SystemServerTimingAsync( 1504): ssm.onUnlockingUser-0_com.android.server.wifi.p2p.WifiP2pService
03-25 09:20:21.639 I/SystemServerTimingAsync( 1504): ssm.onUnlockingUser-0_com.android.server.ethernet.EthernetService
03-25 09:20:21.639 I/SystemServerTimingAsync( 1504): ssm.onUnlockingUser-0_com.android.server.ConnectivityServiceInitializer
03-25 09:20:21.639 I/SystemServerTimingAsync( 1504): ssm.onUnlockingUser-0_com.android.server.notification.NotificationManagerService
03-25 09:20:21.639 I/SystemServerTimingAsync( 1504): ssm.onUnlockingUser-0_com.android.server.storage.DeviceStorageMonitorService
03-25 09:20:21.639 I/SystemServerTimingAsync( 1504): ssm.onUnlockingUser-0_com.android.server.location.LocationManagerService$Lifecycle
03-25 09:20:21.639 I/SystemServerTimingAsync( 1504): ssm.onUnlockingUser-0_com.android.server.timedetector.TimeDetectorService$Lifecycle
03-25 09:20:21.639 I/SystemServerTimingAsync( 1504): ssm.onUnlockingUser-0_com.android.server.timezonedetector.TimeZoneDetectorService$Lifecycle
03-25 09:20:21.639 I/SystemServerTimingAsync( 1504): ssm.onUnlockingUser-0_com.android.server.timezonedetector.location.LocationTimeZoneManagerService$Lifecycle
03-25 09:20:21.639 I/SystemServerTimingAsync( 1504): ssm.onUnlockingUser-0_com.android.server.search.SearchManagerService$Lifecycle
03-25 09:20:21.639 I/SystemServerTimingAsync( 1504): ssm.onUnlockingUser-0_com.android.server.wallpaper.WallpaperManagerService$Lifecycle
03-25 09:20:21.639 I/WallpaperManagerService( 1504): on-unlock-user-0
03-25 09:20:21.639 I/SystemServerTimingAsync( 1504): ssm.onUnlockingUser-0_com.android.server.audio.AudioService$Lifecycle
03-25 09:20:21.639 I/SystemServerTimingAsync( 1504): ssm.onUnlockingUser-0_com.android.server.soundtrigger_middleware.SoundTriggerMiddlewareService$Lifecycle
03-25 09:20:21.639 I/SystemServerTimingAsync( 1504): ssm.onUnlockingUser-0_com.android.server.DockObserver
03-25 09:20:21.639 I/SystemServerTimingAsync( 1504): ssm.onUnlockingUser-0_com.android.server.midi.MidiService$Lifecycle
03-25 09:20:21.640 I/SystemServerTimingAsync( 1504): ssm.onUnlockingUser-0_com.android.server.adb.AdbService$Lifecycle
03-25 09:20:21.640 I/SystemServerTimingAsync( 1504): ssm.onUnlockingUser-0_com.android.server.usb.UsbService$Lifecycle
03-25 09:20:21.640 I/SystemServerTimingAsync( 1504): ssm.onUnlockingUser-0_com.android.server.twilight.TwilightService
03-25 09:20:21.640 I/SystemServerTimingAsync( 1504): ssm.onUnlockingUser-0_com.android.server.display.color.ColorDisplayService
03-25 09:20:21.640 I/SystemServerTimingAsync( 1504): ssm.onUnlockingUser-0_com.android.server.job.JobSchedulerService
03-25 09:20:21.640 I/SystemServerTimingAsync( 1504): ssm.onUnlockingUser-0_com.android.server.soundtrigger.SoundTriggerService
03-25 09:20:21.640 I/SystemServerTimingAsync( 1504): ssm.onUnlockingUser-0_com.android.server.trust.TrustManagerService
03-25 09:20:21.640 I/SystemServerTimingAsync( 1504): ssm.onUnlockingUser-0_com.android.server.backup.BackupManagerService$Lifecycle
03-25 09:20:21.640 I/SystemServerTimingAsync( 1504): ssm.onUnlockingUser-0_com.android.server.appwidget.AppWidgetService
03-25 09:20:21.640 I/SystemServerTimingAsync( 1504): ssm.onUnlockingUser-0_com.android.server.voiceinteraction.VoiceInteractionManagerService
03-25 09:20:21.641 I/BackupManagerService( 1504): Starting service for user: 0
03-25 09:20:21.641 V/BackupManagerService( 1504): [UserID:0] Starting with transport com.android.localtransport/.LocalTransport
03-25 09:20:21.641 D/BackupManagerService( 1504): [UserID:0] Started thread backup-0
03-25 09:20:21.641 W/VoiceInteractionManager( 1504): no available voice recognition services found for user 0
03-25 09:20:21.642 I/SystemServerTimingAsync( 1504): ssm.onUnlockingUser-0_com.android.server.apphibernation.AppHibernationService
03-25 09:20:21.643 I/SystemServerTimingAsync( 1504): ssm.onUnlockingUser-0_com.android.server.SensorNotificationService
03-25 09:20:21.643 I/SystemServerTimingAsync( 1504): ssm.onUnlockingUser-0_com.android.server.emergency.EmergencyAffordanceService
03-25 09:20:21.643 I/SystemServerTimingAsync( 1504): ssm.onUnlockingUser-0_com.android.server.blob.BlobStoreManagerService
03-25 09:20:21.643 I/HibernationStateDiskStore( 1504): No hibernation file on disk for file /data/system_ce/0/hibernation/states
03-25 09:20:21.643 I/SystemServerTimingAsync( 1504): ssm.onUnlockingUser-0_com.android.server.dreams.DreamManagerService
03-25 09:20:21.643 I/SystemServerTimingAsync( 1504): ssm.onUnlockingUser-0_com.android.server.companion.CompanionDeviceManagerService
03-25 09:20:21.643 I/CompanionDeviceManagerService( 1504): Read associations from disk: {0=[]}
03-25 09:20:21.643 I/SystemServerTimingAsync( 1504): ssm.onUnlockingUser-0_com.android.server.restrictions.RestrictionsManagerService
03-25 09:20:21.643 I/SystemServerTimingAsync( 1504): ssm.onUnlockingUser-0_com.android.server.media.MediaSessionService
03-25 09:20:21.643 I/SystemServerTimingAsync( 1504): ssm.onUnlockingUser-0_com.android.server.media.MediaResourceMonitorService
03-25 09:20:21.643 I/SystemServerTimingAsync( 1504): ssm.onUnlockingUser-0_com.android.server.biometrics.sensors.fingerprint.FingerprintService
03-25 09:20:21.643 I/SystemServerTimingAsync( 1504): ssm.onUnlockingUser-0_com.android.server.biometrics.BiometricService
03-25 09:20:21.643 I/SystemServerTimingAsync( 1504): ssm.onUnlockingUser-0_com.android.server.biometrics.AuthService
03-25 09:20:21.643 I/SystemServerTimingAsync( 1504): ssm.onUnlockingUser-0_com.android.server.pm.ShortcutService$Lifecycle
03-25 09:20:21.644 I/SystemServerTimingAsync( 1504): ssm.onUnlockingUser-0_com.android.server.pm.LauncherAppsService
03-25 09:20:21.644 I/SystemServerTimingAsync( 1504): ssm.onUnlockingUser-0_com.android.server.pm.CrossProfileAppsService
03-25 09:20:21.644 I/SystemServerTimingAsync( 1504): ssm.onUnlockingUser-0_com.android.server.people.PeopleService
03-25 09:20:21.644 I/SystemServerTimingAsync( 1504): ssm.onUnlockingUser-0_com.android.server.media.metrics.MediaMetricsManagerService
03-25 09:20:21.644 I/SystemServerTimingAsync( 1504): ssm.onUnlockingUser-0_com.android.server.media.projection.MediaProjectionManagerService
03-25 09:20:21.644 I/SystemServerTimingAsync( 1504): ssm.onUnlockingUser-0_com.android.server.slice.SliceManagerService$Lifecycle
03-25 09:20:21.644 I/SystemServerTimingAsync( 1504): ssm.onUnlockingUser-0_com.android.server.stats.StatsCompanion$Lifecycle
03-25 09:20:21.644 I/SystemServerTimingAsync( 1504): ssm.onUnlockingUser-0_com.android.server.scheduling.RebootReadinessManagerService$Lifecycle
03-25 09:20:21.644 I/SystemServerTimingAsync( 1504): ssm.onUnlockingUser-0_com.android.server.stats.pull.StatsPullAtomService
03-25 09:20:21.644 I/SystemServerTimingAsync( 1504): ssm.onUnlockingUser-0_com.android.server.incident.IncidentCompanionService
03-25 09:20:21.644 I/SystemServerTimingAsync( 1504): ssm.onUnlockingUser-0_com.android.server.MmsServiceBroker
03-25 09:20:21.644 I/SystemServerTimingAsync( 1504): ssm.onUnlockingUser-0_com.android.server.autofill.AutofillManagerService
03-25 09:20:21.646 I/SystemServerTimingAsync( 1504): ssm.onUnlockingUser-0_com.android.server.clipboard.ClipboardService
03-25 09:20:21.646 I/SystemServerTimingAsync( 1504): ssm.onUnlockingUser-0_com.android.server.appbinding.AppBindingService$Lifecycle
03-25 09:20:21.647 W/AppBindingService( 1504): [Default SMS app] u0 Target package not found
03-25 09:20:21.647 I/SystemServerTimingAsync( 1504): ssm.onUnlockingUser-0_com.android.server.tracing.TracingServiceProxy
03-25 09:20:21.647 I/SystemServerTimingAsync( 1504): ssm.onUnlockingUser-0_com.android.server.policy.PermissionPolicyService
