03-25 09:21:22.891 I/am_pss ( 1504): [3983,10086,com.android.music,7302144,5468160,0,93212672,0,19,6]
01-03 09:55:56.858 I/msm_vidc( 0): high: 00000002: h264d: Closed video instance: 0000000000000000
03-25 09:21:22.893 I/MicroServiceManager( 4535): requestResult(requestOperationInfo) parameters isnull.
03-25 09:21:22.899 I/am_pss ( 1504): [3631,10023,com.android.managedprovisioning,9008128,7458816,0,95457280,0,19,5]
03-25 09:21:22.904 I/am_pss ( 1504): [3915,1000,com.android.dynsystem:dynsystem,5485568,3850240,0,90513408,0,19,5]
03-25 09:21:22.909 I/am_pss ( 1504): [3897,1000,com.android.dynsystem,5224448,3682304,0,89763840,0,19,5]
03-25 09:21:22.909 I/wm_on_top_resumed_lost_called( 2657): [198658803,com.thundercomm.tcsetupwizard.TcSetupStartActivity,topStateChangedWhenResumed]
03-25 09:21:22.909 I/wm_on_paused_called( 2657): [198658803,com.thundercomm.tcsetupwizard.TcSetupStartActivity,performPause]
03-25 09:21:22.910 I/ActivityTaskManager( 1504): FOREGROUND_APPLICATION_CHANGED to android.service.dreams.DreamActivity
03-25 09:21:22.910 I/ActivityTaskManager( 1504): The Process com.thundercomm.screensaver Already Exists in BG. So sending its PID: 4535
03-25 09:21:22.910 I/wm_add_to_stopping( 1504): [0,198658803,com.thundercomm.tcsetupwizard/.TcSetupStartActivity,makeInvisible]
03-25 09:21:22.911 I/wm_restart_activity( 1504): [0,260914674,10,com.thundercomm.screensaver/android.service.dreams.DreamActivity]
03-25 09:21:22.911 I/wm_set_resumed_activity( 1504): [0,com.thundercomm.screensaver/android.service.dreams.DreamActivity,minimalResumeActivityLocked]
03-25 09:21:22.913 I/sysui_multi_action( 1504): [757,803,799,window_time_0,802,61]
03-25 09:21:22.915 I/am_pss ( 1504): [3669,10024,android.process.acore,13185024,9662464,0,116670464,0,19,5]
03-25 09:21:22.921 I/wm_on_create_called( 4535): [260914674,android.service.dreams.DreamActivity,performCreate]
03-25 09:21:22.921 I/am_pss ( 1504): [3871,1000,com.qti.diagservices,5693440,3829760,0,94568448,0,10,4]
03-25 09:21:22.921 I/wm_on_start_called( 4535): [260914674,android.service.dreams.DreamActivity,handleStartActivity]
03-25 09:21:22.922 I/wm_on_resume_called( 4535): [260914674,android.service.dreams.DreamActivity,RESUME_ACTIVITY]
03-25 09:21:22.923 I/MicroServiceManager( 1504): requestResult(requestAudioFocus) parameters is{"functionInfo":{"IDCM_AudioFocus":"AudioFocus_Media"}}.
03-25 09:21:22.927 W/WindowManager( 1504): Failed looking up window session=Session{c7c00bb 4535:u0a10045} callers=com.android.server.wm.WindowManagerService.windowForClientLocked:5628 com.android.server.wm.Session.insetsModified:629 android.view.IWindowSession$Stub.onTransact:1151
03-25 09:21:22.929 I/wm_on_top_resumed_gained_called( 4535): [260914674,android.service.dreams.DreamActivity,topStateChangedWhenResumed]
03-25 09:21:22.929 I/am_pss ( 1504): [3822,10032,com.android.traceur,8768512,5939200,0,96223232,0,19,6]
01-03 09:55:56.895 I/msm_vidc( 0): high: 00000001: ....d: Opening video instance: 0000000000000000, 1
01-03 09:55:56.895 I/msm_vidc( 0): err : 00000001: ....d: Failed to create debugfs for msm_vidc
03-25 09:21:22.934 I/am_pss ( 1504): [3442,1000,com.android.keychain,8024064,6516736,0,93384704,0,19,4]
03-25 09:21:22.938 I/input_focus( 1504): [Focus leaving 6a7adb7 com.thundercomm.tcsetupwizard/com.thundercomm.tcsetupwizard.TcSetupStartActivity (server),reason=NO_WINDOW]
03-25 09:21:22.938 V/DisplayPowerController[0]( 1504): Brightness [1.0] reason changing to: 'manual', previous reason: 'manual [ dim ]'.
03-25 09:21:22.938 I/sysui_multi_action( 1504): [757,1696,758,6,759,3]
03-25 09:21:22.939 I/am_pss ( 1504): [3413,10017,com.android.documentsui,13214720,11010048,0,107823104,0,19,4]
03-25 09:21:22.945 I/am_pss ( 1504): [3370,10079,com.qualcomm.qti.workloadclassifier,17750016,14323712,0,110387200,0,0,5]
03-25 09:21:22.951 I/am_pss ( 1504): [3362,10068,com.qualcomm.qti.services.systemhelper:systemhelper_service,6041600,4444160,0,93147136,0,0,5]
03-25 09:21:22.953 E/DisplayDeviceConfig( 1504): requesting nits when no mapping exists.
03-25 09:21:22.954 E/DisplayDeviceConfig( 1504): requesting nits when no mapping exists.
03-25 09:21:22.954 I/am_wtf ( 1504): [0,1504,system_server,-1,DisplayDeviceConfig,requesting nits when no mapping exists.]
03-25 09:21:22.954 I/DropBoxManagerService( 1504): add tag=system_server_wtf isTagEnabled=true flags=0x2
03-25 09:21:22.954 I/am_wtf ( 1504): [0,1504,system_server,-1,DisplayDeviceConfig,requesting nits when no mapping exists.]
03-25 09:21:22.955 I/DropBoxManagerService( 1504): add tag=system_server_wtf isTagEnabled=true flags=0x2
03-25 09:21:22.956 I/input_focus( 1504): [Focus request 6890016 com.thundercomm.screensaver/android.service.dreams.DreamActivity,reason=UpdateInputWindows]
03-25 09:21:22.957 I/am_pss ( 1504): [3367,10084,com.qualcomm.qti.qccnetstat,5835776,4308992,0,91164672,0,0,6]
03-25 09:21:22.960 I/am_wtf ( 1504): [0,2355,com.android.systemui,818462221,KeyguardBouncer,onFullyShown when view was null]
03-25 09:21:22.964 I/am_pss ( 1504): [3347,10055,.pasr,5066752,3624960,0,88682496,0,0,5]
03-25 09:21:22.965 I/sysui_multi_action( 2355): [757,196,758,2,759,0]
03-25 09:21:22.965 I/DropBoxManagerService( 1504): add tag=system_app_wtf isTagEnabled=true flags=0x2
03-25 09:21:22.965 I/sysui_status_bar_state( 2355): [0,0,1,0,0,1]
03-25 09:21:22.967 I/MicroServiceManager( 1504): requestResult(requestAudioFocus) parameters is{"functionInfo":{"IDCM_AudioFocus":"AudioFocus_Media"}}.
01-03 09:55:56.936 I/binder ( 0): 4535:4569 ioctl 40046210 7879a0d1f4 returned -22
03-25 09:21:22.970 E/DisplayDeviceConfig( 1504): requesting nits when no mapping exists.
03-25 09:21:22.971 E/DisplayDeviceConfig( 1504): requesting nits when no mapping exists.
03-25 09:21:22.971 I/am_wtf ( 1504): [0,1504,system_server,-1,DisplayDeviceConfig,requesting nits when no mapping exists.]
03-25 09:21:22.971 I/am_pss ( 1504): [3345,1000,com.hryt.hiphishowfsecontrol,14206976,12328960,0,105857024,0,0,6]
03-25 09:21:22.971 I/am_wtf ( 1504): [0,1504,system_server,-1,DisplayDeviceConfig,requesting nits when no mapping exists.]
03-25 09:21:22.977 I/am_pss ( 1504): [3291,10057,ts.car.uart,5842944,4399104,0,89747456,0,0,5]
03-25 09:21:22.981 I/sysui_multi_action( 1504): [319,104,322,104,325,84,757,761,758,8,759,2,806,com.thundercomm.screensaver,871,android.service.dreams.DreamActivity,904,com.thundercomm.screensaver,905,0,1320,4,1321,2]
03-25 09:21:22.981 I/wm_activity_launch_time( 1504): [0,260914674,com.thundercomm.screensaver/android.service.dreams.DreamActivity,104]
03-25 09:21:22.986 I/am_pss ( 1504): [3287,10081,com.hht.lebocast,37164032,18468864,0,108748800,0,0,4]
03-25 09:21:22.987 E/DisplayDeviceConfig( 1504): requesting nits when no mapping exists.
03-25 09:21:22.987 E/DisplayDeviceConfig( 1504): requesting nits when no mapping exists.
03-25 09:21:22.987 I/am_wtf ( 1504): [0,1504,system_server,-1,DisplayDeviceConfig,requesting nits when no mapping exists.]
03-25 09:21:22.988 I/am_wtf ( 1504): [0,1504,system_server,-1,DisplayDeviceConfig,requesting nits when no mapping exists.]
03-25 09:21:22.988 I/input_focus( 1504): [Focus entering 6890016 com.thundercomm.screensaver/android.service.dreams.DreamActivity (server),reason=Window became focusable. Previous reason: NOT_VISIBLE]
03-25 09:21:22.993 I/am_pss ( 1504): [2812,1000,com.android.settings:CryptKeeper,16365568,5079040,0,124727296,0,19,5]
03-25 09:21:22.999 I/am_pss ( 1504): [2807,1000,com.qualcomm.qti.qdma,9367552,6651904,0,105742336,0,0,6]
03-25 09:21:23.003 E/DisplayDeviceConfig( 1504): requesting nits when no mapping exists.
03-25 09:21:23.004 E/DisplayDeviceConfig( 1504): requesting nits when no mapping exists.
03-25 09:21:23.004 I/am_wtf ( 1504): [0,1504,system_server,-1,DisplayDeviceConfig,requesting nits when no mapping exists.]
03-25 09:21:23.004 I/am_wtf ( 1504): [0,1504,system_server,-1,DisplayDeviceConfig,requesting nits when no mapping exists.]
03-25 09:21:23.005 I/am_pss ( 1504): [2751,1000,com.thundercomm.tcservice,8190976,6520832,0,96006144,0,0,5]
03-25 09:21:23.010 I/am_pss ( 1504): [2748,1000,com.thundercomm.remotecontrolservice,9100288,7032832,0,100581376,0,0,4]
03-25 09:21:23.015 I/am_pss ( 1504): [2744,1068,com.android.se,5516288,3993600,0,91234304,0,0,4]
03-25 09:21:23.019 I/am_pss ( 1504): [2649,1000,com.tc.logclient,7178240,5398528,0,97734656,0,0,4]
03-25 09:21:23.020 E/DisplayDeviceConfig( 1504): requesting nits when no mapping exists.
03-25 09:21:23.020 E/DisplayDeviceConfig( 1504): requesting nits when no mapping exists.
03-25 09:21:23.020 I/am_wtf ( 1504): [0,1504,system_server,-1,DisplayDeviceConfig,requesting nits when no mapping exists.]
03-25 09:21:23.021 I/am_wtf ( 1504): [0,1504,system_server,-1,DisplayDeviceConfig,requesting nits when no mapping exists.]
03-25 09:21:23.024 I/am_pss ( 1504): [2661,1000,vendor.qti.qesdk.sysservice,5187584,3674112,0,90902528,0,0,5]
03-25 09:21:23.029 I/am_pss ( 1504): [2673,10083,com.qti.qualcomm.mstatssystemservice,5191680,3735552,0,89440256,0,0,4]
03-25 09:21:23.034 I/am_pss ( 1504): [2638,1000,com.thundercomm.tchttpserver,7585792,6008832,0,93696000,0,0,4]
03-25 09:21:23.037 E/DisplayDeviceConfig( 1504): requesting nits when no mapping exists.
03-25 09:21:23.037 E/DisplayDeviceConfig( 1504): requesting nits when no mapping exists.
03-25 09:21:23.037 I/am_wtf ( 1504): [0,1504,system_server,-1,DisplayDeviceConfig,requesting nits when no mapping exists.]
03-25 09:21:23.038 I/am_wtf ( 1504): [0,1504,system_server,-1,DisplayDeviceConfig,requesting nits when no mapping exists.]
03-25 09:21:23.039 I/am_pss ( 1504): [2609,10052,.qtidataservices,5556224,4071424,0,90886144,0,0,4]
03-25 09:21:23.044 I/am_pss ( 1504): [2571,1000,com.thundercomm.microsettings,26265600,23629824,0,115609600,0,0,4]
03-25 09:21:23.048 I/am_pss ( 1504): [2569,1000,com.thundercomm.microservice,8589312,6991872,0,95338496,0,0,4]
03-25 09:21:23.054 E/DisplayDeviceConfig( 1504): requesting nits when no mapping exists.
03-25 09:21:23.054 E/DisplayDeviceConfig( 1504): requesting nits when no mapping exists.
03-25 09:21:23.054 I/am_wtf ( 1504): [0,1504,system_server,-1,DisplayDeviceConfig,requesting nits when no mapping exists.]
03-25 09:21:23.054 I/am_wtf ( 1504): [0,1504,system_server,-1,DisplayDeviceConfig,requesting nits when no mapping exists.]
03-25 09:21:23.054 I/am_pss ( 1504): [2552,1000,com.thundercomm.gamemode,24806400,18112512,0,132845568,0,0,6]
03-25 09:21:23.070 E/DisplayDeviceConfig( 1504): requesting nits when no mapping exists.
03-25 09:21:23.071 E/DisplayDeviceConfig( 1504): requesting nits when no mapping exists.
03-25 09:21:23.071 I/am_wtf ( 1504): [0,1504,system_server,-1,DisplayDeviceConfig,requesting nits when no mapping exists.]
03-25 09:21:23.071 I/am_wtf ( 1504): [0,1504,system_server,-1,DisplayDeviceConfig,requesting nits when no mapping exists.]
03-25 09:21:23.087 E/DisplayDeviceConfig( 1504): requesting nits when no mapping exists.
03-25 09:21:23.088 E/DisplayDeviceConfig( 1504): requesting nits when no mapping exists.
03-25 09:21:23.088 I/am_wtf ( 1504): [0,1504,system_server,-1,DisplayDeviceConfig,requesting nits when no mapping exists.]
03-25 09:21:23.088 I/am_wtf ( 1504): [0,1504,system_server,-1,DisplayDeviceConfig,requesting nits when no mapping exists.]
03-25 09:21:23.104 E/DisplayDeviceConfig( 1504): requesting nits when no mapping exists.
03-25 09:21:23.104 E/DisplayDeviceConfig( 1504): requesting nits when no mapping exists.
03-25 09:21:23.104 I/am_wtf ( 1504): [0,1504,system_server,-1,DisplayDeviceConfig,requesting nits when no mapping exists.]
03-25 09:21:23.104 I/am_wtf ( 1504): [0,1504,system_server,-1,DisplayDeviceConfig,requesting nits when no mapping exists.]
03-25 09:21:23.120 I/commit_sys_config_file( 1504): [settings-1-0,2]
03-25 09:21:23.120 E/DisplayDeviceConfig( 1504): requesting nits when no mapping exists.
03-25 09:21:23.120 E/DisplayDeviceConfig( 1504): requesting nits when no mapping exists.
03-25 09:21:23.120 I/am_wtf ( 1504): [0,1504,system_server,-1,DisplayDeviceConfig,requesting nits when no mapping exists.]
03-25 09:21:23.121 I/am_wtf ( 1504): [0,1504,system_server,-1,DisplayDeviceConfig,requesting nits when no mapping exists.]
03-25 09:21:23.137 E/DisplayDeviceConfig( 1504): requesting nits when no mapping exists.
03-25 09:21:23.137 E/DisplayDeviceConfig( 1504): requesting nits when no mapping exists.
03-25 09:21:23.137 I/am_wtf ( 1504): [0,1504,system_server,-1,DisplayDeviceConfig,requesting nits when no mapping exists.]
03-25 09:21:23.138 I/am_wtf ( 1504): [0,1504,system_server,-1,DisplayDeviceConfig,requesting nits when no mapping exists.]
03-25 09:21:23.154 E/DisplayDeviceConfig( 1504): requesting nits when no mapping exists.
03-25 09:21:23.154 E/DisplayDeviceConfig( 1504): requesting nits when no mapping exists.
03-25 09:21:23.154 I/am_wtf ( 1504): [0,1504,system_server,-1,DisplayDeviceConfig,requesting nits when no mapping exists.]
03-25 09:21:23.154 I/am_wtf ( 1504): [0,1504,system_server,-1,DisplayDeviceConfig,requesting nits when no mapping exists.]
03-25 09:21:23.171 E/DisplayDeviceConfig( 1504): requesting nits when no mapping exists.
03-25 09:21:23.171 E/DisplayDeviceConfig( 1504): requesting nits when no mapping exists.
03-25 09:21:23.171 I/am_wtf ( 1504): [0,1504,system_server,-1,DisplayDeviceConfig,requesting nits when no mapping exists.]
03-25 09:21:23.171 I/am_wtf ( 1504): [0,1504,system_server,-1,DisplayDeviceConfig,requesting nits when no mapping exists.]
03-25 09:21:23.187 E/DisplayDeviceConfig( 1504): requesting nits when no mapping exists.
03-25 09:21:23.187 I/am_wtf ( 1504): [0,1504,system_server,-1,DisplayDeviceConfig,requesting nits when no mapping exists.]
03-25 09:21:23.187 E/DisplayDeviceConfig( 1504): requesting nits when no mapping exists.
03-25 09:21:23.188 I/am_wtf ( 1504): [0,1504,system_server,-1,DisplayDeviceConfig,requesting nits when no mapping exists.]
03-25 09:21:23.204 E/DisplayDeviceConfig( 1504): requesting nits when no mapping exists.
03-25 09:21:23.204 I/am_wtf ( 1504): [0,1504,system_server,-1,DisplayDeviceConfig,requesting nits when no mapping exists.]
03-25 09:21:23.204 E/DisplayDeviceConfig( 1504): requesting nits when no mapping exists.
03-25 09:21:23.204 I/am_wtf ( 1504): [0,1504,system_server,-1,DisplayDeviceConfig,requesting nits when no mapping exists.]
03-25 09:21:23.220 E/DisplayDeviceConfig( 1504): requesting nits when no mapping exists.
03-25 09:21:23.221 E/DisplayDeviceConfig( 1504): requesting nits when no mapping exists.
03-25 09:21:23.221 I/am_wtf ( 1504): [0,1504,system_server,-1,DisplayDeviceConfig,requesting nits when no mapping exists.]
03-25 09:21:23.221 I/am_wtf ( 1504): [0,1504,system_server,-1,DisplayDeviceConfig,requesting nits when no mapping exists.]
03-25 09:21:23.237 E/DisplayDeviceConfig( 1504): requesting nits when no mapping exists.
03-25 09:21:23.237 E/DisplayDeviceConfig( 1504): requesting nits when no mapping exists.
03-25 09:21:23.237 I/am_wtf ( 1504): [0,1504,system_server,-1,DisplayDeviceConfig,requesting nits when no mapping exists.]
03-25 09:21:23.238 I/am_wtf ( 1504): [0,1504,system_server,-1,DisplayDeviceConfig,requesting nits when no mapping exists.]
03-25 09:21:23.254 E/DisplayDeviceConfig( 1504): requesting nits when no mapping exists.
03-25 09:21:23.254 E/DisplayDeviceConfig( 1504): requesting nits when no mapping exists.
03-25 09:21:23.254 I/am_wtf ( 1504): [0,1504,system_server,-1,DisplayDeviceConfig,requesting nits when no mapping exists.]
03-25 09:21:23.254 I/am_wtf ( 1504): [0,1504,system_server,-1,DisplayDeviceConfig,requesting nits when no mapping exists.]
03-25 09:21:23.271 E/DisplayDeviceConfig( 1504): requesting nits when no mapping exists.
03-25 09:21:23.271 E/DisplayDeviceConfig( 1504): requesting nits when no mapping exists.
03-25 09:21:23.271 I/am_wtf ( 1504): [0,1504,system_server,-1,DisplayDeviceConfig,requesting nits when no mapping exists.]
03-25 09:21:23.271 I/am_wtf ( 1504): [0,1504,system_server,-1,DisplayDeviceConfig,requesting nits when no mapping exists.]
03-25 09:21:23.287 E/DisplayDeviceConfig( 1504): requesting nits when no mapping exists.
03-25 09:21:23.287 E/DisplayDeviceConfig( 1504): requesting nits when no mapping exists.
03-25 09:21:23.287 I/am_wtf ( 1504): [0,1504,system_server,-1,DisplayDeviceConfig,requesting nits when no mapping exists.]
03-25 09:21:23.288 I/am_wtf ( 1504): [0,1504,system_server,-1,DisplayDeviceConfig,requesting nits when no mapping exists.]
03-25 09:21:23.304 E/DisplayDeviceConfig( 1504): requesting nits when no mapping exists.
03-25 09:21:23.304 E/DisplayDeviceConfig( 1504): requesting nits when no mapping exists.
03-25 09:21:23.304 I/am_wtf ( 1504): [0,1504,system_server,-1,DisplayDeviceConfig,requesting nits when no mapping exists.]
03-25 09:21:23.304 I/am_wtf ( 1504): [0,1504,system_server,-1,DisplayDeviceConfig,requesting nits when no mapping exists.]
03-25 09:21:23.321 E/DisplayDeviceConfig( 1504): requesting nits when no mapping exists.
03-25 09:21:23.321 E/DisplayDeviceConfig( 1504): requesting nits when no mapping exists.
03-25 09:21:23.321 I/am_wtf ( 1504): [0,1504,system_server,-1,DisplayDeviceConfig,requesting nits when no mapping exists.]
03-25 09:21:23.321 I/am_wtf ( 1504): [0,1504,system_server,-1,DisplayDeviceConfig,requesting nits when no mapping exists.]
03-25 09:21:23.338 E/DisplayDeviceConfig( 1504): requesting nits when no mapping exists.
03-25 09:21:23.338 E/DisplayDeviceConfig( 1504): requesting nits when no mapping exists.
03-25 09:21:23.338 I/am_wtf ( 1504): [0,1504,system_server,-1,DisplayDeviceConfig,requesting nits when no mapping exists.]
03-25 09:21:23.338 I/am_wtf ( 1504): [0,1504,system_server,-1,DisplayDeviceConfig,requesting nits when no mapping exists.]
03-25 09:21:23.354 E/DisplayDeviceConfig( 1504): requesting nits when no mapping exists.
03-25 09:21:23.354 E/DisplayDeviceConfig( 1504): requesting nits when no mapping exists.
03-25 09:21:23.354 I/am_wtf ( 1504): [0,1504,system_server,-1,DisplayDeviceConfig,requesting nits when no mapping exists.]
03-25 09:21:23.354 I/am_wtf ( 1504): [0,1504,system_server,-1,DisplayDeviceConfig,requesting nits when no mapping exists.]
03-25 09:21:23.371 E/DisplayDeviceConfig( 1504): requesting nits when no mapping exists.
03-25 09:21:23.371 I/am_wtf ( 1504): [0,1504,system_server,-1,DisplayDeviceConfig,requesting nits when no mapping exists.]
03-25 09:21:23.371 E/DisplayDeviceConfig( 1504): requesting nits when no mapping exists.
03-25 09:21:23.371 I/am_wtf ( 1504): [0,1504,system_server,-1,DisplayDeviceConfig,requesting nits when no mapping exists.]
03-25 09:21:23.387 E/DisplayDeviceConfig( 1504): requesting nits when no mapping exists.
03-25 09:21:23.388 E/DisplayDeviceConfig( 1504): requesting nits when no mapping exists.
03-25 09:21:23.388 I/am_wtf ( 1504): [0,1504,system_server,-1,DisplayDeviceConfig,requesting nits when no mapping exists.]
03-25 09:21:23.388 I/am_wtf ( 1504): [0,1504,system_server,-1,DisplayDeviceConfig,requesting nits when no mapping exists.]
03-25 09:21:23.404 E/DisplayDeviceConfig( 1504): requesting nits when no mapping exists.
03-25 09:21:23.404 E/DisplayDeviceConfig( 1504): requesting nits when no mapping exists.
03-25 09:21:23.404 I/am_wtf ( 1504): [0,1504,system_server,-1,DisplayDeviceConfig,requesting nits when no mapping exists.]
03-25 09:21:23.405 I/am_wtf ( 1504): [0,1504,system_server,-1,DisplayDeviceConfig,requesting nits when no mapping exists.]
03-25 09:21:23.421 E/DisplayDeviceConfig( 1504): requesting nits when no mapping exists.
03-25 09:21:23.421 I/am_wtf ( 1504): [0,1504,system_server,-1,DisplayDeviceConfig,requesting nits when no mapping exists.]
03-25 09:21:23.421 E/DisplayDeviceConfig( 1504): requesting nits when no mapping exists.
03-25 09:21:23.421 I/am_wtf ( 1504): [0,1504,system_server,-1,DisplayDeviceConfig,requesting nits when no mapping exists.]
03-25 09:21:23.421 I/service_manager_stats( 1504): [100,33,59139]
03-25 09:21:23.438 E/DisplayDeviceConfig( 1504): requesting nits when no mapping exists.
03-25 09:21:23.438 E/DisplayDeviceConfig( 1504): requesting nits when no mapping exists.
03-25 09:21:23.438 I/am_wtf ( 1504): [0,1504,system_server,-1,DisplayDeviceConfig,requesting nits when no mapping exists.]
03-25 09:21:23.438 I/am_wtf ( 1504): [0,1504,system_server,-1,DisplayDeviceConfig,requesting nits when no mapping exists.]
03-25 09:21:23.454 E/DisplayDeviceConfig( 1504): requesting nits when no mapping exists.
03-25 09:21:23.455 I/am_wtf ( 1504): [0,1504,system_server,-1,DisplayDeviceConfig,requesting nits when no mapping exists.]
03-25 09:21:23.455 E/DisplayDeviceConfig( 1504): requesting nits when no mapping exists.
03-25 09:21:23.455 I/am_wtf ( 1504): [0,1504,system_server,-1,DisplayDeviceConfig,requesting nits when no mapping exists.]
03-25 09:21:23.471 E/DisplayDeviceConfig( 1504): requesting nits when no mapping exists.
03-25 09:21:23.471 E/DisplayDeviceConfig( 1504): requesting nits when no mapping exists.
03-25 09:21:23.471 I/am_wtf ( 1504): [0,1504,system_server,-1,DisplayDeviceConfig,requesting nits when no mapping exists.]
03-25 09:21:23.471 I/am_wtf ( 1504): [0,1504,system_server,-1,DisplayDeviceConfig,requesting nits when no mapping exists.]
03-25 09:21:23.488 E/DisplayDeviceConfig( 1504): requesting nits when no mapping exists.
03-25 09:21:23.488 I/am_wtf ( 1504): [0,1504,system_server,-1,DisplayDeviceConfig,requesting nits when no mapping exists.]
03-25 09:21:23.488 E/DisplayDeviceConfig( 1504): requesting nits when no mapping exists.
03-25 09:21:23.489 I/am_wtf ( 1504): [0,1504,system_server,-1,DisplayDeviceConfig,requesting nits when no mapping exists.]
03-25 09:21:23.490 I/wm_stop_activity( 1504): [0,198658803,com.thundercomm.tcsetupwizard/.TcSetupStartActivity]
03-25 09:21:23.505 E/DisplayDeviceConfig( 1504): requesting nits when no mapping exists.
03-25 09:21:23.505 E/DisplayDeviceConfig( 1504): requesting nits when no mapping exists.
03-25 09:21:23.505 I/am_wtf ( 1504): [0,1504,system_server,-1,DisplayDeviceConfig,requesting nits when no mapping exists.]
03-25 09:21:23.505 I/am_wtf ( 1504): [0,1504,system_server,-1,DisplayDeviceConfig,requesting nits when no mapping exists.]
01-03 09:55:57.478 I/msm_vidc( 0): high: 00000001: h264d: Closed video instance: 0000000000000000
03-25 09:21:23.518 I/wm_on_stop_called( 2657): [198658803,com.thundercomm.tcsetupwizard.TcSetupStartActivity,STOP_ACTIVITY_ITEM]
03-25 09:21:23.521 E/DisplayDeviceConfig( 1504): requesting nits when no mapping exists.
03-25 09:21:23.521 E/DisplayDeviceConfig( 1504): requesting nits when no mapping exists.
03-25 09:21:23.521 I/am_wtf ( 1504): [0,1504,system_server,-1,DisplayDeviceConfig,requesting nits when no mapping exists.]
03-25 09:21:23.522 I/am_wtf ( 1504): [0,1504,system_server,-1,DisplayDeviceConfig,requesting nits when no mapping exists.]
03-25 09:21:23.538 E/DisplayDeviceConfig( 1504): requesting nits when no mapping exists.
03-25 09:21:23.538 E/DisplayDeviceConfig( 1504): requesting nits when no mapping exists.
03-25 09:21:23.538 I/am_wtf ( 1504): [0,1504,system_server,-1,DisplayDeviceConfig,requesting nits when no mapping exists.]
03-25 09:21:23.539 I/am_wtf ( 1504): [0,1504,system_server,-1,DisplayDeviceConfig,requesting nits when no mapping exists.]
03-25 09:21:23.555 E/DisplayDeviceConfig( 1504): requesting nits when no mapping exists.
03-25 09:21:23.555 E/DisplayDeviceConfig( 1504): requesting nits when no mapping exists.
03-25 09:21:23.555 I/am_wtf ( 1504): [0,1504,system_server,-1,DisplayDeviceConfig,requesting nits when no mapping exists.]
03-25 09:21:23.555 I/am_wtf ( 1504): [0,1504,system_server,-1,DisplayDeviceConfig,requesting nits when no mapping exists.]
01-03 09:55:57.521 I/ ( 0): read descriptors
01-03 09:55:57.521 I/ ( 0): read strings
03-25 09:21:23.572 E/DisplayDeviceConfig( 1504): requesting nits when no mapping exists.
03-25 09:21:23.572 I/am_wtf ( 1504): [0,1504,system_server,-1,DisplayDeviceConfig,requesting nits when no mapping exists.]
03-25 09:21:23.572 E/DisplayDeviceConfig( 1504): requesting nits when no mapping exists.
03-25 09:21:23.572 I/am_wtf ( 1504): [0,1504,system_server,-1,DisplayDeviceConfig,requesting nits when no mapping exists.]
03-25 09:21:23.588 E/DisplayDeviceConfig( 1504): requesting nits when no mapping exists.
03-25 09:21:23.588 E/DisplayDeviceConfig( 1504): requesting nits when no mapping exists.
03-25 09:21:23.588 I/am_wtf ( 1504): [0,1504,system_server,-1,DisplayDeviceConfig,requesting nits when no mapping exists.]
03-25 09:21:23.589 I/am_wtf ( 1504): [0,1504,system_server,-1,DisplayDeviceConfig,requesting nits when no mapping exists.]
03-25 09:21:23.605 E/DisplayDeviceConfig( 1504): requesting nits when no mapping exists.
03-25 09:21:23.605 E/DisplayDeviceConfig( 1504): requesting nits when no mapping exists.
03-25 09:21:23.605 I/am_wtf ( 1504): [0,1504,system_server,-1,DisplayDeviceConfig,requesting nits when no mapping exists.]
03-25 09:21:23.605 I/am_wtf ( 1504): [0,1504,system_server,-1,DisplayDeviceConfig,requesting nits when no mapping exists.]
03-25 09:21:23.622 E/DisplayDeviceConfig( 1504): requesting nits when no mapping exists.
03-25 09:21:23.622 E/DisplayDeviceConfig( 1504): requesting nits when no mapping exists.
03-25 09:21:23.622 I/am_wtf ( 1504): [0,1504,system_server,-1,DisplayDeviceConfig,requesting nits when no mapping exists.]
03-25 09:21:23.622 I/am_wtf ( 1504): [0,1504,system_server,-1,DisplayDeviceConfig,requesting nits when no mapping exists.]
03-25 09:21:23.639 E/DisplayDeviceConfig( 1504): requesting nits when no mapping exists.
03-25 09:21:23.639 E/DisplayDeviceConfig( 1504): requesting nits when no mapping exists.
03-25 09:21:23.639 I/am_wtf ( 1504): [0,1504,system_server,-1,DisplayDeviceConfig,requesting nits when no mapping exists.]
03-25 09:21:23.639 I/am_wtf ( 1504): [0,1504,system_server,-1,DisplayDeviceConfig,requesting nits when no mapping exists.]
03-25 09:21:23.655 E/DisplayDeviceConfig( 1504): requesting nits when no mapping exists.
03-25 09:21:23.655 I/am_wtf ( 1504): [0,1504,system_server,-1,DisplayDeviceConfig,requesting nits when no mapping exists.]
03-25 09:21:23.655 E/DisplayDeviceConfig( 1504): requesting nits when no mapping exists.
03-25 09:21:23.655 I/am_wtf ( 1504): [0,1504,system_server,-1,DisplayDeviceConfig,requesting nits when no mapping exists.]
03-25 09:21:23.672 E/DisplayDeviceConfig( 1504): requesting nits when no mapping exists.
03-25 09:21:23.672 I/am_wtf ( 1504): [0,1504,system_server,-1,DisplayDeviceConfig,requesting nits when no mapping exists.]
03-25 09:21:23.672 E/DisplayDeviceConfig( 1504): requesting nits when no mapping exists.
03-25 09:21:23.672 I/am_wtf ( 1504): [0,1504,system_server,-1,DisplayDeviceConfig,requesting nits when no mapping exists.]
03-25 09:21:23.689 E/DisplayDeviceConfig( 1504): requesting nits when no mapping exists.
03-25 09:21:23.689 I/am_wtf ( 1504): [0,1504,system_server,-1,DisplayDeviceConfig,requesting nits when no mapping exists.]
03-25 09:21:23.689 E/DisplayDeviceConfig( 1504): requesting nits when no mapping exists.
03-25 09:21:23.689 I/am_wtf ( 1504): [0,1504,system_server,-1,DisplayDeviceConfig,requesting nits when no mapping exists.]
03-25 09:21:23.705 E/DisplayDeviceConfig( 1504): requesting nits when no mapping exists.
03-25 09:21:23.705 I/am_wtf ( 1504): [0,1504,system_server,-1,DisplayDeviceConfig,requesting nits when no mapping exists.]
03-25 09:21:23.705 E/DisplayDeviceConfig( 1504): requesting nits when no mapping exists.
03-25 09:21:23.706 I/am_wtf ( 1504): [0,1504,system_server,-1,DisplayDeviceConfig,requesting nits when no mapping exists.]
03-25 09:21:23.722 E/DisplayDeviceConfig( 1504): requesting nits when no mapping exists.
03-25 09:21:23.722 I/am_wtf ( 1504): [0,1504,system_server,-1,DisplayDeviceConfig,requesting nits when no mapping exists.]
03-25 09:21:23.722 E/DisplayDeviceConfig( 1504): requesting nits when no mapping exists.
03-25 09:21:23.722 I/am_wtf ( 1504): [0,1504,system_server,-1,DisplayDeviceConfig,requesting nits when no mapping exists.]
03-25 09:21:23.739 E/DisplayDeviceConfig( 1504): requesting nits when no mapping exists.
03-25 09:21:23.739 I/am_wtf ( 1504): [0,1504,system_server,-1,DisplayDeviceConfig,requesting nits when no mapping exists.]
03-25 09:21:23.739 E/DisplayDeviceConfig( 1504): requesting nits when no mapping exists.
03-25 09:21:23.739 I/am_wtf ( 1504): [0,1504,system_server,-1,DisplayDeviceConfig,requesting nits when no mapping exists.]
03-25 09:21:23.755 E/DisplayDeviceConfig( 1504): requesting nits when no mapping exists.
03-25 09:21:23.756 I/am_wtf ( 1504): [0,1504,system_server,-1,DisplayDeviceConfig,requesting nits when no mapping exists.]
03-25 09:21:23.756 E/DisplayDeviceConfig( 1504): requesting nits when no mapping exists.
03-25 09:21:23.756 I/am_wtf ( 1504): [0,1504,system_server,-1,DisplayDeviceConfig,requesting nits when no mapping exists.]
03-25 09:21:23.772 E/DisplayDeviceConfig( 1504): requesting nits when no mapping exists.
03-25 09:21:23.772 I/am_wtf ( 1504): [0,1504,system_server,-1,DisplayDeviceConfig,requesting nits when no mapping exists.]
03-25 09:21:23.772 E/DisplayDeviceConfig( 1504): requesting nits when no mapping exists.
03-25 09:21:23.772 I/am_wtf ( 1504): [0,1504,system_server,-1,DisplayDeviceConfig,requesting nits when no mapping exists.]
03-25 09:21:23.789 E/DisplayDeviceConfig( 1504): requesting nits when no mapping exists.
03-25 09:21:23.789 I/am_wtf ( 1504): [0,1504,system_server,-1,DisplayDeviceConfig,requesting nits when no mapping exists.]
03-25 09:21:23.789 E/DisplayDeviceConfig( 1504): requesting nits when no mapping exists.
03-25 09:21:23.789 I/am_wtf ( 1504): [0,1504,system_server,-1,DisplayDeviceConfig,requesting nits when no mapping exists.]
03-25 09:21:23.806 E/DisplayDeviceConfig( 1504): requesting nits when no mapping exists.
03-25 09:21:23.806 I/am_wtf ( 1504): [0,1504,system_server,-1,DisplayDeviceConfig,requesting nits when no mapping exists.]
03-25 09:21:23.806 E/DisplayDeviceConfig( 1504): requesting nits when no mapping exists.
03-25 09:21:23.806 I/am_wtf ( 1504): [0,1504,system_server,-1,DisplayDeviceConfig,requesting nits when no mapping exists.]
03-25 09:21:23.822 E/DisplayDeviceConfig( 1504): requesting nits when no mapping exists.
03-25 09:21:23.822 I/am_wtf ( 1504): [0,1504,system_server,-1,DisplayDeviceConfig,requesting nits when no mapping exists.]
03-25 09:21:23.822 E/DisplayDeviceConfig( 1504): requesting nits when no mapping exists.
03-25 09:21:23.823 I/am_wtf ( 1504): [0,1504,system_server,-1,DisplayDeviceConfig,requesting nits when no mapping exists.]
03-25 09:21:23.839 E/DisplayDeviceConfig( 1504): requesting nits when no mapping exists.
03-25 09:21:23.839 I/am_wtf ( 1504): [0,1504,system_server,-1,DisplayDeviceConfig,requesting nits when no mapping exists.]
03-25 09:21:23.839 E/DisplayDeviceConfig( 1504): requesting nits when no mapping exists.
03-25 09:21:23.839 I/am_wtf ( 1504): [0,1504,system_server,-1,DisplayDeviceConfig,requesting nits when no mapping exists.]
03-25 09:21:23.856 E/DisplayDeviceConfig( 1504): requesting nits when no mapping exists.
03-25 09:21:23.856 I/am_wtf ( 1504): [0,1504,system_server,-1,DisplayDeviceConfig,requesting nits when no mapping exists.]
03-25 09:21:23.856 E/DisplayDeviceConfig( 1504): requesting nits when no mapping exists.
03-25 09:21:23.856 I/am_wtf ( 1504): [0,1504,system_server,-1,DisplayDeviceConfig,requesting nits when no mapping exists.]
03-25 09:21:23.872 E/DisplayDeviceConfig( 1504): requesting nits when no mapping exists.
03-25 09:21:23.872 I/am_wtf ( 1504): [0,1504,system_server,-1,DisplayDeviceConfig,requesting nits when no mapping exists.]
03-25 09:21:23.872 E/DisplayDeviceConfig( 1504): requesting nits when no mapping exists.
03-25 09:21:23.873 I/am_wtf ( 1504): [0,1504,system_server,-1,DisplayDeviceConfig,requesting nits when no mapping exists.]
03-25 09:21:23.889 E/DisplayDeviceConfig( 1504): requesting nits when no mapping exists.
03-25 09:21:23.889 I/am_wtf ( 1504): [0,1504,system_server,-1,DisplayDeviceConfig,requesting nits when no mapping exists.]
03-25 09:21:23.889 E/DisplayDeviceConfig( 1504): requesting nits when no mapping exists.
03-25 09:21:23.889 I/am_wtf ( 1504): [0,1504,system_server,-1,DisplayDeviceConfig,requesting nits when no mapping exists.]
01-03 09:55:58.541 I/ ( 0): read descriptors
01-03 09:55:58.541 I/ ( 0): read strings
01-03 09:55:58.968 I/IRQ 5 ( 0): no longer affine to CPU5
01-03 09:55:59.554 I/ ( 0): read descriptors
01-03 09:55:59.554 I/ ( 0): read strings
01-03 09:56:00.566 I/ ( 0): read descriptors
01-03 09:56:00.567 I/ ( 0): read strings
01-03 09:56:01.582 I/ ( 0): read descriptors
01-03 09:56:01.582 I/ ( 0): read strings
01-03 09:56:02.602 I/ ( 0): read descriptors
01-03 09:56:02.602 I/ ( 0): read strings
03-25 09:21:28.926 I/am_pss ( 1504): [3503,10091,com.android.providers.media.module,21790720,18038784,0,127524864,0,0,14]
03-25 09:21:28.939 I/am_pss ( 1504): [3073,10069,com.qualcomm.location,9555968,7409664,0,101085184,0,0,7]
01-03 09:56:03.618 I/ ( 0): read descriptors
01-03 09:56:03.618 I/ ( 0): read strings
01-03 09:56:04.634 I/ ( 0): read descriptors
01-03 09:56:04.634 I/ ( 0): read strings
01-03 09:56:05.650 I/ ( 0): read descriptors
01-03 09:56:05.650 I/ ( 0): read strings
01-03 09:56:06.666 I/ ( 0): read descriptors
01-03 09:56:06.666 I/ ( 0): read strings
01-03 09:56:07.682 I/ ( 0): read descriptors
01-03 09:56:07.682 I/ ( 0): read strings
01-03 09:56:08.702 I/ ( 0): read descriptors
01-03 09:56:08.702 I/ ( 0): read strings
01-03 09:56:09.718 I/ ( 0): read descriptors
01-03 09:56:09.718 I/ ( 0): read strings
01-03 09:56:10.734 I/ ( 0): read descriptors
01-03 09:56:10.734 I/ ( 0): read strings
01-03 09:56:11.754 I/ ( 0): read descriptors
01-03 09:56:11.754 I/ ( 0): read strings
01-03 09:56:12.770 I/ ( 0): read descriptors
01-03 09:56:12.770 I/ ( 0): read strings
01-03 09:56:13.761 I/ ( 0): boot log copy done
01-03 09:56:13.790 I/ ( 0): read descriptors
01-03 09:56:13.790 I/ ( 0): read strings
01-03 09:56:14.802 I/ ( 0): read descriptors
01-03 09:56:14.802 I/ ( 0): read strings
03-25 09:21:41.673 I/am_uid_idle( 1504): 10017
01-03 09:56:15.818 I/ ( 0): read descriptors
01-03 09:56:15.818 I/ ( 0): read strings
03-25 09:21:42.272 I/am_uid_idle( 1504): 10034
03-25 09:21:42.442 I/am_uid_idle( 1504): 10024
03-25 09:21:42.463 I/am_uid_idle( 1504): 10032
03-25 09:21:42.753 I/am_uid_idle( 1504): 10063
01-03 09:56:16.834 I/ ( 0): read descriptors
01-03 09:56:16.834 I/ ( 0): read strings
03-25 09:21:43.006 I/am_uid_idle( 1504): 10023
03-25 09:21:43.024 I/am_uid_idle( 1504): 10086
03-25 09:21:43.185 I/am_uid_idle( 1504): 10059
03-25 09:21:43.339 I/am_uid_idle( 1504): 10033
03-25 09:21:43.494 I/am_uid_idle( 1504): 10019
03-25 09:21:43.589 I/am_uid_idle( 1504): 2000
01-03 09:56:17.850 I/ ( 0): read descriptors
01-03 09:56:17.850 I/ ( 0): read strings
03-25 09:21:44.245 I/am_uid_idle( 1504): 10080
03-25 09:21:44.253 I/am_uid_idle( 1504): 10058
03-25 09:21:44.328 I/am_uid_idle( 1504): 10085
01-03 09:56:18.866 I/ ( 0): read descriptors
01-03 09:56:18.866 I/ ( 0): read strings
01-03 09:56:19.878 I/ ( 0): read descriptors
01-03 09:56:19.878 I/ ( 0): read strings
01-03 09:56:20.898 I/ ( 0): read descriptors
01-03 09:56:20.898 I/ ( 0): read strings
01-03 09:56:21.910 I/ ( 0): read descriptors
01-03 09:56:21.910 I/ ( 0): read strings
01-03 09:56:22.926 I/ ( 0): read descriptors
01-03 09:56:22.926 I/ ( 0): read strings
01-03 09:56:23.942 I/ ( 0): read descriptors
01-03 09:56:23.942 I/ ( 0): read strings
01-03 09:56:24.954 I/ ( 0): read descriptors
01-03 09:56:24.954 I/ ( 0): read strings
01-03 09:56:25.970 I/ ( 0): read descriptors
01-03 09:56:25.970 I/ ( 0): read strings
01-03 09:56:26.986 I/ ( 0): read descriptors
01-03 09:56:26.986 I/ ( 0): read strings
01-03 09:56:28.002 I/ ( 0): read descriptors
01-03 09:56:28.002 I/ ( 0): read strings
01-03 09:56:29.018 I/ ( 0): read descriptors
01-03 09:56:29.018 I/ ( 0): read strings
01-03 09:56:30.034 I/ ( 0): read descriptors
01-03 09:56:30.034 I/ ( 0): read strings
01-03 09:56:31.050 I/ ( 0): read descriptors
01-03 09:56:31.050 I/ ( 0): read strings
01-03 09:56:32.066 I/ ( 0): read descriptors
01-03 09:56:32.066 I/ ( 0): read strings
01-03 09:56:33.082 I/ ( 0): read descriptors
01-03 09:56:33.082 I/ ( 0): read strings
01-03 09:56:34.098 I/ ( 0): read descriptors
01-03 09:56:34.098 I/ ( 0): read strings
01-03 09:56:35.114 I/ ( 0): read descriptors
01-03 09:56:35.114 I/ ( 0): read strings
01-03 09:56:36.134 I/ ( 0): read descriptors
01-03 09:56:36.134 I/ ( 0): read strings
01-03 09:56:37.150 I/ ( 0): read descriptors
01-03 09:56:37.150 I/ ( 0): read strings
01-03 09:56:38.166 I/ ( 0): read descriptors
01-03 09:56:38.166 I/ ( 0): read strings
01-03 09:56:39.182 I/ ( 0): read descriptors
01-03 09:56:39.182 I/ ( 0): read strings
01-03 09:56:40.198 I/ ( 0): read descriptors
01-03 09:56:40.198 I/ ( 0): read strings
01-03 09:56:40.276 I/[schedu][0x94fafe8b][01:22:06.310282] wlan( 0): [2145:I:OSIF] scan start scan id 40963
01-03 09:56:41.218 I/ ( 0): read descriptors
01-03 09:56:41.218 I/ ( 0): read strings
01-03 09:56:41.450 I/[schedu][0x9652de93][01:22:07.484042] wlan( 0): [2145:I:OSIF] vdev 0, scan id 40963 type COMPLETED(1) reason COMPLETED(1) scan found 64 bss
01-03 09:56:42.234 I/ ( 0): read descriptors
01-03 09:56:42.234 I/ ( 0): read strings
01-03 09:56:43.250 I/ ( 0): read descriptors
01-03 09:56:43.250 I/ ( 0): read strings
01-03 09:56:44.266 I/ ( 0): read descriptors
01-03 09:56:44.266 I/ ( 0): read strings
01-03 09:56:44.371 I/qcom_rpmh DRV( 0): apps_rsc TCS Busy, retrying RPMH message send: addr=0x40d00
01-03 09:56:45.282 I/ ( 0): read descriptors
01-03 09:56:45.282 I/ ( 0): read strings
01-03 09:56:46.298 I/ ( 0): read descriptors
01-03 09:56:46.298 I/ ( 0): read strings
01-03 09:56:47.314 I/ ( 0): read descriptors
01-03 09:56:47.314 I/ ( 0): read strings
01-03 09:56:48.330 I/ ( 0): read descriptors
01-03 09:56:48.330 I/ ( 0): read strings
01-03 09:56:49.346 I/ ( 0): read descriptors
01-03 09:56:49.346 I/ ( 0): read strings
01-03 09:56:50.362 I/ ( 0): read descriptors
01-03 09:56:50.362 I/ ( 0): read strings
01-03 09:56:51.378 I/ ( 0): read descriptors
01-03 09:56:51.378 I/ ( 0): read strings
01-03 09:56:52.398 I/ ( 0): read descriptors
01-03 09:56:52.398 I/ ( 0): read strings
01-03 09:56:53.410 I/ ( 0): read descriptors
01-03 09:56:53.411 I/ ( 0): read strings
01-03 09:56:54.422 I/ ( 0): read descriptors
01-03 09:56:54.422 I/ ( 0): read strings
01-03 09:56:55.438 I/ ( 0): read descriptors
01-03 09:56:55.438 I/ ( 0): read strings
01-03 09:56:56.458 I/ ( 0): read descriptors
01-03 09:56:56.458 I/ ( 0): read strings
01-03 09:56:57.478 I/ ( 0): read descriptors
01-03 09:56:57.478 I/ ( 0): read strings
01-03 09:56:58.494 I/ ( 0): read descriptors
01-03 09:56:58.494 I/ ( 0): read strings
01-03 09:56:59.514 I/ ( 0): read descriptors
01-03 09:56:59.514 I/ ( 0): read strings
01-03 09:57:00.534 I/ ( 0): read descriptors
01-03 09:57:00.534 I/ ( 0): read strings
01-03 09:57:01.554 I/ ( 0): read descriptors
01-03 09:57:01.554 I/ ( 0): read strings
01-03 09:57:02.570 I/ ( 0): read descriptors
01-03 09:57:02.570 I/ ( 0): read strings
03-25 09:22:28.958 I/am_uid_idle( 1504): 10062
01-03 09:57:03.582 I/ ( 0): read descriptors
01-03 09:57:03.582 I/ ( 0): read strings
03-25 09:22:29.780 I/am_uid_idle( 1504): 10090
01-03 09:57:04.598 I/ ( 0): read descriptors
01-03 09:57:04.598 I/ ( 0): read strings
01-03 09:57:05.614 I/ ( 0): read descriptors
01-03 09:57:05.614 I/ ( 0): read strings
01-03 09:57:06.630 I/ ( 0): read descriptors
01-03 09:57:06.630 I/ ( 0): read strings
01-03 09:57:07.646 I/ ( 0): read descriptors
01-03 09:57:07.646 I/ ( 0): read strings
01-03 09:57:08.666 I/ ( 0): read descriptors
01-03 09:57:08.666 I/ ( 0): read strings
01-03 09:57:09.682 I/ ( 0): read descriptors
01-03 09:57:09.682 I/ ( 0): read strings
01-03 09:57:10.698 I/ ( 0): read descriptors
01-03 09:57:10.698 I/ ( 0): read strings
01-03 09:57:11.710 I/ ( 0): read descriptors
01-03 09:57:11.710 I/ ( 0): read strings
01-03 09:57:12.726 I/ ( 0): read descriptors
01-03 09:57:12.726 I/ ( 0): read strings
01-03 09:57:13.742 I/ ( 0): read descriptors
01-03 09:57:13.742 I/ ( 0): read strings
01-03 09:57:14.762 I/ ( 0): read descriptors
01-03 09:57:14.762 I/ ( 0): read strings
01-03 09:57:15.782 I/ ( 0): read descriptors
01-03 09:57:15.782 I/ ( 0): read strings
01-03 09:57:16.798 I/ ( 0): read descriptors
01-03 09:57:16.798 I/ ( 0): read strings
01-03 09:57:17.814 I/ ( 0): read descriptors
01-03 09:57:17.814 I/ ( 0): read strings
01-03 09:57:18.830 I/ ( 0): read descriptors
01-03 09:57:18.830 I/ ( 0): read strings
01-03 09:57:19.846 I/ ( 0): read descriptors
01-03 09:57:19.846 I/ ( 0): read strings
01-03 09:57:20.862 I/ ( 0): read descriptors
01-03 09:57:20.862 I/ ( 0): read strings
01-03 09:57:21.878 I/ ( 0): read descriptors
01-03 09:57:21.878 I/ ( 0): read strings
01-03 09:57:22.894 I/ ( 0): read descriptors
01-03 09:57:22.894 I/ ( 0): read strings
01-03 09:57:23.910 I/ ( 0): read descriptors
01-03 09:57:23.910 I/ ( 0): read strings
01-03 09:57:24.930 I/ ( 0): read descriptors
01-03 09:57:24.930 I/ ( 0): read strings
01-03 09:57:25.946 I/ ( 0): read descriptors
01-03 09:57:25.946 I/ ( 0): read strings
01-03 09:57:26.962 I/ ( 0): read descriptors
01-03 09:57:26.962 I/ ( 0): read strings
01-03 09:57:27.978 I/ ( 0): read descriptors
01-03 09:57:27.978 I/ ( 0): read strings
01-03 09:57:28.994 I/ ( 0): read descriptors
01-03 09:57:28.994 I/ ( 0): read strings
01-03 09:57:30.014 I/ ( 0): read descriptors
01-03 09:57:30.014 I/ ( 0): read strings
01-03 09:57:31.030 I/ ( 0): read descriptors
01-03 09:57:31.030 I/ ( 0): read strings
01-03 09:57:32.046 I/ ( 0): read descriptors
01-03 09:57:32.046 I/ ( 0): read strings
01-03 09:57:33.062 I/ ( 0): read descriptors
01-03 09:57:33.062 I/ ( 0): read strings
01-03 09:57:34.078 I/ ( 0): read descriptors
01-03 09:57:34.079 I/ ( 0): read strings
01-03 09:57:35.098 I/ ( 0): read descriptors
01-03 09:57:35.098 I/ ( 0): read strings
01-03 09:57:36.114 I/ ( 0): read descriptors
01-03 09:57:36.114 I/ ( 0): read strings
01-03 09:57:37.134 I/ ( 0): read descriptors
01-03 09:57:37.134 I/ ( 0): read strings
01-03 09:57:38.150 I/ ( 0): read descriptors
01-03 09:57:38.150 I/ ( 0): read strings
01-03 09:57:39.162 I/ ( 0): read descriptors
01-03 09:57:39.162 I/ ( 0): read strings
01-03 09:57:40.174 I/ ( 0): read descriptors
01-03 09:57:40.174 I/ ( 0): read strings
01-03 09:57:41.190 I/ ( 0): read descriptors
01-03 09:57:41.190 I/ ( 0): read strings
01-03 09:57:42.206 I/ ( 0): read descriptors
01-03 09:57:42.206 I/ ( 0): read strings
01-03 09:57:43.222 I/ ( 0): read descriptors
01-03 09:57:43.222 I/ ( 0): read strings
01-03 09:57:44.238 I/ ( 0): read descriptors
01-03 09:57:44.238 I/ ( 0): read strings
01-03 09:57:45.250 I/ ( 0): read descriptors
01-03 09:57:45.250 I/ ( 0): read strings
01-03 09:57:46.262 I/ ( 0): read descriptors
01-03 09:57:46.262 I/ ( 0): read strings
01-03 09:57:47.274 I/ ( 0): read descriptors
01-03 09:57:47.274 I/ ( 0): read strings
01-03 09:57:48.286 I/ ( 0): read descriptors
01-03 09:57:48.286 I/ ( 0): read strings
01-03 09:57:49.298 I/ ( 0): read descriptors
01-03 09:57:49.298 I/ ( 0): read strings
01-03 09:57:50.314 I/ ( 0): read descriptors
01-03 09:57:50.314 I/ ( 0): read strings
01-03 09:57:51.326 I/ ( 0): read descriptors
01-03 09:57:51.326 I/ ( 0): read strings
01-03 09:57:52.338 I/ ( 0): read descriptors
01-03 09:57:52.338 I/ ( 0): read strings
01-03 09:57:53.350 I/ ( 0): read descriptors
01-03 09:57:53.350 I/ ( 0): read strings
01-03 09:57:54.362 I/ ( 0): read descriptors
01-03 09:57:54.362 I/ ( 0): read strings
01-03 09:57:55.374 I/ ( 0): read descriptors
01-03 09:57:55.374 I/ ( 0): read strings
01-03 09:57:56.386 I/ ( 0): read descriptors
01-03 09:57:56.386 I/ ( 0): read strings
01-03 09:57:57.398 I/ ( 0): read descriptors
01-03 09:57:57.398 I/ ( 0): read strings
01-03 09:57:58.410 I/ ( 0): read descriptors
01-03 09:57:58.410 I/ ( 0): read strings
01-03 09:57:59.422 I/ ( 0): read descriptors
01-03 09:57:59.422 I/ ( 0): read strings
01-03 09:58:00.434 I/ ( 0): read descriptors
01-03 09:58:00.434 I/ ( 0): read strings
01-03 09:58:01.450 I/ ( 0): read descriptors
01-03 09:58:01.450 I/ ( 0): read strings
01-03 09:58:02.462 I/ ( 0): read descriptors
01-03 09:58:02.462 I/ ( 0): read strings
01-03 09:58:03.474 I/ ( 0): read descriptors
01-03 09:58:03.474 I/ ( 0): read strings
01-03 09:58:04.486 I/ ( 0): read descriptors
01-03 09:58:04.486 I/ ( 0): read strings
01-03 09:58:05.498 I/ ( 0): read descriptors
01-03 09:58:05.498 I/ ( 0): read strings
01-03 09:58:06.510 I/ ( 0): read descriptors
01-03 09:58:06.510 I/ ( 0): read strings
01-03 09:58:07.522 I/ ( 0): read descriptors
01-03 09:58:07.522 I/ ( 0): read strings
01-03 09:58:08.534 I/ ( 0): read descriptors
01-03 09:58:08.534 I/ ( 0): read strings
01-03 09:58:09.546 I/ ( 0): read descriptors
01-03 09:58:09.546 I/ ( 0): read strings
01-03 09:58:10.558 I/ ( 0): read descriptors
01-03 09:58:10.558 I/ ( 0): read strings
01-03 09:58:11.570 I/ ( 0): read descriptors
01-03 09:58:11.570 I/ ( 0): read strings
01-03 09:58:12.582 I/ ( 0): read descriptors
01-03 09:58:12.582 I/ ( 0): read strings
01-03 09:58:13.594 I/ ( 0): read descriptors
01-03 09:58:13.594 I/ ( 0): read strings
01-03 09:58:14.606 I/ ( 0): read descriptors
01-03 09:58:14.606 I/ ( 0): read strings
01-03 09:58:15.618 I/ ( 0): read descriptors
01-03 09:58:15.618 I/ ( 0): read strings
01-03 09:58:16.630 I/ ( 0): read descriptors
01-03 09:58:16.630 I/ ( 0): read strings
01-03 09:58:17.646 I/ ( 0): read descriptors
01-03 09:58:17.646 I/ ( 0): read strings
01-03 09:58:18.662 I/ ( 0): read descriptors
01-03 09:58:18.662 I/ ( 0): read strings
01-03 09:58:19.682 I/ ( 0): read descriptors
01-03 09:58:19.682 I/ ( 0): read strings
01-03 09:58:20.702 I/ ( 0): read descriptors
01-03 09:58:20.702 I/ ( 0): read strings
03-25 09:23:46.756 I/input_interaction( 1504): Interaction with: 6890016 com.thundercomm.screensaver/android.service.dreams.DreamActivity (server), edge-swipe (server), swipe-up (server), PointerEventDispatcher0 (server),
03-25 09:23:46.760 I/wm_finish_activity( 1504): [0,260914674,10,com.thundercomm.screensaver/android.service.dreams.DreamActivity,finish-activity]
03-25 09:23:46.760 I/wm_task_moved( 1504): [1,1,5]
03-25 09:23:46.762 I/wm_task_moved( 1504): [9,1,2147483647]
03-25 09:23:46.762 I/wm_task_to_front( 1504): [0,9]
03-25 09:23:46.762 I/wm_focused_root_task( 1504): [0,0,1,10,finish-top adjustFocusToNextFocusableTask]
03-25 09:23:46.762 I/wm_set_resumed_activity( 1504): [0,com.thundercomm.tcsetupwizard/.TcSetupStartActivity,finish-top adjustFocusToNextFocusableTask]
03-25 09:23:46.763 I/wm_pause_activity( 1504): [0,260914674,com.thundercomm.screensaver/android.service.dreams.DreamActivity,userLeaving=false,finish]
03-25 09:23:46.769 I/DreamManagerService( 1504): Gently waking up from dream.
03-25 09:23:46.770 I/DreamManagerService( 1504): Performing gentle wake from dream.
03-25 09:23:46.770 I/wm_on_top_resumed_lost_called( 4535): [260914674,android.service.dreams.DreamActivity,topStateChangedWhenResumed]
03-25 09:23:46.771 I/wm_on_paused_called( 4535): [260914674,android.service.dreams.DreamActivity,performPause]
03-25 09:23:46.772 I/wm_add_to_stopping( 1504): [0,260914674,com.thundercomm.screensaver/android.service.dreams.DreamActivity,completeFinishing]
03-25 09:23:46.773 I/ActivityTaskManager( 1504): FOREGROUND_APPLICATION_CHANGED to com.thundercomm.tcsetupwizard.TcSetupStartActivity
03-25 09:23:46.777 I/wm_set_resumed_activity( 1504): [0,com.thundercomm.tcsetupwizard/.TcSetupStartActivity,resumeTopActivityInnerLocked]
03-25 09:23:46.778 D/CompatibilityChangeReporter( 1504): Compat change id reported: 174042980; UID 1000; state: DISABLED
03-25 09:23:46.779 I/wm_resume_activity( 1504): [0,198658803,9,com.thundercomm.tcsetupwizard/.TcSetupStartActivity]
03-25 09:23:46.783 I/sysui_multi_action( 1504): [757,803,799,window_time_0,802,144]
03-25 09:23:46.784 I/sysui_multi_action( 1504): [757,803,799,window_time_0,802,0]
03-25 09:23:46.792 I/input_focus( 1504): [Focus leaving 6890016 com.thundercomm.screensaver/android.service.dreams.DreamActivity (server),reason=NO_WINDOW]
03-25 09:23:46.792 I/view_enqueue_input_event( 4535): [Motion - Cancel,com.thundercomm.screensaver/android.service.dreams.DreamActivity]
03-25 09:23:46.794 I/am_pss ( 1504): [2359,10090,com.android.permissioncontroller,14136320,11911168,0,105680896,0,19,6]
03-25 09:23:46.794 I/input_interaction( 1504): Interaction with: edge-swipe (server), swipe-up (server), PointerEventDispatcher0 (server),
03-25 09:23:46.796 I/wm_on_restart_called( 2657): [198658803,com.thundercomm.tcsetupwizard.TcSetupStartActivity,performRestartActivity]
03-25 09:23:46.796 I/wm_on_start_called( 2657): [198658803,com.thundercomm.tcsetupwizard.TcSetupStartActivity,handleStartActivity]
03-25 09:23:46.797 I/wm_on_resume_called( 2657): [198658803,com.thundercomm.tcsetupwizard.TcSetupStartActivity,RESUME_ACTIVITY]
03-25 09:23:46.797 I/wm_on_top_resumed_gained_called( 2657): [198658803,com.thundercomm.tcsetupwizard.TcSetupStartActivity,topWhenResuming]
03-25 09:23:46.800 I/am_pss ( 1504): [2838,10062,com.thundercomm.gamemode.provider,7626752,5902336,0,96288768,0,19,5]
03-25 09:23:46.804 I/input_focus( 1504): [Focus request 6a7adb7 com.thundercomm.tcsetupwizard/com.thundercomm.tcsetupwizard.TcSetupStartActivity,reason=UpdateInputWindows]
03-25 09:23:46.806 I/am_pss ( 1504): [4387,10053,com.qualcomm.qti.qms.service.trustzoneaccess,5417984,3792896,0,91041792,0,19,5]
03-25 09:23:46.812 I/am_pss ( 1504): [3771,10034,com.android.providers.calendar,7196672,5423104,0,97349632,0,19,5]
03-25 09:23:46.818 I/am_pss ( 1504): [3922,10063,com.android.gallery3d,7614464,5353472,0,95129600,0,19,5]
03-25 09:23:46.825 I/am_pss ( 1504): [3397,10019,android.process.media,10703872,8544256,0,103698432,0,10,5]
03-25 09:23:46.831 I/am_pss ( 1504): [4261,1000,com.android.localtransport,5272576,3772416,0,90898432,0,19,4]
03-25 09:23:46.837 I/am_pss ( 1504): [2972,10080,com.qualcomm.qti.qccauthmgr,6060032,4329472,0,95158272,0,19,5]
