03-25 09:30:39.592 E/DisplayDeviceConfig( 1504): requesting nits when no mapping exists.
03-25 09:30:39.592 E/DisplayDeviceConfig( 1504): requesting nits when no mapping exists.
03-25 09:30:39.592 I/am_wtf ( 1504): [0,1504,system_server,-1,DisplayDeviceConfig,requesting nits when no mapping exists.]
03-25 09:30:39.592 I/am_wtf ( 1504): [0,1504,system_server,-1,DisplayDeviceConfig,requesting nits when no mapping exists.]
03-25 09:30:39.608 E/DisplayDeviceConfig( 1504): requesting nits when no mapping exists.
03-25 09:30:39.608 E/DisplayDeviceConfig( 1504): requesting nits when no mapping exists.
03-25 09:30:39.608 I/am_wtf ( 1504): [0,1504,system_server,-1,DisplayDeviceConfig,requesting nits when no mapping exists.]
03-25 09:30:39.609 I/am_wtf ( 1504): [0,1504,system_server,-1,DisplayDeviceConfig,requesting nits when no mapping exists.]
03-25 09:30:39.625 E/DisplayDeviceConfig( 1504): requesting nits when no mapping exists.
03-25 09:30:39.625 I/am_wtf ( 1504): [0,1504,system_server,-1,DisplayDeviceConfig,requesting nits when no mapping exists.]
03-25 09:30:39.625 E/DisplayDeviceConfig( 1504): requesting nits when no mapping exists.
03-25 09:30:39.625 I/am_wtf ( 1504): [0,1504,system_server,-1,DisplayDeviceConfig,requesting nits when no mapping exists.]
03-25 09:30:39.642 E/DisplayDeviceConfig( 1504): requesting nits when no mapping exists.
03-25 09:30:39.642 I/am_wtf ( 1504): [0,1504,system_server,-1,DisplayDeviceConfig,requesting nits when no mapping exists.]
03-25 09:30:39.642 E/DisplayDeviceConfig( 1504): requesting nits when no mapping exists.
03-25 09:30:39.642 I/am_wtf ( 1504): [0,1504,system_server,-1,DisplayDeviceConfig,requesting nits when no mapping exists.]
03-25 09:30:39.658 E/DisplayDeviceConfig( 1504): requesting nits when no mapping exists.
03-25 09:30:39.658 I/am_wtf ( 1504): [0,1504,system_server,-1,DisplayDeviceConfig,requesting nits when no mapping exists.]
03-25 09:30:39.658 E/DisplayDeviceConfig( 1504): requesting nits when no mapping exists.
03-25 09:30:39.659 I/am_wtf ( 1504): [0,1504,system_server,-1,DisplayDeviceConfig,requesting nits when no mapping exists.]
03-25 09:30:39.675 E/DisplayDeviceConfig( 1504): requesting nits when no mapping exists.
03-25 09:30:39.675 I/am_wtf ( 1504): [0,1504,system_server,-1,DisplayDeviceConfig,requesting nits when no mapping exists.]
03-25 09:30:39.675 E/DisplayDeviceConfig( 1504): requesting nits when no mapping exists.
03-25 09:30:39.675 I/am_wtf ( 1504): [0,1504,system_server,-1,DisplayDeviceConfig,requesting nits when no mapping exists.]
03-25 09:30:39.692 E/DisplayDeviceConfig( 1504): requesting nits when no mapping exists.
03-25 09:30:39.692 I/am_wtf ( 1504): [0,1504,system_server,-1,DisplayDeviceConfig,requesting nits when no mapping exists.]
03-25 09:30:39.692 E/DisplayDeviceConfig( 1504): requesting nits when no mapping exists.
03-25 09:30:39.692 I/am_wtf ( 1504): [0,1504,system_server,-1,DisplayDeviceConfig,requesting nits when no mapping exists.]
03-25 09:30:39.708 E/DisplayDeviceConfig( 1504): requesting nits when no mapping exists.
03-25 09:30:39.709 I/am_wtf ( 1504): [0,1504,system_server,-1,DisplayDeviceConfig,requesting nits when no mapping exists.]
03-25 09:30:39.709 E/DisplayDeviceConfig( 1504): requesting nits when no mapping exists.
03-25 09:30:39.709 I/am_wtf ( 1504): [0,1504,system_server,-1,DisplayDeviceConfig,requesting nits when no mapping exists.]
03-25 09:30:39.725 E/DisplayDeviceConfig( 1504): requesting nits when no mapping exists.
03-25 09:30:39.725 I/am_wtf ( 1504): [0,1504,system_server,-1,DisplayDeviceConfig,requesting nits when no mapping exists.]
03-25 09:30:39.725 E/DisplayDeviceConfig( 1504): requesting nits when no mapping exists.
03-25 09:30:39.725 I/am_wtf ( 1504): [0,1504,system_server,-1,DisplayDeviceConfig,requesting nits when no mapping exists.]
03-25 09:30:39.742 E/DisplayDeviceConfig( 1504): requesting nits when no mapping exists.
03-25 09:30:39.742 I/am_wtf ( 1504): [0,1504,system_server,-1,DisplayDeviceConfig,requesting nits when no mapping exists.]
03-25 09:30:39.742 E/DisplayDeviceConfig( 1504): requesting nits when no mapping exists.
03-25 09:30:39.742 I/am_wtf ( 1504): [0,1504,system_server,-1,DisplayDeviceConfig,requesting nits when no mapping exists.]
03-25 09:30:39.759 E/DisplayDeviceConfig( 1504): requesting nits when no mapping exists.
03-25 09:30:39.759 I/am_wtf ( 1504): [0,1504,system_server,-1,DisplayDeviceConfig,requesting nits when no mapping exists.]
03-25 09:30:39.759 E/DisplayDeviceConfig( 1504): requesting nits when no mapping exists.
03-25 09:30:39.759 I/service_manager_stats( 1504): [100,23,7099]
03-25 09:30:39.759 I/am_wtf ( 1504): [0,1504,system_server,-1,DisplayDeviceConfig,requesting nits when no mapping exists.]
03-25 09:30:39.775 E/DisplayDeviceConfig( 1504): requesting nits when no mapping exists.
03-25 09:30:39.775 I/am_wtf ( 1504): [0,1504,system_server,-1,DisplayDeviceConfig,requesting nits when no mapping exists.]
03-25 09:30:39.775 E/DisplayDeviceConfig( 1504): requesting nits when no mapping exists.
03-25 09:30:39.776 I/am_wtf ( 1504): [0,1504,system_server,-1,DisplayDeviceConfig,requesting nits when no mapping exists.]
03-25 09:30:39.792 E/DisplayDeviceConfig( 1504): requesting nits when no mapping exists.
03-25 09:30:39.792 E/DisplayDeviceConfig( 1504): requesting nits when no mapping exists.
03-25 09:30:39.792 I/am_wtf ( 1504): [0,1504,system_server,-1,DisplayDeviceConfig,requesting nits when no mapping exists.]
03-25 09:30:39.792 I/am_wtf ( 1504): [0,1504,system_server,-1,DisplayDeviceConfig,requesting nits when no mapping exists.]
03-25 09:30:39.809 E/DisplayDeviceConfig( 1504): requesting nits when no mapping exists.
03-25 09:30:39.809 E/DisplayDeviceConfig( 1504): requesting nits when no mapping exists.
03-25 09:30:39.809 I/am_wtf ( 1504): [0,1504,system_server,-1,DisplayDeviceConfig,requesting nits when no mapping exists.]
03-25 09:30:39.809 I/am_wtf ( 1504): [0,1504,system_server,-1,DisplayDeviceConfig,requesting nits when no mapping exists.]
03-25 09:30:39.825 E/DisplayDeviceConfig( 1504): requesting nits when no mapping exists.
03-25 09:30:39.826 E/DisplayDeviceConfig( 1504): requesting nits when no mapping exists.
03-25 09:30:39.826 I/am_wtf ( 1504): [0,1504,system_server,-1,DisplayDeviceConfig,requesting nits when no mapping exists.]
03-25 09:30:39.826 I/am_wtf ( 1504): [0,1504,system_server,-1,DisplayDeviceConfig,requesting nits when no mapping exists.]
03-25 09:30:39.842 E/DisplayDeviceConfig( 1504): requesting nits when no mapping exists.
03-25 09:30:39.842 E/DisplayDeviceConfig( 1504): requesting nits when no mapping exists.
03-25 09:30:39.842 I/am_wtf ( 1504): [0,1504,system_server,-1,DisplayDeviceConfig,requesting nits when no mapping exists.]
03-25 09:30:39.842 I/am_wtf ( 1504): [0,1504,system_server,-1,DisplayDeviceConfig,requesting nits when no mapping exists.]
03-25 09:30:39.859 E/DisplayDeviceConfig( 1504): requesting nits when no mapping exists.
03-25 09:30:39.859 E/DisplayDeviceConfig( 1504): requesting nits when no mapping exists.
03-25 09:30:39.859 I/am_wtf ( 1504): [0,1504,system_server,-1,DisplayDeviceConfig,requesting nits when no mapping exists.]
03-25 09:30:39.859 I/am_wtf ( 1504): [0,1504,system_server,-1,DisplayDeviceConfig,requesting nits when no mapping exists.]
03-25 09:30:39.876 E/DisplayDeviceConfig( 1504): requesting nits when no mapping exists.
03-25 09:30:39.876 E/DisplayDeviceConfig( 1504): requesting nits when no mapping exists.
03-25 09:30:39.876 I/am_wtf ( 1504): [0,1504,system_server,-1,DisplayDeviceConfig,requesting nits when no mapping exists.]
03-25 09:30:39.876 I/am_wtf ( 1504): [0,1504,system_server,-1,DisplayDeviceConfig,requesting nits when no mapping exists.]
03-25 09:30:39.892 E/DisplayDeviceConfig( 1504): requesting nits when no mapping exists.
03-25 09:30:39.892 E/DisplayDeviceConfig( 1504): requesting nits when no mapping exists.
03-25 09:30:39.892 I/am_wtf ( 1504): [0,1504,system_server,-1,DisplayDeviceConfig,requesting nits when no mapping exists.]
03-25 09:30:39.892 I/am_wtf ( 1504): [0,1504,system_server,-1,DisplayDeviceConfig,requesting nits when no mapping exists.]
03-25 09:30:39.909 E/DisplayDeviceConfig( 1504): requesting nits when no mapping exists.
03-25 09:30:39.909 E/DisplayDeviceConfig( 1504): requesting nits when no mapping exists.
03-25 09:30:39.909 I/am_wtf ( 1504): [0,1504,system_server,-1,DisplayDeviceConfig,requesting nits when no mapping exists.]
03-25 09:30:39.909 I/am_wtf ( 1504): [0,1504,system_server,-1,DisplayDeviceConfig,requesting nits when no mapping exists.]
03-25 09:30:39.926 E/DisplayDeviceConfig( 1504): requesting nits when no mapping exists.
03-25 09:30:39.926 E/DisplayDeviceConfig( 1504): requesting nits when no mapping exists.
03-25 09:30:39.926 I/am_wtf ( 1504): [0,1504,system_server,-1,DisplayDeviceConfig,requesting nits when no mapping exists.]
03-25 09:30:39.926 I/am_wtf ( 1504): [0,1504,system_server,-1,DisplayDeviceConfig,requesting nits when no mapping exists.]
03-25 09:30:39.942 E/DisplayDeviceConfig( 1504): requesting nits when no mapping exists.
03-25 09:30:39.942 E/DisplayDeviceConfig( 1504): requesting nits when no mapping exists.
03-25 09:30:39.942 I/am_wtf ( 1504): [0,1504,system_server,-1,DisplayDeviceConfig,requesting nits when no mapping exists.]
03-25 09:30:39.943 I/am_wtf ( 1504): [0,1504,system_server,-1,DisplayDeviceConfig,requesting nits when no mapping exists.]
03-25 09:30:39.959 E/DisplayDeviceConfig( 1504): requesting nits when no mapping exists.
03-25 09:30:39.959 E/DisplayDeviceConfig( 1504): requesting nits when no mapping exists.
03-25 09:30:39.959 I/am_wtf ( 1504): [0,1504,system_server,-1,DisplayDeviceConfig,requesting nits when no mapping exists.]
03-25 09:30:39.959 I/am_wtf ( 1504): [0,1504,system_server,-1,DisplayDeviceConfig,requesting nits when no mapping exists.]
03-25 09:30:39.976 E/DisplayDeviceConfig( 1504): requesting nits when no mapping exists.
03-25 09:30:39.976 E/DisplayDeviceConfig( 1504): requesting nits when no mapping exists.
03-25 09:30:39.976 I/am_wtf ( 1504): [0,1504,system_server,-1,DisplayDeviceConfig,requesting nits when no mapping exists.]
03-25 09:30:39.976 I/am_wtf ( 1504): [0,1504,system_server,-1,DisplayDeviceConfig,requesting nits when no mapping exists.]
03-25 09:30:39.992 E/DisplayDeviceConfig( 1504): requesting nits when no mapping exists.
03-25 09:30:39.993 E/DisplayDeviceConfig( 1504): requesting nits when no mapping exists.
03-25 09:30:39.993 I/am_wtf ( 1504): [0,1504,system_server,-1,DisplayDeviceConfig,requesting nits when no mapping exists.]
03-25 09:30:39.993 I/am_wtf ( 1504): [0,1504,system_server,-1,DisplayDeviceConfig,requesting nits when no mapping exists.]
03-25 09:30:40.009 E/DisplayDeviceConfig( 1504): requesting nits when no mapping exists.
03-25 09:30:40.009 E/DisplayDeviceConfig( 1504): requesting nits when no mapping exists.
03-25 09:30:40.009 I/am_wtf ( 1504): [0,1504,system_server,-1,DisplayDeviceConfig,requesting nits when no mapping exists.]
03-25 09:30:40.009 I/am_wtf ( 1504): [0,1504,system_server,-1,DisplayDeviceConfig,requesting nits when no mapping exists.]
03-25 09:30:40.026 E/DisplayDeviceConfig( 1504): requesting nits when no mapping exists.
03-25 09:30:40.026 E/DisplayDeviceConfig( 1504): requesting nits when no mapping exists.
03-25 09:30:40.026 I/am_wtf ( 1504): [0,1504,system_server,-1,DisplayDeviceConfig,requesting nits when no mapping exists.]
03-25 09:30:40.026 I/am_wtf ( 1504): [0,1504,system_server,-1,DisplayDeviceConfig,requesting nits when no mapping exists.]
03-25 09:30:40.043 E/DisplayDeviceConfig( 1504): requesting nits when no mapping exists.
03-25 09:30:40.043 E/DisplayDeviceConfig( 1504): requesting nits when no mapping exists.
03-25 09:30:40.043 I/am_wtf ( 1504): [0,1504,system_server,-1,DisplayDeviceConfig,requesting nits when no mapping exists.]
03-25 09:30:40.043 I/am_wtf ( 1504): [0,1504,system_server,-1,DisplayDeviceConfig,requesting nits when no mapping exists.]
03-25 09:30:40.059 E/DisplayDeviceConfig( 1504): requesting nits when no mapping exists.
03-25 09:30:40.059 E/DisplayDeviceConfig( 1504): requesting nits when no mapping exists.
03-25 09:30:40.059 I/am_wtf ( 1504): [0,1504,system_server,-1,DisplayDeviceConfig,requesting nits when no mapping exists.]
03-25 09:30:40.060 I/am_wtf ( 1504): [0,1504,system_server,-1,DisplayDeviceConfig,requesting nits when no mapping exists.]
03-25 09:30:40.076 E/DisplayDeviceConfig( 1504): requesting nits when no mapping exists.
03-25 09:30:40.076 I/am_wtf ( 1504): [0,1504,system_server,-1,DisplayDeviceConfig,requesting nits when no mapping exists.]
03-25 09:30:40.076 E/DisplayDeviceConfig( 1504): requesting nits when no mapping exists.
03-25 09:30:40.076 I/am_wtf ( 1504): [0,1504,system_server,-1,DisplayDeviceConfig,requesting nits when no mapping exists.]
03-25 09:31:20.105 W/DeviceIdleController( 1504): motion timeout went off and device isn't stationary
03-25 09:31:20.146 I/am_pss ( 1504): [1504,1000,system,233314304,134385664,0,571445248,0,0,30]
03-25 09:31:20.156 I/am_pss ( 1504): [4535,10045,com.thundercomm.screensaver,49125376,42405888,0,168804352,0,2,8]
03-25 09:31:20.167 I/am_pss ( 1504): [2845,10075,com.android.launcher3,59857920,48857088,0,193576960,0,6,9]
03-25 09:31:20.176 I/am_pss ( 1504): [2338,1002,com.android.bluetooth,35317760,28774400,0,144830464,0,0,8]
03-25 09:31:20.182 I/am_pss ( 1504): [3425,10071,com.qualcomm.location.XT,6630400,4595712,0,92766208,0,6,5]
03-25 09:31:20.191 I/am_pss ( 1504): [3745,10026,com.baidu.input,86051840,79765504,0,202174464,0,7,9]
03-25 09:31:20.196 I/am_pss ( 1504): [3071,10092,android.ext.services,7611392,5406720,0,95735808,0,5,5]
03-25 09:31:20.201 I/am_pss ( 1504): [2574,1001,.dataservices,7901184,5857280,0,93597696,0,0,4]
03-25 09:31:20.207 I/am_pss ( 1504): [2504,1073,com.android.networkstack.process,13609984,10940416,0,106881024,0,0,4]
03-25 09:31:20.219 I/am_pss ( 1504): [2355,10077,com.android.systemui,231532544,201224192,0,411430912,0,0,11]
03-25 09:31:21.757 I/BackgroundDexOptService( 1504): Pinning optimized code {android}
01-03 10:05:56.809 I/binder ( 0): 1504:1774 ioctl 400c620e 77da8755d8 returned -22
01-03 10:05:56.810 I/binder ( 0): 1504:1774 ioctl c00c620f 77da8755b8 returned -22
03-25 09:31:22.842 D/ActivityManager( 1504): freezing 3669 android.process.acore
03-25 09:31:22.842 E/ActivityManager( 1504): Unable to freeze binder for 3669 android.process.acore
03-25 09:31:22.844 D/ActivityManager( 1504): froze 3669 android.process.acore
03-25 09:31:22.844 I/am_freeze( 1504): [3669,android.process.acore]
03-25 09:31:22.844 E/ActivityManager( 1504): Unable to freeze binder for 3669 android.process.acore
03-25 09:31:22.845 I/ActivityManager( 1504): Killing 3669:android.process.acore/u0a24 (adj 975): Unable to freeze binder interface
03-25 09:31:22.845 I/am_kill ( 1504): [0,3669,android.process.acore,975,Unable to freeze binder interface]
03-25 09:31:22.878 D/CountryDetector( 1504): No listener is left
03-25 09:31:22.879 I/am_proc_died( 1504): [0,3669,android.process.acore,975,19]
03-25 09:31:22.880 I/am_uid_stopped( 1504): 10024
03-25 09:31:22.888 I/am_pss ( 1504): [4110,10033,com.android.packageinstaller,7526400,5599232,0,90923008,0,19,5]
03-25 09:31:22.893 I/am_pss ( 1504): [3631,10023,com.android.managedprovisioning,9520128,7458816,0,95457280,0,19,5]
03-25 09:31:22.899 I/am_pss ( 1504): [2807,1000,com.qualcomm.qti.qdma,9805824,6610944,0,105742336,0,0,5]
03-25 09:31:22.905 I/am_pss ( 1504): [2751,1000,com.thundercomm.tcservice,9235456,7069696,0,96550912,0,0,6]
03-25 09:31:22.911 I/am_pss ( 1504): [2748,1000,com.thundercomm.remotecontrolservice,11364352,8757248,0,102305792,0,0,5]
03-25 09:31:22.916 I/am_pss ( 1504): [2744,1068,com.android.se,6027264,3993600,0,91234304,0,0,5]
03-25 09:31:22.921 I/am_pss ( 1504): [2649,1000,com.tc.logclient,7681024,5382144,0,97718272,0,0,5]
03-25 09:31:22.926 I/am_pss ( 1504): [2661,1000,vendor.qti.qesdk.sysservice,5690368,3674112,0,90902528,0,0,5]
03-25 09:31:22.931 I/am_pss ( 1504): [2673,10083,com.qti.qualcomm.mstatssystemservice,5698560,3739648,0,89440256,0,0,4]
03-25 09:31:22.936 I/am_pss ( 1504): [2638,1000,com.thundercomm.tchttpserver,8064000,5988352,0,93671424,0,0,4]
03-25 09:31:22.941 I/am_pss ( 1504): [2609,10052,.qtidataservices,6064128,4071424,0,90886144,0,0,4]
03-25 09:31:22.947 I/am_pss ( 1504): [2571,1000,com.thundercomm.microsettings,26766336,23633920,0,115613696,0,0,5]
03-25 09:31:22.952 I/am_pss ( 1504): [2569,1000,com.thundercomm.microservice,9324544,7221248,0,95559680,0,0,5]
03-25 09:31:22.959 I/am_pss ( 1504): [2552,1000,com.thundercomm.gamemode,28347392,21991424,0,135725056,0,0,6]
03-25 09:31:45.141 I/am_uid_idle( 1504): 10062
03-25 09:33:05.050 I/input_interaction( 1504): Interaction with: 3bbc689 com.thundercomm.screensaver/android.service.dreams.DreamActivity (server), edge-swipe (server), swipe-up (server), PointerEventDispatcher0 (server),
03-25 09:33:05.053 I/wm_finish_activity( 1504): [0,122932877,14,com.thundercomm.screensaver/android.service.dreams.DreamActivity,finish-activity]
03-25 09:33:05.053 I/wm_task_moved( 1504): [1,1,6]
03-25 09:33:05.054 I/wm_task_moved( 1504): [11,1,2147483647]
03-25 09:33:05.054 I/wm_task_to_front( 1504): [0,11]
03-25 09:33:05.054 I/wm_focused_root_task( 1504): [0,0,1,14,finish-top adjustFocusToNextFocusableTask]
03-25 09:33:05.055 I/wm_set_resumed_activity( 1504): [0,com.android.launcher3/.uioverrides.QuickstepLauncher,finish-top adjustFocusToNextFocusableTask]
03-25 09:33:05.056 I/wm_pause_activity( 1504): [0,122932877,com.thundercomm.screensaver/android.service.dreams.DreamActivity,userLeaving=false,finish]
03-25 09:33:05.062 I/sysui_multi_action( 1504): [757,803,799,window_time_0,802,146]
03-25 09:33:05.062 I/DreamManagerService( 1504): Gently waking up from dream.
03-25 09:33:05.064 I/DreamManagerService( 1504): Performing gentle wake from dream.
03-25 09:33:05.064 I/wm_on_top_resumed_lost_called( 4535): [122932877,android.service.dreams.DreamActivity,topStateChangedWhenResumed]
03-25 09:33:05.065 I/wm_on_paused_called( 4535): [122932877,android.service.dreams.DreamActivity,performPause]
03-25 09:33:05.065 I/wm_add_to_stopping( 1504): [0,122932877,com.thundercomm.screensaver/android.service.dreams.DreamActivity,completeFinishing]
03-25 09:33:05.066 I/ActivityTaskManager( 1504): FOREGROUND_APPLICATION_CHANGED to com.android.launcher3.uioverrides.QuickstepLauncher
03-25 09:33:05.068 I/wm_set_resumed_activity( 1504): [0,com.android.launcher3/.uioverrides.QuickstepLauncher,resumeTopActivityInnerLocked]
03-25 09:33:05.069 I/wm_resume_activity( 1504): [0,31052584,11,com.android.launcher3/.uioverrides.QuickstepLauncher]
03-25 09:33:05.075 I/sysui_multi_action( 1504): [757,803,799,window_time_0,802,0]
03-25 09:33:05.082 I/wm_on_restart_called( 2845): [31052584,com.android.launcher3.uioverrides.QuickstepLauncher,performRestartActivity]
03-25 09:33:05.082 I/wm_on_start_called( 2845): [31052584,com.android.launcher3.uioverrides.QuickstepLauncher,handleStartActivity]
03-25 09:33:05.082 I/wm_on_resume_called( 2845): [31052584,com.android.launcher3.uioverrides.QuickstepLauncher,RESUME_ACTIVITY]
03-25 09:33:05.082 I/wm_on_top_resumed_gained_called( 2845): [31052584,com.android.launcher3.uioverrides.QuickstepLauncher,topWhenResuming]
03-25 09:33:05.084 I/am_pss ( 1504): [3503,10091,com.android.providers.media.module,23584768,19333120,0,128802816,0,0,7]
03-25 09:33:05.085 I/view_enqueue_input_event( 4535): [Motion - Cancel,com.thundercomm.screensaver/android.service.dreams.DreamActivity]
03-25 09:33:05.085 I/am_uid_active( 1504): 10062
03-25 09:33:05.086 I/input_focus( 1504): [Focus leaving 3bbc689 com.thundercomm.screensaver/android.service.dreams.DreamActivity (server),reason=NO_WINDOW]
03-25 09:33:05.087 I/input_interaction( 1504): Interaction with: edge-swipe (server), swipe-up (server), PointerEventDispatcher0 (server),
03-25 09:33:05.091 I/am_pss ( 1504): [3073,10069,com.qualcomm.location,10307584,7479296,0,103133184,0,0,6]
03-25 09:33:05.095 I/input_focus( 1504): [Focus request d5729f7 com.android.launcher3/com.android.launcher3.uioverrides.QuickstepLauncher,reason=UpdateInputWindows]
03-25 09:33:05.116 I/PowerManagerService( 1504): Powering on display group fromDreaming (groupId=0, uid=1000, reason=WAKE_REASON_UNKNOWN, details=android.server.power:DREAM_FINISHED)...
03-25 09:33:05.116 I/PowerManagerService( 1504): Waking up from Dreaming (uid=1000, reason=WAKE_REASON_UNKNOWN, details=android.server.power:DREAM_FINISHED)...
03-25 09:33:05.126 I/input_focus( 1504): [Focus entering d5729f7 com.android.launcher3/com.android.launcher3.uioverrides.QuickstepLauncher (server),reason=Window became focusable. Previous reason: NOT_VISIBLE]
03-25 09:33:05.171 W/FreeFormWindowHelper( 1504): Current Display FreeFormTask is null
03-25 09:33:05.364 I/wm_destroy_activity( 1504): [0,122932877,14,com.thundercomm.screensaver/android.service.dreams.DreamActivity,finish-imm:idle]
03-25 09:33:05.383 I/wm_on_stop_called( 4535): [122932877,android.service.dreams.DreamActivity,LIFECYCLER_STOP_ACTIVITY]
03-25 09:33:05.385 I/wm_on_destroy_called( 4535): [122932877,android.service.dreams.DreamActivity,performDestroy]
03-25 09:33:05.385 I/DreamManagerService( 1504): Leaving dreamland.
03-25 09:33:05.386 I/DreamManagerService( 1504): Performing gentle wake from dream.
03-25 09:33:05.386 I/DreamController( 1504): Stopping dream: name=ComponentInfo{com.thundercomm.screensaver/com.thundercomm.screensaver.service.SystemDream}, isTest=false, canDoze=false, userId=0, reason='finished self'(from 'finished self')
03-25 09:33:05.386 I/sysui_multi_action( 1504): [757,222,758,2]
03-25 09:33:05.386 I/sysui_multi_action( 1504): [757,804,799,dreaming_minutes,801,2,802,1]
03-25 09:33:05.395 I/wm_task_removed( 1504): [14,removeChild:removeChild last r=ActivityRecord{753ce8d u0 com.thundercomm.screensaver/android.service.dreams.DreamActivity t-1 f}} in t=Task{cf7c6cb #14 type=dream A=10045:android:com.thundercomm.screensaver/dream U=0 visible=false mode=fullscreen translucent=true sz=0}]
03-25 09:33:05.395 I/wm_task_removed( 1504): [14,removeChild]
03-25 09:33:05.396 W/ActivityTaskManager( 1504): Can't find TaskDisplayArea to determine support for multi window. Task id=14 attached=false
03-25 09:33:06.178 I/input_interaction( 1504): Interaction with: 300cccc StatusBar (server), edge-swipe (server), swipe-up (server), PointerEventDispatcher0 (server),
03-25 09:33:06.184 I/sysui_multi_action( 2355): [757,803,799,panel_open,802,1]
03-25 09:33:06.186 I/sysui_multi_action( 2355): [757,1328,758,4,1326,41,1327,1,1329,0]
03-25 09:33:06.249 I/sysui_multi_action( 1504): [757,127,758,1]
03-25 09:33:06.249 I/sysui_multi_action( 1504): [757,804,799,note_load,801,3,802,1]
03-25 09:33:06.250 I/notification_panel_revealed( 1504): 3
03-25 09:33:06.262 I/input_focus( 1504): [Focus request 94683a3 NotificationShade,reason=UpdateInputWindows]
03-25 09:33:06.275 I/sysui_multi_action( 1504): [757,128,758,1,793,500461,794,0,795,500461,796,26,798,0,806,android,857,DEVELOPER_IMPORTANT,858,4,947,0,1395,3,1500,500258,1688,1]
03-25 09:33:06.275 I/sysui_multi_action( 1504): [757,804,799,note_freshness,801,500461,802,1]
03-25 09:33:06.275 I/notification_visibility( 1504): [-1|android|26|null|1000,1,500461,500461,0,0]
03-25 09:33:06.276 I/sysui_multi_action( 1504): [757,128,758,1,793,763853,794,0,795,763853,796,17303299,797,com.android.wifi,798,1,806,android,857,NETWORK_AVAILABLE,858,2,947,0,1395,3,1500,763648,1688,1]
03-25 09:33:06.276 I/sysui_multi_action( 1504): [757,804,799,note_freshness,801,763853,802,1]
03-25 09:33:06.276 I/notification_visibility( 1504): [0|android|17303299|com.android.wifi|1000,1,763853,763853,0,1]
03-25 09:33:06.276 I/sysui_multi_action( 1504): [757,128,758,1,793,764649,794,0,795,764649,796,32,798,2,806,android,857,USB,858,1,947,0,1395,3,1500,764447,1688,1]
03-25 09:33:06.276 I/sysui_multi_action( 1504): [757,804,799,note_freshness,801,764649,802,1]
03-25 09:33:06.276 I/notification_visibility( 1504): [-1|android|32|null|1000,1,764649,764649,0,2]
03-25 09:33:06.280 I/input_focus( 1504): [Focus leaving d5729f7 com.android.launcher3/com.android.launcher3.uioverrides.QuickstepLauncher (server),reason=setFocusedWindow]
03-25 09:33:06.281 I/input_focus( 1504): [Focus entering 94683a3 NotificationShade (server),reason=setFocusedWindow]
03-25 09:33:06.329 I/sysui_multi_action( 2355): [757,111,758,1]
03-25 09:33:06.329 I/sysui_multi_action( 2355): [757,126,758,1,759,126,927,0,928,1,1593,0]
03-25 09:33:06.329 I/sysui_multi_action( 2355): [757,113,758,1,759,113,927,1,928,1,1593,0]
03-25 09:33:06.329 I/sysui_multi_action( 2355): [757,0,758,1,759,0,927,2,928,0,1593,0]
03-25 09:33:06.330 I/sysui_multi_action( 2355): [757,0,758,1,759,0,927,3,928,0,1593,0]
03-25 09:33:06.330 I/sysui_multi_action( 2355): [757,491,758,1,759,491,927,4,928,0,1311,-1,1593,0]
03-25 09:33:06.330 I/sysui_multi_action( 2355): [757,0,758,1,759,0,927,5,928,0,1593,0]
03-25 09:33:06.331 I/sysui_multi_action( 2355): [757,111,758,1]
03-25 09:33:06.331 I/sysui_multi_action( 2355): [757,126,758,1,759,126,927,0,928,1,1593,0]
03-25 09:33:06.331 I/sysui_multi_action( 2355): [757,113,758,1,759,113,927,1,928,1,1593,0]
03-25 09:33:06.331 I/sysui_multi_action( 2355): [757,0,758,1,759,0,927,2,928,0,1593,0]
03-25 09:33:06.331 I/sysui_multi_action( 2355): [757,0,758,1,759,0,927,3,928,0,1593,0]
03-25 09:33:07.539 I/input_interaction( 1504): Interaction with: 94683a3 NotificationShade (server), edge-swipe (server), swipe-up (server), PointerEventDispatcher0 (server),
03-25 09:33:07.986 I/sysui_multi_action( 2355): [757,111,758,2]
03-25 09:33:07.987 I/sysui_multi_action( 2355): [757,111,758,2]
03-25 09:33:08.156 I/input_interaction( 1504): Interaction with: 94683a3 NotificationShade (server), 6988180 com.android.systemui.ImageWallpaper (server), edge-swipe (server), swipe-up (server), PointerEventDispatcher0 (server),
03-25 09:33:08.338 I/input_focus( 1504): [Focus request d5729f7 com.android.launcher3/com.android.launcher3.uioverrides.QuickstepLauncher,reason=UpdateInputWindows]
03-25 09:33:08.345 I/sysui_multi_action( 1504): [757,128,758,2,793,502531,794,2070,795,502531,796,26,798,0,806,android,857,DEVELOPER_IMPORTANT,858,4,947,0,1395,3,1500,502328,1688,1]
03-25 09:33:08.345 I/notification_visibility( 1504): [-1|android|26|null|1000,0,502531,502531,0,0]
03-25 09:33:08.346 I/sysui_multi_action( 1504): [757,128,758,2,793,765924,794,2071,795,765924,796,17303299,797,com.android.wifi,798,1,806,android,857,NETWORK_AVAILABLE,858,2,947,0,1395,3,1500,765719,1688,1]
03-25 09:33:08.346 I/notification_visibility( 1504): [0|android|17303299|com.android.wifi|1000,0,765924,765924,0,1]
03-25 09:33:08.346 I/sysui_multi_action( 1504): [757,128,758,2,793,766719,794,2070,795,766719,796,32,798,2,806,android,857,USB,858,1,947,0,1395,3,1500,766517,1688,1]
03-25 09:33:08.346 I/notification_visibility( 1504): [-1|android|32|null|1000,0,766719,766719,0,2]
03-25 09:33:08.346 I/sysui_multi_action( 1504): [757,127,758,2]
03-25 09:33:08.347 I/notification_panel_hidden( 1504):
03-25 09:33:08.352 I/input_focus( 1504): [Focus leaving 94683a3 NotificationShade (server),reason=NOT_FOCUSABLE]
03-25 09:33:08.353 I/input_focus( 1504): [Focus entering d5729f7 com.android.launcher3/com.android.launcher3.uioverrides.QuickstepLauncher (server),reason=setFocusedWindow]
03-25 09:33:08.993 I/input_interaction( 1504): Interaction with: d5729f7 com.android.launcher3/com.android.launcher3.uioverrides.QuickstepLauncher (server), 6988180 com.android.systemui.ImageWallpaper (server), edge-swipe (server), swipe-up (server), PointerEventDispatcher0 (server),
03-25 09:33:09.021 W/FreeFormWindowHelper( 1504): Current Display FreeFormTask is null
03-25 09:33:09.022 W/FreeFormWindowHelper( 1504): Current Display FreeFormTask is null
03-25 09:33:09.040 W/FreeFormWindowHelper( 1504): Current Display FreeFormTask is null
03-25 09:33:09.040 W/FreeFormWindowHelper( 1504): Current Display FreeFormTask is null
03-25 09:33:09.041 I/view_enqueue_input_event( 2845): [Motion - Cancel,com.android.launcher3/com.android.launcher3.uioverrides.QuickstepLauncher]
03-25 09:33:09.042 W/FreeFormWindowHelper( 1504): Current Display FreeFormTask is null
03-25 09:33:09.044 W/FreeFormWindowHelper( 1504): Current Display FreeFormTask is null
03-25 09:33:09.046 W/FreeFormWindowHelper( 1504): Current Display FreeFormTask is null
03-25 09:33:09.046 W/FreeFormWindowHelper( 1504): Current Display FreeFormTask is null
03-25 09:33:09.052 I/input_interaction( 1504): Interaction with: edge-swipe (server), swipe-up (server), PointerEventDispatcher0 (server),
03-25 09:33:09.055 W/ActivityTaskManager( 1504): getTaskSnapshot: taskId=308 not found
03-25 09:33:09.058 W/ActivityTaskManager( 1504): getTaskSnapshot: taskId=308 not found
03-25 09:33:09.058 W/ActivityTaskManager( 1504): getTaskSnapshot: taskId=308 not found
03-25 09:33:09.059 W/ActivityTaskManager( 1504): getTaskSnapshot: taskId=308 not found
03-25 09:33:09.060 W/ActivityTaskManager( 1504): getTaskSnapshot: taskId=308 not found
03-25 09:33:09.069 W/FreeFormWindowHelper( 1504): Current Display FreeFormTask is null
03-25 09:33:09.069 W/FreeFormWindowHelper( 1504): Current Display FreeFormTask is null
03-25 09:33:09.229 I/commit_sys_config_file( 1504): [settings-1-0,8]
03-25 09:33:09.444 W/FreeFormWindowHelper( 1504): Current Display FreeFormTask is null
03-25 09:33:09.444 W/FreeFormWindowHelper( 1504): Current Display FreeFormTask is null
03-25 09:33:09.455 W/FreeFormWindowHelper( 1504): Current Display FreeFormTask is null
03-25 09:33:09.455 W/FreeFormWindowHelper( 1504): Current Display FreeFormTask is null
03-25 09:33:09.471 W/FreeFormWindowHelper( 1504): Current Display FreeFormTask is null
03-25 09:33:09.471 W/FreeFormWindowHelper( 1504): Current Display FreeFormTask is null
03-25 09:33:09.487 W/FreeFormWindowHelper( 1504): Current Display FreeFormTask is null
03-25 09:33:09.487 W/FreeFormWindowHelper( 1504): Current Display FreeFormTask is null
03-25 09:33:09.504 W/FreeFormWindowHelper( 1504): Current Display FreeFormTask is null
03-25 09:33:09.504 W/FreeFormWindowHelper( 1504): Current Display FreeFormTask is null
03-25 09:33:09.521 W/FreeFormWindowHelper( 1504): Current Display FreeFormTask is null
03-25 09:33:09.521 W/FreeFormWindowHelper( 1504): Current Display FreeFormTask is null
03-25 09:33:09.538 W/FreeFormWindowHelper( 1504): Current Display FreeFormTask is null
03-25 09:33:09.538 W/FreeFormWindowHelper( 1504): Current Display FreeFormTask is null
03-25 09:33:09.556 W/FreeFormWindowHelper( 1504): Current Display FreeFormTask is null
03-25 09:33:09.556 W/FreeFormWindowHelper( 1504): Current Display FreeFormTask is null
03-25 09:33:09.572 W/FreeFormWindowHelper( 1504): Current Display FreeFormTask is null
03-25 09:33:09.572 W/FreeFormWindowHelper( 1504): Current Display FreeFormTask is null
03-25 09:33:09.589 W/FreeFormWindowHelper( 1504): Current Display FreeFormTask is null
03-25 09:33:09.589 W/FreeFormWindowHelper( 1504): Current Display FreeFormTask is null
03-25 09:33:09.605 W/FreeFormWindowHelper( 1504): Current Display FreeFormTask is null
03-25 09:33:09.605 W/FreeFormWindowHelper( 1504): Current Display FreeFormTask is null
03-25 09:33:09.622 W/FreeFormWindowHelper( 1504): Current Display FreeFormTask is null
03-25 09:33:09.622 W/FreeFormWindowHelper( 1504): Current Display FreeFormTask is null
03-25 09:33:09.633 I/commit_sys_config_file( 1504): [settings-1-0,4]
03-25 09:33:09.639 W/FreeFormWindowHelper( 1504): Current Display FreeFormTask is null
03-25 09:33:09.639 W/FreeFormWindowHelper( 1504): Current Display FreeFormTask is null
03-25 09:33:09.655 W/FreeFormWindowHelper( 1504): Current Display FreeFormTask is null
03-25 09:33:09.655 W/FreeFormWindowHelper( 1504): Current Display FreeFormTask is null
03-25 09:33:09.672 W/FreeFormWindowHelper( 1504): Current Display FreeFormTask is null
03-25 09:33:09.672 W/FreeFormWindowHelper( 1504): Current Display FreeFormTask is null
03-25 09:33:09.692 W/FreeFormWindowHelper( 1504): Current Display FreeFormTask is null
03-25 09:33:09.692 W/FreeFormWindowHelper( 1504): Current Display FreeFormTask is null
03-25 09:33:09.707 W/FreeFormWindowHelper( 1504): Current Display FreeFormTask is null
03-25 09:33:09.707 W/FreeFormWindowHelper( 1504): Current Display FreeFormTask is null
03-25 09:33:09.725 W/FreeFormWindowHelper( 1504): Current Display FreeFormTask is null
03-25 09:33:09.726 W/FreeFormWindowHelper( 1504): Current Display FreeFormTask is null
03-25 09:33:09.746 W/FreeFormWindowHelper( 1504): Current Display FreeFormTask is null
03-25 09:33:09.747 W/FreeFormWindowHelper( 1504): Current Display FreeFormTask is null
03-25 09:33:09.748 W/FreeFormWindowHelper( 1504): Current Display FreeFormTask is null
03-25 09:33:09.777 W/FreeFormWindowHelper( 1504): Current Display FreeFormTask is null
03-25 09:33:09.777 W/FreeFormWindowHelper( 1504): Current Display FreeFormTask is null
03-25 09:33:10.274 I/input_interaction( 1504): Interaction with: d5729f7 com.android.launcher3/com.android.launcher3.uioverrides.QuickstepLauncher (server), 6988180 com.android.systemui.ImageWallpaper (server), edge-swipe (server), swipe-up (server), PointerEventDispatcher0 (server),
03-25 09:33:10.425 W/FreeFormWindowHelper( 1504): exitRecentTasks type=0
03-25 09:33:12.270 I/sysui_multi_action( 1504): [757,127,758,1]
03-25 09:33:12.270 I/sysui_multi_action( 1504): [757,804,799,note_load,801,3,802,1]
03-25 09:33:12.270 I/notification_panel_revealed( 1504): 3
03-25 09:33:12.283 I/input_focus( 1504): [Focus request 94683a3 NotificationShade,reason=UpdateInputWindows]
03-25 09:33:12.297 I/sysui_multi_action( 1504): [757,128,758,1,793,506483,794,0,795,506483,796,26,798,0,806,android,857,DEVELOPER_IMPORTANT,858,4,947,0,1395,3,1500,506280,1688,1]
03-25 09:33:12.297 I/sysui_multi_action( 1504): [757,804,799,note_freshness,801,506483,802,1]
03-25 09:33:12.297 I/notification_visibility( 1504): [-1|android|26|null|1000,1,506483,506483,0,0]
03-25 09:33:12.297 I/sysui_multi_action( 1504): [757,128,758,1,793,769875,794,0,795,769875,796,17303299,797,com.android.wifi,798,1,806,android,857,NETWORK_AVAILABLE,858,2,947,0,1395,3,1500,769670,1688,1]
03-25 09:33:12.297 I/sysui_multi_action( 1504): [757,804,799,note_freshness,801,769875,802,1]
03-25 09:33:12.298 I/notification_visibility( 1504): [0|android|17303299|com.android.wifi|1000,1,769875,769875,0,1]
03-25 09:33:12.298 I/sysui_multi_action( 1504): [757,128,758,1,793,770671,794,0,795,770671,796,32,798,2,806,android,857,USB,858,1,947,0,1395,3,1500,770469,1688,1]
03-25 09:33:12.298 I/sysui_multi_action( 1504): [757,804,799,note_freshness,801,770671,802,1]
03-25 09:33:12.298 I/notification_visibility( 1504): [-1|android|32|null|1000,1,770671,770671,0,2]
03-25 09:33:12.311 I/input_focus( 1504): [Focus leaving d5729f7 com.android.launcher3/com.android.launcher3.uioverrides.QuickstepLauncher (server),reason=setFocusedWindow]
03-25 09:33:12.311 I/input_focus( 1504): [Focus entering 94683a3 NotificationShade (server),reason=setFocusedWindow]
03-25 09:33:12.366 I/input_focus( 1504): [Focus request d5729f7 com.android.launcher3/com.android.launcher3.uioverrides.QuickstepLauncher,reason=UpdateInputWindows]
03-25 09:33:12.385 I/input_focus( 1504): [Focus request 94683a3 NotificationShade,reason=UpdateInputWindows]
03-25 09:33:12.395 I/input_focus( 1504): [Focus leaving 94683a3 NotificationShade (server),reason=NOT_FOCUSABLE]
03-25 09:33:12.395 I/input_focus( 1504): [Focus entering d5729f7 com.android.launcher3/com.android.launcher3.uioverrides.QuickstepLauncher (server),reason=setFocusedWindow]
03-25 09:33:12.411 I/input_focus( 1504): [Focus leaving d5729f7 com.android.launcher3/com.android.launcher3.uioverrides.QuickstepLauncher (server),reason=setFocusedWindow]
03-25 09:33:12.411 I/input_focus( 1504): [Focus entering 94683a3 NotificationShade (server),reason=setFocusedWindow]
03-25 09:33:12.443 I/sysui_multi_action( 2355): [757,111,758,1]
03-25 09:33:12.444 I/sysui_multi_action( 2355): [757,126,758,1,759,126,927,0,928,1,1593,0]
03-25 09:33:12.444 I/sysui_multi_action( 2355): [757,113,758,1,759,113,927,1,928,1,1593,0]
03-25 09:33:12.444 I/sysui_multi_action( 2355): [757,0,758,1,759,0,927,2,928,0,1593,0]
03-25 09:33:12.444 I/sysui_multi_action( 2355): [757,0,758,1,759,0,927,3,928,0,1593,0]
03-25 09:33:12.445 I/sysui_multi_action( 2355): [757,491,758,1,759,491,927,4,928,0,1311,-1,1593,0]
03-25 09:33:12.445 I/sysui_multi_action( 2355): [757,0,758,1,759,0,927,5,928,0,1593,0]
03-25 09:33:12.445 I/sysui_multi_action( 2355): [757,111,758,1]
03-25 09:33:12.445 I/sysui_multi_action( 2355): [757,126,758,1,759,126,927,0,928,1,1593,0]
03-25 09:33:12.445 I/sysui_multi_action( 2355): [757,113,758,1,759,113,927,1,928,1,1593,0]
03-25 09:33:12.445 I/sysui_multi_action( 2355): [757,0,758,1,759,0,927,2,928,0,1593,0]
03-25 09:33:12.446 I/sysui_multi_action( 2355): [757,0,758,1,759,0,927,3,928,0,1593,0]
03-25 09:33:12.643 I/input_interaction( 1504): Interaction with: 94683a3 NotificationShade (server), edge-swipe (server), swipe-up (server), PointerEventDispatcher0 (server),
03-25 09:33:13.839 I/sysui_multi_action( 2355): [757,111,758,2]
03-25 09:33:13.840 I/sysui_multi_action( 2355): [757,111,758,2]
03-25 09:33:14.070 I/input_focus( 1504): [Focus request d5729f7 com.android.launcher3/com.android.launcher3.uioverrides.QuickstepLauncher,reason=UpdateInputWindows]
03-25 09:33:14.082 I/sysui_multi_action( 1504): [757,128,758,2,793,508267,794,1784,795,508267,796,26,798,0,806,android,857,DEVELOPER_IMPORTANT,858,4,947,0,1395,3,1500,508064,1688,1]
03-25 09:33:14.082 I/notification_visibility( 1504): [-1|android|26|null|1000,0,508267,508267,0,0]
03-25 09:33:14.082 I/sysui_multi_action( 1504): [757,128,758,2,793,771660,794,1785,795,771660,796,17303299,797,com.android.wifi,798,1,806,android,857,NETWORK_AVAILABLE,858,2,947,0,1395,3,1500,771455,1688,1]
03-25 09:33:14.082 I/notification_visibility( 1504): [0|android|17303299|com.android.wifi|1000,0,771660,771660,0,1]
03-25 09:33:14.082 I/sysui_multi_action( 1504): [757,128,758,2,793,772455,794,1784,795,772455,796,32,798,2,806,android,857,USB,858,1,947,0,1395,3,1500,772253,1688,1]
03-25 09:33:14.083 I/notification_visibility( 1504): [-1|android|32|null|1000,0,772455,772455,0,2]
03-25 09:33:14.083 I/sysui_multi_action( 1504): [757,127,758,2]
03-25 09:33:14.083 I/notification_panel_hidden( 1504):
03-25 09:33:14.098 I/input_focus( 1504): [Focus leaving 94683a3 NotificationShade (server),reason=NO_WINDOW]
03-25 09:33:14.098 I/input_focus( 1504): [Focus entering d5729f7 com.android.launcher3/com.android.launcher3.uioverrides.QuickstepLauncher (server),reason=setFocusedWindow]
03-25 09:33:14.900 I/input_interaction( 1504): Interaction with: d5729f7 com.android.launcher3/com.android.launcher3.uioverrides.QuickstepLauncher (server), 6988180 com.android.systemui.ImageWallpaper (server), edge-swipe (server), swipe-up (server), PointerEventDispatcher0 (server),
03-25 09:33:14.937 W/FreeFormWindowHelper( 1504): Current Display FreeFormTask is null
03-25 09:33:14.938 W/FreeFormWindowHelper( 1504): Current Display FreeFormTask is null
03-25 09:33:14.939 W/FreeFormWindowHelper( 1504): Current Display FreeFormTask is null
03-25 09:33:14.956 W/FreeFormWindowHelper( 1504): Current Display FreeFormTask is null
03-25 09:33:14.957 W/FreeFormWindowHelper( 1504): Current Display FreeFormTask is null
03-25 09:33:14.958 I/view_enqueue_input_event( 2845): [Motion - Cancel,com.android.launcher3/com.android.launcher3.uioverrides.QuickstepLauncher]
03-25 09:33:14.959 W/FreeFormWindowHelper( 1504): Current Display FreeFormTask is null
03-25 09:33:14.962 W/FreeFormWindowHelper( 1504): Current Display FreeFormTask is null
03-25 09:33:14.964 W/ActivityTaskManager( 1504): getTaskSnapshot: taskId=226 not found
03-25 09:33:14.965 I/input_interaction( 1504): Interaction with: edge-swipe (server), swipe-up (server), PointerEventDispatcher0 (server),
03-25 09:33:14.966 W/FreeFormWindowHelper( 1504): Current Display FreeFormTask is null
03-25 09:33:14.966 W/FreeFormWindowHelper( 1504): Current Display FreeFormTask is null
03-25 09:33:14.967 W/ActivityTaskManager( 1504): getTaskSnapshot: taskId=227 not found
03-25 09:33:14.969 W/ActivityTaskManager( 1504): getTaskSnapshot: taskId=227 not found
03-25 09:33:14.970 W/ActivityTaskManager( 1504): getTaskSnapshot: taskId=227 not found
03-25 09:33:14.970 W/ActivityTaskManager( 1504): getTaskSnapshot: taskId=227 not found
03-25 09:33:14.984 W/FreeFormWindowHelper( 1504): Current Display FreeFormTask is null
03-25 09:33:14.985 W/FreeFormWindowHelper( 1504): Current Display FreeFormTask is null
03-25 09:33:15.140 I/commit_sys_config_file( 1504): [settings-1-0,4]
03-25 09:33:15.382 W/FreeFormWindowHelper( 1504): Current Display FreeFormTask is null
03-25 09:33:15.384 W/FreeFormWindowHelper( 1504): Current Display FreeFormTask is null
03-25 09:33:15.397 W/FreeFormWindowHelper( 1504): exitRecentTasks type=0
03-25 09:33:15.400 W/FreeFormWindowHelper( 1504): Current Display FreeFormTask is null
03-25 09:33:15.400 W/FreeFormWindowHelper( 1504): Current Display FreeFormTask is null
03-25 09:33:15.606 I/commit_sys_config_file( 1504): [settings-1-0,5]
03-25 09:33:16.591 I/input_interaction( 1504): Interaction with: d5729f7 com.android.launcher3/com.android.launcher3.uioverrides.QuickstepLauncher (server), 6988180 com.android.systemui.ImageWallpaper (server), edge-swipe (server), swipe-up (server), PointerEventDispatcher0 (server),
03-25 09:33:16.622 W/FreeFormWindowHelper( 1504): Current Display FreeFormTask is null
03-25 09:33:16.622 W/FreeFormWindowHelper( 1504): Current Display FreeFormTask is null
03-25 09:33:16.633 W/FreeFormWindowHelper( 1504): Current Display FreeFormTask is null
03-25 09:33:16.634 W/FreeFormWindowHelper( 1504): Current Display FreeFormTask is null
03-25 09:33:16.635 I/view_enqueue_input_event( 2845): [Motion - Cancel,com.android.launcher3/com.android.launcher3.uioverrides.QuickstepLauncher]
03-25 09:33:16.636 W/FreeFormWindowHelper( 1504): Current Display FreeFormTask is null
03-25 09:33:16.638 W/FreeFormWindowHelper( 1504): Current Display FreeFormTask is null
03-25 09:33:16.640 W/ActivityTaskManager( 1504): getTaskSnapshot: taskId=902 not found
03-25 09:33:16.641 I/input_interaction( 1504): Interaction with: edge-swipe (server), swipe-up (server), PointerEventDispatcher0 (server),
03-25 09:33:16.641 W/FreeFormWindowHelper( 1504): Current Display FreeFormTask is null
03-25 09:33:16.642 W/FreeFormWindowHelper( 1504): Current Display FreeFormTask is null
03-25 09:33:16.642 W/ActivityTaskManager( 1504): getTaskSnapshot: taskId=903 not found
03-25 09:33:16.643 W/ActivityTaskManager( 1504): getTaskSnapshot: taskId=903 not found
03-25 09:33:16.644 W/ActivityTaskManager( 1504): getTaskSnapshot: taskId=903 not found
03-25 09:33:16.644 W/ActivityTaskManager( 1504): getTaskSnapshot: taskId=903 not found
03-25 09:33:16.654 W/FreeFormWindowHelper( 1504): Current Display FreeFormTask is null
03-25 09:33:16.654 W/FreeFormWindowHelper( 1504): Current Display FreeFormTask is null
03-25 09:33:16.824 I/commit_sys_config_file( 1504): [settings-1-0,3]
03-25 09:33:17.111 W/FreeFormWindowHelper( 1504): Current Display FreeFormTask is null
03-25 09:33:17.111 W/FreeFormWindowHelper( 1504): Current Display FreeFormTask is null
03-25 09:33:17.122 W/FreeFormWindowHelper( 1504): Current Display FreeFormTask is null
03-25 09:33:17.122 W/FreeFormWindowHelper( 1504): Current Display FreeFormTask is null
03-25 09:33:17.140 W/FreeFormWindowHelper( 1504): Current Display FreeFormTask is null
03-25 09:33:17.140 W/FreeFormWindowHelper( 1504): Current Display FreeFormTask is null
03-25 09:33:17.156 W/FreeFormWindowHelper( 1504): Current Display FreeFormTask is null
03-25 09:33:17.156 W/FreeFormWindowHelper( 1504): Current Display FreeFormTask is null
03-25 09:33:17.173 W/FreeFormWindowHelper( 1504): Current Display FreeFormTask is null
03-25 09:33:17.173 W/FreeFormWindowHelper( 1504): Current Display FreeFormTask is null
03-25 09:33:17.192 W/FreeFormWindowHelper( 1504): Current Display FreeFormTask is null
03-25 09:33:17.192 W/FreeFormWindowHelper( 1504): Current Display FreeFormTask is null
03-25 09:33:17.208 W/FreeFormWindowHelper( 1504): Current Display FreeFormTask is null
03-25 09:33:17.208 W/FreeFormWindowHelper( 1504): Current Display FreeFormTask is null
03-25 09:33:17.225 W/FreeFormWindowHelper( 1504): Current Display FreeFormTask is null
03-25 09:33:17.225 W/FreeFormWindowHelper( 1504): Current Display FreeFormTask is null
03-25 09:33:17.242 W/FreeFormWindowHelper( 1504): Current Display FreeFormTask is null
03-25 09:33:17.243 W/FreeFormWindowHelper( 1504): Current Display FreeFormTask is null
03-25 09:33:17.259 W/FreeFormWindowHelper( 1504): Current Display FreeFormTask is null
03-25 09:33:17.260 W/FreeFormWindowHelper( 1504): Current Display FreeFormTask is null
03-25 09:33:17.276 W/FreeFormWindowHelper( 1504): Current Display FreeFormTask is null
03-25 09:33:17.276 W/FreeFormWindowHelper( 1504): Current Display FreeFormTask is null
03-25 09:33:17.293 W/FreeFormWindowHelper( 1504): Current Display FreeFormTask is null
03-25 09:33:17.294 W/FreeFormWindowHelper( 1504): Current Display FreeFormTask is null
03-25 09:33:17.306 I/commit_sys_config_file( 1504): [settings-1-0,6]
03-25 09:33:17.310 W/FreeFormWindowHelper( 1504): Current Display FreeFormTask is null
03-25 09:33:17.310 W/FreeFormWindowHelper( 1504): Current Display FreeFormTask is null
03-25 09:33:17.326 W/FreeFormWindowHelper( 1504): Current Display FreeFormTask is null
03-25 09:33:17.326 W/FreeFormWindowHelper( 1504): Current Display FreeFormTask is null
03-25 09:33:17.342 W/FreeFormWindowHelper( 1504): Current Display FreeFormTask is null
03-25 09:33:17.343 W/FreeFormWindowHelper( 1504): Current Display FreeFormTask is null
03-25 09:33:17.360 W/FreeFormWindowHelper( 1504): Current Display FreeFormTask is null
03-25 09:33:17.361 W/FreeFormWindowHelper( 1504): Current Display FreeFormTask is null
03-25 09:33:17.377 W/FreeFormWindowHelper( 1504): Current Display FreeFormTask is null
03-25 09:33:17.377 W/FreeFormWindowHelper( 1504): Current Display FreeFormTask is null
03-25 09:33:17.393 W/FreeFormWindowHelper( 1504): Current Display FreeFormTask is null
03-25 09:33:17.394 W/FreeFormWindowHelper( 1504): Current Display FreeFormTask is null
03-25 09:33:17.414 W/FreeFormWindowHelper( 1504): Current Display FreeFormTask is null
03-25 09:33:17.414 W/FreeFormWindowHelper( 1504): Current Display FreeFormTask is null
03-25 09:33:17.416 W/FreeFormWindowHelper( 1504): Current Display FreeFormTask is null
03-25 09:33:17.442 W/FreeFormWindowHelper( 1504): Current Display FreeFormTask is null
03-25 09:33:17.443 W/FreeFormWindowHelper( 1504): Current Display FreeFormTask is null
03-25 09:33:18.129 I/input_interaction( 1504): Interaction with: d5729f7 com.android.launcher3/com.android.launcher3.uioverrides.QuickstepLauncher (server), 6988180 com.android.systemui.ImageWallpaper (server), edge-swipe (server), swipe-up (server), PointerEventDispatcher0 (server),
03-25 09:33:18.280 W/FreeFormWindowHelper( 1504): exitRecentTasks type=0
01-03 10:08:20.279 I/[schedu][0x3b611d3b4][01:33:46.312697] wlan( 0): [2145:I:OSIF] scan start scan id 40967
01-03 10:08:21.453 I/[schedu][0x3b769b8ed][01:33:47.486527] wlan( 0): [2145:I:OSIF] vdev 0, scan id 40967 type COMPLETED(1) reason COMPLETED(1) scan found 67 bss
03-25 09:34:05.394 I/am_uid_idle( 1504): 10045
03-25 09:34:11.098 I/am_uid_idle( 1504): 10062
03-25 09:34:11.267 V/DisplayPowerController[0]( 1504): Brightness [0.05] reason changing to: 'manual [ dim ]', previous reason: 'manual'.
03-25 09:34:11.267 I/sysui_multi_action( 1504): [757,1696,758,6,759,2]
03-25 09:34:11.268 W/PowerManagerService( 1504): Screen on took 66152 ms
03-25 09:34:11.275 E/DisplayDeviceConfig( 1504): requesting nits when no mapping exists.
03-25 09:34:11.276 E/DisplayDeviceConfig( 1504): requesting nits when no mapping exists.
03-25 09:34:11.277 I/am_wtf ( 1504): [0,1504,system_server,-1,DisplayDeviceConfig,requesting nits when no mapping exists.]
03-25 09:34:11.278 I/DropBoxManagerService( 1504): add tag=system_server_wtf isTagEnabled=true flags=0x2
03-25 09:34:11.280 I/am_wtf ( 1504): [0,1504,system_server,-1,DisplayDeviceConfig,requesting nits when no mapping exists.]
03-25 09:34:11.282 I/DropBoxManagerService( 1504): add tag=system_server_wtf isTagEnabled=true flags=0x2
03-25 09:34:11.291 E/DisplayDeviceConfig( 1504): requesting nits when no mapping exists.
03-25 09:34:11.291 E/DisplayDeviceConfig( 1504): requesting nits when no mapping exists.
03-25 09:34:11.291 I/am_wtf ( 1504): [0,1504,system_server,-1,DisplayDeviceConfig,requesting nits when no mapping exists.]
03-25 09:34:11.292 I/DropBoxManagerService( 1504): add tag=system_server_wtf isTagEnabled=true flags=0x2
03-25 09:34:11.293 I/am_wtf ( 1504): [0,1504,system_server,-1,DisplayDeviceConfig,requesting nits when no mapping exists.]
03-25 09:34:11.294 I/DropBoxManagerService( 1504): add tag=system_server_wtf isTagEnabled=true flags=0x2
03-25 09:34:11.308 E/DisplayDeviceConfig( 1504): requesting nits when no mapping exists.
03-25 09:34:11.308 E/DisplayDeviceConfig( 1504): requesting nits when no mapping exists.
03-25 09:34:11.308 I/am_wtf ( 1504): [0,1504,system_server,-1,DisplayDeviceConfig,requesting nits when no mapping exists.]
03-25 09:34:11.309 I/DropBoxManagerService( 1504): add tag=system_server_wtf isTagEnabled=true flags=0x2
03-25 09:34:11.310 I/am_wtf ( 1504): [0,1504,system_server,-1,DisplayDeviceConfig,requesting nits when no mapping exists.]
03-25 09:34:11.318 E/DisplayDeviceConfig( 1504): requesting nits when no mapping exists.
03-25 09:34:11.318 E/DisplayDeviceConfig( 1504): requesting nits when no mapping exists.
03-25 09:34:11.318 I/am_wtf ( 1504): [0,1504,system_server,-1,DisplayDeviceConfig,requesting nits when no mapping exists.]
03-25 09:34:11.319 I/am_wtf ( 1504): [0,1504,system_server,-1,DisplayDeviceConfig,requesting nits when no mapping exists.]
03-25 09:34:11.334 E/DisplayDeviceConfig( 1504): requesting nits when no mapping exists.
