03-25 09:20:21.647 I/SystemServerTimingAsync( 1504): ssm.onUnlockingUser-0_com.android.server.pm.StagingManager$Lifecycle
03-25 09:20:21.647 I/SystemServerTimingAsync( 1504): ssm.onUnlockingUser-0_com.android.server.app.GameManagerService$Lifecycle
03-25 09:20:21.647 I/SystemServerTimingAsync( 1504): ssm.onUnlockingUser-0_com.android.server.appsearch.AppSearchManagerService
03-25 09:20:21.647 I/NotificationHistory( 1504): Attempted to unlock gone/disabled user 0
03-25 09:20:21.647 I/SystemServerTimingAsync( 1504): ssm.onUnlockingUser-0_com.android.server.media.MediaCommunicationService
03-25 09:20:21.648 W/ActivityManager( 1504): UserLifecycleEvent 5 received without an active userJourneySession.
03-25 09:20:21.648 W/ActivityManager( 1504): UserLifecycleEvent 6 received without an active userJourneySession.
03-25 09:20:21.648 I/uc_finish_user_unlocked( 1504): 0
03-25 09:20:21.648 I/ActivityManager( 1504): User 0 state changed from RUNNING_UNLOCKING to RUNNING_UNLOCKED
03-25 09:20:21.648 I/am_user_state_changed( 1504): [0,3]
03-25 09:20:21.648 I/ActivityTaskManager( 1504): Loading recents for user 0 into memory.
03-25 09:20:21.648 E/TaskPersister( 1504): restoreTasksForUserLocked: Unable to list files from /data/system_ce/0/recent_tasks
03-25 09:20:21.649 D/SystemServerTiming( 1504): SystemUserUnlock took to complete: 391ms
03-25 09:20:21.649 V/PackageConfigPersister( 1504): loadPackages: empty list files from /data/system_ce/0/package_configs
03-25 09:20:21.649 I/am_uid_running( 1504): 10081
03-25 09:20:21.649 D/CompatibilityChangeReporter( 1504): Compat change id reported: 135634846; UID 10081; state: DISABLED
03-25 09:20:21.650 I/am_uid_running( 1504): 10057
03-25 09:20:21.650 D/CompatibilityChangeReporter( 1504): Compat change id reported: 135634846; UID 10057; state: DISABLED
03-25 09:20:21.650 D/CompatibilityChangeReporter( 1504): Compat change id reported: 177438394; UID 10057; state: DISABLED
03-25 09:20:21.650 D/CompatibilityChangeReporter( 1504): Compat change id reported: 135772972; UID 10057; state: DISABLED
03-25 09:20:21.650 D/CompatibilityChangeReporter( 1504): Compat change id reported: 135754954; UID 10057; state: ENABLED
03-25 09:20:21.650 D/CompatibilityChangeReporter( 1504): Compat change id reported: 143937733; UID 10081; state: ENABLED
03-25 09:20:21.650 D/CompatibilityChangeReporter( 1504): Compat change id reported: 135634846; UID 1000; state: DISABLED
03-25 09:20:21.650 D/CompatibilityChangeReporter( 1504): Compat change id reported: 177438394; UID 1000; state: DISABLED
03-25 09:20:21.650 D/CompatibilityChangeReporter( 1504): Compat change id reported: 135772972; UID 1000; state: DISABLED
03-25 09:20:21.650 D/CompatibilityChangeReporter( 1504): Compat change id reported: 135754954; UID 1000; state: ENABLED
03-25 09:20:21.651 I/am_uid_running( 1504): 10055
03-25 09:20:21.651 D/CompatibilityChangeReporter( 1504): Compat change id reported: 135634846; UID 10055; state: DISABLED
03-25 09:20:21.651 D/CompatibilityChangeReporter( 1504): Compat change id reported: 177438394; UID 10055; state: DISABLED
03-25 09:20:21.651 D/CompatibilityChangeReporter( 1504): Compat change id reported: 135772972; UID 10055; state: DISABLED
03-25 09:20:21.651 D/CompatibilityChangeReporter( 1504): Compat change id reported: 135754954; UID 10055; state: ENABLED
03-25 09:20:21.651 I/am_uid_running( 1504): 10068
03-25 09:20:21.651 D/CompatibilityChangeReporter( 1504): Compat change id reported: 135634846; UID 10068; state: DISABLED
03-25 09:20:21.651 D/CompatibilityChangeReporter( 1504): Compat change id reported: 177438394; UID 10068; state: DISABLED
03-25 09:20:21.651 D/CompatibilityChangeReporter( 1504): Compat change id reported: 135772972; UID 10068; state: DISABLED
03-25 09:20:21.651 D/CompatibilityChangeReporter( 1504): Compat change id reported: 135754954; UID 10068; state: DISABLED
03-25 09:20:21.651 I/am_uid_running( 1504): 10084
03-25 09:20:21.652 D/CompatibilityChangeReporter( 1504): Compat change id reported: 135634846; UID 10084; state: DISABLED
03-25 09:20:21.652 D/CompatibilityChangeReporter( 1504): Compat change id reported: 177438394; UID 10084; state: DISABLED
03-25 09:20:21.652 D/CompatibilityChangeReporter( 1504): Compat change id reported: 135772972; UID 10084; state: DISABLED
03-25 09:20:21.652 D/CompatibilityChangeReporter( 1504): Compat change id reported: 135754954; UID 10084; state: ENABLED
03-25 09:20:21.652 I/am_uid_running( 1504): 10079
03-25 09:20:21.652 D/CompatibilityChangeReporter( 1504): Compat change id reported: 135634846; UID 10079; state: DISABLED
03-25 09:20:21.652 D/CompatibilityChangeReporter( 1504): Compat change id reported: 177438394; UID 10079; state: DISABLED
03-25 09:20:21.652 D/CompatibilityChangeReporter( 1504): Compat change id reported: 135772972; UID 10079; state: DISABLED
03-25 09:20:21.652 D/CompatibilityChangeReporter( 1504): Compat change id reported: 135754954; UID 10079; state: ENABLED
03-25 09:20:21.652 I/uc_send_user_broadcast( 1504): [0,android.intent.action.USER_UNLOCKED]
03-25 09:20:21.653 I/uc_send_user_broadcast( 1504): [0,android.intent.action.PRE_BOOT_COMPLETED]
03-25 09:20:21.653 I/PreBootBroadcaster( 1504): Pre-boot of {com.android.documentsui/com.android.documentsui.PreBootReceiver} for user 0
03-25 09:20:21.653 I/am_pre_boot( 1504): [0,com.android.documentsui]
03-25 09:20:21.654 V/NotificationAssistants( 1504): disabling notification assistant for user 0: ComponentInfo{android.ext.services/android.ext.services.notification.Assistant}
03-25 09:20:21.654 D/NotificationListeners( 1504): Removing active service ComponentInfo{android.ext.services/android.ext.services.notification.Assistant}
03-25 09:20:21.654 I/am_uid_running( 1504): 10019
03-25 09:20:21.654 D/CompatibilityChangeReporter( 1504): Compat change id reported: 135634846; UID 10019; state: DISABLED
03-25 09:20:21.654 D/CompatibilityChangeReporter( 1504): Compat change id reported: 177438394; UID 10019; state: DISABLED
03-25 09:20:21.655 D/CompatibilityChangeReporter( 1504): Compat change id reported: 135772972; UID 10019; state: DISABLED
03-25 09:20:21.655 D/CompatibilityChangeReporter( 1504): Compat change id reported: 135754954; UID 10019; state: ENABLED
03-25 09:20:21.655 W/BroadcastQueue( 1504): Background execution not allowed: receiving Intent { act=android.intent.action.INPUT_METHOD_CHANGED flg=0x20000010 (has extras) } to com.baidu.input/.switchguide.InputMethodChangedReceiver
01-03 09:54:55.618 I/zram0 ( 0): detected capacity change from 0 to 4294967296
03-25 09:20:21.655 V/NotificationAssistants( 1504): enabling notification assistant for 0: ComponentInfo{android.ext.services/android.ext.services.notification.Assistant}
03-25 09:20:21.656 V/NotificationAssistants( 1504): binding: Intent { act=android.service.notification.NotificationAssistantService cmp=android.ext.services/.notification.Assistant (has extras) }
03-25 09:20:21.656 I/am_uid_running( 1504): 10017
03-25 09:20:21.656 D/CompatibilityChangeReporter( 1504): Compat change id reported: 135634846; UID 10017; state: DISABLED
03-25 09:20:21.656 D/CompatibilityChangeReporter( 1504): Compat change id reported: 177438394; UID 10017; state: DISABLED
03-25 09:20:21.656 D/CompatibilityChangeReporter( 1504): Compat change id reported: 135772972; UID 10017; state: DISABLED
03-25 09:20:21.656 E/BackupPasswordManager( 1504): Unable to read backup pw version
03-25 09:20:21.656 D/CompatibilityChangeReporter( 1504): Compat change id reported: 135754954; UID 10017; state: ENABLED
03-25 09:20:21.656 E/BackupPasswordManager( 1504): Unable to read saved backup pw hash
03-25 09:20:21.666 W/StorageManagerService( 1504): Reporting emulated;0 unmounted due to system locked
03-25 09:20:21.666 I/wm_finish_activity( 1504): [0,85324137,8,com.android.settings/.FallbackHome,app-request]
03-25 09:20:21.667 I/wm_pause_activity( 1504): [0,85324137,com.android.settings/.FallbackHome,userLeaving=false,finish]
03-25 09:20:21.668 I/am_proc_start( 1504): [0,3287,10081,com.hht.lebocast,added application,com.hht.lebocast]
03-25 09:20:21.668 I/ActivityManager( 1504): Start proc 3287:com.hht.lebocast/u0a81 for added application com.hht.lebocast
03-25 09:20:21.669 I/wm_on_top_resumed_lost_called( 2955): [85324137,com.android.settings.FallbackHome,topStateChangedWhenResumed]
03-25 09:20:21.669 I/sysui_multi_action( 1504): [757,1144,758,7,806,com.android.settings,871,com.android.settings.FallbackHome]
03-25 09:20:21.670 I/wm_on_paused_called( 2955): [85324137,com.android.settings.FallbackHome,performPause]
03-25 09:20:21.672 D/CompatibilityChangeReporter( 1504): Compat change id reported: 143937733; UID 10057; state: ENABLED
03-25 09:20:21.675 I/ActivityTaskManager( 1504): START u0 {act=android.intent.action.MAIN cat=[android.intent.category.HOME] flg=0x10000100 cmp=com.android.provision/.DefaultActivity (has extras)} from uid 0
03-25 09:20:21.675 V/BackupManagerService( 1504): [UserID:0] No ancestral data
03-25 09:20:21.677 D/CompatibilityChangeReporter( 1504): Compat change id reported: 174042980; UID 1000; state: DISABLED
01-03 09:54:55.646 I/ ( 0): Adding 4194300k swap on /dev/block/zram0. Priority:32758 extents:1 across:4194300k SS
03-25 09:20:21.681 I/vold ( 522): Mounting emulated fuse volume
03-25 09:20:21.682 I/am_meminfo( 1504): [2201612288,3653939200,12288,326184960,625917952]
03-25 09:20:21.682 I/wm_task_created( 1504): [9,-1]
03-25 09:20:21.684 I/wm_task_moved( 1504): [9,1,2147483647]
01-03 09:54:55.653 I/binder ( 0): 3287:3287 ioctl 40046210 fffd45a8 returned -22
03-25 09:20:21.687 I/wm_task_moved( 1504): [1,1,5]
03-25 09:20:21.687 I/wm_create_task( 1504): [0,9]
03-25 09:20:21.687 I/wm_create_activity( 1504): [0,119740317,9,com.android.provision/.DefaultActivity,android.intent.action.MAIN,NULL,NULL,276824320]
03-25 09:20:21.687 I/wm_task_moved( 1504): [1,1,5]
03-25 09:20:21.687 I/wm_task_moved( 1504): [9,1,2147483647]
03-25 09:20:21.687 I/wm_task_to_front( 1504): [0,9]
03-25 09:20:21.690 I/am_pss ( 1504): [2338,1002,com.android.bluetooth,22102016,16449536,0,123449344,2,0,7]
03-25 09:20:21.691 I/ActivityTaskManager( 1504): FOREGROUND_APPLICATION_CHANGED to com.android.provision.DefaultActivity
03-25 09:20:21.697 I/am_pss ( 1504): [2807,1000,com.qualcomm.qti.qdma,12286976,7557120,0,106119168,2,0,5]
03-25 09:20:21.699 V/BackupManagerConstants( 1504): getKeyValueBackupIntervalMilliseconds(...) returns 14400000
03-25 09:20:21.699 V/BackupManagerConstants( 1504): getKeyValueBackupFuzzMilliseconds(...) returns 600000
03-25 09:20:21.699 V/BackupManagerConstants( 1504): getKeyValueBackupRequiredNetworkType(...) returns 1
03-25 09:20:21.699 V/BackupManagerConstants( 1504): getKeyValueBackupRequireCharging(...) returns true
03-25 09:20:21.699 V/KeyValueBackupJob( 1504): Scheduling k/v pass in 246 minutes
03-25 09:20:21.701 I/am_uid_running( 1504): 10071
03-25 09:20:21.702 D/CompatibilityChangeReporter( 1504): Compat change id reported: 135634846; UID 10071; state: DISABLED
03-25 09:20:21.702 D/CompatibilityChangeReporter( 1504): Compat change id reported: 177438394; UID 10071; state: DISABLED
03-25 09:20:21.702 D/CompatibilityChangeReporter( 1504): Compat change id reported: 135772972; UID 10071; state: DISABLED
03-25 09:20:21.702 D/CompatibilityChangeReporter( 1504): Compat change id reported: 135754954; UID 10071; state: ENABLED
01-03 09:54:55.674 I/binder ( 0): 3291:3291 ioctl 40046210 7fd5c529e4 returned -22
03-25 09:20:21.704 I/am_pss ( 1504): [2793,10064,com.qualcomm.qti.devicestatisticsservice,6172672,3391488,0,88526848,2,0,5]
03-25 09:20:21.709 I/SyncManager( 1504): Loaded persisted syncs: 0 periodic syncs, 0 oneshot syncs, 12 total system server jobs, JobStats: FirstLoad: 0/0/0 LastSave: -1/-1/-1
03-25 09:20:21.710 I/notification_enqueue( 1504): [1000,1504,android,13,PreBootBroadcaster,0,Notification(channel=UPDATES shortcut=null contentView=null vibrate=null sound=null tick defaults=0x0 flags=0x2 color=0x00000000 vis=PUBLIC),0]
03-25 09:20:21.710 I/am_pss ( 1504): [2751,1000,com.thundercomm.tcservice,9061376,5984256,0,94613504,2,0,6]
03-25 09:20:21.711 V/NotificationAssistants( 1504): 0 notification assistant service connected: ComponentInfo{android.ext.services/android.ext.services.notification.Assistant}
03-25 09:20:21.712 I/sysui_multi_action( 1504): [757,1501,758,1,793,46,794,0,795,46,796,13,797,PreBootBroadcaster,806,android,857,UPDATES,858,2,947,0,1500,0]
03-25 09:20:21.712 I/sysui_multi_action( 1504): [757,804,799,note_interruptive,801,0,802,1]
03-25 09:20:21.712 I/GameModeConfig( 1504): isGameModeOn = false
03-25 09:20:21.712 W/NotificationHistory( 1504): Attempted to add notif for locked/gone/disabled user 0
03-25 09:20:21.715 D/CompatibilityChangeReporter( 1504): Compat change id reported: 168419799; UID 10075; state: DISABLED
03-25 09:20:21.715 I/vold ( 522): Bind mounting /mnt/runtime/full/emulated to /mnt/pass_through/0/emulated
03-25 09:20:21.716 I/StorageSessionController( 1504): On volume mount VolumeInfo{emulated;0}:
03-25 09:20:21.716 I/StorageSessionController( 1504): type=EMULATED diskId=null partGuid= mountFlags=PRIMARY|VISIBLE
03-25 09:20:21.716 I/StorageSessionController( 1504): mountUserId=0 state=CHECKING
03-25 09:20:21.716 I/StorageSessionController( 1504): fsType=null fsUuid=null fsLabel=null
03-25 09:20:21.716 I/StorageSessionController( 1504): path=/storage/emulated internalPath=/data/media
03-25 09:20:21.716 I/am_proc_bound( 1504): [0,3287,com.hht.lebocast]
03-25 09:20:21.716 I/am_pss ( 1504): [2748,1000,com.thundercomm.remotecontrolservice,10413056,6774784,0,100089856,2,0,6]
03-25 09:20:21.717 I/StorageSessionController( 1504): Creating connection for user: 0
03-25 09:20:21.717 I/StorageSessionController( 1504): Creating and starting session with id: emulated;0
03-25 09:20:21.717 I/StorageUserConnection( 1504): Binding to the ExternalStorageService for user 0
03-25 09:20:21.721 D/CompatibilityChangeReporter( 1504): Compat change id reported: 168419799; UID 10081; state: DISABLED
03-25 09:20:21.722 I/am_pss ( 1504): [2744,1068,com.android.se,6742016,3887104,0,90775552,2,0,5]
03-25 09:20:21.722 I/commit_sys_config_file( 1504): [settings-0-0,1]
03-25 09:20:21.724 D/CompatibilityChangeReporter( 1504): Compat change id reported: 181136395; UID 1000; state: DISABLED
03-25 09:20:21.728 I/am_pss ( 1504): [2649,1000,com.tc.logclient,7255040,4517888,0,89755648,2,0,5]
03-25 09:20:21.729 D/CompatibilityChangeReporter( 1504): Compat change id reported: 174042936; UID 1000; state: DISABLED
03-25 09:20:21.729 I/am_uid_active( 1504): 10081
03-25 09:20:21.732 D/CompatibilityChangeReporter( 1504): Compat change id reported: 157233955; UID 10069; state: DISABLED
03-25 09:20:21.734 I/am_pss ( 1504): [2661,1000,vendor.qti.qesdk.sysservice,6435840,3555328,0,90394624,2,0,6]
03-25 09:20:21.736 W/ActivityManager( 1504): Slow operation: 87ms so far, now at startProcess: done updating battery stats
03-25 09:20:21.737 I/am_proc_start( 1504): [0,3291,10057,ts.car.uart,added application,ts.car.uart]
03-25 09:20:21.737 W/ActivityManager( 1504): Slow operation: 88ms so far, now at startProcess: building log message
03-25 09:20:21.737 I/ActivityManager( 1504): Start proc 3291:ts.car.uart/u0a57 for added application ts.car.uart
03-25 09:20:21.737 W/ActivityManager( 1504): Slow operation: 88ms so far, now at startProcess: starting to update pids map
03-25 09:20:21.737 W/ActivityManager( 1504): Slow operation: 88ms so far, now at startProcess: done updating pids map
03-25 09:20:21.737 I/am_proc_bound( 1504): [0,3291,ts.car.uart]
03-25 09:20:21.740 D/CompatibilityChangeReporter( 1504): Compat change id reported: 168419799; UID 10057; state: DISABLED
03-25 09:20:21.741 I/am_pss ( 1504): [2673,10083,com.qti.qualcomm.mstatssystemservice,6358016,3604480,0,88948736,2,0,6]
03-25 09:20:21.741 I/am_uid_active( 1504): 10057
03-25 09:20:21.746 I/am_uid_running( 1504): 10091
03-25 09:20:21.746 D/CompatibilityChangeReporter( 1504): Compat change id reported: 135634846; UID 10091; state: DISABLED
03-25 09:20:21.746 D/CompatibilityChangeReporter( 1504): Compat change id reported: 177438394; UID 10091; state: DISABLED
03-25 09:20:21.746 D/CompatibilityChangeReporter( 1504): Compat change id reported: 135772972; UID 10091; state: DISABLED
03-25 09:20:21.746 D/CompatibilityChangeReporter( 1504): Compat change id reported: 135754954; UID 10091; state: ENABLED
03-25 09:20:21.746 I/sysui_multi_action( 1504): [757,803,799,window_time_0,802,1]
03-25 09:20:21.747 W/ActivityManager( 1504): Slow operation: 97ms so far, now at startProcess: asking zygote to start proc
03-25 09:20:21.748 I/am_pss ( 1504): [2657,1000,com.thundercomm.tcsetupwizard,7690240,4960256,0,90198016,2,0,6]
03-25 09:20:21.750 I/StorageUserConnection( 1504): Bound to the ExternalStorageService for user 0
03-25 09:20:21.751 I/am_wtf ( 1504): [0,1504,system_server,-1,ActivityManager,Sending non-protected broadcast android.location.HIGH_POWER_REQUEST_CHANGE from system 3073:com.qualcomm.location/u0a69 pkg com.qualcomm.location]
03-25 09:20:21.752 I/commit_sys_config_file( 1504): [notification-policy,2006]
03-25 09:20:21.752 I/DropBoxManagerService( 1504): add tag=system_server_wtf isTagEnabled=true flags=0x2
03-25 09:20:21.754 I/am_pss ( 1504): [2638,1000,com.thundercomm.tchttpserver,8043520,5353472,0,90624000,2,0,5]
03-25 09:20:21.755 I/BackupManagerService( 1504): isBackupEnabled() => false due to absent settings file
03-25 09:20:21.755 D/BackupManagerService( 1504): user:0 readBackupEnableState enabled:false
03-25 09:20:21.755 I/BackupManagerService( 1504): [UserID:0] Backup enabled => false
03-25 09:20:21.757 W/ActivityManager( 1504): Slow operation: 107ms so far, now at startProcess: returned from zygote!
03-25 09:20:21.757 W/ActivityManager( 1504): Slow operation: 107ms so far, now at startProcess: done updating battery stats
03-25 09:20:21.757 I/am_proc_start( 1504): [0,3345,1000,com.hryt.hiphishowfsecontrol,added application,com.hryt.hiphishowfsecontrol]
03-25 09:20:21.757 W/ActivityManager( 1504): Slow operation: 107ms so far, now at startProcess: building log message
03-25 09:20:21.757 I/ActivityManager( 1504): Start proc 3345:com.hryt.hiphishowfsecontrol/1000 for added application com.hryt.hiphishowfsecontrol
03-25 09:20:21.757 W/ActivityManager( 1504): Slow operation: 107ms so far, now at startProcess: starting to update pids map
03-25 09:20:21.757 W/ActivityManager( 1504): Slow operation: 107ms so far, now at startProcess: done updating pids map
03-25 09:20:21.757 W/ActivityManager( 1504): Slow operation: 106ms so far, now at startProcess: asking zygote to start proc
03-25 09:20:21.757 D/CompatibilityChangeReporter( 1504): Compat change id reported: 143937733; UID 10055; state: ENABLED
03-25 09:20:21.760 I/am_pss ( 1504): [2609,10052,.qtidataservices,6702080,3973120,0,90427392,2,0,5]
03-25 09:20:21.764 W/ActivityManager( 1504): Slow operation: 113ms so far, now at startProcess: returned from zygote!
03-25 09:20:21.764 W/ActivityManager( 1504): Slow operation: 113ms so far, now at startProcess: done updating battery stats
03-25 09:20:21.764 I/am_proc_start( 1504): [0,3347,10055,.pasr,added application,.pasr]
03-25 09:20:21.764 W/ActivityManager( 1504): Slow operation: 113ms so far, now at startProcess: building log message
03-25 09:20:21.764 I/ActivityManager( 1504): Start proc 3347:.pasr/u0a55 for added application .pasr
03-25 09:20:21.764 W/ActivityManager( 1504): Slow operation: 113ms so far, now at startProcess: starting to update pids map
03-25 09:20:21.764 W/ActivityManager( 1504): Slow operation: 113ms so far, now at startProcess: done updating pids map
03-25 09:20:21.764 W/ActivityManager( 1504): Slow operation: 113ms so far, now at startProcess: asking zygote to start proc
03-25 09:20:21.764 D/CompatibilityChangeReporter( 1504): Compat change id reported: 143937733; UID 10068; state: DISABLED
03-25 09:20:21.767 I/am_pss ( 1504): [2571,1000,com.thundercomm.microsettings,27577344,21770240,0,117157888,2,0,5]
01-03 09:54:55.729 I/binder ( 0): 3291:3291 ioctl 40046210 7fd5c518d4 returned -22
01-03 09:54:55.736 I/binder ( 0): 3345:3345 ioctl 40046210 7fd5c529e4 returned -22
03-25 09:20:21.771 W/ActivityManager( 1504): Slow operation: 119ms so far, now at startProcess: returned from zygote!
03-25 09:20:21.771 W/ActivityManager( 1504): Slow operation: 120ms so far, now at startProcess: done updating battery stats
03-25 09:20:21.771 I/am_proc_start( 1504): [0,3362,10068,com.qualcomm.qti.services.systemhelper:systemhelper_service,added application,com.qualcomm.qti.services.systemhelper:systemhelper_service]
03-25 09:20:21.771 W/ActivityManager( 1504): Slow operation: 120ms so far, now at startProcess: building log message
03-25 09:20:21.771 I/ActivityManager( 1504): Start proc 3362:com.qualcomm.qti.services.systemhelper:systemhelper_service/u0a68 for added application com.qualcomm.qti.services.systemhelper:systemhelper_service
03-25 09:20:21.771 W/ActivityManager( 1504): Slow operation: 120ms so far, now at startProcess: starting to update pids map
03-25 09:20:21.771 W/ActivityManager( 1504): Slow operation: 120ms so far, now at startProcess: done updating pids map
03-25 09:20:21.771 W/ActivityManager( 1504): Slow operation: 120ms so far, now at startProcess: asking zygote to start proc
03-25 09:20:21.771 D/CompatibilityChangeReporter( 1504): Compat change id reported: 143937733; UID 10084; state: ENABLED
03-25 09:20:21.773 I/am_pss ( 1504): [2574,1001,.dataservices,7521280,4825088,0,91389952,2,0,6]
03-25 09:20:21.771 I/auditd ( 815): type=1400 audit(0.0:456): avc: denied { read write } for comm="bluetooth@1.0-s" name="diag" dev="tmpfs" ino=11418 scontext=u:r:hal_bluetooth_default:s0 tcontext=u:object_r:vendor_diag_device:s0 tclass=chr_file permissive=0
03-25 09:20:21.778 W/ActivityManager( 1504): Slow operation: 127ms so far, now at startProcess: returned from zygote!
03-25 09:20:21.778 W/ActivityManager( 1504): Slow operation: 127ms so far, now at startProcess: done updating battery stats
03-25 09:20:21.778 I/am_proc_start( 1504): [0,3367,10084,com.qualcomm.qti.qccnetstat,added application,com.qualcomm.qti.qccnetstat]
03-25 09:20:21.778 W/ActivityManager( 1504): Slow operation: 127ms so far, now at startProcess: building log message
03-25 09:20:21.778 I/ActivityManager( 1504): Start proc 3367:com.qualcomm.qti.qccnetstat/u0a84 for added application com.qualcomm.qti.qccnetstat
03-25 09:20:21.778 W/ActivityManager( 1504): Slow operation: 127ms so far, now at startProcess: starting to update pids map
03-25 09:20:21.778 W/ActivityManager( 1504): Slow operation: 127ms so far, now at startProcess: done updating pids map
03-25 09:20:21.778 W/ActivityManager( 1504): Slow operation: 126ms so far, now at startProcess: asking zygote to start proc
03-25 09:20:21.778 D/CompatibilityChangeReporter( 1504): Compat change id reported: 143937733; UID 10079; state: ENABLED
03-25 09:20:21.779 I/am_pss ( 1504): [2569,1000,com.thundercomm.microservice,9403392,6688768,0,94121984,2,0,5]
03-25 09:20:21.780 I/am_proc_bound( 1504): [0,3345,com.hryt.hiphishowfsecontrol]
01-03 09:54:55.745 E/bt_ioctl( 0): BT_CMD_PWR_CTRL pwr_cntrl:2
01-03 09:54:55.745 E/bt_vreg_unvote( 0): vreg_unvote successful for : qca,bt-vdd-rfa2
01-03 09:54:55.745 E/bt_vreg_unvote( 0): vreg_unvote successful for : qca,bt-vdd-rfa1
01-03 09:54:55.745 E/bt_vreg_unvote( 0): vreg_unvote successful for : qca,bt-vdd-dig
01-03 09:54:55.745 E/bt_vreg_unvote( 0): vreg_unvote successful for : qca,bt-vdd-aon
03-25 09:20:21.784 W/ActivityManager( 1504): Slow operation: 132ms so far, now at startProcess: returned from zygote!
01-03 09:54:55.761 I/binder ( 0): 3347:3347 ioctl 40046210 7fd5c529e4 returned -22
03-25 09:20:21.786 I/am_pss ( 1504): [2552,1000,com.thundercomm.gamemode,9349120,6713344,0,93982720,2,0,5]
03-25 09:20:21.787 W/ActivityManager( 1504): Slow operation: 135ms so far, now at startProcess: done updating battery stats
03-25 09:20:21.787 I/am_proc_start( 1504): [0,3370,10079,com.qualcomm.qti.workloadclassifier,added application,com.qualcomm.qti.workloadclassifier]
03-25 09:20:21.787 W/ActivityManager( 1504): Slow operation: 135ms so far, now at startProcess: building log message
03-25 09:20:21.787 I/ActivityManager( 1504): Start proc 3370:com.qualcomm.qti.workloadclassifier/u0a79 for added application com.qualcomm.qti.workloadclassifier
03-25 09:20:21.787 W/ActivityManager( 1504): Slow operation: 135ms so far, now at startProcess: starting to update pids map
03-25 09:20:21.787 W/ActivityManager( 1504): Slow operation: 135ms so far, now at startProcess: done updating pids map
03-25 09:20:21.787 W/ActivityManager( 1504): Slow operation: 133ms so far, now at startProcess: asking zygote to start proc
03-25 09:20:21.787 D/CompatibilityChangeReporter( 1504): Compat change id reported: 143937733; UID 10019; state: ENABLED
03-25 09:20:21.793 I/am_pss ( 1504): [2504,1073,com.android.networkstack.process,11643904,7913472,0,103104512,2,0,6]
01-03 09:54:55.766 I/binder ( 0): 3367:3367 ioctl 40046210 7fd5c529e4 returned -22
01-03 09:54:55.768 I/binder ( 0): 3362:3362 ioctl 40046210 7fd5c529e4 returned -22
03-25 09:20:21.798 W/ActivityManager( 1504): Slow operation: 144ms so far, now at startProcess: returned from zygote!
03-25 09:20:21.798 W/ActivityManager( 1504): Slow operation: 144ms so far, now at startProcess: done updating battery stats
03-25 09:20:21.798 I/am_proc_start( 1504): [0,3397,10019,android.process.media,broadcast,{com.android.mtp/com.android.mtp.MtpReceiver}]
03-25 09:20:21.798 W/ActivityManager( 1504): Slow operation: 144ms so far, now at startProcess: building log message
03-25 09:20:21.798 I/ActivityManager( 1504): Start proc 3397:android.process.media/u0a19 for broadcast {com.android.mtp/com.android.mtp.MtpReceiver}
03-25 09:20:21.798 W/ActivityManager( 1504): Slow operation: 144ms so far, now at startProcess: starting to update pids map
03-25 09:20:21.798 W/ActivityManager( 1504): Slow operation: 144ms so far, now at startProcess: done updating pids map
03-25 09:20:21.798 W/ActivityManager( 1504): Slow operation: 142ms so far, now at startProcess: asking zygote to start proc
03-25 09:20:21.798 D/CompatibilityChangeReporter( 1504): Compat change id reported: 143937733; UID 10017; state: ENABLED
03-25 09:20:21.802 I/am_pss ( 1504): [2359,10090,com.android.permissioncontroller,17152000,14065664,0,105013248,2,6,6]
03-25 09:20:21.803 I/am_proc_bound( 1504): [0,3347,.pasr]
03-25 09:20:21.805 D/CompatibilityChangeReporter( 1504): Compat change id reported: 168419799; UID 10055; state: DISABLED
03-25 09:20:21.805 W/ActivityManager( 1504): Slow operation: 149ms so far, now at startProcess: returned from zygote!
03-25 09:20:21.807 I/am_uid_active( 1504): 10055
03-25 09:20:21.808 W/ActivityManager( 1504): Slow operation: 152ms so far, now at startProcess: done updating battery stats
03-25 09:20:21.808 I/am_proc_start( 1504): [0,3413,10017,com.android.documentsui,broadcast,{com.android.documentsui/com.android.documentsui.PreBootReceiver}]
03-25 09:20:21.808 W/ActivityManager( 1504): Slow operation: 152ms so far, now at startProcess: building log message
03-25 09:20:21.808 I/ActivityManager( 1504): Start proc 3413:com.android.documentsui/u0a17 for broadcast {com.android.documentsui/com.android.documentsui.PreBootReceiver}
03-25 09:20:21.808 W/ActivityManager( 1504): Slow operation: 152ms so far, now at startProcess: starting to update pids map
03-25 09:20:21.808 W/ActivityManager( 1504): Slow operation: 152ms so far, now at startProcess: done updating pids map
03-25 09:20:21.808 W/ActivityManager( 1504): Slow operation: 107ms so far, now at startProcess: asking zygote to start proc
03-25 09:20:21.808 D/CompatibilityChangeReporter( 1504): Compat change id reported: 143937733; UID 10071; state: ENABLED
01-03 09:54:55.784 I/binder ( 0): 3370:3370 ioctl 40046210 7fd5c529e4 returned -22
03-25 09:20:21.811 I/am_proc_bound( 1504): [0,3367,com.qualcomm.qti.qccnetstat]
03-25 09:20:21.814 D/CompatibilityChangeReporter( 1504): Compat change id reported: 168419799; UID 10084; state: DISABLED
03-25 09:20:21.815 W/ActivityManager( 1504): Slow operation: 114ms so far, now at startProcess: returned from zygote!
03-25 09:20:21.817 I/am_pss ( 1504): [2355,10077,com.android.systemui,208889856,182534144,0,366841856,2,0,13]
03-25 09:20:21.817 I/am_uid_active( 1504): 10084
03-25 09:20:21.819 W/ActivityManager( 1504): Slow operation: 118ms so far, now at startProcess: done updating battery stats
03-25 09:20:21.819 I/am_proc_start( 1504): [0,3425,10071,com.qualcomm.location.XT,service,{com.qualcomm.location.XT/com.qualcomm.location.XT.XTSrv}]
03-25 09:20:21.819 W/ActivityManager( 1504): Slow operation: 118ms so far, now at startProcess: building log message
03-25 09:20:21.819 I/ActivityManager( 1504): Start proc 3425:com.qualcomm.location.XT/u0a71 for service {com.qualcomm.location.XT/com.qualcomm.location.XT.XTSrv}
03-25 09:20:21.819 W/ActivityManager( 1504): Slow operation: 118ms so far, now at startProcess: starting to update pids map
03-25 09:20:21.820 W/ActivityManager( 1504): Slow operation: 119ms so far, now at startProcess: done updating pids map
03-25 09:20:21.820 W/ActivityManager( 1504): Slow operation: 113ms so far, now at startProcess: asking zygote to start proc
03-25 09:20:21.820 I/am_proc_bound( 1504): [0,3362,com.qualcomm.qti.services.systemhelper:systemhelper_service]
03-25 09:20:21.822 D/CompatibilityChangeReporter( 1504): Compat change id reported: 168419799; UID 10068; state: DISABLED
03-25 09:20:21.824 I/am_uid_active( 1504): 10068
03-25 09:20:21.829 W/ActivityManager( 1504): Slow operation: 122ms so far, now at startProcess: returned from zygote!
03-25 09:20:21.829 W/ActivityManager( 1504): Slow operation: 122ms so far, now at startProcess: done updating battery stats
03-25 09:20:21.829 I/sysui_multi_action( 1504): [757,1501,758,1,793,202,794,0,795,202,796,32,806,android,857,USB,858,1,947,0,1500,0]
03-25 09:20:21.829 I/am_proc_start( 1504): [0,3442,1000,com.android.keychain,service,{com.android.keychain/com.android.keychain.KeyChainService}]
03-25 09:20:21.829 W/ActivityManager( 1504): Slow operation: 122ms so far, now at startProcess: building log message
03-25 09:20:21.829 I/ActivityManager( 1504): Start proc 3442:com.android.keychain/1000 for service {com.android.keychain/com.android.keychain.KeyChainService}
03-25 09:20:21.829 W/ActivityManager( 1504): Slow operation: 122ms so far, now at startProcess: starting to update pids map
03-25 09:20:21.829 I/sysui_multi_action( 1504): [757,804,799,note_interruptive,801,0,802,1]
03-25 09:20:21.829 I/GameModeConfig( 1504): isGameModeOn = false
03-25 09:20:21.829 W/ActivityManager( 1504): Slow operation: 122ms so far, now at startProcess: done updating pids map
03-25 09:20:21.829 W/ActivityManager( 1504): Slow operation: 99ms so far, now at startProcess: asking zygote to start proc
03-25 09:20:21.830 W/NotificationHistory( 1504): Attempted to add notif for locked/gone/disabled user 0
03-25 09:20:21.834 I/am_proc_bound( 1504): [0,3370,com.qualcomm.qti.workloadclassifier]
03-25 09:20:21.835 D/CompatibilityChangeReporter( 1504): Compat change id reported: 168419799; UID 10079; state: DISABLED
03-25 09:20:21.839 I/am_pss ( 1504): [1504,1000,system,213320704,120102912,0,519286784,2,0,19]
03-25 09:20:21.840 I/am_uid_active( 1504): 10079
03-25 09:20:21.847 I/UsageStatsService( 1504): Starting migration to system CE for user 0
01-03 09:54:55.813 I/binder ( 0): 3397:3397 ioctl 40046210 7fd5c529e4 returned -22
03-25 09:20:21.849 I/commit_sys_config_file( 1504): [settings-2-0,9]
03-25 09:20:21.850 I/am_proc_bound( 1504): [0,3397,android.process.media]
01-03 09:54:55.815 I/binder ( 0): 3425:3425 ioctl 40046210 7fd5c529e4 returned -22
03-25 09:20:21.852 I/UsageStatsService( 1504): Finished migration to system CE for user 0
03-25 09:20:21.853 D/CompatibilityChangeReporter( 1504): Compat change id reported: 168419799; UID 10019; state: DISABLED
01-03 09:54:55.821 I/binder ( 0): 3442:3442 ioctl 40046210 7fd5c529e4 returned -22
03-25 09:20:21.859 I/UsageStatsDatabase( 1504): Upgrading from version 0 to 5
01-03 09:54:55.826 I/binder ( 0): 3413:3413 ioctl 40046210 7fd5c529e4 returned -22
03-25 09:20:21.860 I/am_proc_bound( 1504): [0,3442,com.android.keychain]
03-25 09:20:21.860 W/ActivityManager( 1504): Slow operation: 130ms so far, now at startProcess: returned from zygote!
03-25 09:20:21.860 I/UsageStatsDatabase( 1504): Deleting all usage stats files
03-25 09:20:21.861 D/CompatibilityChangeReporter( 1504): Compat change id reported: 168419799; UID 1000; state: DISABLED
03-25 09:20:21.862 I/UsageStatsService( 1504): User[0] Rollover scheduled @ 2023-03-27 01:20:21(1679851221852)
03-25 09:20:21.862 D/AppStandbyController( 1504): Initializing defaults for system apps on user 0, appIdleEnabled=false
03-25 09:20:21.865 W/ActivityManager( 1504): Slow operation: 135ms so far, now at startProcess: done updating battery stats
03-25 09:20:21.865 I/am_proc_start( 1504): [0,3495,1000,com.android.provision,top-activity,{com.android.provision/com.android.provision.DefaultActivity}]
03-25 09:20:21.865 W/ActivityManager( 1504): Slow operation: 135ms so far, now at startProcess: building log message
03-25 09:20:21.865 I/ActivityManager( 1504): Start proc 3495:com.android.provision/1000 for top-activity {com.android.provision/com.android.provision.DefaultActivity}
03-25 09:20:21.865 W/ActivityManager( 1504): Slow operation: 135ms so far, now at startProcess: starting to update pids map
03-25 09:20:21.865 W/ActivityManager( 1504): Slow operation: 135ms so far, now at startProcess: done updating pids map
03-25 09:20:21.865 W/ActivityManager( 1504): Slow operation: 119ms so far, now at startProcess: asking zygote to start proc
03-25 09:20:21.865 D/CompatibilityChangeReporter( 1504): Compat change id reported: 143937733; UID 10091; state: ENABLED
03-25 09:20:21.867 I/am_proc_bound( 1504): [0,3425,com.qualcomm.location.XT]
03-25 09:20:21.868 D/CompatibilityChangeReporter( 1504): Compat change id reported: 168419799; UID 10071; state: DISABLED
01-03 09:54:55.846 I/configfs-gadget gadget( 0): high-speed config #1: b
01-03 09:54:55.846 E/msm-dwc3 a600000.ssusb( 0): Could not get usb psy
01-03 09:54:55.847 I/android_work( 0): sent uevent USB_STATE=CONFIGURED
03-25 09:20:21.870 I/am_uid_active( 1504): 10071
03-25 09:20:21.876 I/am_proc_bound( 1504): [0,3413,com.android.documentsui]
03-25 09:20:21.878 D/BluetoothManagerService( 1504): Bluetooth Adapter address changed to 22:22:55:36:D8:1F
03-25 09:20:21.878 D/BluetoothManagerService( 1504): Stored Bluetoothaddress: 22:22:55:36:D8:1F
03-25 09:20:21.878 W/ActivityManager( 1504): Slow operation: 132ms so far, now at startProcess: returned from zygote!
03-25 09:20:21.878 V/BackupManagerConstants( 1504): getKeyValueBackupIntervalMilliseconds(...) returns 14400000
03-25 09:20:21.878 V/BackupManagerConstants( 1504): getKeyValueBackupFuzzMilliseconds(...) returns 600000
03-25 09:20:21.878 V/BackupManagerConstants( 1504): getKeyValueBackupRequiredNetworkType(...) returns 1
03-25 09:20:21.878 V/BackupManagerConstants( 1504): getKeyValueBackupRequireCharging(...) returns true
03-25 09:20:21.878 V/KeyValueBackupJob( 1504): Scheduling k/v pass in 243 minutes
01-03 09:54:55.850 W/QSEECOM ( 0): __qseecom_unload_app: App (9) is unloaded
01-03 09:54:55.851 D/qbt ( 0): qbt_release: entry minor_no=0 fd_available=0
01-03 09:54:55.851 D/qbt ( 0): qbt_release: Releasing wakelock
01-03 09:54:55.851 D/qbt ( 0): qbt_release: exit : fd_available=1
01-03 09:54:55.851 D/qbt ( 0): qbt_release: entry minor_no=1 fd_available=1
01-03 09:54:55.851 D/qbt ( 0): qbt_release: exit : fd_available=1
03-25 09:20:21.879 D/CompatibilityChangeReporter( 1504): Compat change id reported: 168419799; UID 10017; state: DISABLED
03-25 09:20:21.882 I/am_uid_active( 1504): 10017
03-25 09:20:21.885 D/Fingerprint21( 1504): handleError, client: FingerprintInternalCleanupClient, error: 2, vendorCode: 0
03-25 09:20:21.885 E/Fingerprint21( 1504): onError for non-error consumer: FingerprintInternalCleanupClient
03-25 09:20:21.886 W/ActivityManager( 1504): Slow operation: 140ms so far, now at startProcess: done updating battery stats
03-25 09:20:21.886 I/am_proc_start( 1504): [0,3503,10091,com.android.providers.media.module,service,{com.android.providers.media.module/com.android.providers.media.fuse.ExternalStorageServiceImpl}]
03-25 09:20:21.886 I/Watchdog( 1504): Interesting Java process com.android.providers.media.module started. Pid 3503
03-25 09:20:21.886 W/ActivityManager( 1504): Slow operation: 140ms so far, now at startProcess: building log message
03-25 09:20:21.886 I/ActivityManager( 1504): Start proc 3503:com.android.providers.media.module/u0a91 for service {com.android.providers.media.module/com.android.providers.media.fuse.ExternalStorageServiceImpl}
03-25 09:20:21.886 W/ActivityManager( 1504): Slow operation: 140ms so far, now at startProcess: starting to update pids map
03-25 09:20:21.886 W/ActivityManager( 1504): Slow operation: 140ms so far, now at startProcess: done updating pids map
03-25 09:20:21.888 D/BluetoothManagerService( 1504): Bluetooth Adapter name changed to 楂樺悎濞变箰鍓睆 by android
03-25 09:20:21.888 D/BluetoothManagerService( 1504): Stored Bluetooth name: 楂樺悎濞变箰鍓睆
01-03 09:54:55.860 I/binder ( 0): 3495:3495 ioctl 40046210 7fd5c529e4 returned -22
03-25 09:20:21.894 D/BluetoothManagerService( 1504): Bluetooth Adapter address changed to 22:22:55:36:D8:1F
03-25 09:20:21.894 D/BluetoothManagerService( 1504): Stored Bluetoothaddress: 22:22:55:36:D8:1F
03-25 09:20:21.895 I/UsageStatsService( 1504): Time changed in by 1679520326 seconds
03-25 09:20:21.896 I/am_proc_bound( 1504): [0,3495,com.android.provision]
03-25 09:20:21.900 D/CompatibilityChangeReporter( 1504): Compat change id reported: 174042980; UID 1000; state: DISABLED
03-25 09:20:21.900 I/wm_restart_activity( 1504): [0,119740317,9,com.android.provision/.DefaultActivity]
03-25 09:20:21.902 I/wm_set_resumed_activity( 1504): [0,com.android.provision/.DefaultActivity,minimalResumeActivityLocked]
01-03 09:54:55.873 I/binder ( 0): 3503:3503 ioctl 40046210 7fd5c529e4 returned -22
03-25 09:20:21.907 D/BluetoothManagerService( 1504): MESSAGE_BLUETOOTH_STATE_CHANGE: BLE_TURNING_ON > BLE_ON
03-25 09:20:21.907 D/BluetoothManagerService( 1504): Bluetooth is in LE only mode
03-25 09:20:21.907 D/BluetoothManagerService( 1504): Binding Bluetooth GATT service
03-25 09:20:21.912 I/UsageStatsService( 1504): User[0] Flushing usage stats to disk
03-25 09:20:21.913 D/BluetoothManagerService( 1504): Sending BLE State Change: BLE_TURNING_ON > BLE_ON
03-25 09:20:21.914 D/CompanionDeviceManagerService( 1504): Received BT state transition broadcast: BLE_TURNING_ON -> BLE_ON
03-25 09:20:21.914 I/am_proc_bound( 1504): [0,3503,com.android.providers.media.module]
03-25 09:20:21.914 I/CompanionDeviceManagerService( 1504): startBleScan()
01-03 09:54:55.882 I/binder ( 0): 3425:3528 ioctl 40046210 787eddf944 returned -22
03-25 09:20:21.918 D/CompatibilityChangeReporter( 1504): Compat change id reported: 168419799; UID 10091; state: DISABLED
03-25 09:20:21.919 I/am_uid_active( 1504): 10091
03-25 09:20:21.920 D/BluetoothManagerService( 1504): BluetoothServiceConnection: com.android.bluetooth.gatt.GattService
03-25 09:20:21.920 D/BluetoothManagerService( 1504): MESSAGE_BLUETOOTH_SERVICE_CONNECTED: 2
03-25 09:20:21.920 D/BluetoothManagerService( 1504): continueFromBleOnState()
03-25 09:20:21.915 I/auditd ( 3546): type=1400 audit(0.0:457): avc: denied { read } for comm="ip" name="rt_tables" dev="dm-10" ino=332 scontext=u:r:ethernet:s0 tcontext=u:object_r:net_data_file:s0 tclass=file permissive=0
03-25 09:20:21.928 D/BluetoothManagerService( 1504): Persisting Bluetooth Setting: 1
03-25 09:20:21.929 D/BluetoothManagerService( 1504): MESSAGE_BLUETOOTH_STATE_CHANGE: BLE_ON > TURNING_ON
03-25 09:20:21.929 D/BluetoothManagerService( 1504): Sending BLE State Change: BLE_ON > TURNING_ON
03-25 09:20:21.931 D/BluetoothManagerService( 1504): Sending State Change: OFF > TURNING_ON
03-25 09:20:21.931 D/CompanionDeviceManagerService( 1504): Received BT state transition broadcast: BLE_ON -> TURNING_ON
03-25 09:20:21.931 I/auditd ( 3557): type=1400 audit(0.0:458): avc: denied { read } for comm="ip" name="rt_tables" dev="dm-10" ino=332 scontext=u:r:ethernet:s0 tcontext=u:object_r:net_data_file:s0 tclass=file permissive=0
03-25 09:20:21.938 I/sysui_multi_action( 1504): [757,856,758,1,806,com.android.mtp,857,device_notification_channel,858,2]
03-25 09:20:21.941 I/thunderperf( 1504): PlatormCompat.setOverrides: Uid1=1000 Pid1=3495 Uid2=1000 Pid2=3495
03-25 09:20:21.941 I/thunderperf( 1504): PlatormCompat.setOverrides: needCheck:false
03-25 09:20:21.942 I/thunderperf( 1504): CompatConfig.addOverrideUnsafe: bef-state=0
03-25 09:20:21.942 I/thunderperf( 1504): CompatConfig.addOverrideUnsafe: aft-state=0
03-25 09:20:21.943 I/thunderperf( 1504): CompatConfig.addOverrideUnsafe: bef-state=0
03-25 09:20:21.943 I/thunderperf( 1504): CompatConfig.addOverrideUnsafe: aft-state=0
03-25 09:20:21.944 I/thunderperf( 1504): CompatConfig.addOverrideUnsafe: bef-state=0
03-25 09:20:21.944 I/thunderperf( 1504): CompatConfig.addOverrideUnsafe: aft-state=0
03-25 09:20:21.944 I/thunderperf( 1504): CompatConfig.addOverrideUnsafe: bef-state=0
03-25 09:20:21.944 I/thunderperf( 1504): CompatConfig.addOverrideUnsafe: aft-state=0
03-25 09:20:21.945 I/thunderperf( 1504): CompatConfig.addOverrideUnsafe: bef-state=0
03-25 09:20:21.945 I/thunderperf( 1504): CompatConfig.addOverrideUnsafe: aft-state=0
03-25 09:20:21.948 I/thunderperf( 1504): CompatConfig.addOverrideUnsafe: bef-state=0
03-25 09:20:21.948 I/thunderperf( 1504): CompatConfig.addOverrideUnsafe: aft-state=0
03-25 09:20:21.951 I/thunderperf( 1504): CompatConfig.addOverrideUnsafe: bef-state=0
03-25 09:20:21.951 I/thunderperf( 1504): CompatConfig.addOverrideUnsafe: aft-state=0
03-25 09:20:21.951 I/thunderperf( 1504): CompatConfig.addOverrideUnsafe: bef-state=0
03-25 09:20:21.951 I/thunderperf( 1504): CompatConfig.addOverrideUnsafe: aft-state=0
03-25 09:20:21.951 I/thunderperf( 1504): CompatConfig.addOverrideUnsafe: bef-state=0
03-25 09:20:21.951 I/thunderperf( 1504): CompatConfig.addOverrideUnsafe: aft-state=0
03-25 09:20:21.952 I/thunderperf( 1504): CompatConfig.addOverrideUnsafe: bef-state=0
03-25 09:20:21.952 I/thunderperf( 1504): CompatConfig.addOverrideUnsafe: aft-state=0
03-25 09:20:21.952 I/thunderperf( 1504): CompatConfig.addOverrideUnsafe: bef-state=0
03-25 09:20:21.952 I/thunderperf( 1504): CompatConfig.addOverrideUnsafe: aft-state=0
03-25 09:20:21.952 I/thunderperf( 1504): CompatConfig.addOverrideUnsafe: bef-state=0
03-25 09:20:21.952 I/thunderperf( 1504): CompatConfig.addOverrideUnsafe: aft-state=0
03-25 09:20:21.953 I/thunderperf( 1504): CompatConfig.addOverrideUnsafe: bef-state=0
03-25 09:20:21.953 I/thunderperf( 1504): CompatConfig.addOverrideUnsafe: aft-state=0
03-25 09:20:21.953 D/TelephonyRegistry( 1504): listen oscl: mHasNotifySubscriptionInfoChangedOccurred==false no callback
03-25 09:20:21.954 I/thunderperf( 1504): CompatConfig.addOverrideUnsafe: bef-state=0
03-25 09:20:21.954 I/thunderperf( 1504): CompatConfig.addOverrideUnsafe: aft-state=0
03-25 09:20:21.955 I/ActivityTaskManager( 1504): START u0 {cmp=com.thundercomm.tcsetupwizard/.TcSetupStartActivity} from uid 1000
03-25 09:20:21.958 I/wm_task_moved( 1504): [1,1,5]
03-25 09:20:21.958 I/wm_set_resumed_activity( 1504): [0,com.android.provision/.DefaultActivity,positionChildAt]
03-25 09:20:21.958 I/wm_task_moved( 1504): [9,1,2147483647]
03-25 09:20:21.958 I/wm_create_activity( 1504): [0,198658803,9,com.thundercomm.tcsetupwizard/.TcSetupStartActivity,NULL,NULL,NULL,0]
03-25 09:20:21.962 D/CompatibilityChangeReporter( 1504): Compat change id reported: 168419799; UID 1000; state: DISABLED
03-25 09:20:21.962 I/wm_pause_activity( 1504): [0,119740317,com.android.provision/.DefaultActivity,userLeaving=true,resumeTopActivityInnerLocked]
03-25 09:20:21.963 I/sysui_multi_action( 1504): [757,856,758,1,806,com.android.providers.media.module,857,native_transcode_alert_channel,858,4]
03-25 09:20:21.964 I/wm_on_create_called( 3495): [119740317,com.android.provision.DefaultActivity,performCreate]
03-25 09:20:21.964 I/sysui_multi_action( 1504): [757,856,758,1,806,com.android.providers.media.module,857,native_transcode_progress_channel,858,2]
03-25 09:20:21.970 I/am_uid_running( 1504): 10028
03-25 09:20:21.971 D/CompatibilityChangeReporter( 1504): Compat change id reported: 135634846; UID 10028; state: DISABLED
03-25 09:20:21.971 D/CompatibilityChangeReporter( 1504): Compat change id reported: 177438394; UID 10028; state: DISABLED
03-25 09:20:21.971 D/CompatibilityChangeReporter( 1504): Compat change id reported: 135772972; UID 10028; state: DISABLED
03-25 09:20:21.971 D/CompatibilityChangeReporter( 1504): Compat change id reported: 135754954; UID 10028; state: ENABLED
03-25 09:20:21.971 D/CompatibilityChangeReporter( 1504): Compat change id reported: 143937733; UID 10028; state: ENABLED
03-25 09:20:21.973 I/wm_on_start_called( 3495): [119740317,com.android.provision.DefaultActivity,handleStartActivity]
03-25 09:20:21.975 I/wm_on_resume_called( 3495): [119740317,com.android.provision.DefaultActivity,RESUME_ACTIVITY]
03-25 09:20:21.979 I/am_proc_start( 1504): [0,3585,10028,com.android.externalstorage,content provider,{com.android.externalstorage/com.android.externalstorage.ExternalStorageProvider}]
03-25 09:20:21.979 I/ActivityManager( 1504): Start proc 3585:com.android.externalstorage/u0a28 for content provider {com.android.externalstorage/com.android.externalstorage.ExternalStorageProvider}
03-25 09:20:21.988 I/sysui_multi_action( 1504): [757,856,758,1,806,com.android.bluetooth,857,avrcp_notification,858,3]
03-25 09:20:21.988 I/wm_on_top_resumed_gained_called( 3495): [119740317,com.android.provision.DefaultActivity,topStateChangedWhenResumed]
03-25 09:20:21.989 I/wm_on_top_resumed_lost_called( 3495): [119740317,com.android.provision.DefaultActivity,topStateChangedWhenResumed]
03-25 09:20:21.989 I/wm_on_paused_called( 3495): [119740317,com.android.provision.DefaultActivity,performPause]
03-25 09:20:21.989 I/ActivityTaskManager( 1504): FOREGROUND_APPLICATION_CHANGED to com.thundercomm.tcsetupwizard.TcSetupStartActivity
03-25 09:20:21.990 I/ActivityTaskManager( 1504): The Process com.thundercomm.tcsetupwizard Already Exists in BG. So sending its PID: 2657
03-25 09:20:21.990 I/wm_add_to_stopping( 1504): [0,119740317,com.android.provision/.DefaultActivity,makeInvisible]
03-25 09:20:21.991 D/CompatibilityChangeReporter( 1504): Compat change id reported: 181136395; UID 1000; state: DISABLED
01-03 09:54:55.965 I/binder ( 0): 3585:3585 ioctl 40046210 7fd5c529e4 returned -22
03-25 09:20:21.996 I/StorageUserConnection( 1504): Service: [ComponentInfo{com.android.providers.media.module/com.android.providers.media.fuse.ExternalStorageServiceImpl}] connected. User [0]
03-25 09:20:21.997 D/CompatibilityChangeReporter( 1504): Compat change id reported: 174042936; UID 1000; state: DISABLED
03-25 09:20:21.998 I/wm_restart_activity( 1504): [0,198658803,9,com.thundercomm.tcsetupwizard/.TcSetupStartActivity]
03-25 09:20:22.000 I/wm_set_resumed_activity( 1504): [0,com.thundercomm.tcsetupwizard/.TcSetupStartActivity,minimalResumeActivityLocked]
03-25 09:20:22.005 I/wm_stop_activity( 1504): [0,119740317,com.android.provision/.DefaultActivity]
03-25 09:20:22.005 I/wm_destroy_activity( 1504): [0,85324137,8,com.android.settings/.FallbackHome,finish-idle]
03-25 09:20:22.010 I/wm_on_stop_called( 2955): [85324137,com.android.settings.FallbackHome,LIFECYCLER_STOP_ACTIVITY]
03-25 09:20:22.012 I/sysui_multi_action( 1504): [757,803,799,window_time_0,802,0]
03-25 09:20:22.017 I/wm_on_destroy_called( 2955): [85324137,com.android.settings.FallbackHome,performDestroy]
03-25 09:20:22.019 I/am_proc_bound( 1504): [0,3585,com.android.externalstorage]
03-25 09:20:22.026 D/CompatibilityChangeReporter( 1504): Compat change id reported: 168419799; UID 10028; state: DISABLED
03-25 09:20:22.028 I/wm_task_removed( 1504): [8,cleanUpResourcesForDestroy]
03-25 09:20:22.028 I/wm_task_removed( 1504): [8,removeChild:removeChild last r=ActivityRecord{515f169 u0 com.android.settings/.FallbackHome t-1 f}} in t=Task{ed6687b #8 type=home A=1000:com.android.settings.FallbackHome U=0 visible=false mode=fullscreen translucent=true sz=0}]
03-25 09:20:22.028 I/wm_task_removed( 1504): [8,removeChild]
03-25 09:20:22.034 I/PreBootBroadcaster( 1504): Pre-boot of {com.android.managedprovisioning/com.android.managedprovisioning.ota.PreBootListener} for user 0
03-25 09:20:22.034 I/am_pre_boot( 1504): [0,com.android.managedprovisioning]
03-25 09:20:22.035 I/am_uid_running( 1504): 10023
03-25 09:20:22.035 I/ActivityManager( 1504): com.android.managedprovisioning is exempt from freezer
03-25 09:20:22.035 D/CompatibilityChangeReporter( 1504): Compat change id reported: 135634846; UID 10023; state: DISABLED
03-25 09:20:22.035 D/CompatibilityChangeReporter( 1504): Compat change id reported: 177438394; UID 10023; state: DISABLED
03-25 09:20:22.035 D/CompatibilityChangeReporter( 1504): Compat change id reported: 135772972; UID 10023; state: DISABLED
03-25 09:20:22.035 D/CompatibilityChangeReporter( 1504): Compat change id reported: 135754954; UID 10023; state: ENABLED
03-25 09:20:22.036 D/CompatibilityChangeReporter( 1504): Compat change id reported: 143937733; UID 10023; state: ENABLED
03-25 09:20:22.039 I/notification_enqueue( 1504): [1000,1504,android,13,PreBootBroadcaster,0,Notification(channel=UPDATES shortcut=null contentView=null vibrate=null sound=null tick defaults=0x0 flags=0x2 color=0x00000000 vis=PUBLIC),1]
03-25 09:20:22.044 I/am_proc_start( 1504): [0,3631,10023,com.android.managedprovisioning,broadcast,{com.android.managedprovisioning/com.android.managedprovisioning.ota.PreBootListener}]
03-25 09:20:22.044 I/ActivityManager( 1504): Start proc 3631:com.android.managedprovisioning/u0a23 for broadcast {com.android.managedprovisioning/com.android.managedprovisioning.ota.PreBootListener}
