01-03 09:54:34.954 I/fastrpc soc( 0): qcom,msm_fastrpc:qcom,msm_fastrpc_compute_cb9: Linked as a consumer to 15000000.apps-smmu
01-03 09:54:34.954 I/iommu ( 0): Adding device soc:qcom,msm_fastrpc:qcom,msm_fastrpc_compute_cb9 to group 40
01-03 09:54:34.954 I/fastrpc soc( 0): qcom,msm_fastrpc:qcom,msm_fastrpc_compute_cb10: Linked as a consumer to 15000000.apps-smmu
01-03 09:54:34.955 I/iommu ( 0): Adding device soc:qcom,msm_fastrpc:qcom,msm_fastrpc_compute_cb10 to group 41
01-03 09:54:34.955 I/fastrpc soc( 0): qcom,msm_fastrpc:qcom,msm_fastrpc_compute_cb11: Linked as a consumer to 15000000.apps-smmu
01-03 09:54:34.955 I/iommu ( 0): Adding device soc:qcom,msm_fastrpc:qcom,msm_fastrpc_compute_cb11 to group 42
01-03 09:54:34.955 I/fastrpc soc( 0): qcom,msm_fastrpc:qcom,msm_fastrpc_compute_cb12: Linked as a consumer to 15000000.apps-smmu
01-03 09:54:34.955 I/iommu ( 0): Adding device soc:qcom,msm_fastrpc:qcom,msm_fastrpc_compute_cb12 to group 43
01-03 09:54:34.956 I/fastrpc soc( 0): qcom,msm_fastrpc:qcom,msm_fastrpc_compute_cb13: Linked as a consumer to 15000000.apps-smmu
01-03 09:54:34.956 I/iommu ( 0): Adding device soc:qcom,msm_fastrpc:qcom,msm_fastrpc_compute_cb13 to group 44
01-03 09:54:34.956 I/fastrpc soc( 0): qcom,msm_fastrpc:qcom,msm_fastrpc_compute_cb14: Linked as a consumer to 15000000.apps-smmu
01-03 09:54:34.956 I/iommu ( 0): Adding device soc:qcom,msm_fastrpc:qcom,msm_fastrpc_compute_cb14 to group 45
01-03 09:54:34.956 I/fastrpc soc( 0): qcom,msm_fastrpc:qcom,msm_fastrpc_compute_cb15: Linked as a consumer to 15000000.apps-smmu
01-03 09:54:34.957 I/iommu ( 0): Adding device soc:qcom,msm_fastrpc:qcom,msm_fastrpc_compute_cb15 to group 46
01-03 09:54:34.957 I/adsprpc ( 0): fastrpc_device_init: SSR notifier registered for adsp
01-03 09:54:34.957 I/adsprpc ( 0): fastrpc_device_init: SSR notifier registered for modem
01-03 09:54:34.957 I/adsprpc ( 0): fastrpc_device_init: SSR notifier registered for slpi
01-03 09:54:34.957 I/adsprpc ( 0): fastrpc_device_init: SSR notifier registered for cdsp
01-03 09:54:34.957 E/register_client_adhoc( 0): find path.src 1 dest 589
01-03 09:54:34.958 E/register_client_adhoc( 0): Failed to find path.src 1 dest 589
01-03 09:54:34.958 E/register_client_adhoc( 0): find path.src 1 dest 589
01-03 09:54:34.958 E/register_client_adhoc( 0): Failed to find path.src 1 dest 589
01-03 09:54:34.958 I/ngd_msm_ctrl 3ac0000.slim( 0): Linked as a consumer to 15000000.apps-smmu
01-03 09:54:34.958 I/iommu ( 0): Adding device 3ac0000.slim to group 47
01-03 09:54:34.959 E/register_client_adhoc( 0): find path.src 1 dest 589
01-03 09:54:34.959 E/register_client_adhoc( 0): Failed to find path.src 1 dest 589
01-03 09:54:34.960 I/input ( 0): gpio-keys as /devices/platform/soc/soc:gpio_keys/input/input3
01-03 09:54:34.960 E/register_client_adhoc( 0): find path.src 1 dest 589
01-03 09:54:34.960 E/register_client_adhoc( 0): Failed to find path.src 1 dest 589
01-03 09:54:34.961 E/register_client_adhoc( 0): find path.src 1 dest 589
01-03 09:54:34.961 E/register_client_adhoc( 0): Failed to find path.src 1 dest 589
01-03 09:54:34.962 I/lpm_levels( 0): Cluster (L3) stats not registered
01-03 09:54:34.963 E/register_client_adhoc( 0): find path.src 1 dest 589
01-03 09:54:34.963 E/register_client_adhoc( 0): Failed to find path.src 1 dest 589
01-03 09:54:34.965 E/register_client_adhoc( 0): find path.src 1 dest 589
01-03 09:54:34.965 E/register_client_adhoc( 0): Failed to find path.src 1 dest 589
01-03 09:54:34.966 I/ ( 0): rmnet_ipa3 started initialization
01-03 09:54:34.966 E/register_client_adhoc( 0): find path.src 1 dest 589
01-03 09:54:34.966 E/register_client_adhoc( 0): Failed to find path.src 1 dest 589
01-03 09:54:34.967 E/register_client_adhoc( 0): find path.src 1 dest 589
01-03 09:54:34.967 E/register_client_adhoc( 0): Failed to find path.src 1 dest 589
01-03 09:54:34.967 I/ ( 0): RNDIS_IPA module is loaded.
01-03 09:54:34.968 E/ ( 0): [drm:dp_display_init_aux_switch][msm-dp-err][1 ]failed to register notifier (-22)
01-03 09:54:34.968 I/ ( 0): msm notifier probed successfully
01-03 09:54:34.968 E/register_client_adhoc( 0): find path.src 1 dest 589
01-03 09:54:34.968 E/register_client_adhoc( 0): Failed to find path.src 1 dest 589
01-03 09:54:34.968 E/ ( 0): [drm:dp_display_init_aux_switch][msm-dp-err][85 ]failed to register notifier (-22)
01-03 09:54:34.969 I/cfg80211( 0): Loading compiled-in X.509 certificates for regulatory database
01-03 09:54:34.970 I/cfg80211( 0): Loaded X.509 cert 'sforshee: 00b28ddf47aef9cea7'
01-03 09:54:34.971 E/msm_bus_late_init( 0): Remove handoff bw requests
01-03 09:54:34.971 I/regulator_proxy_consumer_remove_all( 0): removing regulator proxy consumer requests
01-03 09:54:34.972 I/ ( 0): ALSA device list:
01-03 09:54:34.972 I/ ( 0): No soundcards found.
01-03 09:54:34.972 E/ ( 0): Warning: unable to open an initial console.
01-03 09:54:34.973 I/ ( 0): Freeing unused kernel memory: 4096K
01-03 09:54:34.973 I/ ( 0): Run /init as init process
01-03 09:54:34.975 I/init ( 0): init first stage started!
01-03 09:54:34.975 I/init ( 0): Unable to open /lib/modules, skipping module loading.
01-03 09:54:34.975 I/init ( 0): [libfs_mgr]dt_fstab: Skip disabled entry for partition vendor
01-03 09:54:34.975 I/init ( 0): [libfs_mgr]ReadFstabFromDt(): failed to read fstab from dt
01-03 09:54:34.976 I/init ( 0): [libfs_mgr]dt_fstab: Skip disabled entry for partition vendor
01-03 09:54:34.976 W/init ( 0): [libfs_mgr]Warning: unknown flag: resize
01-03 09:54:34.977 I/init ( 0): Using Android DT directory /proc/device-tree/firmware/android/
01-03 09:54:35.004 I/init ( 0): [libfs_mgr]superblock s_max_mnt_count:65535,/dev/block/platform/soc/1d84000.ufshc/by-name/metadata
01-03 09:54:35.004 I/init ( 0): [libfs_mgr]check_fs(): mount(/dev/block/platform/soc/1d84000.ufshc/by-name/metadata,/metadata,ext4)=-1: No such file or directory
01-03 09:54:35.004 I/init ( 0): [libfs_mgr]Running /system/bin/e2fsck on /dev/block/sda11
01-03 09:54:35.005 I/e2fsck ( 0): e2fsck 1.45.4 (23-Sep-2019)
01-03 09:54:35.008 I/e2fsck ( 0): Pass 1: Checking inodes, blocks, and sizes
01-03 09:54:35.008 I/e2fsck ( 0): Pass 2: Checking directory structure
01-03 09:54:35.009 I/e2fsck ( 0): Pass 3: Checking directory connectivity
01-03 09:54:35.009 I/e2fsck ( 0): Pass 4: Checking reference counts
01-03 09:54:35.009 I/e2fsck ( 0): Pass 5: Checking group summary information
01-03 09:54:35.012 I/e2fsck ( 0): /dev/block/platform/soc/1d84000.ufshc/by-name/metadata: 11/4096 files (0.0% non-contiguous), 1161/4096 blocks
01-03 09:54:35.014 I/EXT4-fs (sda11)( 0): mounted filesystem with ordered data mode. Opts: discard
01-03 09:54:35.019 I/device-mapper( 0): verity: sha256 using implementation "sha256-ce"
01-03 09:54:35.021 W/EXT4-fs (dm-5)( 0): mounting with "discard" option, but the device does not support discard
01-03 09:54:35.021 I/EXT4-fs (dm-5)( 0): mounted filesystem without journal. Opts: barrier=1,discard
01-03 09:54:35.024 I/device-mapper( 0): verity: sha256 using implementation "sha256-ce"
01-03 09:54:35.028 W/EXT4-fs (dm-6)( 0): mounting with "discard" option, but the device does not support discard
01-03 09:54:35.028 I/EXT4-fs (dm-6)( 0): mounted filesystem without journal. Opts: barrier=1,discard
01-03 09:54:35.028 I/device-mapper( 0): verity: sha256 using implementation "sha256-ce"
01-03 09:54:35.030 W/EXT4-fs (dm-7)( 0): mounting with "discard" option, but the device does not support discard
01-03 09:54:35.030 I/EXT4-fs (dm-7)( 0): mounted filesystem without journal. Opts: barrier=1,discard
01-03 09:54:35.032 I/device-mapper( 0): verity: sha1 using implementation "sha1-ce"
01-03 09:54:35.036 W/EXT4-fs (dm-8)( 0): mounting with "discard" option, but the device does not support discard
01-03 09:54:35.036 I/EXT4-fs (dm-8)( 0): mounted filesystem without journal. Opts: barrier=1,discard
01-03 09:54:35.037 I/device-mapper( 0): verity: sha1 using implementation "sha1-ce"
01-03 09:54:35.040 W/EXT4-fs (dm-9)( 0): mounting with "discard" option, but the device does not support discard
01-03 09:54:35.040 I/EXT4-fs (dm-9)( 0): mounted filesystem without journal. Opts: barrier=1,discard
01-03 09:54:35.042 I/EXT4-fs (sda2)( 0): mounted filesystem with ordered data mode. Opts: barrier=1
01-03 09:54:35.058 W/init ( 0): 38 output lines suppressed due to ratelimiting
01-03 09:54:35.180 I/init ( 0): [libfs_mgr]dt_fstab: Skip disabled entry for partition vendor
01-03 09:54:35.180 I/init ( 0): [libfs_mgr]GetFstabPath()fstab_path:/odm/etc/fstab.default
01-03 09:54:35.181 I/init ( 0): [libfs_mgr]GetFstabPath()fstab_path:/vendor/etc/fstab.default
01-03 09:54:35.181 I/init ( 0): [libfs_mgr]GetFstabPath()fstab_path:/system/etc/fstab.default
01-03 09:54:35.181 I/init ( 0): [libfs_mgr]GetFstabPath()fstab_path:/first_stage_ramdisk/system/etc/fstab.default
01-03 09:54:35.181 I/init ( 0): [libfs_mgr]GetFstabPath()fstab_path:/fstab.default
01-03 09:54:35.181 I/init ( 0): [libfs_mgr]GetFstabPath()fstab_path:/first_stage_ramdisk/fstab.default
01-03 09:54:35.181 I/init ( 0): [libfs_mgr]GetFstabPath()fstab_path:/odm/etc/fstab.qcom
01-03 09:54:35.181 I/init ( 0): [libfs_mgr]GetFstabPath()fstab_path:/vendor/etc/fstab.qcom
01-03 09:54:35.183 I/init ( 0): [libfs_mgr]GetFstabPath()fstab_path.c_str():/vendor/etc/fstab.qcom
01-03 09:54:36.237 I/SELinux ( 0): policy capability network_peer_controls=1
01-03 09:54:36.237 I/SELinux ( 0): policy capability open_perms=1
01-03 09:54:36.237 I/SELinux ( 0): policy capability extended_socket_class=1
01-03 09:54:36.237 I/SELinux ( 0): policy capability always_check_network=0
01-03 09:54:36.237 I/SELinux ( 0): policy capability cgroup_seclabel=0
01-03 09:54:36.237 I/SELinux ( 0): policy capability nnp_nosuid_transition=1
01-03 09:54:36.263 I/auditd ( 505): type=1403 audit(0.0:2): auid=4294967295 ses=4294967295 lsm=selinux res=1
01-03 09:54:36.263 I/auditd ( 505): type=1404 audit(0.0:3): enforcing=1 old_enforcing=0 auid=4294967295 ses=4294967295 enabled=1 old-enabled=1 lsm=selinux res=1
01-03 09:54:36.273 W/init ( 0): 8 output lines suppressed due to ratelimiting
01-03 09:54:36.284 I/init ( 0): init second stage started!
01-03 09:54:36.298 I/init ( 0): Using Android DT directory /proc/device-tree/firmware/android/
01-03 09:54:36.301 E/init ( 0): Do not have permissions to set 'ro.adb.secure' to '1' in property file '/vendor/default.prop': SELinux permission check failed
01-03 09:54:36.301 E/init ( 0): Do not have permissions to set 'persist.backup.ntpServer' to '0.pool.ntp.org' in property file '/vendor/build.prop': SELinux permission check failed
01-03 09:54:36.301 W/init ( 0): Overriding previous property 'dalvik.vm.heapsize':'36m' with new value '512m'
01-03 09:54:36.301 E/init ( 0): Do not have permissions to set 'persist.vendor.bt.a2dp_offload_cap' to 'sbc-aptx-aptxtws-aptxhd-aac-ldac' in property file '/vendor/build.prop': SELinux permission check failed
01-03 09:54:36.301 E/init ( 0): Do not have permissions to set 'vendor.mm.enable.qcom_parser' to '16777215' in property file '/vendor/build.prop': SELinux permission check failed
01-03 09:54:36.302 E/init ( 0): Do not have permissions to set 'persist.demo.hdmirotationlock' to 'false' in property file '/vendor/build.prop': SELinux permission check failed
01-03 09:54:36.302 W/init ( 0): Couldn't load property file '/vendor_dlkm/etc/build.prop': open() failed: No such file or directory: No such file or directory
01-03 09:54:36.302 W/init ( 0): Couldn't load property file '/odm_dlkm/etc/build.prop': open() failed: No such file or directory: No such file or directory
01-03 09:54:36.307 I/auditd ( 1): type=1400 audit(0.0:4): avc: denied { relabelto } for comm="init" name="persist" dev="tmpfs" ino=15383 scontext=u:r:init:s0 tcontext=u:object_r:vendor_persist_block_device:s0 tclass=lnk_file permissive=0
01-03 09:54:36.331 I/auditd ( 1): type=1107 audit(0.0:5): uid=0 auid=4294967295 ses=4294967295 subj=u:r:init:s0 msg='avc: denied { read } for property=persist.debug.trace pid=0 uid=0 gid=0 scontext=u:r:vendor_init:s0 tcontext=u:object_r:persist_debug_prop:s0 tclass=file permissive=0'
01-03 09:54:36.478 I/ueventd ( 0): ueventd started!
01-03 09:54:36.479 I/selinux ( 0): SELinux: Loaded file_contexts
01-03 09:54:36.479 I/selinux ( 0):
01-03 09:54:36.479 I/ueventd ( 0): Parsing file /system/etc/ueventd.rc...
01-03 09:54:36.481 I/ueventd ( 0): Added '/vendor/etc/ueventd.rc' to import list
01-03 09:54:36.481 I/ueventd ( 0): Added '/odm/etc/ueventd.rc' to import list
01-03 09:54:36.481 I/ueventd ( 0): Parsing file /vendor/etc/ueventd.rc...
01-03 09:54:36.481 I/ueventd ( 0): Unable to read config file '/vendor/etc/ueventd.rc': open() failed: No such file or directory
01-03 09:54:36.481 I/ueventd ( 0): Parsing file /odm/etc/ueventd.rc...
01-03 09:54:36.481 I/ueventd ( 0): Unable to read config file '/odm/etc/ueventd.rc': open() failed: No such file or directory
01-03 09:54:36.579 I/auditd ( 481): type=1400 audit(0.0:6): avc: denied { read } for comm="ueventd" name="persist" dev="tmpfs" ino=15383 scontext=u:r:ueventd:s0 tcontext=u:object_r:tmpfs:s0 tclass=lnk_file permissive=0
01-03 09:54:36.711 I/auditd ( 1): type=1400 audit(0.0:7): avc: denied { mounton } for comm="init" path="/sys/kernel/tracing" dev="tracefs" ino=1 scontext=u:r:init:s0 tcontext=u:object_r:debugfs_tracing_debug:s0 tclass=dir permissive=0
01-03 09:54:36.753 W/msm_11ad soc( 0): qcom,wil6210: GPIO not found, dc GPIO not used
01-03 09:54:36.753 W/msm_11ad soc( 0): qcom,wil6210: GPIO not found, enable GPIO not used
01-03 09:54:36.753 W/msm_11ad soc( 0): qcom,wil6210: GPIO not found, sleep clock not used
01-03 09:54:36.753 W/msm_11ad soc( 0): qcom,wil6210: soc:qcom,wil6210 supply vdd not found, using dummy regulator
01-03 09:54:36.753 I/msm_11ad soc( 0): qcom,wil6210: Linked as a consumer to regulator.0
01-03 09:54:36.753 I/msm_11ad soc( 0): qcom,wil6210: Linked as a consumer to regulator.8
01-03 09:54:36.753 I/msm_11ad soc( 0): qcom,wil6210: Linked as a consumer to regulator.26
01-03 09:54:36.753 E/msm_pcie_enumerate( 0): PCIe: RC1: has already been enumerated.
01-03 09:54:36.753 E/msm_11ad soc( 0): qcom,wil6210: Wigig device not found
01-03 09:54:36.753 I/msm_11ad soc( 0): qcom,wil6210: Dropping the link to regulator.26
01-03 09:54:36.753 I/msm_11ad soc( 0): qcom,wil6210: Dropping the link to regulator.0
01-03 09:54:36.753 I/msm_11ad soc( 0): qcom,wil6210: Dropping the link to regulator.8
01-03 09:54:36.771 W/q6_pdr_dlkm( 0): loading out-of-tree module taints kernel.
01-03 09:54:36.774 W/apr_dlkm( 0): no symbol version for snd_event_notify
01-03 09:54:36.776 E/register_client_adhoc( 0): find path.src 1 dest 589
01-03 09:54:36.776 E/register_client_adhoc( 0): Failed to find path.src 1 dest 589
01-03 09:54:36.777 E/ ( 0): [drm:dp_display_init_aux_switch][msm-dp-err][479 ]failed to register notifier (-22)
01-03 09:54:36.780 E/register_client_adhoc( 0): find path.src 1 dest 589
01-03 09:54:36.780 E/register_client_adhoc( 0): Failed to find path.src 1 dest 589
01-03 09:54:36.780 E/ ( 0): [drm:dp_display_init_aux_switch][msm-dp-err][494 ]failed to register notifier (-22)
01-03 09:54:36.812 W/ ( 0): **********************************************************
01-03 09:54:36.812 W/ ( 0): ** NOTICE NOTICE NOTICE NOTICE NOTICE NOTICE NOTICE **
01-03 09:54:36.812 W/ ( 0): ** **
01-03 09:54:36.812 W/ ( 0): ** trace_printk() being used. Allocating extra memory. **
01-03 09:54:36.812 W/ ( 0): ** **
01-03 09:54:36.812 W/ ( 0): ** This means that this is a DEBUG kernel and it is **
01-03 09:54:36.812 W/ ( 0): ** unsafe for production use. **
01-03 09:54:36.812 W/ ( 0): ** **
01-03 09:54:36.812 W/ ( 0): ** If you see this message and you are not debugging **
01-03 09:54:36.812 W/ ( 0): ** the kernel, report this immediately to your vendor! **
01-03 09:54:36.812 W/ ( 0): ** **
01-03 09:54:36.812 W/ ( 0): ** NOTICE NOTICE NOTICE NOTICE NOTICE NOTICE NOTICE **
01-03 09:54:36.812 W/ ( 0): **********************************************************
01-03 09:54:36.815 E/register_client_adhoc( 0): find path.src 1 dest 589
01-03 09:54:36.815 E/register_client_adhoc( 0): Failed to find path.src 1 dest 589
01-03 09:54:36.815 E/ ( 0): [drm:dp_display_init_aux_switch][msm-dp-err][78 ]failed to register notifier (-22)
01-03 09:54:36.834 E/register_client_adhoc( 0): find path.src 1 dest 589
01-03 09:54:36.834 E/register_client_adhoc( 0): Failed to find path.src 1 dest 589
01-03 09:54:36.834 E/ ( 0): [drm:dp_display_init_aux_switch][msm-dp-err][78 ]failed to register notifier (-22)
01-03 09:54:36.835 E/register_client_adhoc( 0): find path.src 1 dest 589
01-03 09:54:36.835 E/register_client_adhoc( 0): Failed to find path.src 1 dest 589
01-03 09:54:36.835 E/ ( 0): [drm:dp_display_init_aux_switch][msm-dp-err][78 ]failed to register notifier (-22)
01-03 09:54:36.835 E/register_client_adhoc( 0): find path.src 1 dest 589
01-03 09:54:36.835 E/register_client_adhoc( 0): Failed to find path.src 1 dest 589
01-03 09:54:36.835 E/ ( 0): [drm:dp_display_init_aux_switch][msm-dp-err][78 ]failed to register notifier (-22)
01-03 09:54:36.835 E/register_client_adhoc( 0): find path.src 1 dest 589
01-03 09:54:36.835 E/register_client_adhoc( 0): Failed to find path.src 1 dest 589
01-03 09:54:36.835 E/ ( 0): [drm:dp_display_init_aux_switch][msm-dp-err][78 ]failed to register notifier (-22)
01-03 09:54:36.835 E/register_client_adhoc( 0): find path.src 1 dest 589
01-03 09:54:36.835 E/register_client_adhoc( 0): Failed to find path.src 1 dest 589
01-03 09:54:36.835 E/ ( 0): [drm:dp_display_init_aux_switch][msm-dp-err][78 ]failed to register notifier (-22)
01-03 09:54:36.835 E/register_client_adhoc( 0): find path.src 1 dest 589
01-03 09:54:36.835 E/register_client_adhoc( 0): Failed to find path.src 1 dest 589
01-03 09:54:36.836 E/ ( 0): [drm:dp_display_init_aux_switch][msm-dp-err][78 ]failed to register notifier (-22)
01-03 09:54:36.836 E/register_client_adhoc( 0): find path.src 1 dest 589
01-03 09:54:36.836 E/register_client_adhoc( 0): Failed to find path.src 1 dest 589
01-03 09:54:36.836 E/ ( 0): [drm:dp_display_init_aux_switch][msm-dp-err][78 ]failed to register notifier (-22)
01-03 09:54:36.836 E/register_client_adhoc( 0): find path.src 1 dest 589
01-03 09:54:36.836 E/register_client_adhoc( 0): Failed to find path.src 1 dest 589
01-03 09:54:36.836 E/ ( 0): [drm:dp_display_init_aux_switch][msm-dp-err][78 ]failed to register notifier (-22)
01-03 09:54:36.836 E/register_client_adhoc( 0): find path.src 1 dest 589
01-03 09:54:36.836 E/register_client_adhoc( 0): Failed to find path.src 1 dest 589
01-03 09:54:36.836 E/ ( 0): [drm:dp_display_init_aux_switch][msm-dp-err][78 ]failed to register notifier (-22)
01-03 09:54:36.836 E/register_client_adhoc( 0): find path.src 1 dest 589
01-03 09:54:36.836 E/register_client_adhoc( 0): Failed to find path.src 1 dest 589
01-03 09:54:36.836 E/ ( 0): [drm:dp_display_init_aux_switch][msm-dp-err][78 ]failed to register notifier (-22)
01-03 09:54:36.836 E/register_client_adhoc( 0): find path.src 1 dest 589
01-03 09:54:36.836 E/register_client_adhoc( 0): Failed to find path.src 1 dest 589
01-03 09:54:36.836 E/ ( 0): [drm:dp_display_init_aux_switch][msm-dp-err][78 ]failed to register notifier (-22)
01-03 09:54:36.838 E/register_client_adhoc( 0): find path.src 1 dest 589
01-03 09:54:36.838 E/register_client_adhoc( 0): Failed to find path.src 1 dest 589
01-03 09:54:36.838 E/ ( 0): [drm:dp_display_init_aux_switch][msm-dp-err][78 ]failed to register notifier (-22)
01-03 09:54:36.838 E/register_client_adhoc( 0): find path.src 1 dest 589
01-03 09:54:36.838 E/register_client_adhoc( 0): Failed to find path.src 1 dest 589
01-03 09:54:36.838 E/ ( 0): [drm:dp_display_init_aux_switch][msm-dp-err][78 ]failed to register notifier (-22)
01-03 09:54:36.838 E/register_client_adhoc( 0): find path.src 1 dest 589
01-03 09:54:36.838 E/register_client_adhoc( 0): Failed to find path.src 1 dest 589
01-03 09:54:36.839 E/ ( 0): [drm:dp_display_init_aux_switch][msm-dp-err][78 ]failed to register notifier (-22)
01-03 09:54:36.839 E/register_client_adhoc( 0): find path.src 1 dest 589
01-03 09:54:36.839 E/register_client_adhoc( 0): Failed to find path.src 1 dest 589
01-03 09:54:36.839 E/ ( 0): [drm:dp_display_init_aux_switch][msm-dp-err][78 ]failed to register notifier (-22)
01-03 09:54:36.839 E/register_client_adhoc( 0): find path.src 1 dest 589
01-03 09:54:36.839 E/register_client_adhoc( 0): Failed to find path.src 1 dest 589
01-03 09:54:36.839 E/ ( 0): [drm:dp_display_init_aux_switch][msm-dp-err][78 ]failed to register notifier (-22)
01-03 09:54:36.839 E/register_client_adhoc( 0): find path.src 1 dest 589
01-03 09:54:36.839 E/register_client_adhoc( 0): Failed to find path.src 1 dest 589
01-03 09:54:36.839 E/ ( 0): [drm:dp_display_init_aux_switch][msm-dp-err][78 ]failed to register notifier (-22)
01-03 09:54:36.839 E/register_client_adhoc( 0): find path.src 1 dest 589
01-03 09:54:36.839 E/register_client_adhoc( 0): Failed to find path.src 1 dest 589
01-03 09:54:36.839 E/ ( 0): [drm:dp_display_init_aux_switch][msm-dp-err][78 ]failed to register notifier (-22)
01-03 09:54:36.839 E/register_client_adhoc( 0): find path.src 1 dest 589
01-03 09:54:36.839 E/register_client_adhoc( 0): Failed to find path.src 1 dest 589
01-03 09:54:36.839 E/ ( 0): [drm:dp_display_init_aux_switch][msm-dp-err][78 ]failed to register notifier (-22)
01-03 09:54:36.839 E/register_client_adhoc( 0): find path.src 1 dest 589
01-03 09:54:36.839 E/register_client_adhoc( 0): Failed to find path.src 1 dest 589
01-03 09:54:36.840 E/ ( 0): [drm:dp_display_init_aux_switch][msm-dp-err][78 ]failed to register notifier (-22)
01-03 09:54:36.840 E/register_client_adhoc( 0): find path.src 1 dest 589
01-03 09:54:36.840 E/register_client_adhoc( 0): Failed to find path.src 1 dest 589
01-03 09:54:36.840 E/ ( 0): [drm:dp_display_init_aux_switch][msm-dp-err][78 ]failed to register notifier (-22)
01-03 09:54:36.840 E/register_client_adhoc( 0): find path.src 1 dest 589
01-03 09:54:36.840 E/register_client_adhoc( 0): Failed to find path.src 1 dest 589
01-03 09:54:36.840 E/ ( 0): [drm:dp_display_init_aux_switch][msm-dp-err][78 ]failed to register notifier (-22)
01-03 09:54:36.840 E/register_client_adhoc( 0): find path.src 1 dest 589
01-03 09:54:36.840 E/register_client_adhoc( 0): Failed to find path.src 1 dest 589
01-03 09:54:36.840 E/ ( 0): [drm:dp_display_init_aux_switch][msm-dp-err][78 ]failed to register notifier (-22)
01-03 09:54:36.840 E/register_client_adhoc( 0): find path.src 1 dest 589
01-03 09:54:36.840 E/register_client_adhoc( 0): Failed to find path.src 1 dest 589
01-03 09:54:36.840 E/ ( 0): [drm:dp_display_init_aux_switch][msm-dp-err][78 ]failed to register notifier (-22)
01-03 09:54:36.840 E/register_client_adhoc( 0): find path.src 1 dest 589
01-03 09:54:36.840 E/register_client_adhoc( 0): Failed to find path.src 1 dest 589
01-03 09:54:36.840 E/ ( 0): [drm:dp_display_init_aux_switch][msm-dp-err][78 ]failed to register notifier (-22)
01-03 09:54:36.841 E/register_client_adhoc( 0): find path.src 1 dest 589
01-03 09:54:36.841 E/register_client_adhoc( 0): Failed to find path.src 1 dest 589
01-03 09:54:36.841 E/ ( 0): [drm:dp_display_init_aux_switch][msm-dp-err][78 ]failed to register notifier (-22)
01-03 09:54:36.841 E/register_client_adhoc( 0): find path.src 1 dest 589
01-03 09:54:36.841 E/register_client_adhoc( 0): Failed to find path.src 1 dest 589
01-03 09:54:36.841 E/ ( 0): [drm:dp_display_init_aux_switch][msm-dp-err][78 ]failed to register notifier (-22)
01-03 09:54:36.841 E/register_client_adhoc( 0): find path.src 1 dest 589
01-03 09:54:36.841 E/register_client_adhoc( 0): Failed to find path.src 1 dest 589
01-03 09:54:36.841 E/ ( 0): [drm:dp_display_init_aux_switch][msm-dp-err][78 ]failed to register notifier (-22)
01-03 09:54:36.841 E/register_client_adhoc( 0): find path.src 1 dest 589
01-03 09:54:36.841 E/register_client_adhoc( 0): Failed to find path.src 1 dest 589
01-03 09:54:36.841 E/ ( 0): [drm:dp_display_init_aux_switch][msm-dp-err][78 ]failed to register notifier (-22)
01-03 09:54:36.841 E/register_client_adhoc( 0): find path.src 1 dest 589
01-03 09:54:36.841 E/register_client_adhoc( 0): Failed to find path.src 1 dest 589
01-03 09:54:36.841 E/ ( 0): [drm:dp_display_init_aux_switch][msm-dp-err][78 ]failed to register notifier (-22)
01-03 09:54:36.841 E/register_client_adhoc( 0): find path.src 1 dest 589
01-03 09:54:36.841 E/register_client_adhoc( 0): Failed to find path.src 1 dest 589
01-03 09:54:36.841 E/ ( 0): [drm:dp_display_init_aux_switch][msm-dp-err][78 ]failed to register notifier (-22)
01-03 09:54:36.842 E/register_client_adhoc( 0): find path.src 1 dest 589
01-03 09:54:36.842 E/register_client_adhoc( 0): Failed to find path.src 1 dest 589
01-03 09:54:36.842 E/ ( 0): [drm:dp_display_init_aux_switch][msm-dp-err][78 ]failed to register notifier (-22)
01-03 09:54:36.842 E/register_client_adhoc( 0): find path.src 1 dest 589
01-03 09:54:36.842 E/register_client_adhoc( 0): Failed to find path.src 1 dest 589
01-03 09:54:36.842 E/ ( 0): [drm:dp_display_init_aux_switch][msm-dp-err][78 ]failed to register notifier (-22)
01-03 09:54:36.842 E/register_client_adhoc( 0): find path.src 1 dest 589
01-03 09:54:36.842 E/register_client_adhoc( 0): Failed to find path.src 1 dest 589
01-03 09:54:36.842 E/ ( 0): [drm:dp_display_init_aux_switch][msm-dp-err][78 ]failed to register notifier (-22)
01-03 09:54:36.842 E/register_client_adhoc( 0): find path.src 1 dest 589
01-03 09:54:36.842 E/register_client_adhoc( 0): Failed to find path.src 1 dest 589
01-03 09:54:36.842 E/ ( 0): [drm:dp_display_init_aux_switch][msm-dp-err][78 ]failed to register notifier (-22)
01-03 09:54:36.842 E/register_client_adhoc( 0): find path.src 1 dest 589
01-03 09:54:36.842 E/register_client_adhoc( 0): Failed to find path.src 1 dest 589
01-03 09:54:36.842 E/ ( 0): [drm:dp_display_init_aux_switch][msm-dp-err][78 ]failed to register notifier (-22)
01-03 09:54:36.842 E/register_client_adhoc( 0): find path.src 1 dest 589
01-03 09:54:36.842 E/register_client_adhoc( 0): Failed to find path.src 1 dest 589
01-03 09:54:36.842 E/ ( 0): [drm:dp_display_init_aux_switch][msm-dp-err][78 ]failed to register notifier (-22)
01-03 09:54:36.843 E/register_client_adhoc( 0): find path.src 1 dest 589
01-03 09:54:36.843 E/register_client_adhoc( 0): Failed to find path.src 1 dest 589
01-03 09:54:36.843 E/ ( 0): [drm:dp_display_init_aux_switch][msm-dp-err][78 ]failed to register notifier (-22)
01-03 09:54:36.843 E/register_client_adhoc( 0): find path.src 1 dest 589
01-03 09:54:36.843 E/register_client_adhoc( 0): Failed to find path.src 1 dest 589
01-03 09:54:36.843 E/ ( 0): [drm:dp_display_init_aux_switch][msm-dp-err][78 ]failed to register notifier (-22)
01-03 09:54:36.843 E/register_client_adhoc( 0): find path.src 1 dest 589
01-03 09:54:36.843 E/register_client_adhoc( 0): Failed to find path.src 1 dest 589
01-03 09:54:36.843 E/ ( 0): [drm:dp_display_init_aux_switch][msm-dp-err][78 ]failed to register notifier (-22)
01-03 09:54:36.843 E/register_client_adhoc( 0): find path.src 1 dest 589
01-03 09:54:36.843 E/register_client_adhoc( 0): Failed to find path.src 1 dest 589
01-03 09:54:36.843 E/ ( 0): [drm:dp_display_init_aux_switch][msm-dp-err][78 ]failed to register notifier (-22)
01-03 09:54:36.843 E/register_client_adhoc( 0): find path.src 1 dest 589
01-03 09:54:36.843 E/register_client_adhoc( 0): Failed to find path.src 1 dest 589
01-03 09:54:36.843 E/ ( 0): [drm:dp_display_init_aux_switch][msm-dp-err][78 ]failed to register notifier (-22)
01-03 09:54:36.843 E/register_client_adhoc( 0): find path.src 1 dest 589
01-03 09:54:36.843 E/register_client_adhoc( 0): Failed to find path.src 1 dest 589
01-03 09:54:36.843 E/ ( 0): [drm:dp_display_init_aux_switch][msm-dp-err][78 ]failed to register notifier (-22)
01-03 09:54:36.844 E/register_client_adhoc( 0): find path.src 1 dest 589
01-03 09:54:36.844 E/register_client_adhoc( 0): Failed to find path.src 1 dest 589
01-03 09:54:36.844 E/ ( 0): [drm:dp_display_init_aux_switch][msm-dp-err][78 ]failed to register notifier (-22)
01-03 09:54:36.844 E/register_client_adhoc( 0): find path.src 1 dest 589
01-03 09:54:36.844 E/register_client_adhoc( 0): Failed to find path.src 1 dest 589
01-03 09:54:36.844 E/ ( 0): [drm:dp_display_init_aux_switch][msm-dp-err][78 ]failed to register notifier (-22)
01-03 09:54:36.844 E/register_client_adhoc( 0): find path.src 1 dest 589
01-03 09:54:36.844 E/register_client_adhoc( 0): Failed to find path.src 1 dest 589
01-03 09:54:36.844 E/ ( 0): [drm:dp_display_init_aux_switch][msm-dp-err][78 ]failed to register notifier (-22)
01-03 09:54:36.844 E/register_client_adhoc( 0): find path.src 1 dest 589
01-03 09:54:36.844 E/register_client_adhoc( 0): Failed to find path.src 1 dest 589
01-03 09:54:36.844 E/ ( 0): [drm:dp_display_init_aux_switch][msm-dp-err][78 ]failed to register notifier (-22)
01-03 09:54:36.845 E/register_client_adhoc( 0): find path.src 1 dest 589
01-03 09:54:36.845 E/register_client_adhoc( 0): Failed to find path.src 1 dest 589
01-03 09:54:36.845 E/ ( 0): [drm:dp_display_init_aux_switch][msm-dp-err][78 ]failed to register notifier (-22)
01-03 09:54:36.845 E/register_client_adhoc( 0): find path.src 1 dest 589
01-03 09:54:36.845 E/register_client_adhoc( 0): Failed to find path.src 1 dest 589
01-03 09:54:36.845 E/ ( 0): [drm:dp_display_init_aux_switch][msm-dp-err][78 ]failed to register notifier (-22)
01-03 09:54:36.845 E/register_client_adhoc( 0): find path.src 1 dest 589
01-03 09:54:36.845 E/register_client_adhoc( 0): Failed to find path.src 1 dest 589
01-03 09:54:36.845 E/ ( 0): [drm:dp_display_init_aux_switch][msm-dp-err][78 ]failed to register notifier (-22)
01-03 09:54:36.845 E/register_client_adhoc( 0): find path.src 1 dest 589
01-03 09:54:36.845 E/register_client_adhoc( 0): Failed to find path.src 1 dest 589
01-03 09:54:36.845 E/ ( 0): [drm:dp_display_init_aux_switch][msm-dp-err][78 ]failed to register notifier (-22)
01-03 09:54:36.845 E/register_client_adhoc( 0): find path.src 1 dest 589
01-03 09:54:36.845 E/register_client_adhoc( 0): Failed to find path.src 1 dest 589
01-03 09:54:36.845 E/ ( 0): [drm:dp_display_init_aux_switch][msm-dp-err][78 ]failed to register notifier (-22)
01-03 09:54:36.846 E/register_client_adhoc( 0): find path.src 1 dest 589
01-03 09:54:36.846 E/register_client_adhoc( 0): Failed to find path.src 1 dest 589
01-03 09:54:36.846 E/ ( 0): [drm:dp_display_init_aux_switch][msm-dp-err][78 ]failed to register notifier (-22)
01-03 09:54:36.846 E/register_client_adhoc( 0): find path.src 1 dest 589
01-03 09:54:36.846 E/register_client_adhoc( 0): Failed to find path.src 1 dest 589
01-03 09:54:36.846 E/ ( 0): [drm:dp_display_init_aux_switch][msm-dp-err][78 ]failed to register notifier (-22)
01-03 09:54:36.846 E/register_client_adhoc( 0): find path.src 1 dest 589
01-03 09:54:36.846 E/register_client_adhoc( 0): Failed to find path.src 1 dest 589
01-03 09:54:36.846 E/ ( 0): [drm:dp_display_init_aux_switch][msm-dp-err][78 ]failed to register notifier (-22)
01-03 09:54:36.846 E/register_client_adhoc( 0): find path.src 1 dest 589
01-03 09:54:36.846 E/register_client_adhoc( 0): Failed to find path.src 1 dest 589
01-03 09:54:36.846 E/ ( 0): [drm:dp_display_init_aux_switch][msm-dp-err][78 ]failed to register notifier (-22)
01-03 09:54:36.846 E/register_client_adhoc( 0): find path.src 1 dest 589
01-03 09:54:36.846 E/register_client_adhoc( 0): Failed to find path.src 1 dest 589
01-03 09:54:36.846 E/ ( 0): [drm:dp_display_init_aux_switch][msm-dp-err][78 ]failed to register notifier (-22)
01-03 09:54:36.847 E/register_client_adhoc( 0): find path.src 1 dest 589
01-03 09:54:36.847 E/register_client_adhoc( 0): Failed to find path.src 1 dest 589
01-03 09:54:36.847 E/ ( 0): [drm:dp_display_init_aux_switch][msm-dp-err][78 ]failed to register notifier (-22)
01-03 09:54:36.847 E/register_client_adhoc( 0): find path.src 1 dest 589
01-03 09:54:36.847 E/register_client_adhoc( 0): Failed to find path.src 1 dest 589
01-03 09:54:36.847 E/ ( 0): [drm:dp_display_init_aux_switch][msm-dp-err][78 ]failed to register notifier (-22)
01-03 09:54:36.847 E/register_client_adhoc( 0): find path.src 1 dest 589
01-03 09:54:36.847 E/register_client_adhoc( 0): Failed to find path.src 1 dest 589
01-03 09:54:36.847 E/ ( 0): [drm:dp_display_init_aux_switch][msm-dp-err][78 ]failed to register notifier (-22)
01-03 09:54:36.847 E/register_client_adhoc( 0): find path.src 1 dest 589
01-03 09:54:36.847 E/register_client_adhoc( 0): Failed to find path.src 1 dest 589
01-03 09:54:36.847 E/ ( 0): [drm:dp_display_init_aux_switch][msm-dp-err][78 ]failed to register notifier (-22)
01-03 09:54:36.848 E/register_client_adhoc( 0): find path.src 1 dest 589
01-03 09:54:36.848 E/register_client_adhoc( 0): Failed to find path.src 1 dest 589
01-03 09:54:36.848 E/ ( 0): [drm:dp_display_init_aux_switch][msm-dp-err][78 ]failed to register notifier (-22)
01-03 09:54:36.848 E/register_client_adhoc( 0): find path.src 1 dest 589
01-03 09:54:36.848 E/register_client_adhoc( 0): Failed to find path.src 1 dest 589
01-03 09:54:36.848 E/ ( 0): [drm:dp_display_init_aux_switch][msm-dp-err][78 ]failed to register notifier (-22)
01-03 09:54:36.848 E/register_client_adhoc( 0): find path.src 1 dest 589
01-03 09:54:36.848 E/register_client_adhoc( 0): Failed to find path.src 1 dest 589
01-03 09:54:36.848 E/ ( 0): [drm:dp_display_init_aux_switch][msm-dp-err][78 ]failed to register notifier (-22)
01-03 09:54:36.848 E/register_client_adhoc( 0): find path.src 1 dest 589
01-03 09:54:36.848 E/register_client_adhoc( 0): Failed to find path.src 1 dest 589
01-03 09:54:36.848 E/ ( 0): [drm:dp_display_init_aux_switch][msm-dp-err][78 ]failed to register notifier (-22)
01-03 09:54:36.848 E/register_client_adhoc( 0): find path.src 1 dest 589
01-03 09:54:36.848 E/register_client_adhoc( 0): Failed to find path.src 1 dest 589
01-03 09:54:36.848 E/ ( 0): [drm:dp_display_init_aux_switch][msm-dp-err][78 ]failed to register notifier (-22)
01-03 09:54:36.849 E/register_client_adhoc( 0): find path.src 1 dest 589
01-03 09:54:36.849 E/register_client_adhoc( 0): Failed to find path.src 1 dest 589
01-03 09:54:36.849 E/ ( 0): [drm:dp_display_init_aux_switch][msm-dp-err][78 ]failed to register notifier (-22)
01-03 09:54:36.849 E/register_client_adhoc( 0): find path.src 1 dest 589
01-03 09:54:36.849 E/register_client_adhoc( 0): Failed to find path.src 1 dest 589
01-03 09:54:36.849 E/ ( 0): [drm:dp_display_init_aux_switch][msm-dp-err][78 ]failed to register notifier (-22)
01-03 09:54:36.849 E/register_client_adhoc( 0): find path.src 1 dest 589
01-03 09:54:36.849 E/register_client_adhoc( 0): Failed to find path.src 1 dest 589
01-03 09:54:36.849 E/ ( 0): [drm:dp_display_init_aux_switch][msm-dp-err][78 ]failed to register notifier (-22)
01-03 09:54:36.849 E/register_client_adhoc( 0): find path.src 1 dest 589
01-03 09:54:36.849 E/register_client_adhoc( 0): Failed to find path.src 1 dest 589
01-03 09:54:36.849 E/ ( 0): [drm:dp_display_init_aux_switch][msm-dp-err][78 ]failed to register notifier (-22)
01-03 09:54:36.849 E/register_client_adhoc( 0): find path.src 1 dest 589
01-03 09:54:36.849 E/register_client_adhoc( 0): Failed to find path.src 1 dest 589
01-03 09:54:36.849 E/ ( 0): [drm:dp_display_init_aux_switch][msm-dp-err][78 ]failed to register notifier (-22)
01-03 09:54:36.850 E/register_client_adhoc( 0): find path.src 1 dest 589
01-03 09:54:36.850 E/register_client_adhoc( 0): Failed to find path.src 1 dest 589
01-03 09:54:36.850 E/ ( 0): [drm:dp_display_init_aux_switch][msm-dp-err][78 ]failed to register notifier (-22)
01-03 09:54:36.850 E/register_client_adhoc( 0): find path.src 1 dest 589
01-03 09:54:36.850 E/register_client_adhoc( 0): Failed to find path.src 1 dest 589
01-03 09:54:36.850 E/ ( 0): [drm:dp_display_init_aux_switch][msm-dp-err][78 ]failed to register notifier (-22)
01-03 09:54:36.850 E/register_client_adhoc( 0): find path.src 1 dest 589
01-03 09:54:36.850 E/register_client_adhoc( 0): Failed to find path.src 1 dest 589
01-03 09:54:36.850 E/ ( 0): [drm:dp_display_init_aux_switch][msm-dp-err][78 ]failed to register notifier (-22)
01-03 09:54:36.850 E/register_client_adhoc( 0): find path.src 1 dest 589
01-03 09:54:36.850 E/register_client_adhoc( 0): Failed to find path.src 1 dest 589
01-03 09:54:36.850 E/ ( 0): [drm:dp_display_init_aux_switch][msm-dp-err][78 ]failed to register notifier (-22)
01-03 09:54:36.850 E/register_client_adhoc( 0): find path.src 1 dest 589
01-03 09:54:36.850 E/register_client_adhoc( 0): Failed to find path.src 1 dest 589
01-03 09:54:36.850 E/ ( 0): [drm:dp_display_init_aux_switch][msm-dp-err][78 ]failed to register notifier (-22)
01-03 09:54:36.854 E/register_client_adhoc( 0): find path.src 1 dest 589
01-03 09:54:36.854 E/register_client_adhoc( 0): Failed to find path.src 1 dest 589
01-03 09:54:36.854 E/ ( 0): [drm:dp_display_init_aux_switch][msm-dp-err][78 ]failed to register notifier (-22)
01-03 09:54:36.876 E/register_client_adhoc( 0): find path.src 1 dest 589
01-03 09:54:36.877 E/register_client_adhoc( 0): Failed to find path.src 1 dest 589
01-03 09:54:36.877 E/ ( 0): [drm:dp_display_init_aux_switch][msm-dp-err][83 ]failed to register notifier (-22)
01-03 09:54:36.877 E/register_client_adhoc( 0): find path.src 1 dest 589
01-03 09:54:36.877 E/register_client_adhoc( 0): Failed to find path.src 1 dest 589
01-03 09:54:36.877 E/ ( 0): [drm:dp_display_init_aux_switch][msm-dp-err][83 ]failed to register notifier (-22)
01-03 09:54:36.878 E/register_client_adhoc( 0): find path.src 1 dest 589
01-03 09:54:36.878 E/register_client_adhoc( 0): Failed to find path.src 1 dest 589
01-03 09:54:36.879 E/ ( 0): [drm:dp_display_init_aux_switch][msm-dp-err][83 ]failed to register notifier (-22)
01-03 09:54:36.879 E/register_client_adhoc( 0): find path.src 1 dest 589
01-03 09:54:36.879 E/register_client_adhoc( 0): Failed to find path.src 1 dest 589
01-03 09:54:36.879 E/ ( 0): [drm:dp_display_init_aux_switch][msm-dp-err][83 ]failed to register notifier (-22)
01-03 09:54:36.879 E/kona-pinctrl f000000.pinctrl( 0): invalid function func2 in map table
01-03 09:54:36.879 E/kona-pinctrl f000000.pinctrl( 0): invalid function func2 in map table
01-03 09:54:36.879 E/kona-pinctrl f000000.pinctrl( 0): invalid function func2 in map table
01-03 09:54:36.879 E/kona-pinctrl f000000.pinctrl( 0): invalid function func2 in map table
01-03 09:54:36.879 E/register_client_adhoc( 0): find path.src 1 dest 589
01-03 09:54:36.879 E/register_client_adhoc( 0): Failed to find path.src 1 dest 589
01-03 09:54:36.879 E/ ( 0): [drm:dp_display_init_aux_switch][msm-dp-err][83 ]failed to register notifier (-22)
01-03 09:54:36.894 E/register_client_adhoc( 0): find path.src 1 dest 589
01-03 09:54:36.894 E/register_client_adhoc( 0): Failed to find path.src 1 dest 589
01-03 09:54:36.894 E/ ( 0): [drm:dp_display_init_aux_switch][msm-dp-err][83 ]failed to register notifier (-22)
01-03 09:54:36.895 E/register_client_adhoc( 0): find path.src 1 dest 589
01-03 09:54:36.895 E/register_client_adhoc( 0): Failed to find path.src 1 dest 589
01-03 09:54:36.895 E/ ( 0): [drm:dp_display_init_aux_switch][msm-dp-err][83 ]failed to register notifier (-22)
01-03 09:54:36.895 E/register_client_adhoc( 0): find path.src 1 dest 589
01-03 09:54:36.895 E/register_client_adhoc( 0): Failed to find path.src 1 dest 589
01-03 09:54:36.895 E/ ( 0): [drm:dp_display_init_aux_switch][msm-dp-err][83 ]failed to register notifier (-22)
01-03 09:54:36.956 E/ ( 0): Trying to create more than 6 SchedTune boosting groups
01-03 09:54:36.956 E/ ( 0): Trying to create more than 6 SchedTune boosting groups
01-03 09:54:36.966 I/ ( 0): Registered swp emulation handler
01-03 09:54:36.979 I/auditd ( 513): type=1400 audit(0.0:8): avc: denied { ptrace } for comm="crash_dump64" scontext=u:r:crash_dump:s0 tcontext=u:r:init:s0 tclass=process permissive=0
01-03 09:54:36.985 I/binder ( 0): 508:508 ioctl 40046210 7fd2cbbb44 returned -22
01-03 09:54:36.987 I/logd.auditd( 0): start
01-03 09:54:36.987 I/binder ( 0): 507:507 ioctl 40046210 7fc0c77d54 returned -22
01-03 09:54:36.993 I/init ( 0): wait for '/dev/block/platform/soc/1d84000.ufshc' took 0ms
01-03 09:54:36.996 I/ ( 0): tsnv tsnv_init register TSNV Driver v0.01
01-03 09:54:36.996 I/init ( 0): wait for '/dev/qseecom' took 0ms
01-03 09:54:37.003 I/binder ( 0): 506:506 ioctl 40046210 7fc8347374 returned -22
01-03 09:54:37.004 E/FAT-fs (sde51)( 0): bogus number of reserved sectors
01-03 09:54:37.004 I/FAT-fs (sde51)( 0): Can't find a valid FAT filesystem
01-03 09:54:37.003 I/auditd ( 525): type=1400 audit(0.0:9): avc: denied { read write } for comm="fsck_msdos" name="sde51" dev="tmpfs" ino=12403 scontext=u:r:fsck:s0 tcontext=u:object_r:block_device:s0 tclass=blk_file permissive=0
01-03 09:54:37.003 I/auditd ( 525): type=1400 audit(0.0:10): avc: denied { read } for comm="fsck_msdos" name="sde51" dev="tmpfs" ino=12403 scontext=u:r:fsck:s0 tcontext=u:object_r:block_device:s0 tclass=blk_file permissive=0
01-03 09:54:37.008 I/fsck_msdos( 0): ** /dev/block/bootdevice/by-name/spunvm
01-03 09:54:37.008 I/fsck_msdos( 0): Can't open `/dev/block/bootdevice/by-name/spunvm'
01-03 09:54:37.003 I/auditd ( 525): type=1400 audit(0.0:11): avc: denied { kill } for comm="fsck_msdos" capability=5 scontext=u:r:fsck:s0 tcontext=u:r:fsck:s0 tclass=capability permissive=0
01-03 09:54:37.009 I/fsck_msdos( 0): fsck_msdos terminated by exit(8)
01-03 09:54:37.010 E/FAT-fs (sde51)( 0): bogus number of reserved sectors
01-03 09:54:37.010 I/FAT-fs (sde51)( 0): Can't find a valid FAT filesystem
01-03 09:54:37.014 I/EXT4-fs (sde9)( 0): mounted filesystem with ordered data mode. Opts: barrier=1
01-03 09:54:37.019 I/auditd ( 549): type=1400 audit(0.0:12): avc: denied { read } for comm="e2fsck" name="persist" dev="tmpfs" ino=15383 scontext=u:r:fsck:s0 tcontext=u:object_r:tmpfs:s0 tclass=lnk_file permissive=0
01-03 09:54:37.019 I/auditd ( 549): type=1400 audit(0.0:13): avc: denied { read } for comm="e2fsck" name="persist" dev="tmpfs" ino=15383 scontext=u:r:fsck:s0 tcontext=u:object_r:tmpfs:s0 tclass=lnk_file permissive=0
01-03 09:54:37.019 I/auditd ( 549): type=1400 audit(0.0:14): avc: denied { read } for comm="e2fsck" name="persist" dev="tmpfs" ino=15383 scontext=u:r:fsck:s0 tcontext=u:object_r:tmpfs:s0 tclass=lnk_file permissive=0
01-03 09:54:37.024 I/e2fsck ( 0): e2fsck 1.45.4 (23-Sep-2019)
01-03 09:54:37.019 I/auditd ( 549): type=1400 audit(0.0:15): avc: denied { read } for comm="e2fsck" name="persist" dev="tmpfs" ino=15383 scontext=u:r:fsck:s0 tcontext=u:object_r:tmpfs:s0 tclass=lnk_file permissive=0
01-03 09:54:37.019 I/auditd ( 549): type=1400 audit(0.0:16): avc: denied { read } for comm="e2fsck" name="persist" dev="tmpfs" ino=15383 scontext=u:r:fsck:s0 tcontext=u:object_r:tmpfs:s0 tclass=lnk_file permissive=0
01-03 09:54:37.019 I/auditd ( 549): type=1400 audit(0.0:17): avc: denied { read } for comm="e2fsck" name="persist" dev="tmpfs" ino=15383 scontext=u:r:fsck:s0 tcontext=u:object_r:tmpfs:s0 tclass=lnk_file permissive=0
01-03 09:54:37.019 I/auditd ( 549): type=1400 audit(0.0:18): avc: denied { read } for comm="e2fsck" name="persist" dev="tmpfs" ino=15383 scontext=u:r:fsck:s0 tcontext=u:object_r:tmpfs:s0 tclass=lnk_file permissive=0
01-03 09:54:37.019 I/auditd ( 549): type=1400 audit(0.0:19): avc: denied { kill } for comm="e2fsck" capability=5 scontext=u:r:fsck:s0 tcontext=u:r:fsck:s0 tclass=capability permissive=0
01-03 09:54:37.025 I/e2fsck ( 0): /system/bin/e2fsck: Permission denied while trying to open /dev/block/bootdevice/by-name/persist
01-03 09:54:37.025 I/e2fsck ( 0): You must have r/w access to the filesystem or be root
01-03 09:54:37.025 I/e2fsck ( 0): e2fsck terminated by exit(8) --------- beginning of system
01-03 09:54:37.027 I/vold ( 522): Vold 3.0 (the awakening) firing up
01-03 09:54:37.027 D/vold ( 522): Detected support for: ext4 f2fs vfat
01-03 09:54:37.029 D/vold ( 522): Found unmanaged dm device named system_ext_a
01-03 09:54:37.029 D/vold ( 522): Found unmanaged dm device named odm_a
01-03 09:54:37.029 D/vold ( 522): Found unmanaged dm device named system_a
01-03 09:54:37.029 D/vold ( 522): Found unmanaged dm device named vendor-verity
01-03 09:54:37.029 D/vold ( 522): Found unmanaged dm device named vendor_a
01-03 09:54:37.029 D/vold ( 522): Found unmanaged dm device named system_ext-verity
01-03 09:54:37.029 D/vold ( 522): Found unmanaged dm device named odm-verity
01-03 09:54:37.029 D/vold ( 522): Found unmanaged dm device named product-verity
01-03 09:54:37.029 D/vold ( 522): Found unmanaged dm device named system-verity
01-03 09:54:37.029 D/vold ( 522): Found unmanaged dm device named product_a
01-03 09:54:37.029 I/vold ( 522): [libfs_mgr]dt_fstab: Skip disabled entry for partition vendor
01-03 09:54:37.029 I/vold ( 522): [libfs_mgr]GetFstabPath()fstab_path:/odm/etc/fstab.default
01-03 09:54:37.029 I/vold ( 522): [libfs_mgr]GetFstabPath()fstab_path:/vendor/etc/fstab.default
01-03 09:54:37.029 I/vold ( 522): [libfs_mgr]GetFstabPath()fstab_path:/system/etc/fstab.default
01-03 09:54:37.029 I/vold ( 522): [libfs_mgr]GetFstabPath()fstab_path:/first_stage_ramdisk/system/etc/fstab.default
01-03 09:54:37.029 I/vold ( 522): [libfs_mgr]GetFstabPath()fstab_path:/fstab.default
01-03 09:54:37.029 I/vold ( 522): [libfs_mgr]GetFstabPath()fstab_path:/first_stage_ramdisk/fstab.default
01-03 09:54:37.029 I/vold ( 522): [libfs_mgr]GetFstabPath()fstab_path:/odm/etc/fstab.qcom
01-03 09:54:37.029 I/vold ( 522): [libfs_mgr]GetFstabPath()fstab_path:/vendor/etc/fstab.qcom
01-03 09:54:37.029 I/vold ( 522): [libfs_mgr]GetFstabPath()fstab_path.c_str():/vendor/etc/fstab.qcom
01-03 09:54:37.030 I/binder ( 0): 522:522 ioctl 40046210 7ff1ef5cb4 returned -22
01-03 09:54:37.030 I/binder ( 0): 522:522 ioctl 40046210 7ff1ef5c54 returned -22
01-03 09:54:37.030 D/vold ( 522): VoldNativeService::start() completed OK
01-03 09:54:37.038 I/binder ( 0): 558:558 ioctl 40046210 7fd7a6ea14 returned -22
01-03 09:54:37.038 D/ProcessState( 0): Binder ioctl to enable oneway spam detection failed: Invalid argument
01-03 09:54:37.039 D/vdc ( 0): Waited 0ms for vold
01-03 09:54:37.039 I/QISL ( 520): QSEE Interrupt Service Listener Thread is started
01-03 09:54:37.044 I/QISL ( 520): QSEE Interrupt Service Listener was activated successfully
01-03 09:54:37.044 D/SPL ( 520): Call QSEECom_register_listener()
01-03 09:54:37.044 D/SPL ( 520): Registered listener sucessfully!
01-03 09:54:37.045 D/SPL ( 520): pipe read-fd [32] write-fd [33]
01-03 09:54:37.045 D/SPL ( 520): Create thread
01-03 09:54:37.045 D/SPL ( 520): Thread created sucessfully.
01-03 09:54:37.045 D/SPL ( 520): spl_dispatch() started
01-03 09:54:37.045 D/SPL ( 520): ==== Wait For Request ======
01-03 09:54:37.047 W/subsys-pil-tz soc( 0): qcom,ipa_fws: Falling back to syfs fallback for: ipa_fws.mdt
01-03 09:54:37.049 I/init ( 0): wait for '/mnt/vendor/spunvm' took 0ms
01-03 09:54:37.061 I/binder ( 0): 569:569 ioctl 40046210 7fcadf7304 returned -22
01-03 09:54:37.061 I/binder ( 0): 569:569 ioctl 40046210 7fcadf7244 returned -22
01-03 09:54:37.073 D/spdaemon( 568): Firmware Name [spss2p].
01-03 09:54:37.074 D/spdaemon( 568): Prod FW.
01-03 09:54:37.074 D/spdaemon( 568): firmware_type [p].
01-03 09:54:37.074 D/spdaemon( 568): machine_name [SXR2130]
01-03 09:54:37.074 E/iardb ( 568): [iar_db_get_iar_state] failed to open file /mnt/vendor/spunvm/iar_db/iar_state.bin [13] [Permission denied]
01-03 09:54:37.074 D/iarlib ( 568): [iar_get_state] Can't get iar_state, return DISABLED
01-03 09:54:37.074 I/spdaemon( 568): IAR is not activated
01-03 09:54:37.074 D/spdaemon( 568): ------ going to start SP From kernel ------
01-03 09:54:37.074 I/spcomlib( 568): [spcom_restart_sp_subsystem] restart_sp starts
01-03 09:54:37.074 D/spcomlib( 568): [spcom_restart_sp_subsystem] restart_sp - Send PIL request [1]
01-03 09:54:37.074 I/ ( 0): SW_INIT_DONE - 2nd phase loading [spss] completed ok
01-03 09:54:37.074 I/ ( 0): PBL_DONE - 1st phase loading [spss] completed ok
01-03 09:54:37.074 D/spcomlib( 568): [spcom_restart_sp_subsystem] restart_sp - Restart SP command ok.
01-03 09:54:37.074 D/spcomlib( 568): [spcom_signal_event] event [0] [pil_called] EVENT_STATUS_SIGNALED
01-03 09:54:37.074 I/spcomlib( 568): [spcom_reset_all_app_loaded_prop] start reset all spcomlib apploaded props.
01-03 09:54:37.076 E/register_client_adhoc( 0): find path.src 1 dest 589
01-03 09:54:37.076 E/register_client_adhoc( 0): Failed to find path.src 1 dest 589
01-03 09:54:37.076 E/ ( 0): [drm:dp_display_init_aux_switch][msm-dp-err][83 ]failed to register notifier (-22)
01-03 09:54:37.083 I/wait_for_keymaster( 0): Waiting for Keymaster device
01-03 09:54:37.083 I/binder ( 0): 579:579 ioctl 40046210 7fee67ca14 returned -22
01-03 09:54:37.083 D/ProcessState( 0): Binder ioctl to enable oneway spam detection failed: Invalid argument
01-03 09:54:37.103 I/binder ( 0): 570:570 ioctl 40046210 7ff9c058f4 returned -22
01-03 09:54:37.108 I/binder ( 0): 570:582 ioctl 40046210 75fd29b154 returned -22
01-03 09:54:37.127 I/auditd ( 477): type=1400 audit(0.0:20): avc: denied { read } for comm="ueventd" name="persist" dev="tmpfs" ino=15383 scontext=u:r:ueventd:s0 tcontext=u:object_r:tmpfs:s0 tclass=lnk_file permissive=0
01-03 09:54:37.152 I/subsys-pil-tz soc( 0): qcom,ipa_fws: ipa_fws: loading from 0x0000000086810000 to 0x0000000086819000
01-03 09:54:37.154 W/subsys-pil-tz soc( 0): qcom,ipa_fws: Falling back to syfs fallback for: ipa_fws.b02
01-03 09:54:37.154 W/subsys-pil-tz soc( 0): qcom,ipa_fws: Falling back to syfs fallback for: ipa_fws.b03
01-03 09:54:37.154 W/subsys-pil-tz soc( 0): qcom,ipa_fws: Falling back to syfs fallback for: ipa_fws.b04
01-03 09:54:37.158 I/subsys-pil-tz soc( 0): qcom,ipa_fws: ipa_fws: Brought out of reset
01-03 09:54:37.158 I/ ( 0): IPA FW loaded successfully
01-03 09:54:37.159 E/gsi soc ( 0): qcom,msm_gsi: gsi_register_device:1203 GSI irq is wake enabled 34
01-03 09:54:37.160 I/ ( 0): rmnet_ipa3 started initialization
01-03 09:54:37.160 I/ ( 0): IPA SSR support = True
01-03 09:54:37.160 I/ ( 0): IPA SG support = True
01-03 09:54:37.160 I/ ( 0): IPA Napi Enable = True
01-03 09:54:37.160 I/ ( 0): using default for wan-rx-desc-size = 256
