03-25 09:20:19.814 I/SystemServerTiming( 1504): OnBootPhase_550_com.android.server.devicepolicy.DevicePolicyManagerService$Lifecycle
03-25 09:20:19.814 I/SystemServerTiming( 1504): OnBootPhase_550_com.android.server.texttospeech.TextToSpeechManagerService
03-25 09:20:19.814 I/SystemServerTiming( 1504): OnBootPhase_550_com.android.server.speech.SpeechRecognitionManagerService
03-25 09:20:19.814 I/SystemServerTiming( 1504): OnBootPhase_550_com.android.server.searchui.SearchUiManagerService
03-25 09:20:19.814 I/SystemServerTiming( 1504): OnBootPhase_550_com.android.server.smartspace.SmartspaceManagerService
03-25 09:20:19.814 I/SystemServerTiming( 1504): OnBootPhase_550_com.android.server.graphics.fonts.FontManagerService$Lifecycle
03-25 09:20:19.814 I/SystemServerTiming( 1504): OnBootPhase_550_com.android.server.textservices.TextServicesManagerService$Lifecycle
03-25 09:20:19.814 I/SystemServerTiming( 1504): OnBootPhase_550_com.android.server.textclassifier.TextClassificationManagerService$Lifecycle
03-25 09:20:19.814 I/SystemServerTiming( 1504): OnBootPhase_550_com.android.server.NetworkScoreService$Lifecycle
03-25 09:20:19.814 I/SystemServerTiming( 1504): OnBootPhase_550_com.android.server.wifi.WifiService
03-25 09:20:19.814 I/SystemServerTiming( 1504): OnBootPhase_550_com.android.server.wifi.scanner.WifiScanningService
03-25 09:20:19.814 I/SystemServerTiming( 1504): OnBootPhase_550_com.android.server.wifi.rtt.RttService
03-25 09:20:19.814 I/SystemServerTiming( 1504): OnBootPhase_550_com.android.server.wifi.aware.WifiAwareService
03-25 09:20:19.814 I/SystemServerTiming( 1504): OnBootPhase_550_com.android.server.wifi.p2p.WifiP2pService
03-25 09:20:19.814 I/SystemServerTiming( 1504): OnBootPhase_550_com.android.server.ethernet.EthernetService
03-25 09:20:19.814 I/SystemServerTiming( 1504): OnBootPhase_550_com.android.server.ConnectivityServiceInitializer
03-25 09:20:19.814 I/SystemServerTiming( 1504): OnBootPhase_550_com.android.server.notification.NotificationManagerService
03-25 09:20:19.814 I/SystemServerTiming( 1504): OnBootPhase_550_com.android.server.storage.DeviceStorageMonitorService
03-25 09:20:19.814 I/SystemServerTiming( 1504): OnBootPhase_550_com.android.server.location.LocationManagerService$Lifecycle
03-25 09:20:19.814 I/SystemServerTiming( 1504): OnBootPhase_550_com.android.server.timedetector.TimeDetectorService$Lifecycle
03-25 09:20:19.814 I/SystemServerTiming( 1504): OnBootPhase_550_com.android.server.timezonedetector.TimeZoneDetectorService$Lifecycle
03-25 09:20:19.814 I/SystemServerTiming( 1504): OnBootPhase_550_com.android.server.timezonedetector.location.LocationTimeZoneManagerService$Lifecycle
03-25 09:20:19.814 I/SystemServerTiming( 1504): OnBootPhase_550_com.android.server.search.SearchManagerService$Lifecycle
03-25 09:20:19.814 I/SystemServerTiming( 1504): OnBootPhase_550_com.android.server.wallpaper.WallpaperManagerService$Lifecycle
03-25 09:20:19.814 I/WallpaperManagerService( 1504): No static wallpaper imagery; defaults will be shown
03-25 09:20:19.814 V/WallpaperManagerService( 1504): bindWallpaperComponentLocked: componentName=ComponentInfo{com.android.systemui/com.android.systemui.ImageWallpaper}
03-25 09:20:19.815 I/am_uid_running( 1504): 10077
03-25 09:20:19.816 D/CompatibilityChangeReporter( 1504): Compat change id reported: 135634846; UID 10077; state: DISABLED
03-25 09:20:19.816 D/CompatibilityChangeReporter( 1504): Compat change id reported: 177438394; UID 10077; state: DISABLED
03-25 09:20:19.816 D/CompatibilityChangeReporter( 1504): Compat change id reported: 135772972; UID 10077; state: DISABLED
03-25 09:20:19.816 D/CompatibilityChangeReporter( 1504): Compat change id reported: 135754954; UID 10077; state: ENABLED
03-25 09:20:19.816 D/CompatibilityChangeReporter( 1504): Compat change id reported: 143937733; UID 10077; state: ENABLED
03-25 09:20:19.816 W/ActivityManager( 1504): com.android.systemui inode == 0 (b/152760674)
03-25 09:20:19.816 W/WallpaperManagerService( 1504): no current wallpaper -- first boot?
03-25 09:20:19.817 I/SystemServerTiming( 1504): OnBootPhase_550_com.android.server.audio.AudioService$Lifecycle
03-25 09:20:19.817 I/SystemServerTiming( 1504): OnBootPhase_550_com.android.server.soundtrigger_middleware.SoundTriggerMiddlewareService$Lifecycle
03-25 09:20:19.817 I/SystemServerTiming( 1504): OnBootPhase_550_com.android.server.DockObserver
03-25 09:20:19.817 I/SystemServerTiming( 1504): OnBootPhase_550_com.android.server.midi.MidiService$Lifecycle
03-25 09:20:19.817 I/SystemServerTiming( 1504): OnBootPhase_550_com.android.server.adb.AdbService$Lifecycle
03-25 09:20:19.817 W/BluetoothManagerService( 1504): bindBluetoothProfileService:Trying to bind to profile: 1, while Bluetooth is disabled
03-25 09:20:19.817 I/SystemServerTiming( 1504): OnBootPhase_550_com.android.server.usb.UsbService$Lifecycle
03-25 09:20:19.817 I/SystemServerTiming( 1504): OnBootPhase_550_com.android.server.twilight.TwilightService
03-25 09:20:19.817 I/SystemServerTiming( 1504): OnBootPhase_550_com.android.server.display.color.ColorDisplayService
03-25 09:20:19.817 I/SystemServerTimingAsync( 1504): InitThreadPoolExec:UsbService$Lifecycle#onBootPhase
03-25 09:20:19.817 I/SystemServerTiming( 1504): OnBootPhase_550_com.android.server.job.JobSchedulerService
03-25 09:20:19.817 I/SystemServerTiming( 1504): OnBootPhase_550_com.android.server.soundtrigger.SoundTriggerService
03-25 09:20:19.817 D/SoundTriggerService( 1504): onBootPhase: 550 : false
03-25 09:20:19.817 I/SystemServerTiming( 1504): OnBootPhase_550_com.android.server.trust.TrustManagerService
03-25 09:20:19.817 I/SystemServerTiming( 1504): OnBootPhase_550_com.android.server.backup.BackupManagerService$Lifecycle
03-25 09:20:19.817 I/SystemServerTiming( 1504): OnBootPhase_550_com.android.server.appwidget.AppWidgetService
03-25 09:20:19.817 I/SystemServerTiming( 1504): OnBootPhase_550_com.android.server.voiceinteraction.VoiceInteractionManagerService
03-25 09:20:19.817 I/SystemServerTiming( 1504): OnBootPhase_550_com.android.server.apphibernation.AppHibernationService
03-25 09:20:19.817 I/SystemServerTiming( 1504): OnBootPhase_550_com.android.server.SensorNotificationService
03-25 09:20:19.817 I/SystemServerTiming( 1504): OnBootPhase_550_com.android.server.emergency.EmergencyAffordanceService
03-25 09:20:19.817 I/SystemServerTiming( 1504): OnBootPhase_550_com.android.server.blob.BlobStoreManagerService
03-25 09:20:19.818 I/SystemServerTiming( 1504): OnBootPhase_550_com.android.server.dreams.DreamManagerService
03-25 09:20:19.818 I/SystemServerTiming( 1504): OnBootPhase_550_com.android.server.companion.CompanionDeviceManagerService
03-25 09:20:19.818 I/SystemServerTiming( 1504): OnBootPhase_550_com.android.server.restrictions.RestrictionsManagerService
03-25 09:20:19.818 I/SystemServerTiming( 1504): OnBootPhase_550_com.android.server.media.MediaSessionService
03-25 09:20:19.818 I/SystemServerTiming( 1504): OnBootPhase_550_com.android.server.media.MediaResourceMonitorService
03-25 09:20:19.818 I/SystemServerTiming( 1504): OnBootPhase_550_com.android.server.biometrics.sensors.fingerprint.FingerprintService
03-25 09:20:19.818 I/SystemServerTiming( 1504): OnBootPhase_550_com.android.server.biometrics.BiometricService
03-25 09:20:19.818 I/SystemServerTiming( 1504): OnBootPhase_550_com.android.server.biometrics.AuthService
03-25 09:20:19.818 I/SystemServerTiming( 1504): OnBootPhase_550_com.android.server.pm.ShortcutService$Lifecycle
03-25 09:20:19.818 I/SystemServerTiming( 1504): OnBootPhase_550_com.android.server.pm.LauncherAppsService
03-25 09:20:19.818 I/SystemServerTiming( 1504): OnBootPhase_550_com.android.server.pm.CrossProfileAppsService
03-25 09:20:19.818 I/SystemServerTiming( 1504): OnBootPhase_550_com.android.server.people.PeopleService
03-25 09:20:19.818 I/SystemServerTiming( 1504): OnBootPhase_550_com.android.server.media.metrics.MediaMetricsManagerService
03-25 09:20:19.818 I/SystemServerTiming( 1504): OnBootPhase_550_com.android.server.media.projection.MediaProjectionManagerService
03-25 09:20:19.818 I/SystemServerTiming( 1504): OnBootPhase_550_com.android.server.slice.SliceManagerService$Lifecycle
03-25 09:20:19.818 I/SystemServerTiming( 1504): OnBootPhase_550_com.android.server.stats.StatsCompanion$Lifecycle
03-25 09:20:19.818 I/SystemServerTiming( 1504): OnBootPhase_550_com.android.server.scheduling.RebootReadinessManagerService$Lifecycle
03-25 09:20:19.818 I/SystemServerTiming( 1504): OnBootPhase_550_com.android.server.stats.pull.StatsPullAtomService
03-25 09:20:19.818 I/SystemServerTiming( 1504): OnBootPhase_550_com.android.server.incident.IncidentCompanionService
03-25 09:20:19.818 I/SystemServerTiming( 1504): OnBootPhase_550_com.android.server.MmsServiceBroker
03-25 09:20:19.818 I/SystemServerTiming( 1504): OnBootPhase_550_com.android.server.autofill.AutofillManagerService
03-25 09:20:19.818 I/SystemServerTiming( 1504): OnBootPhase_550_com.android.server.clipboard.ClipboardService
03-25 09:20:19.818 I/SystemServerTiming( 1504): OnBootPhase_550_com.android.server.appbinding.AppBindingService$Lifecycle
03-25 09:20:19.818 I/UsbPortManager( 1504): ClientCallback V1_2:
03-25 09:20:19.819 I/UsbPortManager( 1504): USB port added: port=UsbPort{id=, supportedModes=nonesupportedContaminantProtectionModes=0supportsEnableContaminantPresenceProtection=falsesupportsEnableContaminantPresenceDetection=false, status=UsbPortStatus{connected=false, currentMode=none, currentPowerRole=no-power, currentDataRole=no-data, supportedRoleCombinations=[no-power:no-data], contaminantDetectionStatus=0, contaminantProtectionStatus=0}, canChangeMode=false, canChangePowerRole=false, canChangeDataRole=false, connectedAtMillis=0, lastConnectDurationMillis=0
03-25 09:20:19.819 I/AppBindingService( 1504): Updating constants with: null
03-25 09:20:19.819 I/SystemServerTiming( 1504): OnBootPhase_550_com.android.server.tracing.TracingServiceProxy
03-25 09:20:19.819 I/SystemServerTiming( 1504): OnBootPhase_550_com.android.server.policy.PermissionPolicyService
03-25 09:20:19.820 I/am_uid_running( 1504): 10090
03-25 09:20:19.820 D/CompatibilityChangeReporter( 1504): Compat change id reported: 135634846; UID 10090; state: DISABLED
03-25 09:20:19.820 D/CompatibilityChangeReporter( 1504): Compat change id reported: 177438394; UID 10090; state: DISABLED
03-25 09:20:19.820 D/CompatibilityChangeReporter( 1504): Compat change id reported: 135772972; UID 10090; state: DISABLED
03-25 09:20:19.820 D/CompatibilityChangeReporter( 1504): Compat change id reported: 135754954; UID 10090; state: DISABLED
03-25 09:20:19.821 I/am_proc_start( 1504): [0,2355,10077,com.android.systemui,service,{com.android.systemui/com.android.systemui.ImageWallpaper}]
03-25 09:20:19.821 I/ActivityManager( 1504): Start proc 2355:com.android.systemui/u0a77 for service {com.android.systemui/com.android.systemui.ImageWallpaper}
03-25 09:20:19.821 D/CompatibilityChangeReporter( 1504): Compat change id reported: 143937733; UID 10090; state: DISABLED
03-25 09:20:19.821 W/ActivityManager( 1504): com.android.permissioncontroller inode == 0 (b/152760674)
03-25 09:20:19.826 I/am_proc_start( 1504): [0,2359,10090,com.android.permissioncontroller,service,{com.android.permissioncontroller/com.android.permissioncontroller.permission.service.PermissionControllerServiceImpl}]
03-25 09:20:19.826 I/ActivityManager( 1504): Start proc 2359:com.android.permissioncontroller/u0a90 for service {com.android.permissioncontroller/com.android.permissioncontroller.permission.service.PermissionControllerServiceImpl}
01-03 09:54:53.803 I/binder ( 0): 2355:2355 ioctl 40046210 7fd5c529e4 returned -22
03-25 09:20:19.838 I/am_proc_bound( 1504): [0,2355,com.android.systemui]
03-25 09:20:19.838 D/CompatibilityChangeReporter( 1504): Compat change id reported: 168419799; UID 10077; state: DISABLED
03-25 09:20:19.839 I/am_uid_active( 1504): 10077
01-03 09:54:53.810 I/binder ( 0): 2359:2359 ioctl 40046210 7fd5c529e4 returned -22
03-25 09:20:19.845 I/am_proc_bound( 1504): [0,2359,com.android.permissioncontroller]
03-25 09:20:19.847 D/CompatibilityChangeReporter( 1504): Compat change id reported: 168419799; UID 10090; state: DISABLED
03-25 09:20:19.848 I/am_uid_active( 1504): 10090
03-25 09:20:19.857 W/StorageManagerService( 1504): No primary storage defined yet; hacking together a stub
01-03 09:54:53.837 I/binder ( 0): 1206:1242 ioctl 40046210 6e1963ffc4 returned -22
01-03 09:54:53.843 E/init ( 0): Control message: Could not find 'vendor.qti.hardware.iop@2.0::IIop/default' for ctl.interface_start from pid: 508 (/system/bin/hwservicemanager)
03-25 09:20:19.884 I/wm_task_created( 1504): [2,-1]
03-25 09:20:19.885 I/wm_task_created( 1504): [3,-1]
01-03 09:54:53.854 E/init ( 0): Control message: Could not find 'vendor.qti.hardware.iop@2.0::IIop/default' for ctl.interface_start from pid: 508 (/system/bin/hwservicemanager)
03-25 09:20:19.900 I/wm_task_created( 1504): [4,-1]
03-25 09:20:19.901 I/wm_task_created( 1504): [5,-1]
03-25 09:20:19.905 I/wm_task_created( 1504): [6,-1]
03-25 09:20:19.918 D/CompatibilityChangeReporter( 1504): Compat change id reported: 171306433; UID 1000; state: ENABLED
03-25 09:20:19.918 I/bt_config_source( 2338): 4
03-25 09:20:19.919 I/bt_config_source( 2338): 3
03-25 09:20:19.932 W/OneHandedController( 2355): Device doesn't support OneHanded feature
03-25 09:20:19.944 I/liblog ( 2338): 30
01-03 09:54:53.932 I/binder ( 0): 2338:2338 ioctl 40046210 7fd5c52054 returned -22
03-25 09:20:19.969 D/TelephonyRegistry( 1504): listen oscl: mHasNotifySubscriptionInfoChangedOccurred==false no callback
03-25 09:20:19.975 I/commit_sys_config_file( 1504): [settings-0-0,3]
03-25 09:20:19.976 D/CompatibilityChangeReporter( 1504): Compat change id reported: 157233955; UID 10077; state: ENABLED
03-25 09:20:19.997 V/StorageManagerService( 1504): Package null has legacy storage
03-25 09:20:19.998 V/StorageManagerService( 1504): Package null has legacy storage
03-25 09:20:20.000 V/StorageManagerService( 1504): Package null does not have legacy storage
03-25 09:20:20.000 V/StorageManagerService( 1504): Package null does not have legacy storage
03-25 09:20:20.000 V/StorageManagerService( 1504): Package null does not have legacy storage
03-25 09:20:20.000 V/StorageManagerService( 1504): Package null does not have legacy storage
03-25 09:20:20.000 V/StorageManagerService( 1504): Package null does not have legacy storage
03-25 09:20:20.000 V/StorageManagerService( 1504): Package null does not have legacy storage
03-25 09:20:20.001 V/StorageManagerService( 1504): Package null does not have legacy storage
03-25 09:20:20.001 V/StorageManagerService( 1504): Package null does not have legacy storage
03-25 09:20:20.001 V/StorageManagerService( 1504): Package null does not have legacy storage
03-25 09:20:20.002 V/StorageManagerService( 1504): Package null does not have legacy storage
03-25 09:20:20.002 V/StorageManagerService( 1504): Package null does not have legacy storage
03-25 09:20:20.002 V/StorageManagerService( 1504): Package null does not have legacy storage
03-25 09:20:20.002 V/StorageManagerService( 1504): Package null does not have legacy storage
03-25 09:20:20.003 V/StorageManagerService( 1504): Package null does not have legacy storage
03-25 09:20:20.003 V/StorageManagerService( 1504): Package null does not have legacy storage
03-25 09:20:20.003 V/StorageManagerService( 1504): Package null does not have legacy storage
03-25 09:20:20.003 V/StorageManagerService( 1504): Package null does not have legacy storage
03-25 09:20:20.003 V/StorageManagerService( 1504): Package null does not have legacy storage
03-25 09:20:20.003 V/StorageManagerService( 1504): Package null does not have legacy storage
03-25 09:20:20.003 V/StorageManagerService( 1504): Package null does not have legacy storage
03-25 09:20:20.003 I/PackageManager( 1504): Permission ownership changed. Updating all permissions.
03-25 09:20:20.014 W/SystemServiceManager( 1504): Service com.android.server.policy.PermissionPolicyService took 195 ms in onBootPhase
03-25 09:20:20.014 I/SystemServerTiming( 1504): OnBootPhase_550_com.android.server.pm.StagingManager$Lifecycle
03-25 09:20:20.014 I/SystemServerTiming( 1504): OnBootPhase_550_com.android.server.app.GameManagerService$Lifecycle
03-25 09:20:20.014 I/SystemServerTiming( 1504): OnBootPhase_550_com.android.server.appsearch.AppSearchManagerService
03-25 09:20:20.014 I/SystemServerTiming( 1504): OnBootPhase_550_com.android.server.media.MediaCommunicationService
03-25 09:20:20.014 I/SystemServerTiming( 1504): StartObservingNativeCrashes
03-25 09:20:20.014 I/SystemServerTiming( 1504): RegisterAppOpsPolicy
03-25 09:20:20.015 I/SystemServerTiming( 1504): MakeNetworkManagementServiceReady
03-25 09:20:20.015 I/SystemServerTimingAsync( 1504): InitThreadPoolExec:WebViewFactoryPreparation
03-25 09:20:20.015 I/SystemServer( 1504): WebViewFactoryPreparation
03-25 09:20:20.015 I/SystemServerTimingAsync( 1504): WebViewFactoryPreparation
03-25 09:20:20.016 I/am_uid_running( 1504): 1037
03-25 09:20:20.016 D/CompatibilityChangeReporter( 1504): Compat change id reported: 135634846; UID 1000; state: DISABLED
03-25 09:20:20.016 D/CompatibilityChangeReporter( 1504): Compat change id reported: 177438394; UID 1000; state: DISABLED
03-25 09:20:20.016 D/CompatibilityChangeReporter( 1504): Compat change id reported: 135772972; UID 1000; state: DISABLED
03-25 09:20:20.016 D/CompatibilityChangeReporter( 1504): Compat change id reported: 178038272; UID 1000; state: DISABLED
03-25 09:20:20.016 W/ActivityManager( 1504): com.android.wallpaperbackup inode == 0 (b/152760674)
03-25 09:20:20.018 I/SystemServerTiming( 1504): MakeIpSecServiceReady
03-25 09:20:20.019 D/IpSecService( 1504): IpSecService is ready
03-25 09:20:20.019 I/SystemServerTiming( 1504): MakeNetworkStatsServiceReady
03-25 09:20:20.030 I/commit_sys_config_file( 1504): [net-policy,2]
03-25 09:20:20.030 W/NetworkPolicy( 1504): setRestrictBackgroundUL: already false
03-25 09:20:20.031 I/service_manager_slow( 1504): [11,netd]
03-25 09:20:20.031 W/BatteryExternalStatsWorker( 1504): error reading modem stats:ERROR_PHONE_NOT_AVAILABLE
03-25 09:20:20.035 I/sysui_multi_action( 1504): [757,856,758,1,806,com.android.systemui,857,empty_media_style_id,858,4]
03-25 09:20:20.045 D/TelephonyRegistry( 1504): listen oscl: mHasNotifySubscriptionInfoChangedOccurred==false no callback
03-25 09:20:20.045 D/TelephonyRegistry( 1504): listen oscl: mHasNotifySubscriptionInfoChangedOccurred==false no callback
03-25 09:20:20.046 I/SystemServerTiming( 1504): MakeConnectivityServiceReady
01-03 09:54:54.016 E/init ( 0): Control message: Could not find 'vendor.qti.hardware.iop@2.0::IIop/default' for ctl.interface_start from pid: 508 (/system/bin/hwservicemanager)
03-25 09:20:20.055 I/SystemServerTiming( 1504): MakeVpnManagerServiceReady
03-25 09:20:20.059 I/SystemServerTiming( 1504): MakeVcnManagementServiceReady
03-25 09:20:20.060 D/TelephonyRegistry( 1504): listen oscl: mHasNotifySubscriptionInfoChangedOccurred==false no callback
03-25 09:20:20.061 I/SystemServerTiming( 1504): MakeNetworkPolicyServiceReady
03-25 09:20:20.062 I/SystemServerTiming( 1504): PhaseThirdPartyAppsCanStart
03-25 09:20:20.062 I/SystemServiceManager( 1504): Starting phase 600
03-25 09:20:20.062 I/SystemServerTiming( 1504): OnBootPhase_600
03-25 09:20:20.062 I/SystemServerTiming( 1504): OnBootPhase_600_com.android.server.security.FileIntegrityService
03-25 09:20:20.062 I/SystemServerTiming( 1504): OnBootPhase_600_com.android.server.pm.Installer
03-25 09:20:20.062 I/SystemServerTiming( 1504): OnBootPhase_600_com.android.server.os.DeviceIdentifiersPolicyService
03-25 09:20:20.062 I/SystemServerTiming( 1504): OnBootPhase_600_com.android.server.uri.UriGrantsManagerService$Lifecycle
03-25 09:20:20.062 I/SystemServerTiming( 1504): OnBootPhase_600_com.android.server.powerstats.PowerStatsService
03-25 09:20:20.062 I/SystemServerTiming( 1504): OnBootPhase_600_com.android.server.wm.ActivityTaskManagerService$Lifecycle
03-25 09:20:20.062 I/SystemServerTiming( 1504): OnBootPhase_600_com.android.server.am.ActivityManagerService$Lifecycle
03-25 09:20:20.062 I/ExplicitHealthCheckController( 1504): Explicit health checks enabled.
03-25 09:20:20.062 I/PackageWatchdog( 1504): Syncing state, reason: health check state enabled
03-25 09:20:20.062 I/PackageWatchdog( 1504): Not pruning observers, elapsed time: 0ms
03-25 09:20:20.062 I/PackageWatchdog( 1504): Cancelling state sync, nothing to sync
03-25 09:20:20.062 I/SystemServerTiming( 1504): OnBootPhase_600_com.android.server.pm.DataLoaderManagerService
03-25 09:20:20.063 I/SystemServerTiming( 1504): OnBootPhase_600_com.android.server.power.PowerManagerService
03-25 09:20:20.063 I/SystemServerTiming( 1504): OnBootPhase_600_com.android.server.power.ThermalManagerService
03-25 09:20:20.063 I/SystemServerTiming( 1504): OnBootPhase_600_com.android.server.power.hint.HintManagerService
03-25 09:20:20.063 I/SystemServerTiming( 1504): OnBootPhase_600_com.android.server.recoverysystem.RecoverySystemService$Lifecycle
03-25 09:20:20.063 I/SystemServerTiming( 1504): OnBootPhase_600_com.android.server.lights.LightsService
03-25 09:20:20.063 I/SystemServerTiming( 1504): OnBootPhase_600_com.android.server.display.DisplayManagerService
03-25 09:20:20.063 I/SystemServerTiming( 1504): OnBootPhase_600_com.android.server.pm.verify.domain.DomainVerificationService
03-25 09:20:20.063 I/SystemServerTiming( 1504): OnBootPhase_600_com.android.server.pm.PackageInstallerService$Lifecycle
03-25 09:20:20.063 I/SystemServerTiming( 1504): OnBootPhase_600_com.android.server.pm.UserManagerService$LifeCycle
03-25 09:20:20.063 I/SystemServerTiming( 1504): OnBootPhase_600_com.android.server.om.OverlayManagerService
03-25 09:20:20.063 I/SystemServerTiming( 1504): OnBootPhase_600_com.android.server.SensorPrivacyService
03-25 09:20:20.063 I/SystemServerTiming( 1504): OnBootPhase_600_com.android.server.thunderperf.ThunderBoostPerfService
03-25 09:20:20.063 I/SystemServerTiming( 1504): OnBootPhase_600_com.android.server.sensors.SensorService
03-25 09:20:20.063 I/SystemServerTiming( 1504): OnBootPhase_600_com.android.server.SystemConfigService
03-25 09:20:20.063 I/SystemServerTiming( 1504): OnBootPhase_600_com.android.server.BatteryService
03-25 09:20:20.063 I/SystemServerTiming( 1504): OnBootPhase_600_com.android.server.usage.UsageStatsService
03-25 09:20:20.063 I/SystemServerTiming( 1504): OnBootPhase_600_com.android.server.webkit.WebViewUpdateService
03-25 09:20:20.063 I/SystemServerTiming( 1504): OnBootPhase_600_com.android.server.CachedDeviceStateService
03-25 09:20:20.063 I/SystemServerTiming( 1504): OnBootPhase_600_com.android.server.BinderCallsStatsService$LifeCycle
03-25 09:20:20.063 I/SystemServerTiming( 1504): OnBootPhase_600_com.android.server.LooperStatsService$Lifecycle
03-25 09:20:20.063 I/SystemServerTiming( 1504): OnBootPhase_600_com.android.server.rollback.RollbackManagerService
03-25 09:20:20.063 I/SystemServerTiming( 1504): OnBootPhase_600_com.android.server.os.NativeTombstoneManagerService
03-25 09:20:20.063 I/SystemServerTiming( 1504): OnBootPhase_600_com.android.server.os.BugreportManagerService
03-25 09:20:20.063 I/SystemServerTiming( 1504): OnBootPhase_600_com.android.server.gpu.GpuService
03-25 09:20:20.063 I/SystemServerTiming( 1504): OnBootPhase_600_com.android.server.security.KeyChainSystemService
03-25 09:20:20.063 I/SystemServerTiming( 1504): OnBootPhase_600_com.android.server.telecom.TelecomLoaderService
03-25 09:20:20.063 I/SystemServerTiming( 1504): OnBootPhase_600_com.android.server.accounts.AccountManagerService$Lifecycle
03-25 09:20:20.063 I/SystemServerTiming( 1504): OnBootPhase_600_com.android.server.content.ContentService$Lifecycle
03-25 09:20:20.063 I/SystemServerTiming( 1504): OnBootPhase_600_com.android.server.DropBoxManagerService
03-25 09:20:20.063 I/SystemServerTiming( 1504): OnBootPhase_600_com.android.role.RoleService
03-25 09:20:20.063 I/SystemServerTiming( 1504): OnBootPhase_600_com.android.server.vibrator.VibratorManagerService$Lifecycle
03-25 09:20:20.063 I/SystemServerTiming( 1504): OnBootPhase_600_com.android.server.alarm.AlarmManagerService
03-25 09:20:20.063 I/SystemServerTiming( 1504): OnBootPhase_600_com.android.server.devicestate.DeviceStateManagerService
03-25 09:20:20.063 I/SystemServerTiming( 1504): OnBootPhase_600_com.android.server.camera.CameraServiceProxy
03-25 09:20:20.063 I/SystemServerTiming( 1504): OnBootPhase_600_com.android.server.BluetoothService
03-25 09:20:20.063 I/SystemServerTiming( 1504): OnBootPhase_600_com.android.server.connectivity.IpConnectivityMetrics
03-25 09:20:20.063 I/SystemServerTiming( 1504): OnBootPhase_600_com.android.server.net.watchlist.NetworkWatchlistService$Lifecycle
03-25 09:20:20.063 I/SystemServerTiming( 1504): OnBootPhase_600_com.android.server.PinnerService
03-25 09:20:20.063 I/SystemServerTiming( 1504): OnBootPhase_600_com.google.android.startop.iorap.IorapForwardingService
03-25 09:20:20.063 I/SystemServerTiming( 1504): OnBootPhase_600_com.android.server.ActivityTriggerService
03-25 09:20:20.063 I/SystemServerTiming( 1504): OnBootPhase_600_com.android.server.integrity.AppIntegrityManagerService
03-25 09:20:20.063 I/SystemServerTiming( 1504): OnBootPhase_600_com.android.server.inputmethod.InputMethodManagerService$Lifecycle
03-25 09:20:20.063 I/SystemServerTiming( 1504): OnBootPhase_600_com.android.server.accessibility.AccessibilityManagerService$Lifecycle
03-25 09:20:20.063 I/SystemServerTiming( 1504): OnBootPhase_600_com.android.server.StorageManagerService$Lifecycle
03-25 09:20:20.063 I/SystemServerTiming( 1504): OnBootPhase_600_com.android.server.usage.StorageStatsService$Lifecycle
03-25 09:20:20.063 I/SystemServerTiming( 1504): OnBootPhase_600_com.android.server.UiModeManagerService
03-25 09:20:20.063 I/SystemServerTiming( 1504): OnBootPhase_600_com.android.server.locksettings.LockSettingsService$Lifecycle
03-25 09:20:20.063 I/SystemServerTiming( 1504): OnBootPhase_600_com.android.server.PersistentDataBlockService
03-25 09:20:20.063 I/SystemServerTiming( 1504): OnBootPhase_600_com.android.server.testharness.TestHarnessModeService
03-25 09:20:20.063 I/SystemServerTiming( 1504): OnBootPhase_600_com.android.server.oemlock.OemLockService
03-25 09:20:20.063 I/SystemServerTiming( 1504): OnBootPhase_600_com.android.server.DeviceIdleController
03-25 09:20:20.063 I/SystemServerTiming( 1504): OnBootPhase_600_com.android.server.devicepolicy.DevicePolicyManagerService$Lifecycle
03-25 09:20:20.063 I/SystemServerTiming( 1504): OnBootPhase_600_com.android.server.texttospeech.TextToSpeechManagerService
03-25 09:20:20.063 I/SystemServerTiming( 1504): OnBootPhase_600_com.android.server.speech.SpeechRecognitionManagerService
03-25 09:20:20.064 I/PackageWatchdog( 1504): Saving observer state to file
03-25 09:20:20.064 I/SystemServerTiming( 1504): OnBootPhase_600_com.android.server.searchui.SearchUiManagerService
03-25 09:20:20.064 I/SystemServerTiming( 1504): OnBootPhase_600_com.android.server.smartspace.SmartspaceManagerService
03-25 09:20:20.064 I/SystemServerTiming( 1504): OnBootPhase_600_com.android.server.graphics.fonts.FontManagerService$Lifecycle
03-25 09:20:20.064 I/SystemServerTiming( 1504): OnBootPhase_600_com.android.server.textservices.TextServicesManagerService$Lifecycle
03-25 09:20:20.064 I/SystemServerTiming( 1504): OnBootPhase_600_com.android.server.textclassifier.TextClassificationManagerService$Lifecycle
03-25 09:20:20.065 I/SystemServerTiming( 1504): OnBootPhase_600_com.android.server.NetworkScoreService$Lifecycle
03-25 09:20:20.065 I/SystemServerTiming( 1504): OnBootPhase_600_com.android.server.wifi.WifiService
03-25 09:20:20.065 I/SystemServerTiming( 1504): OnBootPhase_600_com.android.server.wifi.scanner.WifiScanningService
03-25 09:20:20.065 I/SystemServerTiming( 1504): OnBootPhase_600_com.android.server.wifi.rtt.RttService
03-25 09:20:20.065 I/SystemServerTiming( 1504): OnBootPhase_600_com.android.server.wifi.aware.WifiAwareService
03-25 09:20:20.065 I/SystemServerTiming( 1504): OnBootPhase_600_com.android.server.wifi.p2p.WifiP2pService
03-25 09:20:20.065 I/SystemServerTiming( 1504): OnBootPhase_600_com.android.server.ethernet.EthernetService
03-25 09:20:20.065 I/SystemServerTiming( 1504): OnBootPhase_600_com.android.server.ConnectivityServiceInitializer
03-25 09:20:20.065 I/SystemServerTiming( 1504): OnBootPhase_600_com.android.server.notification.NotificationManagerService
03-25 09:20:20.071 I/SystemServerTiming( 1504): OnBootPhase_600_com.android.server.storage.DeviceStorageMonitorService
03-25 09:20:20.072 I/SystemServerTiming( 1504): OnBootPhase_600_com.android.server.location.LocationManagerService$Lifecycle
03-25 09:20:20.072 D/Fingerprint21( 1504): Daemon was null, reconnecting, current operation: null
03-25 09:20:20.073 D/Fingerprint21( 1504): Fingerprint HAL ready, HAL ID: 5326416
03-25 09:20:20.091 W/ActivityManager( 1504): Slow operation: 75ms so far, now at startProcess: returned from zygote!
03-25 09:20:20.091 W/ActivityManager( 1504): Slow operation: 75ms so far, now at startProcess: done updating battery stats
03-25 09:20:20.091 I/am_proc_start( 1504): [0,2470,1037,WebViewLoader-armeabi-v7a,NULL,]
03-25 09:20:20.091 W/ActivityManager( 1504): Slow operation: 75ms so far, now at startProcess: building log message
03-25 09:20:20.091 I/ActivityManager( 1504): Start proc 2470:WebViewLoader-armeabi-v7a/1037 [android.webkit.WebViewLibraryLoader$RelroFileCreator] for null
03-25 09:20:20.091 W/ActivityManager( 1504): Slow operation: 75ms so far, now at startProcess: starting to update pids map
03-25 09:20:20.092 W/ActivityManager( 1504): Slow operation: 76ms so far, now at startProcess: done updating pids map
03-25 09:20:20.092 W/ActivityManager( 1504): Slow operation: 75ms so far, now at startProcess: asking zygote to start proc
03-25 09:20:20.092 W/ActivityManager( 1504): com.android.wallpaperbackup inode == 0 (b/152760674)
03-25 09:20:20.093 D/TelephonyRegistry( 1504): listen oscl: mHasNotifySubscriptionInfoChangedOccurred==false no callback
03-25 09:20:20.096 W/ActivityManager( 1504): Slow operation: 79ms so far, now at startProcess: returned from zygote!
03-25 09:20:20.096 W/ActivityManager( 1504): Slow operation: 79ms so far, now at startProcess: done updating battery stats
03-25 09:20:20.096 I/am_proc_start( 1504): [0,2471,1037,WebViewLoader-arm64-v8a,NULL,]
03-25 09:20:20.096 W/ActivityManager( 1504): Slow operation: 79ms so far, now at startProcess: building log message
03-25 09:20:20.096 I/ActivityManager( 1504): Start proc 2471:WebViewLoader-arm64-v8a/1037 [android.webkit.WebViewLibraryLoader$RelroFileCreator] for null
03-25 09:20:20.096 W/ActivityManager( 1504): Slow operation: 79ms so far, now at startProcess: starting to update pids map
03-25 09:20:20.096 W/ActivityManager( 1504): Slow operation: 79ms so far, now at startProcess: done updating pids map
03-25 09:20:20.103 W/CarrierConfigManager( 1504): Error getting config for subId -1 ICarrierConfigLoader is null
03-25 09:20:20.106 D/CompatibilityChangeReporter( 1504): Compat change id reported: 168936375; UID 1000; state: ENABLED
03-25 09:20:20.106 D/CompatibilityChangeReporter( 1504): Compat change id reported: 168936375; UID 1000; state: DISABLED
03-25 09:20:20.107 I/SystemServerTiming( 1504): OnBootPhase_600_com.android.server.timedetector.TimeDetectorService$Lifecycle
03-25 09:20:20.107 I/SystemServerTiming( 1504): OnBootPhase_600_com.android.server.timezonedetector.TimeZoneDetectorService$Lifecycle
03-25 09:20:20.107 I/SystemServerTiming( 1504): OnBootPhase_600_com.android.server.timezonedetector.location.LocationTimeZoneManagerService$Lifecycle
03-25 09:20:20.107 I/SystemServerTiming( 1504): OnBootPhase_600_com.android.server.search.SearchManagerService$Lifecycle
03-25 09:20:20.107 I/SystemServerTiming( 1504): OnBootPhase_600_com.android.server.wallpaper.WallpaperManagerService$Lifecycle
03-25 09:20:20.107 I/WallpaperManagerService( 1504): switch-user-0
03-25 09:20:20.107 V/WallpaperManagerService( 1504): bindWallpaperComponentLocked: componentName=null
03-25 09:20:20.107 V/WallpaperManagerService( 1504): No default component; using image wallpaper
03-25 09:20:20.108 I/SystemServerTiming( 1504): OnBootPhase_600_com.android.server.audio.AudioService$Lifecycle
03-25 09:20:20.108 I/SystemServerTiming( 1504): OnBootPhase_600_com.android.server.soundtrigger_middleware.SoundTriggerMiddlewareService$Lifecycle
03-25 09:20:20.108 I/SystemServerTiming( 1504): OnBootPhase_600_com.android.server.DockObserver
03-25 09:20:20.108 I/SystemServerTiming( 1504): OnBootPhase_600_com.android.server.midi.MidiService$Lifecycle
03-25 09:20:20.108 I/SystemServerTiming( 1504): OnBootPhase_600_com.android.server.adb.AdbService$Lifecycle
03-25 09:20:20.108 I/SystemServerTiming( 1504): OnBootPhase_600_com.android.server.usb.UsbService$Lifecycle
03-25 09:20:20.108 I/SystemServerTiming( 1504): OnBootPhase_600_com.android.server.twilight.TwilightService
03-25 09:20:20.108 I/SystemServerTiming( 1504): OnBootPhase_600_com.android.server.display.color.ColorDisplayService
03-25 09:20:20.108 I/SystemServerTiming( 1504): OnBootPhase_600_com.android.server.job.JobSchedulerService
03-25 09:20:20.109 I/SystemServerTiming( 1504): OnBootPhase_600_com.android.server.soundtrigger.SoundTriggerService
03-25 09:20:20.109 D/SoundTriggerService( 1504): onBootPhase: 600 : false
03-25 09:20:20.109 I/SystemServerTiming( 1504): OnBootPhase_600_com.android.server.trust.TrustManagerService
03-25 09:20:20.109 D/BiometricService( 1504): Sensor ID(0), oemStrength: 15, updatedStrength: 15, modality 2, state: 0, cookie: 0, props: ID: 0, Strength: 2, Type: 1, sensorId 0, hasEnrollments: false cannot participate in Keystore operations
01-03 09:54:54.076 I/binder ( 0): 2470:2470 ioctl 40046210 fffd45a8 returned -22
03-25 09:20:20.111 I/SystemServerTiming( 1504): OnBootPhase_600_com.android.server.backup.BackupManagerService$Lifecycle
03-25 09:20:20.111 I/SystemServerTiming( 1504): OnBootPhase_600_com.android.server.appwidget.AppWidgetService
03-25 09:20:20.111 I/SystemServerTiming( 1504): OnBootPhase_600_com.android.server.voiceinteraction.VoiceInteractionManagerService
01-03 09:54:54.078 I/binder ( 0): 2471:2471 ioctl 40046210 7fd5c529e4 returned -22
03-25 09:20:20.112 I/SystemServerTiming( 1504): OnBootPhase_600_com.android.server.apphibernation.AppHibernationService
03-25 09:20:20.112 I/SystemServerTiming( 1504): OnBootPhase_600_com.android.server.SensorNotificationService
03-25 09:20:20.112 I/SystemServerTiming( 1504): OnBootPhase_600_com.android.server.emergency.EmergencyAffordanceService
03-25 09:20:20.112 I/SystemServerTiming( 1504): OnBootPhase_600_com.android.server.blob.BlobStoreManagerService
03-25 09:20:20.113 I/am_proc_bound( 1504): [0,2470,WebViewLoader-armeabi-v7a]
03-25 09:20:20.113 I/SystemServerTiming( 1504): OnBootPhase_600_com.android.server.dreams.DreamManagerService
03-25 09:20:20.113 I/am_uid_active( 1504): 1037
03-25 09:20:20.115 I/am_proc_bound( 1504): [0,2471,WebViewLoader-arm64-v8a]
03-25 09:20:20.115 I/SystemServerTiming( 1504): OnBootPhase_600_com.android.server.companion.CompanionDeviceManagerService
03-25 09:20:20.115 I/SystemServerTiming( 1504): OnBootPhase_600_com.android.server.restrictions.RestrictionsManagerService
03-25 09:20:20.115 I/SystemServerTiming( 1504): OnBootPhase_600_com.android.server.media.MediaSessionService
03-25 09:20:20.115 I/SystemServerTiming( 1504): OnBootPhase_600_com.android.server.media.MediaResourceMonitorService
03-25 09:20:20.115 I/SystemServerTiming( 1504): OnBootPhase_600_com.android.server.biometrics.sensors.fingerprint.FingerprintService
03-25 09:20:20.115 I/SystemServerTiming( 1504): OnBootPhase_600_com.android.server.biometrics.BiometricService
03-25 09:20:20.115 I/SystemServerTiming( 1504): OnBootPhase_600_com.android.server.biometrics.AuthService
03-25 09:20:20.115 I/SystemServerTiming( 1504): OnBootPhase_600_com.android.server.pm.ShortcutService$Lifecycle
03-25 09:20:20.115 I/SystemServerTiming( 1504): OnBootPhase_600_com.android.server.pm.LauncherAppsService
03-25 09:20:20.115 I/SystemServerTiming( 1504): OnBootPhase_600_com.android.server.pm.CrossProfileAppsService
03-25 09:20:20.115 I/SystemServerTiming( 1504): OnBootPhase_600_com.android.server.people.PeopleService
03-25 09:20:20.115 I/SystemServerTiming( 1504): OnBootPhase_600_com.android.server.media.metrics.MediaMetricsManagerService
03-25 09:20:20.115 I/SystemServerTiming( 1504): OnBootPhase_600_com.android.server.media.projection.MediaProjectionManagerService
03-25 09:20:20.115 I/SystemServerTiming( 1504): OnBootPhase_600_com.android.server.slice.SliceManagerService$Lifecycle
03-25 09:20:20.115 I/SystemServerTiming( 1504): OnBootPhase_600_com.android.server.stats.StatsCompanion$Lifecycle
03-25 09:20:20.118 W/PackageManager( 1504): Loading a package that does not exist for the calling user. package=null, user=0
03-25 09:20:20.121 W/PackageManager( 1504): Loading a package that does not exist for the calling user. package=null, user=0
03-25 09:20:20.121 I/SystemServerTiming( 1504): OnBootPhase_600_com.android.server.scheduling.RebootReadinessManagerService$Lifecycle
03-25 09:20:20.121 I/SystemServerTiming( 1504): OnBootPhase_600_com.android.server.stats.pull.StatsPullAtomService
03-25 09:20:20.121 I/SystemServerTiming( 1504): OnBootPhase_600_com.android.server.incident.IncidentCompanionService
03-25 09:20:20.121 I/SystemServerTiming( 1504): OnBootPhase_600_com.android.server.MmsServiceBroker
03-25 09:20:20.121 I/SystemServerTiming( 1504): OnBootPhase_600_com.android.server.autofill.AutofillManagerService
03-25 09:20:20.121 D/StatsPullAtomService( 1504): Registering NetworkStats pullers with statsd
03-25 09:20:20.121 I/SystemServerTiming( 1504): OnBootPhase_600_com.android.server.clipboard.ClipboardService
03-25 09:20:20.121 I/SystemServerTiming( 1504): OnBootPhase_600_com.android.server.appbinding.AppBindingService$Lifecycle
03-25 09:20:20.121 I/SystemServerTiming( 1504): OnBootPhase_600_com.android.server.tracing.TracingServiceProxy
03-25 09:20:20.121 I/SystemServerTiming( 1504): OnBootPhase_600_com.android.server.policy.PermissionPolicyService
03-25 09:20:20.121 I/SystemServerTiming( 1504): OnBootPhase_600_com.android.server.pm.StagingManager$Lifecycle
03-25 09:20:20.121 I/SystemServerTiming( 1504): OnBootPhase_600_com.android.server.app.GameManagerService$Lifecycle
03-25 09:20:20.121 I/SystemServerTiming( 1504): OnBootPhase_600_com.android.server.appsearch.AppSearchManagerService
03-25 09:20:20.121 I/SystemServerTiming( 1504): OnBootPhase_600_com.android.server.media.MediaCommunicationService
03-25 09:20:20.121 I/SystemServerTiming( 1504): StartNetworkStack
03-25 09:20:20.122 D/ConnectivityModuleConnector( 1504): Starting networking module android.net.INetworkStackConnector
03-25 09:20:20.122 D/ConnectivityModuleConnector( 1504): Starting networking module in network_stack process
03-25 09:20:20.123 I/am_uid_running( 1504): 1073
03-25 09:20:20.123 D/CompatibilityChangeReporter( 1504): Compat change id reported: 135634846; UID 1073; state: DISABLED
03-25 09:20:20.123 D/CompatibilityChangeReporter( 1504): Compat change id reported: 177438394; UID 1073; state: DISABLED
03-25 09:20:20.123 D/CompatibilityChangeReporter( 1504): Compat change id reported: 135772972; UID 1073; state: DISABLED
03-25 09:20:20.124 D/CompatibilityChangeReporter( 1504): Compat change id reported: 135754954; UID 1073; state: ENABLED
03-25 09:20:20.124 W/ActivityManager( 1504): com.android.networkstack.tethering inode == 0 (b/152760674)
03-25 09:20:20.124 D/ConnectivityModuleConnector( 1504): Networking module service start requested
03-25 09:20:20.124 I/SystemServerTiming( 1504): StartTethering
03-25 09:20:20.124 D/ConnectivityModuleConnector( 1504): Starting networking module android.net.ITetheringConnector
03-25 09:20:20.124 D/ConnectivityModuleConnector( 1504): Starting networking module in network_stack process
03-25 09:20:20.124 D/ConnectivityModuleConnector( 1504): Networking module service start requested
03-25 09:20:20.124 I/SystemServerTiming( 1504): MakeCountryDetectionServiceReady
03-25 09:20:20.125 I/SystemServerTiming( 1504): MakeNetworkTimeUpdateReady
03-25 09:20:20.126 I/SystemServerTiming( 1504): MakeInputManagerServiceReady
03-25 09:20:20.126 I/configuration_changed( 1504): 16384
03-25 09:20:20.126 I/ActivityTaskManager( 1504): Config changes=4000 {1.0 ?mcc?mnc [zh_CN] ldltr sw680dp w1586dp h612dp 240dpi lrg long hdr land finger -keyb/v/h -nav/h winConfig={ mBounds=Rect(0, 0 - 2380, 1020) mAppBounds=Rect(0, 0 - 2380, 954) mMaxBounds=Rect(0, 0 - 2380, 1020) mWindowingMode=fullscreen mDisplayWindowingMode=fullscreen mActivityType=undefined mAlwaysOnTop=undefined mRotation=ROTATION_0} s.10 fontWeightAdjustment=0}
03-25 09:20:20.129 I/WindowManager( 1504): Override config changes=4000 {1.0 ?mcc?mnc [zh_CN] ldltr sw680dp w1586dp h612dp 240dpi lrg long hdr land finger -keyb/v/h -nav/h winConfig={ mBounds=Rect(0, 0 - 2380, 1020) mAppBounds=Rect(0, 0 - 2380, 954) mMaxBounds=Rect(0, 0 - 2380, 1020) mWindowingMode=fullscreen mDisplayWindowingMode=fullscreen mActivityType=undefined mAlwaysOnTop=undefined mRotation=ROTATION_0} s.10 fontWeightAdjustment=0} for displayId=0
03-25 09:20:20.130 I/am_proc_start( 1504): [0,2504,1073,com.android.networkstack.process,service,{com.android.networkstack/com.android.server.NetworkStackService}]
03-25 09:20:20.130 I/ActivityManager( 1504): Start proc 2504:com.android.networkstack.process/1073 for service {com.android.networkstack/com.android.server.NetworkStackService}
03-25 09:20:20.133 I/SystemServerTiming( 1504): MakeTelephonyRegistryReady
03-25 09:20:20.133 D/TelephonyRegistry( 1504): systemRunning register for intents
03-25 09:20:20.133 I/SystemServerTiming( 1504): MakeMediaRouterServiceReady
03-25 09:20:20.133 I/SystemServerTiming( 1504): MakeMmsServiceReady
03-25 09:20:20.133 I/MmsServiceBroker( 1504): Delay connecting to MmsService until an API is called
03-25 09:20:20.133 I/SystemServerTiming( 1504): IncidentDaemonReady
03-25 09:20:20.136 I/SystemServerTiming( 1504): MakeIncrementalServiceReady
03-25 09:20:20.136 I/SystemServerTiming( 1504): getCurrentUser
03-25 09:20:20.136 I/ActivityManager( 1504): Current user:0
03-25 09:20:20.136 I/SystemServerTiming( 1504): ActivityManagerStartApps
03-25 09:20:20.136 I/ssm_user_starting( 1504): 0
03-25 09:20:20.136 I/SystemServerTiming( 1504): ssm.StartUser-0
03-25 09:20:20.136 I/SystemServiceManager( 1504): Calling onStartUser 0
03-25 09:20:20.136 I/SystemServerTiming( 1504): ssm.onStartUser-0_com.android.server.security.FileIntegrityService
03-25 09:20:20.136 I/SystemServerTiming( 1504): ssm.onStartUser-0_com.android.server.pm.Installer
03-25 09:20:20.136 I/SystemServerTiming( 1504): ssm.onStartUser-0_com.android.server.os.DeviceIdentifiersPolicyService
03-25 09:20:20.136 I/SystemServerTiming( 1504): ssm.onStartUser-0_com.android.server.uri.UriGrantsManagerService$Lifecycle
03-25 09:20:20.136 I/SystemServerTiming( 1504): ssm.onStartUser-0_com.android.server.powerstats.PowerStatsService
03-25 09:20:20.136 I/SystemServerTiming( 1504): ssm.onStartUser-0_com.android.server.wm.ActivityTaskManagerService$Lifecycle
03-25 09:20:20.136 I/SystemServerTiming( 1504): ssm.onStartUser-0_com.android.server.am.ActivityManagerService$Lifecycle
03-25 09:20:20.136 I/SystemServerTiming( 1504): ssm.onStartUser-0_com.android.server.pm.DataLoaderManagerService
03-25 09:20:20.136 I/SystemServerTiming( 1504): ssm.onStartUser-0_com.android.server.power.PowerManagerService
03-25 09:20:20.136 I/SystemServerTiming( 1504): ssm.onStartUser-0_com.android.server.power.ThermalManagerService
03-25 09:20:20.136 I/SystemServerTiming( 1504): ssm.onStartUser-0_com.android.server.power.hint.HintManagerService
03-25 09:20:20.136 I/SystemServerTiming( 1504): ssm.onStartUser-0_com.android.server.recoverysystem.RecoverySystemService$Lifecycle
03-25 09:20:20.136 I/SystemServerTiming( 1504): ssm.onStartUser-0_com.android.server.lights.LightsService
03-25 09:20:20.136 I/SystemServerTiming( 1504): ssm.onStartUser-0_com.android.server.display.DisplayManagerService
03-25 09:20:20.136 I/SystemServerTiming( 1504): ssm.onStartUser-0_com.android.server.pm.verify.domain.DomainVerificationService
03-25 09:20:20.136 I/SystemServerTiming( 1504): ssm.onStartUser-0_com.android.server.pm.PackageInstallerService$Lifecycle
03-25 09:20:20.136 I/SystemServerTiming( 1504): ssm.onStartUser-0_com.android.server.pm.UserManagerService$LifeCycle
03-25 09:20:20.136 I/SystemServerTiming( 1504): ssm.onStartUser-0_com.android.server.om.OverlayManagerService
03-25 09:20:20.136 I/SystemServerTiming( 1504): ssm.onStartUser-0_com.android.server.SensorPrivacyService
03-25 09:20:20.137 I/netstats_mobile_sample( 1504): [0,0,0,0,0,0,0,0,0,0,0,0,1679764820137]
03-25 09:20:20.137 I/netstats_wifi_sample( 1504): [0,0,0,0,0,0,0,0,0,0,0,0,1679764820137]
03-25 09:20:20.137 I/SystemServerTiming( 1504): ssm.onStartUser-0_com.android.server.thunderperf.ThunderBoostPerfService
03-25 09:20:20.137 I/SystemServerTiming( 1504): ssm.onStartUser-0_com.android.server.sensors.SensorService
03-25 09:20:20.137 I/SystemServerTiming( 1504): ssm.onStartUser-0_com.android.server.SystemConfigService
03-25 09:20:20.137 I/SystemServerTiming( 1504): ssm.onStartUser-0_com.android.server.BatteryService
03-25 09:20:20.137 I/SystemServerTiming( 1504): ssm.onStartUser-0_com.android.server.usage.UsageStatsService
03-25 09:20:20.137 I/SystemServerTiming( 1504): ssm.onStartUser-0_com.android.server.webkit.WebViewUpdateService
03-25 09:20:20.137 I/SystemServerTiming( 1504): ssm.onStartUser-0_com.android.server.CachedDeviceStateService
03-25 09:20:20.137 I/SystemServerTiming( 1504): ssm.onStartUser-0_com.android.server.BinderCallsStatsService$LifeCycle
03-25 09:20:20.137 I/SystemServerTiming( 1504): ssm.onStartUser-0_com.android.server.LooperStatsService$Lifecycle
03-25 09:20:20.137 I/SystemServerTiming( 1504): ssm.onStartUser-0_com.android.server.rollback.RollbackManagerService
03-25 09:20:20.137 I/SystemServerTiming( 1504): ssm.onStartUser-0_com.android.server.os.NativeTombstoneManagerService
03-25 09:20:20.137 I/SystemServerTiming( 1504): ssm.onStartUser-0_com.android.server.os.BugreportManagerService
03-25 09:20:20.137 I/SystemServerTiming( 1504): ssm.onStartUser-0_com.android.server.gpu.GpuService
03-25 09:20:20.137 I/SystemServerTiming( 1504): ssm.onStartUser-0_com.android.server.security.KeyChainSystemService
03-25 09:20:20.137 I/SystemServerTiming( 1504): ssm.onStartUser-0_com.android.server.telecom.TelecomLoaderService
03-25 09:20:20.137 I/SystemServerTiming( 1504): ssm.onStartUser-0_com.android.server.accounts.AccountManagerService$Lifecycle
03-25 09:20:20.137 I/SystemServerTiming( 1504): ssm.onStartUser-0_com.android.server.content.ContentService$Lifecycle
03-25 09:20:20.138 I/SystemServerTiming( 1504): ssm.onStartUser-0_com.android.server.DropBoxManagerService
03-25 09:20:20.138 I/SystemServerTiming( 1504): ssm.onStartUser-0_com.android.role.RoleService
03-25 09:20:20.142 I/ActivityManager( 1504): Process WebViewLoader-arm64-v8a (pid 2471) has died: psvc PER
03-25 09:20:20.143 I/am_proc_died( 1504): [0,2471,WebViewLoader-arm64-v8a,-700,0]
03-25 09:20:20.144 I/am_low_memory( 1504): 5
03-25 09:20:20.145 E/KernelCpuSpeedReader( 1504): Failed to read cpu-freq: /sys/devices/system/cpu/cpu4/cpufreq/stats/time_in_state: open failed: ENOENT (No such file or directory)
03-25 09:20:20.145 E/KernelCpuSpeedReader( 1504): Failed to read cpu-freq: /sys/devices/system/cpu/cpu0/cpufreq/stats/time_in_state: open failed: ENOENT (No such file or directory)
01-03 09:54:54.113 E/init ( 0): Control message: Could not find 'vendor.qti.hardware.iop@2.0::IIop/default' for ctl.interface_start from pid: 508 (/system/bin/hwservicemanager)
03-25 09:20:20.146 I/ActivityManager( 1504): Process WebViewLoader-armeabi-v7a (pid 2470) has died: psvc PER
03-25 09:20:20.147 I/am_proc_died( 1504): [0,2470,WebViewLoader-armeabi-v7a,-700,0]
03-25 09:20:20.147 I/am_uid_stopped( 1504): 1037
03-25 09:20:20.148 I/netstats_mobile_sample( 1504): [0,0,0,0,0,0,0,0,0,0,0,0,1679764820148]
03-25 09:20:20.148 I/netstats_wifi_sample( 1504): [0,0,0,0,0,0,0,0,0,0,0,0,1679764820148]
01-03 09:54:54.114 E/init ( 0): Control message: Could not find 'vendor.qti.hardware.iop@2.0::IIop/default' for ctl.interface_start from pid: 508 (/system/bin/hwservicemanager)
03-25 09:20:20.148 I/am_low_memory( 1504): 4
01-03 09:54:54.117 I/binder ( 0): 2504:2504 ioctl 40046210 7fd5c529e4 returned -22
03-25 09:20:20.153 I/netstats_mobile_sample( 1504): [0,0,0,0,0,0,0,0,0,0,0,0,1679764820153]
03-25 09:20:20.153 I/netstats_wifi_sample( 1504): [0,0,0,0,0,0,0,0,0,0,0,0,1679764820153]
03-25 09:20:20.153 I/am_proc_bound( 1504): [0,2504,com.android.networkstack.process]
03-25 09:20:20.154 D/CompatibilityChangeReporter( 1504): Compat change id reported: 168419799; UID 1073; state: DISABLED
03-25 09:20:20.154 I/am_uid_active( 1504): 1073
03-25 09:20:20.156 D/CompatibilityChangeReporter( 1504): Compat change id reported: 168419799; UID 1073; state: DISABLED
03-25 09:20:20.161 I/netstats_mobile_sample( 1504): [0,0,0,0,0,0,0,0,0,0,0,0,1679764820161]
03-25 09:20:20.161 I/netstats_wifi_sample( 1504): [0,0,0,0,0,0,0,0,0,0,0,0,1679764820161]
03-25 09:20:20.164 I/netstats_mobile_sample( 1504): [0,0,0,0,0,0,0,0,0,0,0,0,1679764820164]
03-25 09:20:20.164 I/netstats_wifi_sample( 1504): [0,0,0,0,0,0,0,0,0,0,0,0,1679764820164]
01-03 09:54:54.133 E/init ( 0): Control message: Could not find 'vendor.qti.hardware.iop@2.0::IIop/default' for ctl.interface_start from pid: 508 (/system/bin/hwservicemanager)
03-25 09:20:20.166 I/commit_sys_config_file( 1504): [settings-2-0,2]
03-25 09:20:20.168 I/netstats_mobile_sample( 1504): [0,0,0,0,0,0,0,0,0,0,0,0,1679764820168]
03-25 09:20:20.168 I/netstats_wifi_sample( 1504): [0,0,0,0,0,0,0,0,0,0,0,0,1679764820168]
03-25 09:20:20.172 I/netstats_mobile_sample( 1504): [0,0,0,0,0,0,0,0,0,0,0,0,1679764820172]
03-25 09:20:20.172 I/netstats_wifi_sample( 1504): [0,0,0,0,0,0,0,0,0,0,0,0,1679764820172]
