03-25 05:00:47.262 I/am_wtf ( 1504): [0,1504,system_server,-1,DisplayDeviceConfig,requesting nits when no mapping exists.]
03-25 05:00:47.262 E/DisplayDeviceConfig( 1504): requesting nits when no mapping exists.
03-25 05:00:47.263 I/am_wtf ( 1504): [0,1504,system_server,-1,DisplayDeviceConfig,requesting nits when no mapping exists.]
03-25 05:00:47.278 E/DisplayDeviceConfig( 1504): requesting nits when no mapping exists.
03-25 05:00:47.279 I/am_wtf ( 1504): [0,1504,system_server,-1,DisplayDeviceConfig,requesting nits when no mapping exists.]
03-25 05:00:47.279 E/DisplayDeviceConfig( 1504): requesting nits when no mapping exists.
03-25 05:00:47.279 I/am_wtf ( 1504): [0,1504,system_server,-1,DisplayDeviceConfig,requesting nits when no mapping exists.]
03-25 05:00:47.295 E/DisplayDeviceConfig( 1504): requesting nits when no mapping exists.
03-25 05:00:47.295 E/DisplayDeviceConfig( 1504): requesting nits when no mapping exists.
03-25 05:00:47.295 I/am_wtf ( 1504): [0,1504,system_server,-1,DisplayDeviceConfig,requesting nits when no mapping exists.]
03-25 05:00:47.296 I/am_wtf ( 1504): [0,1504,system_server,-1,DisplayDeviceConfig,requesting nits when no mapping exists.]
03-25 05:00:54.145 I/PowerManagerService( 1504): Napping display group (groupId=0, uid=1000)...
03-25 05:00:54.145 I/PowerManagerService( 1504): Nap time (uid 1000)...
03-25 05:00:54.146 I/DreamManagerService( 1504): Entering dreamland.
03-25 05:00:54.150 I/PowerManagerService( 1504): Dreaming...
03-25 05:00:54.157 I/DreamController( 1504): Starting dream: name=ComponentInfo{com.thundercomm.screensaver/com.thundercomm.screensaver.service.SystemDream}, isTest=false, canDoze=false, userId=0
03-25 05:00:54.157 I/sysui_multi_action( 1504): [757,222,758,1]
03-25 05:00:54.164 I/UsageStatsService( 1504): Time changed in by -10819 seconds
03-25 05:00:54.167 I/ActivityTaskManager( 1504): START u0 {flg=0x10000000 pkg=com.thundercomm.screensaver cmp=com.thundercomm.screensaver/android.service.dreams.DreamActivity (has extras)} from uid 10045
03-25 05:00:54.170 I/wm_task_created( 1504): [26,-1]
03-25 05:00:54.170 W/ActivityTaskManager( 1504): Can't find TaskDisplayArea to determine support for multi window. Task id=26 attached=false
03-25 05:00:54.176 I/wm_task_moved( 1504): [26,1,7]
03-25 05:00:54.176 I/wm_task_to_front( 1504): [0,26]
03-25 05:00:54.176 I/wm_create_task( 1504): [0,26]
03-25 05:00:54.176 I/wm_create_activity( 1504): [0,90534041,26,com.thundercomm.screensaver/android.service.dreams.DreamActivity,NULL,NULL,NULL,276824064]
03-25 05:00:54.176 I/wm_task_moved( 1504): [26,1,7]
03-25 05:00:54.176 I/wm_on_top_resumed_lost_called( 2845): [31052584,com.android.launcher3.uioverrides.QuickstepLauncher,topStateChangedWhenResumed]
03-25 05:00:54.177 I/wm_pause_activity( 1504): [0,31052584,com.android.launcher3/.uioverrides.QuickstepLauncher,userLeaving=true,pauseBackTasks]
03-25 05:00:54.179 I/wm_on_paused_called( 2845): [31052584,com.android.launcher3.uioverrides.QuickstepLauncher,performPause]
03-25 05:00:54.180 I/input_focus( 1504): [Focus request d5729f7 com.android.launcher3/com.android.launcher3.uioverrides.QuickstepLauncher,reason=UpdateInputWindows]
03-25 05:00:54.182 I/ActivityTaskManager( 1504): FOREGROUND_APPLICATION_CHANGED to android.service.dreams.DreamActivity
03-25 05:00:54.183 I/ActivityTaskManager( 1504): The Process com.thundercomm.screensaver Already Exists in BG. So sending its PID: 4535
03-25 05:00:54.183 W/ActivityTaskManager( 1504): Tried to set launchTime (0) < mLastActivityLaunchTime (1789539)
03-25 05:00:54.183 I/wm_add_to_stopping( 1504): [0,31052584,com.android.launcher3/.uioverrides.QuickstepLauncher,makeInvisible]
03-25 05:00:54.183 I/wm_restart_activity( 1504): [0,90534041,26,com.thundercomm.screensaver/android.service.dreams.DreamActivity]
03-25 05:00:54.184 I/wm_set_resumed_activity( 1504): [0,com.thundercomm.screensaver/android.service.dreams.DreamActivity,minimalResumeActivityLocked]
03-25 05:00:54.190 I/wm_on_create_called( 4535): [90534041,android.service.dreams.DreamActivity,performCreate]
03-25 05:00:54.191 I/sysui_multi_action( 1504): [757,803,799,window_time_0,802,62]
03-25 05:00:54.191 I/wm_on_start_called( 4535): [90534041,android.service.dreams.DreamActivity,handleStartActivity]
03-25 05:00:54.192 I/wm_on_resume_called( 4535): [90534041,android.service.dreams.DreamActivity,RESUME_ACTIVITY]
03-25 05:00:54.195 I/wm_on_top_resumed_gained_called( 4535): [90534041,android.service.dreams.DreamActivity,topStateChangedWhenResumed]
03-25 05:00:54.196 I/input_focus( 1504): [Focus leaving 94683a3 NotificationShade (server),reason=NOT_FOCUSABLE]
03-25 05:00:54.201 I/input_focus( 1504): [Focus request 75b99d1 com.thundercomm.screensaver/android.service.dreams.DreamActivity,reason=UpdateInputWindows]
03-25 05:00:54.209 I/sysui_multi_action( 1504): [319,40,322,39,325,1852,757,761,758,8,759,2,806,com.thundercomm.screensaver,871,android.service.dreams.DreamActivity,904,com.thundercomm.screensaver,905,0,1320,4,1321,2]
03-25 05:00:54.209 I/wm_activity_launch_time( 1504): [0,90534041,com.thundercomm.screensaver/android.service.dreams.DreamActivity,39]
03-25 05:00:54.213 V/DisplayPowerController[0]( 1504): Brightness [0.1919192] reason changing to: 'manual', previous reason: 'manual [ dim ]'.
03-25 05:00:54.213 I/sysui_multi_action( 1504): [757,1696,758,6,759,3]
03-25 05:00:54.219 I/sysui_multi_action( 2355): [757,111,758,2]
03-25 05:00:54.220 I/sysui_multi_action( 2355): [757,111,758,2]
03-25 05:00:54.227 E/DisplayDeviceConfig( 1504): requesting nits when no mapping exists.
03-25 05:00:54.227 E/DisplayDeviceConfig( 1504): requesting nits when no mapping exists.
03-25 05:00:54.227 I/am_wtf ( 1504): [0,1504,system_server,-1,DisplayDeviceConfig,requesting nits when no mapping exists.]
03-25 05:00:54.228 I/sysui_multi_action( 2355): [757,111,758,1]
03-25 05:00:54.228 I/sysui_multi_action( 2355): [757,126,758,1,759,126,927,0,928,1,1593,1]
03-25 05:00:54.228 I/sysui_multi_action( 2355): [757,113,758,1,759,113,927,1,928,1,1593,1]
03-25 05:00:54.228 I/am_wtf ( 1504): [0,1504,system_server,-1,DisplayDeviceConfig,requesting nits when no mapping exists.]
03-25 05:00:54.228 I/sysui_multi_action( 2355): [757,0,758,1,759,0,927,2,928,0,1593,1]
03-25 05:00:54.228 I/sysui_multi_action( 2355): [757,0,758,1,759,0,927,3,928,0,1593,1]
03-25 05:00:54.228 I/input_focus( 1504): [Focus entering 75b99d1 com.thundercomm.screensaver/android.service.dreams.DreamActivity (server),reason=Window became focusable. Previous reason: NOT_VISIBLE]
03-25 05:00:54.228 I/sysui_multi_action( 2355): [757,491,758,1,759,491,927,4,928,0,1311,-1,1593,1]
03-25 05:00:54.228 I/sysui_multi_action( 2355): [757,0,758,1,759,0,927,5,928,0,1593,1]
03-25 05:00:54.228 I/sysui_multi_action( 2355): [757,111,758,1]
03-25 05:00:54.228 I/sysui_multi_action( 2355): [757,126,758,1,759,126,927,0,928,1,1593,1]
03-25 05:00:54.228 I/sysui_multi_action( 2355): [757,113,758,1,759,113,927,1,928,1,1593,1]
03-25 05:00:54.228 I/sysui_multi_action( 2355): [757,0,758,1,759,0,927,2,928,0,1593,1]
03-25 05:00:54.228 I/sysui_multi_action( 2355): [757,0,758,1,759,0,927,3,928,0,1593,1]
03-25 05:00:54.244 E/DisplayDeviceConfig( 1504): requesting nits when no mapping exists.
03-25 05:00:54.244 E/DisplayDeviceConfig( 1504): requesting nits when no mapping exists.
03-25 05:00:54.244 I/am_wtf ( 1504): [0,1504,system_server,-1,DisplayDeviceConfig,requesting nits when no mapping exists.]
03-25 05:00:54.245 I/am_wtf ( 1504): [0,1504,system_server,-1,DisplayDeviceConfig,requesting nits when no mapping exists.]
03-25 05:00:54.260 E/DisplayDeviceConfig( 1504): requesting nits when no mapping exists.
03-25 05:00:54.261 E/DisplayDeviceConfig( 1504): requesting nits when no mapping exists.
03-25 05:00:54.261 I/am_wtf ( 1504): [0,1504,system_server,-1,DisplayDeviceConfig,requesting nits when no mapping exists.]
03-25 05:00:54.261 I/am_wtf ( 1504): [0,1504,system_server,-1,DisplayDeviceConfig,requesting nits when no mapping exists.]
03-25 05:00:54.278 E/DisplayDeviceConfig( 1504): requesting nits when no mapping exists.
03-25 05:00:54.278 E/DisplayDeviceConfig( 1504): requesting nits when no mapping exists.
03-25 05:00:54.278 I/am_wtf ( 1504): [0,1504,system_server,-1,DisplayDeviceConfig,requesting nits when no mapping exists.]
03-25 05:00:54.278 I/am_wtf ( 1504): [0,1504,system_server,-1,DisplayDeviceConfig,requesting nits when no mapping exists.]
03-25 05:00:54.287 W/FreeFormWindowHelper( 1504): Current Display FreeFormTask is null
03-25 05:00:54.294 E/DisplayDeviceConfig( 1504): requesting nits when no mapping exists.
03-25 05:00:54.294 E/DisplayDeviceConfig( 1504): requesting nits when no mapping exists.
03-25 05:00:54.294 I/am_wtf ( 1504): [0,1504,system_server,-1,DisplayDeviceConfig,requesting nits when no mapping exists.]
03-25 05:00:54.295 I/am_wtf ( 1504): [0,1504,system_server,-1,DisplayDeviceConfig,requesting nits when no mapping exists.]
03-25 05:00:54.311 E/DisplayDeviceConfig( 1504): requesting nits when no mapping exists.
03-25 05:00:54.311 E/DisplayDeviceConfig( 1504): requesting nits when no mapping exists.
03-25 05:00:54.311 I/am_wtf ( 1504): [0,1504,system_server,-1,DisplayDeviceConfig,requesting nits when no mapping exists.]
03-25 05:00:54.311 I/am_wtf ( 1504): [0,1504,system_server,-1,DisplayDeviceConfig,requesting nits when no mapping exists.]
03-25 05:00:54.328 E/DisplayDeviceConfig( 1504): requesting nits when no mapping exists.
03-25 05:00:54.328 E/DisplayDeviceConfig( 1504): requesting nits when no mapping exists.
03-25 05:00:54.328 I/am_wtf ( 1504): [0,1504,system_server,-1,DisplayDeviceConfig,requesting nits when no mapping exists.]
03-25 05:00:54.328 I/am_wtf ( 1504): [0,1504,system_server,-1,DisplayDeviceConfig,requesting nits when no mapping exists.]
03-25 05:00:54.344 E/DisplayDeviceConfig( 1504): requesting nits when no mapping exists.
03-25 05:00:54.344 E/DisplayDeviceConfig( 1504): requesting nits when no mapping exists.
03-25 05:00:54.344 I/am_wtf ( 1504): [0,1504,system_server,-1,DisplayDeviceConfig,requesting nits when no mapping exists.]
03-25 05:00:54.345 I/am_wtf ( 1504): [0,1504,system_server,-1,DisplayDeviceConfig,requesting nits when no mapping exists.]
03-25 05:00:54.361 E/DisplayDeviceConfig( 1504): requesting nits when no mapping exists.
03-25 05:00:54.361 E/DisplayDeviceConfig( 1504): requesting nits when no mapping exists.
03-25 05:00:54.361 I/am_wtf ( 1504): [0,1504,system_server,-1,DisplayDeviceConfig,requesting nits when no mapping exists.]
03-25 05:00:54.361 I/am_wtf ( 1504): [0,1504,system_server,-1,DisplayDeviceConfig,requesting nits when no mapping exists.]
03-25 05:00:54.479 I/sysui_multi_action( 2355): [757,111,758,2]
03-25 05:00:54.479 I/sysui_multi_action( 2355): [757,111,758,2]
03-25 05:00:54.497 I/wm_stop_activity( 1504): [0,31052584,com.android.launcher3/.uioverrides.QuickstepLauncher]
03-25 05:00:54.514 I/wm_on_stop_called( 2845): [31052584,com.android.launcher3.uioverrides.QuickstepLauncher,STOP_ACTIVITY_ITEM]
03-25 05:00:54.689 I/sysui_multi_action( 1504): [757,128,758,2,793,-15831125,794,-3546340,795,-15831125,796,26,798,0,806,android,857,DEVELOPER_IMPORTANT,858,4,947,0,1395,3,1500,-15831328,1688,1]
03-25 05:00:54.690 I/notification_visibility( 1504): [-1|android|26|null|1000,0,-15831125,-15831125,0,0]
03-25 05:00:54.690 I/sysui_multi_action( 1504): [757,128,758,2,793,-15567732,794,-3546340,795,-15567732,796,17303299,797,com.android.wifi,798,1,806,android,857,NETWORK_AVAILABLE,858,2,947,0,1395,3,1500,-15567937,1688,1]
03-25 05:00:54.690 I/notification_visibility( 1504): [0|android|17303299|com.android.wifi|1000,0,-15567732,-15567732,0,1]
03-25 05:00:54.690 I/sysui_multi_action( 1504): [757,128,758,2,793,-15566937,794,-3546340,795,-15566937,796,32,798,2,806,android,857,USB,858,1,947,0,1395,3,1500,-15567139,1688,1]
03-25 05:00:54.690 I/notification_visibility( 1504): [-1|android|32|null|1000,0,-15566937,-15566937,0,2]
03-25 05:00:54.691 I/sysui_multi_action( 1504): [757,127,758,2]
03-25 05:00:54.691 I/notification_panel_hidden( 1504):
03-25 05:01:15.037 I/am_uid_idle( 1504): 10034
03-25 05:01:20.059 I/am_uid_idle( 1504): 10056
03-25 05:01:57.721 I/input_interaction( 1504): Interaction with: 75b99d1 com.thundercomm.screensaver/android.service.dreams.DreamActivity (server), edge-swipe (server), swipe-up (server), PointerEventDispatcher0 (server),
03-25 05:01:57.725 I/wm_finish_activity( 1504): [0,90534041,26,com.thundercomm.screensaver/android.service.dreams.DreamActivity,finish-activity]
03-25 05:01:57.726 I/wm_task_moved( 1504): [1,1,6]
03-25 05:01:57.726 I/wm_task_moved( 1504): [11,1,2147483647]
03-25 05:01:57.726 I/wm_task_to_front( 1504): [0,11]
03-25 05:01:57.726 I/wm_focused_root_task( 1504): [0,0,1,26,finish-top adjustFocusToNextFocusableTask]
03-25 05:01:57.727 I/wm_set_resumed_activity( 1504): [0,com.android.launcher3/.uioverrides.QuickstepLauncher,finish-top adjustFocusToNextFocusableTask]
03-25 05:01:57.729 I/wm_pause_activity( 1504): [0,90534041,com.thundercomm.screensaver/android.service.dreams.DreamActivity,userLeaving=false,finish]
03-25 05:01:57.734 I/DreamManagerService( 1504): Gently waking up from dream.
03-25 05:01:57.734 I/sysui_multi_action( 1504): [757,803,799,window_time_0,802,63]
03-25 05:01:57.735 I/DreamManagerService( 1504): Performing gentle wake from dream.
03-25 05:01:57.735 I/wm_on_top_resumed_lost_called( 4535): [90534041,android.service.dreams.DreamActivity,topStateChangedWhenResumed]
03-25 05:01:57.736 I/wm_on_paused_called( 4535): [90534041,android.service.dreams.DreamActivity,performPause]
03-25 05:01:57.736 I/wm_add_to_stopping( 1504): [0,90534041,com.thundercomm.screensaver/android.service.dreams.DreamActivity,completeFinishing]
03-25 05:01:57.737 I/ActivityTaskManager( 1504): FOREGROUND_APPLICATION_CHANGED to com.android.launcher3.uioverrides.QuickstepLauncher
03-25 05:01:57.739 I/wm_set_resumed_activity( 1504): [0,com.android.launcher3/.uioverrides.QuickstepLauncher,resumeTopActivityInnerLocked]
03-25 05:01:57.740 I/wm_resume_activity( 1504): [0,31052584,11,com.android.launcher3/.uioverrides.QuickstepLauncher]
03-25 05:01:57.755 I/sysui_multi_action( 1504): [757,803,799,window_time_0,802,0]
03-25 05:01:57.757 I/wm_on_restart_called( 2845): [31052584,com.android.launcher3.uioverrides.QuickstepLauncher,performRestartActivity]
03-25 05:01:57.757 I/wm_on_start_called( 2845): [31052584,com.android.launcher3.uioverrides.QuickstepLauncher,handleStartActivity]
03-25 05:01:57.757 I/wm_on_resume_called( 2845): [31052584,com.android.launcher3.uioverrides.QuickstepLauncher,RESUME_ACTIVITY]
03-25 05:01:57.757 I/wm_on_top_resumed_gained_called( 2845): [31052584,com.android.launcher3.uioverrides.QuickstepLauncher,topWhenResuming]
03-25 05:01:57.760 I/view_enqueue_input_event( 4535): [Motion - Cancel,com.thundercomm.screensaver/android.service.dreams.DreamActivity]
03-25 05:01:57.760 I/input_focus( 1504): [Focus leaving 75b99d1 com.thundercomm.screensaver/android.service.dreams.DreamActivity (server),reason=NO_WINDOW]
03-25 05:01:57.768 I/input_focus( 1504): [Focus request d5729f7 com.android.launcher3/com.android.launcher3.uioverrides.QuickstepLauncher,reason=UpdateInputWindows]
03-25 05:01:57.770 I/input_interaction( 1504): Interaction with: edge-swipe (server), swipe-up (server), PointerEventDispatcher0 (server),
03-25 05:01:57.782 I/input_focus( 1504): [Focus entering d5729f7 com.android.launcher3/com.android.launcher3.uioverrides.QuickstepLauncher (server),reason=setFocusedWindow]
03-25 05:01:57.788 I/PowerManagerService( 1504): Powering on display group fromDreaming (groupId=0, uid=1000, reason=WAKE_REASON_UNKNOWN, details=android.server.power:DREAM_FINISHED)...
03-25 05:01:57.788 I/PowerManagerService( 1504): Waking up from Dreaming (uid=1000, reason=WAKE_REASON_UNKNOWN, details=android.server.power:DREAM_FINISHED)...
03-25 05:01:57.841 W/FreeFormWindowHelper( 1504): Current Display FreeFormTask is null
03-25 05:01:58.018 I/wm_destroy_activity( 1504): [0,90534041,26,com.thundercomm.screensaver/android.service.dreams.DreamActivity,finish-imm:idle]
03-25 05:01:58.038 I/wm_on_stop_called( 4535): [90534041,android.service.dreams.DreamActivity,LIFECYCLER_STOP_ACTIVITY]
03-25 05:01:58.039 I/wm_on_destroy_called( 4535): [90534041,android.service.dreams.DreamActivity,performDestroy]
03-25 05:01:58.040 I/DreamManagerService( 1504): Leaving dreamland.
03-25 05:01:58.041 I/DreamManagerService( 1504): Performing gentle wake from dream.
03-25 05:01:58.041 I/DreamController( 1504): Stopping dream: name=ComponentInfo{com.thundercomm.screensaver/com.thundercomm.screensaver.service.SystemDream}, isTest=false, canDoze=false, userId=0, reason='finished self'(from 'finished self')
03-25 05:01:58.041 I/sysui_multi_action( 1504): [757,222,758,2]
03-25 05:01:58.041 I/sysui_multi_action( 1504): [757,804,799,dreaming_minutes,801,1,802,1]
03-25 05:01:58.050 I/wm_task_removed( 1504): [26,removeChild:removeChild last r=ActivityRecord{5657099 u0 com.thundercomm.screensaver/android.service.dreams.DreamActivity t-1 f}} in t=Task{daf020d #26 type=dream A=10045:android:com.thundercomm.screensaver/dream U=0 visible=false mode=fullscreen translucent=true sz=0}]
03-25 05:01:58.050 I/wm_task_removed( 1504): [26,removeChild]
03-25 05:01:58.051 W/ActivityTaskManager( 1504): Can't find TaskDisplayArea to determine support for multi window. Task id=26 attached=false
03-25 05:02:30.013 I/netstats_mobile_sample( 1504): [0,0,0,0,0,0,0,0,0,0,0,0,1679749350013]
03-25 05:02:30.013 I/netstats_wifi_sample( 1504): [0,0,0,0,0,0,0,0,0,0,0,0,1679749350013]
01-03 10:27:00.301 I/[schedu][0x8b7d52ee2][05:02:30.059477] wlan( 0): [2145:I:OSIF] scan start scan id 40971
01-03 10:27:01.473 I/[schedu][0x8b92cb266][05:02:31.232004] wlan( 0): [2145:I:OSIF] vdev 0, scan id 40971 type COMPLETED(1) reason COMPLETED(1) scan found 74 bss
03-25 05:02:31.250 I/liblog ( 1335): 9
03-25 05:02:44.299 I/input_interaction( 1504): Interaction with: d5729f7 com.android.launcher3/com.android.launcher3.uioverrides.QuickstepLauncher (server), 18880e3 com.android.systemui.ImageWallpaper (server), edge-swipe (server), swipe-up (server), PointerEventDispatcher0 (server),
03-25 05:02:44.451 I/thunderperf( 1504): PlatormCompat.setOverrides: Uid1=10075 Pid1=2845 Uid2=10075 Pid2=2845
03-25 05:02:44.451 I/thunderperf( 1504): PlatormCompat.setOverrides: needCheck:false
03-25 05:02:44.451 I/thunderperf( 1504): CompatConfig.addOverrideUnsafe: bef-state=1
03-25 05:02:44.452 E/thunderperf( 1504): CompatConfig.addOverrideUnsafe: exception:java.lang.SecurityException: Cannot override a change on a non-debuggable app and user build.
03-25 05:02:44.452 I/thunderperf( 1504): CompatConfig.addOverrideUnsafe: aft-state=1
03-25 05:02:44.453 I/thunderperf( 1504): CompatConfig.addOverrideUnsafe: bef-state=1
03-25 05:02:44.453 E/thunderperf( 1504): CompatConfig.addOverrideUnsafe: exception:java.lang.SecurityException: Cannot override a change on a non-debuggable app and user build.
03-25 05:02:44.453 I/thunderperf( 1504): CompatConfig.addOverrideUnsafe: aft-state=1
03-25 05:02:44.454 I/thunderperf( 1504): CompatConfig.addOverrideUnsafe: bef-state=1
03-25 05:02:44.454 E/thunderperf( 1504): CompatConfig.addOverrideUnsafe: exception:java.lang.SecurityException: Cannot override a change on a non-debuggable app and user build.
03-25 05:02:44.455 I/thunderperf( 1504): CompatConfig.addOverrideUnsafe: aft-state=1
03-25 05:02:44.455 I/thunderperf( 1504): CompatConfig.addOverrideUnsafe: bef-state=1
03-25 05:02:44.456 E/thunderperf( 1504): CompatConfig.addOverrideUnsafe: exception:java.lang.SecurityException: Cannot override a change on a non-debuggable app and user build.
03-25 05:02:44.456 I/thunderperf( 1504): CompatConfig.addOverrideUnsafe: aft-state=1
03-25 05:02:44.457 I/thunderperf( 1504): CompatConfig.addOverrideUnsafe: bef-state=1
03-25 05:02:44.457 E/thunderperf( 1504): CompatConfig.addOverrideUnsafe: exception:java.lang.SecurityException: Cannot override a change on a non-debuggable app and user build.
03-25 05:02:44.457 I/thunderperf( 1504): CompatConfig.addOverrideUnsafe: aft-state=1
03-25 05:02:44.458 I/thunderperf( 1504): CompatConfig.addOverrideUnsafe: bef-state=1
03-25 05:02:44.458 E/thunderperf( 1504): CompatConfig.addOverrideUnsafe: exception:java.lang.SecurityException: Cannot override a change on a non-debuggable app and user build.
03-25 05:02:44.458 I/thunderperf( 1504): CompatConfig.addOverrideUnsafe: aft-state=1
03-25 05:02:44.459 I/thunderperf( 1504): CompatConfig.addOverrideUnsafe: bef-state=1
03-25 05:02:44.459 E/thunderperf( 1504): CompatConfig.addOverrideUnsafe: exception:java.lang.SecurityException: Cannot override a change on a non-debuggable app and user build.
03-25 05:02:44.460 I/thunderperf( 1504): CompatConfig.addOverrideUnsafe: aft-state=1
03-25 05:02:44.460 I/thunderperf( 1504): CompatConfig.addOverrideUnsafe: bef-state=1
03-25 05:02:44.461 E/thunderperf( 1504): CompatConfig.addOverrideUnsafe: exception:java.lang.SecurityException: Cannot override a change on a non-debuggable app and user build.
03-25 05:02:44.461 I/thunderperf( 1504): CompatConfig.addOverrideUnsafe: aft-state=1
03-25 05:02:44.462 I/thunderperf( 1504): CompatConfig.addOverrideUnsafe: bef-state=1
03-25 05:02:44.462 E/thunderperf( 1504): CompatConfig.addOverrideUnsafe: exception:java.lang.SecurityException: Cannot override a change on a non-debuggable app and user build.
03-25 05:02:44.462 I/thunderperf( 1504): CompatConfig.addOverrideUnsafe: aft-state=1
03-25 05:02:44.463 I/thunderperf( 1504): CompatConfig.addOverrideUnsafe: bef-state=1
03-25 05:02:44.463 E/thunderperf( 1504): CompatConfig.addOverrideUnsafe: exception:java.lang.SecurityException: Cannot override a change on a non-debuggable app and user build.
03-25 05:02:44.463 I/thunderperf( 1504): CompatConfig.addOverrideUnsafe: aft-state=1
03-25 05:02:44.464 I/thunderperf( 1504): CompatConfig.addOverrideUnsafe: bef-state=1
03-25 05:02:44.464 E/thunderperf( 1504): CompatConfig.addOverrideUnsafe: exception:java.lang.SecurityException: Cannot override a change on a non-debuggable app and user build.
03-25 05:02:44.464 I/thunderperf( 1504): CompatConfig.addOverrideUnsafe: aft-state=1
03-25 05:02:44.465 I/thunderperf( 1504): CompatConfig.addOverrideUnsafe: bef-state=1
03-25 05:02:44.465 E/thunderperf( 1504): CompatConfig.addOverrideUnsafe: exception:java.lang.SecurityException: Cannot override a change on a non-debuggable app and user build.
03-25 05:02:44.465 I/thunderperf( 1504): CompatConfig.addOverrideUnsafe: aft-state=1
03-25 05:02:44.465 I/thunderperf( 1504): CompatConfig.addOverrideUnsafe: bef-state=1
03-25 05:02:44.466 E/thunderperf( 1504): CompatConfig.addOverrideUnsafe: exception:java.lang.SecurityException: Cannot override a change on a non-debuggable app and user build.
03-25 05:02:44.466 I/thunderperf( 1504): CompatConfig.addOverrideUnsafe: aft-state=1
03-25 05:02:44.466 I/thunderperf( 1504): CompatConfig.addOverrideUnsafe: bef-state=1
03-25 05:02:44.466 E/thunderperf( 1504): CompatConfig.addOverrideUnsafe: exception:java.lang.SecurityException: Cannot override a change on a non-debuggable app and user build.
03-25 05:02:44.467 I/thunderperf( 1504): CompatConfig.addOverrideUnsafe: aft-state=1
03-25 05:02:44.471 I/ActivityTaskManager( 1504): START u0 {act=android.intent.action.MAIN cat=[android.intent.category.LAUNCHER] flg=0x10200000 cmp=com.android.settings/.Settings bnds=[2128,710][2314,910]} from uid 10075
03-25 05:02:44.473 I/wm_task_moved( 1504): [12,1,6]
03-25 05:02:44.473 I/wm_task_to_front( 1504): [0,12]
03-25 05:02:44.474 I/wm_focused_root_task( 1504): [0,0,12,1,bringingFoundTaskToFront]
03-25 05:02:44.474 I/wm_set_resumed_activity( 1504): [0,com.android.settings/.Settings,bringingFoundTaskToFront]
03-25 05:02:44.474 I/wm_new_intent( 1504): [0,21001422,12,com.android.settings/.Settings,android.intent.action.MAIN,NULL,NULL,270532608]
03-25 05:02:44.477 I/wm_pause_activity( 1504): [0,31052584,com.android.launcher3/.uioverrides.QuickstepLauncher,userLeaving=true,pauseBackTasks]
03-25 05:02:44.483 W/FreeFormWindowHelper( 1504): Current Display FreeFormTask is null
03-25 05:02:44.485 I/wm_on_top_resumed_lost_called( 2845): [31052584,com.android.launcher3.uioverrides.QuickstepLauncher,topStateChangedWhenResumed]
03-25 05:02:44.490 I/wm_on_paused_called( 2845): [31052584,com.android.launcher3.uioverrides.QuickstepLauncher,performPause]
03-25 05:02:44.491 I/ActivityTaskManager( 1504): FOREGROUND_APPLICATION_CHANGED to com.android.settings.homepage.SettingsHomepageActivity
03-25 05:02:44.493 I/wm_set_resumed_activity( 1504): [0,com.android.settings/.Settings,resumeTopActivityInnerLocked]
03-25 05:02:44.494 I/wm_add_to_stopping( 1504): [0,31052584,com.android.launcher3/.uioverrides.QuickstepLauncher,makeInvisible]
03-25 05:02:44.497 I/wm_resume_activity( 1504): [0,21001422,12,com.android.settings/.Settings]
03-25 05:02:44.505 I/sysui_multi_action( 1504): [757,803,799,window_time_0,802,47]
03-25 05:02:44.511 I/wm_on_restart_called( 2955): [21001422,com.android.settings.Settings,performRestartActivity]
03-25 05:02:44.511 I/input_focus( 1504): [Focus leaving d5729f7 com.android.launcher3/com.android.launcher3.uioverrides.QuickstepLauncher (server),reason=NO_WINDOW]
03-25 05:02:44.513 I/wm_on_start_called( 2955): [21001422,com.android.settings.Settings,handleStartActivity]
03-25 05:02:44.514 I/snet_event_log( 2955): [120484087,-1,]
03-25 05:02:44.515 I/wm_on_resume_called( 2955): [21001422,com.android.settings.Settings,RESUME_ACTIVITY]
03-25 05:02:44.515 I/sysui_multi_action( 2955): [757,35,758,1,833,0,1089,0]
03-25 05:02:44.517 I/sysui_multi_action( 2955): [757,744,758,1,833,0,1089,0]
03-25 05:02:44.520 I/wm_on_top_resumed_gained_called( 2955): [21001422,com.android.settings.Settings,topWhenResuming]
03-25 05:02:44.531 I/input_focus( 1504): [Focus request dc89173 com.android.settings/com.android.settings.Settings,reason=UpdateInputWindows]
03-25 05:02:44.547 I/sysui_multi_action( 1504): [319,32,321,31,322,72,325,1962,757,761,758,9,759,4,806,com.android.settings,871,com.android.settings.Settings,904,com.android.launcher3,905,0,1320,4,1321,1]
03-25 05:02:44.561 I/input_focus( 1504): [Focus entering dc89173 com.android.settings/com.android.settings.Settings (server),reason=Window became focusable. Previous reason: NOT_VISIBLE]
03-25 05:02:44.600 W/FreeFormWindowHelper( 1504): Current Display FreeFormTask is null
03-25 05:02:45.050 I/wm_stop_activity( 1504): [0,31052584,com.android.launcher3/.uioverrides.QuickstepLauncher]
03-25 05:02:45.070 I/wm_on_stop_called( 2845): [31052584,com.android.launcher3.uioverrides.QuickstepLauncher,STOP_ACTIVITY_ITEM]
03-25 05:02:46.014 I/input_interaction( 1504): Interaction with: dc89173 com.android.settings/com.android.settings.Settings (server), edge-swipe (server), swipe-up (server), PointerEventDispatcher0 (server),
03-25 05:02:47.500 E/TaskPersister( 1504): File error accessing recents directory (directory doesn't exist?).
03-25 05:02:47.923 W/FreeFormWindowHelper( 1504): Current Display FreeFormTask is null
03-25 05:02:47.923 I/wm_task_moved( 1504): [1,0,0]
03-25 05:02:47.923 I/wm_task_moved( 1504): [1,0,5]
03-25 05:02:47.927 W/FreeFormWindowHelper( 1504): Current Display FreeFormTask is null
03-25 05:02:47.932 I/view_enqueue_input_event( 2955): [Motion - Cancel,com.android.settings/com.android.settings.Settings]
03-25 05:02:47.936 I/wm_on_restart_called( 2845): [31052584,com.android.launcher3.uioverrides.QuickstepLauncher,performRestartActivity]
03-25 05:02:47.936 W/FreeFormWindowHelper( 1504): Current Display FreeFormTask is null
03-25 05:02:47.937 W/FreeFormWindowHelper( 1504): Current Display FreeFormTask is null
03-25 05:02:47.943 I/input_interaction( 1504): Interaction with: edge-swipe (server), swipe-up (server), PointerEventDispatcher0 (server),
03-25 05:02:47.957 I/wm_on_start_called( 2845): [31052584,com.android.launcher3.uioverrides.QuickstepLauncher,handleStartActivity]
03-25 05:02:47.957 W/FreeFormWindowHelper( 1504): Current Display FreeFormTask is null
03-25 05:02:47.957 W/ActivityTaskManager( 1504): getTaskSnapshot: taskId=192 not found
03-25 05:02:47.958 W/FreeFormWindowHelper( 1504): Current Display FreeFormTask is null
03-25 05:02:47.960 W/ActivityTaskManager( 1504): getTaskSnapshot: taskId=222 not found
03-25 05:02:47.960 I/input_focus( 1504): [Focus request recents_animation_input_consumer,reason=UpdateInputWindows]
03-25 05:02:47.963 W/ActivityTaskManager( 1504): getTaskSnapshot: taskId=222 not found
03-25 05:02:47.963 W/ActivityTaskManager( 1504): getTaskSnapshot: taskId=223 not found
03-25 05:02:47.964 W/ActivityTaskManager( 1504): getTaskSnapshot: taskId=223 not found
03-25 05:02:47.964 W/ActivityTaskManager( 1504): getTaskSnapshot: taskId=223 not found
03-25 05:02:47.964 W/FreeFormWindowHelper( 1504): Current Display FreeFormTask is null
03-25 05:02:47.964 W/FreeFormWindowHelper( 1504): Current Display FreeFormTask is null
03-25 05:02:47.966 I/sysui_latency( 2845): [1,63]
03-25 05:02:47.969 I/input_focus( 1504): [Focus leaving dc89173 com.android.settings/com.android.settings.Settings (server),reason=NOT_FOCUSABLE]
03-25 05:02:47.969 I/input_focus( 1504): [Focus entering recents_animation_input_consumer (server),reason=setFocusedWindow]
03-25 05:02:47.972 W/FreeFormWindowHelper( 1504): Current Display FreeFormTask is null
03-25 05:02:47.972 W/FreeFormWindowHelper( 1504): Current Display FreeFormTask is null
03-25 05:02:47.980 I/sysui_multi_action( 1504): [319,10,322,48,325,1965,757,761,758,9,759,5,806,com.android.launcher3,871,com.android.launcher3.uioverrides.QuickstepLauncher,905,0,1320,4,1321,1]
03-25 05:02:48.080 W/FreeFormWindowHelper( 1504): exitRecentTasks type=0
03-25 05:02:48.086 W/FreeFormWindowHelper( 1504): Current Display FreeFormTask is null
03-25 05:02:48.086 W/FreeFormWindowHelper( 1504): Current Display FreeFormTask is null
03-25 05:02:48.159 I/commit_sys_config_file( 1504): [settings-1-0,4]
03-25 05:02:48.274 I/sysui_latency( 1504): [8,63]
03-25 05:02:48.739 W/FreeFormWindowHelper( 1504): Current Display FreeFormTask is null
03-25 05:02:48.739 W/FreeFormWindowHelper( 1504): Current Display FreeFormTask is null
03-25 05:02:48.742 I/wm_task_moved( 1504): [1,1,6]
03-25 05:02:48.742 I/wm_task_moved( 1504): [11,1,2147483647]
03-25 05:02:48.742 I/wm_task_to_front( 1504): [0,11]
03-25 05:02:48.742 I/wm_focused_root_task( 1504): [0,0,1,12,RecentsAnimation.onAnimationFinished()]
03-25 05:02:48.742 I/wm_on_top_resumed_lost_called( 2955): [21001422,com.android.settings.Settings,topStateChangedWhenResumed]
03-25 05:02:48.742 I/wm_set_resumed_activity( 1504): [0,com.android.launcher3/.uioverrides.QuickstepLauncher,RecentsAnimation.onAnimationFinished()]
03-25 05:02:48.743 I/wm_pause_activity( 1504): [0,21001422,com.android.settings/.Settings,userLeaving=true,pauseBackTasks]
03-25 05:02:48.744 I/wm_add_to_stopping( 1504): [0,21001422,com.android.settings/.Settings,makeInvisible]
03-25 05:02:48.744 I/ActivityTaskManager( 1504): FOREGROUND_APPLICATION_CHANGED to com.android.launcher3.uioverrides.QuickstepLauncher
03-25 05:02:48.745 I/wm_set_resumed_activity( 1504): [0,com.android.launcher3/.uioverrides.QuickstepLauncher,resumeTopActivityInnerLocked]
03-25 05:02:48.747 I/wm_resume_activity( 1504): [0,31052584,11,com.android.launcher3/.uioverrides.QuickstepLauncher]
03-25 05:02:48.748 I/wm_on_resume_called( 2845): [31052584,com.android.launcher3.uioverrides.QuickstepLauncher,RESUME_ACTIVITY]
03-25 05:02:48.752 I/input_focus( 1504): [Focus request d5729f7 com.android.launcher3/com.android.launcher3.uioverrides.QuickstepLauncher,reason=UpdateInputWindows]
03-25 05:02:48.754 I/wm_on_top_resumed_gained_called( 2845): [31052584,com.android.launcher3.uioverrides.QuickstepLauncher,topStateChangedWhenResumed]
03-25 05:02:48.755 I/input_focus( 1504): [Focus leaving recents_animation_input_consumer (server),reason=NOT_VISIBLE]
03-25 05:02:48.755 I/sysui_multi_action( 2955): [757,35,758,2,1089,4239]
03-25 05:02:48.756 I/sysui_multi_action( 2955): [757,744,758,2,1089,4238]
03-25 05:02:48.756 I/wm_on_paused_called( 2955): [21001422,com.android.settings.Settings,performPause]
03-25 05:02:48.763 I/wm_stop_activity( 1504): [0,21001422,com.android.settings/.Settings]
03-25 05:02:48.766 I/sysui_multi_action( 1504): [757,803,799,window_time_0,802,4]
03-25 05:02:48.768 I/sysui_multi_action( 1504): [757,803,799,window_time_0,802,0]
03-25 05:02:48.773 I/input_focus( 1504): [Focus entering d5729f7 com.android.launcher3/com.android.launcher3.uioverrides.QuickstepLauncher (server),reason=setFocusedWindow]
03-25 05:02:48.788 I/wm_on_stop_called( 2955): [21001422,com.android.settings.Settings,STOP_ACTIVITY_ITEM]
03-25 05:02:48.855 W/FreeFormWindowHelper( 1504): Current Display FreeFormTask is null
03-25 05:02:57.387 I/auditd ( 472): type=1400 audit(0.0:651): avc: denied { kill } for comm="kworker/u16:17" capability=5 scontext=u:r:kernel:s0 tcontext=u:r:kernel:s0 tclass=capability permissive=0
03-25 05:02:57.387 I/auditd ( 472): type=1400 audit(0.0:652): avc: denied { kill } for comm="kworker/u16:17" capability=5 scontext=u:r:kernel:s0 tcontext=u:r:kernel:s0 tclass=capability permissive=0
03-25 05:02:58.049 I/am_uid_idle( 1504): 10045
01-03 10:27:49.451 I/binder ( 0): 6129:6131 ioctl 40046210 72e4e7d924 returned -22
03-25 05:03:19.211 I/auditd ( 1504): type=1400 audit(0.0:653): avc: denied { getopt } for comm="Binder:1504_D" scontext=u:r:system_server:s0 tcontext=u:r:shell:s0 tclass=unix_stream_socket permissive=0
03-25 05:03:19.211 I/auditd ( 1504): type=1400 audit(0.0:654): avc: denied { getopt } for comm="Binder:1504_D" scontext=u:r:system_server:s0 tcontext=u:r:shell:s0 tclass=unix_stream_socket permissive=0
03-25 05:03:19.211 I/auditd ( 1504): type=1400 audit(0.0:655): avc: denied { getopt } for comm="Binder:1504_D" scontext=u:r:system_server:s0 tcontext=u:r:shell:s0 tclass=unix_stream_socket permissive=0
03-25 05:03:19.237 I/commit_sys_config_file( 1504): [package-session,1975846]
03-25 05:03:19.238 I/commit_sys_config_file( 1504): [package-session,1975847]
03-25 05:03:25.306 I/storage_state( 1504): [41217664-9172-527a-b3d5-edabb50a7d69,0,0,115933032448,118610538496]
03-25 05:03:27.947 I/auditd ( 1504): type=1400 audit(0.0:656): avc: denied { getopt } for comm="Binder:1504_D" scontext=u:r:system_server:s0 tcontext=u:r:shell:s0 tclass=unix_stream_socket permissive=0
03-25 05:03:27.957 I/commit_sys_config_file( 1504): [package-session,1984566]
03-25 05:03:29.074 W/PackageParsing( 1504): Ignoring duplicate uses-permissions/uses-permissions-sdk-m: com.android.launcher2.permission.READ_SETTINGS in package: com.tencent.mobileqq at: Binary XML file line #109
03-25 05:03:29.075 W/PackageParsing( 1504): Ignoring duplicate uses-permissions/uses-permissions-sdk-m: android.permission.WRITE_CONTACTS in package: com.tencent.mobileqq at: Binary XML file line #157
03-25 05:03:29.076 W/PackageParsing( 1504): Ignoring duplicate uses-permissions/uses-permissions-sdk-m: com.tencent.msf.permission.account.sync in package: com.tencent.mobileqq at: Binary XML file line #217
03-25 05:03:29.076 W/PackageParsing( 1504): Ignoring duplicate uses-permissions/uses-permissions-sdk-m: android.permission.CHANGE_WIFI_STATE in package: com.tencent.mobileqq at: Binary XML file line #223
03-25 05:03:29.076 W/PackageParsing( 1504): Ignoring duplicate uses-permissions/uses-permissions-sdk-m: android.permission.INTERNET in package: com.tencent.mobileqq at: Binary XML file line #225
03-25 05:03:29.076 W/PackageParsing( 1504): Ignoring duplicate uses-permissions/uses-permissions-sdk-m: android.permission.ACCESS_WIFI_STATE in package: com.tencent.mobileqq at: Binary XML file line #227
03-25 05:03:29.076 W/PackageParsing( 1504): Ignoring duplicate uses-permissions/uses-permissions-sdk-m: android.permission.ACCESS_NETWORK_STATE in package: com.tencent.mobileqq at: Binary XML file line #229
03-25 05:03:29.077 W/PackageParsing( 1504): Ignoring duplicate uses-permissions/uses-permissions-sdk-m: android.permission.CAMERA in package: com.tencent.mobileqq at: Binary XML file line #237
03-25 05:03:29.077 W/PackageParsing( 1504): Ignoring duplicate uses-permissions/uses-permissions-sdk-m: android.permission.WAKE_LOCK in package: com.tencent.mobileqq at: Binary XML file line #239
03-25 05:03:29.077 W/PackageParsing( 1504): Ignoring duplicate uses-permissions/uses-permissions-sdk-m: com.android.launcher.permission.INSTALL_SHORTCUT in package: com.tencent.mobileqq at: Binary XML file line #241
03-25 05:03:29.077 W/PackageParsing( 1504): Ignoring duplicate uses-permissions/uses-permissions-sdk-m: android.permission.RECEIVE_BOOT_COMPLETED in package: com.tencent.mobileqq at: Binary XML file line #243
03-25 05:03:29.077 W/PackageParsing( 1504): Ignoring duplicate uses-permissions/uses-permissions-sdk-m: com.tencent.msf.permission.account.sync in package: com.tencent.mobileqq at: Binary XML file line #247
03-25 05:03:29.078 W/PackageParsing( 1504): Ignoring duplicate uses-permissions/uses-permissions-sdk-m: android.permission.BROADCAST_STICKY in package: com.tencent.mobileqq at: Binary XML file line #295
03-25 05:03:29.088 W/PackageParsing( 1504): No actions in intent-filter at /data/app/vmdl2016890640.tmp/base.apk Binary XML file line #1375
03-25 05:03:29.114 W/RuleEvaluation( 1504): Integrity rule files are not available.
03-25 05:03:29.115 I/PackageManager( 1504): Integrity check passed for file:///data/app/vmdl2016890640.tmp
03-25 05:03:29.180 W/PackageParsing( 1504): Ignoring duplicate uses-permissions/uses-permissions-sdk-m: com.android.launcher2.permission.READ_SETTINGS in package: com.tencent.mobileqq at: Binary XML file line #109
03-25 05:03:29.181 W/PackageParsing( 1504): Ignoring duplicate uses-permissions/uses-permissions-sdk-m: android.permission.WRITE_CONTACTS in package: com.tencent.mobileqq at: Binary XML file line #157
03-25 05:03:29.182 W/PackageParsing( 1504): Ignoring duplicate uses-permissions/uses-permissions-sdk-m: com.tencent.msf.permission.account.sync in package: com.tencent.mobileqq at: Binary XML file line #217
03-25 05:03:29.182 W/PackageParsing( 1504): Ignoring duplicate uses-permissions/uses-permissions-sdk-m: android.permission.CHANGE_WIFI_STATE in package: com.tencent.mobileqq at: Binary XML file line #223
03-25 05:03:29.182 W/PackageParsing( 1504): Ignoring duplicate uses-permissions/uses-permissions-sdk-m: android.permission.INTERNET in package: com.tencent.mobileqq at: Binary XML file line #225
03-25 05:03:29.182 W/PackageParsing( 1504): Ignoring duplicate uses-permissions/uses-permissions-sdk-m: android.permission.ACCESS_WIFI_STATE in package: com.tencent.mobileqq at: Binary XML file line #227
03-25 05:03:29.182 W/PackageParsing( 1504): Ignoring duplicate uses-permissions/uses-permissions-sdk-m: android.permission.ACCESS_NETWORK_STATE in package: com.tencent.mobileqq at: Binary XML file line #229
03-25 05:03:29.182 W/PackageParsing( 1504): Ignoring duplicate uses-permissions/uses-permissions-sdk-m: android.permission.CAMERA in package: com.tencent.mobileqq at: Binary XML file line #237
03-25 05:03:29.182 W/PackageParsing( 1504): Ignoring duplicate uses-permissions/uses-permissions-sdk-m: android.permission.WAKE_LOCK in package: com.tencent.mobileqq at: Binary XML file line #239
03-25 05:03:29.182 W/PackageParsing( 1504): Ignoring duplicate uses-permissions/uses-permissions-sdk-m: com.android.launcher.permission.INSTALL_SHORTCUT in package: com.tencent.mobileqq at: Binary XML file line #241
03-25 05:03:29.182 W/PackageParsing( 1504): Ignoring duplicate uses-permissions/uses-permissions-sdk-m: android.permission.RECEIVE_BOOT_COMPLETED in package: com.tencent.mobileqq at: Binary XML file line #243
03-25 05:03:29.182 W/PackageParsing( 1504): Ignoring duplicate uses-permissions/uses-permissions-sdk-m: com.tencent.msf.permission.account.sync in package: com.tencent.mobileqq at: Binary XML file line #247
03-25 05:03:29.183 W/PackageParsing( 1504): Ignoring duplicate uses-permissions/uses-permissions-sdk-m: android.permission.BROADCAST_STICKY in package: com.tencent.mobileqq at: Binary XML file line #295
03-25 05:03:29.190 W/PackageParsing( 1504): No actions in intent-filter at /data/app/vmdl2016890640.tmp/base.apk Binary XML file line #1375
03-25 05:03:29.275 D/CompatibilityChangeReporter( 1504): Compat change id reported: 133396946; UID -1; state: DISABLED
03-25 05:03:29.279 W/PackageManager( 1504): Skipping provider name com.tencent.mobileqq.fileprovider (in package com.tencent.mobileqq): name already used by com.tencent.mobileqq
03-25 05:03:29.279 W/PackageManager( 1504): Skipping provider name com.tencent.mobileqq.external.fileprovider (in package com.tencent.mobileqq): name already used by com.tencent.mobileqq
03-25 05:03:29.281 I/PackageManager( 1504): Permission ownership changed. Updating all permissions.
03-25 05:03:29.334 I/commit_sys_config_file( 1504): [package-user-0,1]
03-25 05:03:29.334 I/commit_sys_config_file( 1504): [package,41]
01-03 10:27:59.574 I/logd ( 0): start watching /data/system/packages.list ...
01-03 10:27:59.576 I/logd ( 0): ReadPackageList, total packages: 101
03-25 05:03:29.392 V/StorageManagerService( 1504): Package null has legacy storage
03-25 05:03:38.051 V/BackupManagerService( 1504): [UserID:0] restoreAtInstall pkg=com.tencent.mobileqq token=1 restoreSet=0
03-25 05:03:38.052 V/BackupManagerService( 1504): [UserID:0] Finishing install immediately
03-25 05:03:38.051 I/auditd ( 1504): type=1400 audit(0.0:657): avc: denied { getopt } for comm="Binder:1504_D" scontext=u:r:system_server:s0 tcontext=u:r:shell:s0 tclass=unix_stream_socket permissive=0
03-25 05:03:38.051 I/auditd ( 1504): type=1400 audit(0.0:658): avc: denied { getopt } for comm="Binder:1504_D" scontext=u:r:system_server:s0 tcontext=u:r:shell:s0 tclass=unix_stream_socket permissive=0
03-25 05:03:38.051 I/auditd ( 1504): type=1400 audit(0.0:659): avc: denied { getopt } for comm="Binder:1504_D" scontext=u:r:system_server:s0 tcontext=u:r:shell:s0 tclass=unix_stream_socket permissive=0
03-25 05:03:38.053 I/unknown_sources_enabled( 1504): 1
03-25 05:03:38.054 I/am_uid_running( 1504): 10090
03-25 05:03:38.055 D/CompatibilityChangeReporter( 1504): Compat change id reported: 135634846; UID 10090; state: DISABLED
03-25 05:03:38.055 D/CompatibilityChangeReporter( 1504): Compat change id reported: 177438394; UID 10090; state: DISABLED
03-25 05:03:38.055 D/CompatibilityChangeReporter( 1504): Compat change id reported: 135772972; UID 10090; state: DISABLED
03-25 05:03:38.055 D/CompatibilityChangeReporter( 1504): Compat change id reported: 135754954; UID 10090; state: DISABLED
03-25 05:03:38.056 D/CompatibilityChangeReporter( 1504): Compat change id reported: 143937733; UID 10090; state: DISABLED
03-25 05:03:38.058 D/CompatibilityChangeReporter( 1504): Compat change id reported: 168419799; UID 10093; state: DISABLED
03-25 05:03:38.062 D/VcnManagementService( 1504): new snapshot: TelephonySubscriptionSnapshot{ mActiveDataSubId=-1, mSubIdToInfoMap={}, mPrivilegedPackages={} }
03-25 05:03:38.066 I/notification_cancel_all( 1504): [1000,1504,com.tencent.mobileqq,0,0,0,5,NULL]
03-25 05:03:38.067 I/Telecom ( 1504): DefaultDialerCache: Refreshing default dialer for user 0: now null: DDC.oR@ACc
03-25 05:03:38.071 I/commit_sys_config_file( 1504): [package-session,1994679]
03-25 05:03:38.071 I/commit_sys_config_file( 1504): [overlays,2001494]
03-25 05:03:38.074 W/BroadcastQueue( 1504): Background execution not allowed: receiving Intent { act=android.intent.action.PACKAGE_ADDED dat=package:com.tencent.mobileqq flg=0x4000010 (has extras) } to com.android.packageinstaller/.PackageInstalledReceiver
03-25 05:03:38.075 W/BroadcastQueue( 1504): Background execution not allowed: receiving Intent { act=android.intent.action.PACKAGE_ADDED dat=package:com.tencent.mobileqq flg=0x4000010 (has extras) } to com.android.gallery3d/.app.PackagesMonitor
03-25 05:03:38.076 D/CompatibilityChangeReporter( 1504): Compat change id reported: 168419799; UID 10033; state: DISABLED
03-25 05:03:38.078 I/am_proc_start( 1504): [0,6151,10090,com.android.permissioncontroller,service,{com.android.permissioncontroller/com.android.permissioncontroller.permission.service.PermissionControllerServiceImpl}]
03-25 05:03:38.078 I/ActivityManager( 1504): Start proc 6151:com.android.permissioncontroller/u0a90 for service {com.android.permissioncontroller/com.android.permissioncontroller.permission.service.PermissionControllerServiceImpl}
03-25 05:03:38.085 D/CompanionDeviceManagerService( 1504): onPackageModified(packageName = com.tencent.mobileqq)
03-25 05:03:38.085 I/Telecom ( 1504): DefaultDialerCache: Refreshing default dialer for user 0: now null: DDC.oR@ACg
03-25 05:03:38.086 I/am_uid_running( 1504): 10063
03-25 05:03:38.087 D/CompatibilityChangeReporter( 1504): Compat change id reported: 135634846; UID 10063; state: DISABLED
03-25 05:03:38.087 D/CompatibilityChangeReporter( 1504): Compat change id reported: 177438394; UID 10063; state: DISABLED
03-25 05:03:38.087 D/CompatibilityChangeReporter( 1504): Compat change id reported: 135772972; UID 10063; state: DISABLED
03-25 05:03:38.087 D/CompatibilityChangeReporter( 1504): Compat change id reported: 135754954; UID 10063; state: DISABLED
03-25 05:03:38.087 D/CompatibilityChangeReporter( 1504): Compat change id reported: 143937733; UID 10063; state: DISABLED
01-03 10:28:08.328 I/binder ( 0): 6151:6151 ioctl 40046210 7fd5c529e4 returned -22
03-25 05:03:38.089 I/am_proc_bound( 1504): [0,6151,com.android.permissioncontroller]
03-25 05:03:38.093 I/am_uid_active( 1504): 10090
03-25 05:03:38.101 I/am_proc_start( 1504): [0,6166,10063,com.android.gallery3d,broadcast,{com.android.gallery3d/com.android.gallery3d.app.PackagesMonitor}]
03-25 05:03:38.101 I/ActivityManager( 1504): Start proc 6166:com.android.gallery3d/u0a63 for broadcast {com.android.gallery3d/com.android.gallery3d.app.PackagesMonitor}
01-03 10:28:08.362 I/binder ( 0): 6166:6166 ioctl 40046210 7fd5c529e4 returned -22
03-25 05:03:38.123 I/am_proc_bound( 1504): [0,6166,com.android.gallery3d]
03-25 05:03:38.124 D/CompatibilityChangeReporter( 1504): Compat change id reported: 168419799; UID 10063; state: DISABLED
03-25 05:03:38.135 W/PackageManager( 1504): Failed registering loading progress callback. Package is fully loaded.
03-25 05:03:38.135 W/VoiceInteractionManager( 1504): no available voice recognition services found for user 0
03-25 05:03:38.150 W/VoiceInteractionManager( 1504): no available voice recognition services found for user 0
03-25 05:03:41.017 V/DisplayPowerController[0]( 1504): Brightness [0.05] reason changing to: 'manual [ dim ]', previous reason: 'manual'.
03-25 05:03:41.017 I/sysui_multi_action( 1504): [757,1696,758,6,759,2]
03-25 05:03:41.017 W/PowerManagerService( 1504): Screen on took 103230 ms
03-25 05:03:41.025 E/DisplayDeviceConfig( 1504): requesting nits when no mapping exists.
03-25 05:03:41.026 E/DisplayDeviceConfig( 1504): requesting nits when no mapping exists.
03-25 05:03:41.026 I/am_wtf ( 1504): [0,1504,system_server,-1,DisplayDeviceConfig,requesting nits when no mapping exists.]
03-25 05:03:41.028 I/DropBoxManagerService( 1504): add tag=system_server_wtf isTagEnabled=true flags=0x2
03-25 05:03:41.030 I/am_wtf ( 1504): [0,1504,system_server,-1,DisplayDeviceConfig,requesting nits when no mapping exists.]
03-25 05:03:41.031 I/DropBoxManagerService( 1504): add tag=system_server_wtf isTagEnabled=true flags=0x2
03-25 05:03:41.041 E/DisplayDeviceConfig( 1504): requesting nits when no mapping exists.
03-25 05:03:41.042 E/DisplayDeviceConfig( 1504): requesting nits when no mapping exists.
03-25 05:03:41.042 I/am_wtf ( 1504): [0,1504,system_server,-1,DisplayDeviceConfig,requesting nits when no mapping exists.]
03-25 05:03:41.043 I/DropBoxManagerService( 1504): add tag=system_server_wtf isTagEnabled=true flags=0x2
03-25 05:03:41.043 I/am_wtf ( 1504): [0,1504,system_server,-1,DisplayDeviceConfig,requesting nits when no mapping exists.]
03-25 05:03:41.044 I/DropBoxManagerService( 1504): add tag=system_server_wtf isTagEnabled=true flags=0x2
03-25 05:03:41.058 E/DisplayDeviceConfig( 1504): requesting nits when no mapping exists.
03-25 05:03:41.058 E/DisplayDeviceConfig( 1504): requesting nits when no mapping exists.
03-25 05:03:41.059 I/am_wtf ( 1504): [0,1504,system_server,-1,DisplayDeviceConfig,requesting nits when no mapping exists.]
03-25 05:03:41.060 I/DropBoxManagerService( 1504): add tag=system_server_wtf isTagEnabled=true flags=0x2
03-25 05:03:41.061 I/am_wtf ( 1504): [0,1504,system_server,-1,DisplayDeviceConfig,requesting nits when no mapping exists.]
03-25 05:03:41.063 E/DisplayDeviceConfig( 1504): requesting nits when no mapping exists.
03-25 05:03:41.063 E/DisplayDeviceConfig( 1504): requesting nits when no mapping exists.
03-25 05:03:41.063 I/am_wtf ( 1504): [0,1504,system_server,-1,DisplayDeviceConfig,requesting nits when no mapping exists.]
03-25 05:03:41.064 I/am_wtf ( 1504): [0,1504,system_server,-1,DisplayDeviceConfig,requesting nits when no mapping exists.]
03-25 05:03:41.079 E/DisplayDeviceConfig( 1504): requesting nits when no mapping exists.
03-25 05:03:41.079 E/DisplayDeviceConfig( 1504): requesting nits when no mapping exists.
03-25 05:03:41.079 I/am_wtf ( 1504): [0,1504,system_server,-1,DisplayDeviceConfig,requesting nits when no mapping exists.]
03-25 05:03:41.080 I/am_wtf ( 1504): [0,1504,system_server,-1,DisplayDeviceConfig,requesting nits when no mapping exists.]
03-25 05:03:41.096 E/DisplayDeviceConfig( 1504): requesting nits when no mapping exists.
03-25 05:03:41.096 E/DisplayDeviceConfig( 1504): requesting nits when no mapping exists.
03-25 05:03:41.096 I/am_wtf ( 1504): [0,1504,system_server,-1,DisplayDeviceConfig,requesting nits when no mapping exists.]
03-25 05:03:41.097 I/am_wtf ( 1504): [0,1504,system_server,-1,DisplayDeviceConfig,requesting nits when no mapping exists.]
03-25 05:03:41.113 E/DisplayDeviceConfig( 1504): requesting nits when no mapping exists.
03-25 05:03:41.113 E/DisplayDeviceConfig( 1504): requesting nits when no mapping exists.
