03-25 09:25:41.561 I/am_wtf ( 1504): [0,1504,system_server,-1,DisplayDeviceConfig,requesting nits when no mapping exists.]
03-25 09:25:41.576 E/DisplayDeviceConfig( 1504): requesting nits when no mapping exists.
03-25 09:25:41.576 E/DisplayDeviceConfig( 1504): requesting nits when no mapping exists.
03-25 09:25:41.577 I/am_wtf ( 1504): [0,1504,system_server,-1,DisplayDeviceConfig,requesting nits when no mapping exists.]
03-25 09:25:41.577 I/am_wtf ( 1504): [0,1504,system_server,-1,DisplayDeviceConfig,requesting nits when no mapping exists.]
03-25 09:25:41.593 E/DisplayDeviceConfig( 1504): requesting nits when no mapping exists.
03-25 09:25:41.593 E/DisplayDeviceConfig( 1504): requesting nits when no mapping exists.
03-25 09:25:41.593 I/am_wtf ( 1504): [0,1504,system_server,-1,DisplayDeviceConfig,requesting nits when no mapping exists.]
03-25 09:25:41.594 I/am_wtf ( 1504): [0,1504,system_server,-1,DisplayDeviceConfig,requesting nits when no mapping exists.]
03-25 09:25:41.609 E/DisplayDeviceConfig( 1504): requesting nits when no mapping exists.
03-25 09:25:41.610 E/DisplayDeviceConfig( 1504): requesting nits when no mapping exists.
03-25 09:25:41.610 I/am_wtf ( 1504): [0,1504,system_server,-1,DisplayDeviceConfig,requesting nits when no mapping exists.]
03-25 09:25:41.610 I/am_wtf ( 1504): [0,1504,system_server,-1,DisplayDeviceConfig,requesting nits when no mapping exists.]
03-25 09:25:41.626 E/DisplayDeviceConfig( 1504): requesting nits when no mapping exists.
03-25 09:25:41.627 E/DisplayDeviceConfig( 1504): requesting nits when no mapping exists.
03-25 09:25:41.627 I/am_wtf ( 1504): [0,1504,system_server,-1,DisplayDeviceConfig,requesting nits when no mapping exists.]
03-25 09:25:41.628 I/am_wtf ( 1504): [0,1504,system_server,-1,DisplayDeviceConfig,requesting nits when no mapping exists.]
03-25 09:25:41.643 E/DisplayDeviceConfig( 1504): requesting nits when no mapping exists.
03-25 09:25:41.643 E/DisplayDeviceConfig( 1504): requesting nits when no mapping exists.
03-25 09:25:41.643 I/am_wtf ( 1504): [0,1504,system_server,-1,DisplayDeviceConfig,requesting nits when no mapping exists.]
03-25 09:25:41.644 I/am_wtf ( 1504): [0,1504,system_server,-1,DisplayDeviceConfig,requesting nits when no mapping exists.]
03-25 09:25:41.659 E/DisplayDeviceConfig( 1504): requesting nits when no mapping exists.
03-25 09:25:41.660 E/DisplayDeviceConfig( 1504): requesting nits when no mapping exists.
03-25 09:25:41.660 I/am_wtf ( 1504): [0,1504,system_server,-1,DisplayDeviceConfig,requesting nits when no mapping exists.]
03-25 09:25:41.661 I/am_wtf ( 1504): [0,1504,system_server,-1,DisplayDeviceConfig,requesting nits when no mapping exists.]
03-25 09:25:41.676 E/DisplayDeviceConfig( 1504): requesting nits when no mapping exists.
03-25 09:25:41.677 E/DisplayDeviceConfig( 1504): requesting nits when no mapping exists.
03-25 09:25:41.677 I/am_wtf ( 1504): [0,1504,system_server,-1,DisplayDeviceConfig,requesting nits when no mapping exists.]
03-25 09:25:41.678 I/am_wtf ( 1504): [0,1504,system_server,-1,DisplayDeviceConfig,requesting nits when no mapping exists.]
03-25 09:25:41.693 E/DisplayDeviceConfig( 1504): requesting nits when no mapping exists.
03-25 09:25:41.693 E/DisplayDeviceConfig( 1504): requesting nits when no mapping exists.
03-25 09:25:41.693 I/am_wtf ( 1504): [0,1504,system_server,-1,DisplayDeviceConfig,requesting nits when no mapping exists.]
03-25 09:25:41.694 I/am_wtf ( 1504): [0,1504,system_server,-1,DisplayDeviceConfig,requesting nits when no mapping exists.]
03-25 09:25:41.709 E/DisplayDeviceConfig( 1504): requesting nits when no mapping exists.
03-25 09:25:41.710 I/am_wtf ( 1504): [0,1504,system_server,-1,DisplayDeviceConfig,requesting nits when no mapping exists.]
03-25 09:25:41.710 E/DisplayDeviceConfig( 1504): requesting nits when no mapping exists.
03-25 09:25:41.711 I/am_wtf ( 1504): [0,1504,system_server,-1,DisplayDeviceConfig,requesting nits when no mapping exists.]
03-25 09:25:41.726 E/DisplayDeviceConfig( 1504): requesting nits when no mapping exists.
03-25 09:25:41.727 E/DisplayDeviceConfig( 1504): requesting nits when no mapping exists.
03-25 09:25:41.727 I/am_wtf ( 1504): [0,1504,system_server,-1,DisplayDeviceConfig,requesting nits when no mapping exists.]
03-25 09:25:41.728 I/am_wtf ( 1504): [0,1504,system_server,-1,DisplayDeviceConfig,requesting nits when no mapping exists.]
03-25 09:25:41.743 E/DisplayDeviceConfig( 1504): requesting nits when no mapping exists.
03-25 09:25:41.743 I/am_wtf ( 1504): [0,1504,system_server,-1,DisplayDeviceConfig,requesting nits when no mapping exists.]
03-25 09:25:41.743 E/DisplayDeviceConfig( 1504): requesting nits when no mapping exists.
03-25 09:25:41.744 I/am_wtf ( 1504): [0,1504,system_server,-1,DisplayDeviceConfig,requesting nits when no mapping exists.]
03-25 09:25:41.760 E/DisplayDeviceConfig( 1504): requesting nits when no mapping exists.
03-25 09:25:41.760 I/am_wtf ( 1504): [0,1504,system_server,-1,DisplayDeviceConfig,requesting nits when no mapping exists.]
03-25 09:25:41.760 E/DisplayDeviceConfig( 1504): requesting nits when no mapping exists.
03-25 09:25:41.761 I/am_wtf ( 1504): [0,1504,system_server,-1,DisplayDeviceConfig,requesting nits when no mapping exists.]
03-25 09:25:41.776 E/DisplayDeviceConfig( 1504): requesting nits when no mapping exists.
03-25 09:25:41.777 E/DisplayDeviceConfig( 1504): requesting nits when no mapping exists.
03-25 09:25:41.777 I/am_wtf ( 1504): [0,1504,system_server,-1,DisplayDeviceConfig,requesting nits when no mapping exists.]
03-25 09:25:41.778 I/am_wtf ( 1504): [0,1504,system_server,-1,DisplayDeviceConfig,requesting nits when no mapping exists.]
03-25 09:25:47.771 I/PowerManagerService( 1504): Napping display group (groupId=0, uid=1000)...
03-25 09:25:47.771 I/PowerManagerService( 1504): Nap time (uid 1000)...
03-25 09:25:47.773 I/DreamManagerService( 1504): Entering dreamland.
03-25 09:25:47.776 I/PowerManagerService( 1504): Dreaming...
03-25 09:25:47.784 I/DreamController( 1504): Starting dream: name=ComponentInfo{com.thundercomm.screensaver/com.thundercomm.screensaver.service.SystemDream}, isTest=false, canDoze=false, userId=0
03-25 09:25:47.784 I/sysui_multi_action( 1504): [757,222,758,1]
03-25 09:25:47.786 I/am_uid_active( 1504): 10045
03-25 09:25:47.793 I/service_manager_stats( 1504): [105,56,6881]
03-25 09:25:47.793 D/CompatibilityChangeReporter( 1504): Compat change id reported: 168419799; UID 10045; state: DISABLED
03-25 09:25:47.800 I/am_pss ( 1504): [2845,10075,com.android.launcher3,100380672,83468288,0,255614976,0,2,14]
03-25 09:25:47.801 I/ActivityTaskManager( 1504): START u0 {flg=0x10000000 pkg=com.thundercomm.screensaver cmp=com.thundercomm.screensaver/android.service.dreams.DreamActivity (has extras)} from uid 10045
03-25 09:25:47.808 I/wm_task_created( 1504): [13,-1]
03-25 09:25:47.808 W/ActivityTaskManager( 1504): Can't find TaskDisplayArea to determine support for multi window. Task id=13 attached=false
03-25 09:25:47.811 I/wm_task_moved( 1504): [13,1,7]
03-25 09:25:47.811 I/wm_task_to_front( 1504): [0,13]
03-25 09:25:47.812 I/wm_create_task( 1504): [0,13]
03-25 09:25:47.812 I/wm_create_activity( 1504): [0,42750329,13,com.thundercomm.screensaver/android.service.dreams.DreamActivity,NULL,NULL,NULL,276824064]
03-25 09:25:47.812 I/wm_task_moved( 1504): [13,1,7]
03-25 09:25:47.812 I/wm_on_top_resumed_lost_called( 2845): [31052584,com.android.launcher3.uioverrides.QuickstepLauncher,topStateChangedWhenResumed]
03-25 09:25:47.812 I/wm_pause_activity( 1504): [0,31052584,com.android.launcher3/.uioverrides.QuickstepLauncher,userLeaving=true,pauseBackTasks]
03-25 09:25:47.813 I/am_pss ( 1504): [2955,1000,com.android.settings,137995264,122068992,0,290357248,0,15,11]
03-25 09:25:47.815 I/input_focus( 1504): [Focus request d5729f7 com.android.launcher3/com.android.launcher3.uioverrides.QuickstepLauncher,reason=UpdateInputWindows]
03-25 09:25:47.815 I/wm_on_paused_called( 2845): [31052584,com.android.launcher3.uioverrides.QuickstepLauncher,performPause]
03-25 09:25:47.818 I/ActivityTaskManager( 1504): FOREGROUND_APPLICATION_CHANGED to android.service.dreams.DreamActivity
03-25 09:25:47.819 I/ActivityTaskManager( 1504): The Process com.thundercomm.screensaver Already Exists in BG. So sending its PID: 4535
03-25 09:25:47.819 W/ActivityTaskManager( 1504): Tried to set launchTime (0) < mLastActivityLaunchTime (84524)
03-25 09:25:47.819 I/wm_add_to_stopping( 1504): [0,31052584,com.android.launcher3/.uioverrides.QuickstepLauncher,makeInvisible]
03-25 09:25:47.819 I/am_pss ( 1504): [3397,10019,android.process.media,10632192,8527872,0,103673856,0,19,5]
03-25 09:25:47.819 I/wm_restart_activity( 1504): [0,42750329,13,com.thundercomm.screensaver/android.service.dreams.DreamActivity]
03-25 09:25:47.820 I/wm_set_resumed_activity( 1504): [0,com.thundercomm.screensaver/android.service.dreams.DreamActivity,minimalResumeActivityLocked]
03-25 09:25:47.823 I/sysui_multi_action( 1504): [757,803,799,window_time_0,802,60]
03-25 09:25:47.825 I/sysui_heads_up_status( 2355): [-1|android|26|null|1000,0]
03-25 09:25:47.826 I/input_focus( 1504): [Focus leaving 94683a3 NotificationShade (server),reason=NOT_FOCUSABLE]
03-25 09:25:47.826 I/am_pss ( 1504): [5197,2000,com.android.shell,5769216,4222976,0,92291072,0,19,6]
03-25 09:25:47.826 I/input_focus( 1504): [Focus entering d5729f7 com.android.launcher3/com.android.launcher3.uioverrides.QuickstepLauncher (server),reason=setFocusedWindow]
03-25 09:25:47.827 I/wm_on_create_called( 4535): [42750329,android.service.dreams.DreamActivity,performCreate]
03-25 09:25:47.827 I/wm_on_start_called( 4535): [42750329,android.service.dreams.DreamActivity,handleStartActivity]
03-25 09:25:47.828 I/wm_on_resume_called( 4535): [42750329,android.service.dreams.DreamActivity,RESUME_ACTIVITY]
03-25 09:25:47.829 W/WindowManager( 1504): Failed looking up window session=Session{c7c00bb 4535:u0a10045} callers=com.android.server.wm.WindowManagerService.windowForClientLocked:5628 com.android.server.wm.Session.insetsModified:629 android.view.IWindowSession$Stub.onTransact:1151
03-25 09:25:47.830 I/wm_on_top_resumed_gained_called( 4535): [42750329,android.service.dreams.DreamActivity,topStateChangedWhenResumed]
03-25 09:25:47.842 I/input_focus( 1504): [Focus leaving d5729f7 com.android.launcher3/com.android.launcher3.uioverrides.QuickstepLauncher (server),reason=NO_WINDOW]
03-25 09:25:47.847 I/input_focus( 1504): [Focus request 4187f17 com.thundercomm.screensaver/android.service.dreams.DreamActivity,reason=UpdateInputWindows]
03-25 09:25:47.854 I/sysui_multi_action( 1504): [319,51,322,50,325,349,757,761,758,8,759,2,806,com.thundercomm.screensaver,871,android.service.dreams.DreamActivity,904,com.thundercomm.screensaver,905,0,1320,4,1321,2]
03-25 09:25:47.855 I/wm_activity_launch_time( 1504): [0,42750329,com.thundercomm.screensaver/android.service.dreams.DreamActivity,50]
03-25 09:25:47.856 V/DisplayPowerController[0]( 1504): Brightness [1.0] reason changing to: 'manual', previous reason: 'manual [ dim ]'.
03-25 09:25:47.856 I/sysui_multi_action( 1504): [757,1696,758,6,759,3]
03-25 09:25:47.873 E/DisplayDeviceConfig( 1504): requesting nits when no mapping exists.
03-25 09:25:47.873 E/DisplayDeviceConfig( 1504): requesting nits when no mapping exists.
03-25 09:25:47.873 I/am_wtf ( 1504): [0,1504,system_server,-1,DisplayDeviceConfig,requesting nits when no mapping exists.]
03-25 09:25:47.874 I/am_wtf ( 1504): [0,1504,system_server,-1,DisplayDeviceConfig,requesting nits when no mapping exists.]
03-25 09:25:47.874 I/input_focus( 1504): [Focus entering 4187f17 com.thundercomm.screensaver/android.service.dreams.DreamActivity (server),reason=Window became focusable. Previous reason: NOT_VISIBLE]
03-25 09:25:47.890 E/DisplayDeviceConfig( 1504): requesting nits when no mapping exists.
03-25 09:25:47.890 E/DisplayDeviceConfig( 1504): requesting nits when no mapping exists.
03-25 09:25:47.890 I/am_wtf ( 1504): [0,1504,system_server,-1,DisplayDeviceConfig,requesting nits when no mapping exists.]
03-25 09:25:47.890 I/am_wtf ( 1504): [0,1504,system_server,-1,DisplayDeviceConfig,requesting nits when no mapping exists.]
03-25 09:25:47.907 E/DisplayDeviceConfig( 1504): requesting nits when no mapping exists.
03-25 09:25:47.907 E/DisplayDeviceConfig( 1504): requesting nits when no mapping exists.
03-25 09:25:47.907 I/am_wtf ( 1504): [0,1504,system_server,-1,DisplayDeviceConfig,requesting nits when no mapping exists.]
03-25 09:25:47.907 I/am_wtf ( 1504): [0,1504,system_server,-1,DisplayDeviceConfig,requesting nits when no mapping exists.]
03-25 09:25:47.921 W/FreeFormWindowHelper( 1504): Current Display FreeFormTask is null
03-25 09:25:47.923 E/DisplayDeviceConfig( 1504): requesting nits when no mapping exists.
03-25 09:25:47.924 E/DisplayDeviceConfig( 1504): requesting nits when no mapping exists.
03-25 09:25:47.924 I/am_wtf ( 1504): [0,1504,system_server,-1,DisplayDeviceConfig,requesting nits when no mapping exists.]
03-25 09:25:47.924 I/am_wtf ( 1504): [0,1504,system_server,-1,DisplayDeviceConfig,requesting nits when no mapping exists.]
03-25 09:25:47.940 E/DisplayDeviceConfig( 1504): requesting nits when no mapping exists.
03-25 09:25:47.940 E/DisplayDeviceConfig( 1504): requesting nits when no mapping exists.
03-25 09:25:47.940 I/am_wtf ( 1504): [0,1504,system_server,-1,DisplayDeviceConfig,requesting nits when no mapping exists.]
03-25 09:25:47.941 I/am_wtf ( 1504): [0,1504,system_server,-1,DisplayDeviceConfig,requesting nits when no mapping exists.]
03-25 09:25:47.957 E/DisplayDeviceConfig( 1504): requesting nits when no mapping exists.
03-25 09:25:47.957 E/DisplayDeviceConfig( 1504): requesting nits when no mapping exists.
03-25 09:25:47.957 I/am_wtf ( 1504): [0,1504,system_server,-1,DisplayDeviceConfig,requesting nits when no mapping exists.]
03-25 09:25:47.957 I/am_wtf ( 1504): [0,1504,system_server,-1,DisplayDeviceConfig,requesting nits when no mapping exists.]
03-25 09:25:47.974 E/DisplayDeviceConfig( 1504): requesting nits when no mapping exists.
03-25 09:25:47.974 E/DisplayDeviceConfig( 1504): requesting nits when no mapping exists.
03-25 09:25:47.974 I/am_wtf ( 1504): [0,1504,system_server,-1,DisplayDeviceConfig,requesting nits when no mapping exists.]
03-25 09:25:47.974 I/am_wtf ( 1504): [0,1504,system_server,-1,DisplayDeviceConfig,requesting nits when no mapping exists.]
03-25 09:25:47.990 E/DisplayDeviceConfig( 1504): requesting nits when no mapping exists.
03-25 09:25:47.990 E/DisplayDeviceConfig( 1504): requesting nits when no mapping exists.
03-25 09:25:47.990 I/am_wtf ( 1504): [0,1504,system_server,-1,DisplayDeviceConfig,requesting nits when no mapping exists.]
03-25 09:25:47.991 I/am_wtf ( 1504): [0,1504,system_server,-1,DisplayDeviceConfig,requesting nits when no mapping exists.]
03-25 09:25:48.007 E/DisplayDeviceConfig( 1504): requesting nits when no mapping exists.
03-25 09:25:48.007 E/DisplayDeviceConfig( 1504): requesting nits when no mapping exists.
03-25 09:25:48.007 I/am_wtf ( 1504): [0,1504,system_server,-1,DisplayDeviceConfig,requesting nits when no mapping exists.]
03-25 09:25:48.007 I/am_wtf ( 1504): [0,1504,system_server,-1,DisplayDeviceConfig,requesting nits when no mapping exists.]
03-25 09:25:48.024 E/DisplayDeviceConfig( 1504): requesting nits when no mapping exists.
03-25 09:25:48.024 E/DisplayDeviceConfig( 1504): requesting nits when no mapping exists.
03-25 09:25:48.024 I/am_wtf ( 1504): [0,1504,system_server,-1,DisplayDeviceConfig,requesting nits when no mapping exists.]
03-25 09:25:48.024 I/am_wtf ( 1504): [0,1504,system_server,-1,DisplayDeviceConfig,requesting nits when no mapping exists.]
03-25 09:25:48.040 E/DisplayDeviceConfig( 1504): requesting nits when no mapping exists.
03-25 09:25:48.041 E/DisplayDeviceConfig( 1504): requesting nits when no mapping exists.
03-25 09:25:48.041 I/am_wtf ( 1504): [0,1504,system_server,-1,DisplayDeviceConfig,requesting nits when no mapping exists.]
03-25 09:25:48.041 I/am_wtf ( 1504): [0,1504,system_server,-1,DisplayDeviceConfig,requesting nits when no mapping exists.]
03-25 09:25:48.057 E/DisplayDeviceConfig( 1504): requesting nits when no mapping exists.
03-25 09:25:48.057 E/DisplayDeviceConfig( 1504): requesting nits when no mapping exists.
03-25 09:25:48.057 I/am_wtf ( 1504): [0,1504,system_server,-1,DisplayDeviceConfig,requesting nits when no mapping exists.]
03-25 09:25:48.058 I/am_wtf ( 1504): [0,1504,system_server,-1,DisplayDeviceConfig,requesting nits when no mapping exists.]
03-25 09:25:48.074 E/DisplayDeviceConfig( 1504): requesting nits when no mapping exists.
03-25 09:25:48.074 E/DisplayDeviceConfig( 1504): requesting nits when no mapping exists.
03-25 09:25:48.074 I/am_wtf ( 1504): [0,1504,system_server,-1,DisplayDeviceConfig,requesting nits when no mapping exists.]
03-25 09:25:48.074 I/am_wtf ( 1504): [0,1504,system_server,-1,DisplayDeviceConfig,requesting nits when no mapping exists.]
03-25 09:25:48.091 E/DisplayDeviceConfig( 1504): requesting nits when no mapping exists.
03-25 09:25:48.091 E/DisplayDeviceConfig( 1504): requesting nits when no mapping exists.
03-25 09:25:48.091 I/am_wtf ( 1504): [0,1504,system_server,-1,DisplayDeviceConfig,requesting nits when no mapping exists.]
03-25 09:25:48.091 I/am_wtf ( 1504): [0,1504,system_server,-1,DisplayDeviceConfig,requesting nits when no mapping exists.]
03-25 09:25:48.107 E/DisplayDeviceConfig( 1504): requesting nits when no mapping exists.
03-25 09:25:48.107 E/DisplayDeviceConfig( 1504): requesting nits when no mapping exists.
03-25 09:25:48.108 I/am_wtf ( 1504): [0,1504,system_server,-1,DisplayDeviceConfig,requesting nits when no mapping exists.]
03-25 09:25:48.108 I/am_wtf ( 1504): [0,1504,system_server,-1,DisplayDeviceConfig,requesting nits when no mapping exists.]
03-25 09:25:48.109 I/sysui_multi_action( 2355): [757,111,758,2]
03-25 09:25:48.109 I/sysui_multi_action( 2355): [757,111,758,2]
03-25 09:25:48.124 E/DisplayDeviceConfig( 1504): requesting nits when no mapping exists.
03-25 09:25:48.124 E/DisplayDeviceConfig( 1504): requesting nits when no mapping exists.
03-25 09:25:48.124 I/am_wtf ( 1504): [0,1504,system_server,-1,DisplayDeviceConfig,requesting nits when no mapping exists.]
03-25 09:25:48.125 I/am_wtf ( 1504): [0,1504,system_server,-1,DisplayDeviceConfig,requesting nits when no mapping exists.]
03-25 09:25:48.141 E/DisplayDeviceConfig( 1504): requesting nits when no mapping exists.
03-25 09:25:48.141 I/am_wtf ( 1504): [0,1504,system_server,-1,DisplayDeviceConfig,requesting nits when no mapping exists.]
03-25 09:25:48.142 E/DisplayDeviceConfig( 1504): requesting nits when no mapping exists.
03-25 09:25:48.142 I/am_wtf ( 1504): [0,1504,system_server,-1,DisplayDeviceConfig,requesting nits when no mapping exists.]
03-25 09:25:48.143 I/wm_stop_activity( 1504): [0,31052584,com.android.launcher3/.uioverrides.QuickstepLauncher]
03-25 09:25:48.157 E/DisplayDeviceConfig( 1504): requesting nits when no mapping exists.
03-25 09:25:48.158 E/DisplayDeviceConfig( 1504): requesting nits when no mapping exists.
03-25 09:25:48.158 I/am_wtf ( 1504): [0,1504,system_server,-1,DisplayDeviceConfig,requesting nits when no mapping exists.]
03-25 09:25:48.158 I/am_wtf ( 1504): [0,1504,system_server,-1,DisplayDeviceConfig,requesting nits when no mapping exists.]
03-25 09:25:48.161 I/wm_on_stop_called( 2845): [31052584,com.android.launcher3.uioverrides.QuickstepLauncher,STOP_ACTIVITY_ITEM]
03-25 09:25:48.174 E/DisplayDeviceConfig( 1504): requesting nits when no mapping exists.
03-25 09:25:48.174 E/DisplayDeviceConfig( 1504): requesting nits when no mapping exists.
03-25 09:25:48.174 I/am_wtf ( 1504): [0,1504,system_server,-1,DisplayDeviceConfig,requesting nits when no mapping exists.]
03-25 09:25:48.175 I/am_wtf ( 1504): [0,1504,system_server,-1,DisplayDeviceConfig,requesting nits when no mapping exists.]
03-25 09:25:48.191 E/DisplayDeviceConfig( 1504): requesting nits when no mapping exists.
03-25 09:25:48.191 E/DisplayDeviceConfig( 1504): requesting nits when no mapping exists.
03-25 09:25:48.191 I/am_wtf ( 1504): [0,1504,system_server,-1,DisplayDeviceConfig,requesting nits when no mapping exists.]
03-25 09:25:48.191 I/am_wtf ( 1504): [0,1504,system_server,-1,DisplayDeviceConfig,requesting nits when no mapping exists.]
03-25 09:25:48.207 E/DisplayDeviceConfig( 1504): requesting nits when no mapping exists.
03-25 09:25:48.208 I/am_wtf ( 1504): [0,1504,system_server,-1,DisplayDeviceConfig,requesting nits when no mapping exists.]
03-25 09:25:48.208 E/DisplayDeviceConfig( 1504): requesting nits when no mapping exists.
03-25 09:25:48.208 I/am_wtf ( 1504): [0,1504,system_server,-1,DisplayDeviceConfig,requesting nits when no mapping exists.]
03-25 09:25:48.224 E/DisplayDeviceConfig( 1504): requesting nits when no mapping exists.
03-25 09:25:48.224 E/DisplayDeviceConfig( 1504): requesting nits when no mapping exists.
03-25 09:25:48.224 I/am_wtf ( 1504): [0,1504,system_server,-1,DisplayDeviceConfig,requesting nits when no mapping exists.]
03-25 09:25:48.225 I/am_wtf ( 1504): [0,1504,system_server,-1,DisplayDeviceConfig,requesting nits when no mapping exists.]
03-25 09:25:48.241 E/DisplayDeviceConfig( 1504): requesting nits when no mapping exists.
03-25 09:25:48.242 E/DisplayDeviceConfig( 1504): requesting nits when no mapping exists.
03-25 09:25:48.242 I/am_wtf ( 1504): [0,1504,system_server,-1,DisplayDeviceConfig,requesting nits when no mapping exists.]
03-25 09:25:48.242 I/am_wtf ( 1504): [0,1504,system_server,-1,DisplayDeviceConfig,requesting nits when no mapping exists.]
03-25 09:25:48.258 E/DisplayDeviceConfig( 1504): requesting nits when no mapping exists.
03-25 09:25:48.258 I/am_wtf ( 1504): [0,1504,system_server,-1,DisplayDeviceConfig,requesting nits when no mapping exists.]
03-25 09:25:48.258 E/DisplayDeviceConfig( 1504): requesting nits when no mapping exists.
03-25 09:25:48.258 I/am_wtf ( 1504): [0,1504,system_server,-1,DisplayDeviceConfig,requesting nits when no mapping exists.]
03-25 09:25:48.275 E/DisplayDeviceConfig( 1504): requesting nits when no mapping exists.
03-25 09:25:48.275 E/DisplayDeviceConfig( 1504): requesting nits when no mapping exists.
03-25 09:25:48.275 I/am_wtf ( 1504): [0,1504,system_server,-1,DisplayDeviceConfig,requesting nits when no mapping exists.]
03-25 09:25:48.275 I/am_wtf ( 1504): [0,1504,system_server,-1,DisplayDeviceConfig,requesting nits when no mapping exists.]
03-25 09:25:48.291 E/DisplayDeviceConfig( 1504): requesting nits when no mapping exists.
03-25 09:25:48.292 E/DisplayDeviceConfig( 1504): requesting nits when no mapping exists.
03-25 09:25:48.292 I/am_wtf ( 1504): [0,1504,system_server,-1,DisplayDeviceConfig,requesting nits when no mapping exists.]
03-25 09:25:48.292 I/am_wtf ( 1504): [0,1504,system_server,-1,DisplayDeviceConfig,requesting nits when no mapping exists.]
03-25 09:25:48.308 E/DisplayDeviceConfig( 1504): requesting nits when no mapping exists.
03-25 09:25:48.308 I/am_wtf ( 1504): [0,1504,system_server,-1,DisplayDeviceConfig,requesting nits when no mapping exists.]
03-25 09:25:48.308 E/DisplayDeviceConfig( 1504): requesting nits when no mapping exists.
03-25 09:25:48.309 I/am_wtf ( 1504): [0,1504,system_server,-1,DisplayDeviceConfig,requesting nits when no mapping exists.]
03-25 09:25:48.324 I/sysui_multi_action( 1504): [757,128,758,2,793,62510,794,61708,795,62510,796,26,798,0,806,android,857,DEVELOPER_IMPORTANT,858,4,947,0,1395,3,1500,62307,1688,1]
03-25 09:25:48.324 I/notification_visibility( 1504): [-1|android|26|null|1000,0,62510,62510,0,0]
03-25 09:25:48.324 I/sysui_multi_action( 1504): [757,128,758,2,793,325902,794,60700,795,325902,796,17303299,797,com.android.wifi,798,1,806,android,857,NETWORK_AVAILABLE,858,2,947,0,1395,3,1500,325697,1688,1]
03-25 09:25:48.324 I/notification_visibility( 1504): [0|android|17303299|com.android.wifi|1000,0,325902,325902,0,1]
03-25 09:25:48.324 I/sysui_multi_action( 1504): [757,128,758,2,793,326697,794,60700,795,326697,796,32,798,2,806,android,857,USB,858,1,947,0,1395,3,1500,326495,1688,1]
03-25 09:25:48.324 I/notification_visibility( 1504): [-1|android|32|null|1000,0,326697,326697,0,2]
03-25 09:25:48.325 I/sysui_multi_action( 1504): [757,127,758,2]
03-25 09:25:48.325 I/notification_panel_hidden( 1504):
03-25 09:25:48.325 E/DisplayDeviceConfig( 1504): requesting nits when no mapping exists.
03-25 09:25:48.325 E/DisplayDeviceConfig( 1504): requesting nits when no mapping exists.
03-25 09:25:48.326 I/am_wtf ( 1504): [0,1504,system_server,-1,DisplayDeviceConfig,requesting nits when no mapping exists.]
03-25 09:25:48.326 I/am_wtf ( 1504): [0,1504,system_server,-1,DisplayDeviceConfig,requesting nits when no mapping exists.]
03-25 09:25:48.342 E/DisplayDeviceConfig( 1504): requesting nits when no mapping exists.
03-25 09:25:48.342 E/DisplayDeviceConfig( 1504): requesting nits when no mapping exists.
03-25 09:25:48.342 I/am_wtf ( 1504): [0,1504,system_server,-1,DisplayDeviceConfig,requesting nits when no mapping exists.]
03-25 09:25:48.342 I/am_wtf ( 1504): [0,1504,system_server,-1,DisplayDeviceConfig,requesting nits when no mapping exists.]
03-25 09:25:48.358 E/DisplayDeviceConfig( 1504): requesting nits when no mapping exists.
03-25 09:25:48.359 I/am_wtf ( 1504): [0,1504,system_server,-1,DisplayDeviceConfig,requesting nits when no mapping exists.]
03-25 09:25:48.359 E/DisplayDeviceConfig( 1504): requesting nits when no mapping exists.
03-25 09:25:48.359 I/am_wtf ( 1504): [0,1504,system_server,-1,DisplayDeviceConfig,requesting nits when no mapping exists.]
03-25 09:25:48.375 E/DisplayDeviceConfig( 1504): requesting nits when no mapping exists.
03-25 09:25:48.375 E/DisplayDeviceConfig( 1504): requesting nits when no mapping exists.
03-25 09:25:48.375 I/am_wtf ( 1504): [0,1504,system_server,-1,DisplayDeviceConfig,requesting nits when no mapping exists.]
03-25 09:25:48.375 I/am_wtf ( 1504): [0,1504,system_server,-1,DisplayDeviceConfig,requesting nits when no mapping exists.]
03-25 09:25:48.392 E/DisplayDeviceConfig( 1504): requesting nits when no mapping exists.
03-25 09:25:48.392 I/am_wtf ( 1504): [0,1504,system_server,-1,DisplayDeviceConfig,requesting nits when no mapping exists.]
03-25 09:25:48.392 E/DisplayDeviceConfig( 1504): requesting nits when no mapping exists.
03-25 09:25:48.392 I/am_wtf ( 1504): [0,1504,system_server,-1,DisplayDeviceConfig,requesting nits when no mapping exists.]
03-25 09:25:48.408 E/DisplayDeviceConfig( 1504): requesting nits when no mapping exists.
03-25 09:25:48.409 I/am_wtf ( 1504): [0,1504,system_server,-1,DisplayDeviceConfig,requesting nits when no mapping exists.]
03-25 09:25:48.409 E/DisplayDeviceConfig( 1504): requesting nits when no mapping exists.
03-25 09:25:48.409 I/am_wtf ( 1504): [0,1504,system_server,-1,DisplayDeviceConfig,requesting nits when no mapping exists.]
03-25 09:25:48.425 E/DisplayDeviceConfig( 1504): requesting nits when no mapping exists.
03-25 09:25:48.425 E/DisplayDeviceConfig( 1504): requesting nits when no mapping exists.
03-25 09:25:48.425 I/am_wtf ( 1504): [0,1504,system_server,-1,DisplayDeviceConfig,requesting nits when no mapping exists.]
03-25 09:25:48.425 I/am_wtf ( 1504): [0,1504,system_server,-1,DisplayDeviceConfig,requesting nits when no mapping exists.]
03-25 09:25:48.442 E/DisplayDeviceConfig( 1504): requesting nits when no mapping exists.
03-25 09:25:48.442 E/DisplayDeviceConfig( 1504): requesting nits when no mapping exists.
03-25 09:25:48.442 I/am_wtf ( 1504): [0,1504,system_server,-1,DisplayDeviceConfig,requesting nits when no mapping exists.]
03-25 09:25:48.442 I/am_wtf ( 1504): [0,1504,system_server,-1,DisplayDeviceConfig,requesting nits when no mapping exists.]
03-25 09:25:48.459 E/DisplayDeviceConfig( 1504): requesting nits when no mapping exists.
03-25 09:25:48.459 I/am_wtf ( 1504): [0,1504,system_server,-1,DisplayDeviceConfig,requesting nits when no mapping exists.]
03-25 09:25:48.459 E/DisplayDeviceConfig( 1504): requesting nits when no mapping exists.
03-25 09:25:48.459 I/am_wtf ( 1504): [0,1504,system_server,-1,DisplayDeviceConfig,requesting nits when no mapping exists.]
03-25 09:25:48.475 E/DisplayDeviceConfig( 1504): requesting nits when no mapping exists.
03-25 09:25:48.475 E/DisplayDeviceConfig( 1504): requesting nits when no mapping exists.
03-25 09:25:48.475 I/am_wtf ( 1504): [0,1504,system_server,-1,DisplayDeviceConfig,requesting nits when no mapping exists.]
03-25 09:25:48.476 I/am_wtf ( 1504): [0,1504,system_server,-1,DisplayDeviceConfig,requesting nits when no mapping exists.]
03-25 09:25:48.492 E/DisplayDeviceConfig( 1504): requesting nits when no mapping exists.
03-25 09:25:48.492 E/DisplayDeviceConfig( 1504): requesting nits when no mapping exists.
03-25 09:25:48.492 I/am_wtf ( 1504): [0,1504,system_server,-1,DisplayDeviceConfig,requesting nits when no mapping exists.]
03-25 09:25:48.492 I/am_wtf ( 1504): [0,1504,system_server,-1,DisplayDeviceConfig,requesting nits when no mapping exists.]
03-25 09:25:48.509 E/DisplayDeviceConfig( 1504): requesting nits when no mapping exists.
03-25 09:25:48.509 E/DisplayDeviceConfig( 1504): requesting nits when no mapping exists.
03-25 09:25:48.509 I/am_wtf ( 1504): [0,1504,system_server,-1,DisplayDeviceConfig,requesting nits when no mapping exists.]
03-25 09:25:48.509 I/am_wtf ( 1504): [0,1504,system_server,-1,DisplayDeviceConfig,requesting nits when no mapping exists.]
03-25 09:25:48.525 E/DisplayDeviceConfig( 1504): requesting nits when no mapping exists.
03-25 09:25:48.525 I/am_wtf ( 1504): [0,1504,system_server,-1,DisplayDeviceConfig,requesting nits when no mapping exists.]
03-25 09:25:48.525 E/DisplayDeviceConfig( 1504): requesting nits when no mapping exists.
03-25 09:25:48.526 I/am_wtf ( 1504): [0,1504,system_server,-1,DisplayDeviceConfig,requesting nits when no mapping exists.]
03-25 09:25:48.542 E/DisplayDeviceConfig( 1504): requesting nits when no mapping exists.
03-25 09:25:48.542 E/DisplayDeviceConfig( 1504): requesting nits when no mapping exists.
03-25 09:25:48.542 I/am_wtf ( 1504): [0,1504,system_server,-1,DisplayDeviceConfig,requesting nits when no mapping exists.]
03-25 09:25:48.542 I/am_wtf ( 1504): [0,1504,system_server,-1,DisplayDeviceConfig,requesting nits when no mapping exists.]
03-25 09:25:48.559 E/DisplayDeviceConfig( 1504): requesting nits when no mapping exists.
03-25 09:25:48.559 E/DisplayDeviceConfig( 1504): requesting nits when no mapping exists.
03-25 09:25:48.559 I/am_wtf ( 1504): [0,1504,system_server,-1,DisplayDeviceConfig,requesting nits when no mapping exists.]
03-25 09:25:48.559 I/am_wtf ( 1504): [0,1504,system_server,-1,DisplayDeviceConfig,requesting nits when no mapping exists.]
03-25 09:25:48.575 E/DisplayDeviceConfig( 1504): requesting nits when no mapping exists.
03-25 09:25:48.576 E/DisplayDeviceConfig( 1504): requesting nits when no mapping exists.
03-25 09:25:48.576 I/am_wtf ( 1504): [0,1504,system_server,-1,DisplayDeviceConfig,requesting nits when no mapping exists.]
03-25 09:25:48.576 I/am_wtf ( 1504): [0,1504,system_server,-1,DisplayDeviceConfig,requesting nits when no mapping exists.]
03-25 09:25:48.592 E/DisplayDeviceConfig( 1504): requesting nits when no mapping exists.
03-25 09:25:48.592 E/DisplayDeviceConfig( 1504): requesting nits when no mapping exists.
03-25 09:25:48.592 I/am_wtf ( 1504): [0,1504,system_server,-1,DisplayDeviceConfig,requesting nits when no mapping exists.]
03-25 09:25:48.592 I/am_wtf ( 1504): [0,1504,system_server,-1,DisplayDeviceConfig,requesting nits when no mapping exists.]
03-25 09:25:48.609 E/DisplayDeviceConfig( 1504): requesting nits when no mapping exists.
03-25 09:25:48.609 E/DisplayDeviceConfig( 1504): requesting nits when no mapping exists.
03-25 09:25:48.609 I/am_wtf ( 1504): [0,1504,system_server,-1,DisplayDeviceConfig,requesting nits when no mapping exists.]
03-25 09:25:48.609 I/am_wtf ( 1504): [0,1504,system_server,-1,DisplayDeviceConfig,requesting nits when no mapping exists.]
03-25 09:25:48.626 E/DisplayDeviceConfig( 1504): requesting nits when no mapping exists.
03-25 09:25:48.626 E/DisplayDeviceConfig( 1504): requesting nits when no mapping exists.
03-25 09:25:48.626 I/am_wtf ( 1504): [0,1504,system_server,-1,DisplayDeviceConfig,requesting nits when no mapping exists.]
03-25 09:25:48.626 I/am_wtf ( 1504): [0,1504,system_server,-1,DisplayDeviceConfig,requesting nits when no mapping exists.]
03-25 09:25:48.642 E/DisplayDeviceConfig( 1504): requesting nits when no mapping exists.
03-25 09:25:48.642 E/DisplayDeviceConfig( 1504): requesting nits when no mapping exists.
03-25 09:25:48.642 I/am_wtf ( 1504): [0,1504,system_server,-1,DisplayDeviceConfig,requesting nits when no mapping exists.]
03-25 09:25:48.643 I/am_wtf ( 1504): [0,1504,system_server,-1,DisplayDeviceConfig,requesting nits when no mapping exists.]
03-25 09:25:48.659 E/DisplayDeviceConfig( 1504): requesting nits when no mapping exists.
03-25 09:25:48.659 E/DisplayDeviceConfig( 1504): requesting nits when no mapping exists.
03-25 09:25:48.659 I/am_wtf ( 1504): [0,1504,system_server,-1,DisplayDeviceConfig,requesting nits when no mapping exists.]
03-25 09:25:48.659 I/am_wtf ( 1504): [0,1504,system_server,-1,DisplayDeviceConfig,requesting nits when no mapping exists.]
03-25 09:25:48.676 E/DisplayDeviceConfig( 1504): requesting nits when no mapping exists.
03-25 09:25:48.676 E/DisplayDeviceConfig( 1504): requesting nits when no mapping exists.
03-25 09:25:48.676 I/am_wtf ( 1504): [0,1504,system_server,-1,DisplayDeviceConfig,requesting nits when no mapping exists.]
03-25 09:25:48.676 I/am_wtf ( 1504): [0,1504,system_server,-1,DisplayDeviceConfig,requesting nits when no mapping exists.]
03-25 09:25:48.692 E/DisplayDeviceConfig( 1504): requesting nits when no mapping exists.
03-25 09:25:48.693 E/DisplayDeviceConfig( 1504): requesting nits when no mapping exists.
03-25 09:25:48.693 I/am_wtf ( 1504): [0,1504,system_server,-1,DisplayDeviceConfig,requesting nits when no mapping exists.]
03-25 09:25:48.693 I/am_wtf ( 1504): [0,1504,system_server,-1,DisplayDeviceConfig,requesting nits when no mapping exists.]
03-25 09:25:48.709 E/DisplayDeviceConfig( 1504): requesting nits when no mapping exists.
03-25 09:25:48.709 E/DisplayDeviceConfig( 1504): requesting nits when no mapping exists.
03-25 09:25:48.709 I/am_wtf ( 1504): [0,1504,system_server,-1,DisplayDeviceConfig,requesting nits when no mapping exists.]
03-25 09:25:48.709 I/am_wtf ( 1504): [0,1504,system_server,-1,DisplayDeviceConfig,requesting nits when no mapping exists.]
03-25 09:25:48.726 E/DisplayDeviceConfig( 1504): requesting nits when no mapping exists.
03-25 09:25:48.726 I/am_wtf ( 1504): [0,1504,system_server,-1,DisplayDeviceConfig,requesting nits when no mapping exists.]
03-25 09:25:48.726 E/DisplayDeviceConfig( 1504): requesting nits when no mapping exists.
03-25 09:25:48.726 I/am_wtf ( 1504): [0,1504,system_server,-1,DisplayDeviceConfig,requesting nits when no mapping exists.]
03-25 09:25:48.742 E/DisplayDeviceConfig( 1504): requesting nits when no mapping exists.
03-25 09:25:48.743 I/am_wtf ( 1504): [0,1504,system_server,-1,DisplayDeviceConfig,requesting nits when no mapping exists.]
03-25 09:25:48.743 E/DisplayDeviceConfig( 1504): requesting nits when no mapping exists.
03-25 09:25:48.743 I/am_wtf ( 1504): [0,1504,system_server,-1,DisplayDeviceConfig,requesting nits when no mapping exists.]
03-25 09:25:48.759 E/DisplayDeviceConfig( 1504): requesting nits when no mapping exists.
03-25 09:25:48.759 I/am_wtf ( 1504): [0,1504,system_server,-1,DisplayDeviceConfig,requesting nits when no mapping exists.]
03-25 09:25:48.759 E/DisplayDeviceConfig( 1504): requesting nits when no mapping exists.
03-25 09:25:48.759 I/am_wtf ( 1504): [0,1504,system_server,-1,DisplayDeviceConfig,requesting nits when no mapping exists.]
03-25 09:25:48.776 E/DisplayDeviceConfig( 1504): requesting nits when no mapping exists.
03-25 09:25:48.776 I/am_wtf ( 1504): [0,1504,system_server,-1,DisplayDeviceConfig,requesting nits when no mapping exists.]
03-25 09:25:48.776 E/DisplayDeviceConfig( 1504): requesting nits when no mapping exists.
03-25 09:25:48.776 I/am_wtf ( 1504): [0,1504,system_server,-1,DisplayDeviceConfig,requesting nits when no mapping exists.]
03-25 09:25:48.793 E/DisplayDeviceConfig( 1504): requesting nits when no mapping exists.
03-25 09:25:48.793 E/DisplayDeviceConfig( 1504): requesting nits when no mapping exists.
03-25 09:25:48.793 I/am_wtf ( 1504): [0,1504,system_server,-1,DisplayDeviceConfig,requesting nits when no mapping exists.]
03-25 09:25:48.793 I/am_wtf ( 1504): [0,1504,system_server,-1,DisplayDeviceConfig,requesting nits when no mapping exists.]
03-25 09:25:48.809 E/DisplayDeviceConfig( 1504): requesting nits when no mapping exists.
03-25 09:25:48.809 E/DisplayDeviceConfig( 1504): requesting nits when no mapping exists.
03-25 09:25:48.809 I/am_wtf ( 1504): [0,1504,system_server,-1,DisplayDeviceConfig,requesting nits when no mapping exists.]
03-25 09:25:48.809 I/am_wtf ( 1504): [0,1504,system_server,-1,DisplayDeviceConfig,requesting nits when no mapping exists.]
03-25 09:26:03.885 I/am_uid_idle( 1504): 10090
03-25 09:26:53.913 I/am_uid_idle( 1504): 10062
01-03 10:03:40.285 I/[schedu][0x275a45059][01:29:06.318626] wlan( 0): [2145:I:OSIF] scan start scan id 40966
01-03 10:03:41.452 I/[schedu][0x276fa379c][01:29:07.485656] wlan( 0): [2145:I:OSIF] vdev 0, scan id 40966 type COMPLETED(1) reason COMPLETED(1) scan found 71 bss
03-25 09:29:20.864 I/service_manager_stats( 1504): [120,17,213072]
03-25 09:29:38.770 I/input_interaction( 1504): Interaction with: 4187f17 com.thundercomm.screensaver/android.service.dreams.DreamActivity (server), edge-swipe (server), swipe-up (server), PointerEventDispatcher0 (server),
03-25 09:29:38.773 I/wm_finish_activity( 1504): [0,42750329,13,com.thundercomm.screensaver/android.service.dreams.DreamActivity,finish-activity]
03-25 09:29:38.773 I/wm_task_moved( 1504): [1,1,6]
03-25 09:29:38.775 I/wm_task_moved( 1504): [11,1,2147483647]
03-25 09:29:38.775 I/wm_task_to_front( 1504): [0,11]
03-25 09:29:38.775 I/wm_focused_root_task( 1504): [0,0,1,13,finish-top adjustFocusToNextFocusableTask]
03-25 09:29:38.775 I/wm_set_resumed_activity( 1504): [0,com.android.launcher3/.uioverrides.QuickstepLauncher,finish-top adjustFocusToNextFocusableTask]
03-25 09:29:38.776 I/wm_pause_activity( 1504): [0,42750329,com.thundercomm.screensaver/android.service.dreams.DreamActivity,userLeaving=false,finish]
03-25 09:29:38.783 I/sysui_multi_action( 1504): [757,803,799,window_time_0,802,231]
03-25 09:29:38.783 I/DreamManagerService( 1504): Gently waking up from dream.
03-25 09:29:38.784 I/DreamManagerService( 1504): Performing gentle wake from dream.
03-25 09:29:38.784 I/wm_on_top_resumed_lost_called( 4535): [42750329,android.service.dreams.DreamActivity,topStateChangedWhenResumed]
03-25 09:29:38.785 I/wm_on_paused_called( 4535): [42750329,android.service.dreams.DreamActivity,performPause]
03-25 09:29:38.785 I/wm_add_to_stopping( 1504): [0,42750329,com.thundercomm.screensaver/android.service.dreams.DreamActivity,completeFinishing]
03-25 09:29:38.786 I/ActivityTaskManager( 1504): FOREGROUND_APPLICATION_CHANGED to com.android.launcher3.uioverrides.QuickstepLauncher
03-25 09:29:38.787 I/wm_set_resumed_activity( 1504): [0,com.android.launcher3/.uioverrides.QuickstepLauncher,resumeTopActivityInnerLocked]
03-25 09:29:38.793 I/wm_resume_activity( 1504): [0,31052584,11,com.android.launcher3/.uioverrides.QuickstepLauncher]
03-25 09:29:38.803 I/view_enqueue_input_event( 4535): [Motion - Cancel,com.thundercomm.screensaver/android.service.dreams.DreamActivity]
03-25 09:29:38.804 I/input_focus( 1504): [Focus leaving 4187f17 com.thundercomm.screensaver/android.service.dreams.DreamActivity (server),reason=NO_WINDOW]
03-25 09:29:38.804 I/sysui_multi_action( 1504): [757,803,799,window_time_0,802,0]
03-25 09:29:38.807 I/wm_on_restart_called( 2845): [31052584,com.android.launcher3.uioverrides.QuickstepLauncher,performRestartActivity]
03-25 09:29:38.807 I/wm_on_start_called( 2845): [31052584,com.android.launcher3.uioverrides.QuickstepLauncher,handleStartActivity]
03-25 09:29:38.807 I/wm_on_resume_called( 2845): [31052584,com.android.launcher3.uioverrides.QuickstepLauncher,RESUME_ACTIVITY]
03-25 09:29:38.807 I/wm_on_top_resumed_gained_called( 2845): [31052584,com.android.launcher3.uioverrides.QuickstepLauncher,topWhenResuming]
03-25 09:29:38.807 I/input_interaction( 1504): Interaction with: edge-swipe (server), swipe-up (server), PointerEventDispatcher0 (server),
03-25 09:29:38.812 I/am_uid_active( 1504): 10062
03-25 09:29:38.816 I/input_focus( 1504): [Focus request d5729f7 com.android.launcher3/com.android.launcher3.uioverrides.QuickstepLauncher,reason=UpdateInputWindows]
03-25 09:29:38.825 I/am_pss ( 1504): [2955,1000,com.android.settings,137995264,122068992,0,290357248,0,15,11]
03-25 09:29:38.831 I/input_focus( 1504): [Focus entering d5729f7 com.android.launcher3/com.android.launcher3.uioverrides.QuickstepLauncher (server),reason=setFocusedWindow]
03-25 09:29:38.832 I/am_pss ( 1504): [3397,10019,android.process.media,10631168,8527872,0,103673856,0,19,6]
03-25 09:29:38.832 I/PowerManagerService( 1504): Powering on display group fromDreaming (groupId=0, uid=1000, reason=WAKE_REASON_UNKNOWN, details=android.server.power:DREAM_FINISHED)...
03-25 09:29:38.832 I/PowerManagerService( 1504): Waking up from Dreaming (uid=1000, reason=WAKE_REASON_UNKNOWN, details=android.server.power:DREAM_FINISHED)...
03-25 09:29:38.838 I/am_pss ( 1504): [5197,2000,com.android.shell,5769216,4222976,0,92291072,0,19,6]
03-25 09:29:38.844 I/am_pss ( 1504): [3871,1000,com.qti.diagservices,5685248,3829760,0,94568448,0,10,5]
03-25 09:29:38.894 W/FreeFormWindowHelper( 1504): Current Display FreeFormTask is null
03-25 09:29:39.068 I/wm_destroy_activity( 1504): [0,42750329,13,com.thundercomm.screensaver/android.service.dreams.DreamActivity,finish-imm:idle]
03-25 09:29:39.087 I/wm_on_stop_called( 4535): [42750329,android.service.dreams.DreamActivity,LIFECYCLER_STOP_ACTIVITY]
03-25 09:29:39.088 I/wm_on_destroy_called( 4535): [42750329,android.service.dreams.DreamActivity,performDestroy]
03-25 09:29:39.089 I/DreamManagerService( 1504): Leaving dreamland.
03-25 09:29:39.090 I/DreamManagerService( 1504): Performing gentle wake from dream.
03-25 09:29:39.090 I/DreamController( 1504): Stopping dream: name=ComponentInfo{com.thundercomm.screensaver/com.thundercomm.screensaver.service.SystemDream}, isTest=false, canDoze=false, userId=0, reason='finished self'(from 'finished self')
03-25 09:29:39.090 I/sysui_multi_action( 1504): [757,222,758,2]
03-25 09:29:39.090 I/sysui_multi_action( 1504): [757,804,799,dreaming_minutes,801,3,802,1]
03-25 09:29:39.096 I/wm_task_removed( 1504): [13,removeChild:removeChild last r=ActivityRecord{28c5179 u0 com.thundercomm.screensaver/android.service.dreams.DreamActivity t-1 f}} in t=Task{8ea0ced #13 type=dream A=10045:android:com.thundercomm.screensaver/dream U=0 visible=false mode=fullscreen translucent=true sz=0}]
03-25 09:29:39.096 I/wm_task_removed( 1504): [13,removeChild]
03-25 09:29:39.099 W/ActivityTaskManager( 1504): Can't find TaskDisplayArea to determine support for multi window. Task id=13 attached=false
01-03 10:04:54.799 I/binder ( 0): 1504:1774 ioctl 400c620e 77da8755d8 returned -22
03-25 09:30:20.832 D/ActivityManager( 1504): freezing 2812 com.android.settings:CryptKeeper
03-25 09:30:20.832 E/ActivityManager( 1504): Unable to freeze binder for 2812 com.android.settings:CryptKeeper
03-25 09:30:20.834 D/ActivityManager( 1504): froze 2812 com.android.settings:CryptKeeper
03-25 09:30:20.835 I/am_freeze( 1504): [2812,com.android.settings:CryptKeeper]
03-25 09:30:20.835 E/ActivityManager( 1504): Unable to freeze binder for 2812 com.android.settings:CryptKeeper
01-03 10:04:54.801 I/binder ( 0): 1504:1774 ioctl c00c620f 77da8755b8 returned -22
03-25 09:30:20.837 I/ActivityManager( 1504): Killing 2812:com.android.settings:CryptKeeper/1000 (adj 975): Unable to freeze binder interface
03-25 09:30:20.837 I/am_kill ( 1504): [0,2812,com.android.settings:CryptKeeper,975,Unable to freeze binder interface]
03-25 09:30:20.872 I/am_proc_died( 1504): [0,2812,com.android.settings:CryptKeeper,975,19]
01-03 10:04:56.011 I/binder ( 0): 1504:1774 ioctl 400c620e 77da8755d8 returned -22
01-03 10:04:56.012 I/binder ( 0): 1504:1774 ioctl c00c620f 77da8755b8 returned -22
03-25 09:30:22.043 D/ActivityManager( 1504): freezing 3413 com.android.documentsui
03-25 09:30:22.044 E/ActivityManager( 1504): Unable to freeze binder for 3413 com.android.documentsui
03-25 09:30:22.046 D/ActivityManager( 1504): froze 3413 com.android.documentsui
03-25 09:30:22.046 I/am_freeze( 1504): [3413,com.android.documentsui]
03-25 09:30:22.046 E/ActivityManager( 1504): Unable to freeze binder for 3413 com.android.documentsui
03-25 09:30:22.048 I/ActivityManager( 1504): Killing 3413:com.android.documentsui/u0a17 (adj 975): Unable to freeze binder interface
03-25 09:30:22.048 I/am_kill ( 1504): [0,3413,com.android.documentsui,975,Unable to freeze binder interface]
03-25 09:30:22.084 I/am_proc_died( 1504): [0,3413,com.android.documentsui,975,19]
03-25 09:30:22.085 I/am_uid_stopped( 1504): 10017
03-25 09:30:22.255 D/ActivityManager( 1504): freezing 3442 com.android.keychain
03-25 09:30:22.255 E/ActivityManager( 1504): Unable to freeze binder for 3442 com.android.keychain
03-25 09:30:22.256 D/ActivityManager( 1504): froze 3442 com.android.keychain
03-25 09:30:22.256 I/am_freeze( 1504): [3442,com.android.keychain]
03-25 09:30:22.256 E/ActivityManager( 1504): Unable to freeze binder for 3442 com.android.keychain
03-25 09:30:22.257 I/ActivityManager( 1504): Killing 3442:com.android.keychain/1000 (adj 975): Unable to freeze binder interface
03-25 09:30:22.258 I/am_kill ( 1504): [0,3442,com.android.keychain,975,Unable to freeze binder interface]
01-03 10:04:56.222 I/binder ( 0): 1504:1774 ioctl 400c620e 77da8755d8 returned -22
01-03 10:04:56.223 I/binder ( 0): 1504:1774 ioctl c00c620f 77da8755b8 returned -22
03-25 09:30:22.288 I/am_proc_died( 1504): [0,3442,com.android.keychain,975,19]
01-03 10:04:56.559 I/binder ( 0): 1504:1774 ioctl 400c620e 77da8755d8 returned -22
01-03 10:04:56.560 I/binder ( 0): 1504:1774 ioctl c00c620f 77da8755b8 returned -22
03-25 09:30:22.592 D/ActivityManager( 1504): freezing 3822 com.android.traceur
03-25 09:30:22.593 E/ActivityManager( 1504): Unable to freeze binder for 3822 com.android.traceur
03-25 09:30:22.593 D/ActivityManager( 1504): froze 3822 com.android.traceur
03-25 09:30:22.593 I/am_freeze( 1504): [3822,com.android.traceur]
03-25 09:30:22.594 E/ActivityManager( 1504): Unable to freeze binder for 3822 com.android.traceur
03-25 09:30:22.596 I/ActivityManager( 1504): Killing 3822:com.android.traceur/u0a32 (adj 975): Unable to freeze binder interface
03-25 09:30:22.596 I/am_kill ( 1504): [0,3822,com.android.traceur,975,Unable to freeze binder interface]
03-25 09:30:22.625 I/am_proc_died( 1504): [0,3822,com.android.traceur,975,19]
03-25 09:30:22.625 I/am_uid_stopped( 1504): 10032
01-03 10:04:56.756 I/binder ( 0): 1504:1774 ioctl 400c620e 77da8755d8 returned -22
01-03 10:04:56.757 I/binder ( 0): 1504:1774 ioctl c00c620f 77da8755b8 returned -22
03-25 09:30:22.789 D/ActivityManager( 1504): freezing 3897 com.android.dynsystem
03-25 09:30:22.789 E/ActivityManager( 1504): Unable to freeze binder for 3897 com.android.dynsystem
03-25 09:30:22.790 D/ActivityManager( 1504): froze 3897 com.android.dynsystem
03-25 09:30:22.790 I/am_freeze( 1504): [3897,com.android.dynsystem]
03-25 09:30:22.790 E/ActivityManager( 1504): Unable to freeze binder for 3897 com.android.dynsystem
03-25 09:30:22.791 I/ActivityManager( 1504): Killing 3897:com.android.dynsystem/1000 (adj 965): Unable to freeze binder interface
03-25 09:30:22.791 I/am_kill ( 1504): [0,3897,com.android.dynsystem,965,Unable to freeze binder interface]
03-25 09:30:22.813 I/am_proc_died( 1504): [0,3897,com.android.dynsystem,965,19]
03-25 09:30:22.822 I/am_pss ( 1504): [3850,10064,com.qualcomm.qti.devicestatisticsservice,5131264,3555328,0,88502272,0,0,6]
03-25 09:30:22.860 D/ActivityManager( 1504): freezing 3915 com.android.dynsystem:dynsystem
03-25 09:30:22.860 E/ActivityManager( 1504): Unable to freeze binder for 3915 com.android.dynsystem:dynsystem
01-03 10:04:56.827 I/binder ( 0): 1504:1774 ioctl 400c620e 77da8755d8 returned -22
01-03 10:04:56.828 I/binder ( 0): 1504:1774 ioctl c00c620f 77da8755b8 returned -22
03-25 09:30:22.861 D/ActivityManager( 1504): froze 3915 com.android.dynsystem:dynsystem
03-25 09:30:22.861 I/am_freeze( 1504): [3915,com.android.dynsystem:dynsystem]
03-25 09:30:22.862 E/ActivityManager( 1504): Unable to freeze binder for 3915 com.android.dynsystem:dynsystem
03-25 09:30:22.863 I/ActivityManager( 1504): Killing 3915:com.android.dynsystem:dynsystem/1000 (adj 995): Unable to freeze binder interface
03-25 09:30:22.863 I/am_kill ( 1504): [0,3915,com.android.dynsystem:dynsystem,995,Unable to freeze binder interface]
03-25 09:30:22.889 I/am_proc_died( 1504): [0,3915,com.android.dynsystem:dynsystem,995,19]
01-03 10:04:57.069 I/binder ( 0): 1504:1774 ioctl 400c620e 77da8755d8 returned -22
01-03 10:04:57.071 I/binder ( 0): 1504:1774 ioctl c00c620f 77da8755b8 returned -22
03-25 09:30:23.102 D/ActivityManager( 1504): freezing 3983 com.android.music
03-25 09:30:23.102 E/ActivityManager( 1504): Unable to freeze binder for 3983 com.android.music
03-25 09:30:23.104 D/ActivityManager( 1504): froze 3983 com.android.music
03-25 09:30:23.104 I/am_freeze( 1504): [3983,com.android.music]
03-25 09:30:23.104 E/ActivityManager( 1504): Unable to freeze binder for 3983 com.android.music
03-25 09:30:23.105 I/ActivityManager( 1504): Killing 3983:com.android.music/u0a86 (adj 985): Unable to freeze binder interface
03-25 09:30:23.106 I/am_kill ( 1504): [0,3983,com.android.music,985,Unable to freeze binder interface]
03-25 09:30:23.135 I/am_proc_died( 1504): [0,3983,com.android.music,985,19]
03-25 09:30:23.136 I/am_uid_stopped( 1504): 10086
03-25 09:30:23.344 D/ActivityManager( 1504): freezing 4074 com.android.onetimeinitializer
03-25 09:30:23.345 E/ActivityManager( 1504): Unable to freeze binder for 4074 com.android.onetimeinitializer
