03-25 09:24:37.477 I/sysui_multi_action( 1504): [757,1717,758,1,759,0]
03-25 09:24:37.478 I/sysui_multi_action( 1504): [757,1717,758,2,759,0]
03-25 09:24:37.478 I/sysui_multi_action( 1504): [757,1717,758,3,759,0]
03-25 09:24:37.582 I/NotificationService( 1504): cancelToast pkg=com.android.settings token=android.os.BinderProxy@a42d664
03-25 09:24:37.588 I/sysui_multi_action( 2955): [757,848,758,4]
03-25 09:24:37.589 I/sysui_multi_action( 2955): [757,830,758,4,833,0,854,build_number,1089,0]
01-03 09:59:11.698 I/ ( 0): read descriptors
01-03 09:59:11.698 I/ ( 0): read strings
03-25 09:24:37.816 I/NotificationService( 1504): cancelToast pkg=com.android.settings token=android.os.BinderProxy@cc7ccc9
03-25 09:24:37.817 I/am_uid_stopped( 1504): 2000
03-25 09:24:37.819 I/ActivityManager( 1504): Killing 4134:com.android.shell/2000 (adj 935): change com.android.shell
03-25 09:24:37.819 I/am_kill ( 1504): [0,4134,com.android.shell,935,change com.android.shell]
03-25 09:24:37.830 D/CompanionDeviceManagerService( 1504): onPackageModified(packageName = com.android.shell)
03-25 09:24:37.835 I/Telecom ( 1504): DefaultDialerCache: Refreshing default dialer for user 0: now null: DDC.oR@ACA
03-25 09:24:37.837 I/sysui_multi_action( 2955): [757,848,758,4]
03-25 09:24:37.838 I/sysui_multi_action( 2955): [757,848,758,4]
03-25 09:24:37.838 I/sysui_multi_action( 2955): [757,830,758,4,833,0,854,build_number,1089,0]
03-25 09:24:37.847 W/VoiceInteractionManager( 1504): no available voice recognition services found for user 0
03-25 09:24:37.853 W/ActivityManager( 1504): ProcessRecord{2d42961 0:com.android.shell/2000} is attached to a previous process 4134
03-25 09:24:37.853 I/am_uid_running( 1504): 2000
03-25 09:24:37.853 I/ActivityManager( 1504): com.android.shell is exempt from freezer
03-25 09:24:37.853 D/CompatibilityChangeReporter( 1504): Compat change id reported: 135634846; UID 2000; state: DISABLED
03-25 09:24:37.854 D/CompatibilityChangeReporter( 1504): Compat change id reported: 177438394; UID 2000; state: DISABLED
03-25 09:24:37.854 D/CompatibilityChangeReporter( 1504): Compat change id reported: 135772972; UID 2000; state: DISABLED
03-25 09:24:37.854 D/CompatibilityChangeReporter( 1504): Compat change id reported: 135754954; UID 2000; state: ENABLED
03-25 09:24:37.865 W/NotificationService( 1504): Toast already killed. pkg=com.android.settings token=android.os.BinderProxy@a42d664
03-25 09:24:37.881 V/ActivityManager( 1504): Got obituary of 4134:com.android.shell
03-25 09:24:37.889 I/am_proc_start( 1504): [0,5197,2000,com.android.shell,content provider,{com.android.shell/com.android.shell.BugreportStorageProvider}]
03-25 09:24:37.889 I/ActivityManager( 1504): Start proc 5197:com.android.shell/2000 for content provider {com.android.shell/com.android.shell.BugreportStorageProvider}
01-03 09:59:11.868 I/binder ( 0): 5197:5197 ioctl 40046210 7fd5c529e4 returned -22
03-25 09:24:37.910 I/am_proc_bound( 1504): [0,5197,com.android.shell]
03-25 09:24:37.911 D/CompatibilityChangeReporter( 1504): Compat change id reported: 168419799; UID 2000; state: DISABLED
03-25 09:24:37.977 I/sysui_multi_action( 2955): [757,830,758,4,833,0,854,build_number,1089,0]
03-25 09:24:38.016 I/commit_sys_config_file( 1504): [settings-0-0,5]
03-25 09:24:38.168 I/sysui_multi_action( 2955): [757,830,758,4,833,0,854,build_number,1089,0]
03-25 09:24:38.366 I/sysui_multi_action( 2955): [757,830,758,4,833,0,854,build_number,1089,0]
01-03 09:59:12.722 I/ ( 0): read descriptors
01-03 09:59:12.722 I/ ( 0): read strings
03-25 09:24:38.867 D/CompanionDeviceManagerService( 1504): onPackageModified(packageName = com.android.settings)
03-25 09:24:38.875 I/Telecom ( 1504): DefaultDialerCache: Refreshing default dialer for user 0: now null: DDC.oR@ACE
03-25 09:24:38.900 W/VoiceInteractionManager( 1504): no available voice recognition services found for user 0
03-25 09:24:38.999 I/sysui_multi_action( 2955): [757,830,758,4,833,0,854,top_level_game,1089,0]
03-25 09:24:39.105 I/sysui_multi_action( 2955): [757,40,758,2,1089,3962]
03-25 09:24:39.120 E/UserRestrictionsUtils( 1504): Unknown restriction queried by uid 1000 (com.android.wallpaperbackup et al): null
03-25 09:24:39.121 E/UserRestrictionsUtils( 1504): Unknown restriction queried by uid 1000 (com.android.wallpaperbackup et al): null
03-25 09:24:39.137 I/sysui_multi_action( 2955): [757,3000,758,1,833,0,1089,19]
03-25 09:24:39.137 I/sysui_multi_action( 2955): [757,1729,758,4,854,isParalleledControllers:false,1089,20]
03-25 09:24:39.382 I/sysui_multi_action( 2955): [757,830,758,4,833,0,854,top_level_system,1089,0]
03-25 09:24:39.444 I/commit_sys_config_file( 1504): [package-user-0,7]
03-25 09:24:39.486 I/sysui_multi_action( 2955): [757,3000,758,2,1089,349]
03-25 09:24:39.500 E/UserRestrictionsUtils( 1504): Unknown restriction queried by uid 1000 (com.android.wallpaperbackup et al): null
03-25 09:24:39.501 E/UserRestrictionsUtils( 1504): Unknown restriction queried by uid 1000 (com.android.wallpaperbackup et al): null
03-25 09:24:39.502 E/UserRestrictionsUtils( 1504): Unknown restriction queried by uid 1000 (com.android.wallpaperbackup et al): null
03-25 09:24:39.502 E/UserRestrictionsUtils( 1504): Unknown restriction queried by uid 1000 (com.android.wallpaperbackup et al): null
03-25 09:24:39.503 E/UserRestrictionsUtils( 1504): Unknown restriction queried by uid 1000 (com.android.wallpaperbackup et al): null
03-25 09:24:39.504 E/UserRestrictionsUtils( 1504): Unknown restriction queried by uid 1000 (com.android.wallpaperbackup et al): null
03-25 09:24:39.523 I/sysui_multi_action( 2955): [757,744,758,1,833,0,1089,29]
03-25 09:24:39.524 I/sysui_multi_action( 2955): [757,1729,758,4,854,isParalleledControllers:false,1089,31]
01-03 09:59:13.749 I/ ( 0): read descriptors
01-03 09:59:13.750 I/ ( 0): read strings
03-25 09:24:40.317 I/sysui_multi_action( 2955): [757,830,758,4,833,0,854,dashboard_tile_pref_com.android.settings.Settings$DevelopmentSettingsDashboardActivity,1089,0]
03-25 09:24:40.428 I/sysui_multi_action( 2955): [757,744,758,2,1089,904]
03-25 09:24:40.490 E/UserRestrictionsUtils( 1504): Unknown restriction queried by uid 1000 (com.android.wallpaperbackup et al): null
03-25 09:24:40.492 E/UserRestrictionsUtils( 1504): Unknown restriction queried by uid 1000 (com.android.wallpaperbackup et al): null
03-25 09:24:40.496 E/UserRestrictionsUtils( 1504): Unknown restriction queried by uid 1000 (com.android.wallpaperbackup et al): null
03-25 09:24:40.496 E/UserRestrictionsUtils( 1504): Unknown restriction queried by uid 1000 (com.android.wallpaperbackup et al): null
03-25 09:24:40.499 E/UserRestrictionsUtils( 1504): Unknown restriction queried by uid 1000 (com.android.wallpaperbackup et al): null
03-25 09:24:40.501 E/UserRestrictionsUtils( 1504): Unknown restriction queried by uid 1000 (com.android.wallpaperbackup et al): null
03-25 09:24:40.502 E/UserRestrictionsUtils( 1504): Unknown restriction queried by uid 1000 (com.android.wallpaperbackup et al): null
03-25 09:24:40.503 E/UserRestrictionsUtils( 1504): Unknown restriction queried by uid 1000 (com.android.wallpaperbackup et al): null
03-25 09:24:40.510 E/UserRestrictionsUtils( 1504): Unknown restriction queried by uid 1000 (com.android.wallpaperbackup et al): null
03-25 09:24:40.523 I/auditd ( 2955): type=1400 audit(0.0:492): avc: denied { read } for comm="ndroid.settings" name="pagetypeinfo" dev="proc" ino=4026531857 scontext=u:r:system_app:s0 tcontext=u:object_r:proc_pagetypeinfo:s0 tclass=file permissive=0
03-25 09:24:40.523 I/auditd ( 2955): type=1400 audit(0.0:493): avc: denied { search } for comm="ndroid.settings" name="zram0" dev="sysfs" ino=56847 scontext=u:r:system_app:s0 tcontext=u:object_r:sysfs_zram:s0 tclass=dir permissive=0
03-25 09:24:40.523 I/auditd ( 2955): type=1400 audit(0.0:494): avc: denied { search } for comm="ndroid.settings" name="zram0" dev="sysfs" ino=56847 scontext=u:r:system_app:s0 tcontext=u:object_r:sysfs_zram:s0 tclass=dir permissive=0
03-25 09:24:40.565 I/sysui_multi_action( 2955): [757,39,758,1,833,0,1089,129]
03-25 09:24:40.566 D/TelephonyRegistry( 1504): listen oscl: mHasNotifySubscriptionInfoChangedOccurred==false no callback
03-25 09:24:40.571 D/TelephonyRegistry( 1504): listen oscl: mHasNotifySubscriptionInfoChangedOccurred==false no callback
03-25 09:24:40.579 I/auditd ( 2955): type=1400 audit(0.0:495): avc: denied { read } for comm="pool-2-thread-2" name="pagetypeinfo" dev="proc" ino=4026531857 scontext=u:r:system_app:s0 tcontext=u:object_r:proc_pagetypeinfo:s0 tclass=file permissive=0
03-25 09:24:40.579 I/auditd ( 2955): type=1400 audit(0.0:496): avc: denied { search } for comm="pool-2-thread-2" name="zram0" dev="sysfs" ino=56847 scontext=u:r:system_app:s0 tcontext=u:object_r:sysfs_zram:s0 tclass=dir permissive=0
03-25 09:24:40.579 I/auditd ( 2955): type=1400 audit(0.0:497): avc: denied { search } for comm="pool-2-thread-2" name="zram0" dev="sysfs" ino=56847 scontext=u:r:system_app:s0 tcontext=u:object_r:sysfs_zram:s0 tclass=dir permissive=0
03-25 09:24:40.601 I/sysui_multi_action( 2955): [757,1729,758,4,854,isParalleledControllers:false,1089,165]
03-25 09:24:40.764 I/commit_sys_config_file( 1504): [settings-0-0,6]
01-03 09:59:14.774 I/ ( 0): read descriptors
01-03 09:59:14.774 I/ ( 0): read strings
01-03 09:59:15.794 I/ ( 0): read descriptors
01-03 09:59:15.795 I/ ( 0): read strings
03-25 09:24:41.907 I/sysui_multi_action( 1504): [757,1717,758,1,759,0]
03-25 09:24:41.907 I/sysui_multi_action( 1504): [757,1717,758,2,759,0]
03-25 09:24:41.908 I/sysui_multi_action( 1504): [757,1717,758,3,759,0]
03-25 09:24:41.940 W/NotificationService( 1504): Toast already killed. pkg=com.android.settings token=android.os.BinderProxy@ee44bdc
01-03 09:59:16.823 I/ ( 0): read descriptors
01-03 09:59:16.823 I/ ( 0): read strings
01-03 09:59:17.838 I/ ( 0): read descriptors
01-03 09:59:17.838 I/ ( 0): read strings
03-25 09:24:44.519 I/sysui_multi_action( 2955): [757,830,758,4,833,0,854,enable_adb,1089,0]
03-25 09:24:44.596 I/sysui_multi_action( 2955): [757,1222,758,1,833,0,1089,44]
03-25 09:24:44.607 I/input_focus( 1504): [Focus request e598bba com.android.settings/com.android.settings.Settings,reason=UpdateInputWindows]
03-25 09:24:44.642 I/input_focus( 1504): [Focus leaving dc89173 com.android.settings/com.android.settings.Settings (server),reason=setFocusedWindow]
03-25 09:24:44.642 I/input_focus( 1504): [Focus entering e598bba com.android.settings/com.android.settings.Settings (server),reason=setFocusedWindow]
01-03 09:59:18.858 I/ ( 0): read descriptors
01-03 09:59:18.858 I/ ( 0): read strings
03-25 09:24:45.158 I/am_pss ( 1504): [2955,1000,com.android.settings,179254272,162267136,0,333193216,0,2,15]
03-25 09:24:45.403 I/input_interaction( 1504): Interaction with: e598bba com.android.settings/com.android.settings.Settings (server), edge-swipe (server), swipe-up (server), PointerEventDispatcher0 (server),
01-03 09:59:19.566 I/init ( 0): Control message: Processed ctl.start for 'adbd' from pid: 1504 (system_server)
01-03 09:59:19.578 I/init ( 0): processing action (sys.usb.config=none && sys.usb.configfs=1) from (/vendor/etc/init/hw/init.qcom.usb.rc:142)
03-25 09:24:45.609 I/UsbDeviceManager( 1504): Setting USB config to adb
01-03 09:59:19.579 I/ ( 0): mtp_release
03-25 09:24:45.617 I/input_focus( 1504): [Focus request dc89173 com.android.settings/com.android.settings.Settings,reason=UpdateInputWindows]
01-03 09:59:19.586 I/init ( 0): Command 'rm /config/usb_gadget/g1/configs/b.1/f2' action=sys.usb.config=none && sys.usb.configfs=1 (/vendor/etc/init/hw/init.qcom.usb.rc:144) took 0ms and failed: unlink() failed: No such file or directory
01-03 09:59:19.586 I/init ( 0): Command 'rm /config/usb_gadget/g1/configs/b.1/f3' action=sys.usb.config=none && sys.usb.configfs=1 (/vendor/etc/init/hw/init.qcom.usb.rc:145) took 0ms and failed: unlink() failed: No such file or directory
01-03 09:59:19.586 I/init ( 0): Command 'rm /config/usb_gadget/g1/configs/b.1/f4' action=sys.usb.config=none && sys.usb.configfs=1 (/vendor/etc/init/hw/init.qcom.usb.rc:146) took 0ms and failed: unlink() failed: No such file or directory
01-03 09:59:19.586 I/init ( 0): Command 'rm /config/usb_gadget/g1/configs/b.1/f5' action=sys.usb.config=none && sys.usb.configfs=1 (/vendor/etc/init/hw/init.qcom.usb.rc:147) took 0ms and failed: unlink() failed: No such file or directory
01-03 09:59:19.587 I/init ( 0): Command 'rm /config/usb_gadget/g1/configs/b.1/f6' action=sys.usb.config=none && sys.usb.configfs=1 (/vendor/etc/init/hw/init.qcom.usb.rc:148) took 0ms and failed: unlink() failed: No such file or directory
01-03 09:59:19.587 I/init ( 0): Command 'rm /config/usb_gadget/g1/configs/b.1/f7' action=sys.usb.config=none && sys.usb.configfs=1 (/vendor/etc/init/hw/init.qcom.usb.rc:149) took 0ms and failed: unlink() failed: No such file or directory
01-03 09:59:19.587 I/init ( 0): Command 'rm /config/usb_gadget/g1/configs/b.1/f8' action=sys.usb.config=none && sys.usb.configfs=1 (/vendor/etc/init/hw/init.qcom.usb.rc:150) took 0ms and failed: unlink() failed: No such file or directory
01-03 09:59:19.587 I/init ( 0): Command 'rm /config/usb_gadget/g1/configs/b.1/f9' action=sys.usb.config=none && sys.usb.configfs=1 (/vendor/etc/init/hw/init.qcom.usb.rc:151) took 0ms and failed: unlink() failed: No such file or directory
03-25 09:24:45.635 I/sysui_multi_action( 2955): [757,1222,758,2,1089,1038]
03-25 09:24:45.643 I/input_focus( 1504): [Focus entering dc89173 com.android.settings/com.android.settings.Settings (server),reason=setFocusedWindow]
01-03 09:59:19.670 I/ ( 0): read descriptors
01-03 09:59:19.670 I/ ( 0): read strings
01-03 09:59:19.742 I/android_work( 0): sent uevent USB_STATE=DISCONNECTED
03-25 09:24:45.797 I/commit_sys_config_file( 1504): [settings-0-0,5]
03-25 09:24:45.815 W/Looper ( 1504): Slow dispatch took 214ms android.fg h=com.android.server.usb.UsbDeviceManager$UsbHandlerLegacy c=null m=1
03-25 09:24:45.815 I/notification_enqueue( 1504): [1000,1504,android,26,NULL,-1,Notification(channel=DEVELOPER_IMPORTANT shortcut=null contentView=null vibrate=null sound=null tick defaults=0x0 flags=0x2 color=0x00000000 vis=PUBLIC),0]
03-25 09:24:45.816 W/Looper ( 1504): Slow delivery took 215ms android.fg h=com.android.server.adb.AdbDebuggingManager$AdbDebuggingHandler c=null m=1
03-25 09:24:45.816 W/Looper ( 1504): Drained
01-03 09:59:19.848 E/msm-dwc3 a600000.ssusb( 0): Could not get usb psy
01-03 09:59:19.942 E/msm-dwc3 a600000.ssusb( 0): Could not get usb psy
01-03 09:59:19.942 I/android_work( 0): did not send uevent (0 0 0000000000000000)
03-25 09:24:46.017 I/sysui_multi_action( 1504): [757,1501,758,1,793,203,794,0,795,203,796,26,806,android,857,DEVELOPER_IMPORTANT,858,4,947,0,1500,0]
03-25 09:24:46.017 I/sysui_multi_action( 1504): [757,804,799,note_interruptive,801,0,802,1]
03-25 09:24:46.018 I/GameModeConfig( 1504): isGameModeOn = false
03-25 09:24:46.020 W/NotificationHistory( 1504): Attempted to add notif for locked/gone/disabled user 0
01-03 09:59:20.032 I/android_work( 0): sent uevent USB_STATE=CONNECTED
01-03 09:59:20.051 E/msm-dwc3 a600000.ssusb( 0): Could not get usb psy
03-25 09:24:46.090 I/sysui_multi_action( 2355): [757,803,799,note_peek,802,1]
03-25 09:24:46.098 I/sysui_multi_action( 1504): [757,127,758,1]
03-25 09:24:46.098 I/sysui_multi_action( 1504): [757,804,799,note_load,801,1,802,1]
03-25 09:24:46.098 I/notification_panel_revealed( 1504): 1
01-03 09:59:20.063 I/configfs-gadget gadget( 0): high-speed config #1: b
01-03 09:59:20.063 E/msm-dwc3 a600000.ssusb( 0): Could not get usb psy
01-03 09:59:20.063 I/android_work( 0): sent uevent USB_STATE=CONFIGURED
03-25 09:24:46.100 I/sysui_heads_up_status( 2355): [-1|android|26|null|1000,1]
03-25 09:24:46.117 I/sysui_multi_action( 1504): [757,128,758,1,793,263695,794,0,795,263695,796,17303299,797,com.android.wifi,798,1,806,android,857,NETWORK_AVAILABLE,858,2,947,0,1395,3,1500,263490,1688,1]
03-25 09:24:46.118 I/sysui_multi_action( 1504): [757,804,799,note_freshness,801,263695,802,1]
03-25 09:24:46.118 I/notification_visibility( 1504): [0|android|17303299|com.android.wifi|1000,1,263695,263695,0,1]
03-25 09:24:46.118 I/sysui_multi_action( 1504): [757,128,758,1,793,264491,794,0,795,264491,796,32,798,2,806,android,857,USB,858,1,947,0,1395,3,1500,264289,1688,1]
03-25 09:24:46.119 I/sysui_multi_action( 1504): [757,804,799,note_freshness,801,264491,802,1]
03-25 09:24:46.119 I/notification_visibility( 1504): [-1|android|32|null|1000,1,264491,264491,0,2]
03-25 09:24:46.498 I/input_interaction( 1504): Interaction with: dc89173 com.android.settings/com.android.settings.Settings (server), edge-swipe (server), swipe-up (server), PointerEventDispatcher0 (server),
03-25 09:24:46.519 W/FreeFormWindowHelper( 1504): Current Display FreeFormTask is null
03-25 09:24:46.522 W/FreeFormWindowHelper( 1504): Current Display FreeFormTask is null
03-25 09:24:46.522 W/FreeFormWindowHelper( 1504): Current Display FreeFormTask is null
03-25 09:24:46.528 W/FreeFormWindowHelper( 1504): Current Display FreeFormTask is null
03-25 09:24:46.528 I/wm_task_moved( 1504): [1,0,0]
03-25 09:24:46.529 I/wm_task_moved( 1504): [1,0,5]
03-25 09:24:46.530 W/FreeFormWindowHelper( 1504): Current Display FreeFormTask is null
03-25 09:24:46.538 I/view_enqueue_input_event( 2955): [Motion - Cancel,com.android.settings/com.android.settings.Settings]
03-25 09:24:46.542 I/input_focus( 1504): [Focus request recents_animation_input_consumer,reason=UpdateInputWindows]
03-25 09:24:46.548 I/wm_on_restart_called( 2845): [31052584,com.android.launcher3.uioverrides.QuickstepLauncher,performRestartActivity]
03-25 09:24:46.550 W/FreeFormWindowHelper( 1504): Current Display FreeFormTask is null
03-25 09:24:46.550 W/FreeFormWindowHelper( 1504): Current Display FreeFormTask is null
03-25 09:24:46.550 I/input_interaction( 1504): Interaction with: edge-swipe (server), swipe-up (server), PointerEventDispatcher0 (server),
03-25 09:24:46.551 W/FreeFormWindowHelper( 1504): Current Display FreeFormTask is null
03-25 09:24:46.562 I/input_focus( 1504): [Focus leaving dc89173 com.android.settings/com.android.settings.Settings (server),reason=NOT_FOCUSABLE]
03-25 09:24:46.562 I/input_focus( 1504): [Focus entering recents_animation_input_consumer (server),reason=setFocusedWindow]
03-25 09:24:46.569 I/wm_on_start_called( 2845): [31052584,com.android.launcher3.uioverrides.QuickstepLauncher,handleStartActivity]
03-25 09:24:46.569 W/FreeFormWindowHelper( 1504): Current Display FreeFormTask is null
03-25 09:24:46.571 W/FreeFormWindowHelper( 1504): Current Display FreeFormTask is null
03-25 09:24:46.571 W/ActivityTaskManager( 1504): getTaskSnapshot: taskId=794 not found
03-25 09:24:46.572 W/ActivityTaskManager( 1504): getTaskSnapshot: taskId=835 not found
03-25 09:24:46.574 W/ActivityTaskManager( 1504): getTaskSnapshot: taskId=835 not found
03-25 09:24:46.574 W/ActivityTaskManager( 1504): getTaskSnapshot: taskId=835 not found
03-25 09:24:46.574 W/ActivityTaskManager( 1504): getTaskSnapshot: taskId=835 not found
03-25 09:24:46.574 W/ActivityTaskManager( 1504): getTaskSnapshot: taskId=835 not found
03-25 09:24:46.580 W/FreeFormWindowHelper( 1504): Current Display FreeFormTask is null
03-25 09:24:46.581 W/FreeFormWindowHelper( 1504): Current Display FreeFormTask is null
03-25 09:24:46.585 I/sysui_latency( 2845): [1,84]
03-25 09:24:46.593 W/FreeFormWindowHelper( 1504): Current Display FreeFormTask is null
03-25 09:24:46.594 W/FreeFormWindowHelper( 1504): Current Display FreeFormTask is null
03-25 09:24:46.598 I/sysui_multi_action( 1504): [319,7,322,64,325,288,757,761,758,9,759,5,806,com.android.launcher3,871,com.android.launcher3.uioverrides.QuickstepLauncher,905,0,1320,4,1321,1]
03-25 09:24:46.617 I/sysui_multi_action( 1504): [757,128,758,1,793,802,794,0,795,802,796,26,798,0,806,android,857,DEVELOPER_IMPORTANT,858,4,947,0,1395,3,1500,599,1688,1]
03-25 09:24:46.617 I/sysui_multi_action( 1504): [757,804,799,note_freshness,801,802,802,1]
03-25 09:24:46.617 I/notification_visibility( 1504): [-1|android|26|null|1000,1,802,802,0,0]
03-25 09:24:46.617 I/sysui_multi_action( 1504): [757,128,758,2,793,264195,794,500,795,264195,796,17303299,797,com.android.wifi,798,1,806,android,857,NETWORK_AVAILABLE,858,2,947,0,1395,3,1500,263990,1688,1]
03-25 09:24:46.617 I/notification_visibility( 1504): [0|android|17303299|com.android.wifi|1000,0,264195,264195,0,1]
03-25 09:24:46.618 I/sysui_multi_action( 1504): [757,128,758,2,793,264990,794,499,795,264990,796,32,798,2,806,android,857,USB,858,1,947,0,1395,3,1500,264788,1688,1]
03-25 09:24:46.618 I/notification_visibility( 1504): [-1|android|32|null|1000,0,264990,264990,0,2]
03-25 09:24:46.712 W/FreeFormWindowHelper( 1504): exitRecentTasks type=0
03-25 09:24:46.718 W/FreeFormWindowHelper( 1504): Current Display FreeFormTask is null
03-25 09:24:46.718 W/FreeFormWindowHelper( 1504): Current Display FreeFormTask is null
03-25 09:24:46.769 I/commit_sys_config_file( 1504): [settings-1-0,3]
03-25 09:24:46.895 I/sysui_latency( 1504): [8,91]
03-25 09:24:47.369 W/FreeFormWindowHelper( 1504): Current Display FreeFormTask is null
03-25 09:24:47.370 W/FreeFormWindowHelper( 1504): Current Display FreeFormTask is null
03-25 09:24:47.375 I/wm_task_moved( 1504): [1,1,6]
03-25 09:24:47.376 I/wm_task_moved( 1504): [11,1,2147483647]
03-25 09:24:47.376 I/wm_task_to_front( 1504): [0,11]
03-25 09:24:47.376 I/wm_focused_root_task( 1504): [0,0,1,12,RecentsAnimation.onAnimationFinished()]
03-25 09:24:47.377 I/wm_set_resumed_activity( 1504): [0,com.android.launcher3/.uioverrides.QuickstepLauncher,RecentsAnimation.onAnimationFinished()]
03-25 09:24:47.379 I/wm_pause_activity( 1504): [0,21001422,com.android.settings/.Settings,userLeaving=true,pauseBackTasks]
03-25 09:24:47.380 I/wm_add_to_stopping( 1504): [0,21001422,com.android.settings/.Settings,makeInvisible]
03-25 09:24:47.380 I/ActivityTaskManager( 1504): FOREGROUND_APPLICATION_CHANGED to com.android.launcher3.uioverrides.QuickstepLauncher
03-25 09:24:47.380 I/wm_set_resumed_activity( 1504): [0,com.android.launcher3/.uioverrides.QuickstepLauncher,resumeTopActivityInnerLocked]
03-25 09:24:47.383 I/wm_resume_activity( 1504): [0,31052584,11,com.android.launcher3/.uioverrides.QuickstepLauncher]
03-25 09:24:47.384 I/wm_on_top_resumed_lost_called( 2955): [21001422,com.android.settings.Settings,topStateChangedWhenResumed]
03-25 09:24:47.388 I/wm_on_resume_called( 2845): [31052584,com.android.launcher3.uioverrides.QuickstepLauncher,RESUME_ACTIVITY]
03-25 09:24:47.388 I/input_focus( 1504): [Focus request d5729f7 com.android.launcher3/com.android.launcher3.uioverrides.QuickstepLauncher,reason=UpdateInputWindows]
03-25 09:24:47.390 I/am_uid_idle( 1504): 10045
03-25 09:24:47.395 I/wm_on_top_resumed_gained_called( 2845): [31052584,com.android.launcher3.uioverrides.QuickstepLauncher,topStateChangedWhenResumed]
03-25 09:24:47.396 I/wm_stop_activity( 1504): [0,21001422,com.android.settings/.Settings]
03-25 09:24:47.397 I/sysui_multi_action( 1504): [757,803,799,window_time_0,802,15]
03-25 09:24:47.397 I/input_focus( 1504): [Focus leaving recents_animation_input_consumer (server),reason=NOT_VISIBLE]
03-25 09:24:47.398 I/input_focus( 1504): [Focus entering d5729f7 com.android.launcher3/com.android.launcher3.uioverrides.QuickstepLauncher (server),reason=setFocusedWindow]
03-25 09:24:47.398 I/sysui_multi_action( 2955): [757,35,758,2,1089,13955]
03-25 09:24:47.400 I/sysui_multi_action( 1504): [757,803,799,window_time_0,802,0]
03-25 09:24:47.400 I/sysui_multi_action( 2955): [757,39,758,2,1089,6835]
03-25 09:24:47.403 I/wm_on_paused_called( 2955): [21001422,com.android.settings.Settings,performPause]
03-25 09:24:47.437 I/wm_on_stop_called( 2955): [21001422,com.android.settings.Settings,STOP_ACTIVITY_ITEM]
03-25 09:24:47.489 W/FreeFormWindowHelper( 1504): Current Display FreeFormTask is null
03-25 09:24:47.539 I/input_interaction( 1504): Interaction with: d5729f7 com.android.launcher3/com.android.launcher3.uioverrides.QuickstepLauncher (server), 6988180 com.android.systemui.ImageWallpaper (server), edge-swipe (server), swipe-up (server), PointerEventDispatcher0 (server),
03-25 09:24:47.595 I/input_focus( 1504): [Focus request 94683a3 NotificationShade,reason=UpdateInputWindows]
03-25 09:24:47.614 I/input_focus( 1504): [Focus leaving d5729f7 com.android.launcher3/com.android.launcher3.uioverrides.QuickstepLauncher (server),reason=setFocusedWindow]
03-25 09:24:47.614 I/input_focus( 1504): [Focus entering 94683a3 NotificationShade (server),reason=setFocusedWindow]
03-25 09:24:47.624 I/sysui_multi_action( 1504): [757,128,758,1,793,265202,794,0,795,265202,796,17303299,797,com.android.wifi,798,1,806,android,857,NETWORK_AVAILABLE,858,2,947,0,1395,3,1500,264997,1688,1]
03-25 09:24:47.624 I/sysui_multi_action( 1504): [757,804,799,note_freshness,801,265202,802,1]
03-25 09:24:47.624 I/notification_visibility( 1504): [0|android|17303299|com.android.wifi|1000,1,265202,265202,0,1]
03-25 09:24:47.624 I/sysui_multi_action( 1504): [757,128,758,1,793,265997,794,0,795,265997,796,32,798,2,806,android,857,USB,858,1,947,0,1395,3,1500,265795,1688,1]
03-25 09:24:47.624 I/sysui_multi_action( 1504): [757,804,799,note_freshness,801,265997,802,1]
03-25 09:24:47.624 I/notification_visibility( 1504): [-1|android|32|null|1000,1,265997,265997,0,2]
03-25 09:24:47.633 I/input_interaction( 1504): Interaction with: d5729f7 com.android.launcher3/com.android.launcher3.uioverrides.QuickstepLauncher (server), 6988180 com.android.systemui.ImageWallpaper (server), 94683a3 NotificationShade (server), edge-swipe (server), swipe-up (server), PointerEventDispatcher0 (server),
03-25 09:24:47.633 I/view_enqueue_input_event( 2845): [Motion - Cancel,com.android.launcher3/com.android.launcher3.uioverrides.QuickstepLauncher]
03-25 09:24:47.635 I/sysui_multi_action( 2355): [757,803,799,panel_open,802,1]
03-25 09:24:47.647 I/input_interaction( 1504): Interaction with: 6988180 com.android.systemui.ImageWallpaper (server), 94683a3 NotificationShade (server), edge-swipe (server), swipe-up (server), PointerEventDispatcher0 (server),
03-25 09:24:47.665 I/sysui_multi_action( 2355): [757,111,758,1]
03-25 09:24:47.665 I/sysui_multi_action( 2355): [757,126,758,1,759,126,927,0,928,1,1593,0]
03-25 09:24:47.665 I/sysui_multi_action( 2355): [757,113,758,1,759,113,927,1,928,1,1593,0]
03-25 09:24:47.665 I/sysui_multi_action( 2355): [757,0,758,1,759,0,927,2,928,0,1593,0]
03-25 09:24:47.665 I/sysui_multi_action( 2355): [757,0,758,1,759,0,927,3,928,0,1593,0]
03-25 09:24:47.666 I/sysui_multi_action( 2355): [757,491,758,1,759,491,927,4,928,0,1311,-1,1593,0]
03-25 09:24:47.666 I/sysui_multi_action( 2355): [757,0,758,1,759,0,927,5,928,0,1593,0]
03-25 09:24:47.666 I/sysui_multi_action( 2355): [757,111,758,1]
03-25 09:24:47.666 I/sysui_multi_action( 2355): [757,126,758,1,759,126,927,0,928,1,1593,0]
03-25 09:24:47.667 I/sysui_multi_action( 2355): [757,113,758,1,759,113,927,1,928,1,1593,0]
03-25 09:24:47.667 I/sysui_multi_action( 2355): [757,0,758,1,759,0,927,2,928,0,1593,0]
03-25 09:24:47.667 I/sysui_multi_action( 2355): [757,0,758,1,759,0,927,3,928,0,1593,0]
03-25 09:24:47.676 I/sysui_multi_action( 2355): [757,803,799,panel_open_peek,802,1]
03-25 09:24:47.680 I/sysui_multi_action( 2355): [757,111,758,2]
03-25 09:24:47.680 I/sysui_multi_action( 2355): [757,111,758,2]
03-25 09:24:47.703 I/sysui_multi_action( 2355): [757,111,758,1]
03-25 09:24:47.703 I/sysui_multi_action( 2355): [757,126,758,1,759,126,927,0,928,1,1593,0]
03-25 09:24:47.703 I/sysui_multi_action( 2355): [757,113,758,1,759,113,927,1,928,1,1593,0]
03-25 09:24:47.703 I/sysui_multi_action( 2355): [757,0,758,1,759,0,927,2,928,0,1593,0]
03-25 09:24:47.703 I/sysui_multi_action( 2355): [757,0,758,1,759,0,927,3,928,0,1593,0]
03-25 09:24:47.704 I/sysui_multi_action( 2355): [757,491,758,1,759,491,927,4,928,0,1311,-1,1593,0]
03-25 09:24:47.704 I/sysui_multi_action( 2355): [757,0,758,1,759,0,927,5,928,0,1593,0]
03-25 09:24:47.704 I/sysui_multi_action( 2355): [757,111,758,1]
03-25 09:24:47.704 I/sysui_multi_action( 2355): [757,126,758,1,759,126,927,0,928,1,1593,0]
03-25 09:24:47.704 I/sysui_multi_action( 2355): [757,113,758,1,759,113,927,1,928,1,1593,0]
03-25 09:24:47.704 I/sysui_multi_action( 2355): [757,0,758,1,759,0,927,2,928,0,1593,0]
03-25 09:24:47.704 I/sysui_multi_action( 2355): [757,0,758,1,759,0,927,3,928,0,1593,0]
03-25 09:24:48.170 W/WindowManager( 1504): removeWindowToken: Attempted to remove non-existing token: android.os.Binder@588f622
03-25 09:24:48.383 W/WindowManager( 1504): removeWindowToken: Attempted to remove non-existing token: android.os.Binder@b87277a
03-25 09:24:48.586 W/WindowManager( 1504): removeWindowToken: Attempted to remove non-existing token: android.os.Binder@fd04146
03-25 09:24:48.820 W/WindowManager( 1504): removeWindowToken: Attempted to remove non-existing token: android.os.Binder@11ff0cd
03-25 09:24:48.832 D/CompanionDeviceManagerService( 1504): onPackageModified(packageName = com.android.traceur)
03-25 09:24:48.842 I/Telecom ( 1504): DefaultDialerCache: Refreshing default dialer for user 0: now null: DDC.oR@ACI
03-25 09:24:48.856 W/VoiceInteractionManager( 1504): no available voice recognition services found for user 0
03-25 09:24:48.899 W/OverlayManager( 1504): service 'idmap' died
03-25 09:24:52.676 W/WindowManager( 1504): removeWindowToken: Attempted to remove non-existing token: android.os.Binder@8d08dfc
03-25 09:24:56.033 I/GameModeConfig( 1504): isGameModeOn = false
03-25 09:24:57.876 I/commit_sys_config_file( 1504): [package-user-0,9]
03-25 09:24:58.866 I/am_pss ( 1504): [2845,10075,com.android.launcher3,100331520,83419136,0,255565824,0,2,12]
03-25 09:25:14.771 E/spcomlib( 568): [spcom_wait_for_event] event [1] [nvm_ready] EVENT_STATUS_TIMEOUT
03-25 09:25:14.771 E/spdaemon( 568): spcom_wait_for_nvm_ready() failed. ret [-110] [Connection timed out].
03-25 09:25:14.771 E/spdaemon( 568): Initial SP initialization failed. ret [-110].
03-25 09:25:14.771 D/spdaemon( 568): going to sleep for a day.
01-03 09:59:48.738 E/spss_utils [spss_wait_for_event]( 0): wait for event [1] timeout [300] sec expired
03-25 09:25:39.423 I/am_uid_idle( 1504): 10080
03-25 09:25:40.815 V/DisplayPowerController[0]( 1504): Brightness [0.05] reason changing to: 'manual [ dim ]', previous reason: 'manual'.
03-25 09:25:40.815 I/sysui_multi_action( 1504): [757,1696,758,6,759,2]
03-25 09:25:40.815 W/PowerManagerService( 1504): Screen on took 113971 ms
03-25 09:25:40.827 E/DisplayDeviceConfig( 1504): requesting nits when no mapping exists.
03-25 09:25:40.828 E/DisplayDeviceConfig( 1504): requesting nits when no mapping exists.
03-25 09:25:40.828 I/am_wtf ( 1504): [0,1504,system_server,-1,DisplayDeviceConfig,requesting nits when no mapping exists.]
03-25 09:25:40.830 I/DropBoxManagerService( 1504): add tag=system_server_wtf isTagEnabled=true flags=0x2
03-25 09:25:40.832 I/am_wtf ( 1504): [0,1504,system_server,-1,DisplayDeviceConfig,requesting nits when no mapping exists.]
03-25 09:25:40.833 I/DropBoxManagerService( 1504): add tag=system_server_wtf isTagEnabled=true flags=0x2
03-25 09:25:40.843 E/DisplayDeviceConfig( 1504): requesting nits when no mapping exists.
03-25 09:25:40.844 E/DisplayDeviceConfig( 1504): requesting nits when no mapping exists.
03-25 09:25:40.844 I/am_wtf ( 1504): [0,1504,system_server,-1,DisplayDeviceConfig,requesting nits when no mapping exists.]
03-25 09:25:40.845 I/DropBoxManagerService( 1504): add tag=system_server_wtf isTagEnabled=true flags=0x2
03-25 09:25:40.846 I/am_wtf ( 1504): [0,1504,system_server,-1,DisplayDeviceConfig,requesting nits when no mapping exists.]
03-25 09:25:40.847 I/DropBoxManagerService( 1504): add tag=system_server_wtf isTagEnabled=true flags=0x2
03-25 09:25:40.857 E/DisplayDeviceConfig( 1504): requesting nits when no mapping exists.
03-25 09:25:40.858 E/DisplayDeviceConfig( 1504): requesting nits when no mapping exists.
03-25 09:25:40.858 I/am_wtf ( 1504): [0,1504,system_server,-1,DisplayDeviceConfig,requesting nits when no mapping exists.]
03-25 09:25:40.858 I/DropBoxManagerService( 1504): add tag=system_server_wtf isTagEnabled=true flags=0x2
03-25 09:25:40.859 I/am_wtf ( 1504): [0,1504,system_server,-1,DisplayDeviceConfig,requesting nits when no mapping exists.]
03-25 09:25:40.874 E/DisplayDeviceConfig( 1504): requesting nits when no mapping exists.
03-25 09:25:40.875 E/DisplayDeviceConfig( 1504): requesting nits when no mapping exists.
03-25 09:25:40.875 I/am_wtf ( 1504): [0,1504,system_server,-1,DisplayDeviceConfig,requesting nits when no mapping exists.]
03-25 09:25:40.876 I/am_wtf ( 1504): [0,1504,system_server,-1,DisplayDeviceConfig,requesting nits when no mapping exists.]
03-25 09:25:40.891 E/DisplayDeviceConfig( 1504): requesting nits when no mapping exists.
03-25 09:25:40.891 E/DisplayDeviceConfig( 1504): requesting nits when no mapping exists.
03-25 09:25:40.892 I/am_wtf ( 1504): [0,1504,system_server,-1,DisplayDeviceConfig,requesting nits when no mapping exists.]
03-25 09:25:40.892 I/am_wtf ( 1504): [0,1504,system_server,-1,DisplayDeviceConfig,requesting nits when no mapping exists.]
03-25 09:25:40.907 E/DisplayDeviceConfig( 1504): requesting nits when no mapping exists.
03-25 09:25:40.908 E/DisplayDeviceConfig( 1504): requesting nits when no mapping exists.
03-25 09:25:40.908 I/am_wtf ( 1504): [0,1504,system_server,-1,DisplayDeviceConfig,requesting nits when no mapping exists.]
03-25 09:25:40.909 I/am_wtf ( 1504): [0,1504,system_server,-1,DisplayDeviceConfig,requesting nits when no mapping exists.]
03-25 09:25:40.911 I/service_manager_stats( 1504): [100,53,71461]
03-25 09:25:40.924 E/DisplayDeviceConfig( 1504): requesting nits when no mapping exists.
03-25 09:25:40.925 E/DisplayDeviceConfig( 1504): requesting nits when no mapping exists.
03-25 09:25:40.925 I/am_wtf ( 1504): [0,1504,system_server,-1,DisplayDeviceConfig,requesting nits when no mapping exists.]
03-25 09:25:40.926 I/am_wtf ( 1504): [0,1504,system_server,-1,DisplayDeviceConfig,requesting nits when no mapping exists.]
03-25 09:25:40.941 E/DisplayDeviceConfig( 1504): requesting nits when no mapping exists.
03-25 09:25:40.942 E/DisplayDeviceConfig( 1504): requesting nits when no mapping exists.
03-25 09:25:40.942 I/am_wtf ( 1504): [0,1504,system_server,-1,DisplayDeviceConfig,requesting nits when no mapping exists.]
03-25 09:25:40.943 I/am_wtf ( 1504): [0,1504,system_server,-1,DisplayDeviceConfig,requesting nits when no mapping exists.]
03-25 09:25:40.958 E/DisplayDeviceConfig( 1504): requesting nits when no mapping exists.
03-25 09:25:40.958 E/DisplayDeviceConfig( 1504): requesting nits when no mapping exists.
03-25 09:25:40.958 I/am_wtf ( 1504): [0,1504,system_server,-1,DisplayDeviceConfig,requesting nits when no mapping exists.]
03-25 09:25:40.959 I/am_wtf ( 1504): [0,1504,system_server,-1,DisplayDeviceConfig,requesting nits when no mapping exists.]
03-25 09:25:40.975 E/DisplayDeviceConfig( 1504): requesting nits when no mapping exists.
03-25 09:25:40.975 E/DisplayDeviceConfig( 1504): requesting nits when no mapping exists.
03-25 09:25:40.975 I/am_wtf ( 1504): [0,1504,system_server,-1,DisplayDeviceConfig,requesting nits when no mapping exists.]
03-25 09:25:40.976 I/am_wtf ( 1504): [0,1504,system_server,-1,DisplayDeviceConfig,requesting nits when no mapping exists.]
03-25 09:25:40.991 E/DisplayDeviceConfig( 1504): requesting nits when no mapping exists.
03-25 09:25:40.992 E/DisplayDeviceConfig( 1504): requesting nits when no mapping exists.
03-25 09:25:40.992 I/am_wtf ( 1504): [0,1504,system_server,-1,DisplayDeviceConfig,requesting nits when no mapping exists.]
03-25 09:25:40.993 I/am_wtf ( 1504): [0,1504,system_server,-1,DisplayDeviceConfig,requesting nits when no mapping exists.]
03-25 09:25:41.008 E/DisplayDeviceConfig( 1504): requesting nits when no mapping exists.
03-25 09:25:41.008 E/DisplayDeviceConfig( 1504): requesting nits when no mapping exists.
03-25 09:25:41.009 I/am_wtf ( 1504): [0,1504,system_server,-1,DisplayDeviceConfig,requesting nits when no mapping exists.]
03-25 09:25:41.010 I/am_wtf ( 1504): [0,1504,system_server,-1,DisplayDeviceConfig,requesting nits when no mapping exists.]
03-25 09:25:41.024 E/DisplayDeviceConfig( 1504): requesting nits when no mapping exists.
03-25 09:25:41.025 E/DisplayDeviceConfig( 1504): requesting nits when no mapping exists.
03-25 09:25:41.025 I/am_wtf ( 1504): [0,1504,system_server,-1,DisplayDeviceConfig,requesting nits when no mapping exists.]
03-25 09:25:41.026 I/am_wtf ( 1504): [0,1504,system_server,-1,DisplayDeviceConfig,requesting nits when no mapping exists.]
03-25 09:25:41.041 E/DisplayDeviceConfig( 1504): requesting nits when no mapping exists.
03-25 09:25:41.042 E/DisplayDeviceConfig( 1504): requesting nits when no mapping exists.
03-25 09:25:41.042 I/am_wtf ( 1504): [0,1504,system_server,-1,DisplayDeviceConfig,requesting nits when no mapping exists.]
03-25 09:25:41.043 I/am_wtf ( 1504): [0,1504,system_server,-1,DisplayDeviceConfig,requesting nits when no mapping exists.]
03-25 09:25:41.058 E/DisplayDeviceConfig( 1504): requesting nits when no mapping exists.
03-25 09:25:41.058 E/DisplayDeviceConfig( 1504): requesting nits when no mapping exists.
03-25 09:25:41.059 I/am_wtf ( 1504): [0,1504,system_server,-1,DisplayDeviceConfig,requesting nits when no mapping exists.]
03-25 09:25:41.060 I/am_wtf ( 1504): [0,1504,system_server,-1,DisplayDeviceConfig,requesting nits when no mapping exists.]
03-25 09:25:41.075 E/DisplayDeviceConfig( 1504): requesting nits when no mapping exists.
03-25 09:25:41.075 E/DisplayDeviceConfig( 1504): requesting nits when no mapping exists.
03-25 09:25:41.076 I/am_wtf ( 1504): [0,1504,system_server,-1,DisplayDeviceConfig,requesting nits when no mapping exists.]
03-25 09:25:41.077 I/am_wtf ( 1504): [0,1504,system_server,-1,DisplayDeviceConfig,requesting nits when no mapping exists.]
03-25 09:25:41.091 E/DisplayDeviceConfig( 1504): requesting nits when no mapping exists.
03-25 09:25:41.092 I/am_wtf ( 1504): [0,1504,system_server,-1,DisplayDeviceConfig,requesting nits when no mapping exists.]
03-25 09:25:41.092 E/DisplayDeviceConfig( 1504): requesting nits when no mapping exists.
03-25 09:25:41.093 I/am_wtf ( 1504): [0,1504,system_server,-1,DisplayDeviceConfig,requesting nits when no mapping exists.]
03-25 09:25:41.108 E/DisplayDeviceConfig( 1504): requesting nits when no mapping exists.
03-25 09:25:41.109 E/DisplayDeviceConfig( 1504): requesting nits when no mapping exists.
03-25 09:25:41.109 I/am_wtf ( 1504): [0,1504,system_server,-1,DisplayDeviceConfig,requesting nits when no mapping exists.]
03-25 09:25:41.110 I/am_wtf ( 1504): [0,1504,system_server,-1,DisplayDeviceConfig,requesting nits when no mapping exists.]
03-25 09:25:41.125 E/DisplayDeviceConfig( 1504): requesting nits when no mapping exists.
03-25 09:25:41.126 E/DisplayDeviceConfig( 1504): requesting nits when no mapping exists.
03-25 09:25:41.126 I/am_wtf ( 1504): [0,1504,system_server,-1,DisplayDeviceConfig,requesting nits when no mapping exists.]
03-25 09:25:41.127 I/am_wtf ( 1504): [0,1504,system_server,-1,DisplayDeviceConfig,requesting nits when no mapping exists.]
03-25 09:25:41.142 E/DisplayDeviceConfig( 1504): requesting nits when no mapping exists.
03-25 09:25:41.142 I/am_wtf ( 1504): [0,1504,system_server,-1,DisplayDeviceConfig,requesting nits when no mapping exists.]
03-25 09:25:41.142 E/DisplayDeviceConfig( 1504): requesting nits when no mapping exists.
03-25 09:25:41.143 I/am_wtf ( 1504): [0,1504,system_server,-1,DisplayDeviceConfig,requesting nits when no mapping exists.]
03-25 09:25:41.159 E/DisplayDeviceConfig( 1504): requesting nits when no mapping exists.
03-25 09:25:41.159 I/am_wtf ( 1504): [0,1504,system_server,-1,DisplayDeviceConfig,requesting nits when no mapping exists.]
03-25 09:25:41.159 E/DisplayDeviceConfig( 1504): requesting nits when no mapping exists.
03-25 09:25:41.160 I/am_wtf ( 1504): [0,1504,system_server,-1,DisplayDeviceConfig,requesting nits when no mapping exists.]
03-25 09:25:41.175 E/DisplayDeviceConfig( 1504): requesting nits when no mapping exists.
03-25 09:25:41.176 I/am_wtf ( 1504): [0,1504,system_server,-1,DisplayDeviceConfig,requesting nits when no mapping exists.]
03-25 09:25:41.176 E/DisplayDeviceConfig( 1504): requesting nits when no mapping exists.
03-25 09:25:41.177 I/am_wtf ( 1504): [0,1504,system_server,-1,DisplayDeviceConfig,requesting nits when no mapping exists.]
03-25 09:25:41.192 E/DisplayDeviceConfig( 1504): requesting nits when no mapping exists.
03-25 09:25:41.192 E/DisplayDeviceConfig( 1504): requesting nits when no mapping exists.
03-25 09:25:41.192 I/am_wtf ( 1504): [0,1504,system_server,-1,DisplayDeviceConfig,requesting nits when no mapping exists.]
03-25 09:25:41.193 I/am_wtf ( 1504): [0,1504,system_server,-1,DisplayDeviceConfig,requesting nits when no mapping exists.]
03-25 09:25:41.209 E/DisplayDeviceConfig( 1504): requesting nits when no mapping exists.
03-25 09:25:41.209 E/DisplayDeviceConfig( 1504): requesting nits when no mapping exists.
03-25 09:25:41.209 I/am_wtf ( 1504): [0,1504,system_server,-1,DisplayDeviceConfig,requesting nits when no mapping exists.]
03-25 09:25:41.210 I/am_wtf ( 1504): [0,1504,system_server,-1,DisplayDeviceConfig,requesting nits when no mapping exists.]
03-25 09:25:41.225 E/DisplayDeviceConfig( 1504): requesting nits when no mapping exists.
03-25 09:25:41.226 E/DisplayDeviceConfig( 1504): requesting nits when no mapping exists.
03-25 09:25:41.226 I/am_wtf ( 1504): [0,1504,system_server,-1,DisplayDeviceConfig,requesting nits when no mapping exists.]
03-25 09:25:41.227 I/am_wtf ( 1504): [0,1504,system_server,-1,DisplayDeviceConfig,requesting nits when no mapping exists.]
03-25 09:25:41.242 E/DisplayDeviceConfig( 1504): requesting nits when no mapping exists.
03-25 09:25:41.242 I/am_wtf ( 1504): [0,1504,system_server,-1,DisplayDeviceConfig,requesting nits when no mapping exists.]
03-25 09:25:41.242 E/DisplayDeviceConfig( 1504): requesting nits when no mapping exists.
03-25 09:25:41.243 I/am_wtf ( 1504): [0,1504,system_server,-1,DisplayDeviceConfig,requesting nits when no mapping exists.]
03-25 09:25:41.258 E/DisplayDeviceConfig( 1504): requesting nits when no mapping exists.
03-25 09:25:41.259 E/DisplayDeviceConfig( 1504): requesting nits when no mapping exists.
03-25 09:25:41.259 I/am_wtf ( 1504): [0,1504,system_server,-1,DisplayDeviceConfig,requesting nits when no mapping exists.]
03-25 09:25:41.260 I/am_wtf ( 1504): [0,1504,system_server,-1,DisplayDeviceConfig,requesting nits when no mapping exists.]
03-25 09:25:41.275 E/DisplayDeviceConfig( 1504): requesting nits when no mapping exists.
03-25 09:25:41.276 E/DisplayDeviceConfig( 1504): requesting nits when no mapping exists.
03-25 09:25:41.276 I/am_wtf ( 1504): [0,1504,system_server,-1,DisplayDeviceConfig,requesting nits when no mapping exists.]
03-25 09:25:41.276 I/am_wtf ( 1504): [0,1504,system_server,-1,DisplayDeviceConfig,requesting nits when no mapping exists.]
03-25 09:25:41.292 E/DisplayDeviceConfig( 1504): requesting nits when no mapping exists.
03-25 09:25:41.293 I/am_wtf ( 1504): [0,1504,system_server,-1,DisplayDeviceConfig,requesting nits when no mapping exists.]
03-25 09:25:41.293 E/DisplayDeviceConfig( 1504): requesting nits when no mapping exists.
03-25 09:25:41.293 I/am_wtf ( 1504): [0,1504,system_server,-1,DisplayDeviceConfig,requesting nits when no mapping exists.]
03-25 09:25:41.308 E/DisplayDeviceConfig( 1504): requesting nits when no mapping exists.
03-25 09:25:41.309 E/DisplayDeviceConfig( 1504): requesting nits when no mapping exists.
03-25 09:25:41.309 I/am_wtf ( 1504): [0,1504,system_server,-1,DisplayDeviceConfig,requesting nits when no mapping exists.]
03-25 09:25:41.310 I/am_wtf ( 1504): [0,1504,system_server,-1,DisplayDeviceConfig,requesting nits when no mapping exists.]
03-25 09:25:41.325 E/DisplayDeviceConfig( 1504): requesting nits when no mapping exists.
03-25 09:25:41.326 E/DisplayDeviceConfig( 1504): requesting nits when no mapping exists.
03-25 09:25:41.326 I/am_wtf ( 1504): [0,1504,system_server,-1,DisplayDeviceConfig,requesting nits when no mapping exists.]
03-25 09:25:41.326 I/am_wtf ( 1504): [0,1504,system_server,-1,DisplayDeviceConfig,requesting nits when no mapping exists.]
03-25 09:25:41.342 E/DisplayDeviceConfig( 1504): requesting nits when no mapping exists.
03-25 09:25:41.342 I/am_wtf ( 1504): [0,1504,system_server,-1,DisplayDeviceConfig,requesting nits when no mapping exists.]
03-25 09:25:41.342 E/DisplayDeviceConfig( 1504): requesting nits when no mapping exists.
03-25 09:25:41.344 I/am_wtf ( 1504): [0,1504,system_server,-1,DisplayDeviceConfig,requesting nits when no mapping exists.]
03-25 09:25:41.358 E/DisplayDeviceConfig( 1504): requesting nits when no mapping exists.
03-25 09:25:41.359 E/DisplayDeviceConfig( 1504): requesting nits when no mapping exists.
03-25 09:25:41.359 I/am_wtf ( 1504): [0,1504,system_server,-1,DisplayDeviceConfig,requesting nits when no mapping exists.]
03-25 09:25:41.360 I/am_wtf ( 1504): [0,1504,system_server,-1,DisplayDeviceConfig,requesting nits when no mapping exists.]
03-25 09:25:41.376 E/DisplayDeviceConfig( 1504): requesting nits when no mapping exists.
03-25 09:25:41.377 E/DisplayDeviceConfig( 1504): requesting nits when no mapping exists.
03-25 09:25:41.377 I/am_wtf ( 1504): [0,1504,system_server,-1,DisplayDeviceConfig,requesting nits when no mapping exists.]
03-25 09:25:41.377 I/am_wtf ( 1504): [0,1504,system_server,-1,DisplayDeviceConfig,requesting nits when no mapping exists.]
03-25 09:25:41.392 E/DisplayDeviceConfig( 1504): requesting nits when no mapping exists.
03-25 09:25:41.393 E/DisplayDeviceConfig( 1504): requesting nits when no mapping exists.
03-25 09:25:41.393 I/am_wtf ( 1504): [0,1504,system_server,-1,DisplayDeviceConfig,requesting nits when no mapping exists.]
03-25 09:25:41.394 I/am_wtf ( 1504): [0,1504,system_server,-1,DisplayDeviceConfig,requesting nits when no mapping exists.]
03-25 09:25:41.409 E/DisplayDeviceConfig( 1504): requesting nits when no mapping exists.
03-25 09:25:41.410 E/DisplayDeviceConfig( 1504): requesting nits when no mapping exists.
03-25 09:25:41.410 I/am_wtf ( 1504): [0,1504,system_server,-1,DisplayDeviceConfig,requesting nits when no mapping exists.]
03-25 09:25:41.411 I/am_wtf ( 1504): [0,1504,system_server,-1,DisplayDeviceConfig,requesting nits when no mapping exists.]
03-25 09:25:41.425 E/DisplayDeviceConfig( 1504): requesting nits when no mapping exists.
03-25 09:25:41.426 I/am_wtf ( 1504): [0,1504,system_server,-1,DisplayDeviceConfig,requesting nits when no mapping exists.]
03-25 09:25:41.426 E/DisplayDeviceConfig( 1504): requesting nits when no mapping exists.
03-25 09:25:41.427 I/am_wtf ( 1504): [0,1504,system_server,-1,DisplayDeviceConfig,requesting nits when no mapping exists.]
03-25 09:25:41.443 E/DisplayDeviceConfig( 1504): requesting nits when no mapping exists.
03-25 09:25:41.443 E/DisplayDeviceConfig( 1504): requesting nits when no mapping exists.
03-25 09:25:41.443 I/am_wtf ( 1504): [0,1504,system_server,-1,DisplayDeviceConfig,requesting nits when no mapping exists.]
03-25 09:25:41.444 I/am_wtf ( 1504): [0,1504,system_server,-1,DisplayDeviceConfig,requesting nits when no mapping exists.]
03-25 09:25:41.459 E/DisplayDeviceConfig( 1504): requesting nits when no mapping exists.
03-25 09:25:41.459 I/am_wtf ( 1504): [0,1504,system_server,-1,DisplayDeviceConfig,requesting nits when no mapping exists.]
03-25 09:25:41.459 E/DisplayDeviceConfig( 1504): requesting nits when no mapping exists.
03-25 09:25:41.460 I/am_wtf ( 1504): [0,1504,system_server,-1,DisplayDeviceConfig,requesting nits when no mapping exists.]
03-25 09:25:41.476 E/DisplayDeviceConfig( 1504): requesting nits when no mapping exists.
03-25 09:25:41.477 E/DisplayDeviceConfig( 1504): requesting nits when no mapping exists.
03-25 09:25:41.477 I/am_wtf ( 1504): [0,1504,system_server,-1,DisplayDeviceConfig,requesting nits when no mapping exists.]
03-25 09:25:41.478 I/am_wtf ( 1504): [0,1504,system_server,-1,DisplayDeviceConfig,requesting nits when no mapping exists.]
03-25 09:25:41.492 E/DisplayDeviceConfig( 1504): requesting nits when no mapping exists.
03-25 09:25:41.493 E/DisplayDeviceConfig( 1504): requesting nits when no mapping exists.
03-25 09:25:41.493 I/am_wtf ( 1504): [0,1504,system_server,-1,DisplayDeviceConfig,requesting nits when no mapping exists.]
03-25 09:25:41.493 I/am_wtf ( 1504): [0,1504,system_server,-1,DisplayDeviceConfig,requesting nits when no mapping exists.]
03-25 09:25:41.509 E/DisplayDeviceConfig( 1504): requesting nits when no mapping exists.
03-25 09:25:41.509 I/am_wtf ( 1504): [0,1504,system_server,-1,DisplayDeviceConfig,requesting nits when no mapping exists.]
03-25 09:25:41.509 E/DisplayDeviceConfig( 1504): requesting nits when no mapping exists.
03-25 09:25:41.510 I/am_wtf ( 1504): [0,1504,system_server,-1,DisplayDeviceConfig,requesting nits when no mapping exists.]
03-25 09:25:41.526 E/DisplayDeviceConfig( 1504): requesting nits when no mapping exists.
03-25 09:25:41.526 E/DisplayDeviceConfig( 1504): requesting nits when no mapping exists.
03-25 09:25:41.526 I/am_wtf ( 1504): [0,1504,system_server,-1,DisplayDeviceConfig,requesting nits when no mapping exists.]
03-25 09:25:41.527 I/am_wtf ( 1504): [0,1504,system_server,-1,DisplayDeviceConfig,requesting nits when no mapping exists.]
03-25 09:25:41.542 E/DisplayDeviceConfig( 1504): requesting nits when no mapping exists.
03-25 09:25:41.543 I/am_wtf ( 1504): [0,1504,system_server,-1,DisplayDeviceConfig,requesting nits when no mapping exists.]
03-25 09:25:41.543 E/DisplayDeviceConfig( 1504): requesting nits when no mapping exists.
03-25 09:25:41.545 I/am_wtf ( 1504): [0,1504,system_server,-1,DisplayDeviceConfig,requesting nits when no mapping exists.]
03-25 09:25:41.559 E/DisplayDeviceConfig( 1504): requesting nits when no mapping exists.
03-25 09:25:41.560 E/DisplayDeviceConfig( 1504): requesting nits when no mapping exists.
03-25 09:25:41.560 I/am_wtf ( 1504): [0,1504,system_server,-1,DisplayDeviceConfig,requesting nits when no mapping exists.]
