03-25 09:40:03.264 E/DisplayDeviceConfig( 1504): requesting nits when no mapping exists.
03-25 09:40:03.264 E/DisplayDeviceConfig( 1504): requesting nits when no mapping exists.
03-25 09:40:03.264 I/am_wtf ( 1504): [0,1504,system_server,-1,DisplayDeviceConfig,requesting nits when no mapping exists.]
03-25 09:40:03.265 I/am_wtf ( 1504): [0,1504,system_server,-1,DisplayDeviceConfig,requesting nits when no mapping exists.]
03-25 09:40:03.280 E/DisplayDeviceConfig( 1504): requesting nits when no mapping exists.
03-25 09:40:03.281 E/DisplayDeviceConfig( 1504): requesting nits when no mapping exists.
03-25 09:40:03.281 I/am_wtf ( 1504): [0,1504,system_server,-1,DisplayDeviceConfig,requesting nits when no mapping exists.]
03-25 09:40:03.282 I/am_wtf ( 1504): [0,1504,system_server,-1,DisplayDeviceConfig,requesting nits when no mapping exists.]
03-25 09:40:03.297 E/DisplayDeviceConfig( 1504): requesting nits when no mapping exists.
03-25 09:40:03.298 E/DisplayDeviceConfig( 1504): requesting nits when no mapping exists.
03-25 09:40:03.298 I/am_wtf ( 1504): [0,1504,system_server,-1,DisplayDeviceConfig,requesting nits when no mapping exists.]
03-25 09:40:03.299 I/am_wtf ( 1504): [0,1504,system_server,-1,DisplayDeviceConfig,requesting nits when no mapping exists.]
03-25 09:40:03.314 E/DisplayDeviceConfig( 1504): requesting nits when no mapping exists.
03-25 09:40:03.315 E/DisplayDeviceConfig( 1504): requesting nits when no mapping exists.
03-25 09:40:03.315 I/am_wtf ( 1504): [0,1504,system_server,-1,DisplayDeviceConfig,requesting nits when no mapping exists.]
03-25 09:40:03.316 I/am_wtf ( 1504): [0,1504,system_server,-1,DisplayDeviceConfig,requesting nits when no mapping exists.]
03-25 09:40:03.331 E/DisplayDeviceConfig( 1504): requesting nits when no mapping exists.
03-25 09:40:03.332 E/DisplayDeviceConfig( 1504): requesting nits when no mapping exists.
03-25 09:40:03.332 I/am_wtf ( 1504): [0,1504,system_server,-1,DisplayDeviceConfig,requesting nits when no mapping exists.]
03-25 09:40:03.333 I/am_wtf ( 1504): [0,1504,system_server,-1,DisplayDeviceConfig,requesting nits when no mapping exists.]
03-25 09:40:03.347 E/DisplayDeviceConfig( 1504): requesting nits when no mapping exists.
03-25 09:40:03.348 E/DisplayDeviceConfig( 1504): requesting nits when no mapping exists.
03-25 09:40:03.348 I/am_wtf ( 1504): [0,1504,system_server,-1,DisplayDeviceConfig,requesting nits when no mapping exists.]
03-25 09:40:03.349 I/am_wtf ( 1504): [0,1504,system_server,-1,DisplayDeviceConfig,requesting nits when no mapping exists.]
03-25 09:40:03.364 E/DisplayDeviceConfig( 1504): requesting nits when no mapping exists.
03-25 09:40:03.365 I/am_wtf ( 1504): [0,1504,system_server,-1,DisplayDeviceConfig,requesting nits when no mapping exists.]
03-25 09:40:03.365 E/DisplayDeviceConfig( 1504): requesting nits when no mapping exists.
03-25 09:40:03.366 I/am_wtf ( 1504): [0,1504,system_server,-1,DisplayDeviceConfig,requesting nits when no mapping exists.]
03-25 09:40:03.373 I/commit_sys_config_file( 1504): [settings-1-0,5]
03-25 09:40:03.381 E/DisplayDeviceConfig( 1504): requesting nits when no mapping exists.
03-25 09:40:03.381 I/am_wtf ( 1504): [0,1504,system_server,-1,DisplayDeviceConfig,requesting nits when no mapping exists.]
03-25 09:40:03.381 E/DisplayDeviceConfig( 1504): requesting nits when no mapping exists.
03-25 09:40:03.382 I/am_wtf ( 1504): [0,1504,system_server,-1,DisplayDeviceConfig,requesting nits when no mapping exists.]
03-25 09:40:03.398 E/DisplayDeviceConfig( 1504): requesting nits when no mapping exists.
03-25 09:40:03.398 I/am_wtf ( 1504): [0,1504,system_server,-1,DisplayDeviceConfig,requesting nits when no mapping exists.]
03-25 09:40:03.398 E/DisplayDeviceConfig( 1504): requesting nits when no mapping exists.
03-25 09:40:03.399 I/am_wtf ( 1504): [0,1504,system_server,-1,DisplayDeviceConfig,requesting nits when no mapping exists.]
03-25 09:40:03.414 E/DisplayDeviceConfig( 1504): requesting nits when no mapping exists.
03-25 09:40:03.415 E/DisplayDeviceConfig( 1504): requesting nits when no mapping exists.
03-25 09:40:03.415 I/am_wtf ( 1504): [0,1504,system_server,-1,DisplayDeviceConfig,requesting nits when no mapping exists.]
03-25 09:40:03.416 I/am_wtf ( 1504): [0,1504,system_server,-1,DisplayDeviceConfig,requesting nits when no mapping exists.]
03-25 09:40:03.431 E/DisplayDeviceConfig( 1504): requesting nits when no mapping exists.
03-25 09:40:03.432 E/DisplayDeviceConfig( 1504): requesting nits when no mapping exists.
03-25 09:40:03.432 I/am_wtf ( 1504): [0,1504,system_server,-1,DisplayDeviceConfig,requesting nits when no mapping exists.]
03-25 09:40:03.432 I/am_wtf ( 1504): [0,1504,system_server,-1,DisplayDeviceConfig,requesting nits when no mapping exists.]
03-25 09:40:03.448 E/DisplayDeviceConfig( 1504): requesting nits when no mapping exists.
03-25 09:40:03.449 E/DisplayDeviceConfig( 1504): requesting nits when no mapping exists.
03-25 09:40:03.449 I/am_wtf ( 1504): [0,1504,system_server,-1,DisplayDeviceConfig,requesting nits when no mapping exists.]
03-25 09:40:03.449 I/am_wtf ( 1504): [0,1504,system_server,-1,DisplayDeviceConfig,requesting nits when no mapping exists.]
03-25 09:40:03.464 E/DisplayDeviceConfig( 1504): requesting nits when no mapping exists.
03-25 09:40:03.465 I/am_wtf ( 1504): [0,1504,system_server,-1,DisplayDeviceConfig,requesting nits when no mapping exists.]
03-25 09:40:03.465 E/DisplayDeviceConfig( 1504): requesting nits when no mapping exists.
03-25 09:40:03.466 I/am_wtf ( 1504): [0,1504,system_server,-1,DisplayDeviceConfig,requesting nits when no mapping exists.]
03-25 09:40:03.481 E/DisplayDeviceConfig( 1504): requesting nits when no mapping exists.
03-25 09:40:03.482 E/DisplayDeviceConfig( 1504): requesting nits when no mapping exists.
03-25 09:40:03.482 I/am_wtf ( 1504): [0,1504,system_server,-1,DisplayDeviceConfig,requesting nits when no mapping exists.]
03-25 09:40:03.483 I/am_wtf ( 1504): [0,1504,system_server,-1,DisplayDeviceConfig,requesting nits when no mapping exists.]
03-25 09:40:03.498 E/DisplayDeviceConfig( 1504): requesting nits when no mapping exists.
03-25 09:40:03.498 E/DisplayDeviceConfig( 1504): requesting nits when no mapping exists.
03-25 09:40:03.498 I/am_wtf ( 1504): [0,1504,system_server,-1,DisplayDeviceConfig,requesting nits when no mapping exists.]
03-25 09:40:03.500 I/am_wtf ( 1504): [0,1504,system_server,-1,DisplayDeviceConfig,requesting nits when no mapping exists.]
03-25 09:40:03.515 E/DisplayDeviceConfig( 1504): requesting nits when no mapping exists.
03-25 09:40:03.516 E/DisplayDeviceConfig( 1504): requesting nits when no mapping exists.
03-25 09:40:03.516 I/am_wtf ( 1504): [0,1504,system_server,-1,DisplayDeviceConfig,requesting nits when no mapping exists.]
03-25 09:40:03.517 I/am_wtf ( 1504): [0,1504,system_server,-1,DisplayDeviceConfig,requesting nits when no mapping exists.]
03-25 09:40:03.531 E/DisplayDeviceConfig( 1504): requesting nits when no mapping exists.
03-25 09:40:03.532 E/DisplayDeviceConfig( 1504): requesting nits when no mapping exists.
03-25 09:40:03.532 I/am_wtf ( 1504): [0,1504,system_server,-1,DisplayDeviceConfig,requesting nits when no mapping exists.]
03-25 09:40:03.533 I/am_wtf ( 1504): [0,1504,system_server,-1,DisplayDeviceConfig,requesting nits when no mapping exists.]
03-25 09:40:03.549 E/DisplayDeviceConfig( 1504): requesting nits when no mapping exists.
03-25 09:40:03.549 E/DisplayDeviceConfig( 1504): requesting nits when no mapping exists.
03-25 09:40:03.549 I/am_wtf ( 1504): [0,1504,system_server,-1,DisplayDeviceConfig,requesting nits when no mapping exists.]
03-25 09:40:03.550 I/am_wtf ( 1504): [0,1504,system_server,-1,DisplayDeviceConfig,requesting nits when no mapping exists.]
03-25 09:40:03.565 E/DisplayDeviceConfig( 1504): requesting nits when no mapping exists.
03-25 09:40:03.565 E/DisplayDeviceConfig( 1504): requesting nits when no mapping exists.
03-25 09:40:03.565 I/am_wtf ( 1504): [0,1504,system_server,-1,DisplayDeviceConfig,requesting nits when no mapping exists.]
03-25 09:40:03.566 I/am_wtf ( 1504): [0,1504,system_server,-1,DisplayDeviceConfig,requesting nits when no mapping exists.]
03-25 09:40:03.581 E/DisplayDeviceConfig( 1504): requesting nits when no mapping exists.
03-25 09:40:03.582 E/DisplayDeviceConfig( 1504): requesting nits when no mapping exists.
03-25 09:40:03.582 I/am_wtf ( 1504): [0,1504,system_server,-1,DisplayDeviceConfig,requesting nits when no mapping exists.]
03-25 09:40:03.583 I/am_wtf ( 1504): [0,1504,system_server,-1,DisplayDeviceConfig,requesting nits when no mapping exists.]
03-25 09:40:03.598 E/DisplayDeviceConfig( 1504): requesting nits when no mapping exists.
03-25 09:40:03.599 I/am_wtf ( 1504): [0,1504,system_server,-1,DisplayDeviceConfig,requesting nits when no mapping exists.]
03-25 09:40:03.599 E/DisplayDeviceConfig( 1504): requesting nits when no mapping exists.
03-25 09:40:03.599 I/am_wtf ( 1504): [0,1504,system_server,-1,DisplayDeviceConfig,requesting nits when no mapping exists.]
03-25 09:40:03.615 E/DisplayDeviceConfig( 1504): requesting nits when no mapping exists.
03-25 09:40:03.615 E/DisplayDeviceConfig( 1504): requesting nits when no mapping exists.
03-25 09:40:03.615 I/am_wtf ( 1504): [0,1504,system_server,-1,DisplayDeviceConfig,requesting nits when no mapping exists.]
03-25 09:40:03.616 I/am_wtf ( 1504): [0,1504,system_server,-1,DisplayDeviceConfig,requesting nits when no mapping exists.]
03-25 09:40:03.631 E/DisplayDeviceConfig( 1504): requesting nits when no mapping exists.
03-25 09:40:03.632 E/DisplayDeviceConfig( 1504): requesting nits when no mapping exists.
03-25 09:40:03.632 I/am_wtf ( 1504): [0,1504,system_server,-1,DisplayDeviceConfig,requesting nits when no mapping exists.]
03-25 09:40:03.633 I/am_wtf ( 1504): [0,1504,system_server,-1,DisplayDeviceConfig,requesting nits when no mapping exists.]
03-25 09:40:03.648 E/DisplayDeviceConfig( 1504): requesting nits when no mapping exists.
03-25 09:40:03.649 I/am_wtf ( 1504): [0,1504,system_server,-1,DisplayDeviceConfig,requesting nits when no mapping exists.]
03-25 09:40:03.649 E/DisplayDeviceConfig( 1504): requesting nits when no mapping exists.
03-25 09:40:03.649 I/am_wtf ( 1504): [0,1504,system_server,-1,DisplayDeviceConfig,requesting nits when no mapping exists.]
03-25 09:40:03.665 E/DisplayDeviceConfig( 1504): requesting nits when no mapping exists.
03-25 09:40:03.665 I/am_wtf ( 1504): [0,1504,system_server,-1,DisplayDeviceConfig,requesting nits when no mapping exists.]
03-25 09:40:03.665 E/DisplayDeviceConfig( 1504): requesting nits when no mapping exists.
03-25 09:40:03.666 I/am_wtf ( 1504): [0,1504,system_server,-1,DisplayDeviceConfig,requesting nits when no mapping exists.]
03-25 09:40:03.681 E/DisplayDeviceConfig( 1504): requesting nits when no mapping exists.
03-25 09:40:03.682 E/DisplayDeviceConfig( 1504): requesting nits when no mapping exists.
03-25 09:40:03.682 I/am_wtf ( 1504): [0,1504,system_server,-1,DisplayDeviceConfig,requesting nits when no mapping exists.]
03-25 09:40:03.683 I/am_wtf ( 1504): [0,1504,system_server,-1,DisplayDeviceConfig,requesting nits when no mapping exists.]
03-25 09:40:03.698 E/DisplayDeviceConfig( 1504): requesting nits when no mapping exists.
03-25 09:40:03.699 E/DisplayDeviceConfig( 1504): requesting nits when no mapping exists.
03-25 09:40:03.700 I/am_wtf ( 1504): [0,1504,system_server,-1,DisplayDeviceConfig,requesting nits when no mapping exists.]
03-25 09:40:03.701 I/am_wtf ( 1504): [0,1504,system_server,-1,DisplayDeviceConfig,requesting nits when no mapping exists.]
03-25 09:40:03.715 E/DisplayDeviceConfig( 1504): requesting nits when no mapping exists.
03-25 09:40:03.716 I/am_wtf ( 1504): [0,1504,system_server,-1,DisplayDeviceConfig,requesting nits when no mapping exists.]
03-25 09:40:03.716 E/DisplayDeviceConfig( 1504): requesting nits when no mapping exists.
03-25 09:40:03.717 I/am_wtf ( 1504): [0,1504,system_server,-1,DisplayDeviceConfig,requesting nits when no mapping exists.]
03-25 09:40:03.732 E/DisplayDeviceConfig( 1504): requesting nits when no mapping exists.
03-25 09:40:03.733 I/am_wtf ( 1504): [0,1504,system_server,-1,DisplayDeviceConfig,requesting nits when no mapping exists.]
03-25 09:40:03.733 E/DisplayDeviceConfig( 1504): requesting nits when no mapping exists.
03-25 09:40:03.734 I/am_wtf ( 1504): [0,1504,system_server,-1,DisplayDeviceConfig,requesting nits when no mapping exists.]
03-25 09:40:03.748 E/DisplayDeviceConfig( 1504): requesting nits when no mapping exists.
03-25 09:40:03.749 E/DisplayDeviceConfig( 1504): requesting nits when no mapping exists.
03-25 09:40:03.749 I/am_wtf ( 1504): [0,1504,system_server,-1,DisplayDeviceConfig,requesting nits when no mapping exists.]
03-25 09:40:03.749 I/am_wtf ( 1504): [0,1504,system_server,-1,DisplayDeviceConfig,requesting nits when no mapping exists.]
03-25 09:40:03.765 E/DisplayDeviceConfig( 1504): requesting nits when no mapping exists.
03-25 09:40:03.765 E/DisplayDeviceConfig( 1504): requesting nits when no mapping exists.
03-25 09:40:03.765 I/am_wtf ( 1504): [0,1504,system_server,-1,DisplayDeviceConfig,requesting nits when no mapping exists.]
03-25 09:40:03.766 I/am_wtf ( 1504): [0,1504,system_server,-1,DisplayDeviceConfig,requesting nits when no mapping exists.]
03-25 09:40:03.782 E/DisplayDeviceConfig( 1504): requesting nits when no mapping exists.
03-25 09:40:03.782 E/DisplayDeviceConfig( 1504): requesting nits when no mapping exists.
03-25 09:40:03.782 I/am_wtf ( 1504): [0,1504,system_server,-1,DisplayDeviceConfig,requesting nits when no mapping exists.]
03-25 09:40:03.783 I/am_wtf ( 1504): [0,1504,system_server,-1,DisplayDeviceConfig,requesting nits when no mapping exists.]
03-25 09:40:03.799 E/DisplayDeviceConfig( 1504): requesting nits when no mapping exists.
03-25 09:40:03.799 E/DisplayDeviceConfig( 1504): requesting nits when no mapping exists.
03-25 09:40:03.799 I/am_wtf ( 1504): [0,1504,system_server,-1,DisplayDeviceConfig,requesting nits when no mapping exists.]
03-25 09:40:03.800 I/am_wtf ( 1504): [0,1504,system_server,-1,DisplayDeviceConfig,requesting nits when no mapping exists.]
03-25 09:40:03.815 E/DisplayDeviceConfig( 1504): requesting nits when no mapping exists.
03-25 09:40:03.816 E/DisplayDeviceConfig( 1504): requesting nits when no mapping exists.
03-25 09:40:03.816 I/am_wtf ( 1504): [0,1504,system_server,-1,DisplayDeviceConfig,requesting nits when no mapping exists.]
03-25 09:40:03.816 I/am_wtf ( 1504): [0,1504,system_server,-1,DisplayDeviceConfig,requesting nits when no mapping exists.]
03-25 09:40:03.832 E/DisplayDeviceConfig( 1504): requesting nits when no mapping exists.
03-25 09:40:03.833 I/am_wtf ( 1504): [0,1504,system_server,-1,DisplayDeviceConfig,requesting nits when no mapping exists.]
03-25 09:40:03.833 E/DisplayDeviceConfig( 1504): requesting nits when no mapping exists.
03-25 09:40:03.833 I/am_wtf ( 1504): [0,1504,system_server,-1,DisplayDeviceConfig,requesting nits when no mapping exists.]
03-25 09:40:03.848 E/DisplayDeviceConfig( 1504): requesting nits when no mapping exists.
03-25 09:40:03.849 E/DisplayDeviceConfig( 1504): requesting nits when no mapping exists.
03-25 09:40:03.849 I/am_wtf ( 1504): [0,1504,system_server,-1,DisplayDeviceConfig,requesting nits when no mapping exists.]
03-25 09:40:03.850 I/service_manager_stats( 1504): [100,51,18350]
03-25 09:40:03.850 I/am_wtf ( 1504): [0,1504,system_server,-1,DisplayDeviceConfig,requesting nits when no mapping exists.]
03-25 09:40:03.865 E/DisplayDeviceConfig( 1504): requesting nits when no mapping exists.
03-25 09:40:03.866 E/DisplayDeviceConfig( 1504): requesting nits when no mapping exists.
03-25 09:40:03.866 I/am_wtf ( 1504): [0,1504,system_server,-1,DisplayDeviceConfig,requesting nits when no mapping exists.]
03-25 09:40:03.866 I/am_wtf ( 1504): [0,1504,system_server,-1,DisplayDeviceConfig,requesting nits when no mapping exists.]
03-25 09:40:03.882 E/DisplayDeviceConfig( 1504): requesting nits when no mapping exists.
03-25 09:40:03.882 E/DisplayDeviceConfig( 1504): requesting nits when no mapping exists.
03-25 09:40:03.882 I/am_wtf ( 1504): [0,1504,system_server,-1,DisplayDeviceConfig,requesting nits when no mapping exists.]
03-25 09:40:03.883 I/am_wtf ( 1504): [0,1504,system_server,-1,DisplayDeviceConfig,requesting nits when no mapping exists.]
03-25 09:40:03.899 E/DisplayDeviceConfig( 1504): requesting nits when no mapping exists.
03-25 09:40:03.900 E/DisplayDeviceConfig( 1504): requesting nits when no mapping exists.
03-25 09:40:03.900 I/am_wtf ( 1504): [0,1504,system_server,-1,DisplayDeviceConfig,requesting nits when no mapping exists.]
03-25 09:40:03.901 I/am_wtf ( 1504): [0,1504,system_server,-1,DisplayDeviceConfig,requesting nits when no mapping exists.]
03-25 09:40:13.117 I/UsageStatsService( 1504): User[0] Flushing usage stats to disk
03-25 09:40:39.322 V/DisplayPowerController[0]( 1504): Brightness [0.05] reason changing to: 'manual [ dim ]', previous reason: 'manual'.
03-25 09:40:39.322 I/sysui_multi_action( 1504): [757,1696,758,6,759,2]
03-25 09:40:39.322 W/PowerManagerService( 1504): Screen on took 53766 ms
03-25 09:40:39.331 E/DisplayDeviceConfig( 1504): requesting nits when no mapping exists.
03-25 09:40:39.332 E/DisplayDeviceConfig( 1504): requesting nits when no mapping exists.
03-25 09:40:39.332 I/am_wtf ( 1504): [0,1504,system_server,-1,DisplayDeviceConfig,requesting nits when no mapping exists.]
03-25 09:40:39.333 I/DropBoxManagerService( 1504): add tag=system_server_wtf isTagEnabled=true flags=0x2
03-25 09:40:39.334 I/am_wtf ( 1504): [0,1504,system_server,-1,DisplayDeviceConfig,requesting nits when no mapping exists.]
03-25 09:40:39.335 I/DropBoxManagerService( 1504): add tag=system_server_wtf isTagEnabled=true flags=0x2
03-25 09:40:39.347 E/DisplayDeviceConfig( 1504): requesting nits when no mapping exists.
03-25 09:40:39.348 E/DisplayDeviceConfig( 1504): requesting nits when no mapping exists.
03-25 09:40:39.348 I/am_wtf ( 1504): [0,1504,system_server,-1,DisplayDeviceConfig,requesting nits when no mapping exists.]
03-25 09:40:39.348 I/DropBoxManagerService( 1504): add tag=system_server_wtf isTagEnabled=true flags=0x2
03-25 09:40:39.349 I/am_wtf ( 1504): [0,1504,system_server,-1,DisplayDeviceConfig,requesting nits when no mapping exists.]
03-25 09:40:39.350 I/DropBoxManagerService( 1504): add tag=system_server_wtf isTagEnabled=true flags=0x2
03-25 09:40:39.364 E/DisplayDeviceConfig( 1504): requesting nits when no mapping exists.
03-25 09:40:39.364 E/DisplayDeviceConfig( 1504): requesting nits when no mapping exists.
03-25 09:40:39.364 I/am_wtf ( 1504): [0,1504,system_server,-1,DisplayDeviceConfig,requesting nits when no mapping exists.]
03-25 09:40:39.365 I/DropBoxManagerService( 1504): add tag=system_server_wtf isTagEnabled=true flags=0x2
03-25 09:40:39.366 I/am_wtf ( 1504): [0,1504,system_server,-1,DisplayDeviceConfig,requesting nits when no mapping exists.]
03-25 09:40:39.367 E/DisplayDeviceConfig( 1504): requesting nits when no mapping exists.
03-25 09:40:39.367 E/DisplayDeviceConfig( 1504): requesting nits when no mapping exists.
03-25 09:40:39.368 I/am_wtf ( 1504): [0,1504,system_server,-1,DisplayDeviceConfig,requesting nits when no mapping exists.]
03-25 09:40:39.369 I/am_wtf ( 1504): [0,1504,system_server,-1,DisplayDeviceConfig,requesting nits when no mapping exists.]
03-25 09:40:39.384 E/DisplayDeviceConfig( 1504): requesting nits when no mapping exists.
03-25 09:40:39.384 E/DisplayDeviceConfig( 1504): requesting nits when no mapping exists.
03-25 09:40:39.384 I/am_wtf ( 1504): [0,1504,system_server,-1,DisplayDeviceConfig,requesting nits when no mapping exists.]
03-25 09:40:39.385 I/am_wtf ( 1504): [0,1504,system_server,-1,DisplayDeviceConfig,requesting nits when no mapping exists.]
03-25 09:40:39.401 E/DisplayDeviceConfig( 1504): requesting nits when no mapping exists.
03-25 09:40:39.401 I/am_wtf ( 1504): [0,1504,system_server,-1,DisplayDeviceConfig,requesting nits when no mapping exists.]
03-25 09:40:39.401 E/DisplayDeviceConfig( 1504): requesting nits when no mapping exists.
03-25 09:40:39.402 I/am_wtf ( 1504): [0,1504,system_server,-1,DisplayDeviceConfig,requesting nits when no mapping exists.]
03-25 09:40:39.417 E/DisplayDeviceConfig( 1504): requesting nits when no mapping exists.
03-25 09:40:39.418 I/am_wtf ( 1504): [0,1504,system_server,-1,DisplayDeviceConfig,requesting nits when no mapping exists.]
03-25 09:40:39.418 E/DisplayDeviceConfig( 1504): requesting nits when no mapping exists.
03-25 09:40:39.419 I/am_wtf ( 1504): [0,1504,system_server,-1,DisplayDeviceConfig,requesting nits when no mapping exists.]
03-25 09:40:39.434 E/DisplayDeviceConfig( 1504): requesting nits when no mapping exists.
03-25 09:40:39.435 I/am_wtf ( 1504): [0,1504,system_server,-1,DisplayDeviceConfig,requesting nits when no mapping exists.]
03-25 09:40:39.435 E/DisplayDeviceConfig( 1504): requesting nits when no mapping exists.
03-25 09:40:39.436 I/am_wtf ( 1504): [0,1504,system_server,-1,DisplayDeviceConfig,requesting nits when no mapping exists.]
03-25 09:40:39.451 E/DisplayDeviceConfig( 1504): requesting nits when no mapping exists.
03-25 09:40:39.451 I/am_wtf ( 1504): [0,1504,system_server,-1,DisplayDeviceConfig,requesting nits when no mapping exists.]
03-25 09:40:39.451 E/DisplayDeviceConfig( 1504): requesting nits when no mapping exists.
03-25 09:40:39.452 I/am_wtf ( 1504): [0,1504,system_server,-1,DisplayDeviceConfig,requesting nits when no mapping exists.]
03-25 09:40:39.468 E/DisplayDeviceConfig( 1504): requesting nits when no mapping exists.
03-25 09:40:39.468 E/DisplayDeviceConfig( 1504): requesting nits when no mapping exists.
03-25 09:40:39.468 I/am_wtf ( 1504): [0,1504,system_server,-1,DisplayDeviceConfig,requesting nits when no mapping exists.]
03-25 09:40:39.469 I/am_wtf ( 1504): [0,1504,system_server,-1,DisplayDeviceConfig,requesting nits when no mapping exists.]
03-25 09:40:45.822 I/am_uid_idle( 1504): 10045
03-25 09:40:46.324 I/PowerManagerService( 1504): Napping display group (groupId=0, uid=1000)...
03-25 09:40:46.324 I/PowerManagerService( 1504): Nap time (uid 1000)...
03-25 09:40:46.326 I/DreamManagerService( 1504): Entering dreamland.
03-25 09:40:46.328 I/PowerManagerService( 1504): Dreaming...
03-25 09:40:46.331 I/DreamController( 1504): Starting dream: name=ComponentInfo{com.thundercomm.screensaver/com.thundercomm.screensaver.service.SystemDream}, isTest=false, canDoze=false, userId=0
03-25 09:40:46.331 I/sysui_multi_action( 1504): [757,222,758,1]
03-25 09:40:46.336 I/am_uid_active( 1504): 10045
03-25 09:40:46.343 I/am_pss ( 1504): [3850,10064,com.qualcomm.qti.devicestatisticsservice,5594112,3555328,0,88502272,0,0,8]
03-25 09:40:46.350 I/ActivityTaskManager( 1504): START u0 {flg=0x10000000 pkg=com.thundercomm.screensaver cmp=com.thundercomm.screensaver/android.service.dreams.DreamActivity (has extras)} from uid 10045
03-25 09:40:46.352 I/wm_task_created( 1504): [18,-1]
03-25 09:40:46.352 W/ActivityTaskManager( 1504): Can't find TaskDisplayArea to determine support for multi window. Task id=18 attached=false
03-25 09:40:46.356 I/wm_task_moved( 1504): [18,1,7]
03-25 09:40:46.356 I/wm_task_to_front( 1504): [0,18]
03-25 09:40:46.356 I/wm_create_task( 1504): [0,18]
03-25 09:40:46.356 I/wm_create_activity( 1504): [0,242630150,18,com.thundercomm.screensaver/android.service.dreams.DreamActivity,NULL,NULL,NULL,276824064]
03-25 09:40:46.356 I/wm_task_moved( 1504): [18,1,7]
03-25 09:40:46.356 I/wm_on_top_resumed_lost_called( 2845): [31052584,com.android.launcher3.uioverrides.QuickstepLauncher,topStateChangedWhenResumed]
03-25 09:40:46.357 I/wm_pause_activity( 1504): [0,31052584,com.android.launcher3/.uioverrides.QuickstepLauncher,userLeaving=true,pauseBackTasks]
03-25 09:40:46.360 I/input_focus( 1504): [Focus request d5729f7 com.android.launcher3/com.android.launcher3.uioverrides.QuickstepLauncher,reason=UpdateInputWindows]
03-25 09:40:46.360 I/wm_on_paused_called( 2845): [31052584,com.android.launcher3.uioverrides.QuickstepLauncher,performPause]
03-25 09:40:46.360 I/ActivityTaskManager( 1504): FOREGROUND_APPLICATION_CHANGED to android.service.dreams.DreamActivity
03-25 09:40:46.361 I/ActivityTaskManager( 1504): The Process com.thundercomm.screensaver Already Exists in BG. So sending its PID: 4535
03-25 09:40:46.361 W/ActivityTaskManager( 1504): Tried to set launchTime (0) < mLastActivityLaunchTime (1148349)
03-25 09:40:46.361 I/wm_add_to_stopping( 1504): [0,31052584,com.android.launcher3/.uioverrides.QuickstepLauncher,makeInvisible]
03-25 09:40:46.362 I/wm_restart_activity( 1504): [0,242630150,18,com.thundercomm.screensaver/android.service.dreams.DreamActivity]
03-25 09:40:46.362 I/wm_set_resumed_activity( 1504): [0,com.thundercomm.screensaver/android.service.dreams.DreamActivity,minimalResumeActivityLocked]
01-03 10:15:20.333 I/qcom_rpmh DRV( 0): apps_rsc TCS Busy, retrying RPMH message send: addr=0x40d00
01-03 10:15:20.333 I/qcom_rpmh DRV( 0): apps_rsc TCS Busy, retrying RPMH message send: addr=0x40d00
03-25 09:40:46.368 I/wm_on_create_called( 4535): [242630150,android.service.dreams.DreamActivity,performCreate]
03-25 09:40:46.368 I/input_focus( 1504): [Focus leaving 94683a3 NotificationShade (server),reason=NOT_FOCUSABLE]
03-25 09:40:46.368 I/input_focus( 1504): [Focus entering d5729f7 com.android.launcher3/com.android.launcher3.uioverrides.QuickstepLauncher (server),reason=setFocusedWindow]
03-25 09:40:46.369 I/wm_on_start_called( 4535): [242630150,android.service.dreams.DreamActivity,handleStartActivity]
03-25 09:40:46.369 I/wm_on_resume_called( 4535): [242630150,android.service.dreams.DreamActivity,RESUME_ACTIVITY]
03-25 09:40:46.371 W/WindowManager( 1504): Failed looking up window session=Session{c7c00bb 4535:u0a10045} callers=com.android.server.wm.WindowManagerService.windowForClientLocked:5628 com.android.server.wm.Session.insetsModified:629 android.view.IWindowSession$Stub.onTransact:1151
03-25 09:40:46.372 I/wm_on_top_resumed_gained_called( 4535): [242630150,android.service.dreams.DreamActivity,topStateChangedWhenResumed]
03-25 09:40:46.373 I/sysui_multi_action( 1504): [757,803,799,window_time_0,802,60]
03-25 09:40:46.385 I/input_focus( 1504): [Focus leaving d5729f7 com.android.launcher3/com.android.launcher3.uioverrides.QuickstepLauncher (server),reason=NO_WINDOW]
03-25 09:40:46.389 I/input_focus( 1504): [Focus request 6568b19 com.thundercomm.screensaver/android.service.dreams.DreamActivity,reason=UpdateInputWindows]
03-25 09:40:46.396 I/sysui_multi_action( 1504): [319,45,322,44,325,1247,757,761,758,8,759,2,806,com.thundercomm.screensaver,871,android.service.dreams.DreamActivity,904,com.thundercomm.screensaver,905,0,1320,4,1321,2]
03-25 09:40:46.396 I/wm_activity_launch_time( 1504): [0,242630150,com.thundercomm.screensaver/android.service.dreams.DreamActivity,44]
03-25 09:40:46.397 V/DisplayPowerController[0]( 1504): Brightness [0.1919192] reason changing to: 'manual', previous reason: 'manual [ dim ]'.
03-25 09:40:46.397 I/sysui_multi_action( 1504): [757,1696,758,6,759,3]
03-25 09:40:46.400 E/DisplayDeviceConfig( 1504): requesting nits when no mapping exists.
03-25 09:40:46.400 E/DisplayDeviceConfig( 1504): requesting nits when no mapping exists.
03-25 09:40:46.400 I/am_wtf ( 1504): [0,1504,system_server,-1,DisplayDeviceConfig,requesting nits when no mapping exists.]
03-25 09:40:46.400 I/am_wtf ( 1504): [0,1504,system_server,-1,DisplayDeviceConfig,requesting nits when no mapping exists.]
03-25 09:40:46.403 I/sysui_multi_action( 2355): [757,111,758,2]
03-25 09:40:46.404 I/sysui_multi_action( 2355): [757,111,758,2]
03-25 09:40:46.417 E/DisplayDeviceConfig( 1504): requesting nits when no mapping exists.
03-25 09:40:46.417 E/DisplayDeviceConfig( 1504): requesting nits when no mapping exists.
03-25 09:40:46.417 I/am_wtf ( 1504): [0,1504,system_server,-1,DisplayDeviceConfig,requesting nits when no mapping exists.]
03-25 09:40:46.417 I/am_wtf ( 1504): [0,1504,system_server,-1,DisplayDeviceConfig,requesting nits when no mapping exists.]
03-25 09:40:46.417 I/sysui_multi_action( 2355): [757,111,758,1]
03-25 09:40:46.417 I/input_focus( 1504): [Focus entering 6568b19 com.thundercomm.screensaver/android.service.dreams.DreamActivity (server),reason=Window became focusable. Previous reason: NOT_VISIBLE]
03-25 09:40:46.417 I/sysui_multi_action( 2355): [757,126,758,1,759,126,927,0,928,1,1593,1]
03-25 09:40:46.417 I/sysui_multi_action( 2355): [757,113,758,1,759,113,927,1,928,1,1593,0]
03-25 09:40:46.417 I/sysui_multi_action( 2355): [757,0,758,1,759,0,927,2,928,0,1593,0]
03-25 09:40:46.417 I/sysui_multi_action( 2355): [757,0,758,1,759,0,927,3,928,0,1593,0]
03-25 09:40:46.417 I/sysui_multi_action( 2355): [757,491,758,1,759,491,927,4,928,0,1311,-1,1593,0]
03-25 09:40:46.417 I/sysui_multi_action( 2355): [757,0,758,1,759,0,927,5,928,0,1593,1]
03-25 09:40:46.418 I/sysui_multi_action( 2355): [757,111,758,1]
03-25 09:40:46.418 I/sysui_multi_action( 2355): [757,126,758,1,759,126,927,0,928,1,1593,1]
03-25 09:40:46.418 I/sysui_multi_action( 2355): [757,113,758,1,759,113,927,1,928,1,1593,1]
03-25 09:40:46.418 I/sysui_multi_action( 2355): [757,0,758,1,759,0,927,2,928,0,1593,1]
03-25 09:40:46.418 I/sysui_multi_action( 2355): [757,0,758,1,759,0,927,3,928,0,1593,1]
03-25 09:40:46.433 E/DisplayDeviceConfig( 1504): requesting nits when no mapping exists.
03-25 09:40:46.433 I/am_wtf ( 1504): [0,1504,system_server,-1,DisplayDeviceConfig,requesting nits when no mapping exists.]
03-25 09:40:46.433 E/DisplayDeviceConfig( 1504): requesting nits when no mapping exists.
03-25 09:40:46.434 I/am_wtf ( 1504): [0,1504,system_server,-1,DisplayDeviceConfig,requesting nits when no mapping exists.]
03-25 09:40:46.450 E/DisplayDeviceConfig( 1504): requesting nits when no mapping exists.
03-25 09:40:46.451 E/DisplayDeviceConfig( 1504): requesting nits when no mapping exists.
03-25 09:40:46.451 I/am_wtf ( 1504): [0,1504,system_server,-1,DisplayDeviceConfig,requesting nits when no mapping exists.]
03-25 09:40:46.451 I/am_wtf ( 1504): [0,1504,system_server,-1,DisplayDeviceConfig,requesting nits when no mapping exists.]
03-25 09:40:46.463 W/FreeFormWindowHelper( 1504): Current Display FreeFormTask is null
03-25 09:40:46.467 E/DisplayDeviceConfig( 1504): requesting nits when no mapping exists.
03-25 09:40:46.467 E/DisplayDeviceConfig( 1504): requesting nits when no mapping exists.
03-25 09:40:46.467 I/am_wtf ( 1504): [0,1504,system_server,-1,DisplayDeviceConfig,requesting nits when no mapping exists.]
03-25 09:40:46.467 I/am_wtf ( 1504): [0,1504,system_server,-1,DisplayDeviceConfig,requesting nits when no mapping exists.]
03-25 09:40:46.484 E/DisplayDeviceConfig( 1504): requesting nits when no mapping exists.
03-25 09:40:46.484 E/DisplayDeviceConfig( 1504): requesting nits when no mapping exists.
03-25 09:40:46.484 I/am_wtf ( 1504): [0,1504,system_server,-1,DisplayDeviceConfig,requesting nits when no mapping exists.]
03-25 09:40:46.484 I/am_wtf ( 1504): [0,1504,system_server,-1,DisplayDeviceConfig,requesting nits when no mapping exists.]
03-25 09:40:46.501 E/DisplayDeviceConfig( 1504): requesting nits when no mapping exists.
03-25 09:40:46.501 E/DisplayDeviceConfig( 1504): requesting nits when no mapping exists.
03-25 09:40:46.501 I/am_wtf ( 1504): [0,1504,system_server,-1,DisplayDeviceConfig,requesting nits when no mapping exists.]
03-25 09:40:46.501 I/am_wtf ( 1504): [0,1504,system_server,-1,DisplayDeviceConfig,requesting nits when no mapping exists.]
03-25 09:40:46.517 E/DisplayDeviceConfig( 1504): requesting nits when no mapping exists.
03-25 09:40:46.517 E/DisplayDeviceConfig( 1504): requesting nits when no mapping exists.
03-25 09:40:46.517 I/am_wtf ( 1504): [0,1504,system_server,-1,DisplayDeviceConfig,requesting nits when no mapping exists.]
03-25 09:40:46.517 I/am_wtf ( 1504): [0,1504,system_server,-1,DisplayDeviceConfig,requesting nits when no mapping exists.]
03-25 09:40:46.534 E/DisplayDeviceConfig( 1504): requesting nits when no mapping exists.
03-25 09:40:46.534 I/am_wtf ( 1504): [0,1504,system_server,-1,DisplayDeviceConfig,requesting nits when no mapping exists.]
03-25 09:40:46.534 E/DisplayDeviceConfig( 1504): requesting nits when no mapping exists.
03-25 09:40:46.534 I/am_wtf ( 1504): [0,1504,system_server,-1,DisplayDeviceConfig,requesting nits when no mapping exists.]
03-25 09:40:46.551 E/DisplayDeviceConfig( 1504): requesting nits when no mapping exists.
03-25 09:40:46.551 E/DisplayDeviceConfig( 1504): requesting nits when no mapping exists.
03-25 09:40:46.551 I/am_wtf ( 1504): [0,1504,system_server,-1,DisplayDeviceConfig,requesting nits when no mapping exists.]
03-25 09:40:46.551 I/am_wtf ( 1504): [0,1504,system_server,-1,DisplayDeviceConfig,requesting nits when no mapping exists.]
03-25 09:40:46.652 I/sysui_multi_action( 2355): [757,111,758,2]
03-25 09:40:46.652 I/sysui_multi_action( 2355): [757,111,758,2]
03-25 09:40:46.685 I/wm_stop_activity( 1504): [0,31052584,com.android.launcher3/.uioverrides.QuickstepLauncher]
03-25 09:40:46.703 I/wm_on_stop_called( 2845): [31052584,com.android.launcher3.uioverrides.QuickstepLauncher,STOP_ACTIVITY_ITEM]
03-25 09:40:46.863 I/sysui_multi_action( 1504): [757,128,758,2,793,961049,794,60596,795,961049,796,26,798,0,806,android,857,DEVELOPER_IMPORTANT,858,4,947,0,1395,3,1500,960846,1688,1]
03-25 09:40:46.863 I/notification_visibility( 1504): [-1|android|26|null|1000,0,961049,961049,0,0]
03-25 09:40:46.863 I/sysui_multi_action( 1504): [757,128,758,2,793,1224441,794,60594,795,1224441,796,17303299,797,com.android.wifi,798,1,806,android,857,NETWORK_AVAILABLE,858,2,947,0,1395,3,1500,1224236,1688,1]
03-25 09:40:46.863 I/notification_visibility( 1504): [0|android|17303299|com.android.wifi|1000,0,1224441,1224441,0,1]
03-25 09:40:46.863 I/sysui_multi_action( 1504): [757,128,758,2,793,1225236,794,60592,795,1225236,796,32,798,2,806,android,857,USB,858,1,947,0,1395,3,1500,1225034,1688,1]
03-25 09:40:46.863 I/notification_visibility( 1504): [-1|android|32|null|1000,0,1225236,1225236,0,2]
03-25 09:40:46.865 I/sysui_multi_action( 1504): [757,127,758,2]
03-25 09:40:46.865 I/notification_panel_hidden( 1504):
03-25 09:40:57.446 I/input_interaction( 1504): Interaction with: 6568b19 com.thundercomm.screensaver/android.service.dreams.DreamActivity (server), edge-swipe (server), swipe-up (server), PointerEventDispatcher0 (server),
03-25 09:40:57.449 I/wm_finish_activity( 1504): [0,242630150,18,com.thundercomm.screensaver/android.service.dreams.DreamActivity,finish-activity]
03-25 09:40:57.450 I/wm_task_moved( 1504): [1,1,6]
03-25 09:40:57.451 I/wm_task_moved( 1504): [11,1,2147483647]
03-25 09:40:57.451 I/wm_task_to_front( 1504): [0,11]
03-25 09:40:57.451 I/wm_focused_root_task( 1504): [0,0,1,18,finish-top adjustFocusToNextFocusableTask]
03-25 09:40:57.452 I/wm_set_resumed_activity( 1504): [0,com.android.launcher3/.uioverrides.QuickstepLauncher,finish-top adjustFocusToNextFocusableTask]
03-25 09:40:57.453 I/wm_pause_activity( 1504): [0,242630150,com.thundercomm.screensaver/android.service.dreams.DreamActivity,userLeaving=false,finish]
03-25 09:40:57.461 I/sysui_multi_action( 1504): [757,803,799,window_time_0,802,12]
03-25 09:40:57.461 I/DreamManagerService( 1504): Gently waking up from dream.
03-25 09:40:57.462 I/wm_on_top_resumed_lost_called( 4535): [242630150,android.service.dreams.DreamActivity,topStateChangedWhenResumed]
03-25 09:40:57.462 I/DreamManagerService( 1504): Performing gentle wake from dream.
03-25 09:40:57.462 I/wm_on_paused_called( 4535): [242630150,android.service.dreams.DreamActivity,performPause]
03-25 09:40:57.463 I/wm_add_to_stopping( 1504): [0,242630150,com.thundercomm.screensaver/android.service.dreams.DreamActivity,completeFinishing]
03-25 09:40:57.464 I/ActivityTaskManager( 1504): FOREGROUND_APPLICATION_CHANGED to com.android.launcher3.uioverrides.QuickstepLauncher
03-25 09:40:57.465 I/wm_set_resumed_activity( 1504): [0,com.android.launcher3/.uioverrides.QuickstepLauncher,resumeTopActivityInnerLocked]
03-25 09:40:57.466 I/wm_resume_activity( 1504): [0,31052584,11,com.android.launcher3/.uioverrides.QuickstepLauncher]
03-25 09:40:57.471 I/sysui_multi_action( 1504): [757,803,799,window_time_0,802,0]
03-25 09:40:57.472 I/view_enqueue_input_event( 4535): [Motion - Cancel,com.thundercomm.screensaver/android.service.dreams.DreamActivity]
03-25 09:40:57.472 I/input_focus( 1504): [Focus leaving 6568b19 com.thundercomm.screensaver/android.service.dreams.DreamActivity (server),reason=NO_WINDOW]
03-25 09:40:57.477 I/wm_on_restart_called( 2845): [31052584,com.android.launcher3.uioverrides.QuickstepLauncher,performRestartActivity]
03-25 09:40:57.477 I/wm_on_start_called( 2845): [31052584,com.android.launcher3.uioverrides.QuickstepLauncher,handleStartActivity]
03-25 09:40:57.478 I/wm_on_resume_called( 2845): [31052584,com.android.launcher3.uioverrides.QuickstepLauncher,RESUME_ACTIVITY]
03-25 09:40:57.478 I/wm_on_top_resumed_gained_called( 2845): [31052584,com.android.launcher3.uioverrides.QuickstepLauncher,topWhenResuming]
03-25 09:40:57.482 I/input_interaction( 1504): Interaction with: edge-swipe (server), swipe-up (server), PointerEventDispatcher0 (server),
03-25 09:40:57.490 I/input_focus( 1504): [Focus request d5729f7 com.android.launcher3/com.android.launcher3.uioverrides.QuickstepLauncher,reason=UpdateInputWindows]
03-25 09:40:57.503 I/PowerManagerService( 1504): Powering on display group fromDreaming (groupId=0, uid=1000, reason=WAKE_REASON_UNKNOWN, details=android.server.power:DREAM_FINISHED)...
03-25 09:40:57.503 I/PowerManagerService( 1504): Waking up from Dreaming (uid=1000, reason=WAKE_REASON_UNKNOWN, details=android.server.power:DREAM_FINISHED)...
03-25 09:40:57.512 I/input_focus( 1504): [Focus entering d5729f7 com.android.launcher3/com.android.launcher3.uioverrides.QuickstepLauncher (server),reason=setFocusedWindow]
03-25 09:40:57.568 W/FreeFormWindowHelper( 1504): Current Display FreeFormTask is null
03-25 09:40:57.752 I/wm_destroy_activity( 1504): [0,242630150,18,com.thundercomm.screensaver/android.service.dreams.DreamActivity,finish-imm:idle]
03-25 09:40:57.766 I/wm_on_stop_called( 4535): [242630150,android.service.dreams.DreamActivity,LIFECYCLER_STOP_ACTIVITY]
03-25 09:40:57.767 I/wm_on_destroy_called( 4535): [242630150,android.service.dreams.DreamActivity,performDestroy]
03-25 09:40:57.768 I/DreamManagerService( 1504): Leaving dreamland.
03-25 09:40:57.769 I/DreamManagerService( 1504): Performing gentle wake from dream.
03-25 09:40:57.769 I/DreamController( 1504): Stopping dream: name=ComponentInfo{com.thundercomm.screensaver/com.thundercomm.screensaver.service.SystemDream}, isTest=false, canDoze=false, userId=0, reason='finished self'(from 'finished self')
03-25 09:40:57.769 I/sysui_multi_action( 1504): [757,222,758,2]
03-25 09:40:57.769 I/sysui_multi_action( 1504): [757,804,799,dreaming_minutes,801,0,802,1]
03-25 09:40:57.775 I/wm_task_removed( 1504): [18,removeChild:removeChild last r=ActivityRecord{e763e06 u0 com.thundercomm.screensaver/android.service.dreams.DreamActivity t-1 f}} in t=Task{521c3ea #18 type=dream A=10045:android:com.thundercomm.screensaver/dream U=0 visible=false mode=fullscreen translucent=true sz=0}]
03-25 09:40:57.775 I/wm_task_removed( 1504): [18,removeChild]
03-25 09:40:57.777 W/ActivityTaskManager( 1504): Can't find TaskDisplayArea to determine support for multi window. Task id=18 attached=false
03-25 09:40:58.280 I/input_interaction( 1504): Interaction with: 300cccc StatusBar (server), edge-swipe (server), swipe-up (server), PointerEventDispatcher0 (server),
03-25 09:40:58.287 I/sysui_multi_action( 2355): [757,803,799,panel_open,802,1]
03-25 09:40:58.289 I/sysui_multi_action( 2355): [757,1328,758,4,1326,49,1327,0,1329,0]
03-25 09:40:58.355 I/sysui_multi_action( 1504): [757,127,758,1]
03-25 09:40:58.355 I/sysui_multi_action( 1504): [757,804,799,note_load,801,3,802,1]
03-25 09:40:58.355 I/notification_panel_revealed( 1504): 3
03-25 09:40:58.367 I/input_focus( 1504): [Focus request 94683a3 NotificationShade,reason=UpdateInputWindows]
03-25 09:40:58.378 I/sysui_multi_action( 1504): [757,128,758,1,793,972564,794,0,795,972564,796,26,798,0,806,android,857,DEVELOPER_IMPORTANT,858,4,947,0,1395,3,1500,972361,1688,1]
03-25 09:40:58.378 I/sysui_multi_action( 1504): [757,804,799,note_freshness,801,972564,802,1]
03-25 09:40:58.379 I/notification_visibility( 1504): [-1|android|26|null|1000,1,972564,972564,0,0]
03-25 09:40:58.379 I/sysui_multi_action( 1504): [757,128,758,1,793,1235957,794,0,795,1235957,796,17303299,797,com.android.wifi,798,1,806,android,857,NETWORK_AVAILABLE,858,2,947,0,1395,3,1500,1235752,1688,1]
03-25 09:40:58.379 I/sysui_multi_action( 1504): [757,804,799,note_freshness,801,1235957,802,1]
03-25 09:40:58.379 I/notification_visibility( 1504): [0|android|17303299|com.android.wifi|1000,1,1235957,1235957,0,1]
03-25 09:40:58.379 I/sysui_multi_action( 1504): [757,128,758,1,793,1236752,794,0,795,1236752,796,32,798,2,806,android,857,USB,858,1,947,0,1395,3,1500,1236550,1688,1]
03-25 09:40:58.379 I/sysui_multi_action( 1504): [757,804,799,note_freshness,801,1236752,802,1]
03-25 09:40:58.379 I/notification_visibility( 1504): [-1|android|32|null|1000,1,1236752,1236752,0,2]
03-25 09:40:58.398 I/input_focus( 1504): [Focus leaving d5729f7 com.android.launcher3/com.android.launcher3.uioverrides.QuickstepLauncher (server),reason=setFocusedWindow]
03-25 09:40:58.398 I/input_focus( 1504): [Focus entering 94683a3 NotificationShade (server),reason=setFocusedWindow]
03-25 09:40:58.447 I/sysui_multi_action( 2355): [757,111,758,1]
03-25 09:40:58.447 I/sysui_multi_action( 2355): [757,126,758,1,759,126,927,0,928,1,1593,0]
03-25 09:40:58.447 I/sysui_multi_action( 2355): [757,113,758,1,759,113,927,1,928,1,1593,0]
03-25 09:40:58.447 I/sysui_multi_action( 2355): [757,0,758,1,759,0,927,2,928,0,1593,0]
03-25 09:40:58.448 I/sysui_multi_action( 2355): [757,0,758,1,759,0,927,3,928,0,1593,0]
03-25 09:40:58.448 I/sysui_multi_action( 2355): [757,491,758,1,759,491,927,4,928,0,1311,-1,1593,0]
03-25 09:40:58.448 I/sysui_multi_action( 2355): [757,0,758,1,759,0,927,5,928,0,1593,0]
03-25 09:40:58.449 I/sysui_multi_action( 2355): [757,111,758,1]
03-25 09:40:58.449 I/sysui_multi_action( 2355): [757,126,758,1,759,126,927,0,928,1,1593,0]
03-25 09:40:58.449 I/sysui_multi_action( 2355): [757,113,758,1,759,113,927,1,928,1,1593,0]
03-25 09:40:58.449 I/sysui_multi_action( 2355): [757,0,758,1,759,0,927,2,928,0,1593,0]
03-25 09:40:58.449 I/sysui_multi_action( 2355): [757,0,758,1,759,0,927,3,928,0,1593,0]
03-25 09:41:51.505 V/DisplayPowerController[0]( 1504): Brightness [0.05] reason changing to: 'manual [ dim ]', previous reason: 'manual'.
03-25 09:41:51.505 I/sysui_multi_action( 1504): [757,1696,758,6,759,2]
03-25 09:41:51.505 W/PowerManagerService( 1504): Screen on took 54002 ms
03-25 09:41:51.517 E/DisplayDeviceConfig( 1504): requesting nits when no mapping exists.
03-25 09:41:51.518 E/DisplayDeviceConfig( 1504): requesting nits when no mapping exists.
03-25 09:41:51.518 I/am_wtf ( 1504): [0,1504,system_server,-1,DisplayDeviceConfig,requesting nits when no mapping exists.]
03-25 09:41:51.520 I/DropBoxManagerService( 1504): add tag=system_server_wtf isTagEnabled=true flags=0x2
03-25 09:41:51.522 I/am_wtf ( 1504): [0,1504,system_server,-1,DisplayDeviceConfig,requesting nits when no mapping exists.]
03-25 09:41:51.523 I/DropBoxManagerService( 1504): add tag=system_server_wtf isTagEnabled=true flags=0x2
03-25 09:41:51.534 E/DisplayDeviceConfig( 1504): requesting nits when no mapping exists.
03-25 09:41:51.534 E/DisplayDeviceConfig( 1504): requesting nits when no mapping exists.
03-25 09:41:51.535 I/am_wtf ( 1504): [0,1504,system_server,-1,DisplayDeviceConfig,requesting nits when no mapping exists.]
03-25 09:41:51.536 I/DropBoxManagerService( 1504): add tag=system_server_wtf isTagEnabled=true flags=0x2
03-25 09:41:51.537 I/am_wtf ( 1504): [0,1504,system_server,-1,DisplayDeviceConfig,requesting nits when no mapping exists.]
03-25 09:41:51.537 I/DropBoxManagerService( 1504): add tag=system_server_wtf isTagEnabled=true flags=0x2
03-25 09:41:51.541 E/DisplayDeviceConfig( 1504): requesting nits when no mapping exists.
03-25 09:41:51.541 E/DisplayDeviceConfig( 1504): requesting nits when no mapping exists.
03-25 09:41:51.541 I/am_wtf ( 1504): [0,1504,system_server,-1,DisplayDeviceConfig,requesting nits when no mapping exists.]
03-25 09:41:51.542 I/DropBoxManagerService( 1504): add tag=system_server_wtf isTagEnabled=true flags=0x2
03-25 09:41:51.543 I/am_wtf ( 1504): [0,1504,system_server,-1,DisplayDeviceConfig,requesting nits when no mapping exists.]
03-25 09:41:51.557 E/DisplayDeviceConfig( 1504): requesting nits when no mapping exists.
03-25 09:41:51.558 E/DisplayDeviceConfig( 1504): requesting nits when no mapping exists.
03-25 09:41:51.558 I/am_wtf ( 1504): [0,1504,system_server,-1,DisplayDeviceConfig,requesting nits when no mapping exists.]
03-25 09:41:51.559 I/am_wtf ( 1504): [0,1504,system_server,-1,DisplayDeviceConfig,requesting nits when no mapping exists.]
03-25 09:41:51.574 E/DisplayDeviceConfig( 1504): requesting nits when no mapping exists.
03-25 09:41:51.575 E/DisplayDeviceConfig( 1504): requesting nits when no mapping exists.
03-25 09:41:51.575 I/am_wtf ( 1504): [0,1504,system_server,-1,DisplayDeviceConfig,requesting nits when no mapping exists.]
03-25 09:41:51.576 I/am_wtf ( 1504): [0,1504,system_server,-1,DisplayDeviceConfig,requesting nits when no mapping exists.]
03-25 09:41:51.591 E/DisplayDeviceConfig( 1504): requesting nits when no mapping exists.
03-25 09:41:51.591 E/DisplayDeviceConfig( 1504): requesting nits when no mapping exists.
03-25 09:41:51.591 I/am_wtf ( 1504): [0,1504,system_server,-1,DisplayDeviceConfig,requesting nits when no mapping exists.]
03-25 09:41:51.592 I/am_wtf ( 1504): [0,1504,system_server,-1,DisplayDeviceConfig,requesting nits when no mapping exists.]
03-25 09:41:51.608 E/DisplayDeviceConfig( 1504): requesting nits when no mapping exists.
03-25 09:41:51.609 E/DisplayDeviceConfig( 1504): requesting nits when no mapping exists.
03-25 09:41:51.609 I/am_wtf ( 1504): [0,1504,system_server,-1,DisplayDeviceConfig,requesting nits when no mapping exists.]
03-25 09:41:51.610 I/am_wtf ( 1504): [0,1504,system_server,-1,DisplayDeviceConfig,requesting nits when no mapping exists.]
03-25 09:41:51.624 E/DisplayDeviceConfig( 1504): requesting nits when no mapping exists.
03-25 09:41:51.625 I/am_wtf ( 1504): [0,1504,system_server,-1,DisplayDeviceConfig,requesting nits when no mapping exists.]
03-25 09:41:51.625 E/DisplayDeviceConfig( 1504): requesting nits when no mapping exists.
03-25 09:41:51.626 I/am_wtf ( 1504): [0,1504,system_server,-1,DisplayDeviceConfig,requesting nits when no mapping exists.]
03-25 09:41:51.642 E/DisplayDeviceConfig( 1504): requesting nits when no mapping exists.
03-25 09:41:51.642 E/DisplayDeviceConfig( 1504): requesting nits when no mapping exists.
03-25 09:41:51.642 I/am_wtf ( 1504): [0,1504,system_server,-1,DisplayDeviceConfig,requesting nits when no mapping exists.]
03-25 09:41:51.643 I/am_wtf ( 1504): [0,1504,system_server,-1,DisplayDeviceConfig,requesting nits when no mapping exists.]
03-25 09:41:51.658 E/DisplayDeviceConfig( 1504): requesting nits when no mapping exists.
03-25 09:41:51.659 E/DisplayDeviceConfig( 1504): requesting nits when no mapping exists.
03-25 09:41:51.659 I/am_wtf ( 1504): [0,1504,system_server,-1,DisplayDeviceConfig,requesting nits when no mapping exists.]
03-25 09:41:51.660 I/am_wtf ( 1504): [0,1504,system_server,-1,DisplayDeviceConfig,requesting nits when no mapping exists.]
03-25 09:41:57.777 I/am_uid_idle( 1504): 10045
03-25 09:41:58.505 I/PowerManagerService( 1504): Napping display group (groupId=0, uid=1000)...
03-25 09:41:58.505 I/PowerManagerService( 1504): Nap time (uid 1000)...
03-25 09:41:58.507 I/DreamManagerService( 1504): Entering dreamland.
03-25 09:41:58.512 I/PowerManagerService( 1504): Dreaming...
03-25 09:41:58.516 I/DreamController( 1504): Starting dream: name=ComponentInfo{com.thundercomm.screensaver/com.thundercomm.screensaver.service.SystemDream}, isTest=false, canDoze=false, userId=0
03-25 09:41:58.516 I/sysui_multi_action( 1504): [757,222,758,1]
03-25 09:41:58.518 I/am_uid_active( 1504): 10045
03-25 09:41:58.531 I/ActivityTaskManager( 1504): START u0 {flg=0x10000000 pkg=com.thundercomm.screensaver cmp=com.thundercomm.screensaver/android.service.dreams.DreamActivity (has extras)} from uid 10045
03-25 09:41:58.533 I/wm_task_created( 1504): [19,-1]
03-25 09:41:58.533 W/ActivityTaskManager( 1504): Can't find TaskDisplayArea to determine support for multi window. Task id=19 attached=false
03-25 09:41:58.538 I/wm_task_moved( 1504): [19,1,7]
03-25 09:41:58.538 I/wm_task_to_front( 1504): [0,19]
03-25 09:41:58.538 I/wm_create_task( 1504): [0,19]
03-25 09:41:58.538 I/wm_create_activity( 1504): [0,216635958,19,com.thundercomm.screensaver/android.service.dreams.DreamActivity,NULL,NULL,NULL,276824064]
03-25 09:41:58.538 I/wm_task_moved( 1504): [19,1,7]
03-25 09:41:58.538 I/wm_on_top_resumed_lost_called( 2845): [31052584,com.android.launcher3.uioverrides.QuickstepLauncher,topStateChangedWhenResumed]
03-25 09:41:58.539 I/wm_pause_activity( 1504): [0,31052584,com.android.launcher3/.uioverrides.QuickstepLauncher,userLeaving=true,pauseBackTasks]
03-25 09:41:58.541 I/wm_on_paused_called( 2845): [31052584,com.android.launcher3.uioverrides.QuickstepLauncher,performPause]
03-25 09:41:58.543 I/ActivityTaskManager( 1504): FOREGROUND_APPLICATION_CHANGED to android.service.dreams.DreamActivity
03-25 09:41:58.544 I/ActivityTaskManager( 1504): The Process com.thundercomm.screensaver Already Exists in BG. So sending its PID: 4535
03-25 09:41:58.544 W/ActivityTaskManager( 1504): Tried to set launchTime (0) < mLastActivityLaunchTime (1247974)
03-25 09:41:58.544 I/wm_add_to_stopping( 1504): [0,31052584,com.android.launcher3/.uioverrides.QuickstepLauncher,makeInvisible]
03-25 09:41:58.544 I/wm_restart_activity( 1504): [0,216635958,19,com.thundercomm.screensaver/android.service.dreams.DreamActivity]
03-25 09:41:58.545 I/wm_set_resumed_activity( 1504): [0,com.thundercomm.screensaver/android.service.dreams.DreamActivity,minimalResumeActivityLocked]
