01-03 10:30:56.426 E/[schedu][0x9c60e8505][05:06:26.184785] wlan( 0): [2145:E:QDF] Cannot malloc 0 bytes @ csr_get_cfg_max_tx_power:14199
01-03 10:30:56.427 E/[soft_i][0x9c60ecc6b][05:06:26.185737] wlan( 0): [0:E:DP] dp_tx_initialize_threshold: tx flow control threshold is set, pool size is 4096
01-03 10:30:56.427 I/[schedu][0x9c60ed4e6][05:06:26.185850] wlan( 0): [2145:I:HDD] wlan0(vdevid-0): 3a:bb:80:ee:b2:b5 connected to 02:98:89:68:d8:f0
01-03 10:30:56.430 I/[dp_rx_][0x9c60fc635][05:06:26.189067] wlan( 0): [2147:I:QDF] EAPOL-1 RX: SA:02:98:89:68:d8:f0 DA:3a:bb:80:ee:b2:b5
03-25 05:06:26.208 I/netstats_mobile_sample( 1504): [0,0,0,0,0,0,0,0,0,0,0,0,1679749586208]
03-25 05:06:26.208 I/netstats_wifi_sample( 1504): [0,0,0,0,0,0,0,0,0,0,0,0,1679749586208]
01-03 10:30:56.477 I/[soft_i][0x9c61d9e33][05:06:26.236321] wlan( 0): [0:I:QDF] EAPOL-2 TX: SA:3a:bb:80:ee:b2:b5 DA:02:98:89:68:d8:f0 msdu_id:0 status: succ
01-03 10:30:57.424 I/[dp_rx_][0x9c732da61][05:06:27.182618] wlan( 0): [2147:I:QDF] EAPOL-1 RX: SA:02:98:89:68:d8:f0 DA:3a:bb:80:ee:b2:b5
01-03 10:30:57.428 I/[soft_i][0x9c7341bbc][05:06:27.186901] wlan( 0): [0:I:QDF] EAPOL-2 TX: SA:3a:bb:80:ee:b2:b5 DA:02:98:89:68:d8:f0 msdu_id:0 status: succ
01-03 10:30:58.426 I/[dp_rx_][0x9c8588cd9][05:06:28.185103] wlan( 0): [2147:I:QDF] EAPOL-1 RX: SA:02:98:89:68:d8:f0 DA:3a:bb:80:ee:b2:b5
01-03 10:30:58.430 I/[soft_i][0x9c859cc5b][05:06:28.189363] wlan( 0): [0:I:QDF] EAPOL-2 TX: SA:3a:bb:80:ee:b2:b5 DA:02:98:89:68:d8:f0 msdu_id:0 status: succ
01-03 10:30:59.426 I/[dp_rx_][0x9c97d8282][05:06:29.185072] wlan( 0): [2147:I:QDF] EAPOL-1 RX: SA:02:98:89:68:d8:f0 DA:3a:bb:80:ee:b2:b5
01-03 10:30:59.433 I/[soft_i][0x9c97f969c][05:06:29.192166] wlan( 0): [0:I:QDF] EAPOL-2 TX: SA:3a:bb:80:ee:b2:b5 DA:02:98:89:68:d8:f0 msdu_id:0 status: succ
03-25 05:06:30.108 I/commit_sys_config_file( 1504): [uri-grants,8]
03-25 05:06:30.144 I/commit_sys_config_file( 1504): [package-user-0,5]
01-03 10:31:00.431 I/[schedu][0x9caa3dcc6][05:06:30.189795] wlan( 0): [2145:I:PE] Disassoc RX: vdev 0 from 02:98:89:68:d8:f0 for 3a:bb:80:ee:b2:b5 RSSI = -44 reason 2 mlm state = 14, sme state = 10 systemrole = 3
01-03 10:31:00.431 I/[schedu][0x9caa40917][05:06:30.190386] wlan( 0): [2145:I:SME] disassoc from peer 02:98:89:68:d8:f0: 2 status: 539 vid 0
01-03 10:31:00.439 E/[schedu][0x9caa65ec8][05:06:30.198355] wlan( 0): [2145:E:HDD] hdd_get_roam_scan_ch_cb: 4213: Invalid len
01-03 10:31:00.463 I/[schedu][0x9caad2266][05:06:30.221443] wlan( 0): [2145:I:HDD] wlan0(vdevid-0): disconnected
01-03 10:31:00.463 I/[schedu][0x9caad2362][05:06:30.221456] wlan( 0): [2145:I:DP] dp_tx_flow_pool_unmap_handler: flow_id 0 flow_type 0 flow_pool_id 0
01-03 10:31:00.463 I/[schedu][0x9caad665d][05:06:30.222350] wlan( 0): [2145:I:HDD] Disconnect reason: 2 WLAN_REASON_PREV_AUTH_NOT_VALID vendor: 0 LG: 0
01-03 10:31:00.469 E/[wifi@1][0x9caaeef1a][05:06:30.227586] wlan( 0): [837:E:QDF] cds_flush_logs: 2424: Bug report already in progress - dropping! type:0, indicator=1 reason_code=0
01-03 10:31:00.469 E/[wifi@1][0x9caaef04b][05:06:30.227602] wlan( 0): [837:E:HDD] __wlan_hdd_cfg80211_wifi_logger_get_ring_data: 9840: Failed to trigger bug report
03-25 05:06:30.227 I/service_manager_stats( 1504): [100,51,78362]
03-25 05:06:30.228 I/notification_enqueue( 1504): [1000,1504,android,42,com.android.wifi,0,Notification(channel=NETWORK_ALERTS shortcut=null contentView=null vibrate=null sound=null defaults=0x0 flags=0x10 color=0x00000000 vis=PRIVATE),0]
01-03 10:31:00.486 I/logd ( 0): logdr: UID=1000 GID=1000 PID=6826 n tail=127 logMask=19 pid=0 start=0ns deadline=0ns
01-03 10:31:00.510 I/[schedu][0x9cabb1293][05:06:30.269019] wlan( 0): [2145:I:HIF] Deinitializing Runtime PM wakelock &vdev->vdev_set_key_runtime_wakelock
01-03 10:31:00.511 I/[schedu][0x9cabb4070][05:06:30.269630] wlan( 0): [2145:I:HIF] Initializing Runtime PM wakelock &vdev->vdev_set_key_runtime_wakelock
03-25 05:06:30.278 D/android.hardware.wifi@1.0-service( 837): Successfully SetMacAddress.
01-03 10:31:00.520 I/[wifi@1][0x9cabdf56e][05:06:30.278870] wlan( 0): [837:I:DP] dp_vdev_attach_wifi3: wlan_cfg_ap_bridge_enabled 0
01-03 10:31:00.530 E/[wifi@1][0x9cac0e50d][05:06:30.288892] wlan( 0): [2914:E:wifipos] wifi_pos_process_app_reg_req: 608: Received App Req Req pid(1983906629), len(16)
01-03 10:31:00.530 I/[wifi@1][0x9cac103a2][05:06:30.289300] wlan( 0): [2914:I:wifipos] wifi_pos_get_ch_info: 461: num channels: 26
01-03 10:31:00.531 I/[wifi@1][0x9cac1194d][05:06:30.289589] wlan( 0): [2914:I:wifipos] wifi_pos_get_ch_info: 461: num channels: 26
01-03 10:31:00.600 I/logd ( 0): logdr: UID=1000 GID=1000 PID=6831 n tail=127 logMask=80 pid=0 start=0ns deadline=0ns
03-25 05:06:30.429 I/sysui_multi_action( 1504): [757,1501,758,1,793,203,794,0,795,203,796,42,797,com.android.wifi,806,android,857,NETWORK_ALERTS,858,4,947,0,1500,0,1688,1]
03-25 05:06:30.429 I/sysui_multi_action( 1504): [757,804,799,note_interruptive,801,0,802,1]
03-25 05:06:30.429 I/GameModeConfig( 1504): isGameModeOn = false
03-25 05:06:30.431 W/NotificationHistory( 1504): Attempted to add notif for locked/gone/disabled user 0
03-25 05:06:30.451 E/android.hardware.wifi@1.0-service( 837): Failed to open directory: Permission denied
03-25 05:06:30.451 E/android.hardware.wifi@1.0-service( 837): Error occurred while deleting old tombstone files
03-25 05:06:30.451 E/android.hardware.wifi@1.0-service( 837): Error writing files to flash
03-25 05:06:30.447 I/auditd ( 837): type=1400 audit(0.0:764): avc: denied { search } for comm="wifi@1.0-servic" name="tombstones" dev="dm-10" ino=24 scontext=u:r:hal_wifi_default:s0 tcontext=u:object_r:vendor_tombstone_data_file:s0 tclass=dir permissive=0
01-03 10:31:00.702 I/[schedu][0x9caf325ef][05:06:30.460424] wlan( 0): [2145:I:OSIF] scan start scan id 40984
03-25 05:06:30.538 I/sysui_multi_action( 2355): [757,803,799,note_peek,802,1]
03-25 05:06:30.545 I/sysui_multi_action( 1504): [757,127,758,1]
03-25 05:06:30.545 I/sysui_multi_action( 1504): [757,804,799,note_load,801,1,802,1]
03-25 05:06:30.545 I/notification_panel_revealed( 1504): 1
03-25 05:06:30.546 I/sysui_heads_up_status( 2355): [0|android|42|com.android.wifi|1000,1]
03-25 05:06:30.571 I/sysui_multi_action( 1504): [757,128,758,1,793,345,794,0,795,345,796,42,797,com.android.wifi,798,0,806,android,857,NETWORK_ALERTS,858,4,947,0,1395,4,1500,142,1688,1]
03-25 05:06:30.571 I/sysui_multi_action( 1504): [757,804,799,note_freshness,801,345,802,1]
03-25 05:06:30.571 I/notification_visibility( 1504): [0|android|42|com.android.wifi|1000,1,345,345,0,0]
03-25 05:06:30.700 I/menu_opened( 2955): 1
03-25 05:06:30.733 I/input_focus( 1504): [Focus request adbf15a PopupWindow:c49de02,reason=UpdateInputWindows]
03-25 05:06:30.756 I/input_focus( 1504): [Focus leaving dc89173 com.android.settings/com.android.settings.Settings (server),reason=setFocusedWindow]
03-25 05:06:30.756 I/input_focus( 1504): [Focus entering adbf15a PopupWindow:c49de02 (server),reason=setFocusedWindow]
01-03 10:31:01.885 I/[schedu][0x9cc4dff04][05:06:31.644332] wlan( 0): [2145:I:OSIF] vdev 0, scan id 40984 type COMPLETED(1) reason COMPLETED(1) scan found 68 bss
01-03 10:31:03.720 I/logd ( 0): logdr: UID=1000 GID=1000 PID=6842 n tail=127 logMask=19 pid=0 start=0ns deadline=0ns
01-03 10:31:03.832 I/logd ( 0): logdr: UID=1000 GID=1000 PID=6844 n tail=127 logMask=80 pid=0 start=0ns deadline=0ns
03-25 05:06:34.050 I/input_interaction( 1504): Interaction with: adbf15a PopupWindow:c49de02 (server), edge-swipe (server), swipe-up (server), PointerEventDispatcher0 (server),
03-25 05:06:34.186 I/menu_item_selected( 2955): [1,淇敼]
03-25 05:06:34.268 I/sysui_multi_action( 2955): [757,603,758,1,833,0,1089,76]
03-25 05:06:34.290 I/input_focus( 1504): [Focus request a43650a 椋炲摜鐨刾hone,reason=UpdateInputWindows]
03-25 05:06:34.298 I/input_focus( 1504): [Focus leaving adbf15a PopupWindow:c49de02 (server),reason=NOT_FOCUSABLE]
03-25 05:06:34.315 I/input_focus( 1504): [Focus entering a43650a 椋炲摜鐨刾hone (server),reason=setFocusedWindow]
03-25 05:06:35.648 I/input_interaction( 1504): Interaction with: a177f6b PopupWindow:55d4008 (server), edge-swipe (server), swipe-up (server), PointerEventDispatcher0 (server),
01-03 10:31:06.321 I/[schedu][0x9d1617cdd][05:06:36.079930] wlan( 0): [2145:I:OSIF] scan start scan id 40985
03-25 05:06:36.242 I/sysui_heads_up_status( 2355): [0|android|42|com.android.wifi|1000,0]
03-25 05:06:36.687 I/sysui_multi_action( 1504): [757,128,758,1,793,-15489127,794,0,795,-15489127,796,26,798,1,806,android,857,DEVELOPER_IMPORTANT,858,4,947,0,1395,4,1500,-15489330,1688,1]
03-25 05:06:36.687 I/sysui_multi_action( 1504): [757,804,799,note_freshness,801,-15489127,802,1]
03-25 05:06:36.688 I/notification_visibility( 1504): [-1|android|26|null|1000,1,-15489127,-15489127,0,1]
03-25 05:06:36.688 I/sysui_multi_action( 1504): [757,128,758,1,793,-15225734,794,0,795,-15225734,796,17303299,797,com.android.wifi,798,2,806,android,857,NETWORK_AVAILABLE,858,2,947,0,1395,4,1500,-15225939,1688,1]
03-25 05:06:36.688 I/sysui_multi_action( 1504): [757,804,799,note_freshness,801,-15225734,802,1]
03-25 05:06:36.688 I/notification_visibility( 1504): [0|android|17303299|com.android.wifi|1000,1,-15225734,-15225734,0,2]
03-25 05:06:36.688 I/sysui_multi_action( 1504): [757,128,758,1,793,-15224939,794,0,795,-15224939,796,32,798,3,806,android,857,USB,858,1,947,0,1395,4,1500,-15225141,1688,1]
03-25 05:06:36.689 I/sysui_multi_action( 1504): [757,804,799,note_freshness,801,-15224939,802,1]
03-25 05:06:36.689 I/notification_visibility( 1504): [-1|android|32|null|1000,1,-15224939,-15224939,0,3]
03-25 05:06:36.690 I/sysui_multi_action( 1504): [757,128,758,2,793,6464,794,6119,795,6464,796,42,797,com.android.wifi,798,0,806,android,857,NETWORK_ALERTS,858,4,947,0,1395,4,1500,6261,1688,1]
03-25 05:06:36.690 I/notification_visibility( 1504): [0|android|42|com.android.wifi|1000,0,6464,6464,0,0]
03-25 05:06:36.691 I/sysui_multi_action( 1504): [757,128,758,2,793,-15489123,794,4,795,-15489123,796,26,798,1,806,android,857,DEVELOPER_IMPORTANT,858,4,947,0,1395,4,1500,-15489326,1688,1]
03-25 05:06:36.691 I/notification_visibility( 1504): [-1|android|26|null|1000,0,-15489123,-15489123,0,1]
03-25 05:06:36.691 I/sysui_multi_action( 1504): [757,128,758,2,793,-15225731,794,3,795,-15225731,796,17303299,797,com.android.wifi,798,2,806,android,857,NETWORK_AVAILABLE,858,2,947,0,1395,4,1500,-15225936,1688,1]
03-25 05:06:36.691 I/notification_visibility( 1504): [0|android|17303299|com.android.wifi|1000,0,-15225731,-15225731,0,2]
03-25 05:06:36.692 I/sysui_multi_action( 1504): [757,128,758,2,793,-15224935,794,4,795,-15224935,796,32,798,3,806,android,857,USB,858,1,947,0,1395,4,1500,-15225137,1688,1]
03-25 05:06:36.692 I/notification_visibility( 1504): [-1|android|32|null|1000,0,-15224935,-15224935,0,3]
03-25 05:06:36.692 I/sysui_multi_action( 1504): [757,127,758,2]
03-25 05:06:36.693 I/notification_panel_hidden( 1504):
01-03 10:31:07.497 I/[schedu][0x9d2b9f41c][05:06:37.255706] wlan( 0): [2145:I:OSIF] vdev 0, scan id 40985 type COMPLETED(1) reason COMPLETED(1) scan found 71 bss
01-03 10:31:09.430 I/perf ( 0): interrupt took too long (2520 > 2500), lowering kernel.perf_event_max_sample_rate to 79250
03-25 05:06:40.432 I/GameModeConfig( 1504): isGameModeOn = false
01-03 10:31:13.159 I/qcom_rpmh DRV( 0): apps_rsc TCS Busy, retrying RPMH message send: addr=0x40d00
03-25 05:06:43.462 I/input_interaction( 1504): Interaction with: a43650a 椋炲摜鐨刾hone (server), edge-swipe (server), swipe-up (server), PointerEventDispatcher0 (server),
03-25 05:06:43.662 I/input_focus( 1504): [Focus request dc89173 com.android.settings/com.android.settings.Settings,reason=UpdateInputWindows]
03-25 05:06:43.669 I/sysui_multi_action( 2955): [757,603,758,2,1089,9400]
03-25 05:06:43.676 W/ContextImpl( 1504): Calling a method in the system process without a qualified user: android.app.ContextImpl.sendBroadcastMultiplePermissions:1206 android.content.Context.sendBroadcastWithMultiplePermissions:2262 com.android.server.wifi.WifiServiceImpl.broadcastWifiCredentialChanged:4925 com.android.server.wifi.WifiServiceImpl.lambda$save$108:5031 com.android.server.wifi.WifiServiceImpl.$r8$lambda$7oWk9SlFznJDjUdBIdkQYwHY2iQ:0
03-25 05:06:43.685 I/input_focus( 1504): [Focus entering dc89173 com.android.settings/com.android.settings.Settings (server),reason=setFocusedWindow]
01-03 10:31:13.966 I/[schedu][0x9da2156a2][05:06:43.725286] wlan( 0): [2145:I:HIF] Deinitializing Runtime PM wakelock &vdev->vdev_set_key_runtime_wakelock
01-03 10:31:13.968 I/[schedu][0x9da21bd1e][05:06:43.726653] wlan( 0): [2145:I:HIF] Initializing Runtime PM wakelock &vdev->vdev_set_key_runtime_wakelock
01-03 10:31:13.987 I/[wifi@1][0x9da275a50][05:06:43.745815] wlan( 0): [837:I:DP] dp_vdev_attach_wifi3: wlan_cfg_ap_bridge_enabled 0
03-25 05:06:43.745 D/android.hardware.wifi@1.0-service( 837): Successfully SetMacAddress.
03-25 05:06:43.752 I/sysui_multi_action( 1504): [757,128,758,5,759,8,793,13526,794,13181,795,13526,796,42,797,com.android.wifi,806,android,857,NETWORK_ALERTS,858,4,947,0,1500,13323,1688,1]
03-25 05:06:43.752 I/notification_canceled( 1504): [0|android|42|com.android.wifi|1000,8,13526,13526,13181,-1,-1,NULL]
01-03 10:31:13.996 E/[wifi@1][0x9da29ee8c][05:06:43.754619] wlan( 0): [2914:E:wifipos] wifi_pos_process_app_reg_req: 608: Received App Req Req pid(1983906629), len(16)
01-03 10:31:13.996 I/[wifi@1][0x9da2a11cc][05:06:43.755089] wlan( 0): [2914:I:wifipos] wifi_pos_get_ch_info: 461: num channels: 26
01-03 10:31:13.997 I/[wifi@1][0x9da2a312b][05:06:43.755507] wlan( 0): [2914:I:wifipos] wifi_pos_get_ch_info: 461: num channels: 26
03-25 05:06:43.764 D/CompatibilityChangeReporter( 1504): Compat change id reported: 175319604; UID 1000; state: ENABLED
03-25 05:06:43.765 D/CompatibilityChangeReporter( 1504): Compat change id reported: 175319604; UID 1000; state: DISABLED
03-25 05:06:43.769 W/wificond( 1205): Scan is not started. Ignore abort request
01-03 10:31:14.024 I/[wpa_su][0x9da323300][05:06:43.782838] wlan( 0): [2924:I:SME] vdev-0: Connecting to 椋炲摜鐨刾hone 02:98:89:68:d8:f0 rssi: -41 freq: 5745 akm 9 cipher: uc 6 mc 6, CC:
01-03 10:31:14.024 E/[wpa_su][0x9da3235ba][05:06:43.782874] wlan( 0): [2924:E:QDF] Cannot malloc 0 bytes @ csr_get_cfg_max_tx_power:14199
01-03 10:31:14.025 I/[schedu][0x9da326be0][05:06:43.783596] wlan( 0): [2145:I:WMI] send_vdev_start_cmd_tlv: 1062: send_vdev_start_cmd_tlv: vdev_id 0 freq 5745 chanmode 10 ch_info: 0xa is_dfs 0 beacon interval 100 dtim 0 center_chan 5775 center_freq2 0 reg_info_1: 0x180000 reg_info_2: 0x1800, req->max_txpow: 0x18 Tx SS 1, Rx SS 1, ldpc_rx: 0, cac 0, regd 4, HE ops: 0req->dis_hw_ack: 0
01-03 10:31:14.248 I/[soft_i][0x9da73e6e7][05:06:44.007104] wlan( 0): [0:I:TXRX] HTT_T2H_MSG_TYPE_PEER_MAP msg for peer id 13 vdev id 0 n
01-03 10:31:14.248 E/[soft_i][0x9da73ebf8][05:06:44.007171] wlan( 0): [0:E:DP] dp_peer_find_add_id: peer 0000000000000000 ID 13 vid 0 mac 02:98:89:68:d8:f0
01-03 10:31:14.248 I/[soft_i][0x9da73ed94][05:06:44.007192] wlan( 0): [0:I:DP] dp_peer_find_add_id: ref_cnt: 2
01-03 10:31:14.248 E/[soft_i][0x9da73eee9][05:06:44.007210] wlan( 0): [0:E:DP] dp_peer_map_ast: peer 0000000000000000 ID 87 vid 0 mac 02:98:89:68:d8:f0
01-03 10:31:14.317 I/[schedu][0x9da880e32][05:06:44.075894] wlan( 0): [2145:I:PE] Auth TX: seq 1 seq num 2052 status 0 WEP 0 to 02:98:89:68:d8:f0
01-03 10:31:14.325 I/[schedu][0x9da8a5941][05:06:44.083721] wlan( 0): [2145:I:PE] Auth TX: success
01-03 10:31:14.332 I/[schedu][0x9da8c62ae][05:06:44.090674] wlan( 0): [2145:I:PE] Auth RX: vdev 0 sys role 3 lim_state 5 from 02:98:89:68:d8:f0 rssi -31 auth_alg 0 seq 448
01-03 10:31:14.332 I/[schedu][0x9da8c742c][05:06:44.090907] wlan( 0): [2145:I:PE] Assoc req TX: vdev 0 to 02:98:89:68:d8:f0 seq num 2053
01-03 10:31:14.335 I/[schedu][0x9da8d5259][05:06:44.093869] wlan( 0): [2145:I:PE] Assoc req TX: success
01-03 10:31:14.339 I/[schedu][0x9da8e9077][05:06:44.098111] wlan( 0): [2145:I:PE] Assoc rsp RX: subtype 0 vdev 0 sys role 3 lim state 10 rssi -30 from 02:98:89:68:d8:f0
01-03 10:31:14.349 E/[schedu][0x9da916522][05:06:44.107773] wlan( 0): [2145:E:QDF] Cannot malloc 0 bytes @ csr_get_cfg_max_tx_power:14199
01-03 10:31:14.349 E/[schedu][0x9da916745][05:06:44.107802] wlan( 0): [2145:E:QDF] Cannot malloc 0 bytes @ csr_get_cfg_max_tx_power:14199
01-03 10:31:14.351 E/[soft_i][0x9da91e7b0][05:06:44.109514] wlan( 0): [0:E:DP] dp_tx_initialize_threshold: tx flow control threshold is set, pool size is 4096
01-03 10:31:14.351 I/[schedu][0x9da921c87][05:06:44.110218] wlan( 0): [2145:I:HDD] wlan0(vdevid-0): 3a:bb:80:ee:b2:b5 connected to 02:98:89:68:d8:f0
01-03 10:31:14.363 I/[dp_rx_][0x9da958d3d][05:06:44.121961] wlan( 0): [2147:I:QDF] EAPOL-1 RX: SA:02:98:89:68:d8:f0 DA:3a:bb:80:ee:b2:b5
01-03 10:31:14.380 I/[soft_i][0x9da9a6820][05:06:44.138534] wlan( 0): [0:I:QDF] EAPOL-2 TX: SA:3a:bb:80:ee:b2:b5 DA:02:98:89:68:d8:f0 msdu_id:0 status: succ
01-03 10:31:14.383 I/[dp_rx_][0x9da9b4c08][05:06:44.141572] wlan( 0): [2147:I:QDF] EAPOL-3 RX: SA:02:98:89:68:d8:f0 DA:3a:bb:80:ee:b2:b5
01-03 10:31:14.386 I/[soft_i][0x9da9c2c41][05:06:44.144561] wlan( 0): [0:I:QDF] EAPOL-4 TX: SA:3a:bb:80:ee:b2:b5 DA:02:98:89:68:d8:f0 msdu_id:0 status: succ
01-03 10:31:14.398 E/[schedu][0x9da9fcf4a][05:06:44.156975] wlan( 0): [2145:E:QDF] Cannot malloc 0 bytes @ csr_get_cfg_max_tx_power:14199
01-03 10:31:14.422 I/[schedu][0x9daa6c3dc][05:06:44.180716] wlan( 0): [2145:I:WMI] LFR3:OKC enabled
01-03 10:31:14.422 I/[schedu][0x9daa6c4f4][05:06:44.180731] wlan( 0): [2145:I:WMI] LFR3:PMKSA caching enabled
01-03 10:31:14.468 E/[wifi@1][0x9dab4650b][05:06:44.227239] wlan( 0): [837:E:HDD] hdd_enable_ns_offload: 484: Failed to cache ns request; status:4
03-25 05:06:44.267 I/netstats_mobile_sample( 1504): [0,0,0,0,0,0,0,0,0,0,0,0,1679749604267]
03-25 05:06:44.267 I/netstats_wifi_sample( 1504): [0,0,0,0,0,0,0,0,0,0,0,0,1679749604267]
01-03 10:31:14.526 I/[soft_i][0x9dac54853][05:06:44.284883] wlan( 0): [0:I:QDF] DHCP-D TX: SA:3a:bb:80:ee:b2:b5 DA:ff:ff:ff:ff:ff:ff msdu_id:1 status: succ
01-03 10:31:14.529 I/[dp_rx_][0x9dac61d47][05:06:44.287722] wlan( 0): [2147:I:QDF] DHCP-D RX: SA:3a:bb:80:ee:b2:b5 DA:ff:ff:ff:ff:ff:ff
01-03 10:31:15.582 W/cnss-daemon( 0): Invalid mac address
01-03 10:31:15.582 W/cnss-daemon( 0): failed to update gateway
01-03 10:31:15.582 I/[soft_i][0x9dbfac6b4][05:06:45.341287] wlan( 0): [0:I:QDF] DHCP-D TX: SA:3a:bb:80:ee:b2:b5 DA:ff:ff:ff:ff:ff:ff msdu_id:2 status: succ
01-03 10:31:15.586 I/[dp_rx_][0x9dbfbbfd1][05:06:45.344609] wlan( 0): [2147:I:QDF] DHCP-D RX: SA:3a:bb:80:ee:b2:b5 DA:ff:ff:ff:ff:ff:ff
03-25 05:06:45.393 I/netstats_mobile_sample( 1504): [0,0,0,0,0,0,0,0,0,0,0,0,1679749605393]
03-25 05:06:45.393 I/netstats_wifi_sample( 1504): [0,0,0,0,0,0,0,0,0,0,0,0,1679749605393]
03-25 05:06:45.393 I/sysui_multi_action( 1504): [757,128,758,5,759,8,793,-15217029,794,8705,795,-15217029,796,17303299,797,com.android.wifi,806,android,857,NETWORK_AVAILABLE,858,2,947,0,1500,-15217234,1688,1]
03-25 05:06:45.393 I/notification_canceled( 1504): [0|android|17303299|com.android.wifi|1000,8,-15217029,-15217029,8705,-1,-1,NULL]
03-25 05:06:45.406 I/netstats_mobile_sample( 1504): [0,0,0,0,0,0,0,0,0,0,0,0,1679749605405]
03-25 05:06:45.406 I/netstats_wifi_sample( 1504): [0,0,0,0,0,0,0,0,0,0,0,0,1679749605405]
03-25 05:06:45.410 I/am_uid_idle( 1504): 10045
01-03 10:31:15.671 W/cnss-daemon( 0): Invalid mac address
01-03 10:31:15.671 W/cnss-daemon( 0): failed to update gateway
03-25 05:06:45.437 I/netstats_mobile_sample( 1504): [0,0,0,0,0,0,0,0,0,0,0,0,1679749605437]
03-25 05:06:45.438 I/netstats_wifi_sample( 1504): [0,0,0,0,0,0,0,0,0,0,0,0,1679749605437]
03-25 05:06:45.446 E/NetlinkEvent( 672): NetlinkEvent::FindParam(): Parameter 'INTERFACE' not found
03-25 05:06:45.446 E/NetlinkEvent( 672): NetlinkEvent::FindParam(): Parameter 'STATE' not found
03-25 05:06:45.446 E/NetlinkEvent( 672): NetlinkEvent::FindParam(): Parameter 'TIME_NS' not found
03-25 05:06:45.446 E/NetlinkEvent( 672): NetlinkEvent::FindParam(): Parameter 'UID' not found
03-25 05:06:45.465 I/netstats_mobile_sample( 1504): [0,0,0,0,0,0,0,0,0,0,0,0,1679749605465]
03-25 05:06:45.465 I/netstats_wifi_sample( 1504): [0,0,0,0,0,0,0,0,60,1,0,0,1679749605465]
03-25 05:06:45.474 W/ContextImpl( 1504): Calling a method in the system process without a qualified user: android.app.ContextImpl.sendStickyBroadcast:1559 com.android.server.ConnectivityService.sendStickyBroadcast:2811 com.android.server.ConnectivityService.sendGeneralBroadcast:2786 com.android.server.ConnectivityService.sendConnectedBroadcast:2759 com.android.server.ConnectivityService.sendLegacyNetworkBroadcast:8704
03-25 05:06:45.475 W/BroadcastQueue( 1504): Target SDK mismatch: receiver ActivityInfo{a17deda com.tencent.mobileqq.msf.core.NetConnInfoCenter} targets 26 but delivery restricted to [0, 23] broadcasting Intent { act=android.net.conn.CONNECTIVITY_CHANGE flg=0x4200010 (has extras) } from android (pid=1504, uid=1000) to com.tencent.mobileqq/.msf.core.NetConnInfoCenter
03-25 05:06:45.480 W/ContextImpl( 2807): Calling a method in the system process without a qualified user: android.app.ContextImpl.startService:1816 android.content.ContextWrapper.startService:774 com.qualcomm.qti.qdma.util.PeriodicCI.run:477 com.qualcomm.qti.qdma.util.PeriodicCI.checkRun:435 com.qualcomm.qti.qdma.util.PeriodicCI$1.onAvailable:131
03-25 05:06:45.485 I/service_manager_slow( 1504): [10,alarm]
03-25 05:06:45.493 D/CompatibilityChangeReporter( 1504): Compat change id reported: 168419799; UID 10065; state: DISABLED
03-25 05:06:45.496 W/ContextImpl( 1504): Calling a method in the system process without a qualified user: android.app.ContextImpl.sendStickyBroadcast:1559 com.android.server.ConnectivityService.sendStickyBroadcast:2811 com.android.server.ConnectivityService.sendGeneralBroadcast:2786 com.android.server.ConnectivityService.sendInetConditionBroadcast:2763 com.android.server.ConnectivityService.updateInetCondition:8451
03-25 05:06:45.503 I/auditd ( 6232): type=1400 audit(0.0:765): avc: denied { read } for comm="qm-thread-2" name="/" dev="dm-5" ino=2 scontext=u:r:untrusted_app_27:s0:c512,c768 tcontext=u:object_r:rootfs:s0 tclass=dir permissive=0 app=com.tencent.mobileqq
03-25 05:06:45.539 W/ContextImpl( 2807): Calling a method in the system process without a qualified user: android.app.ContextImpl.sendBroadcast:1188 android.content.ContextWrapper.sendBroadcast:484 com.qualcomm.qti.qdma.app.ActiveCareService$ProcessSessionRequest.run:536 java.lang.Thread.run:920
03-25 05:06:45.569 W/BroadcastQueue( 1504): Permission Denial: broadcasting Intent { act=android.net.conn.CONNECTIVITY_CHANGE flg=0x4200010 (has extras) } from null (pid=-1, uid=-1) requires com.baidu.input.permission.sofire.RECEIVE due to registered receiver BroadcastFilter{58e9dad 10026/u0 ReceiverList{7eaac4 3745 com.baidu.input/10026/u0 remote:4d6f1d7}}
01-03 10:31:15.836 I/[soft_i][0x9dc45256e][05:06:45.595137] wlan( 0): [0:I:DP] dp_addba_requestprocess_wifi3 restore BA win 64 based on addba req
01-03 10:31:16.338 I/[schedu][0x9dcd82a2b][05:06:46.096960] wlan( 0): [2145:I:OSIF] scan start scan id 40986
01-03 10:31:17.384 I/[dp_rx_][0x9de0a87f5][05:06:47.142691] wlan( 0): [2147:I:QDF] DHCP-O RX: SA:02:98:89:68:d8:f0 DA:3a:bb:80:ee:b2:b5
01-03 10:31:17.424 I/[soft_i][0x9de163b77][05:06:47.182631] wlan( 0): [0:I:QDF] DHCP-R TX: SA:3a:bb:80:ee:b2:b5 DA:ff:ff:ff:ff:ff:ff msdu_id:2 status: succ
01-03 10:31:17.428 I/[dp_rx_][0x9de1778b0][05:06:47.186861] wlan( 0): [2147:I:QDF] DHCP-R RX: SA:3a:bb:80:ee:b2:b5 DA:ff:ff:ff:ff:ff:ff
01-03 10:31:17.431 I/[dp_rx_][0x9de18397e][05:06:47.189431] wlan( 0): [2147:I:QDF] DHCP-A RX: SA:02:98:89:68:d8:f0 DA:3a:bb:80:ee:b2:b5
03-25 05:06:47.230 I/netstats_mobile_sample( 1504): [0,0,0,0,0,0,0,0,0,0,0,0,1679749607230]
03-25 05:06:47.230 I/netstats_wifi_sample( 1504): [31315,66,19744,67,31315,66,19744,67,29988,62,19744,67,1679749607230]
03-25 05:06:47.280 I/netstats_mobile_sample( 1504): [0,0,0,0,0,0,0,0,0,0,0,0,1679749607280]
03-25 05:06:47.280 I/netstats_wifi_sample( 1504): [31315,66,19947,70,31315,66,19947,70,29988,62,19831,68,1679749607280]
03-25 05:06:47.305 I/netstats_mobile_sample( 1504): [0,0,0,0,0,0,0,0,0,0,0,0,1679749607305]
03-25 05:06:47.305 I/netstats_wifi_sample( 1504): [31315,66,20095,72,31315,66,20095,72,29988,62,20055,71,1679749607305]
03-25 05:06:47.350 W/ContextImpl( 2807): Calling a method in the system process without a qualified user: android.app.ContextImpl.startService:1816 android.content.ContextWrapper.startService:774 com.qualcomm.qti.qdma.dme.DMENativeInterface.QDMAFileTransferResponse:2117 com.qualcomm.qti.qdma.transfer.QDMATransferDownload.sendDLResultMsgToHandler:334 com.qualcomm.qti.qdma.transfer.QDMATransferDownload.sendCombineResult:328
01-03 10:31:18.553 I/[schedu][0x9df6101ba][05:06:48.311675] wlan( 0): [2145:I:OSIF] vdev 0, scan id 40986 type COMPLETED(1) reason COMPLETED(1) scan found 64 bss
03-25 05:06:48.875 W/ContextImpl( 2807): Calling a method in the system process without a qualified user: android.app.ContextImpl.stopService:1828 android.content.ContextWrapper.stopService:784 com.qualcomm.qti.qdma.app.ApplicationManager$1.run:2494 java.util.TimerThread.mainLoop:562 java.util.TimerThread.run:512
03-25 05:06:49.217 I/input_interaction( 1504): Interaction with: dc89173 com.android.settings/com.android.settings.Settings (server), edge-swipe (server), swipe-up (server), PointerEventDispatcher0 (server),
03-25 05:06:49.242 I/view_enqueue_input_event( 2955): [Motion - Cancel,com.android.settings/com.android.settings.Settings]
03-25 05:06:49.255 I/input_interaction( 1504): Interaction with: edge-swipe (server), swipe-up (server), PointerEventDispatcher0 (server),
03-25 05:06:49.407 I/sysui_multi_action( 1504): [757,803,799,key_back_press,802,1]
03-25 05:06:49.410 I/input_interaction( 1504): Interaction with: dc89173 com.android.settings/com.android.settings.Settings (server), PointerEventDispatcher0 (server),
03-25 05:06:49.413 I/ActivityTaskManager( 1504): moveTaskToBack: Task{a6e5c0b #12 type=standard A=1000:com.android.settings.root U=0 visible=true mode=fullscreen translucent=false sz=1}
03-25 05:06:49.414 I/wm_task_moved( 1504): [12,0,0]
03-25 05:06:49.417 I/wm_focused_root_task( 1504): [0,0,1,12,moveTaskToBackLocked]
03-25 05:06:49.417 I/wm_add_to_stopping( 1504): [0,21001422,com.android.settings/.Settings,makeInvisible]
03-25 05:06:49.419 I/wm_pause_activity( 1504): [0,21001422,com.android.settings/.Settings,userLeaving=false,pauseBackTasks]
03-25 05:06:49.421 I/ActivityTaskManager( 1504): FOREGROUND_APPLICATION_CHANGED to com.android.launcher3.uioverrides.QuickstepLauncher
03-25 05:06:49.422 I/wm_set_resumed_activity( 1504): [0,com.android.launcher3/.uioverrides.QuickstepLauncher,resumeTopActivityInnerLocked]
03-25 05:06:49.425 I/wm_resume_activity( 1504): [0,31052584,11,com.android.launcher3/.uioverrides.QuickstepLauncher]
03-25 05:06:49.426 I/wm_on_top_resumed_lost_called( 2955): [21001422,com.android.settings.Settings,topStateChangedWhenResumed]
03-25 05:06:49.433 I/input_focus( 1504): [Focus leaving dc89173 com.android.settings/com.android.settings.Settings (server),reason=NO_WINDOW]
03-25 05:06:49.435 I/sysui_multi_action( 2955): [757,35,758,2,1089,30755]
03-25 05:06:49.438 I/sysui_multi_action( 2955): [757,103,758,2,1089,23636]
03-25 05:06:49.439 I/wm_on_paused_called( 2955): [21001422,com.android.settings.Settings,performPause]
03-25 05:06:49.442 I/wm_on_restart_called( 2845): [31052584,com.android.launcher3.uioverrides.QuickstepLauncher,performRestartActivity]
03-25 05:06:49.442 I/sysui_multi_action( 1504): [757,803,799,window_time_0,802,31]
03-25 05:06:49.442 I/wm_on_start_called( 2845): [31052584,com.android.launcher3.uioverrides.QuickstepLauncher,handleStartActivity]
03-25 05:06:49.443 I/wm_on_resume_called( 2845): [31052584,com.android.launcher3.uioverrides.QuickstepLauncher,RESUME_ACTIVITY]
03-25 05:06:49.443 I/wm_on_top_resumed_gained_called( 2845): [31052584,com.android.launcher3.uioverrides.QuickstepLauncher,topStateChangedWhenResumed]
03-25 05:06:49.454 I/input_focus( 1504): [Focus request d5729f7 com.android.launcher3/com.android.launcher3.uioverrides.QuickstepLauncher,reason=UpdateInputWindows]
03-25 05:06:49.488 I/input_focus( 1504): [Focus entering d5729f7 com.android.launcher3/com.android.launcher3.uioverrides.QuickstepLauncher (server),reason=setFocusedWindow]
03-25 05:06:49.522 W/FreeFormWindowHelper( 1504): Current Display FreeFormTask is null
03-25 05:06:49.859 I/wm_stop_activity( 1504): [0,21001422,com.android.settings/.Settings]
03-25 05:06:49.892 I/wm_on_stop_called( 2955): [21001422,com.android.settings.Settings,STOP_ACTIVITY_ITEM]
03-25 05:06:50.426 I/input_interaction( 1504): Interaction with: 300cccc StatusBar (server), edge-swipe (server), swipe-up (server), PointerEventDispatcher0 (server),
03-25 05:06:50.433 I/sysui_multi_action( 2355): [757,803,799,panel_open,802,1]
03-25 05:06:50.434 I/sysui_multi_action( 2355): [757,1328,758,4,1326,28,1327,1,1329,0]
03-25 05:06:50.489 I/sysui_multi_action( 1504): [757,127,758,1]
03-25 05:06:50.489 I/sysui_multi_action( 1504): [757,804,799,note_load,801,2,802,1]
03-25 05:06:50.489 I/notification_panel_revealed( 1504): 2
03-25 05:06:50.505 I/input_focus( 1504): [Focus request 94683a3 NotificationShade,reason=UpdateInputWindows]
03-25 05:06:50.516 I/sysui_multi_action( 1504): [757,128,758,1,793,-15475298,794,0,795,-15475298,796,26,798,0,806,android,857,DEVELOPER_IMPORTANT,858,4,947,0,1395,2,1500,-15475501,1688,1]
03-25 05:06:50.516 I/sysui_multi_action( 1504): [757,804,799,note_freshness,801,-15475298,802,1]
03-25 05:06:50.516 I/notification_visibility( 1504): [-1|android|26|null|1000,1,-15475298,-15475298,0,0]
03-25 05:06:50.516 I/sysui_multi_action( 1504): [757,128,758,1,793,-15211111,794,0,795,-15211111,796,32,798,1,806,android,857,USB,858,1,947,0,1395,2,1500,-15211313,1688,1]
03-25 05:06:50.517 I/sysui_multi_action( 1504): [757,804,799,note_freshness,801,-15211111,802,1]
03-25 05:06:50.517 I/notification_visibility( 1504): [-1|android|32|null|1000,1,-15211111,-15211111,0,1]
03-25 05:06:50.520 I/ntp_failure( 1504): [time.android.com/2001:4860:4806::,java.net.SocketTimeoutException: Poll timed out]
03-25 05:06:50.536 I/input_focus( 1504): [Focus leaving d5729f7 com.android.launcher3/com.android.launcher3.uioverrides.QuickstepLauncher (server),reason=setFocusedWindow]
03-25 05:06:50.536 I/input_focus( 1504): [Focus entering 94683a3 NotificationShade (server),reason=setFocusedWindow]
03-25 05:06:50.586 I/sysui_multi_action( 2355): [757,111,758,1]
03-25 05:06:50.586 I/sysui_multi_action( 2355): [757,126,758,1,759,126,927,0,928,1,1593,1]
03-25 05:06:50.586 I/sysui_multi_action( 2355): [757,113,758,1,759,113,927,1,928,1,1593,1]
03-25 05:06:50.586 I/sysui_multi_action( 2355): [757,0,758,1,759,0,927,2,928,0,1593,1]
03-25 05:06:50.586 I/sysui_multi_action( 2355): [757,0,758,1,759,0,927,3,928,0,1593,1]
03-25 05:06:50.586 I/sysui_multi_action( 2355): [757,491,758,1,759,491,927,4,928,0,1311,-1,1593,1]
03-25 05:06:50.587 I/sysui_multi_action( 2355): [757,0,758,1,759,0,927,5,928,0,1593,1]
03-25 05:06:50.587 I/sysui_multi_action( 2355): [757,111,758,1]
03-25 05:06:50.587 I/sysui_multi_action( 2355): [757,126,758,1,759,126,927,0,928,1,1593,1]
03-25 05:06:50.587 I/sysui_multi_action( 2355): [757,113,758,1,759,113,927,1,928,1,1593,1]
03-25 05:06:50.587 I/sysui_multi_action( 2355): [757,0,758,1,759,0,927,2,928,0,1593,1]
03-25 05:06:50.587 I/sysui_multi_action( 2355): [757,0,758,1,759,0,927,3,928,0,1593,1]
03-25 05:06:50.641 I/service_manager_stats( 1504): [100,114,20414]
03-25 05:06:51.515 I/auditd ( 0): type=1400 audit(0.0:766): avc: denied { kill } for comm="swapper/7" capability=5 scontext=u:r:kernel:s0 tcontext=u:r:kernel:s0 tclass=capability permissive=0
03-25 05:06:51.710 I/input_interaction( 1504): Interaction with: 94683a3 NotificationShade (server), edge-swipe (server), swipe-up (server), PointerEventDispatcher0 (server),
03-25 05:06:52.160 I/sysui_multi_action( 2355): [757,111,758,2]
03-25 05:06:52.161 I/sysui_multi_action( 2355): [757,111,758,2]
03-25 05:06:52.372 I/input_focus( 1504): [Focus request d5729f7 com.android.launcher3/com.android.launcher3.uioverrides.QuickstepLauncher,reason=UpdateInputWindows]
03-25 05:06:52.378 I/sysui_multi_action( 1504): [757,128,758,2,793,-15473436,794,1862,795,-15473436,796,26,798,0,806,android,857,DEVELOPER_IMPORTANT,858,4,947,0,1395,2,1500,-15473639,1688,1]
03-25 05:06:52.378 I/notification_visibility( 1504): [-1|android|26|null|1000,0,-15473436,-15473436,0,0]
03-25 05:06:52.378 I/sysui_multi_action( 1504): [757,128,758,2,793,-15209249,794,1862,795,-15209249,796,32,798,1,806,android,857,USB,858,1,947,0,1395,2,1500,-15209451,1688,1]
03-25 05:06:52.379 I/notification_visibility( 1504): [-1|android|32|null|1000,0,-15209249,-15209249,0,1]
03-25 05:06:52.379 I/sysui_multi_action( 1504): [757,127,758,2]
03-25 05:06:52.379 I/notification_panel_hidden( 1504):
03-25 05:06:52.391 I/input_focus( 1504): [Focus leaving 94683a3 NotificationShade (server),reason=NO_WINDOW]
03-25 05:06:52.391 I/input_focus( 1504): [Focus entering d5729f7 com.android.launcher3/com.android.launcher3.uioverrides.QuickstepLauncher (server),reason=setFocusedWindow]
03-25 05:06:52.515 I/auditd ( 0): type=1400 audit(0.0:767): avc: denied { kill } for comm="swapper/7" capability=5 scontext=u:r:kernel:s0 tcontext=u:r:kernel:s0 tclass=capability permissive=0
03-25 05:06:53.481 I/input_interaction( 1504): Interaction with: d5729f7 com.android.launcher3/com.android.launcher3.uioverrides.QuickstepLauncher (server), 18880e3 com.android.systemui.ImageWallpaper (server), edge-swipe (server), swipe-up (server), PointerEventDispatcher0 (server),
03-25 05:06:53.665 I/thunderperf( 1504): PlatormCompat.setOverrides: Uid1=10075 Pid1=2845 Uid2=10075 Pid2=2845
03-25 05:06:53.665 I/thunderperf( 1504): PlatormCompat.setOverrides: needCheck:false
03-25 05:06:53.665 I/thunderperf( 1504): CompatConfig.addOverrideUnsafe: bef-state=1
03-25 05:06:53.666 E/thunderperf( 1504): CompatConfig.addOverrideUnsafe: exception:java.lang.SecurityException: Cannot override a change on a non-debuggable app and user build.
03-25 05:06:53.666 I/thunderperf( 1504): CompatConfig.addOverrideUnsafe: aft-state=1
03-25 05:06:53.667 I/thunderperf( 1504): CompatConfig.addOverrideUnsafe: bef-state=1
03-25 05:06:53.667 E/thunderperf( 1504): CompatConfig.addOverrideUnsafe: exception:java.lang.SecurityException: Cannot override a change on a non-debuggable app and user build.
03-25 05:06:53.667 I/thunderperf( 1504): CompatConfig.addOverrideUnsafe: aft-state=1
03-25 05:06:53.668 I/thunderperf( 1504): CompatConfig.addOverrideUnsafe: bef-state=1
03-25 05:06:53.668 E/thunderperf( 1504): CompatConfig.addOverrideUnsafe: exception:java.lang.SecurityException: Cannot override a change on a non-debuggable app and user build.
03-25 05:06:53.668 I/thunderperf( 1504): CompatConfig.addOverrideUnsafe: aft-state=1
03-25 05:06:53.668 I/thunderperf( 1504): CompatConfig.addOverrideUnsafe: bef-state=1
03-25 05:06:53.669 E/thunderperf( 1504): CompatConfig.addOverrideUnsafe: exception:java.lang.SecurityException: Cannot override a change on a non-debuggable app and user build.
03-25 05:06:53.669 I/thunderperf( 1504): CompatConfig.addOverrideUnsafe: aft-state=1
03-25 05:06:53.669 I/thunderperf( 1504): CompatConfig.addOverrideUnsafe: bef-state=1
03-25 05:06:53.669 E/thunderperf( 1504): CompatConfig.addOverrideUnsafe: exception:java.lang.SecurityException: Cannot override a change on a non-debuggable app and user build.
03-25 05:06:53.670 I/thunderperf( 1504): CompatConfig.addOverrideUnsafe: aft-state=1
03-25 05:06:53.670 I/thunderperf( 1504): CompatConfig.addOverrideUnsafe: bef-state=1
03-25 05:06:53.670 E/thunderperf( 1504): CompatConfig.addOverrideUnsafe: exception:java.lang.SecurityException: Cannot override a change on a non-debuggable app and user build.
03-25 05:06:53.670 I/thunderperf( 1504): CompatConfig.addOverrideUnsafe: aft-state=1
03-25 05:06:53.671 I/thunderperf( 1504): CompatConfig.addOverrideUnsafe: bef-state=1
03-25 05:06:53.671 E/thunderperf( 1504): CompatConfig.addOverrideUnsafe: exception:java.lang.SecurityException: Cannot override a change on a non-debuggable app and user build.
03-25 05:06:53.671 I/thunderperf( 1504): CompatConfig.addOverrideUnsafe: aft-state=1
03-25 05:06:53.672 I/thunderperf( 1504): CompatConfig.addOverrideUnsafe: bef-state=1
03-25 05:06:53.672 E/thunderperf( 1504): CompatConfig.addOverrideUnsafe: exception:java.lang.SecurityException: Cannot override a change on a non-debuggable app and user build.
03-25 05:06:53.672 I/thunderperf( 1504): CompatConfig.addOverrideUnsafe: aft-state=1
03-25 05:06:53.672 I/thunderperf( 1504): CompatConfig.addOverrideUnsafe: bef-state=1
03-25 05:06:53.673 E/thunderperf( 1504): CompatConfig.addOverrideUnsafe: exception:java.lang.SecurityException: Cannot override a change on a non-debuggable app and user build.
03-25 05:06:53.673 I/thunderperf( 1504): CompatConfig.addOverrideUnsafe: aft-state=1
03-25 05:06:53.673 I/thunderperf( 1504): CompatConfig.addOverrideUnsafe: bef-state=1
03-25 05:06:53.673 E/thunderperf( 1504): CompatConfig.addOverrideUnsafe: exception:java.lang.SecurityException: Cannot override a change on a non-debuggable app and user build.
03-25 05:06:53.673 I/thunderperf( 1504): CompatConfig.addOverrideUnsafe: aft-state=1
03-25 05:06:53.674 I/thunderperf( 1504): CompatConfig.addOverrideUnsafe: bef-state=1
03-25 05:06:53.674 E/thunderperf( 1504): CompatConfig.addOverrideUnsafe: exception:java.lang.SecurityException: Cannot override a change on a non-debuggable app and user build.
03-25 05:06:53.674 I/thunderperf( 1504): CompatConfig.addOverrideUnsafe: aft-state=1
03-25 05:06:53.674 I/thunderperf( 1504): CompatConfig.addOverrideUnsafe: bef-state=1
03-25 05:06:53.675 E/thunderperf( 1504): CompatConfig.addOverrideUnsafe: exception:java.lang.SecurityException: Cannot override a change on a non-debuggable app and user build.
03-25 05:06:53.675 I/thunderperf( 1504): CompatConfig.addOverrideUnsafe: aft-state=1
03-25 05:06:53.675 I/thunderperf( 1504): CompatConfig.addOverrideUnsafe: bef-state=1
03-25 05:06:53.675 E/thunderperf( 1504): CompatConfig.addOverrideUnsafe: exception:java.lang.SecurityException: Cannot override a change on a non-debuggable app and user build.
03-25 05:06:53.675 I/thunderperf( 1504): CompatConfig.addOverrideUnsafe: aft-state=1
03-25 05:06:53.676 I/thunderperf( 1504): CompatConfig.addOverrideUnsafe: bef-state=1
03-25 05:06:53.676 E/thunderperf( 1504): CompatConfig.addOverrideUnsafe: exception:java.lang.SecurityException: Cannot override a change on a non-debuggable app and user build.
03-25 05:06:53.676 I/thunderperf( 1504): CompatConfig.addOverrideUnsafe: aft-state=1
03-25 05:06:53.680 I/ActivityTaskManager( 1504): START u0 {act=android.intent.action.MAIN cat=[android.intent.category.LAUNCHER] flg=0x10200000 cmp=com.tencent.mobileqq/.activity.SplashActivity bnds=[940,116][1216,376]} from uid 10075
03-25 05:06:53.682 I/wm_task_moved( 1504): [28,1,7]
03-25 05:06:53.682 I/wm_task_to_front( 1504): [0,28]
03-25 05:06:53.683 I/wm_focused_root_task( 1504): [0,0,28,1,bringingFoundTaskToFront]
03-25 05:06:53.684 I/wm_set_resumed_activity( 1504): [0,com.tencent.mobileqq/.activity.LoginActivity,bringingFoundTaskToFront]
03-25 05:06:53.686 I/wm_pause_activity( 1504): [0,31052584,com.android.launcher3/.uioverrides.QuickstepLauncher,userLeaving=true,pauseBackTasks]
03-25 05:06:53.691 W/FreeFormWindowHelper( 1504): Current Display FreeFormTask is null
03-25 05:06:53.696 I/wm_on_top_resumed_lost_called( 2845): [31052584,com.android.launcher3.uioverrides.QuickstepLauncher,topStateChangedWhenResumed]
03-25 05:06:53.698 I/wm_on_paused_called( 2845): [31052584,com.android.launcher3.uioverrides.QuickstepLauncher,performPause]
03-25 05:06:53.700 I/ActivityTaskManager( 1504): FOREGROUND_APPLICATION_CHANGED to com.tencent.mobileqq.activity.LoginActivity
03-25 05:06:53.702 I/wm_set_resumed_activity( 1504): [0,com.tencent.mobileqq/.activity.LoginActivity,resumeTopActivityInnerLocked]
03-25 05:06:53.702 I/wm_add_to_stopping( 1504): [0,31052584,com.android.launcher3/.uioverrides.QuickstepLauncher,makeInvisible]
03-25 05:06:53.702 I/am_uid_active( 1504): 10093
03-25 05:06:53.703 D/CompatibilityChangeReporter( 1504): Compat change id reported: 174042980; UID 10093; state: DISABLED
03-25 05:06:53.704 D/CompatibilityChangeReporter( 1504): Compat change id reported: 184838306; UID 10093; state: DISABLED
03-25 05:06:53.705 D/CompatibilityChangeReporter( 1504): Compat change id reported: 185004937; UID 10093; state: DISABLED
03-25 05:06:53.705 I/wm_resume_activity( 1504): [0,263911025,28,com.tencent.mobileqq/.activity.LoginActivity]
03-25 05:06:53.719 I/sysui_multi_action( 1504): [757,803,799,window_time_0,802,4]
03-25 05:06:53.719 I/wm_on_restart_called( 6232): [263911025,com.tencent.mobileqq.activity.LoginActivity,performRestartActivity]
03-25 05:06:53.720 I/wm_on_start_called( 6232): [263911025,com.tencent.mobileqq.activity.LoginActivity,handleStartActivity]
03-25 05:06:53.722 I/wm_on_resume_called( 6232): [263911025,com.tencent.mobileqq.activity.LoginActivity,RESUME_ACTIVITY]
03-25 05:06:53.723 I/wm_on_top_resumed_gained_called( 6232): [263911025,com.tencent.mobileqq.activity.LoginActivity,topWhenResuming]
03-25 05:06:53.727 I/input_focus( 1504): [Focus leaving d5729f7 com.android.launcher3/com.android.launcher3.uioverrides.QuickstepLauncher (server),reason=NO_WINDOW]
03-25 05:06:53.736 I/input_focus( 1504): [Focus request 6b788ad com.tencent.mobileqq/com.tencent.mobileqq.activity.LoginActivity,reason=UpdateInputWindows]
03-25 05:06:53.760 I/input_focus( 1504): [Focus entering 6b788ad com.tencent.mobileqq/com.tencent.mobileqq.activity.LoginActivity (server),reason=setFocusedWindow]
03-25 05:06:53.764 I/sysui_multi_action( 1504): [319,31,321,26,322,62,325,2211,757,761,758,9,759,4,806,com.tencent.mobileqq,871,com.tencent.mobileqq.activity.LoginActivity,904,com.tencent.mobileqq,905,0,1320,4,1321,4]
03-25 05:06:53.807 W/FreeFormWindowHelper( 1504): Current Display FreeFormTask is null
03-25 05:06:54.248 I/wm_stop_activity( 1504): [0,31052584,com.android.launcher3/.uioverrides.QuickstepLauncher]
03-25 05:06:54.272 I/wm_on_stop_called( 2845): [31052584,com.android.launcher3.uioverrides.QuickstepLauncher,STOP_ACTIVITY_ITEM]
03-25 05:06:54.515 I/auditd ( 0): type=1400 audit(0.0:768): avc: denied { kill } for comm="swapper/1" capability=5 scontext=u:r:kernel:s0 tcontext=u:r:kernel:s0 tclass=capability permissive=0
03-25 05:06:55.230 I/input_interaction( 1504): Interaction with: 6b788ad com.tencent.mobileqq/com.tencent.mobileqq.activity.LoginActivity (server), edge-swipe (server), swipe-up (server), PointerEventDispatcher0 (server),
03-25 05:06:55.527 I/ntp_failure( 1504): [time.android.com/2001:4860:4806:c::,java.net.SocketTimeoutException: Poll timed out]
03-25 05:06:56.515 I/auditd ( 0): type=1400 audit(0.0:769): avc: denied { kill } for comm="swapper/2" capability=5 scontext=u:r:kernel:s0 tcontext=u:r:kernel:s0 tclass=capability permissive=0
03-25 05:06:56.581 I/input_interaction( 1504): Interaction with: 3280b68 PopupWindow:55d4008 (server), edge-swipe (server), swipe-up (server), PointerEventDispatcher0 (server),
03-25 05:06:56.709 E/TaskPersister( 1504): File error accessing recents directory (directory doesn't exist?).
03-25 05:06:57.515 I/auditd ( 0): type=1400 audit(0.0:770): avc: denied { kill } for comm="swapper/3" capability=5 scontext=u:r:kernel:s0 tcontext=u:r:kernel:s0 tclass=capability permissive=0
03-25 05:06:58.515 I/auditd ( 0): type=1400 audit(0.0:771): avc: denied { kill } for comm="swapper/3" capability=5 scontext=u:r:kernel:s0 tcontext=u:r:kernel:s0 tclass=capability permissive=0
03-25 05:06:59.515 I/auditd ( 0): type=1400 audit(0.0:772): avc: denied { kill } for comm="swapper/3" capability=5 scontext=u:r:kernel:s0 tcontext=u:r:kernel:s0 tclass=capability permissive=0
03-25 05:07:00.373 W/ActivityManager( 1504): Unable to start service Intent { act=com.tencent.soter.soterserver.ISoterService pkg=com.tencent.soter.soterserver } U=0: not found
03-25 05:07:00.395 I/auditd ( 6232): type=1400 audit(0.0:773): avc: denied { read } for comm="TuringFdCore_74" name="tcp" dev="proc" ino=4026532265 scontext=u:r:untrusted_app_27:s0:c512,c768 tcontext=u:object_r:proc_net_tcp_udp:s0 tclass=file permissive=0 app=com.tencent.mobileqq
03-25 05:07:00.399 I/auditd ( 6232): type=1400 audit(0.0:774): avc: denied { read } for comm="TuringFdCore_74" name="tcp6" dev="proc" ino=4026533096 scontext=u:r:untrusted_app_27:s0:c512,c768 tcontext=u:object_r:proc_net_tcp_udp:s0 tclass=file permissive=0 app=com.tencent.mobileqq
03-25 05:07:00.406 W/ActivityManager( 1504): Unable to start service Intent { act=com.tencent.soter.soterserver.ISoterService pkg=com.tencent.soter.soterserver } U=0: not found
03-25 05:07:00.411 I/auditd ( 6232): type=1400 audit(0.0:775): avc: denied { read } for comm="TuringFdCore_74" name="tcp" dev="proc" ino=4026532265 scontext=u:r:untrusted_app_27:s0:c512,c768 tcontext=u:object_r:proc_net_tcp_udp:s0 tclass=file permissive=0 app=com.tencent.mobileqq
03-25 05:07:00.411 I/auditd ( 6232): type=1400 audit(0.0:776): avc: denied { read } for comm="TuringFdCore_74" name="tcp6" dev="proc" ino=4026533096 scontext=u:r:untrusted_app_27:s0:c512,c768 tcontext=u:object_r:proc_net_tcp_udp:s0 tclass=file permissive=0 app=com.tencent.mobileqq
03-25 05:07:00.427 I/auditd ( 6232): type=1400 audit(0.0:777): avc: granted { nlmsg_readpriv } for comm="TuringFdCore_74" scontext=u:r:untrusted_app_27:s0:c512,c768 tcontext=u:r:untrusted_app_27:s0:c512,c768 tclass=netlink_route_socket app=com.tencent.mobileqq
03-25 05:07:00.435 I/auditd ( 6232): type=1400 audit(0.0:778): avc: denied { read } for comm="TuringFdCore_74" name="version" dev="proc" ino=4026532247 scontext=u:r:untrusted_app_27:s0:c512,c768 tcontext=u:object_r:proc_version:s0 tclass=file permissive=0 app=com.tencent.mobileqq
01-03 10:31:30.689 W/audit ( 0): audit_lost=266 audit_rate_limit=5 audit_backlog_limit=64
01-03 10:31:30.689 E/audit ( 0): rate limit exceeded
03-25 05:07:00.532 I/ntp_failure( 1504): [time.android.com/2001:4860:4806:8::,java.net.SocketTimeoutException: Poll timed out]
03-25 05:07:01.515 I/auditd ( 0): type=1400 audit(0.0:880): avc: denied { kill } for comm="swapper/3" capability=5 scontext=u:r:kernel:s0 tcontext=u:r:kernel:s0 tclass=capability permissive=0
03-25 05:07:02.434 I/input_interaction( 1504): Interaction with: 6b788ad com.tencent.mobileqq/com.tencent.mobileqq.activity.LoginActivity (server), edge-swipe (server), swipe-up (server), PointerEventDispatcher0 (server),
03-25 05:07:02.515 I/auditd ( 0): type=1400 audit(0.0:881): avc: denied { kill } for comm="swapper/3" capability=5 scontext=u:r:kernel:s0 tcontext=u:r:kernel:s0 tclass=capability permissive=0
03-25 05:07:03.515 I/auditd ( 0): type=1400 audit(0.0:882): avc: denied { kill } for comm="swapper/3" capability=5 scontext=u:r:kernel:s0 tcontext=u:r:kernel:s0 tclass=capability permissive=0
03-25 05:07:04.515 I/auditd ( 0): type=1400 audit(0.0:883): avc: denied { kill } for comm="swapper/1" capability=5 scontext=u:r:kernel:s0 tcontext=u:r:kernel:s0 tclass=capability permissive=0
03-25 05:07:05.287 I/input_interaction( 1504): Interaction with: 3280b68 PopupWindow:55d4008 (server), edge-swipe (server), swipe-up (server), PointerEventDispatcher0 (server),
03-25 05:07:05.539 I/ntp_failure( 1504): [time.android.com/2001:4860:4806:4::,java.net.SocketTimeoutException: Poll timed out]
03-25 05:07:06.515 I/auditd ( 0): type=1400 audit(0.0:884): avc: denied { kill } for comm="swapper/1" capability=5 scontext=u:r:kernel:s0 tcontext=u:r:kernel:s0 tclass=capability permissive=0
03-25 05:07:07.515 I/auditd ( 0): type=1400 audit(0.0:885): avc: denied { kill } for comm="swapper/0" capability=5 scontext=u:r:kernel:s0 tcontext=u:r:kernel:s0 tclass=capability permissive=0
03-25 05:07:08.515 I/auditd ( 0): type=1400 audit(0.0:886): avc: denied { kill } for comm="swapper/0" capability=5 scontext=u:r:kernel:s0 tcontext=u:r:kernel:s0 tclass=capability permissive=0
03-25 05:07:09.515 I/auditd ( 0): type=1400 audit(0.0:887): avc: denied { kill } for comm="swapper/0" capability=5 scontext=u:r:kernel:s0 tcontext=u:r:kernel:s0 tclass=capability permissive=0
03-25 05:07:10.515 I/auditd ( 0): type=1400 audit(0.0:888): avc: denied { kill } for comm="swapper/0" capability=5 scontext=u:r:kernel:s0 tcontext=u:r:kernel:s0 tclass=capability permissive=0
03-25 05:07:11.515 I/auditd ( 0): type=1400 audit(0.0:889): avc: denied { kill } for comm="swapper/0" capability=5 scontext=u:r:kernel:s0 tcontext=u:r:kernel:s0 tclass=capability permissive=0
03-25 05:07:13.515 I/auditd ( 0): type=1400 audit(0.0:890): avc: denied { kill } for comm="swapper/1" capability=5 scontext=u:r:kernel:s0 tcontext=u:r:kernel:s0 tclass=capability permissive=0
03-25 05:07:14.515 I/auditd ( 0): type=1400 audit(0.0:891): avc: denied { kill } for comm="swapper/1" capability=5 scontext=u:r:kernel:s0 tcontext=u:r:kernel:s0 tclass=capability permissive=0
03-25 05:07:15.515 I/auditd ( 0): type=1400 audit(0.0:892): avc: denied { kill } for comm="swapper/1" capability=5 scontext=u:r:kernel:s0 tcontext=u:r:kernel:s0 tclass=capability permissive=0
03-25 05:07:17.515 I/auditd ( 0): type=1400 audit(0.0:893): avc: denied { kill } for comm="swapper/3" capability=5 scontext=u:r:kernel:s0 tcontext=u:r:kernel:s0 tclass=capability permissive=0
03-25 05:07:18.515 I/auditd ( 0): type=1400 audit(0.0:894): avc: denied { kill } for comm="swapper/3" capability=5 scontext=u:r:kernel:s0 tcontext=u:r:kernel:s0 tclass=capability permissive=0
03-25 05:07:19.515 I/auditd ( 0): type=1400 audit(0.0:895): avc: denied { kill } for comm="swapper/3" capability=5 scontext=u:r:kernel:s0 tcontext=u:r:kernel:s0 tclass=capability permissive=0
03-25 05:07:20.268 I/am_uid_idle( 1504): 10065
