03-25 09:20:20.335 W/ActivityManager( 1504): Slow operation: 114ms so far, now at startProcess: asking zygote to start proc
03-25 09:20:20.335 W/ActivityManager( 1504): com.android.wallpaperbackup inode == 0 (b/152760674)
03-25 09:20:20.341 I/am_uid_running( 1504): 10075
03-25 09:20:20.341 W/ActivityManager( 1504): Slow operation: 120ms so far, now at startProcess: returned from zygote!
03-25 09:20:20.341 D/CompatibilityChangeReporter( 1504): Compat change id reported: 135634846; UID 10075; state: DISABLED
03-25 09:20:20.342 D/CompatibilityChangeReporter( 1504): Compat change id reported: 177438394; UID 10075; state: DISABLED
03-25 09:20:20.342 D/CompatibilityChangeReporter( 1504): Compat change id reported: 135772972; UID 10075; state: DISABLED
03-25 09:20:20.342 D/CompatibilityChangeReporter( 1504): Compat change id reported: 135754954; UID 10075; state: ENABLED
03-25 09:20:20.344 W/ActivityManager( 1504): Slow operation: 122ms so far, now at startProcess: done updating battery stats
03-25 09:20:20.344 I/am_proc_start( 1504): [0,2661,1000,vendor.qti.qesdk.sysservice,added application,vendor.qti.qesdk.sysservice]
03-25 09:20:20.344 W/ActivityManager( 1504): Slow operation: 122ms so far, now at startProcess: building log message
03-25 09:20:20.344 I/ActivityManager( 1504): Start proc 2661:vendor.qti.qesdk.sysservice/1000 for added application vendor.qti.qesdk.sysservice
03-25 09:20:20.344 W/ActivityManager( 1504): Slow operation: 123ms so far, now at startProcess: starting to update pids map
03-25 09:20:20.344 W/ActivityManager( 1504): Slow operation: 123ms so far, now at startProcess: done updating pids map
03-25 09:20:20.345 W/ActivityManager( 1504): Slow operation: 122ms so far, now at startProcess: asking zygote to start proc
03-25 09:20:20.345 D/CompatibilityChangeReporter( 1504): Compat change id reported: 143937733; UID 10083; state: DISABLED
03-25 09:20:20.345 W/ActivityManager( 1504): com.qti.qualcomm.mstatssystemservice inode == 0 (b/152760674)
01-03 09:54:54.316 I/binder ( 0): 2574:2660 ioctl 40046210 7879a0c9e4 returned -22
03-25 09:20:20.353 W/ContextImpl( 2571): Calling a method in the system process without a qualified user: android.app.ContextImpl.startService:1816 android.content.ContextWrapper.startService:774 com.thundercomm.microsettings.service.SettingsApplication.onCreate:30 android.app.Instrumentation.callApplicationOnCreate:1212 android.app.ActivityThread.handleBindApplication:6744
01-03 09:54:54.317 I/binder ( 0): 2355:2666 ioctl 40046210 780336d124 returned -22
03-25 09:20:20.353 W/ActivityManager( 1504): Slow operation: 131ms so far, now at startProcess: returned from zygote!
03-25 09:20:20.353 W/ActivityManager( 1504): Unable to start service Intent { act=com.thundercomm.microsettings.SETTING_SERVICE pkg=com.thundercomm.microsettings } U=0: not found
03-25 09:20:20.353 W/ActivityManager( 1504): Slow operation: 131ms so far, now at startProcess: done updating battery stats
03-25 09:20:20.353 I/am_proc_start( 1504): [0,2673,10083,com.qti.qualcomm.mstatssystemservice,added application,com.qti.qualcomm.mstatssystemservice]
03-25 09:20:20.353 W/ActivityManager( 1504): Slow operation: 131ms so far, now at startProcess: building log message
03-25 09:20:20.353 I/ActivityManager( 1504): Start proc 2673:com.qti.qualcomm.mstatssystemservice/u0a83 for added application com.qti.qualcomm.mstatssystemservice
03-25 09:20:20.353 W/ActivityManager( 1504): Slow operation: 131ms so far, now at startProcess: starting to update pids map
03-25 09:20:20.353 W/ActivityManager( 1504): Slow operation: 131ms so far, now at startProcess: done updating pids map
03-25 09:20:20.353 W/ActivityManager( 1504): Slow operation: 131ms so far, now at startProcess: asking zygote to start proc
03-25 09:20:20.353 W/ActivityManager( 1504): com.android.se inode == 0 (b/152760674)
03-25 09:20:20.354 W/ContextImpl( 2571): Calling a method in the system process without a qualified user: android.app.ContextImpl.startService:1816 android.content.ContextWrapper.startService:774 com.thundercomm.microsettings.service.SettingsApplication.onCreate:36 android.app.Instrumentation.callApplicationOnCreate:1212 android.app.ActivityThread.handleBindApplication:6744
03-25 09:20:20.354 W/ActivityManager( 1504): Unable to start service Intent { act=com.thundercomm.microsettings.EOL_SERVICE pkg=com.thundercomm.microsettings } U=0: not found
03-25 09:20:20.361 I/am_proc_bound( 1504): [0,2638,com.thundercomm.tchttpserver]
03-25 09:20:20.362 D/MicroServiceManager( 2571): add linkToDeath
03-25 09:20:20.362 D/MicroServiceManager( 2571): bindMicroService: called already get service
03-25 09:20:20.362 D/CompatibilityChangeReporter( 1504): Compat change id reported: 168419799; UID 1000; state: DISABLED
03-25 09:20:20.363 I/MicroServiceManager( 2571): addCommonCallbackListener add listener
03-25 09:20:20.363 I/MicroServiceManager( 2571): addConnectChangedListener add listener
01-03 09:54:54.326 I/binder ( 0): 2638:2638 ioctl 40046210 7fd5c529e4 returned -22
01-03 09:54:54.329 I/binder ( 0): 2649:2649 ioctl 40046210 7fd5c529e4 returned -22
01-03 09:54:54.329 I/binder ( 0): 2657:2657 ioctl 40046210 7fd5c529e4 returned -22
01-03 09:54:54.331 I/binder ( 0): 2661:2661 ioctl 40046210 7fd5c529e4 returned -22
01-03 09:54:54.332 I/binder ( 0): 2673:2673 ioctl 40046210 7fd5c529e4 returned -22
03-25 09:20:20.368 I/am_proc_bound( 1504): [0,2657,com.thundercomm.tcsetupwizard]
03-25 09:20:20.369 D/CompatibilityChangeReporter( 1504): Compat change id reported: 168419799; UID 1000; state: DISABLED
03-25 09:20:20.370 W/ActivityManager( 1504): Slow operation: 147ms so far, now at startProcess: returned from zygote!
03-25 09:20:20.371 I/am_proc_bound( 1504): [0,2673,com.qti.qualcomm.mstatssystemservice]
03-25 09:20:20.371 D/CompatibilityChangeReporter( 1504): Compat change id reported: 168419799; UID 10083; state: DISABLED
03-25 09:20:20.372 I/am_uid_active( 1504): 10083
03-25 09:20:20.372 W/ActivityManager( 1504): Slow operation: 150ms so far, now at startProcess: done updating battery stats
03-25 09:20:20.372 I/am_proc_start( 1504): [0,2744,1068,com.android.se,added application,com.android.se]
03-25 09:20:20.372 W/ActivityManager( 1504): Slow operation: 150ms so far, now at startProcess: building log message
03-25 09:20:20.372 I/ActivityManager( 1504): Start proc 2744:com.android.se/1068 for added application com.android.se
03-25 09:20:20.372 W/ActivityManager( 1504): Slow operation: 150ms so far, now at startProcess: starting to update pids map
03-25 09:20:20.373 W/ActivityManager( 1504): Slow operation: 151ms so far, now at startProcess: done updating pids map
03-25 09:20:20.373 W/ActivityManager( 1504): Slow operation: 150ms so far, now at startProcess: asking zygote to start proc
03-25 09:20:20.373 W/ActivityManager( 1504): com.android.wallpaperbackup inode == 0 (b/152760674)
03-25 09:20:20.373 I/am_proc_bound( 1504): [0,2661,vendor.qti.qesdk.sysservice]
03-25 09:20:20.374 D/CompatibilityChangeReporter( 1504): Compat change id reported: 168419799; UID 1000; state: DISABLED
03-25 09:20:20.378 W/ActivityManager( 1504): Slow operation: 155ms so far, now at startProcess: returned from zygote!
03-25 09:20:20.378 W/ActivityManager( 1504): Slow operation: 155ms so far, now at startProcess: done updating battery stats
03-25 09:20:20.378 I/am_proc_start( 1504): [0,2748,1000,com.thundercomm.remotecontrolservice,added application,com.thundercomm.remotecontrolservice]
03-25 09:20:20.378 W/ActivityManager( 1504): Slow operation: 155ms so far, now at startProcess: building log message
03-25 09:20:20.378 I/ActivityManager( 1504): Start proc 2748:com.thundercomm.remotecontrolservice/1000 for added application com.thundercomm.remotecontrolservice
03-25 09:20:20.378 W/ActivityManager( 1504): Slow operation: 155ms so far, now at startProcess: starting to update pids map
03-25 09:20:20.378 W/ActivityManager( 1504): Slow operation: 155ms so far, now at startProcess: done updating pids map
03-25 09:20:20.378 W/ActivityManager( 1504): Slow operation: 155ms so far, now at startProcess: asking zygote to start proc
03-25 09:20:20.378 W/ActivityManager( 1504): com.android.wallpaperbackup inode == 0 (b/152760674)
03-25 09:20:20.381 I/service_manager_slow( 2649): [12,activity]
03-25 09:20:20.382 I/am_proc_bound( 1504): [0,2649,com.tc.logclient]
03-25 09:20:20.384 W/ActivityManager( 1504): Slow operation: 161ms so far, now at startProcess: returned from zygote!
01-03 09:54:54.372 I/binder ( 0): 2744:2744 ioctl 40046210 7fd5c529e4 returned -22
01-03 09:54:54.379 I/binder ( 0): 2748:2748 ioctl 40046210 7fd5c529e4 returned -22
03-25 09:20:20.408 D/CompatibilityChangeReporter( 1504): Compat change id reported: 168419799; UID 1000; state: DISABLED
03-25 09:20:20.410 W/ActivityManager( 1504): Slow operation: 187ms so far, now at startProcess: done updating battery stats
03-25 09:20:20.410 I/am_proc_start( 1504): [0,2751,1000,com.thundercomm.tcservice,added application,com.thundercomm.tcservice]
03-25 09:20:20.410 W/ActivityManager( 1504): Slow operation: 187ms so far, now at startProcess: building log message
03-25 09:20:20.410 I/ActivityManager( 1504): Start proc 2751:com.thundercomm.tcservice/1000 for added application com.thundercomm.tcservice
03-25 09:20:20.410 W/ActivityManager( 1504): Slow operation: 187ms so far, now at startProcess: starting to update pids map
03-25 09:20:20.410 W/ActivityManager( 1504): Slow operation: 187ms so far, now at startProcess: done updating pids map
03-25 09:20:20.410 W/ActivityManager( 1504): Slow operation: 186ms so far, now at startProcess: asking zygote to start proc
03-25 09:20:20.410 D/CompatibilityChangeReporter( 1504): Compat change id reported: 143937733; UID 10064; state: ENABLED
03-25 09:20:20.410 W/ActivityManager( 1504): com.qualcomm.qti.devicestatisticsservice inode == 0 (b/152760674)
03-25 09:20:20.410 I/am_proc_bound( 1504): [0,2744,com.android.se]
03-25 09:20:20.412 D/CompatibilityChangeReporter( 1504): Compat change id reported: 168419799; UID 1068; state: DISABLED
03-25 09:20:20.413 I/am_uid_active( 1504): 1068
03-25 09:20:20.418 I/am_proc_bound( 1504): [0,2748,com.thundercomm.remotecontrolservice]
03-25 09:20:20.418 D/CompatibilityChangeReporter( 1504): Compat change id reported: 168419799; UID 1000; state: DISABLED
03-25 09:20:20.419 W/ActivityManager( 1504): Slow operation: 195ms so far, now at startProcess: returned from zygote!
03-25 09:20:20.424 W/ActivityManager( 1504): Slow operation: 200ms so far, now at startProcess: done updating battery stats
03-25 09:20:20.424 I/am_proc_start( 1504): [0,2793,10064,com.qualcomm.qti.devicestatisticsservice,added application,com.qualcomm.qti.devicestatisticsservice]
03-25 09:20:20.424 W/ActivityManager( 1504): Slow operation: 200ms so far, now at startProcess: building log message
03-25 09:20:20.424 I/ActivityManager( 1504): Start proc 2793:com.qualcomm.qti.devicestatisticsservice/u0a64 for added application com.qualcomm.qti.devicestatisticsservice
03-25 09:20:20.424 W/ActivityManager( 1504): Slow operation: 200ms so far, now at startProcess: starting to update pids map
03-25 09:20:20.424 W/ActivityManager( 1504): Slow operation: 200ms so far, now at startProcess: done updating pids map
03-25 09:20:20.425 W/ActivityManager( 1504): Slow operation: 200ms so far, now at startProcess: asking zygote to start proc
03-25 09:20:20.425 W/ActivityManager( 1504): com.android.wallpaperbackup inode == 0 (b/152760674)
01-03 09:54:54.396 I/binder ( 0): 2751:2751 ioctl 40046210 7fd5c529e4 returned -22
03-25 09:20:20.433 W/ActivityManager( 1504): Slow operation: 209ms so far, now at startProcess: returned from zygote!
03-25 09:20:20.434 W/ActivityManager( 1504): Slow operation: 210ms so far, now at startProcess: done updating battery stats
03-25 09:20:20.434 I/am_proc_start( 1504): [0,2807,1000,com.qualcomm.qti.qdma,added application,com.qualcomm.qti.qdma]
03-25 09:20:20.434 W/ActivityManager( 1504): Slow operation: 210ms so far, now at startProcess: building log message
03-25 09:20:20.434 I/ActivityManager( 1504): Start proc 2807:com.qualcomm.qti.qdma/1000 for added application com.qualcomm.qti.qdma
03-25 09:20:20.434 W/ActivityManager( 1504): Slow operation: 210ms so far, now at startProcess: starting to update pids map
03-25 09:20:20.434 W/ActivityManager( 1504): Slow operation: 210ms so far, now at startProcess: done updating pids map
03-25 09:20:20.434 W/ActivityManager( 1504): Slow operation: 167ms so far, now at startProcess: asking zygote to start proc
03-25 09:20:20.434 W/ActivityManager( 1504): com.android.wallpaperbackup inode == 0 (b/152760674)
03-25 09:20:20.438 I/am_proc_bound( 1504): [0,2751,com.thundercomm.tcservice]
03-25 09:20:20.438 D/CompatibilityChangeReporter( 1504): Compat change id reported: 168419799; UID 1000; state: DISABLED
03-25 09:20:20.443 W/ActivityManager( 1504): Slow operation: 176ms so far, now at startProcess: returned from zygote!
03-25 09:20:20.443 W/ActivityManager( 1504): Slow operation: 176ms so far, now at startProcess: done updating battery stats
03-25 09:20:20.443 I/am_proc_start( 1504): [0,2812,1000,com.android.settings:CryptKeeper,top-activity,{com.android.settings/com.android.settings.CryptKeeper}]
03-25 09:20:20.443 W/ActivityManager( 1504): Slow operation: 176ms so far, now at startProcess: building log message
03-25 09:20:20.443 I/ActivityManager( 1504): Start proc 2812:com.android.settings:CryptKeeper/1000 for top-activity {com.android.settings/com.android.settings.CryptKeeper}
03-25 09:20:20.443 W/ActivityManager( 1504): Slow operation: 176ms so far, now at startProcess: starting to update pids map
03-25 09:20:20.443 W/ActivityManager( 1504): Slow operation: 176ms so far, now at startProcess: done updating pids map
03-25 09:20:20.444 W/ActivityManager( 1504): Slow operation: 118ms so far, now at startProcess: asking zygote to start proc
03-25 09:20:20.444 D/CompatibilityChangeReporter( 1504): Compat change id reported: 143937733; UID 10062; state: ENABLED
03-25 09:20:20.444 W/ActivityManager( 1504): com.thundercomm.gamemode.provider inode == 0 (b/152760674)
01-03 09:54:54.415 I/binder ( 0): 2744:2744 ioctl 40046210 7fd5c51994 returned -22
01-03 09:54:54.419 I/binder ( 0): 2807:2807 ioctl 40046210 7fd5c529e4 returned -22
03-25 09:20:20.453 W/ActivityManager( 1504): Slow operation: 128ms so far, now at startProcess: returned from zygote!
03-25 09:20:20.454 W/ActivityManager( 1504): Slow operation: 129ms so far, now at startProcess: done updating battery stats
03-25 09:20:20.454 I/am_proc_start( 1504): [0,2838,10062,com.thundercomm.gamemode.provider,content provider,{com.thundercomm.gamemode.provider/com.thundercomm.gamemode.provider.SettingsProvider}]
03-25 09:20:20.454 W/ActivityManager( 1504): Slow operation: 129ms so far, now at startProcess: building log message
03-25 09:20:20.454 I/ActivityManager( 1504): Start proc 2838:com.thundercomm.gamemode.provider/u0a62 for content provider {com.thundercomm.gamemode.provider/com.thundercomm.gamemode.provider.SettingsProvider}
03-25 09:20:20.454 W/ActivityManager( 1504): Slow operation: 129ms so far, now at startProcess: starting to update pids map
01-03 09:54:54.420 I/binder ( 0): 2793:2793 ioctl 40046210 7fd5c529e4 returned -22
03-25 09:20:20.454 W/ActivityManager( 1504): Slow operation: 129ms so far, now at startProcess: done updating pids map
03-25 09:20:20.454 W/ActivityManager( 1504): Slow operation: 113ms so far, now at startProcess: asking zygote to start proc
03-25 09:20:20.454 D/CompatibilityChangeReporter( 1504): Compat change id reported: 143937733; UID 10075; state: ENABLED
03-25 09:20:20.454 W/ActivityManager( 1504): com.android.launcher3 inode == 0 (b/152760674)
03-25 09:20:20.455 I/am_proc_bound( 1504): [0,2793,com.qualcomm.qti.devicestatisticsservice]
03-25 09:20:20.457 D/CompatibilityChangeReporter( 1504): Compat change id reported: 168419799; UID 10064; state: DISABLED
03-25 09:20:20.458 I/am_uid_active( 1504): 10064
03-25 09:20:20.460 I/am_proc_bound( 1504): [0,2807,com.qualcomm.qti.qdma]
03-25 09:20:20.460 W/ActivityManager( 1504): Slow operation: 119ms so far, now at startProcess: returned from zygote!
03-25 09:20:20.460 D/CompatibilityChangeReporter( 1504): Compat change id reported: 168419799; UID 1000; state: DISABLED
03-25 09:20:20.461 W/ActivityManager( 1504): Slow operation: 120ms so far, now at startProcess: done updating battery stats
03-25 09:20:20.461 I/am_proc_start( 1504): [0,2845,10075,com.android.launcher3,service,{com.android.launcher3/com.android.quickstep.TouchInteractionService}]
03-25 09:20:20.461 W/ActivityManager( 1504): Slow operation: 120ms so far, now at startProcess: building log message
03-25 09:20:20.461 I/ActivityManager( 1504): Start proc 2845:com.android.launcher3/u0a75 for service {com.android.launcher3/com.android.quickstep.TouchInteractionService}
03-25 09:20:20.461 W/ActivityManager( 1504): Slow operation: 120ms so far, now at startProcess: starting to update pids map
03-25 09:20:20.462 W/ActivityManager( 1504): Slow operation: 120ms so far, now at startProcess: done updating pids map
01-03 09:54:54.445 I/binder ( 0): 2812:2812 ioctl 40046210 7fd5c529e4 returned -22
03-25 09:20:20.482 I/am_proc_bound( 1504): [0,2812,com.android.settings:CryptKeeper]
01-03 09:54:54.448 I/binder ( 0): 2751:2751 ioctl 40046210 7fd5c51554 returned -22
03-25 09:20:20.483 D/CompatibilityChangeReporter( 1504): Compat change id reported: 168419799; UID 1000; state: DISABLED
01-03 09:54:54.450 I/binder ( 0): 2845:2845 ioctl 40046210 7fd5c529e4 returned -22
03-25 09:20:20.485 I/wm_restart_activity( 1504): [0,53878602,7,com.android.settings/.CryptKeeper]
03-25 09:20:20.486 I/wm_set_resumed_activity( 1504): [0,com.android.settings/.CryptKeeper,minimalResumeActivityLocked]
03-25 09:20:20.489 I/am_proc_bound( 1504): [0,2845,com.android.launcher3]
01-03 09:54:54.457 I/binder ( 0): 2838:2838 ioctl 40046210 7fd5c529e4 returned -22
03-25 09:20:20.490 D/CompatibilityChangeReporter( 1504): Compat change id reported: 168419799; UID 10075; state: DISABLED
03-25 09:20:20.491 I/am_uid_active( 1504): 10075
03-25 09:20:20.493 W/CarrierConfigManager( 2355): Error getting config for subId -1 ICarrierConfigLoader is null
03-25 09:20:20.493 I/am_proc_bound( 1504): [0,2838,com.thundercomm.gamemode.provider]
03-25 09:20:20.494 D/CompatibilityChangeReporter( 1504): Compat change id reported: 168419799; UID 10062; state: DISABLED
03-25 09:20:20.495 I/am_uid_active( 1504): 10062
03-25 09:20:20.503 W/ContextImpl( 2751): Calling a method in the system process without a qualified user: android.app.ContextImpl.startService:1816 android.content.ContextWrapper.startService:774 com.thundercomm.tcservice.TCService.init:46 com.thundercomm.tcservice.TCService.onCreate:33 android.app.ActivityThread.handleCreateService:4488
03-25 09:20:20.508 D/TelephonyRegistry( 1504): listen oscl: mHasNotifySubscriptionInfoChangedOccurred==false no callback
03-25 09:20:20.508 I/commit_sys_config_file( 1504): [display-state,8986]
03-25 09:20:20.509 I/commit_sys_config_file( 1504): [settings-0-0,4]
01-03 09:54:54.478 I/ ( 0): Wifi Turning On from UI
03-25 09:20:20.512 I/android.hardware.wifi@1.0-service( 837): Wifi HAL started
01-03 09:54:54.482 I/ ( 0): Wifi Turning On from UI
01-03 09:54:54.482 I/[wifi@1][0x1be89c8e][01:20:20.516122] wlan( 0): [837:I:DP] dp_vdev_attach_wifi3: wlan_cfg_ap_bridge_enabled 0
01-03 09:54:54.482 I/[wifi@1][0x1be89da3][01:20:20.516136] wlan( 0): [837:I:DP] 00000000: 1c 0b 8e ce 25 4f b9 be da 3b 0d 28 a2 4b 39 14
01-03 09:54:54.482 I/[wifi@1][0x1be89dbe][01:20:20.516138] wlan( 0): [837:I:DP] 00000010: 54 cf 34 95
01-03 09:54:54.482 I/[wifi@1][0x1be89de8][01:20:20.516140] wlan( 0): [837:I:DP] 00000000: cc 99 73 ca ca 8d 43 33 f6 4e df df 7b 3c cd d6
01-03 09:54:54.482 I/[wifi@1][0x1be89e00][01:20:20.516141] wlan( 0): [837:I:DP] 00000010: bf 59 94 d0 59 57 87 c3 d8 3b 26 97 50 56 7f c9
01-03 09:54:54.482 I/[wifi@1][0x1be89e17][01:20:20.516142] wlan( 0): [837:I:DP] 00000020: f4 e4 ca eb 57 39 99 dd 21 d5 40 3d
01-03 09:54:54.483 I/IPv6 ( 0): ADDRCONF(NETDEV_UP): wlan0: link is not ready
03-25 09:20:20.517 I/android.hardware.wifi@1.0-service( 837): Adding interface handle for wifi-aware0
03-25 09:20:20.517 I/android.hardware.wifi@1.0-service( 837): Adding interface handle for wlan0
03-25 09:20:20.517 I/android.hardware.wifi@1.0-service( 837): Adding interface handle for p2p0
03-25 09:20:20.517 W/android.hardware.wifi@1.0-service( 837): No active wlan interfaces in use! Using default
03-25 09:20:20.517 W/android.hardware.wifi@1.0-service( 837): No active wlan interfaces in use! Using default
01-03 09:54:54.485 I/[lowi-s][0x1be951ad][01:20:20.518537] wlan( 0): [1400:I:wifipos] wifi_pos_get_ch_info: 461: num channels: 26
03-25 09:20:20.519 I/android.hardware.wifi@1.0-service( 837): Configured chip in mode 3
03-25 09:20:20.519 W/android.hardware.wifi@1.0-service( 837): No active wlan interfaces in use! Using default
01-03 09:54:54.488 E/[wifi@1][0x1bea3e1c][01:20:20.521689] wlan( 0): [2914:E:wifipos] wifi_pos_process_app_reg_req: 608: Received App Req Req pid(1983906629), len(16)
01-03 09:54:54.490 I/[wifi@1][0x1beb047f][01:20:20.524334] wlan( 0): [2914:I:wifipos] wifi_pos_get_ch_info: 461: num channels: 26
01-03 09:54:54.491 I/[wifi@1][0x1beb1b5b][01:20:20.524639] wlan( 0): [2914:I:wifipos] wifi_pos_get_ch_info: 461: num channels: 26
03-25 09:20:20.531 I/commit_sys_config_file( 1504): [settings-2-0,4]
01-03 09:54:54.499 I/binder ( 0): 2807:2807 ioctl 40046210 7fd5c50684 returned -22
03-25 09:20:20.535 I/wificond( 1205): createClientInterface: wiphy_index 0 iface_name wlan0
03-25 09:20:20.537 I/wificond( 1205): create scanner for interface with index: 17
03-25 09:20:20.537 I/wificond( 1205): subscribe scan result for interface with index: 17
03-25 09:20:20.538 I/wificond( 1205): add channel type 0 support at wiphy index: 0
03-25 09:20:20.538 I/wificond( 1205): add channel type 1 support at wiphy index: 0
03-25 09:20:20.538 D/BluetoothManagerService( 1504): Bluetooth Adapter name changed to 楂樺悎濞变箰鍓睆 by android
03-25 09:20:20.538 D/BluetoothManagerService( 1504): Stored Bluetooth name: 楂樺悎濞变箰鍓睆
03-25 09:20:20.540 D/BluetoothManagerService( 1504): BluetoothServiceConnection: com.android.bluetooth.btservice.AdapterService
03-25 09:20:20.540 D/BluetoothManagerService( 1504): MESSAGE_BLUETOOTH_SERVICE_CONNECTED: 1
03-25 09:20:20.544 I/notification_enqueue( 1504): [10077,2355,com.android.systemui,1,empty_media,0,Notification(channel=empty_media_style_id shortcut=null contentView=null vibrate=null sound=null defaults=0x0 flags=0x20 color=0x00000000 category=transport groupKey=empty_media actions=5 vis=PRIVATE),0]
03-25 09:20:20.545 D/BluetoothManagerService( 1504): MESSAGE_GET_NAME_AND_ADDRESS
03-25 09:20:20.547 D/BluetoothManagerService( 1504): Stored Bluetooth name: 楂樺悎濞变箰鍓睆
03-25 09:20:20.547 D/BluetoothManagerService( 1504): MESSAGE_INFORM_ADAPTER_SERVICE_UP
03-25 09:20:20.547 D/BluetoothManagerService( 1504): Broadcasting onBluetoothServiceUp() to 3 receivers.
03-25 09:20:20.548 D/BluetoothManagerService( 1504): MESSAGE_BLUETOOTH_STATE_CHANGE: OFF > BLE_TURNING_ON
03-25 09:20:20.548 D/BluetoothManagerService( 1504): Sending BLE State Change: OFF > BLE_TURNING_ON
03-25 09:20:20.555 D/CompatibilityChangeReporter( 1504): Compat change id reported: 168419799; UID 1002; state: DISABLED
03-25 09:20:20.559 I/PackageWatchdog( 1504): Syncing health check requests for packages: {}
03-25 09:20:20.559 I/ExplicitHealthCheckController( 1504): Service not ready to get health check supported packages. Binding...
03-25 09:20:20.560 I/ExplicitHealthCheckController( 1504): Explicit health check service is bound
03-25 09:20:20.566 I/wm_finish_activity( 1504): [0,53878602,7,com.android.settings/.CryptKeeper,app-request]
03-25 09:20:20.567 W/ContextImpl( 1504): Calling a method in the system process without a qualified user: android.app.ContextImpl.bindService:1895 android.content.ContextWrapper.bindService:810 com.qualcomm.qti.activityextension.ActivityNotifier.bindToDynamicDDSService:103 com.qualcomm.qti.activityextension.ActivityNotifier.handleSendActivitySuspendNotification:154 com.qualcomm.qti.activityextension.ActivityNotifier.access$400:26
03-25 09:20:20.567 I/wm_pause_activity( 1504): [0,53878602,com.android.settings/.CryptKeeper,userLeaving=false,finish]
03-25 09:20:20.568 I/wm_on_create_called( 2812): [53878602,com.android.settings.CryptKeeper,performCreate]
03-25 09:20:20.569 I/sysui_multi_action( 1504): [757,1144,758,7,806,com.android.settings,871,com.android.settings.CryptKeeper]
01-03 09:54:54.538 E/bt_ioctl( 0): BT_CMD_PWR_CTRL pwr_cntrl:0
01-03 09:54:54.538 E/bt_ioctl( 0): BT state already:0 no change done
01-03 09:54:54.538 E/bt_ioctl( 0): BT_CMD_PWR_CTRL pwr_cntrl:1
01-03 09:54:54.538 I/bt_power vendor( 0): bt_qca6390: Linked as a consumer to regulator.9
01-03 09:54:54.539 E/bt_vreg_enable( 0): vreg_en successful for : qca,bt-vdd-aon
01-03 09:54:54.539 I/bt_power vendor( 0): bt_qca6390: Linked as a consumer to regulator.51
01-03 09:54:54.539 E/bt_vreg_enable( 0): vreg_en successful for : qca,bt-vdd-dig
01-03 09:54:54.539 I/bt_power vendor( 0): bt_qca6390: Linked as a consumer to regulator.8
01-03 09:54:54.539 E/bt_vreg_enable( 0): vreg_en successful for : qca,bt-vdd-rfa1
01-03 09:54:54.539 I/bt_power vendor( 0): bt_qca6390: Linked as a consumer to regulator.36
01-03 09:54:54.539 E/bt_vreg_enable( 0): vreg_en successful for : qca,bt-vdd-rfa2
01-03 09:54:54.539 I/bt_power vendor( 0): bt_qca6390: Linked as a consumer to regulator.27
03-25 09:20:20.574 I/ActivityTaskManager( 1504): START u0 {act=android.intent.action.MAIN cat=[android.intent.category.HOME] flg=0x10000100 cmp=com.android.settings/.FallbackHome (has extras)} from uid 0
01-03 09:54:54.540 E/bt_vreg_enable( 0): vreg_en successful for : qca,bt-vdd-asd
03-25 09:20:20.574 D/BiometricScheduler/Fingerprint21( 1504): [Added] {[0] FingerprintUpdateActiveUserClient, proto=1, owner=android, cookie=0, requestId=-1, userId=0}, new queue size: 1
03-25 09:20:20.574 D/BiometricScheduler/Fingerprint21( 1504): [Polled] {[0] FingerprintUpdateActiveUserClient, proto=1, owner=android, cookie=0, requestId=-1, userId=0}, State: 0
03-25 09:20:20.574 D/BiometricScheduler/Fingerprint21( 1504): [Starting] {[0] FingerprintUpdateActiveUserClient, proto=1, owner=android, cookie=0, requestId=-1, userId=0}, State: 0
03-25 09:20:20.574 D/BiometricScheduler/Fingerprint21( 1504): [Started] {[0] FingerprintUpdateActiveUserClient, proto=1, owner=android, cookie=0, requestId=-1, userId=0}
01-03 09:54:54.542 D/qbt ( 0): qbt_open: entry minor_no=0 fd_available=1
01-03 09:54:54.542 D/qbt ( 0): qbt_open: exit : 0 fd_available=0
01-03 09:54:54.542 D/qbt ( 0): qbt_open: entry minor_no=1 fd_available=0
01-03 09:54:54.542 D/qbt ( 0): qbt_open: exit : 0 fd_available=0
01-03 09:54:54.542 D/qbt ( 0): qbt_ioctl: cmd received 107
01-03 09:54:54.542 D/qbt ( 0): qbt_ioctl: Acquiring wakelock
03-25 09:20:20.578 I/wm_task_created( 1504): [8,-1]
03-25 09:20:20.578 I/wm_task_moved( 1504): [8,1,2147483647]
03-25 09:20:20.579 I/wm_task_moved( 1504): [1,1,5]
03-25 09:20:20.579 I/wm_create_task( 1504): [0,8]
03-25 09:20:20.579 I/wm_create_activity( 1504): [0,85324137,8,com.android.settings/.FallbackHome,android.intent.action.MAIN,NULL,NULL,276824320]
03-25 09:20:20.579 I/wm_task_moved( 1504): [1,1,5]
03-25 09:20:20.579 I/wm_task_moved( 1504): [8,1,2147483647]
03-25 09:20:20.580 I/wm_task_to_front( 1504): [0,8]
03-25 09:20:20.580 W/ContextImpl( 1504): Calling a method in the system process without a qualified user: android.app.ContextImpl.bindService:1895 android.content.ContextWrapper.bindService:810 com.qualcomm.qti.activityextension.ActivityNotifier.bindToDynamicDDSService:103 com.qualcomm.qti.activityextension.ActivityNotifier.handleSendActivityInvokeNotification:184 com.qualcomm.qti.activityextension.ActivityNotifier.access$300:26
03-25 09:20:20.580 I/ActivityTaskManager( 1504): FOREGROUND_APPLICATION_CHANGED to com.android.settings.FallbackHome
03-25 09:20:20.580 W/ContextImpl( 1504): Calling a method in the system process without a qualified user: android.app.ContextImpl.bindService:1895 android.content.ContextWrapper.bindService:810 com.qualcomm.qti.activityextension.ActivityNotifier.bindToDynamicDDSService:103 com.qualcomm.qti.activityextension.ActivityNotifier.handleSendActivityInvokeNotification:184 com.qualcomm.qti.activityextension.ActivityNotifier.access$300:26
03-25 09:20:20.583 W/ContextImpl( 1504): Calling a method in the system process without a qualified user: android.app.ContextImpl.bindService:1895 android.content.ContextWrapper.bindService:810 com.qualcomm.qti.activityextension.ActivityNotifier.bindToDynamicDDSService:103 com.qualcomm.qti.activityextension.ActivityNotifier.handleSendActivityInvokeNotification:184 com.qualcomm.qti.activityextension.ActivityNotifier.access$300:26
03-25 09:20:20.584 D/CompatibilityChangeReporter( 1504): Compat change id reported: 135634846; UID 1000; state: DISABLED
03-25 09:20:20.584 D/CompatibilityChangeReporter( 1504): Compat change id reported: 177438394; UID 1000; state: DISABLED
03-25 09:20:20.584 D/CompatibilityChangeReporter( 1504): Compat change id reported: 135772972; UID 1000; state: DISABLED
03-25 09:20:20.584 D/CompatibilityChangeReporter( 1504): Compat change id reported: 135754954; UID 1000; state: ENABLED
03-25 09:20:20.584 I/sysui_multi_action( 1504): [757,803,799,window_time_0,802,9]
03-25 09:20:20.584 W/ActivityManager( 1504): com.android.wallpaperbackup inode == 0 (b/152760674)
03-25 09:20:20.587 I/StatusBarManagerService( 1504): registerStatusBar bar=com.android.internal.statusbar.IStatusBar$Stub$Proxy@22716c6
03-25 09:20:20.590 I/am_proc_start( 1504): [0,2955,1000,com.android.settings,top-activity,{com.android.settings/com.android.settings.FallbackHome}]
03-25 09:20:20.590 I/ActivityManager( 1504): Start proc 2955:com.android.settings/1000 for top-activity {com.android.settings/com.android.settings.FallbackHome}
01-03 09:54:54.557 W/QSEECOM ( 0): qseecom_load_app: App (fingerpr) does'nt exist, loading apps for first time
01-03 09:54:54.571 I/binder ( 0): 2955:2955 ioctl 40046210 7fd5c529e4 returned -22
03-25 09:20:20.606 I/am_proc_bound( 1504): [0,2955,com.android.settings]
03-25 09:20:20.608 I/wm_restart_activity( 1504): [0,85324137,8,com.android.settings/.FallbackHome]
03-25 09:20:20.609 I/wm_set_resumed_activity( 1504): [0,com.android.settings/.FallbackHome,minimalResumeActivityLocked]
03-25 09:20:20.614 I/am_uid_running( 1504): 10080
03-25 09:20:20.614 D/CompatibilityChangeReporter( 1504): Compat change id reported: 135634846; UID 10080; state: DISABLED
03-25 09:20:20.614 D/CompatibilityChangeReporter( 1504): Compat change id reported: 177438394; UID 10080; state: DISABLED
03-25 09:20:20.614 D/CompatibilityChangeReporter( 1504): Compat change id reported: 135772972; UID 10080; state: DISABLED
03-25 09:20:20.614 D/CompatibilityChangeReporter( 1504): Compat change id reported: 135754954; UID 10080; state: ENABLED
03-25 09:20:20.614 D/CompatibilityChangeReporter( 1504): Compat change id reported: 143937733; UID 10080; state: ENABLED
03-25 09:20:20.615 W/ActivityManager( 1504): com.qualcomm.qti.qccauthmgr inode == 0 (b/152760674)
03-25 09:20:20.621 I/am_proc_start( 1504): [0,2972,10080,com.qualcomm.qti.qccauthmgr,content provider,{com.qualcomm.qti.qccauthmgr/com.qualcomm.qti.qccauthmgr.providers.SMQContentProvider}]
03-25 09:20:20.621 I/ActivityManager( 1504): Start proc 2972:com.qualcomm.qti.qccauthmgr/u0a80 for content provider {com.qualcomm.qti.qccauthmgr/com.qualcomm.qti.qccauthmgr.providers.SMQContentProvider}
01-03 09:54:54.593 I/bt_configure_gpios( 0): BTON:Turn Bt Off bt-reset-gpio(1121) value(0)
01-03 09:54:54.593 I/bt_configure_gpios( 0): BTON:Turn Bt Off
01-03 09:54:54.593 I/bt_configure_gpios( 0): bt-sw-ctrl-gpio(1224) value(1)
01-03 09:54:54.593 I/bt_enable_bt_reset_gpios_safely( 0): bt_enable_bt_reset_gpios_safely: BTON:Turn Bt On
01-03 09:54:54.593 I/bt_enable_bt_reset_gpios_safely( 0): bt_enable_bt_reset_gpios_safely: wl-reset-gpio(1120) value(1)
01-03 09:54:54.593 I/bt_enable_bt_reset_gpios_safely( 0): bt_enable_bt_reset_gpios_safely: BTON: Asserting BT_EN
01-03 09:54:54.596 I/binder ( 0): 2972:2972 ioctl 40046210 7fd5c529e4 returned -22
03-25 09:20:20.632 I/am_proc_bound( 1504): [0,2972,com.qualcomm.qti.qccauthmgr]
03-25 09:20:20.633 D/CompatibilityChangeReporter( 1504): Compat change id reported: 168419799; UID 10080; state: DISABLED
03-25 09:20:20.634 I/am_uid_active( 1504): 10080
03-25 09:20:20.677 D/CompatibilityChangeReporter( 1504): Compat change id reported: 171306433; UID 1000; state: ENABLED
01-03 09:54:54.653 I/bt_configure_gpios( 0): BTON:Turn Bt On bt-reset-gpio(1121) value(1)
01-03 09:54:54.653 I/bt_configure_gpios( 0): BTON:Turn Bt On
01-03 09:54:54.653 I/bt_configure_gpios( 0): bt-sw-ctrl-gpio(1224) value(1)
01-03 09:54:54.653 I/bt_configure_gpios( 0): bt_gpio= 1121 on: 1 is successful
01-03 09:54:54.671 W/QSEECOM ( 0): qseecom_load_app: App with id 7 (fingerpr) now loaded
03-25 09:20:20.708 I/wm_on_create_called( 2955): [85324137,com.android.settings.FallbackHome,performCreate]
03-25 09:20:20.709 I/wm_on_start_called( 2955): [85324137,com.android.settings.FallbackHome,handleStartActivity]
03-25 09:20:20.709 I/wm_on_resume_called( 2955): [85324137,com.android.settings.FallbackHome,RESUME_ACTIVITY]
01-03 09:54:54.684 E/bt_ioctl( 0): unified Current SOC Version : 400a0200
03-25 09:20:20.714 W/WindowManager( 1504): Failed looking up window session=Session{bc40155 2955:1000} callers=com.android.server.wm.WindowManagerService.windowForClientLocked:5628 com.android.server.wm.Session.insetsModified:629 android.view.IWindowSession$Stub.onTransact:1151
03-25 09:20:20.715 I/wm_on_top_resumed_gained_called( 2955): [85324137,com.android.settings.FallbackHome,topStateChangedWhenResumed]
03-25 09:20:20.716 I/commit_sys_config_file( 1504): [settings-1-0,5]
03-25 09:20:20.717 I/commit_sys_config_file( 1504): [settings-0-0,1]
03-25 09:20:20.726 I/input_focus( 1504): [Focus request 9105dd1 com.android.settings/com.android.settings.FallbackHome,reason=UpdateInputWindows]
01-03 09:54:54.704 I/binder ( 0): 2955:2995 ioctl 40046210 787ed2e1f4 returned -22
03-25 09:20:20.742 I/commit_sys_config_file( 1504): [settings-2-0,4]
03-25 09:20:20.755 I/wm_destroy_activity( 1504): [0,53878602,7,com.android.settings/.CryptKeeper,finish-idle]
03-25 09:20:20.755 I/wm_on_destroy_called( 2812): [53878602,com.android.settings.CryptKeeper,performDestroy]
03-25 09:20:20.756 I/ActivityManagerTiming( 1504): FinishBooting
03-25 09:20:20.756 I/boot_progress_enable_screen( 1504): 22369
03-25 09:20:20.757 I/screen_toggled( 1504): 1
03-25 09:20:20.757 W/KeyguardServiceDelegate( 1504): onScreenTurningOn(): no keyguard service!
03-25 09:20:20.757 I/wm_task_removed( 1504): [7,cleanUpResourcesForDestroy]
03-25 09:20:20.758 I/wm_task_removed( 1504): [7,removeChild:removeChild last r=ActivityRecord{3361f4a u0 com.android.settings/.CryptKeeper t-1 f}} in t=Task{a92dacb #7 type=home A=1000:com.android.settings.CryptKeeper U=0 visible=false mode=fullscreen translucent=true sz=0}]
03-25 09:20:20.758 I/wm_task_removed( 1504): [7,removeChild]
03-25 09:20:20.781 D/CompatibilityChangeReporter( 1504): Compat change id reported: 168419799; UID 10077; state: DISABLED
01-03 09:54:54.786 W/QSEECOM ( 0): __qseecom_unload_app: App (7) is unloaded
01-03 09:54:54.786 D/qbt ( 0): qbt_release: entry minor_no=0 fd_available=0
01-03 09:54:54.786 D/qbt ( 0): qbt_release: Releasing wakelock
01-03 09:54:54.786 D/qbt ( 0): qbt_release: exit : fd_available=1
01-03 09:54:54.786 D/qbt ( 0): qbt_release: entry minor_no=1 fd_available=1
01-03 09:54:54.786 D/qbt ( 0): qbt_release: exit : fd_available=1
03-25 09:20:20.820 W/Looper ( 1504): Slow dispatch took 245ms main h=android.os.Handler c=com.android.server.biometrics.sensors.fingerprint.hidl.Fingerprint21$$ExternalSyntheticLambda2@fde37d0 m=0
03-25 09:20:20.820 D/BiometricScheduler/Fingerprint21( 1504): [Added] {[1] FingerprintUpdateActiveUserClient, proto=1, owner=android, cookie=0, requestId=-1, userId=0}, new queue size: 1
03-25 09:20:20.820 V/BiometricScheduler/Fingerprint21( 1504): Not idle, current operation: {[0] FingerprintUpdateActiveUserClient, proto=1, owner=android, cookie=0, requestId=-1, userId=0}, State: 2
03-25 09:20:20.820 D/BiometricScheduler/Fingerprint21( 1504): [Added] {[2] FingerprintInternalCleanupClient, proto=7, owner=android, cookie=0, requestId=-1, userId=0}, new queue size: 2
03-25 09:20:20.820 V/BiometricScheduler/Fingerprint21( 1504): Not idle, current operation: {[0] FingerprintUpdateActiveUserClient, proto=1, owner=android, cookie=0, requestId=-1, userId=0}, State: 2
03-25 09:20:20.826 W/ActivityThread( 2355): Failed to find provider info for com.android.contacts (user not unlocked)
03-25 09:20:20.835 I/ConnectivityModuleConnector( 1504): Networking module service connected
03-25 09:20:20.840 I/ConnectivityModuleConnector( 1504): Networking module service connected
03-25 09:20:20.845 I/SystemServerTiming( 1504): ManagedServices.unbindOtherUserServices_current0
03-25 09:20:20.845 I/SystemServerTiming( 1504): ManagedServices.unbindOtherUserServices_current0
03-25 09:20:20.845 I/SystemServerTiming( 1504): ManagedServices.unbindOtherUserServices_current0
03-25 09:20:20.845 V/NotificationAssistants( 1504): enabling notification assistant for 0: ComponentInfo{android.ext.services/android.ext.services.notification.Assistant}
03-25 09:20:20.845 V/NotificationAssistants( 1504): Not registering ComponentInfo{android.ext.services/android.ext.services.notification.Assistant} is already bound
03-25 09:20:20.876 I/notification_cancel_all( 1504): [1000,1504,com.android.systemui,0,0,0,20,NULL]
03-25 09:20:20.879 D/ConditionProviders.SCP( 1504): onSubscribe condition://android/schedule?days=1.2.3.4.5.6.7&start=22.0&end=7.0&exitAtAlarm=true
03-25 09:20:20.879 D/ConditionProviders.SCP( 1504): setRegistered true
03-25 09:20:20.881 W/ActivityThread( 1504): Failed to find provider info for com.android.calendar (user not unlocked)
03-25 09:20:20.882 D/ConditionProviders.SCP( 1504): evaluateSubscriptionLocked cal=ScheduleCalendar[mDays={1, 2, 3, 4, 5, 6, 7}, mSchedule=ScheduleInfo{days=[1, 2, 3, 4, 5, 6, 7], startHour=22, startMinute=0, endHour=7, endMinute=0, exitAtAlarm=true, nextAlarm=Thu Jan 01 08:00:00 GMT+08:00 1970 (0)}], now=Sun Mar 26 01:20:20 GMT+08:00 2023 (1679764820879), nextUserAlarmTime=Thu Jan 01 08:00:00 GMT+08:00 1970 (0)
03-25 09:20:20.882 D/ConditionProviders.SCP( 1504): notifyCondition condition://android/schedule?days=1.2.3.4.5.6.7&start=22.0&end=7.0&exitAtAlarm=true STATE_TRUE reason=meetsSchedule
03-25 09:20:20.882 W/ActivityThread( 1504): Failed to find provider info for com.android.calendar (user not unlocked)
03-25 09:20:20.883 D/ConditionProviders.SCP( 1504): Scheduling evaluate for Sun Mar 26 07:00:00 GMT+08:00 2023 (1679785200000), in +5h39m39s121ms, now=Sun Mar 26 01:20:20 GMT+08:00 2023 (1679764820879)
03-25 09:20:20.885 I/sysui_multi_action( 1504): [757,856,758,1,806,com.android.server.telecom,857,TelecomMissedCalls,858,3]
03-25 09:20:20.885 I/sysui_multi_action( 1504): [757,856,758,1,806,com.android.server.telecom,857,TelecomIncomingCalls,858,5]
03-25 09:20:20.886 I/sysui_multi_action( 1504): [757,856,758,1,806,com.android.server.telecom,857,TelecomCallBlocking,858,2]
03-25 09:20:20.886 I/sysui_multi_action( 1504): [757,856,758,1,806,com.android.server.telecom,857,TelecomBackgroundAudioProcessing,858,2]
03-25 09:20:20.886 I/sysui_multi_action( 1504): [757,856,758,1,806,com.android.server.telecom,857,TelecomDisconnectedCalls,858,3]
03-25 09:20:20.886 I/sysui_multi_action( 1504): [757,856,758,1,806,com.android.server.telecom,857,TelecomInCallServiceCrash,858,3]
03-25 09:20:20.893 W/BluetoothManagerService( 1504): bindBluetoothProfileService:Trying to bind to profile: 1, while Bluetooth is disabled
03-25 09:20:20.894 I/Telecom ( 1504): BluetoothRouteManager: getBluetoothAudioConnectedDevice: no service available.
03-25 09:20:20.894 I/Telecom ( 1504): SystemStateHelper: Registering broadcast receiver: android.content.IntentFilter@494296b: TS.init@AAA
03-25 09:20:20.894 I/Telecom ( 1504): SystemStateHelper: Registering broadcast receiver: android.content.IntentFilter@b766cc8: TS.init@AAA
03-25 09:20:20.898 I/Telecom ( 1504): Logging.Events: Non-call EVENT: AUDIO_ROUTE, Entering state QuiescentEarpieceRoute
03-25 09:20:20.898 I/Telecom ( 1504): BluetoothRouteManager: getBluetoothAudioConnectedDevice: no service available.
03-25 09:20:20.900 I/Telecom ( 1504): CallAudioModeStateMachine: Message received: null.: TS.init->CAMSM.pM_1@AAA
03-25 09:20:20.902 I/Telecom ( 1504): MissedCallNotifierImpl: reloadFromDatabase: Boot not yet complete -- call log db may not be available. Deferring loading until boot complete for user 0: TS.init@AAA
03-25 09:20:20.925 D/TelephonyRegistry( 1504): listen oscl: mHasNotifySubscriptionInfoChangedOccurred==false no callback
03-25 09:20:20.925 I/Telecom ( 1504): MissedCallNotifierImpl: reloadFromDatabase: Boot not yet complete -- call log db may not be available. Deferring loading until boot complete for user 0: TS.init@AAA
03-25 09:20:20.926 I/Telecom ( 1504): Class: TelecomSystem.INSTANCE being set
03-25 09:20:20.927 W/CarrierConfigManager( 1504): Error getting config for subId -1 ICarrierConfigLoader is null
03-25 09:20:20.927 I/Telecom ( 1504): PhoneAccountRegistrar: getSimCallManager: SimCallManager for subId -1 queried, returning: null: TSI.gSCM@AAE
03-25 09:20:20.928 I/sysui_multi_action( 1504): [757,1501,758,1,793,890,794,0,795,890,796,1,797,empty_media,806,com.android.systemui,857,empty_media_style_id,858,4,946,empty_media,947,0,1500,0,1641,transport,1745,1043716538]
03-25 09:20:20.928 I/sysui_multi_action( 1504): [757,804,799,note_interruptive,801,0,802,1]
03-25 09:20:20.928 I/GameModeConfig( 1504): isGameModeOn = false
03-25 09:20:20.930 W/NotificationHistory( 1504): Attempted to add notif for locked/gone/disabled user 0
03-25 09:20:20.930 D/CompanionDeviceManagerService( 1504): Received BT state transition broadcast: OFF -> BLE_TURNING_ON
01-03 09:54:54.914 I/[schedu][0x1c66faef][01:20:20.947460] wlan( 0): [2145:I:HIF] Deinitializing Runtime PM wakelock &vdev->vdev_set_key_runtime_wakelock
01-03 09:54:54.914 I/[schedu][0x1c670bd3][01:20:20.947685] wlan( 0): [2145:I:HIF] Initializing Runtime PM wakelock &vdev->vdev_set_key_runtime_wakelock
01-03 09:54:54.915 I/[wifi@1][0x1c67753c][01:20:20.949091] wlan( 0): [837:I:DP] dp_vdev_attach_wifi3: wlan_cfg_ap_bridge_enabled 0
01-03 09:54:54.919 E/[wifi@1][0x1c689ad4][01:20:20.953005] wlan( 0): [2914:E:wifipos] wifi_pos_process_app_reg_req: 608: Received App Req Req pid(1983906629), len(16)
01-03 09:54:54.919 I/[wifi@1][0x1c68b2ef][01:20:20.953327] wlan( 0): [2914:I:wifipos] wifi_pos_get_ch_info: 461: num channels: 26
01-03 09:54:54.920 I/[wifi@1][0x1c68bfc3][01:20:20.953498] wlan( 0): [2914:I:wifipos] wifi_pos_get_ch_info: 461: num channels: 26
03-25 09:20:20.967 W/ActivityThread( 2355): Failed to find provider info for com.android.contacts (user not unlocked)
03-25 09:20:20.985 W/ActivityThread( 2355): Failed to find provider info for com.android.contacts (user not unlocked)
03-25 09:20:20.988 W/ActivityThread( 2355): Failed to find provider info for com.android.contacts (user not unlocked)
03-25 09:20:20.995 I/commit_sys_config_file( 1504): [settings-2-0,3]
03-25 09:20:21.100 I/commit_sys_config_file( 1504): [settings-1-0,2]
03-25 09:20:21.137 I/commit_sys_config_file( 1504): [notification-policy,1392]
01-03 09:54:55.112 I/[schedu][0x1ca119cc][01:20:21.145845] wlan( 0): [2145:I:OSIF] scan start scan id 40961
03-25 09:20:21.188 W/Looper ( 1504): Slow dispatch took 257ms main h=android.app.ActivityThread$H c=android.app.LoadedApk$ReceiverDispatcher$Args$$ExternalSyntheticLambda0@79f7581 m=0
03-25 09:20:21.188 D/BiometricScheduler/Fingerprint21( 1504): [Finishing] {[0] FingerprintUpdateActiveUserClient, proto=1, owner=android, cookie=0, requestId=-1, userId=0}, success: true
03-25 09:20:21.188 D/BiometricScheduler/Fingerprint21( 1504): [Polled] {[1] FingerprintUpdateActiveUserClient, proto=1, owner=android, cookie=0, requestId=-1, userId=0}, State: 0
03-25 09:20:21.188 D/BiometricScheduler/Fingerprint21( 1504): [Starting] {[1] FingerprintUpdateActiveUserClient, proto=1, owner=android, cookie=0, requestId=-1, userId=0}, State: 0
03-25 09:20:21.188 D/BiometricScheduler/Fingerprint21( 1504): [Started] {[1] FingerprintUpdateActiveUserClient, proto=1, owner=android, cookie=0, requestId=-1, userId=0}
01-03 09:54:55.156 D/qbt ( 0): qbt_open: entry minor_no=0 fd_available=1
01-03 09:54:55.156 D/qbt ( 0): qbt_open: exit : 0 fd_available=0
01-03 09:54:55.156 D/qbt ( 0): qbt_open: entry minor_no=1 fd_available=0
01-03 09:54:55.156 D/qbt ( 0): qbt_open: exit : 0 fd_available=0
01-03 09:54:55.156 D/qbt ( 0): qbt_ioctl: cmd received 107
01-03 09:54:55.156 D/qbt ( 0): qbt_ioctl: Acquiring wakelock
01-03 09:54:55.162 W/QSEECOM ( 0): qseecom_load_app: App (fingerpr) does'nt exist, loading apps for first time
03-25 09:20:21.209 I/wm_boot_animation_done( 1504): 22822
03-25 09:20:21.209 I/ActivityManagerTiming( 1504): FinishBooting
03-25 09:20:21.212 I/ActivityManager( 1504): About to commit checkpoint
03-25 09:20:21.213 W/ActivityManager( 1504): FinishBooting sync begin
03-25 09:20:21.215 W/ActivityManager( 1504): FinishBooting sync end
03-25 09:20:21.215 I/SystemServiceManager( 1504): Starting phase 1000
03-25 09:20:21.215 I/ActivityManagerTiming( 1504): OnBootPhase_1000
03-25 09:20:21.215 I/ActivityManagerTiming( 1504): OnBootPhase_1000_com.android.server.security.FileIntegrityService
03-25 09:20:21.215 I/ActivityManagerTiming( 1504): OnBootPhase_1000_com.android.server.pm.Installer
03-25 09:20:21.215 I/ActivityManagerTiming( 1504): OnBootPhase_1000_com.android.server.os.DeviceIdentifiersPolicyService
03-25 09:20:21.215 I/ActivityManagerTiming( 1504): OnBootPhase_1000_com.android.server.uri.UriGrantsManagerService$Lifecycle
03-25 09:20:21.215 I/ActivityManagerTiming( 1504): OnBootPhase_1000_com.android.server.powerstats.PowerStatsService
03-25 09:20:21.215 E/PowerStatsService( 1504): Failed to start PowerStatsService loggers
03-25 09:20:21.215 I/ActivityManagerTiming( 1504): OnBootPhase_1000_com.android.server.wm.ActivityTaskManagerService$Lifecycle
03-25 09:20:21.215 I/ActivityManagerTiming( 1504): OnBootPhase_1000_com.android.server.am.ActivityManagerService$Lifecycle
03-25 09:20:21.215 I/ActivityManagerTiming( 1504): OnBootPhase_1000_com.android.server.pm.DataLoaderManagerService
03-25 09:20:21.215 I/ActivityManagerTiming( 1504): OnBootPhase_1000_com.android.server.power.PowerManagerService
03-25 09:20:21.215 I/ActivityManagerTiming( 1504): OnBootPhase_1000_com.android.server.power.ThermalManagerService
03-25 09:20:21.215 I/ActivityManagerTiming( 1504): OnBootPhase_1000_com.android.server.power.hint.HintManagerService
03-25 09:20:21.215 I/ActivityManagerTiming( 1504): OnBootPhase_1000_com.android.server.recoverysystem.RecoverySystemService$Lifecycle
03-25 09:20:21.215 I/ActivityManagerTiming( 1504): OnBootPhase_1000_com.android.server.lights.LightsService
03-25 09:20:21.215 I/ActivityManagerTiming( 1504): OnBootPhase_1000_com.android.server.display.DisplayManagerService
03-25 09:20:21.216 I/ActivityManagerTiming( 1504): OnBootPhase_1000_com.android.server.pm.verify.domain.DomainVerificationService
03-25 09:20:21.216 I/ActivityManagerTiming( 1504): OnBootPhase_1000_com.android.server.pm.PackageInstallerService$Lifecycle
03-25 09:20:21.216 V/DisplayPowerController[0]( 1504): Brightness [1.0] reason changing to: 'manual', previous reason: 'override'.
03-25 09:20:21.216 I/ActivityManagerTiming( 1504): OnBootPhase_1000_com.android.server.pm.UserManagerService$LifeCycle
03-25 09:20:21.216 I/ActivityManagerTiming( 1504): OnBootPhase_1000_com.android.server.om.OverlayManagerService
03-25 09:20:21.216 I/ActivityManagerTiming( 1504): OnBootPhase_1000_com.android.server.SensorPrivacyService
03-25 09:20:21.216 I/ActivityManagerTiming( 1504): OnBootPhase_1000_com.android.server.thunderperf.ThunderBoostPerfService
03-25 09:20:21.216 I/ActivityManagerTiming( 1504): OnBootPhase_1000_com.android.server.sensors.SensorService
03-25 09:20:21.216 I/ActivityManagerTiming( 1504): OnBootPhase_1000_com.android.server.SystemConfigService
03-25 09:20:21.216 I/ActivityManagerTiming( 1504): OnBootPhase_1000_com.android.server.BatteryService
03-25 09:20:21.216 I/ActivityManagerTiming( 1504): OnBootPhase_1000_com.android.server.usage.UsageStatsService
03-25 09:20:21.216 I/ActivityManagerTiming( 1504): OnBootPhase_1000_com.android.server.webkit.WebViewUpdateService
03-25 09:20:21.216 I/ActivityManagerTiming( 1504): OnBootPhase_1000_com.android.server.CachedDeviceStateService
03-25 09:20:21.216 I/ActivityManagerTiming( 1504): OnBootPhase_1000_com.android.server.BinderCallsStatsService$LifeCycle
03-25 09:20:21.216 I/ActivityManagerTiming( 1504): OnBootPhase_1000_com.android.server.LooperStatsService$Lifecycle
03-25 09:20:21.216 I/ActivityManagerTiming( 1504): OnBootPhase_1000_com.android.server.rollback.RollbackManagerService
03-25 09:20:21.216 I/ActivityManagerTiming( 1504): OnBootPhase_1000_com.android.server.os.NativeTombstoneManagerService
03-25 09:20:21.216 I/ActivityManagerTiming( 1504): OnBootPhase_1000_com.android.server.os.BugreportManagerService
03-25 09:20:21.216 I/ActivityManagerTiming( 1504): OnBootPhase_1000_com.android.server.gpu.GpuService
03-25 09:20:21.217 D/RollbackManager( 1504): mRollbackLifetimeDurationInMillis=1209600000
03-25 09:20:21.217 D/AppStandbyController( 1504): Loading headless system app cache. appIdleEnabled=false
03-25 09:20:21.222 I/ActivityManagerTiming( 1504): OnBootPhase_1000_com.android.server.security.KeyChainSystemService
03-25 09:20:21.222 I/ActivityManagerTiming( 1504): OnBootPhase_1000_com.android.server.telecom.TelecomLoaderService
03-25 09:20:21.222 I/ActivityManagerTiming( 1504): OnBootPhase_1000_com.android.server.accounts.AccountManagerService$Lifecycle
