03-25 09:37:39.122 I/sysui_multi_action( 2955): [757,1729,758,4,854,isParalleledControllers:false,1089,37]
03-25 09:37:40.722 I/thunderperf( 1504): PlatormCompat.setOverrides: Uid1=1000 Pid1=2955 Uid2=1000 Pid2=2955
03-25 09:37:40.722 I/thunderperf( 1504): PlatormCompat.setOverrides: needCheck:false
03-25 09:37:40.723 I/thunderperf( 1504): CompatConfig.addOverrideUnsafe: bef-state=0
03-25 09:37:40.723 I/thunderperf( 1504): CompatConfig.addOverrideUnsafe: aft-state=0
03-25 09:37:40.724 I/thunderperf( 1504): CompatConfig.addOverrideUnsafe: bef-state=0
03-25 09:37:40.724 I/thunderperf( 1504): CompatConfig.addOverrideUnsafe: aft-state=0
03-25 09:37:40.725 I/thunderperf( 1504): CompatConfig.addOverrideUnsafe: bef-state=0
03-25 09:37:40.725 I/thunderperf( 1504): CompatConfig.addOverrideUnsafe: aft-state=0
03-25 09:37:40.725 I/thunderperf( 1504): CompatConfig.addOverrideUnsafe: bef-state=0
03-25 09:37:40.725 I/thunderperf( 1504): CompatConfig.addOverrideUnsafe: aft-state=0
03-25 09:37:40.726 I/thunderperf( 1504): CompatConfig.addOverrideUnsafe: bef-state=0
03-25 09:37:40.726 I/thunderperf( 1504): CompatConfig.addOverrideUnsafe: aft-state=0
03-25 09:37:40.726 I/thunderperf( 1504): CompatConfig.addOverrideUnsafe: bef-state=0
03-25 09:37:40.726 I/thunderperf( 1504): CompatConfig.addOverrideUnsafe: aft-state=0
03-25 09:37:40.727 I/thunderperf( 1504): CompatConfig.addOverrideUnsafe: bef-state=0
03-25 09:37:40.727 I/thunderperf( 1504): CompatConfig.addOverrideUnsafe: aft-state=0
03-25 09:37:40.727 I/thunderperf( 1504): CompatConfig.addOverrideUnsafe: bef-state=0
03-25 09:37:40.728 I/thunderperf( 1504): CompatConfig.addOverrideUnsafe: aft-state=0
03-25 09:37:40.728 I/thunderperf( 1504): CompatConfig.addOverrideUnsafe: bef-state=0
03-25 09:37:40.728 I/thunderperf( 1504): CompatConfig.addOverrideUnsafe: aft-state=0
03-25 09:37:40.729 I/thunderperf( 1504): CompatConfig.addOverrideUnsafe: bef-state=0
03-25 09:37:40.729 I/thunderperf( 1504): CompatConfig.addOverrideUnsafe: aft-state=0
03-25 09:37:40.729 I/thunderperf( 1504): CompatConfig.addOverrideUnsafe: bef-state=0
03-25 09:37:40.729 I/thunderperf( 1504): CompatConfig.addOverrideUnsafe: aft-state=0
03-25 09:37:40.730 I/thunderperf( 1504): CompatConfig.addOverrideUnsafe: bef-state=0
03-25 09:37:40.730 I/thunderperf( 1504): CompatConfig.addOverrideUnsafe: aft-state=0
03-25 09:37:40.730 I/thunderperf( 1504): CompatConfig.addOverrideUnsafe: bef-state=0
03-25 09:37:40.730 I/thunderperf( 1504): CompatConfig.addOverrideUnsafe: aft-state=0
03-25 09:37:40.731 I/thunderperf( 1504): CompatConfig.addOverrideUnsafe: bef-state=0
03-25 09:37:40.731 I/thunderperf( 1504): CompatConfig.addOverrideUnsafe: aft-state=0
03-25 09:37:40.735 I/ActivityTaskManager( 1504): START u0 {flg=0x2000000 cmp=com.android.gallery3d/.app.Wallpaper} from uid 1000
03-25 09:37:40.741 D/CompatibilityChangeReporter( 1504): Compat change id reported: 174042980; UID 10063; state: DISABLED
03-25 09:37:40.741 D/CompatibilityChangeReporter( 1504): Compat change id reported: 184838306; UID 10063; state: DISABLED
03-25 09:37:40.741 D/CompatibilityChangeReporter( 1504): Compat change id reported: 185004937; UID 10063; state: DISABLED
03-25 09:37:40.742 D/CompatibilityChangeReporter( 1504): Compat change id reported: 181136395; UID 10063; state: DISABLED
03-25 09:37:40.742 D/CompatibilityChangeReporter( 1504): Compat change id reported: 174042936; UID 10063; state: DISABLED
03-25 09:37:40.743 I/wm_task_moved( 1504): [12,1,6]
03-25 09:37:40.743 I/wm_set_resumed_activity( 1504): [0,com.android.settings/.Settings,positionChildAt]
03-25 09:37:40.743 I/wm_create_activity( 1504): [0,7656358,12,com.android.gallery3d/.app.Wallpaper,NULL,NULL,NULL,33554432]
03-25 09:37:40.744 I/wm_pause_activity( 1504): [0,21001422,com.android.settings/.Settings,userLeaving=true,resumeTopActivityInnerLocked]
03-25 09:37:40.746 I/sysui_multi_action( 2955): [757,830,758,4,833,0,854,com.android.gallery3d,1089,0]
03-25 09:37:40.746 I/am_uid_running( 1504): 10063
03-25 09:37:40.746 D/CompatibilityChangeReporter( 1504): Compat change id reported: 135634846; UID 10063; state: DISABLED
03-25 09:37:40.746 D/CompatibilityChangeReporter( 1504): Compat change id reported: 177438394; UID 10063; state: DISABLED
03-25 09:37:40.746 D/CompatibilityChangeReporter( 1504): Compat change id reported: 135772972; UID 10063; state: DISABLED
03-25 09:37:40.747 D/CompatibilityChangeReporter( 1504): Compat change id reported: 135754954; UID 10063; state: DISABLED
03-25 09:37:40.747 D/CompatibilityChangeReporter( 1504): Compat change id reported: 143937733; UID 10063; state: DISABLED
03-25 09:37:40.748 I/wm_on_top_resumed_lost_called( 2955): [21001422,com.android.settings.Settings,topStateChangedWhenResumed]
03-25 09:37:40.749 I/sysui_multi_action( 2955): [757,35,758,2,1089,20787]
03-25 09:37:40.749 I/sysui_multi_action( 2955): [757,101,758,2,1089,1629]
03-25 09:37:40.749 I/wm_on_paused_called( 2955): [21001422,com.android.settings.Settings,performPause]
03-25 09:37:40.750 I/ActivityTaskManager( 1504): FOREGROUND_APPLICATION_CHANGED to com.android.gallery3d.app.Wallpaper
03-25 09:37:40.752 I/sysui_multi_action( 1504): [757,803,799,window_time_0,802,21]
03-25 09:37:40.753 I/am_proc_start( 1504): [0,5611,10063,com.android.gallery3d,pre-top-activity,{com.android.gallery3d/com.android.gallery3d.app.Wallpaper}]
03-25 09:37:40.753 I/ActivityManager( 1504): Start proc 5611:com.android.gallery3d/u0a63 for pre-top-activity {com.android.gallery3d/com.android.gallery3d.app.Wallpaper}
03-25 09:37:40.753 W/ContextImpl( 1504): Calling a method in the system process without a qualified user: android.app.ContextImpl.sendBroadcast:1173 com.qualcomm.qti.Performance$SendGameLaunchBroadcast.run:217 java.lang.Thread.run:920
01-03 10:12:14.723 W/perfetto( 0): enabled ftrace
03-25 09:37:40.765 I/am_proc_bound( 1504): [0,5611,com.android.gallery3d]
01-03 10:12:14.730 I/binder ( 0): 5611:5611 ioctl 40046210 7fd5c529e4 returned -22
03-25 09:37:40.767 I/wm_restart_activity( 1504): [0,7656358,12,com.android.gallery3d/.app.Wallpaper]
03-25 09:37:40.768 I/wm_set_resumed_activity( 1504): [0,com.android.gallery3d/.app.Wallpaper,minimalResumeActivityLocked]
03-25 09:37:40.768 I/am_uid_active( 1504): 10063
03-25 09:37:40.785 I/wm_on_create_called( 5611): [7656358,com.android.gallery3d.app.Wallpaper,performCreate]
03-25 09:37:40.787 I/wm_on_start_called( 5611): [7656358,com.android.gallery3d.app.Wallpaper,handleStartActivity]
03-25 09:37:40.789 I/thunderperf( 1504): PlatormCompat.setOverrides: Uid1=10063 Pid1=5611 Uid2=10063 Pid2=5611
03-25 09:37:40.789 I/thunderperf( 1504): PlatormCompat.setOverrides: needCheck:false
03-25 09:37:40.789 W/PackageManager( 1504): MATCH_ANY_USER flag requires INTERACT_ACROSS_USERS permission: UID 10063 requires android.permission.INTERACT_ACROSS_USERS_FULL or android.permission.INTERACT_ACROSS_USERS to access user 0.
03-25 09:37:40.789 I/ActivityTaskManager( 1504): START u0 {act=android.intent.action.GET_CONTENT typ=image/* cmp=com.android.gallery3d/.app.DialogPicker} from uid 10063
03-25 09:37:40.791 I/wm_task_moved( 1504): [12,1,6]
03-25 09:37:40.791 I/wm_set_resumed_activity( 1504): [0,com.android.gallery3d/.app.Wallpaper,positionChildAt]
03-25 09:37:40.791 I/wm_create_activity( 1504): [0,124744278,12,com.android.gallery3d/.app.DialogPicker,android.intent.action.GET_CONTENT,image/*,NULL,0]
03-25 09:37:40.791 I/wm_pause_activity( 1504): [0,7656358,com.android.gallery3d/.app.Wallpaper,userLeaving=true,resumeTopActivityInnerLocked]
03-25 09:37:40.792 I/wm_on_resume_called( 5611): [7656358,com.android.gallery3d.app.Wallpaper,RESUME_ACTIVITY]
03-25 09:37:40.793 I/wm_on_top_resumed_gained_called( 5611): [7656358,com.android.gallery3d.app.Wallpaper,topStateChangedWhenResumed]
03-25 09:37:40.793 I/wm_on_top_resumed_lost_called( 5611): [7656358,com.android.gallery3d.app.Wallpaper,topStateChangedWhenResumed]
03-25 09:37:40.793 I/wm_on_paused_called( 5611): [7656358,com.android.gallery3d.app.Wallpaper,performPause]
03-25 09:37:40.793 I/ActivityTaskManager( 1504): FOREGROUND_APPLICATION_CHANGED to com.android.gallery3d.app.DialogPicker
03-25 09:37:40.793 I/ActivityTaskManager( 1504): The Process com.android.gallery3d Already Exists in BG. So sending its PID: 5611
03-25 09:37:40.794 W/ActivityTaskManager( 1504): Tried to set launchTime (0) < mLastActivityLaunchTime (1062380)
03-25 09:37:40.794 I/wm_add_to_stopping( 1504): [0,7656358,com.android.gallery3d/.app.Wallpaper,makeInvisible]
03-25 09:37:40.794 I/wm_add_to_stopping( 1504): [0,21001422,com.android.settings/.Settings,makeInvisible]
03-25 09:37:40.794 I/wm_restart_activity( 1504): [0,124744278,12,com.android.gallery3d/.app.DialogPicker]
03-25 09:37:40.794 I/wm_set_resumed_activity( 1504): [0,com.android.gallery3d/.app.DialogPicker,minimalResumeActivityLocked]
03-25 09:37:40.795 I/wm_stop_activity( 1504): [0,7656358,com.android.gallery3d/.app.Wallpaper]
03-25 09:37:40.797 I/sysui_multi_action( 1504): [757,803,799,window_time_0,802,0]
03-25 09:37:40.817 I/wm_on_create_called( 5611): [124744278,com.android.gallery3d.app.DialogPicker,performCreate]
03-25 09:37:40.819 I/wm_on_start_called( 5611): [124744278,com.android.gallery3d.app.DialogPicker,handleStartActivity]
03-25 09:37:40.821 I/wm_on_resume_called( 5611): [124744278,com.android.gallery3d.app.DialogPicker,RESUME_ACTIVITY]
03-25 09:37:40.822 I/input_focus( 1504): [Focus leaving dc89173 com.android.settings/com.android.settings.Settings (server),reason=NO_WINDOW]
03-25 09:37:40.823 D/CompatibilityChangeReporter( 1504): Compat change id reported: 149924527; UID 10063; state: ENABLED
03-25 09:37:40.823 D/CompatibilityChangeReporter( 1504): Compat change id reported: 132649864; UID 10063; state: DISABLED
03-25 09:37:40.824 D/CompatibilityChangeReporter( 1504): Compat change id reported: 182734110; UID 10063; state: DISABLED
03-25 09:37:40.825 W/WindowManager( 1504): Failed looking up window session=Session{293c73a 5611:u0a10063} callers=com.android.server.wm.WindowManagerService.windowForClientLocked:5628 com.android.server.wm.Session.insetsModified:629 android.view.IWindowSession$Stub.onTransact:1151
03-25 09:37:40.826 I/wm_on_top_resumed_gained_called( 5611): [124744278,com.android.gallery3d.app.DialogPicker,topStateChangedWhenResumed]
03-25 09:37:40.826 I/wm_on_stop_called( 5611): [7656358,com.android.gallery3d.app.Wallpaper,STOP_ACTIVITY_ITEM]
03-25 09:37:40.842 I/input_focus( 1504): [Focus request 7209be1 com.android.gallery3d/com.android.gallery3d.app.DialogPicker,reason=UpdateInputWindows]
01-03 10:12:14.818 I/binder ( 0): 5611:5638 ioctl 40046210 781399fc94 returned -22
03-25 09:37:40.894 W/FreeFormWindowHelper( 1504): Current Display FreeFormTask is null
03-25 09:37:40.902 I/sysui_multi_action( 1504): [319,166,322,166,325,1062,757,761,758,7,759,2,806,com.android.gallery3d,871,com.android.gallery3d.app.DialogPicker,904,com.android.gallery3d,905,0,945,31,1320,4,1321,1]
03-25 09:37:40.903 I/wm_activity_launch_time( 1504): [0,124744278,com.android.gallery3d/.app.DialogPicker,166]
03-25 09:37:40.906 I/input_focus( 1504): [Focus entering 7209be1 com.android.gallery3d/com.android.gallery3d.app.DialogPicker (server),reason=Window became focusable. Previous reason: NOT_VISIBLE]
03-25 09:37:40.915 W/WindowManager( 1504): Unable to start animation, surface is null or no children.
03-25 09:37:41.291 I/wm_stop_activity( 1504): [0,21001422,com.android.settings/.Settings]
03-25 09:37:41.313 I/wm_on_stop_called( 2955): [21001422,com.android.settings.Settings,STOP_ACTIVITY_ITEM]
03-25 09:37:41.920 I/input_interaction( 1504): Interaction with: 7209be1 com.android.gallery3d/com.android.gallery3d.app.DialogPicker (server), edge-swipe (server), swipe-up (server), PointerEventDispatcher0 (server),
03-25 09:37:43.069 I/view_enqueue_input_event( 5611): [Motion - Cancel,com.android.gallery3d/com.android.gallery3d.app.DialogPicker]
03-25 09:37:43.082 I/input_interaction( 1504): Interaction with: edge-swipe (server), swipe-up (server), PointerEventDispatcher0 (server),
03-25 09:37:43.333 I/sysui_multi_action( 1504): [757,803,799,key_back_press,802,1]
03-25 09:37:43.336 I/input_interaction( 1504): Interaction with: 7209be1 com.android.gallery3d/com.android.gallery3d.app.DialogPicker (server), PointerEventDispatcher0 (server),
03-25 09:37:43.342 I/wm_finish_activity( 1504): [0,124744278,12,com.android.gallery3d/.app.DialogPicker,app-request]
03-25 09:37:43.350 I/wm_pause_activity( 1504): [0,124744278,com.android.gallery3d/.app.DialogPicker,userLeaving=false,finish]
03-25 09:37:43.352 I/wm_on_top_resumed_lost_called( 5611): [124744278,com.android.gallery3d.app.DialogPicker,topStateChangedWhenResumed]
03-25 09:37:43.359 I/wm_on_paused_called( 5611): [124744278,com.android.gallery3d.app.DialogPicker,performPause]
03-25 09:37:43.361 I/wm_add_to_stopping( 1504): [0,124744278,com.android.gallery3d/.app.DialogPicker,completeFinishing]
03-25 09:37:43.362 I/ActivityTaskManager( 1504): FOREGROUND_APPLICATION_CHANGED to com.android.gallery3d.app.Wallpaper
03-25 09:37:43.363 I/wm_set_resumed_activity( 1504): [0,com.android.gallery3d/.app.Wallpaper,resumeTopActivityInnerLocked]
03-25 09:37:43.365 I/wm_resume_activity( 1504): [0,7656358,12,com.android.gallery3d/.app.Wallpaper]
03-25 09:37:43.368 I/sysui_multi_action( 1504): [757,803,799,window_time_0,802,2]
03-25 09:37:43.369 I/wm_finish_activity( 1504): [0,7656358,12,com.android.gallery3d/.app.Wallpaper,app-request]
03-25 09:37:43.375 I/wm_pause_activity( 1504): [0,7656358,com.android.gallery3d/.app.Wallpaper,userLeaving=false,finish]
03-25 09:37:43.376 I/wm_on_activity_result_called( 5611): [7656358,com.android.gallery3d.app.Wallpaper,ACTIVITY_RESULT]
03-25 09:37:43.376 I/wm_on_restart_called( 5611): [7656358,com.android.gallery3d.app.Wallpaper,performRestartActivity]
03-25 09:37:43.378 I/wm_add_to_stopping( 1504): [0,7656358,com.android.gallery3d/.app.Wallpaper,completeFinishing]
03-25 09:37:43.378 I/ActivityTaskManager( 1504): FOREGROUND_APPLICATION_CHANGED to com.android.settings.homepage.SettingsHomepageActivity
03-25 09:37:43.379 I/input_focus( 1504): [Focus leaving 7209be1 com.android.gallery3d/com.android.gallery3d.app.DialogPicker (server),reason=NO_WINDOW]
03-25 09:37:43.379 I/wm_set_resumed_activity( 1504): [0,com.android.settings/.Settings,resumeTopActivityInnerLocked]
03-25 09:37:43.380 I/wm_resume_activity( 1504): [0,21001422,12,com.android.settings/.Settings]
03-25 09:37:43.386 I/wm_on_restart_called( 2955): [21001422,com.android.settings.Settings,performRestartActivity]
03-25 09:37:43.387 I/sysui_multi_action( 1504): [757,803,799,window_time_0,802,1]
03-25 09:37:43.390 I/wm_on_start_called( 2955): [21001422,com.android.settings.Settings,handleStartActivity]
03-25 09:37:43.390 I/snet_event_log( 2955): [120484087,-1,]
03-25 09:37:43.391 I/wm_on_resume_called( 2955): [21001422,com.android.settings.Settings,RESUME_ACTIVITY]
03-25 09:37:43.391 I/sysui_multi_action( 2955): [757,35,758,1,833,0,1089,0]
03-25 09:37:43.393 I/sysui_multi_action( 2955): [757,101,758,1,833,0,1089,0]
03-25 09:37:43.393 I/wm_on_top_resumed_gained_called( 2955): [21001422,com.android.settings.Settings,topWhenResuming]
03-25 09:37:43.412 I/input_focus( 1504): [Focus request dc89173 com.android.settings/com.android.settings.Settings,reason=UpdateInputWindows]
03-25 09:37:43.439 I/wm_destroy_activity( 1504): [0,7656358,12,com.android.gallery3d/.app.Wallpaper,finish-imm:idle]
03-25 09:37:43.440 I/wm_on_destroy_called( 5611): [7656358,com.android.gallery3d.app.Wallpaper,performDestroy]
03-25 09:37:43.446 I/input_focus( 1504): [Focus entering dc89173 com.android.settings/com.android.settings.Settings (server),reason=Window became focusable. Previous reason: NOT_VISIBLE]
03-25 09:37:43.486 W/FreeFormWindowHelper( 1504): Current Display FreeFormTask is null
03-25 09:37:43.831 I/wm_destroy_activity( 1504): [0,124744278,12,com.android.gallery3d/.app.DialogPicker,finish-imm:idle]
03-25 09:37:43.858 I/wm_on_stop_called( 5611): [124744278,com.android.gallery3d.app.DialogPicker,LIFECYCLER_STOP_ACTIVITY]
03-25 09:37:43.862 I/wm_on_destroy_called( 5611): [124744278,com.android.gallery3d.app.DialogPicker,performDestroy]
03-25 09:37:44.428 W/NotificationService( 1504): Toast already killed. pkg=com.android.gallery3d token=android.os.BinderProxy@a0a4314
03-25 09:37:44.696 I/input_interaction( 1504): Interaction with: dc89173 com.android.settings/com.android.settings.Settings (server), edge-swipe (server), swipe-up (server), PointerEventDispatcher0 (server),
03-25 09:37:44.761 E/TaskPersister( 1504): File error accessing recents directory (directory doesn't exist?).
03-25 09:37:44.876 I/sysui_multi_action( 2955): [757,830,758,4,833,0,854,reset_wallpaper,1089,0]
03-25 09:37:44.886 I/input_focus( 1504): [Focus request 2d27c80 com.android.settings/com.android.settings.Settings,reason=UpdateInputWindows]
03-25 09:37:44.899 I/input_focus( 1504): [Focus leaving dc89173 com.android.settings/com.android.settings.Settings (server),reason=Waiting for window because NOT_VISIBLE]
03-25 09:37:44.917 I/input_focus( 1504): [Focus entering 2d27c80 com.android.settings/com.android.settings.Settings (server),reason=Window became focusable. Previous reason: NOT_VISIBLE]
01-03 10:12:19.726 W/perfetto( 0): disabled ftrace
03-25 09:37:45.769 I/iorapd ( 1163): Perfetto TraceBuffer saved to file: /data/misc/iorapd/com.android.gallery3d/40030/com.android.gallery3d.app.Wallpaper/raw_traces/1679765865767695587.perfetto_trace.pb
03-25 09:37:46.944 I/input_interaction( 1504): Interaction with: 2d27c80 com.android.settings/com.android.settings.Settings (server), edge-swipe (server), swipe-up (server), PointerEventDispatcher0 (server),
03-25 09:37:47.101 V/WallpaperManagerService( 1504): updateWallpaperBitmapLocked() : id=2 name=res:android:drawable/default_wallpaper file=wallpaper_orig
03-25 09:37:47.143 V/WallpaperManagerService( 1504): bindWallpaperComponentLocked: componentName=ComponentInfo{com.android.systemui/com.android.systemui.ImageWallpaper}
03-25 09:37:47.335 I/input_focus( 1504): [Focus request dc89173 com.android.settings/com.android.settings.Settings,reason=UpdateInputWindows]
03-25 09:37:47.355 I/input_focus( 1504): [Focus entering dc89173 com.android.settings/com.android.settings.Settings (server),reason=setFocusedWindow]
03-25 09:37:48.514 I/input_interaction( 1504): Interaction with: dc89173 com.android.settings/com.android.settings.Settings (server), edge-swipe (server), swipe-up (server), PointerEventDispatcher0 (server),
03-25 09:37:50.065 I/sysui_multi_action( 2955): [757,830,758,4,833,0,854,top_level_display,1089,0]
03-25 09:37:50.171 I/sysui_multi_action( 2955): [757,101,758,2,1089,6778]
03-25 09:37:50.218 E/UserRestrictionsUtils( 1504): Unknown restriction queried by uid 1000 (com.android.wallpaperbackup et al): null
03-25 09:37:50.219 E/UserRestrictionsUtils( 1504): Unknown restriction queried by uid 1000 (com.android.wallpaperbackup et al): null
03-25 09:37:50.220 E/UserRestrictionsUtils( 1504): Unknown restriction queried by uid 1000 (com.android.wallpaperbackup et al): null
03-25 09:37:50.222 E/UserRestrictionsUtils( 1504): Unknown restriction queried by uid 1000 (com.android.wallpaperbackup et al): null
03-25 09:37:50.223 E/UserRestrictionsUtils( 1504): Unknown restriction queried by uid 1000 (com.android.wallpaperbackup et al): null
03-25 09:37:50.247 I/sysui_multi_action( 2955): [757,46,758,1,833,0,1089,61]
03-25 09:37:50.254 I/sysui_multi_action( 2955): [757,1729,758,4,854,isParalleledControllers:false,1089,68]
03-25 09:37:50.865 I/sysui_multi_action( 2955): [757,830,758,4,833,0,854,top_level_sound,1089,0]
03-25 09:37:50.974 I/sysui_multi_action( 2955): [757,46,758,2,1089,726]
03-25 09:37:51.011 W/BluetoothManagerService( 1504): psc is not null in bindBluetoothProfileService
03-25 09:37:51.046 E/UserRestrictionsUtils( 1504): Unknown restriction queried by uid 1000 (com.android.wallpaperbackup et al): null
03-25 09:37:51.046 E/UserRestrictionsUtils( 1504): Unknown restriction queried by uid 1000 (com.android.wallpaperbackup et al): null
03-25 09:37:51.047 E/UserRestrictionsUtils( 1504): Unknown restriction queried by uid 1000 (com.android.wallpaperbackup et al): null
03-25 09:37:51.047 E/UserRestrictionsUtils( 1504): Unknown restriction queried by uid 1000 (com.android.wallpaperbackup et al): null
03-25 09:37:51.048 E/UserRestrictionsUtils( 1504): Unknown restriction queried by uid 1000 (com.android.wallpaperbackup et al): null
03-25 09:37:51.048 E/UserRestrictionsUtils( 1504): Unknown restriction queried by uid 1000 (com.android.wallpaperbackup et al): null
03-25 09:37:51.050 E/UserRestrictionsUtils( 1504): Unknown restriction queried by uid 1000 (com.android.wallpaperbackup et al): null
03-25 09:37:51.056 I/service_manager_stats( 2955): [100,61,1072669]
03-25 09:37:51.074 I/sysui_multi_action( 2955): [757,336,758,1,833,0,1089,81]
03-25 09:37:51.077 I/sysui_multi_action( 2955): [757,1729,758,4,854,isParalleledControllers:false,1089,85]
03-25 09:37:54.470 I/sysui_multi_action( 2955): [757,830,758,4,833,0,854,top_level_system,1089,0]
03-25 09:37:54.578 I/sysui_multi_action( 2955): [757,336,758,2,1089,3504]
03-25 09:37:54.595 E/UserRestrictionsUtils( 1504): Unknown restriction queried by uid 1000 (com.android.wallpaperbackup et al): null
03-25 09:37:54.596 E/UserRestrictionsUtils( 1504): Unknown restriction queried by uid 1000 (com.android.wallpaperbackup et al): null
03-25 09:37:54.596 E/UserRestrictionsUtils( 1504): Unknown restriction queried by uid 1000 (com.android.wallpaperbackup et al): null
03-25 09:37:54.597 E/UserRestrictionsUtils( 1504): Unknown restriction queried by uid 1000 (com.android.wallpaperbackup et al): null
03-25 09:37:54.597 E/UserRestrictionsUtils( 1504): Unknown restriction queried by uid 1000 (com.android.wallpaperbackup et al): null
03-25 09:37:54.598 E/UserRestrictionsUtils( 1504): Unknown restriction queried by uid 1000 (com.android.wallpaperbackup et al): null
03-25 09:37:54.620 I/sysui_multi_action( 2955): [757,744,758,1,833,0,1089,30]
03-25 09:37:54.623 I/sysui_multi_action( 2955): [757,1729,758,4,854,isParalleledControllers:false,1089,33]
03-25 09:37:55.415 W/WindowManager( 1504): removeWindowToken: Attempted to remove non-existing token: android.os.Binder@49f7f8d
03-25 09:38:06.480 W/FreeFormWindowHelper( 1504): Current Display FreeFormTask is null
03-25 09:38:06.481 I/wm_task_moved( 1504): [1,0,0]
03-25 09:38:06.483 I/wm_task_moved( 1504): [1,0,5]
03-25 09:38:06.487 W/FreeFormWindowHelper( 1504): Current Display FreeFormTask is null
03-25 09:38:06.500 I/wm_on_restart_called( 2845): [31052584,com.android.launcher3.uioverrides.QuickstepLauncher,performRestartActivity]
03-25 09:38:06.502 W/FreeFormWindowHelper( 1504): Current Display FreeFormTask is null
03-25 09:38:06.503 W/FreeFormWindowHelper( 1504): Current Display FreeFormTask is null
03-25 09:38:06.520 I/wm_on_start_called( 2845): [31052584,com.android.launcher3.uioverrides.QuickstepLauncher,handleStartActivity]
03-25 09:38:06.521 I/view_enqueue_input_event( 2955): [Motion - Cancel,com.android.settings/com.android.settings.Settings]
03-25 09:38:06.523 I/input_focus( 1504): [Focus request recents_animation_input_consumer,reason=UpdateInputWindows]
03-25 09:38:06.526 W/FreeFormWindowHelper( 1504): Current Display FreeFormTask is null
03-25 09:38:06.527 W/FreeFormWindowHelper( 1504): Current Display FreeFormTask is null
03-25 09:38:06.527 I/input_interaction( 1504): Interaction with: edge-swipe (server), swipe-up (server), PointerEventDispatcher0 (server),
03-25 09:38:06.527 W/FreeFormWindowHelper( 1504): Current Display FreeFormTask is null
03-25 09:38:06.529 W/FreeFormWindowHelper( 1504): Current Display FreeFormTask is null
03-25 09:38:06.533 I/input_focus( 1504): [Focus leaving dc89173 com.android.settings/com.android.settings.Settings (server),reason=NOT_FOCUSABLE]
03-25 09:38:06.533 I/input_focus( 1504): [Focus entering recents_animation_input_consumer (server),reason=setFocusedWindow]
03-25 09:38:06.536 W/FreeFormWindowHelper( 1504): Current Display FreeFormTask is null
03-25 09:38:06.536 W/FreeFormWindowHelper( 1504): Current Display FreeFormTask is null
03-25 09:38:06.536 W/ActivityTaskManager( 1504): getTaskSnapshot: taskId=793 not found
03-25 09:38:06.537 I/sysui_latency( 2845): [1,74]
03-25 09:38:06.538 W/ActivityTaskManager( 1504): getTaskSnapshot: taskId=793 not found
03-25 09:38:06.538 W/ActivityTaskManager( 1504): getTaskSnapshot: taskId=794 not found
03-25 09:38:06.539 W/ActivityTaskManager( 1504): getTaskSnapshot: taskId=794 not found
03-25 09:38:06.539 W/ActivityTaskManager( 1504): getTaskSnapshot: taskId=794 not found
03-25 09:38:06.550 W/FreeFormWindowHelper( 1504): Current Display FreeFormTask is null
03-25 09:38:06.550 W/FreeFormWindowHelper( 1504): Current Display FreeFormTask is null
03-25 09:38:06.560 I/sysui_multi_action( 1504): [319,10,322,68,325,1088,757,761,758,9,759,5,806,com.android.launcher3,871,com.android.launcher3.uioverrides.QuickstepLauncher,905,0,1320,4,1321,1]
03-25 09:38:06.703 W/FreeFormWindowHelper( 1504): exitRecentTasks type=0
03-25 09:38:06.709 W/FreeFormWindowHelper( 1504): Current Display FreeFormTask is null
03-25 09:38:06.709 W/FreeFormWindowHelper( 1504): Current Display FreeFormTask is null
03-25 09:38:06.722 I/commit_sys_config_file( 1504): [settings-1-0,4]
03-25 09:38:06.850 I/sysui_latency( 1504): [8,81]
03-25 09:38:07.352 W/FreeFormWindowHelper( 1504): Current Display FreeFormTask is null
03-25 09:38:07.352 W/FreeFormWindowHelper( 1504): Current Display FreeFormTask is null
03-25 09:38:07.357 I/wm_task_moved( 1504): [1,1,6]
03-25 09:38:07.358 I/wm_task_moved( 1504): [11,1,2147483647]
03-25 09:38:07.358 I/wm_task_to_front( 1504): [0,11]
03-25 09:38:07.358 I/wm_focused_root_task( 1504): [0,0,1,12,RecentsAnimation.onAnimationFinished()]
03-25 09:38:07.358 I/wm_on_top_resumed_lost_called( 2955): [21001422,com.android.settings.Settings,topStateChangedWhenResumed]
03-25 09:38:07.359 I/wm_set_resumed_activity( 1504): [0,com.android.launcher3/.uioverrides.QuickstepLauncher,RecentsAnimation.onAnimationFinished()]
03-25 09:38:07.361 I/wm_pause_activity( 1504): [0,21001422,com.android.settings/.Settings,userLeaving=true,pauseBackTasks]
03-25 09:38:07.362 I/wm_add_to_stopping( 1504): [0,21001422,com.android.settings/.Settings,makeInvisible]
03-25 09:38:07.362 I/ActivityTaskManager( 1504): FOREGROUND_APPLICATION_CHANGED to com.android.launcher3.uioverrides.QuickstepLauncher
03-25 09:38:07.363 I/wm_set_resumed_activity( 1504): [0,com.android.launcher3/.uioverrides.QuickstepLauncher,resumeTopActivityInnerLocked]
03-25 09:38:07.364 I/wm_resume_activity( 1504): [0,31052584,11,com.android.launcher3/.uioverrides.QuickstepLauncher]
03-25 09:38:07.365 I/wm_on_resume_called( 2845): [31052584,com.android.launcher3.uioverrides.QuickstepLauncher,RESUME_ACTIVITY]
03-25 09:38:07.368 I/input_focus( 1504): [Focus request d5729f7 com.android.launcher3/com.android.launcher3.uioverrides.QuickstepLauncher,reason=UpdateInputWindows]
03-25 09:38:07.369 I/wm_on_top_resumed_gained_called( 2845): [31052584,com.android.launcher3.uioverrides.QuickstepLauncher,topStateChangedWhenResumed]
03-25 09:38:07.370 I/input_focus( 1504): [Focus leaving recents_animation_input_consumer (server),reason=NOT_VISIBLE]
03-25 09:38:07.371 I/sysui_multi_action( 2955): [757,35,758,2,1089,23979]
03-25 09:38:07.371 I/sysui_multi_action( 2955): [757,744,758,2,1089,12751]
03-25 09:38:07.371 I/wm_on_paused_called( 2955): [21001422,com.android.settings.Settings,performPause]
03-25 09:38:07.379 I/wm_stop_activity( 1504): [0,21001422,com.android.settings/.Settings]
03-25 09:38:07.381 I/sysui_multi_action( 1504): [757,803,799,window_time_0,802,23]
03-25 09:38:07.384 I/sysui_multi_action( 1504): [757,803,799,window_time_0,802,0]
03-25 09:38:07.387 I/input_focus( 1504): [Focus entering d5729f7 com.android.launcher3/com.android.launcher3.uioverrides.QuickstepLauncher (server),reason=setFocusedWindow]
03-25 09:38:07.399 I/am_pss ( 1504): [5611,10063,com.android.gallery3d,20897792,14086144,0,142229504,0,19,8]
03-25 09:38:07.404 I/wm_on_stop_called( 2955): [21001422,com.android.settings.Settings,STOP_ACTIVITY_ITEM]
03-25 09:38:07.407 I/am_pss ( 1504): [5570,10024,android.process.acore,14101504,10190848,0,116367360,0,19,5]
03-25 09:38:07.471 W/FreeFormWindowHelper( 1504): Current Display FreeFormTask is null
03-25 09:38:16.678 I/am_uid_idle( 1504): 10045
01-03 10:13:00.284 I/[schedu][0x4f6828c4b][01:38:26.317718] wlan( 0): [2145:I:OSIF] scan start scan id 40968
01-03 10:13:01.454 I/[schedu][0x4f7d95fa1][01:38:27.487896] wlan( 0): [2145:I:OSIF] vdev 0, scan id 40968 type COMPLETED(1) reason COMPLETED(1) scan found 78 bss
03-25 09:38:27.516 I/liblog ( 1335): 50
03-25 09:38:32.728 I/am_uid_idle( 1504): 10024
03-25 09:38:43.443 I/am_uid_idle( 1504): 10063
03-25 09:38:59.728 V/DisplayPowerController[0]( 1504): Brightness [0.05] reason changing to: 'manual [ dim ]', previous reason: 'manual'.
03-25 09:38:59.728 I/sysui_multi_action( 1504): [757,1696,758,6,759,2]
03-25 09:38:59.729 W/PowerManagerService( 1504): Screen on took 103311 ms
03-25 09:38:59.736 E/DisplayDeviceConfig( 1504): requesting nits when no mapping exists.
03-25 09:38:59.737 E/DisplayDeviceConfig( 1504): requesting nits when no mapping exists.
03-25 09:38:59.737 I/am_wtf ( 1504): [0,1504,system_server,-1,DisplayDeviceConfig,requesting nits when no mapping exists.]
03-25 09:38:59.739 I/DropBoxManagerService( 1504): add tag=system_server_wtf isTagEnabled=true flags=0x2
03-25 09:38:59.742 I/am_wtf ( 1504): [0,1504,system_server,-1,DisplayDeviceConfig,requesting nits when no mapping exists.]
03-25 09:38:59.743 I/DropBoxManagerService( 1504): add tag=system_server_wtf isTagEnabled=true flags=0x2
03-25 09:38:59.752 E/DisplayDeviceConfig( 1504): requesting nits when no mapping exists.
03-25 09:38:59.753 E/DisplayDeviceConfig( 1504): requesting nits when no mapping exists.
03-25 09:38:59.753 I/am_wtf ( 1504): [0,1504,system_server,-1,DisplayDeviceConfig,requesting nits when no mapping exists.]
03-25 09:38:59.754 I/DropBoxManagerService( 1504): add tag=system_server_wtf isTagEnabled=true flags=0x2
03-25 09:38:59.755 I/am_wtf ( 1504): [0,1504,system_server,-1,DisplayDeviceConfig,requesting nits when no mapping exists.]
03-25 09:38:59.756 I/DropBoxManagerService( 1504): add tag=system_server_wtf isTagEnabled=true flags=0x2
03-25 09:38:59.769 E/DisplayDeviceConfig( 1504): requesting nits when no mapping exists.
03-25 09:38:59.769 I/am_wtf ( 1504): [0,1504,system_server,-1,DisplayDeviceConfig,requesting nits when no mapping exists.]
03-25 09:38:59.769 E/DisplayDeviceConfig( 1504): requesting nits when no mapping exists.
03-25 09:38:59.770 I/DropBoxManagerService( 1504): add tag=system_server_wtf isTagEnabled=true flags=0x2
03-25 09:38:59.771 I/am_wtf ( 1504): [0,1504,system_server,-1,DisplayDeviceConfig,requesting nits when no mapping exists.]
03-25 09:38:59.778 E/DisplayDeviceConfig( 1504): requesting nits when no mapping exists.
03-25 09:38:59.778 E/DisplayDeviceConfig( 1504): requesting nits when no mapping exists.
03-25 09:38:59.778 I/am_wtf ( 1504): [0,1504,system_server,-1,DisplayDeviceConfig,requesting nits when no mapping exists.]
03-25 09:38:59.779 I/am_wtf ( 1504): [0,1504,system_server,-1,DisplayDeviceConfig,requesting nits when no mapping exists.]
03-25 09:38:59.794 E/DisplayDeviceConfig( 1504): requesting nits when no mapping exists.
03-25 09:38:59.795 E/DisplayDeviceConfig( 1504): requesting nits when no mapping exists.
03-25 09:38:59.795 I/am_wtf ( 1504): [0,1504,system_server,-1,DisplayDeviceConfig,requesting nits when no mapping exists.]
03-25 09:38:59.796 I/am_wtf ( 1504): [0,1504,system_server,-1,DisplayDeviceConfig,requesting nits when no mapping exists.]
03-25 09:38:59.811 E/DisplayDeviceConfig( 1504): requesting nits when no mapping exists.
03-25 09:38:59.812 I/am_wtf ( 1504): [0,1504,system_server,-1,DisplayDeviceConfig,requesting nits when no mapping exists.]
03-25 09:38:59.812 E/DisplayDeviceConfig( 1504): requesting nits when no mapping exists.
03-25 09:38:59.813 I/am_wtf ( 1504): [0,1504,system_server,-1,DisplayDeviceConfig,requesting nits when no mapping exists.]
03-25 09:38:59.828 E/DisplayDeviceConfig( 1504): requesting nits when no mapping exists.
03-25 09:38:59.828 E/DisplayDeviceConfig( 1504): requesting nits when no mapping exists.
03-25 09:38:59.828 I/am_wtf ( 1504): [0,1504,system_server,-1,DisplayDeviceConfig,requesting nits when no mapping exists.]
03-25 09:38:59.829 I/am_wtf ( 1504): [0,1504,system_server,-1,DisplayDeviceConfig,requesting nits when no mapping exists.]
03-25 09:38:59.845 E/DisplayDeviceConfig( 1504): requesting nits when no mapping exists.
03-25 09:38:59.845 I/am_wtf ( 1504): [0,1504,system_server,-1,DisplayDeviceConfig,requesting nits when no mapping exists.]
03-25 09:38:59.845 E/DisplayDeviceConfig( 1504): requesting nits when no mapping exists.
03-25 09:38:59.846 I/am_wtf ( 1504): [0,1504,system_server,-1,DisplayDeviceConfig,requesting nits when no mapping exists.]
03-25 09:38:59.862 E/DisplayDeviceConfig( 1504): requesting nits when no mapping exists.
03-25 09:38:59.862 E/DisplayDeviceConfig( 1504): requesting nits when no mapping exists.
03-25 09:38:59.863 I/am_wtf ( 1504): [0,1504,system_server,-1,DisplayDeviceConfig,requesting nits when no mapping exists.]
03-25 09:38:59.863 I/am_wtf ( 1504): [0,1504,system_server,-1,DisplayDeviceConfig,requesting nits when no mapping exists.]
03-25 09:38:59.878 E/DisplayDeviceConfig( 1504): requesting nits when no mapping exists.
03-25 09:38:59.879 E/DisplayDeviceConfig( 1504): requesting nits when no mapping exists.
03-25 09:38:59.879 I/am_wtf ( 1504): [0,1504,system_server,-1,DisplayDeviceConfig,requesting nits when no mapping exists.]
03-25 09:38:59.880 I/am_wtf ( 1504): [0,1504,system_server,-1,DisplayDeviceConfig,requesting nits when no mapping exists.]
03-25 09:38:59.895 E/DisplayDeviceConfig( 1504): requesting nits when no mapping exists.
03-25 09:38:59.896 E/DisplayDeviceConfig( 1504): requesting nits when no mapping exists.
03-25 09:38:59.896 I/am_wtf ( 1504): [0,1504,system_server,-1,DisplayDeviceConfig,requesting nits when no mapping exists.]
03-25 09:38:59.897 I/am_wtf ( 1504): [0,1504,system_server,-1,DisplayDeviceConfig,requesting nits when no mapping exists.]
03-25 09:38:59.912 E/DisplayDeviceConfig( 1504): requesting nits when no mapping exists.
03-25 09:38:59.913 I/am_wtf ( 1504): [0,1504,system_server,-1,DisplayDeviceConfig,requesting nits when no mapping exists.]
03-25 09:38:59.913 E/DisplayDeviceConfig( 1504): requesting nits when no mapping exists.
03-25 09:38:59.914 I/am_wtf ( 1504): [0,1504,system_server,-1,DisplayDeviceConfig,requesting nits when no mapping exists.]
03-25 09:38:59.928 E/DisplayDeviceConfig( 1504): requesting nits when no mapping exists.
03-25 09:38:59.929 I/am_wtf ( 1504): [0,1504,system_server,-1,DisplayDeviceConfig,requesting nits when no mapping exists.]
03-25 09:38:59.929 E/DisplayDeviceConfig( 1504): requesting nits when no mapping exists.
03-25 09:38:59.930 I/am_wtf ( 1504): [0,1504,system_server,-1,DisplayDeviceConfig,requesting nits when no mapping exists.]
03-25 09:38:59.945 E/DisplayDeviceConfig( 1504): requesting nits when no mapping exists.
03-25 09:38:59.946 E/DisplayDeviceConfig( 1504): requesting nits when no mapping exists.
03-25 09:38:59.946 I/am_wtf ( 1504): [0,1504,system_server,-1,DisplayDeviceConfig,requesting nits when no mapping exists.]
03-25 09:38:59.947 I/am_wtf ( 1504): [0,1504,system_server,-1,DisplayDeviceConfig,requesting nits when no mapping exists.]
03-25 09:38:59.962 E/DisplayDeviceConfig( 1504): requesting nits when no mapping exists.
03-25 09:38:59.962 I/am_wtf ( 1504): [0,1504,system_server,-1,DisplayDeviceConfig,requesting nits when no mapping exists.]
03-25 09:38:59.962 E/DisplayDeviceConfig( 1504): requesting nits when no mapping exists.
03-25 09:38:59.963 I/am_wtf ( 1504): [0,1504,system_server,-1,DisplayDeviceConfig,requesting nits when no mapping exists.]
03-25 09:38:59.979 E/DisplayDeviceConfig( 1504): requesting nits when no mapping exists.
03-25 09:38:59.979 I/am_wtf ( 1504): [0,1504,system_server,-1,DisplayDeviceConfig,requesting nits when no mapping exists.]
03-25 09:38:59.979 E/DisplayDeviceConfig( 1504): requesting nits when no mapping exists.
03-25 09:38:59.980 I/service_manager_stats( 1504): [100,50,82083]
03-25 09:38:59.980 I/am_wtf ( 1504): [0,1504,system_server,-1,DisplayDeviceConfig,requesting nits when no mapping exists.]
03-25 09:38:59.995 E/DisplayDeviceConfig( 1504): requesting nits when no mapping exists.
03-25 09:38:59.996 E/DisplayDeviceConfig( 1504): requesting nits when no mapping exists.
03-25 09:38:59.996 I/am_wtf ( 1504): [0,1504,system_server,-1,DisplayDeviceConfig,requesting nits when no mapping exists.]
03-25 09:38:59.997 I/am_wtf ( 1504): [0,1504,system_server,-1,DisplayDeviceConfig,requesting nits when no mapping exists.]
03-25 09:39:00.012 E/DisplayDeviceConfig( 1504): requesting nits when no mapping exists.
03-25 09:39:00.012 I/am_wtf ( 1504): [0,1504,system_server,-1,DisplayDeviceConfig,requesting nits when no mapping exists.]
03-25 09:39:00.012 E/DisplayDeviceConfig( 1504): requesting nits when no mapping exists.
03-25 09:39:00.013 I/am_wtf ( 1504): [0,1504,system_server,-1,DisplayDeviceConfig,requesting nits when no mapping exists.]
03-25 09:39:00.028 E/DisplayDeviceConfig( 1504): requesting nits when no mapping exists.
03-25 09:39:00.029 I/am_wtf ( 1504): [0,1504,system_server,-1,DisplayDeviceConfig,requesting nits when no mapping exists.]
03-25 09:39:00.029 E/DisplayDeviceConfig( 1504): requesting nits when no mapping exists.
03-25 09:39:00.030 I/am_wtf ( 1504): [0,1504,system_server,-1,DisplayDeviceConfig,requesting nits when no mapping exists.]
03-25 09:39:00.045 E/DisplayDeviceConfig( 1504): requesting nits when no mapping exists.
03-25 09:39:00.046 E/DisplayDeviceConfig( 1504): requesting nits when no mapping exists.
03-25 09:39:00.046 I/am_wtf ( 1504): [0,1504,system_server,-1,DisplayDeviceConfig,requesting nits when no mapping exists.]
03-25 09:39:00.047 I/am_wtf ( 1504): [0,1504,system_server,-1,DisplayDeviceConfig,requesting nits when no mapping exists.]
03-25 09:39:00.063 E/DisplayDeviceConfig( 1504): requesting nits when no mapping exists.
03-25 09:39:00.063 E/DisplayDeviceConfig( 1504): requesting nits when no mapping exists.
03-25 09:39:00.063 I/am_wtf ( 1504): [0,1504,system_server,-1,DisplayDeviceConfig,requesting nits when no mapping exists.]
03-25 09:39:00.064 I/am_wtf ( 1504): [0,1504,system_server,-1,DisplayDeviceConfig,requesting nits when no mapping exists.]
03-25 09:39:00.079 E/DisplayDeviceConfig( 1504): requesting nits when no mapping exists.
03-25 09:39:00.079 I/am_wtf ( 1504): [0,1504,system_server,-1,DisplayDeviceConfig,requesting nits when no mapping exists.]
03-25 09:39:00.079 E/DisplayDeviceConfig( 1504): requesting nits when no mapping exists.
03-25 09:39:00.080 I/am_wtf ( 1504): [0,1504,system_server,-1,DisplayDeviceConfig,requesting nits when no mapping exists.]
03-25 09:39:00.095 E/DisplayDeviceConfig( 1504): requesting nits when no mapping exists.
03-25 09:39:00.096 I/am_wtf ( 1504): [0,1504,system_server,-1,DisplayDeviceConfig,requesting nits when no mapping exists.]
03-25 09:39:00.096 E/DisplayDeviceConfig( 1504): requesting nits when no mapping exists.
03-25 09:39:00.097 I/am_wtf ( 1504): [0,1504,system_server,-1,DisplayDeviceConfig,requesting nits when no mapping exists.]
03-25 09:39:00.112 E/DisplayDeviceConfig( 1504): requesting nits when no mapping exists.
03-25 09:39:00.113 I/am_wtf ( 1504): [0,1504,system_server,-1,DisplayDeviceConfig,requesting nits when no mapping exists.]
03-25 09:39:00.113 E/DisplayDeviceConfig( 1504): requesting nits when no mapping exists.
03-25 09:39:00.114 I/am_wtf ( 1504): [0,1504,system_server,-1,DisplayDeviceConfig,requesting nits when no mapping exists.]
03-25 09:39:00.129 E/DisplayDeviceConfig( 1504): requesting nits when no mapping exists.
03-25 09:39:00.129 E/DisplayDeviceConfig( 1504): requesting nits when no mapping exists.
03-25 09:39:00.129 I/am_wtf ( 1504): [0,1504,system_server,-1,DisplayDeviceConfig,requesting nits when no mapping exists.]
03-25 09:39:00.130 I/am_wtf ( 1504): [0,1504,system_server,-1,DisplayDeviceConfig,requesting nits when no mapping exists.]
03-25 09:39:00.145 E/DisplayDeviceConfig( 1504): requesting nits when no mapping exists.
03-25 09:39:00.146 E/DisplayDeviceConfig( 1504): requesting nits when no mapping exists.
03-25 09:39:00.147 I/am_wtf ( 1504): [0,1504,system_server,-1,DisplayDeviceConfig,requesting nits when no mapping exists.]
03-25 09:39:00.147 I/am_wtf ( 1504): [0,1504,system_server,-1,DisplayDeviceConfig,requesting nits when no mapping exists.]
03-25 09:39:00.162 E/DisplayDeviceConfig( 1504): requesting nits when no mapping exists.
03-25 09:39:00.163 E/DisplayDeviceConfig( 1504): requesting nits when no mapping exists.
03-25 09:39:00.163 I/am_wtf ( 1504): [0,1504,system_server,-1,DisplayDeviceConfig,requesting nits when no mapping exists.]
03-25 09:39:00.164 I/am_wtf ( 1504): [0,1504,system_server,-1,DisplayDeviceConfig,requesting nits when no mapping exists.]
03-25 09:39:00.179 E/DisplayDeviceConfig( 1504): requesting nits when no mapping exists.
03-25 09:39:00.179 E/DisplayDeviceConfig( 1504): requesting nits when no mapping exists.
03-25 09:39:00.179 I/am_wtf ( 1504): [0,1504,system_server,-1,DisplayDeviceConfig,requesting nits when no mapping exists.]
03-25 09:39:00.180 I/am_wtf ( 1504): [0,1504,system_server,-1,DisplayDeviceConfig,requesting nits when no mapping exists.]
03-25 09:39:00.196 E/DisplayDeviceConfig( 1504): requesting nits when no mapping exists.
03-25 09:39:00.196 I/am_wtf ( 1504): [0,1504,system_server,-1,DisplayDeviceConfig,requesting nits when no mapping exists.]
03-25 09:39:00.196 E/DisplayDeviceConfig( 1504): requesting nits when no mapping exists.
03-25 09:39:00.197 I/am_wtf ( 1504): [0,1504,system_server,-1,DisplayDeviceConfig,requesting nits when no mapping exists.]
03-25 09:39:00.212 E/DisplayDeviceConfig( 1504): requesting nits when no mapping exists.
03-25 09:39:00.213 E/DisplayDeviceConfig( 1504): requesting nits when no mapping exists.
03-25 09:39:00.213 I/am_wtf ( 1504): [0,1504,system_server,-1,DisplayDeviceConfig,requesting nits when no mapping exists.]
03-25 09:39:00.214 I/am_wtf ( 1504): [0,1504,system_server,-1,DisplayDeviceConfig,requesting nits when no mapping exists.]
03-25 09:39:00.229 E/DisplayDeviceConfig( 1504): requesting nits when no mapping exists.
03-25 09:39:00.230 E/DisplayDeviceConfig( 1504): requesting nits when no mapping exists.
03-25 09:39:00.230 I/am_wtf ( 1504): [0,1504,system_server,-1,DisplayDeviceConfig,requesting nits when no mapping exists.]
03-25 09:39:00.231 I/am_wtf ( 1504): [0,1504,system_server,-1,DisplayDeviceConfig,requesting nits when no mapping exists.]
03-25 09:39:00.246 E/DisplayDeviceConfig( 1504): requesting nits when no mapping exists.
03-25 09:39:00.247 E/DisplayDeviceConfig( 1504): requesting nits when no mapping exists.
03-25 09:39:00.247 I/am_wtf ( 1504): [0,1504,system_server,-1,DisplayDeviceConfig,requesting nits when no mapping exists.]
03-25 09:39:00.248 I/am_wtf ( 1504): [0,1504,system_server,-1,DisplayDeviceConfig,requesting nits when no mapping exists.]
03-25 09:39:00.262 E/DisplayDeviceConfig( 1504): requesting nits when no mapping exists.
03-25 09:39:00.263 E/DisplayDeviceConfig( 1504): requesting nits when no mapping exists.
03-25 09:39:00.263 I/am_wtf ( 1504): [0,1504,system_server,-1,DisplayDeviceConfig,requesting nits when no mapping exists.]
03-25 09:39:00.264 I/am_wtf ( 1504): [0,1504,system_server,-1,DisplayDeviceConfig,requesting nits when no mapping exists.]
03-25 09:39:00.279 E/DisplayDeviceConfig( 1504): requesting nits when no mapping exists.
03-25 09:39:00.280 E/DisplayDeviceConfig( 1504): requesting nits when no mapping exists.
03-25 09:39:00.280 I/am_wtf ( 1504): [0,1504,system_server,-1,DisplayDeviceConfig,requesting nits when no mapping exists.]
03-25 09:39:00.281 I/am_wtf ( 1504): [0,1504,system_server,-1,DisplayDeviceConfig,requesting nits when no mapping exists.]
03-25 09:39:00.296 E/DisplayDeviceConfig( 1504): requesting nits when no mapping exists.
03-25 09:39:00.297 E/DisplayDeviceConfig( 1504): requesting nits when no mapping exists.
03-25 09:39:00.297 I/am_wtf ( 1504): [0,1504,system_server,-1,DisplayDeviceConfig,requesting nits when no mapping exists.]
03-25 09:39:00.298 I/am_wtf ( 1504): [0,1504,system_server,-1,DisplayDeviceConfig,requesting nits when no mapping exists.]
03-25 09:39:00.313 E/DisplayDeviceConfig( 1504): requesting nits when no mapping exists.
03-25 09:39:00.313 E/DisplayDeviceConfig( 1504): requesting nits when no mapping exists.
03-25 09:39:00.313 I/am_wtf ( 1504): [0,1504,system_server,-1,DisplayDeviceConfig,requesting nits when no mapping exists.]
03-25 09:39:00.314 I/am_wtf ( 1504): [0,1504,system_server,-1,DisplayDeviceConfig,requesting nits when no mapping exists.]
03-25 09:39:00.329 E/DisplayDeviceConfig( 1504): requesting nits when no mapping exists.
03-25 09:39:00.330 E/DisplayDeviceConfig( 1504): requesting nits when no mapping exists.
03-25 09:39:00.330 I/am_wtf ( 1504): [0,1504,system_server,-1,DisplayDeviceConfig,requesting nits when no mapping exists.]
03-25 09:39:00.331 I/am_wtf ( 1504): [0,1504,system_server,-1,DisplayDeviceConfig,requesting nits when no mapping exists.]
03-25 09:39:00.346 E/DisplayDeviceConfig( 1504): requesting nits when no mapping exists.
03-25 09:39:00.347 I/am_wtf ( 1504): [0,1504,system_server,-1,DisplayDeviceConfig,requesting nits when no mapping exists.]
03-25 09:39:00.347 E/DisplayDeviceConfig( 1504): requesting nits when no mapping exists.
03-25 09:39:00.348 I/am_wtf ( 1504): [0,1504,system_server,-1,DisplayDeviceConfig,requesting nits when no mapping exists.]
03-25 09:39:00.363 E/DisplayDeviceConfig( 1504): requesting nits when no mapping exists.
03-25 09:39:00.363 E/DisplayDeviceConfig( 1504): requesting nits when no mapping exists.
03-25 09:39:00.363 I/am_wtf ( 1504): [0,1504,system_server,-1,DisplayDeviceConfig,requesting nits when no mapping exists.]
03-25 09:39:00.364 I/am_wtf ( 1504): [0,1504,system_server,-1,DisplayDeviceConfig,requesting nits when no mapping exists.]
03-25 09:39:00.379 E/DisplayDeviceConfig( 1504): requesting nits when no mapping exists.
03-25 09:39:00.380 E/DisplayDeviceConfig( 1504): requesting nits when no mapping exists.
03-25 09:39:00.380 I/am_wtf ( 1504): [0,1504,system_server,-1,DisplayDeviceConfig,requesting nits when no mapping exists.]
03-25 09:39:00.381 I/am_wtf ( 1504): [0,1504,system_server,-1,DisplayDeviceConfig,requesting nits when no mapping exists.]
03-25 09:39:00.396 E/DisplayDeviceConfig( 1504): requesting nits when no mapping exists.
03-25 09:39:00.397 E/DisplayDeviceConfig( 1504): requesting nits when no mapping exists.
03-25 09:39:00.397 I/am_wtf ( 1504): [0,1504,system_server,-1,DisplayDeviceConfig,requesting nits when no mapping exists.]
03-25 09:39:00.397 I/am_wtf ( 1504): [0,1504,system_server,-1,DisplayDeviceConfig,requesting nits when no mapping exists.]
03-25 09:39:00.413 E/DisplayDeviceConfig( 1504): requesting nits when no mapping exists.
03-25 09:39:00.413 E/DisplayDeviceConfig( 1504): requesting nits when no mapping exists.
03-25 09:39:00.413 I/am_wtf ( 1504): [0,1504,system_server,-1,DisplayDeviceConfig,requesting nits when no mapping exists.]
03-25 09:39:00.414 I/am_wtf ( 1504): [0,1504,system_server,-1,DisplayDeviceConfig,requesting nits when no mapping exists.]
03-25 09:39:00.430 E/DisplayDeviceConfig( 1504): requesting nits when no mapping exists.
03-25 09:39:00.430 E/DisplayDeviceConfig( 1504): requesting nits when no mapping exists.
03-25 09:39:00.430 I/am_wtf ( 1504): [0,1504,system_server,-1,DisplayDeviceConfig,requesting nits when no mapping exists.]
03-25 09:39:00.431 I/am_wtf ( 1504): [0,1504,system_server,-1,DisplayDeviceConfig,requesting nits when no mapping exists.]
03-25 09:39:00.446 E/DisplayDeviceConfig( 1504): requesting nits when no mapping exists.
03-25 09:39:00.447 I/am_wtf ( 1504): [0,1504,system_server,-1,DisplayDeviceConfig,requesting nits when no mapping exists.]
03-25 09:39:00.447 E/DisplayDeviceConfig( 1504): requesting nits when no mapping exists.
03-25 09:39:00.448 I/am_wtf ( 1504): [0,1504,system_server,-1,DisplayDeviceConfig,requesting nits when no mapping exists.]
03-25 09:39:00.463 E/DisplayDeviceConfig( 1504): requesting nits when no mapping exists.
03-25 09:39:00.463 E/DisplayDeviceConfig( 1504): requesting nits when no mapping exists.
03-25 09:39:00.464 I/am_wtf ( 1504): [0,1504,system_server,-1,DisplayDeviceConfig,requesting nits when no mapping exists.]
03-25 09:39:00.465 I/am_wtf ( 1504): [0,1504,system_server,-1,DisplayDeviceConfig,requesting nits when no mapping exists.]
03-25 09:39:00.480 E/DisplayDeviceConfig( 1504): requesting nits when no mapping exists.
03-25 09:39:00.480 E/DisplayDeviceConfig( 1504): requesting nits when no mapping exists.
03-25 09:39:00.480 I/am_wtf ( 1504): [0,1504,system_server,-1,DisplayDeviceConfig,requesting nits when no mapping exists.]
03-25 09:39:00.481 I/am_wtf ( 1504): [0,1504,system_server,-1,DisplayDeviceConfig,requesting nits when no mapping exists.]
03-25 09:39:00.496 E/DisplayDeviceConfig( 1504): requesting nits when no mapping exists.
03-25 09:39:00.497 E/DisplayDeviceConfig( 1504): requesting nits when no mapping exists.
03-25 09:39:00.497 I/am_wtf ( 1504): [0,1504,system_server,-1,DisplayDeviceConfig,requesting nits when no mapping exists.]
03-25 09:39:00.498 I/am_wtf ( 1504): [0,1504,system_server,-1,DisplayDeviceConfig,requesting nits when no mapping exists.]
03-25 09:39:00.513 E/DisplayDeviceConfig( 1504): requesting nits when no mapping exists.
03-25 09:39:00.513 E/DisplayDeviceConfig( 1504): requesting nits when no mapping exists.
03-25 09:39:00.514 I/am_wtf ( 1504): [0,1504,system_server,-1,DisplayDeviceConfig,requesting nits when no mapping exists.]
