11-11 00:00:45.388 I/am_wtf ( 1526): [0,1526,system_server,-1,DisplayDeviceConfig,requesting nits when no mapping exists.]
11-11 00:00:45.389 I/service_manager_stats( 1526): [100,66,5682]
11-11 00:00:45.389 I/am_wtf ( 1526): [0,1526,system_server,-1,DisplayDeviceConfig,requesting nits when no mapping exists.]
11-11 00:00:45.402 E/DisplayDeviceConfig( 1526): requesting nits when no mapping exists.
11-11 00:00:45.402 E/DisplayDeviceConfig( 1526): requesting nits when no mapping exists.
11-11 00:00:45.402 I/am_wtf ( 1526): [0,1526,system_server,-1,DisplayDeviceConfig,requesting nits when no mapping exists.]
11-11 00:00:45.403 I/am_wtf ( 1526): [0,1526,system_server,-1,DisplayDeviceConfig,requesting nits when no mapping exists.]
11-11 00:00:45.418 E/DisplayDeviceConfig( 1526): requesting nits when no mapping exists.
11-11 00:00:45.419 E/DisplayDeviceConfig( 1526): requesting nits when no mapping exists.
11-11 00:00:45.419 I/am_wtf ( 1526): [0,1526,system_server,-1,DisplayDeviceConfig,requesting nits when no mapping exists.]
11-11 00:00:45.419 I/am_wtf ( 1526): [0,1526,system_server,-1,DisplayDeviceConfig,requesting nits when no mapping exists.]
11-11 00:00:45.435 E/DisplayDeviceConfig( 1526): requesting nits when no mapping exists.
11-11 00:00:45.436 E/DisplayDeviceConfig( 1526): requesting nits when no mapping exists.
11-11 00:00:45.436 I/am_wtf ( 1526): [0,1526,system_server,-1,DisplayDeviceConfig,requesting nits when no mapping exists.]
11-11 00:00:45.436 I/am_wtf ( 1526): [0,1526,system_server,-1,DisplayDeviceConfig,requesting nits when no mapping exists.]
11-11 00:00:45.452 E/DisplayDeviceConfig( 1526): requesting nits when no mapping exists.
11-11 00:00:45.452 E/DisplayDeviceConfig( 1526): requesting nits when no mapping exists.
11-11 00:00:45.452 I/am_wtf ( 1526): [0,1526,system_server,-1,DisplayDeviceConfig,requesting nits when no mapping exists.]
11-11 00:00:45.453 I/am_wtf ( 1526): [0,1526,system_server,-1,DisplayDeviceConfig,requesting nits when no mapping exists.]
11-11 00:00:45.469 E/DisplayDeviceConfig( 1526): requesting nits when no mapping exists.
11-11 00:00:45.469 E/DisplayDeviceConfig( 1526): requesting nits when no mapping exists.
11-11 00:00:45.469 I/am_wtf ( 1526): [0,1526,system_server,-1,DisplayDeviceConfig,requesting nits when no mapping exists.]
11-11 00:00:45.470 I/am_wtf ( 1526): [0,1526,system_server,-1,DisplayDeviceConfig,requesting nits when no mapping exists.]
11-11 00:00:45.486 E/DisplayDeviceConfig( 1526): requesting nits when no mapping exists.
11-11 00:00:45.486 E/DisplayDeviceConfig( 1526): requesting nits when no mapping exists.
11-11 00:00:45.486 I/am_wtf ( 1526): [0,1526,system_server,-1,DisplayDeviceConfig,requesting nits when no mapping exists.]
11-11 00:00:45.487 I/am_wtf ( 1526): [0,1526,system_server,-1,DisplayDeviceConfig,requesting nits when no mapping exists.]
11-11 00:00:45.493 W/kcp_info( 5265): HCDN_LOG: [T:5570]Update: udp kcp size[0], timeout kcp size[0]
11-11 00:00:45.502 E/DisplayDeviceConfig( 1526): requesting nits when no mapping exists.
11-11 00:00:45.502 E/DisplayDeviceConfig( 1526): requesting nits when no mapping exists.
11-11 00:00:45.502 I/am_wtf ( 1526): [0,1526,system_server,-1,DisplayDeviceConfig,requesting nits when no mapping exists.]
11-11 00:00:45.503 I/am_wtf ( 1526): [0,1526,system_server,-1,DisplayDeviceConfig,requesting nits when no mapping exists.]
11-11 00:00:45.519 E/DisplayDeviceConfig( 1526): requesting nits when no mapping exists.
11-11 00:00:45.519 E/DisplayDeviceConfig( 1526): requesting nits when no mapping exists.
11-11 00:00:45.519 I/am_wtf ( 1526): [0,1526,system_server,-1,DisplayDeviceConfig,requesting nits when no mapping exists.]
11-11 00:00:45.521 I/am_wtf ( 1526): [0,1526,system_server,-1,DisplayDeviceConfig,requesting nits when no mapping exists.]
11-11 00:00:45.530 I/auditd ( 2764): type=1400 audit(0.0:14201151): avc: denied { read } for comm="event_loop" lport=13400 scontext=u:r:hht_ota_mgr:s0 tcontext=u:r:hht_ota_mgr:s0 tclass=udp_socket permissive=0
11-11 00:00:45.530 W/event_loop( 2764): type=1400 audit(0.0:14201151): avc: denied { read } for lport=13400 scontext=u:r:hht_ota_mgr:s0 tcontext=u:r:hht_ota_mgr:s0 tclass=udp_socket permissive=0
11-11 00:00:45.530 I/auditd ( 2764): type=1400 audit(0.0:14201152): avc: denied { read } for comm="event_loop" lport=13400 scontext=u:r:hht_ota_mgr:s0 tcontext=u:r:hht_ota_mgr:s0 tclass=udp_socket permissive=0
11-11 00:00:45.530 W/event_loop( 2764): type=1400 audit(0.0:14201152): avc: denied { read } for lport=13400 scontext=u:r:hht_ota_mgr:s0 tcontext=u:r:hht_ota_mgr:s0 tclass=udp_socket permissive=0
11-11 00:00:45.530 I/auditd ( 2764): type=1400 audit(0.0:14201153): avc: denied { read } for comm="event_loop" lport=13400 scontext=u:r:hht_ota_mgr:s0 tcontext=u:r:hht_ota_mgr:s0 tclass=udp_socket permissive=0
11-11 00:00:45.530 W/event_loop( 2764): type=1400 audit(0.0:14201153): avc: denied { read } for lport=13400 scontext=u:r:hht_ota_mgr:s0 tcontext=u:r:hht_ota_mgr:s0 tclass=udp_socket permissive=0
11-11 00:00:45.530 I/auditd ( 2764): type=1400 audit(0.0:14201154): avc: denied { read } for comm="event_loop" lport=13400 scontext=u:r:hht_ota_mgr:s0 tcontext=u:r:hht_ota_mgr:s0 tclass=udp_socket permissive=0
11-11 00:00:45.530 W/event_loop( 2764): type=1400 audit(0.0:14201154): avc: denied { read } for lport=13400 scontext=u:r:hht_ota_mgr:s0 tcontext=u:r:hht_ota_mgr:s0 tclass=udp_socket permissive=0
11-11 00:00:45.530 I/auditd ( 2764): type=1400 audit(0.0:14201155): avc: denied { read } for comm="event_loop" lport=13400 scontext=u:r:hht_ota_mgr:s0 tcontext=u:r:hht_ota_mgr:s0 tclass=udp_socket permissive=0
11-11 00:00:45.530 W/event_loop( 2764): type=1400 audit(0.0:14201155): avc: denied { read } for lport=13400 scontext=u:r:hht_ota_mgr:s0 tcontext=u:r:hht_ota_mgr:s0 tclass=udp_socket permissive=0
11-11 00:11:06.733 W/audit ( 0): audit_lost=14201379 audit_rate_limit=5 audit_backlog_limit=64
11-11 00:11:06.733 E/audit ( 0): rate limit exceeded
11-11 00:00:45.540 E/DisplayDeviceConfig( 1526): requesting nits when no mapping exists.
11-11 00:00:45.540 E/DisplayDeviceConfig( 1526): requesting nits when no mapping exists.
11-11 00:00:45.540 I/am_wtf ( 1526): [0,1526,system_server,-1,DisplayDeviceConfig,requesting nits when no mapping exists.]
11-11 00:00:45.542 I/am_wtf ( 1526): [0,1526,system_server,-1,DisplayDeviceConfig,requesting nits when no mapping exists.]
11-11 00:00:45.552 E/DisplayDeviceConfig( 1526): requesting nits when no mapping exists.
11-11 00:00:45.553 E/DisplayDeviceConfig( 1526): requesting nits when no mapping exists.
11-11 00:00:45.553 I/am_wtf ( 1526): [0,1526,system_server,-1,DisplayDeviceConfig,requesting nits when no mapping exists.]
11-11 00:00:45.553 I/am_wtf ( 1526): [0,1526,system_server,-1,DisplayDeviceConfig,requesting nits when no mapping exists.]
11-11 00:00:45.569 E/DisplayDeviceConfig( 1526): requesting nits when no mapping exists.
11-11 00:00:45.569 E/DisplayDeviceConfig( 1526): requesting nits when no mapping exists.
11-11 00:00:45.569 I/am_wtf ( 1526): [0,1526,system_server,-1,DisplayDeviceConfig,requesting nits when no mapping exists.]
11-11 00:00:45.570 I/am_wtf ( 1526): [0,1526,system_server,-1,DisplayDeviceConfig,requesting nits when no mapping exists.]
11-11 00:00:45.586 E/DisplayDeviceConfig( 1526): requesting nits when no mapping exists.
11-11 00:00:45.586 E/DisplayDeviceConfig( 1526): requesting nits when no mapping exists.
11-11 00:00:45.586 I/am_wtf ( 1526): [0,1526,system_server,-1,DisplayDeviceConfig,requesting nits when no mapping exists.]
11-11 00:00:45.587 I/am_wtf ( 1526): [0,1526,system_server,-1,DisplayDeviceConfig,requesting nits when no mapping exists.]
11-11 00:00:45.602 E/DisplayDeviceConfig( 1526): requesting nits when no mapping exists.
11-11 00:00:45.603 E/DisplayDeviceConfig( 1526): requesting nits when no mapping exists.
11-11 00:00:45.606 I/am_wtf ( 1526): [0,1526,system_server,-1,DisplayDeviceConfig,requesting nits when no mapping exists.]
11-11 00:00:45.607 I/am_wtf ( 1526): [0,1526,system_server,-1,DisplayDeviceConfig,requesting nits when no mapping exists.]
11-11 00:00:45.619 E/DisplayDeviceConfig( 1526): requesting nits when no mapping exists.
11-11 00:00:45.620 I/am_wtf ( 1526): [0,1526,system_server,-1,DisplayDeviceConfig,requesting nits when no mapping exists.]
11-11 00:00:45.620 E/DisplayDeviceConfig( 1526): requesting nits when no mapping exists.
11-11 00:00:45.621 I/am_wtf ( 1526): [0,1526,system_server,-1,DisplayDeviceConfig,requesting nits when no mapping exists.]
11-11 00:00:45.636 E/DisplayDeviceConfig( 1526): requesting nits when no mapping exists.
11-11 00:00:45.636 I/am_wtf ( 1526): [0,1526,system_server,-1,DisplayDeviceConfig,requesting nits when no mapping exists.]
11-11 00:00:45.636 E/DisplayDeviceConfig( 1526): requesting nits when no mapping exists.
11-11 00:00:45.637 I/am_wtf ( 1526): [0,1526,system_server,-1,DisplayDeviceConfig,requesting nits when no mapping exists.]
11-11 00:00:45.653 E/DisplayDeviceConfig( 1526): requesting nits when no mapping exists.
11-11 00:00:45.653 I/am_wtf ( 1526): [0,1526,system_server,-1,DisplayDeviceConfig,requesting nits when no mapping exists.]
11-11 00:00:45.653 E/DisplayDeviceConfig( 1526): requesting nits when no mapping exists.
11-11 00:00:45.655 I/am_wtf ( 1526): [0,1526,system_server,-1,DisplayDeviceConfig,requesting nits when no mapping exists.]
11-11 00:00:45.670 E/DisplayDeviceConfig( 1526): requesting nits when no mapping exists.
11-11 00:00:45.670 E/DisplayDeviceConfig( 1526): requesting nits when no mapping exists.
11-11 00:00:45.671 I/am_wtf ( 1526): [0,1526,system_server,-1,DisplayDeviceConfig,requesting nits when no mapping exists.]
11-11 00:00:45.672 I/am_wtf ( 1526): [0,1526,system_server,-1,DisplayDeviceConfig,requesting nits when no mapping exists.]
11-11 00:00:45.687 E/DisplayDeviceConfig( 1526): requesting nits when no mapping exists.
11-11 00:00:45.687 I/am_wtf ( 1526): [0,1526,system_server,-1,DisplayDeviceConfig,requesting nits when no mapping exists.]
11-11 00:00:45.687 E/DisplayDeviceConfig( 1526): requesting nits when no mapping exists.
11-11 00:00:45.688 I/am_wtf ( 1526): [0,1526,system_server,-1,DisplayDeviceConfig,requesting nits when no mapping exists.]
11-11 00:00:45.703 E/DisplayDeviceConfig( 1526): requesting nits when no mapping exists.
11-11 00:00:45.703 E/DisplayDeviceConfig( 1526): requesting nits when no mapping exists.
11-11 00:00:45.703 I/am_wtf ( 1526): [0,1526,system_server,-1,DisplayDeviceConfig,requesting nits when no mapping exists.]
11-11 00:00:45.704 I/am_wtf ( 1526): [0,1526,system_server,-1,DisplayDeviceConfig,requesting nits when no mapping exists.]
11-11 00:00:45.719 E/DisplayDeviceConfig( 1526): requesting nits when no mapping exists.
11-11 00:00:45.720 I/am_wtf ( 1526): [0,1526,system_server,-1,DisplayDeviceConfig,requesting nits when no mapping exists.]
11-11 00:00:45.720 E/DisplayDeviceConfig( 1526): requesting nits when no mapping exists.
11-11 00:00:45.720 I/am_wtf ( 1526): [0,1526,system_server,-1,DisplayDeviceConfig,requesting nits when no mapping exists.]
11-11 00:00:45.736 E/DisplayDeviceConfig( 1526): requesting nits when no mapping exists.
11-11 00:00:45.737 E/DisplayDeviceConfig( 1526): requesting nits when no mapping exists.
11-11 00:00:45.737 I/am_wtf ( 1526): [0,1526,system_server,-1,DisplayDeviceConfig,requesting nits when no mapping exists.]
11-11 00:00:45.737 I/am_wtf ( 1526): [0,1526,system_server,-1,DisplayDeviceConfig,requesting nits when no mapping exists.]
11-11 00:00:45.753 E/DisplayDeviceConfig( 1526): requesting nits when no mapping exists.
11-11 00:00:45.753 E/DisplayDeviceConfig( 1526): requesting nits when no mapping exists.
11-11 00:00:45.754 I/am_wtf ( 1526): [0,1526,system_server,-1,DisplayDeviceConfig,requesting nits when no mapping exists.]
11-11 00:00:45.755 I/am_wtf ( 1526): [0,1526,system_server,-1,DisplayDeviceConfig,requesting nits when no mapping exists.]
11-11 00:00:45.770 E/DisplayDeviceConfig( 1526): requesting nits when no mapping exists.
11-11 00:00:45.770 E/DisplayDeviceConfig( 1526): requesting nits when no mapping exists.
11-11 00:00:45.770 I/am_wtf ( 1526): [0,1526,system_server,-1,DisplayDeviceConfig,requesting nits when no mapping exists.]
11-11 00:00:45.771 I/am_wtf ( 1526): [0,1526,system_server,-1,DisplayDeviceConfig,requesting nits when no mapping exists.]
11-11 00:00:45.786 E/DisplayDeviceConfig( 1526): requesting nits when no mapping exists.
11-11 00:00:45.787 E/DisplayDeviceConfig( 1526): requesting nits when no mapping exists.
11-11 00:00:45.787 I/am_wtf ( 1526): [0,1526,system_server,-1,DisplayDeviceConfig,requesting nits when no mapping exists.]
11-11 00:00:45.787 I/am_wtf ( 1526): [0,1526,system_server,-1,DisplayDeviceConfig,requesting nits when no mapping exists.]
11-11 00:00:45.803 E/DisplayDeviceConfig( 1526): requesting nits when no mapping exists.
11-11 00:00:45.803 E/DisplayDeviceConfig( 1526): requesting nits when no mapping exists.
11-11 00:00:45.803 I/am_wtf ( 1526): [0,1526,system_server,-1,DisplayDeviceConfig,requesting nits when no mapping exists.]
11-11 00:00:45.804 I/am_wtf ( 1526): [0,1526,system_server,-1,DisplayDeviceConfig,requesting nits when no mapping exists.]
11-11 00:00:45.820 E/DisplayDeviceConfig( 1526): requesting nits when no mapping exists.
11-11 00:00:45.820 E/DisplayDeviceConfig( 1526): requesting nits when no mapping exists.
11-11 00:00:45.820 I/am_wtf ( 1526): [0,1526,system_server,-1,DisplayDeviceConfig,requesting nits when no mapping exists.]
11-11 00:00:45.821 I/am_wtf ( 1526): [0,1526,system_server,-1,DisplayDeviceConfig,requesting nits when no mapping exists.]
11-11 00:00:45.822 E/tlogd ( 1284): [TzLogger](isPathReadable) file /sys/kernel/debug/tzdbg/qsee_log isn't exist or no permission, err: No such file or directory
11-11 00:00:45.822 E/tlogd ( 1284): [TzLogger](saveTzlogAsync) /sys/kernel/debug/tzdbg/qsee_log can not read.
11-11 00:00:45.822 E/tlogd ( 1284): [TzLogger](isPathReadable) file /sys/kernel/debug/tzdbg/log isn't exist or no permission, err: No such file or directory
11-11 00:00:45.822 E/tlogd ( 1284): [TzLogger](saveTzlogAsync) /sys/kernel/debug/tzdbg/log can not read.
11-11 00:00:45.836 E/DisplayDeviceConfig( 1526): requesting nits when no mapping exists.
11-11 00:00:45.837 E/DisplayDeviceConfig( 1526): requesting nits when no mapping exists.
11-11 00:00:45.837 I/am_wtf ( 1526): [0,1526,system_server,-1,DisplayDeviceConfig,requesting nits when no mapping exists.]
11-11 00:00:45.837 I/am_wtf ( 1526): [0,1526,system_server,-1,DisplayDeviceConfig,requesting nits when no mapping exists.]
11-11 00:00:45.854 E/DisplayDeviceConfig( 1526): requesting nits when no mapping exists.
11-11 00:00:45.854 I/am_wtf ( 1526): [0,1526,system_server,-1,DisplayDeviceConfig,requesting nits when no mapping exists.]
11-11 00:00:45.855 E/DisplayDeviceConfig( 1526): requesting nits when no mapping exists.
11-11 00:00:45.856 I/am_wtf ( 1526): [0,1526,system_server,-1,DisplayDeviceConfig,requesting nits when no mapping exists.]
11-11 00:00:45.870 E/DisplayDeviceConfig( 1526): requesting nits when no mapping exists.
11-11 00:00:45.870 E/DisplayDeviceConfig( 1526): requesting nits when no mapping exists.
11-11 00:00:45.870 I/am_wtf ( 1526): [0,1526,system_server,-1,DisplayDeviceConfig,requesting nits when no mapping exists.]
11-11 00:00:45.871 I/am_wtf ( 1526): [0,1526,system_server,-1,DisplayDeviceConfig,requesting nits when no mapping exists.]
11-11 00:00:45.887 E/DisplayDeviceConfig( 1526): requesting nits when no mapping exists.
11-11 00:00:45.887 E/DisplayDeviceConfig( 1526): requesting nits when no mapping exists.
11-11 00:00:45.887 I/am_wtf ( 1526): [0,1526,system_server,-1,DisplayDeviceConfig,requesting nits when no mapping exists.]
11-11 00:00:45.888 I/am_wtf ( 1526): [0,1526,system_server,-1,DisplayDeviceConfig,requesting nits when no mapping exists.]
11-11 00:00:45.903 E/DisplayDeviceConfig( 1526): requesting nits when no mapping exists.
11-11 00:00:45.904 E/DisplayDeviceConfig( 1526): requesting nits when no mapping exists.
11-11 00:00:45.904 I/am_wtf ( 1526): [0,1526,system_server,-1,DisplayDeviceConfig,requesting nits when no mapping exists.]
11-11 00:00:45.909 I/am_wtf ( 1526): [0,1526,system_server,-1,DisplayDeviceConfig,requesting nits when no mapping exists.]
11-11 00:00:46.092 W/ContextImpl( 2156): Calling a method in the system process without a qualified user: android.app.ContextImpl.sendBroadcast:1173 android.content.ContextWrapper.sendBroadcast:479 com.thundercomm.microsettings.action.SetTimeAction.timeUpdated:212 com.thundercomm.microsettings.action.SetTimeAction.update24HourFormat:194 com.thundercomm.microsettings.action.SetTimeAction.doActualAction:154
11-11 00:00:46.100 D/DevicePolicyManager( 1526): updateSystemUpdateFreezePeriodsRecord
11-11 00:00:46.101 D/ConditionProviders.SCP( 1526): onReceive android.intent.action.TIME_SET
11-11 00:00:46.101 D/ConditionProviders.SCP( 1526): evaluateSubscriptionLocked cal=ScheduleCalendar[mDays={1, 2, 3, 4, 5, 6, 7}, mSchedule=ScheduleInfo{days=[1, 2, 3, 4, 5, 6, 7], startHour=22, startMinute=0, endHour=7, endMinute=0, exitAtAlarm=true, nextAlarm=Thu Jan 01 08:00:00 GMT+08:00 1970 (0)}], now=Fri Nov 11 00:00:46 GMT+08:00 2022 (1668096046101), nextUserAlarmTime=Thu Jan 01 08:00:00 GMT+08:00 1970 (0)
11-11 00:00:46.101 D/ConditionProviders.SCP( 1526): notifyCondition condition://android/schedule?days=1.2.3.4.5.6.7&start=22.0&end=7.0&exitAtAlarm=true STATE_TRUE reason=meetsSchedule
11-11 00:00:46.102 D/IconProvider( 2527): onReceive: android.intent.action.TIME_SET
11-11 00:00:46.102 D/IconProvider( 2527): onReceive: android.intent.action.TIME_SET
11-11 00:00:46.102 D/ConditionProviders.SCP( 1526): Scheduling evaluate for Fri Nov 11 07:00:00 GMT+08:00 2022 (1668121200000), in +6h59m13s899ms, now=Fri Nov 11 00:00:46 GMT+08:00 2022 (1668096046101)
11-11 00:00:46.102 D/KeyguardUpdateMonitor( 2000): received broadcast android.intent.action.TIME_SET
11-11 00:00:46.103 D/BaseModelUpdateTask( 2527): BaseModelUpdateTask constructor
11-11 00:00:46.103 D/BaseModelUpdateTask( 2527): java.lang.Exception
11-11 00:00:46.103 D/BaseModelUpdateTask( 2527): at com.android.launcher3.model.BaseModelUpdateTask.(BaseModelUpdateTask.java:57)
11-11 00:00:46.103 D/BaseModelUpdateTask( 2527): at com.android.launcher3.model.PackageUpdatedTask.(PackageUpdatedTask.java:88)
11-11 00:00:46.103 D/BaseModelUpdateTask( 2527): at com.android.launcher3.LauncherModel.onPackageChanged(LauncherModel.java:156)
11-11 00:00:46.103 D/BaseModelUpdateTask( 2527): at com.android.launcher3.LauncherModel.onAppIconChanged(LauncherModel.java:226)
11-11 00:00:46.103 D/BaseModelUpdateTask( 2527): at com.android.launcher3.LauncherAppState$IconObserver.onAppIconChanged(LauncherAppState.java:206)
11-11 00:00:46.103 D/BaseModelUpdateTask( 2527): at com.android.launcher3.icons.IconProvider$IconChangeReceiver.onReceive(IconProvider.java:371)
11-11 00:00:46.103 D/BaseModelUpdateTask( 2527): at android.app.LoadedApk$ReceiverDispatcher$Args.lambda$getRunnable$0$LoadedApk$ReceiverDispatcher$Args(LoadedApk.java:1679)
11-11 00:00:46.103 D/BaseModelUpdateTask( 2527): at android.app.LoadedApk$ReceiverDispatcher$Args$$ExternalSyntheticLambda0.run(Unknown Source:2)
11-11 00:00:46.103 D/BaseModelUpdateTask( 2527): at android.os.Handler.handleCallback(Handler.java:938)
11-11 00:00:46.103 D/BaseModelUpdateTask( 2527): at android.os.Handler.dispatchMessage(Handler.java:99)
11-11 00:00:46.103 D/BaseModelUpdateTask( 2527): at android.os.Looper.loopOnce(Looper.java:201)
11-11 00:00:46.103 D/BaseModelUpdateTask( 2527): at android.os.Looper.loop(Looper.java:288)
11-11 00:00:46.103 D/BaseModelUpdateTask( 2527): at android.os.HandlerThread.run(HandlerThread.java:67)
11-11 00:00:46.104 D/PackageUpdatedTask( 2527): PackageUpdatedTask constructor: op=2,user=UserHandle{0},packages=[com.android.calendar]
11-11 00:00:46.104 D/PackageUpdatedTask( 2527): java.lang.Exception
11-11 00:00:46.104 D/PackageUpdatedTask( 2527): at com.android.launcher3.model.PackageUpdatedTask.(PackageUpdatedTask.java:93)
11-11 00:00:46.104 D/PackageUpdatedTask( 2527): at com.android.launcher3.LauncherModel.onPackageChanged(LauncherModel.java:156)
11-11 00:00:46.104 D/PackageUpdatedTask( 2527): at com.android.launcher3.LauncherModel.onAppIconChanged(LauncherModel.java:226)
11-11 00:00:46.104 D/PackageUpdatedTask( 2527): at com.android.launcher3.LauncherAppState$IconObserver.onAppIconChanged(LauncherAppState.java:206)
11-11 00:00:46.104 D/PackageUpdatedTask( 2527): at com.android.launcher3.icons.IconProvider$IconChangeReceiver.onReceive(IconProvider.java:371)
11-11 00:00:46.104 D/PackageUpdatedTask( 2527): at android.app.LoadedApk$ReceiverDispatcher$Args.lambda$getRunnable$0$LoadedApk$ReceiverDispatcher$Args(LoadedApk.java:1679)
11-11 00:00:46.104 D/PackageUpdatedTask( 2527): at android.app.LoadedApk$ReceiverDispatcher$Args$$ExternalSyntheticLambda0.run(Unknown Source:2)
11-11 00:00:46.104 D/PackageUpdatedTask( 2527): at android.os.Handler.handleCallback(Handler.java:938)
11-11 00:00:46.104 D/PackageUpdatedTask( 2527): at android.os.Handler.dispatchMessage(Handler.java:99)
11-11 00:00:46.104 D/PackageUpdatedTask( 2527): at android.os.Looper.loopOnce(Looper.java:201)
11-11 00:00:46.104 D/PackageUpdatedTask( 2527): at android.os.Looper.loop(Looper.java:288)
11-11 00:00:46.104 D/PackageUpdatedTask( 2527): at android.os.HandlerThread.run(HandlerThread.java:67)
11-11 00:00:46.104 D/KeyguardUpdateMonitor( 2000): handleTimeUpdate
11-11 00:00:46.104 D/CompatibilityInfo( 1526): mCompatibilityFlags - 4
11-11 00:00:46.105 D/CompatibilityInfo( 1526): applicationDensity - 240
11-11 00:00:46.105 D/CompatibilityInfo( 1526): applicationScale - 1.0
11-11 00:00:46.105 D/TimeService( 5248): Receivedandroid.intent.action.TIME_SET intent. Current Time is 1668096046105
11-11 00:00:46.106 D/Launcher.IconCache( 2527): Package not found
11-11 00:00:46.106 D/Launcher.IconCache( 2527): android.content.pm.PackageManager$NameNotFoundException: com.android.calendar
11-11 00:00:46.106 D/Launcher.IconCache( 2527): at android.app.ApplicationPackageManager.getPackageInfoAsUser(ApplicationPackageManager.java:241)
11-11 00:00:46.106 D/Launcher.IconCache( 2527): at android.app.ApplicationPackageManager.getPackageInfo(ApplicationPackageManager.java:213)
11-11 00:00:46.106 D/Launcher.IconCache( 2527): at com.android.launcher3.icons.IconCache.updateIconsForPkg(IconCache.java:122)
11-11 00:00:46.106 D/Launcher.IconCache( 2527): at com.android.launcher3.model.PackageUpdatedTask.execute(PackageUpdatedTask.java:130)
11-11 00:00:46.106 D/Launcher.IconCache( 2527): at com.android.launcher3.model.BaseModelUpdateTask.run(BaseModelUpdateTask.java:80)
11-11 00:00:46.106 D/Launcher.IconCache( 2527): at com.android.launcher3.util.LooperExecutor.execute(LooperExecutor.java:45)
11-11 00:00:46.106 D/Launcher.IconCache( 2527): at com.android.launcher3.LauncherModel.enqueueModelUpdateTask(LauncherModel.java:555)
11-11 00:00:46.106 D/Launcher.IconCache( 2527): at com.android.launcher3.LauncherModel.onPackageChanged(LauncherModel.java:156)
11-11 00:00:46.106 D/Launcher.IconCache( 2527): at com.android.launcher3.LauncherModel.onAppIconChanged(LauncherModel.java:226)
11-11 00:00:46.106 D/Launcher.IconCache( 2527): at com.android.launcher3.LauncherAppState$IconObserver.onAppIconChanged(LauncherAppState.java:206)
11-11 00:00:46.106 D/Launcher.IconCache( 2527): at com.android.launcher3.icons.IconProvider$IconChangeReceiver.onReceive(IconProvider.java:371)
11-11 00:00:46.106 D/Launcher.IconCache( 2527): at android.app.LoadedApk$ReceiverDispatcher$Args.lambda$getRunnable$0$LoadedApk$ReceiverDispatcher$Args(LoadedApk.java:1679)
11-11 00:00:46.106 D/Launcher.IconCache( 2527): at android.app.LoadedApk$ReceiverDispatcher$Args$$ExternalSyntheticLambda0.run(Unknown Source:2)
11-11 00:00:46.106 D/Launcher.IconCache( 2527): at android.os.Handler.handleCallback(Handler.java:938)
11-11 00:00:46.106 D/Launcher.IconCache( 2527): at android.os.Handler.dispatchMessage(Handler.java:99)
11-11 00:00:46.106 D/Launcher.IconCache( 2527): at android.os.Looper.loopOnce(Looper.java:201)
11-11 00:00:46.106 D/Launcher.IconCache( 2527): at android.os.Looper.loop(Looper.java:288)
11-11 00:00:46.106 D/Launcher.IconCache( 2527): at android.os.HandlerThread.run(HandlerThread.java:67)
11-11 00:00:46.107 D/QC-time-services( 642): Daemon: Connection accepted:time_genoff
11-11 00:00:46.107 D/OsAgent ( 2639): [time_change_update][3164] [HC] =>> [HS]
11-11 00:00:46.107 D/QC-time-services( 642): Daemon:Received base = 2, unit = 1, operation = 0,value = 1668096046107
11-11 00:00:46.107 D/QC-time-services( 642): Daemon:genoff_opr: Base = 2, val = 1668096046107, operation = 0
11-11 00:00:46.107 D/QC-time-services( 642): Daemon:Value read from QTimer mseconds = 414816
11-11 00:00:46.107 D/QC-time-services( 642): Daemon:Value read from RTC mseconds on boot = 7137000
11-11 00:00:46.107 D/QC-time-services( 642): Daemon:Delta read on boot mseconds = 7128979
11-11 00:00:46.107 V/LocSvc_HIDL_IzatSubscription( 809): [timeChangeUpdate][645] [HS] <<<<= [HC]
11-11 00:00:46.107 D/QC-time-services( 642): Daemon:new time 1668096046107
11-11 00:00:46.107 D/QC-time-services( 642): Daemon: delta 1668088502312 genoff 1668088502312
11-11 00:00:46.107 D/QC-time-services( 642): Daemon:genoff_persistent_update: Writing genoff = 1668088502312 to memory
11-11 00:00:46.107 D/QC-time-services( 642): Daemon:Opening File: /mnt/vendor/persist/time/ats_2 /data/vendor/time/ats_2
11-11 00:00:46.107 D/QC-time-services( 642): Daemon:time_persistent_memory_opr:Genoff write operation
11-11 00:00:46.108 D/BaseModelUpdateTask( 2527): BaseModelUpdateTask constructor
11-11 00:00:46.108 D/BaseModelUpdateTask( 2527): java.lang.Exception
11-11 00:00:46.108 D/BaseModelUpdateTask( 2527): at com.android.launcher3.model.BaseModelUpdateTask.(BaseModelUpdateTask.java:57)
11-11 00:00:46.108 D/BaseModelUpdateTask( 2527): at com.android.launcher3.LauncherModel$6.(LauncherModel.java:605)
11-11 00:00:46.108 D/BaseModelUpdateTask( 2527): at com.android.launcher3.LauncherModel.refreshAndBindWidgetsAndShortcuts(LauncherModel.java:605)
11-11 00:00:46.108 D/BaseModelUpdateTask( 2527): at com.android.launcher3.Launcher.refreshAndBindWidgetsForPackageUser(Launcher.java:2878)
11-11 00:00:46.108 D/BaseModelUpdateTask( 2527): at com.android.launcher3.model.PackageUpdatedTask.execute(PackageUpdatedTask.java:139)
11-11 00:00:46.108 D/BaseModelUpdateTask( 2527): at com.android.launcher3.model.BaseModelUpdateTask.run(BaseModelUpdateTask.java:80)
11-11 00:00:46.108 D/BaseModelUpdateTask( 2527): at com.android.launcher3.util.LooperExecutor.execute(LooperExecutor.java:45)
11-11 00:00:46.108 D/BaseModelUpdateTask( 2527): at com.android.launcher3.LauncherModel.enqueueModelUpdateTask(LauncherModel.java:555)
11-11 00:00:46.108 D/BaseModelUpdateTask( 2527): at com.android.launcher3.LauncherModel.onPackageChanged(LauncherModel.java:156)
11-11 00:00:46.108 D/BaseModelUpdateTask( 2527): at com.android.launcher3.LauncherModel.onAppIconChanged(LauncherModel.java:226)
11-11 00:00:46.108 D/BaseModelUpdateTask( 2527): at com.android.launcher3.LauncherAppState$IconObserver.onAppIconChanged(LauncherAppState.java:206)
11-11 00:00:46.108 D/BaseModelUpdateTask( 2527): at com.android.launcher3.icons.IconProvider$IconChangeReceiver.onReceive(IconProvider.java:371)
11-11 00:00:46.108 D/BaseModelUpdateTask( 2527): at android.app.LoadedApk$ReceiverDispatcher$Args.lambda$getRunnable$0$LoadedApk$ReceiverDispatcher$Args(LoadedApk.java:1679)
11-11 00:00:46.108 D/BaseModelUpdateTask( 2527): at android.app.LoadedApk$ReceiverDispatcher$Args$$ExternalSyntheticLambda0.run(Unknown Source:2)
11-11 00:00:46.108 D/BaseModelUpdateTask( 2527): at android.os.Handler.handleCallback(Handler.java:938)
11-11 00:00:46.108 D/BaseModelUpdateTask( 2527): at android.os.Handler.dispatchMessage(Handler.java:99)
11-11 00:00:46.108 D/BaseModelUpdateTask( 2527): at android.os.Looper.loopOnce(Looper.java:201)
11-11 00:00:46.108 D/BaseModelUpdateTask( 2527): at android.os.Looper.loop(Looper.java:288)
11-11 00:00:46.108 D/BaseModelUpdateTask( 2527): at android.os.HandlerThread.run(HandlerThread.java:67)
11-11 00:00:46.119 D/QC-time-services( 642): Updating the TOD offset
11-11 00:00:46.119 D/QC-time-services( 642): Daemon:genoff_persistent_update: Writing genoff = 1668088502312 to memory
11-11 00:00:46.119 D/QC-time-services( 642): Daemon:Opening File: /mnt/vendor/persist/time/ats_1 /data/vendor/time/ats_1
11-11 00:00:46.119 D/QC-time-services( 642): Daemon:time_persistent_memory_opr:Genoff write operation
11-11 00:00:46.121 D/QC-time-services( 642): Daemon:genoff_set: Updating the WLAN offset
11-11 00:00:46.121 D/QC-time-services( 642): Daemon:genoff_persistent_update: Writing genoff = 1668088502312 to memory
11-11 00:00:46.121 D/QC-time-services( 642): Daemon:Opening File: /mnt/vendor/persist/time/ats_16 /data/vendor/time/ats_16
11-11 00:00:46.121 D/QC-time-services( 642): Daemon:time_persistent_memory_opr:Genoff write operation
11-11 00:00:46.123 D/TimeService( 5248): Set time successfully!
11-11 00:00:46.125 E/QC-time-services( 642): Daemon: Time-services: Waiting to acceptconnection
11-11 00:00:46.125 D/CompatibilityInfo( 1526): mCompatibilityFlags - 4
11-11 00:00:46.125 D/CompatibilityInfo( 1526): applicationDensity - 240
11-11 00:00:46.125 D/CompatibilityInfo( 1526): applicationScale - 1.0
11-11 00:00:46.127 I/WidgetsModel( 2527): found whitelist widget: com.android.settings, label: 璁剧疆蹇嵎鏂瑰紡, sectionName:S
11-11 00:00:46.127 I/WidgetsModel( 2527): found whitelist widget: com.android.gallery3d, label: 鐓х墖, sectionName:T
11-11 00:00:46.127 I/WidgetsModel( 2527): found whitelist widget: com.android.systemui, label: 瀵硅瘽, sectionName:D
11-11 00:00:46.128 I/WidgetsModel( 2527): found whitelist widget: com.android.music, label: 闊充箰, sectionName:Y
11-11 00:00:46.129 D/ModelWriter( 2527): removing items from db
11-11 00:00:46.129 D/ModelWriter( 2527): java.lang.Exception
11-11 00:00:46.129 D/ModelWriter( 2527): at com.android.launcher3.model.ModelWriter.deleteItemsFromDatabase(ModelWriter.java:280)
11-11 00:00:46.129 D/ModelWriter( 2527): at com.android.launcher3.model.ModelWriter.deleteItemsFromDatabase(ModelWriter.java:268)
11-11 00:00:46.129 D/ModelWriter( 2527): at com.android.launcher3.model.BaseModelUpdateTask.deleteAndBindComponentsRemoved(BaseModelUpdateTask.java:140)
11-11 00:00:46.129 D/ModelWriter( 2527): at com.android.launcher3.model.PackageUpdatedTask.execute(PackageUpdatedTask.java:353)
11-11 00:00:46.129 D/ModelWriter( 2527): at com.android.launcher3.model.BaseModelUpdateTask.run(BaseModelUpdateTask.java:80)
11-11 00:00:46.129 D/ModelWriter( 2527): at com.android.launcher3.util.LooperExecutor.execute(LooperExecutor.java:45)
11-11 00:00:46.129 D/ModelWriter( 2527): at com.android.launcher3.LauncherModel.enqueueModelUpdateTask(LauncherModel.java:555)
11-11 00:00:46.129 D/ModelWriter( 2527): at com.android.launcher3.LauncherModel.onPackageChanged(LauncherModel.java:156)
11-11 00:00:46.129 D/ModelWriter( 2527): at com.android.launcher3.LauncherModel.onAppIconChanged(LauncherModel.java:226)
11-11 00:00:46.129 D/ModelWriter( 2527): at com.android.launcher3.LauncherAppState$IconObserver.onAppIconChanged(LauncherAppState.java:206)
11-11 00:00:46.129 D/ModelWriter( 2527): at com.android.launcher3.icons.IconProvider$IconChangeReceiver.onReceive(IconProvider.java:371)
11-11 00:00:46.129 D/ModelWriter( 2527): at android.app.LoadedApk$ReceiverDispatcher$Args.lambda$getRunnable$0$LoadedApk$ReceiverDispatcher$Args(LoadedApk.java:1679)
11-11 00:00:46.129 D/ModelWriter( 2527): at android.app.LoadedApk$ReceiverDispatcher$Args$$ExternalSyntheticLambda0.run(Unknown Source:2)
11-11 00:00:46.129 D/ModelWriter( 2527): at android.os.Handler.handleCallback(Handler.java:938)
11-11 00:00:46.129 D/ModelWriter( 2527): at android.os.Handler.dispatchMessage(Handler.java:99)
11-11 00:00:46.129 D/ModelWriter( 2527): at android.os.Looper.loopOnce(Looper.java:201)
11-11 00:00:46.129 D/ModelWriter( 2527): at android.os.Looper.loop(Looper.java:288)
11-11 00:00:46.129 D/ModelWriter( 2527): at android.os.HandlerThread.run(HandlerThread.java:67)
11-11 00:00:46.141 D/BaseModelUpdateTask( 2527): BaseModelUpdateTask constructor
11-11 00:00:46.141 D/BaseModelUpdateTask( 2527): java.lang.Exception
11-11 00:00:46.141 D/BaseModelUpdateTask( 2527): at com.android.launcher3.model.BaseModelUpdateTask.(BaseModelUpdateTask.java:57)
11-11 00:00:46.141 D/BaseModelUpdateTask( 2527): at com.android.launcher3.model.AddWorkspaceItemsTask.(AddWorkspaceItemsTask.java:58)
11-11 00:00:46.141 D/BaseModelUpdateTask( 2527): at com.android.launcher3.LauncherModel.addAndBindAddedWorkspaceItems(LauncherModel.java:145)
11-11 00:00:46.141 D/BaseModelUpdateTask( 2527): at com.android.launcher3.model.PackageUpdatedTask.updateToWorkSpace(PackageUpdatedTask.java:406)
11-11 00:00:46.141 D/BaseModelUpdateTask( 2527): at com.android.launcher3.model.PackageUpdatedTask.execute(PackageUpdatedTask.java:370)
11-11 00:00:46.141 D/BaseModelUpdateTask( 2527): at com.android.launcher3.model.BaseModelUpdateTask.run(BaseModelUpdateTask.java:80)
11-11 00:00:46.141 D/BaseModelUpdateTask( 2527): at com.android.launcher3.util.LooperExecutor.execute(LooperExecutor.java:45)
11-11 00:00:46.141 D/BaseModelUpdateTask( 2527): at com.android.launcher3.LauncherModel.enqueueModelUpdateTask(LauncherModel.java:555)
11-11 00:00:46.141 D/BaseModelUpdateTask( 2527): at com.android.launcher3.LauncherModel.onPackageChanged(LauncherModel.java:156)
11-11 00:00:46.141 D/BaseModelUpdateTask( 2527): at com.android.launcher3.LauncherModel.onAppIconChanged(LauncherModel.java:226)
11-11 00:00:46.141 D/BaseModelUpdateTask( 2527): at com.android.launcher3.LauncherAppState$IconObserver.onAppIconChanged(LauncherAppState.java:206)
11-11 00:00:46.141 D/BaseModelUpdateTask( 2527): at com.android.launcher3.icons.IconProvider$IconChangeReceiver.onReceive(IconProvider.java:371)
11-11 00:00:46.141 D/BaseModelUpdateTask( 2527): at android.app.LoadedApk$ReceiverDispatcher$Args.lambda$getRunnable$0$LoadedApk$ReceiverDispatcher$Args(LoadedApk.java:1679)
11-11 00:00:46.141 D/BaseModelUpdateTask( 2527): at android.app.LoadedApk$ReceiverDispatcher$Args$$ExternalSyntheticLambda0.run(Unknown Source:2)
11-11 00:00:46.141 D/BaseModelUpdateTask( 2527): at android.os.Handler.handleCallback(Handler.java:938)
11-11 00:00:46.141 D/BaseModelUpdateTask( 2527): at android.os.Handler.dispatchMessage(Handler.java:99)
11-11 00:00:46.141 D/BaseModelUpdateTask( 2527): at android.os.Looper.loopOnce(Looper.java:201)
11-11 00:00:46.141 D/BaseModelUpdateTask( 2527): at android.os.Looper.loop(Looper.java:288)
11-11 00:00:46.141 D/BaseModelUpdateTask( 2527): at android.os.HandlerThread.run(HandlerThread.java:67)
11-11 00:00:46.315 I/mpu_uart( 644): [MSG-P:RECV]:No message received in 1000 ms
11-11 00:00:46.530 W/kcp_info( 5265): HCDN_LOG: [T:5570]Update: udp kcp size[0], timeout kcp size[0]
11-11 00:00:46.534 I/auditd ( 2764): type=1400 audit(0.0:14473710): avc: denied { read } for comm="event_loop" lport=13400 scontext=u:r:hht_ota_mgr:s0 tcontext=u:r:hht_ota_mgr:s0 tclass=udp_socket permissive=0
11-11 00:00:46.534 W/event_loop( 2764): type=1400 audit(0.0:14473710): avc: denied { read } for lport=13400 scontext=u:r:hht_ota_mgr:s0 tcontext=u:r:hht_ota_mgr:s0 tclass=udp_socket permissive=0
11-11 00:00:46.534 I/auditd ( 2764): type=1400 audit(0.0:14473711): avc: denied { read } for comm="event_loop" lport=13400 scontext=u:r:hht_ota_mgr:s0 tcontext=u:r:hht_ota_mgr:s0 tclass=udp_socket permissive=0
11-11 00:00:46.534 W/event_loop( 2764): type=1400 audit(0.0:14473711): avc: denied { read } for lport=13400 scontext=u:r:hht_ota_mgr:s0 tcontext=u:r:hht_ota_mgr:s0 tclass=udp_socket permissive=0
11-11 00:00:46.534 I/auditd ( 2764): type=1400 audit(0.0:14473712): avc: denied { read } for comm="event_loop" lport=13400 scontext=u:r:hht_ota_mgr:s0 tcontext=u:r:hht_ota_mgr:s0 tclass=udp_socket permissive=0
11-11 00:00:46.534 W/event_loop( 2764): type=1400 audit(0.0:14473712): avc: denied { read } for lport=13400 scontext=u:r:hht_ota_mgr:s0 tcontext=u:r:hht_ota_mgr:s0 tclass=udp_socket permissive=0
11-11 00:00:46.534 I/auditd ( 2764): type=1400 audit(0.0:14473713): avc: denied { read } for comm="event_loop" lport=13400 scontext=u:r:hht_ota_mgr:s0 tcontext=u:r:hht_ota_mgr:s0 tclass=udp_socket permissive=0
11-11 00:00:46.534 W/event_loop( 2764): type=1400 audit(0.0:14473713): avc: denied { read } for lport=13400 scontext=u:r:hht_ota_mgr:s0 tcontext=u:r:hht_ota_mgr:s0 tclass=udp_socket permissive=0
11-11 00:00:46.534 I/auditd ( 2764): type=1400 audit(0.0:14473714): avc: denied { read } for comm="event_loop" lport=13400 scontext=u:r:hht_ota_mgr:s0 tcontext=u:r:hht_ota_mgr:s0 tclass=udp_socket permissive=0
11-11 00:00:46.534 W/event_loop( 2764): type=1400 audit(0.0:14473714): avc: denied { read } for lport=13400 scontext=u:r:hht_ota_mgr:s0 tcontext=u:r:hht_ota_mgr:s0 tclass=udp_socket permissive=0
11-11 00:11:07.737 W/audit ( 0): audit_lost=14473935 audit_rate_limit=5 audit_backlog_limit=64
11-11 00:11:07.737 E/audit ( 0): rate limit exceeded
11-11 00:00:46.580 I/OpenGLRenderer( 3511): Davey! duration=9223371623816ms; Flags=0, FrameTimelineVsyncId=4598, IntendedVsync=413037535720, Vsync=413037535720, InputEventId=0, HandleInputStart=413038230672, AnimationStart=413038234735, PerformTraversalsStart=413038237443, DrawStart=413039092547, FrameDeadline=413070869052, FrameInterval=413038220203, FrameStartTime=16666666, SyncQueued=413039756297, SyncStart=413040139735, IssueDrawCommandsStart=413040995672, SwapBuffers=413047484891, FrameCompleted=9223372036854775807, DequeueBufferDuration=44948, QueueBufferDuration=1156615, GpuCompleted=9223372036854775807, SwapBuffersCompleted=413049302183, DisplayPresentTime=0,
11-11 00:00:46.755 D/audio_hw_primary( 796): copl(0xf280c970):out of compress_wait
11-11 00:00:46.765 D/audio_hw_primary( 796): No space available in compress driver, post msg to cb thread
11-11 00:00:46.765 D/audio_hw_primary( 796): copl(0xf280c970):calling compress_wait
11-11 00:00:46.781 D/NuPlayerDriver( 1197): pause(0xeeb000b0)
11-11 00:00:46.784 D/audio_hw_primary( 796): copl(0xf280c970):pause compress driver
11-11 00:00:46.785 I/GameModeConfig( 1526): isGameModeOn = false
11-11 00:00:46.785 I/GameModeConfig( 1526): isGameModeOn = false
11-11 00:00:46.786 I/GameModeConfig( 1526): isGameModeOn = false
11-11 00:00:46.787 I/notification_enqueue( 1526): [10082,3511,com.android.music,1,NULL,0,Notification(channel=Channel-music shortcut=null contentView=null vibrate=null sound=null defaults=0x0 flags=0x62 color=0x00000000 category=transport actions=5 vis=PRIVATE),1]
11-11 00:00:46.787 D/msm8974_platform( 796): platform_split_snd_device: snd_device(2) num devices(1) new_snd_devices(0)
11-11 00:00:46.787 D/ACDB-LOADER( 796): ACDB -> send_audvoltable
11-11 00:00:46.787 D/ACDB-LOADER( 796): ACDB -> ACDB_CMD_GET_AUDPROC_INSTANCE_GAIN_DEP_STEP_TABLE_SIZE
11-11 00:00:46.787 D/ACDB-LOADER( 796): ACDB -> ACDB_CMD_GET_AUDPROC_INSTANCE_GAIN_DEP_STEP_TABLE, vol index 0
11-11 00:00:46.787 D/ACDB-LOADER( 796): ACDB -> AUDIO_SET_VOL_CAL cal type = 40
11-11 00:00:46.799 D/InterruptionStateProvider( 2000): No alerting: filtered notification: 0|com.android.music|1|null|10082
11-11 00:00:46.799 D/InterruptionStateProvider( 2000): No alerting: filtered notification: 0|com.android.music|1|null|10082
11-11 00:00:46.799 I/notification_enqueue( 1526): [10082,3511,com.android.music,1,NULL,0,Notification(channel=Channel-music shortcut=null contentView=null vibrate=null sound=null defaults=0x0 flags=0x0 color=0x00000000 category=transport actions=5 vis=PRIVATE),1]
11-11 00:00:46.803 D/PeopleSpaceWidgetMgr( 2000): Sbn doesn't contain valid PeopleTileKey: null/0/com.android.music
11-11 00:00:46.804 V/MediaTimeout( 2000): processState 0|com.android.music|1|null|10082: PlaybackState {state=2, position=239448, buffered position=0, speed=1.0, updated=413281, actions=516, custom actions=[], active item id=-1, error=null}
11-11 00:00:46.804 V/MediaTimeout( 2000): schedule timeout for 0|com.android.music|1|null|10082 playing false, false
11-11 00:00:46.806 V/MediaTimeout( 2000): processState 0|com.android.music|1|null|10082: PlaybackState {state=2, position=239448, buffered position=0, speed=1.0, updated=413283, actions=516, custom actions=[], active item id=-1, error=null}
11-11 00:00:46.815 W/ConstraintSet( 2000): id unknown center_vertical_guideline
11-11 00:00:46.815 W/ConstraintSet( 2000): id unknown center_horizontal_guideline
11-11 00:00:46.815 W/ConstraintSet( 2000): id unknown media_action_barrier
11-11 00:00:46.816 W/ConstraintSet( 2000): id unknown remove_text
11-11 00:00:46.816 W/ConstraintSet( 2000): id unknown settings
11-11 00:00:46.816 W/ConstraintSet( 2000): id unknown cancel
11-11 00:00:46.816 W/ConstraintSet( 2000): id unknown dismiss
11-11 00:00:46.823 W/ActivityManager( 1526): Receiver with filter android.content.IntentFilter@c0192f6 already registered for pid 3511, callerPackage is com.android.music
11-11 00:00:46.840 D/msm8974_platform( 796): platform_split_snd_device: snd_device(2) num devices(1) new_snd_devices(0)
11-11 00:00:46.841 I/snet_event_log( 1526): [172655291,-1,]
11-11 00:00:46.843 W/AudioFlinger( 886): moveEffectChain_l() effect chain for session 0 not on source thread 0xb4000078da326030
11-11 00:00:46.904 W/System ( 2000): A resource failed to call release.
11-11 00:00:46.909 W/System ( 2000): A resource failed to call close.
11-11 00:00:46.909 W/System ( 2000): A resource failed to call release.
11-11 00:00:46.909 W/System ( 2000): A resource failed to call close.
11-11 00:00:46.910 W/System ( 2000): A resource failed to call release.
11-11 00:00:46.910 W/System ( 2000): A resource failed to call release.
11-11 00:00:46.990 I/GameModeConfig( 1526): isGameModeOn = false
11-11 00:00:46.995 D/InterruptionStateProvider( 2000): No alerting: filtered notification: 0|com.android.music|1|null|10082
11-11 00:00:46.996 D/InterruptionStateProvider( 2000): No alerting: filtered notification: 0|com.android.music|1|null|10082
11-11 00:00:47.000 I/GameModeConfig( 1526): isGameModeOn = false
11-11 00:00:47.002 D/PeopleSpaceWidgetMgr( 2000): Sbn doesn't contain valid PeopleTileKey: null/0/com.android.music
11-11 00:00:47.014 W/ConstraintSet( 2000): id unknown center_vertical_guideline
11-11 00:00:47.014 W/ConstraintSet( 2000): id unknown center_horizontal_guideline
11-11 00:00:47.014 W/ConstraintSet( 2000): id unknown media_action_barrier
11-11 00:00:47.014 W/ConstraintSet( 2000): id unknown remove_text
11-11 00:00:47.014 W/ConstraintSet( 2000): id unknown settings
11-11 00:00:47.014 W/ConstraintSet( 2000): id unknown cancel
11-11 00:00:47.014 W/ConstraintSet( 2000): id unknown dismiss
11-11 00:00:47.021 D/InterruptionStateProvider( 2000): No alerting: filtered notification: 0|com.android.music|1|null|10082
11-11 00:00:47.021 D/InterruptionStateProvider( 2000): No alerting: filtered notification: 0|com.android.music|1|null|10082
11-11 00:00:47.024 D/PeopleSpaceWidgetMgr( 2000): Sbn doesn't contain valid PeopleTileKey: null/0/com.android.music
11-11 00:00:47.032 W/ConstraintSet( 2000): id unknown center_vertical_guideline
11-11 00:00:47.032 W/ConstraintSet( 2000): id unknown center_horizontal_guideline
11-11 00:00:47.032 W/ConstraintSet( 2000): id unknown media_action_barrier
11-11 00:00:47.033 W/ConstraintSet( 2000): id unknown remove_text
11-11 00:00:47.033 W/ConstraintSet( 2000): id unknown settings
11-11 00:00:47.033 W/ConstraintSet( 2000): id unknown cancel
11-11 00:00:47.033 W/ConstraintSet( 2000): id unknown dismiss
11-11 00:00:47.315 I/mpu_uart( 644): [MSG-P:RECV]:No message received in 1000 ms
11-11 00:00:47.534 I/auditd ( 2764): type=1400 audit(0.0:14746232): avc: denied { read } for comm="event_loop" lport=13400 scontext=u:r:hht_ota_mgr:s0 tcontext=u:r:hht_ota_mgr:s0 tclass=udp_socket permissive=0
11-11 00:00:47.534 W/event_loop( 2764): type=1400 audit(0.0:14746232): avc: denied { read } for lport=13400 scontext=u:r:hht_ota_mgr:s0 tcontext=u:r:hht_ota_mgr:s0 tclass=udp_socket permissive=0
11-11 00:00:47.538 I/auditd ( 2764): type=1400 audit(0.0:14746233): avc: denied { read } for comm="event_loop" lport=13400 scontext=u:r:hht_ota_mgr:s0 tcontext=u:r:hht_ota_mgr:s0 tclass=udp_socket permissive=0
11-11 00:00:47.538 W/event_loop( 2764): type=1400 audit(0.0:14746233): avc: denied { read } for lport=13400 scontext=u:r:hht_ota_mgr:s0 tcontext=u:r:hht_ota_mgr:s0 tclass=udp_socket permissive=0
11-11 00:00:47.538 I/auditd ( 2764): type=1400 audit(0.0:14746234): avc: denied { read } for comm="event_loop" lport=13400 scontext=u:r:hht_ota_mgr:s0 tcontext=u:r:hht_ota_mgr:s0 tclass=udp_socket permissive=0
11-11 00:00:47.538 W/event_loop( 2764): type=1400 audit(0.0:14746234): avc: denied { read } for lport=13400 scontext=u:r:hht_ota_mgr:s0 tcontext=u:r:hht_ota_mgr:s0 tclass=udp_socket permissive=0
11-11 00:00:47.538 I/auditd ( 2764): type=1400 audit(0.0:14746235): avc: denied { read } for comm="event_loop" lport=13400 scontext=u:r:hht_ota_mgr:s0 tcontext=u:r:hht_ota_mgr:s0 tclass=udp_socket permissive=0
11-11 00:00:47.538 W/event_loop( 2764): type=1400 audit(0.0:14746235): avc: denied { read } for lport=13400 scontext=u:r:hht_ota_mgr:s0 tcontext=u:r:hht_ota_mgr:s0 tclass=udp_socket permissive=0
11-11 00:00:47.538 I/auditd ( 2764): type=1400 audit(0.0:14746236): avc: denied { read } for comm="event_loop" lport=13400 scontext=u:r:hht_ota_mgr:s0 tcontext=u:r:hht_ota_mgr:s0 tclass=udp_socket permissive=0
11-11 00:00:47.538 W/event_loop( 2764): type=1400 audit(0.0:14746236): avc: denied { read } for lport=13400 scontext=u:r:hht_ota_mgr:s0 tcontext=u:r:hht_ota_mgr:s0 tclass=udp_socket permissive=0
11-11 00:11:08.741 W/audit ( 0): audit_lost=14746452 audit_rate_limit=5 audit_backlog_limit=64
11-11 00:11:08.741 E/audit ( 0): rate limit exceeded
11-11 00:00:47.566 W/kcp_info( 5265): HCDN_LOG: [T:5570]Update: udp kcp size[0], timeout kcp size[0]
11-11 00:00:47.608 I/mpu_uart( 644): [MSG-P:R]:recv sync frame timeout
11-11 00:00:48.001 I/OpenGLRenderer( 3511): Davey! duration=9223371622396ms; Flags=0, FrameTimelineVsyncId=4714, IntendedVsync=414457786656, Vsync=414457786656, InputEventId=0, HandleInputStart=414458474578, AnimationStart=414458478328, PerformTraversalsStart=414458480932, DrawStart=414459550307, FrameDeadline=414491119988, FrameInterval=414458465047, FrameStartTime=16666666, SyncQueued=414460150932, SyncStart=414460293328, IssueDrawCommandsStart=414461037130, SwapBuffers=414468117755, FrameCompleted=9223372036854775807, DequeueBufferDuration=43803, QueueBufferDuration=1197604, GpuCompleted=9223372036854775807, SwapBuffersCompleted=414469976401, DisplayPresentTime=0,
11-11 00:00:48.316 I/mpu_uart( 644): [MSG-P:RECV]:No message received in 1000 ms
11-11 00:00:48.542 I/auditd ( 2764): type=1400 audit(0.0:15019015): avc: denied { read } for comm="event_loop" lport=13400 scontext=u:r:hht_ota_mgr:s0 tcontext=u:r:hht_ota_mgr:s0 tclass=udp_socket permissive=0
11-11 00:00:48.542 W/event_loop( 2764): type=1400 audit(0.0:15019015): avc: denied { read } for lport=13400 scontext=u:r:hht_ota_mgr:s0 tcontext=u:r:hht_ota_mgr:s0 tclass=udp_socket permissive=0
11-11 00:00:48.542 I/auditd ( 2764): type=1400 audit(0.0:15019016): avc: denied { read } for comm="event_loop" lport=13400 scontext=u:r:hht_ota_mgr:s0 tcontext=u:r:hht_ota_mgr:s0 tclass=udp_socket permissive=0
11-11 00:00:48.542 W/event_loop( 2764): type=1400 audit(0.0:15019016): avc: denied { read } for lport=13400 scontext=u:r:hht_ota_mgr:s0 tcontext=u:r:hht_ota_mgr:s0 tclass=udp_socket permissive=0
11-11 00:00:48.542 I/auditd ( 2764): type=1400 audit(0.0:15019017): avc: denied { read } for comm="event_loop" lport=13400 scontext=u:r:hht_ota_mgr:s0 tcontext=u:r:hht_ota_mgr:s0 tclass=udp_socket permissive=0
11-11 00:00:48.542 W/event_loop( 2764): type=1400 audit(0.0:15019017): avc: denied { read } for lport=13400 scontext=u:r:hht_ota_mgr:s0 tcontext=u:r:hht_ota_mgr:s0 tclass=udp_socket permissive=0
11-11 00:00:48.542 I/auditd ( 2764): type=1400 audit(0.0:15019018): avc: denied { read } for comm="event_loop" lport=13400 scontext=u:r:hht_ota_mgr:s0 tcontext=u:r:hht_ota_mgr:s0 tclass=udp_socket permissive=0
11-11 00:00:48.542 W/event_loop( 2764): type=1400 audit(0.0:15019018): avc: denied { read } for lport=13400 scontext=u:r:hht_ota_mgr:s0 tcontext=u:r:hht_ota_mgr:s0 tclass=udp_socket permissive=0
11-11 00:00:48.542 I/auditd ( 2764): type=1400 audit(0.0:15019019): avc: denied { read } for comm="event_loop" lport=13400 scontext=u:r:hht_ota_mgr:s0 tcontext=u:r:hht_ota_mgr:s0 tclass=udp_socket permissive=0
11-11 00:00:48.542 W/event_loop( 2764): type=1400 audit(0.0:15019019): avc: denied { read } for lport=13400 scontext=u:r:hht_ota_mgr:s0 tcontext=u:r:hht_ota_mgr:s0 tclass=udp_socket permissive=0
11-11 00:11:09.745 W/audit ( 0): audit_lost=15019220 audit_rate_limit=5 audit_backlog_limit=64
11-11 00:11:09.745 E/audit ( 0): rate limit exceeded
11-11 00:00:48.601 W/kcp_info( 5265): HCDN_LOG: [T:5570]Update: udp kcp size[0], timeout kcp size[0]
11-11 00:00:48.902 W/AudioManager( 3511): Use of stream types is deprecated for operations other than volume control
11-11 00:00:48.903 W/AudioManager( 3511): See the documentation of requestAudioFocus() for what to use instead with android.media.AudioAttributes to qualify your playback use case
11-11 00:00:48.904 I/MediaFocusControl( 1526): requestAudioFocus() from uid/pid 10082/3511 AA=USAGE_MEDIA/CONTENT_TYPE_MUSIC clientId=android.media.AudioManager@237515dcom.android.music.MediaPlaybackService$4@7462ad2 callingPack=com.android.music req=1 flags=0x0 sdk=31
11-11 00:00:48.906 D/MediaFocusControl( 1526): audio_idcm: updateCurrentAudioFocus: uid= 10082 fr = 10082 focusChange= 1
11-11 00:00:48.906 W/MediaFocusControl( 1526): Request AudioFocus again: update mFocusLossReceived -> AUDIOFOCUS_NONE
11-11 00:00:48.918 I/GameModeConfig( 1526): isGameModeOn = false
11-11 00:00:48.918 I/GameModeConfig( 1526): isGameModeOn = false
