03-28 20:22:26.977 E/hcdn_downloadengine( 5265): HCDN_LOG: [T:5569]HttpDownFile,252 szFileSavePath = /storage/emulated/0/Android/data/com.qiyi.video.pad/files/com.qiyi.video.pad/puma//vodservercfg.blf, httpclient.GetDataLength() = 0
03-28 20:22:26.977 E/hcdn_downloadengine( 5265): HCDN_LOG: [T:5569]CHttpDownloadFile http download ok!
03-28 20:22:26.983 W/q_h_c_s ( 5265): HCDN_LOG: [T:5569]SyncGet:1205,------> SyncGet (reid: 67270015, requestUrl: http://flux.iqiyi.com/, connect timeout: 5001, read timeout: 0, qtp enable: 1)
03-28 20:22:26.983 W/q_h_c_s ( 5265): HCDN_LOG: [T:5569]SetState:1379,QTP State changed: QS_UNINIT =========> QSD1R0_START (reid: 67270015)
03-28 20:22:26.983 W/q_h_c_s ( 5265): HCDN_LOG: [T:5569]SetState:1379,QTP State changed: QSD1R0_START =========> QSD1R0_WAITFOR_CURLDNS_RESP (reid: 67270015)
03-28 20:22:27.026 W/q_h_c_s ( 5265): HCDN_LOG: [T:5557]SetEasyOpt:1330,curl_easy_setopt CURLOPT_IPRESOLVE success (reid: 67270015, ipresolve: 1)
03-28 20:22:27.026 W/q_h_c_s ( 5265): HCDN_LOG: [T:5557]SetEasyOpt:1883,curl_easy_setopt CURLOPT_URL success: http://flux.iqiyi.com/ (reid: 67270015)
03-28 20:22:27.026 W/q_h_c_s ( 5265): HCDN_LOG: [T:5557]SetEasyOpt:2686,curl_easy_setopt CURLOPT_LOW_SPEED_LIMIT success for global (reid: 67270015, speed: 1)
03-28 20:22:27.026 W/q_h_c_s ( 5265): HCDN_LOG: [T:5557]SetEasyOpt:2698,curl_easy_setopt CURLOPT_LOW_SPEED_TIME success for global (reid: 67270015, time: 10)
03-28 20:22:27.026 W/q_h_c_s ( 5265): HCDN_LOG: [T:5557]SetEasyOpt:2903,curl_easy_setopt CURLOPT_CONNECTTIMEOUT_MS success (reid: 67270015, timeout: 5001)
03-28 20:22:27.026 W/q_h_c_s ( 5265): HCDN_LOG: [T:5557]AddToMultiHandle:965,AddToMultiHandle: reid: 67270015, taskid(0), moduleId(0), offset(0), length(-1) , CURL(0xb3116900) , m_mapRun(4), m_mapReqId2EasyHandle(4), m_vecModuleRun(0,4,0,0,0,0,0,0,0)
03-28 20:22:27.026 D/muses ( 5265): LoadFileDiffAction prepareLocalFileInfo, 41 valid files
03-28 20:22:27.026 D/muses ( 5265): LoadFileDiffAction fetchDiffInfo, resourceTypes: [OCR, QIBABU, VIRTUAL_AVATAR]
03-28 20:22:27.030 W/q_h_c_d ( 5265): HCDN_LOG: [T:5527]SetState:1379,QTP State changed: QSD1R0_WAITFOR_CURLDNS_RESP =========> QSD1R0_WAITFOR_HTTP_RESP1 (reid: 64850012)
03-28 20:22:27.030 W/q_h_c_d ( 5265): HCDN_LOG: [T:5527]ProcessQtpStateWhenHttpDone:1511,Check QTP state, reid: 64850013, flags are isHijacked:0, isDataCallbacked:0, isHttpSockWorkable:0, isUproxyWorkable:0, isRange:0, isRangeLowSpeed:0
03-28 20:22:27.030 W/q_h_c_d ( 5265): HCDN_LOG: [T:5527]ExecuteCallback:2463,HTTP time information: reid: 64850013, reqScheduleTime: 1680006146695, reqBeginTime: 1680006146701, qtpDnsEndTime: 1680006146701, startRecvHeaderTime: 1680006147030, startRecvBodyTime: 0, reqEndTime: 1680006147030
03-28 20:22:27.031 W/q_h_c_d ( 5265): HCDN_LOG: [T:5527]ExecuteCallback:2669,HTTP finished, reid: 64850013, status: ownErrCode: 0 (MultiCurl HTTP request success), sysErrno: 0, transErrCode: 0, mCurlErrCode: 0, eCurlErrCode: 0, HTTP status code: 200, HTTP version: 1, trypath:ld
03-28 20:22:27.031 W/q_h_c_d ( 5265): HCDN_LOG: [T:5527]ProcessCurlMsg:620,ProcessCurlMsg: reid: 64850013, taskid(0), moduleId(3001), offset(0), length(-1) , CURL(0x0) , m_mapRun(3), m_mapReqId2EasyHandle(3), m_vecModuleRun(0,0,0,0,0,0,2,1,0)
03-28 20:22:27.031 W/q_h_c_d ( 5265): HCDN_LOG: [T:5527]ProcessQtpStateWhenHttpDone:1511,Check QTP state, reid: 64850012, flags are isHijacked:0, isDataCallbacked:0, isHttpSockWorkable:0, isUproxyWorkable:0, isRange:0, isRangeLowSpeed:0
03-28 20:22:27.031 W/q_h_c_d ( 5265): HCDN_LOG: [T:5527]SetState:1379,QTP State changed: QSD1R0_WAITFOR_HTTP_RESP1 =========> QS_SUCCESS (reid: 64850012)
03-28 20:22:27.031 W/q_h_c_d ( 5265): HCDN_LOG: [T:5527]CollectHttpStat:3353,Connection info for reid: 64850012, req_domain: ndct-data.video.iqiyi.com, http_code: 200[1], classified_err: 0, own_err: 0, try_path: ld, cronet_check: -1, connection info: (m_primaryIp: 39.156.41.38, m_primaryPort: 80, m_connectIp: 39.156.41.38, m_connectPort: 80, m_localIp: 192.168.124.246, m_localPort: 55280, m_resolveTime: 0.096809s, m_connectTime: 0.161400s, m_appConnectTime: 0.000000s, m_preTransTime: 0.161552s, m_startTransTime: 0.358304s, m_totalTime: 0.360000s, m_avgDownloadSpeed: 0.000000kB/s, m_totalDownloadSize: 0B, m_avgUploadSpeed: 0.000000kB/s, m_totalUploadSize: 0B, m_isHappyEyeballsHappened: 0, m_connectionReuse: 0, m_mumConnects: 1, m_redirectTime: 0.000000s)
03-28 20:22:27.031 W/q_h_c_d ( 5265): HCDN_LOG: [T:5527]ExecuteCallback:2463,HTTP time information: reid: 64850012, reqScheduleTime: 1680006146660, reqBeginTime: 1680006146671, qtpDnsEndTime: 1680006146671, startRecvHeaderTime: 1680006147030, startRecvBodyTime: 0, reqEndTime: 1680006147031
03-28 20:22:27.031 I/JniNetDoctor( 5265): [5527] ND_LOG: OnResponseFinished(212) AsyncHTTPClient OnResponseFinished!! request_id: 64850012
03-28 20:22:27.031 I/JniNetDoctor( 5265): [5527] ND_LOG: OnResponseFinished(258) AsyncHTTPClient downloaded 0 bytes in total, request_id: 64850012
03-28 20:22:27.031 W/q_h_c_d ( 5265): HCDN_LOG: [T:5527]qtp_destroy_req:519,Destroying qtp req(0xf57898b0)...
03-28 20:22:27.031 I/JniNetDoctor( 5265): [5527] ND_LOG: OnHTTPResponse(79) OnGetCmd error_code: 0, http_status: 200
03-28 20:22:27.032 I/JniNetDoctor( 5265): [5527] ND_LOG: OnResponseFinished(289) AsyncHTTPClient ended
03-28 20:22:27.032 W/q_h_c_d ( 5265): HCDN_LOG: [T:5527]ExecuteCallback:2669,HTTP finished, reid: 64850012, status: ownErrCode: 0 (MultiCurl HTTP request success), sysErrno: 0, transErrCode: 0, mCurlErrCode: 0, eCurlErrCode: 0, HTTP status code: 200, HTTP version: 1, trypath:ld
03-28 20:22:27.032 W/q_h_c_d ( 5265): HCDN_LOG: [T:5527]ProcessCurlMsg:620,ProcessCurlMsg: reid: 64850012, taskid(0), moduleId(4600), offset(0), length(-1) , CURL(0x0) , m_mapRun(2), m_mapReqId2EasyHandle(2), m_vecModuleRun(0,0,0,0,0,0,2,0,0)
03-28 20:22:27.079 W/q_h_c_s ( 5265): HCDN_LOG: [T:5557]ProcessQtpStateWhenHttpDone:1511,Check QTP state, reid: 67270014, flags are isHijacked:0, isDataCallbacked:0, isHttpSockWorkable:0, isUproxyWorkable:0, isRange:0, isRangeLowSpeed:0
03-28 20:22:27.079 W/q_h_c_s ( 5265): HCDN_LOG: [T:5557]SetState:1379,QTP State changed: VP_WAITFOR_HTTP_RESP =========> QS_SUCCESS (reid: 67270014)
03-28 20:22:27.080 W/q_h_c_s ( 5265): HCDN_LOG: [T:5557]CollectHttpStat:3353,Connection info for reid: 67270014, req_domain: data6.video.iqiyi.com, http_code: 200[1], classified_err: 0, own_err: 0, try_path: ld, cronet_check: -1, connection info: (m_primaryIp: 111.48.136.163, m_primaryPort: 80, m_connectIp: 111.48.136.163, m_connectPort: 80, m_localIp: 192.168.124.246, m_localPort: 34058, m_resolveTime: 0.000096s, m_connectTime: 0.000097s, m_appConnectTime: 0.000000s, m_preTransTime: 0.000269s, m_startTransTime: 0.153014s, m_totalTime: 0.153248s, m_avgDownloadSpeed: 1.455078kB/s, m_totalDownloadSize: 228B, m_avgUploadSpeed: 0.000000kB/s, m_totalUploadSize: 0B, m_mptcpWifiInfo: , m_mptcpLteInfo: , m_isHappyEyeballsHappened: 0, m_connectionReuse: 0, m_mumConnects: 0, m_redirectTime: 0.000000s)
03-28 20:22:27.080 W/q_h_c_s ( 5265): HCDN_LOG: [T:5557]ExecuteCallback:2463,HTTP time information: reid: 67270014, reqScheduleTime: 1680006146898, reqBeginTime: 1680006146926, qtpDnsEndTime: 1680006146926, startRecvHeaderTime: 1680006147079, startRecvBodyTime: 1680006147079, reqEndTime: 1680006147079
03-28 20:22:27.080 W/q_h_c_s ( 5265): HCDN_LOG: [T:5557]ExecuteCallback:2669,HTTP finished, reid: 67270014, status: ownErrCode: 0 (MultiCurl HTTP request success), sysErrno: 0, transErrCode: 0, mCurlErrCode: 0, eCurlErrCode: 0, HTTP status code: 200, HTTP version: 1, trypath:ld
03-28 20:22:27.080 W/areainfo( 5265): HCDN_LOG: [T:5570]OnGetISPByHTTP. 鑾峰緱HTTP璇锋眰鑾峰彇鍦板煙淇℃伅!(resp:{"t":"CMNET|SiChuan-183.223.107.35","z":"bscdn_cmnet","mrc":"0","time":"1680069360","v":"2023-03-14 v23.11.1","l":"http://bscloudcdncmnet.inter.iqiyi.com/v.f4v?uuid=b7df6b23-6423d2f0-222&src=iqiyi.com&cphc=arta","abs_speed":500})
03-28 20:22:27.080 W/q_h_c_s ( 5265): HCDN_LOG: [T:5557]ProcessCurlMsg:620,ProcessCurlMsg: reid: 67270014, taskid(0), moduleId(0), offset(0), length(-1) , CURL(0x0) , m_mapRun(3), m_mapReqId2EasyHandle(3), m_vecModuleRun(0,3,0,0,0,0,0,0,0)
03-28 20:22:27.080 W/areainfo( 5265): HCDN_LOG: [T:5570]OnGetISPByHTTP. 璁剧疆HTTP璇锋眰鑾峰彇ISP淇℃伅!(147)
03-28 20:22:27.082 W/q_h_c_s ( 5265): HCDN_LOG: [T:5557]ProcessQtpStateWhenHttpDone:1511,Check QTP state, reid: 67270013, flags are isHijacked:0, isDataCallbacked:0, isHttpSockWorkable:0, isUproxyWorkable:0, isRange:0, isRangeLowSpeed:0
03-28 20:22:27.082 W/q_h_c_s ( 5265): HCDN_LOG: [T:5557]SetState:1379,QTP State changed: VP_WAITFOR_HTTP_RESP =========> QS_SUCCESS (reid: 67270013)
03-28 20:22:27.082 W/q_h_c_s ( 5265): HCDN_LOG: [T:5557]ExecuteCallback:2463,HTTP time information: reid: 67270013, reqScheduleTime: 1680006146825, reqBeginTime: 1680006146832, qtpDnsEndTime: 1680006146832, startRecvHeaderTime: 1680006147081, startRecvBodyTime: 0, reqEndTime: 1680006147081
03-28 20:22:27.082 W/cdnspeedup( 5265): HCDN_LOG: [T:5575]HcbOnGetCDNSpeedUpCtrlEx,426, Get Data from Server is NULL! m_szCDNSpeedUpInfoSize:14740
03-28 20:22:27.084 W/cdnetwork_tcpclient( 5265): HCDN_LOG: [T:5575][func:ParseCDNSpeedUpXML],[line:1179],post_switch_stats:1
03-28 20:22:27.087 E/ignored ( 5265): java.lang.NullPointerException: Attempt to invoke virtual method 'java.lang.Object android.content.Context.getSystemService(java.lang.String)' on a null object reference
03-28 20:22:27.088 W/q_h_c_s ( 5265): HCDN_LOG: [T:5557]ExecuteCallback:2669,HTTP finished, reid: 67270013, status: ownErrCode: 0 (MultiCurl HTTP request success), sysErrno: 0, transErrCode: 0, mCurlErrCode: 0, eCurlErrCode: 0, HTTP status code: 304, HTTP version: 1, trypath:ld
03-28 20:22:27.088 W/q_h_c_s ( 5265): HCDN_LOG: [T:5557]ProcessCurlMsg:620,ProcessCurlMsg: reid: 67270013, taskid(0), moduleId(0), offset(0), length(-1) , CURL(0x0) , m_mapRun(2), m_mapReqId2EasyHandle(2), m_vecModuleRun(0,2,0,0,0,0,0,0,0)
03-28 20:22:27.089 W/q_h_c_d ( 5265): HCDN_LOG: [T:5527]ProcessCurlMsg:596,curl error detected (reid: 64850015, error: ownErrCode: 2004 (CURL message done with error), sysErrno: 0, transErrCode: 0, mCurlErrCode: 0, eCurlErrCode: 6)
03-28 20:22:27.090 W/q_h_c_d ( 5265): HCDN_LOG: [T:5527]CollectHttpStat:3353,Connection info for reid: 64850015, req_domain: fbce12b6-2c922600a361-0a3de043-xxxxxxxxxxxxxxxxxxxxxxxxxxxxxxxx.afdback.ppsimg.com, http_code: 0[0], classified_err: 6, own_err: 2004000000000006, try_path: null, cronet_check: -1, connection info: (m_primaryIp: , m_primaryPort: 0, m_connectIp: , m_connectPort: 0, m_localIp: , m_localPort: 0, m_resolveTime: 0.000000s, m_connectTime: 0.000000s, m_appConnectTime: 0.000000s, m_preTransTime: 0.000000s, m_startTransTime: 0.000000s, m_totalTime: 0.286000s, m_avgDownloadSpeed: 0.000000kB/s, m_totalDownloadSize: 0B, m_avgUploadSpeed: 0.000000kB/s, m_totalUploadSize: 0B, m_isHappyEyeballsHappened: 0, m_connectionReuse: 0, m_mumConnects: 0, m_redirectTime: 0.000000s)
03-28 20:22:27.090 W/q_h_c_d ( 5265): HCDN_LOG: [T:5527]CollectHttpStat:3372,Curl error info for reid: 64850015, Could not resolve host: fbce12b6-2c922600a361-0a3de043-xxxxxxxxxxxxxxxxxxxxxxxxxxxxxxxx.afdback.ppsimg.com
03-28 20:22:27.090 W/q_h_c_d ( 5265): HCDN_LOG: [T:5527]ExecuteCallback:2463,HTTP time information: reid: 64850015, reqScheduleTime: 1680006146774, reqBeginTime: 1680006146803, qtpDnsEndTime: 1680006146803, startRecvHeaderTime: 0, startRecvBodyTime: 0, reqEndTime: 1680006147089
03-28 20:22:27.090 W/q_h_c_d ( 5265): HCDN_LOG: [T:5527]ExecuteCallback:2669,HTTP finished, reid: 64850015, status: ownErrCode: 2004 (CURL message done with error), sysErrno: 0, transErrCode: 0, mCurlErrCode: 0, eCurlErrCode: 6, HTTP status code: 0, HTTP version: 0, trypath:
03-28 20:22:27.090 W/q_h_c_d ( 5265): HCDN_LOG: [T:5527]ProcessCurlMsg:620,ProcessCurlMsg: reid: 64850015, taskid(0), moduleId(3007), offset(0), length(-1) , CURL(0x0) , m_mapRun(1), m_mapReqId2EasyHandle(1), m_vecModuleRun(0,0,0,0,0,0,1,0,0)
03-28 20:22:27.091 W/q_h_c_d ( 5265): HCDN_LOG: [T:5539]qtp_stop_req:2076,Stopping qtp req(0xf5787850)
03-28 20:22:27.091 W/q_h_c_d ( 5265): HCDN_LOG: [T:5539]StopHttpRequest:1245,reid: 64850015 not found when StopHttpRequest
03-28 20:22:27.091 W/q_h_c_d ( 5265): HCDN_LOG: [T:5539]qtp_destroy_req:519,Destroying qtp req(0xf5787850)...
03-28 20:22:27.091 W/q_h_c_d ( 5265): HCDN_LOG: [T:5539]qtp_create_req:511,Creating qtp req(0xf5787850)
03-28 20:22:27.091 W/q_h_c_d ( 5265): HCDN_LOG: [T:5539]AsyncGet:1219,------> AsyncGet (reid: 64850016, requestUrl: http://api.afdback.ppsimg.com/get?bsid=core&rid=fbce12b6-2c922600a361-0a3de043-xxxxxxxxxxxxxxxxxxxxxxxxxxxxxxxx, connect timeout: 5001, read timeout: 5000, qtp enable: 0)
03-28 20:22:27.094 W/cdnetwork_tcpclient( 5265): HCDN_LOG: [T:5575][func:ParseCDNSpeedUpXML],[line:3563],cellular net config,m_strCellularNetPolicy=
03-28 20:22:27.094 W/cdnetwork_tcpclient( 5265):
03-28 20:22:27.094 W/cdnetwork_tcpclient( 5265):
03-28 20:22:27.094 W/cdnetwork_tcpclient( 5265):
03-28 20:22:27.094 W/cdnetwork_tcpclient( 5265):
03-28 20:22:27.094 W/cdnetwork_tcpclient( 5265):
03-28 20:22:27.094 W/cdnetwork_tcpclient( 5265):
03-28 20:22:27.094 W/cdnetwork_tcpclient( 5265):
03-28 20:22:27.094 W/cdnetwork_tcpclient( 5265):
03-28 20:22:27.094 W/cdnetwork_tcpclient( 5265):
03-28 20:22:27.094 W/cdnetwork_tcpclient( 5265):
03-28 20:22:27.094 W/cdnetwork_tcpclient( 5265):
03-28 20:22:27.094 W/cdnetwork_tcpclient( 5265):
03-28 20:22:27.094 W/cdnetwork_tcpclient( 5265):
03-28 20:22:27.094 W/cdnetwork_tcpclient( 5265):
03-28 20:22:27.094 W/cdnetwork_tcpclient( 5265):
03-28 20:22:27.094 W/cdnetwork_tcpclient( 5265):
03-28 20:22:27.094 W/cdnetwork_tcpclient( 5265):
03-28 20:22:27.094 W/cdnetwork_tcpclient( 5265):
03-28 20:22:27.094 W/cdnetwork_tcpclient( 5265):
03-28 20:22:27.094 W/cdnetwork_tcpclient( 5265):
03-28 20:22:27.094 W/cdnetwork_tcpclient( 5265):
03-28 20:22:27.094 W/cdnetwork_tcpclient( 5265):
03-28 20:22:27.094 W/cdnetwork_tcpclient( 5265):
03-28 20:22:27.094 W/cdnspeedup( 5265): HCDN_LOG: [T:5575]ParseCDNSpeedUpXML. statpost config result: 1, m_statSwitch: 1, stat_v: 1.0.11
03-28 20:22:27.095 D/muses ( 5265): LoadFileDiffAction doAction, 278 ms escaped all
03-28 20:22:27.095 D/ugc-baseline( 5265): UgcManager initMuses, onStateChanged state: SUCCESS
03-28 20:22:27.095 D/ugc-baseline( 5265): UgcManager initMuses, onStateChanged, libList is empty
03-28 20:22:27.095 W/hcdn_downloadengine( 5265): HCDN_LOG: [T:5567]OnRecvIsCDNSpeedUp,1603 recv hcdn download policy!
03-28 20:22:27.095 W/hcdn_downloadengine( 5265): HCDN_LOG: [T:5567]OnRecvIsCDNSpeedUp,1733 cloud ws:0,wsmin:60,wsmax:120, app_set_ws:0, real ws:0!
03-28 20:22:27.095 W/hcdn_downloadengine( 5265): HCDN_LOG: [T:5567]OnRecvIsCDNSpeedUp,1752 seek try p2p : 1,offd_use_dce(1),only_dtect_cdns_o(1),nv_cn_dcache_e_s(-1),qsv_multi_dc(1),enable_weak_sg_policy(1),preload_use_p2p(1),contiune_p_preload_u_p2p(1),watermark_use_p2p(1)
03-28 20:22:27.095 W/de_p2plimit( 5265): HCDN_LOG: [T:5567]SetCloudValue,24 set install_limit_hour:1 !
03-28 20:22:27.096 W/hcdn_downloadengine( 5265): HCDN_LOG: [T:5567]OnRecvIsCDNSpeedUp,1787 dynamic buffer cloud, dynamic_type(3), a_active_stage_bitrate_multiple(1.50),a_dcachesp_multiple_actbitrate(1.00),a_localbw_multiple(3.00),a_buffer_minmax[8,15],cel_buffer_minmax[10,16],b_cdn_dcache_speed_meet_require(1),b_stuck_bitmulti2buffer_backoff(0),bitrate_policy(1),optimize_flag(31),cdn_limit(60),cel_cdn_limit(60),alloc_policy(47),speed_buffer_rate[1.50],install_limit_p2p[1].
03-28 20:22:27.096 W/hcdn_downloadengine( 5265): HCDN_LOG: [T:5567]OnRecvIsCDNSpeedUp,1796 dynamic buffer cloud, b_speed_mul_bit:2.00, buffer_min_max[7,13],wifi
03-28 20:22:27.096 W/hcdn_downloadengine( 5265): HCDN_LOG: [T:5567]OnRecvIsCDNSpeedUp,1796 dynamic buffer cloud, b_speed_mul_bit:3.00, buffer_min_max[6,11],wifi
03-28 20:22:27.096 W/hcdn_downloadengine( 5265): HCDN_LOG: [T:5567]OnRecvIsCDNSpeedUp,1796 dynamic buffer cloud, b_speed_mul_bit:4.00, buffer_min_max[5,9],wifi
03-28 20:22:27.096 W/hcdn_downloadengine( 5265): HCDN_LOG: [T:5567]OnRecvIsCDNSpeedUp,1805 dynamic buffer cloud, b_speed_mul_bit:3.00, buffer_min_max[8,14],cellular
03-28 20:22:27.096 W/hcdn_downloadengine( 5265): HCDN_LOG: [T:5567]OnRecvIsCDNSpeedUp,1805 dynamic buffer cloud, b_speed_mul_bit:4.00, buffer_min_max[6,11],cellular
03-28 20:22:27.096 W/hcdn_downloadengine( 5265): HCDN_LOG: [T:5567]OnRecvIsCDNSpeedUp,1811 dynamic buffer cloud, high_bitrate_threshold:3.00, high_buffer_minmax[12,20]
03-28 20:22:27.096 W/hcdn_downloadengine( 5265): HCDN_LOG: [T:5567]OnRecvIsCDNSpeedUp,2129 speed_limit_for_storage : 10240 KBps
03-28 20:22:27.096 W/hcdn_downloadengine( 5265): HCDN_LOG: [T:5567]OnRecvIsCDNSpeedUp,2237 mobile upload conn_power:0,lock_screen:0,no_task:0,battery:30,speed:2048 kbps
03-28 20:22:27.096 W/hcdn_downloadengine( 5265): HCDN_LOG: [T:5567]OnRecvIsCDNSpeedUp,2255 upload start_time=121500,end_time=123000
03-28 20:22:27.096 W/hcdn_downloadengine( 5265): HCDN_LOG: [T:5567]OnRecvIsCDNSpeedUp,2294 cnds_pb_s:0,cnp2p_pb_s:1,hstuck_pb_s:0,flux_manager_pb_s:1,ppflux_pb_s:0 offline_speed_pb_s:0 vcost_pb_s:0 err_pb_s:0 playinfo_pb_s:0
03-28 20:22:27.096 W/hcdn_downloadengine( 5265): HCDN_LOG: [T:5567]OnRecvIsCDNSpeedUp,2344 decache prior use policy start_time=080000,end_time=235900
03-28 20:22:27.096 W/hcdn_downloadengine( 5265): HCDN_LOG: [T:5567]OnRecvIsCDNSpeedUp,2458 MSG_DE2P2P_Offline_P2PQuality_Weight_Report
03-28 20:22:27.096 E/kcp ( 5265): HCDN_LOG: [T:5570]enable_multik:1 enable_kcp:1
03-28 20:22:27.096 E/ipv6 ( 5265): HCDN_LOG: [T:5570]enable:1 cross_isp:0 cross_area:0 isp_blacklist: ipv6_rank:
03-28 20:22:27.096 E/p2pnetwork( 5265): HCDN_LOG: [T:5570]Set_p2p_quality_weight,2644. 3,3,1,4,48,1,64,50,1,80,10,0.750000,0.750000,10,6,0,1.000000,1.000000, inside_wnd_size_enable[1]
03-28 20:22:27.096 W/cellar_policy( 5265): HCDN_LOG: [T:5567][func:parseVersions],[line:149], there is no versions element.
03-28 20:22:27.096 W/hcdn_downloadengine( 5265): HCDN_LOG: [T:5567]UpdateCellularNetCdnP2pPolicy,5575 conntype:unknown,isp:CMNET,province:SiChuan,tf-status:-1,cdn_param_direct:0,play_policy:2,offline_policy:2
03-28 20:22:27.097 E/kcp ( 5265): HCDN_LOG: [T:5570][download] entire_multik_enabled:1
03-28 20:22:27.097 E/p2pnetwork( 5265): HCDN_LOG: [T:5570]Set_p2p_quality_weight_for_offline,2724. 1,3,1,4,48,1,64,50,1,80,10,0.750000,0.750000,10,6,0,0.000000,0.000000
03-28 20:22:27.097 E/storage_operate( 5265): HCDN_LOG: [T:5573][SetManageBlockByVui,873],[cloud mbv, percentage:0, blackVersion:10.1.2.4204;]
03-28 20:22:27.098 E/storage_operate( 5265): HCDN_LOG: [T:5573][SetNewDiskConfig,879],[cloud mbv, new disk config, openDisk:1, blackVersion:]
03-28 20:22:27.099 E/storage_operate( 5265): HCDN_LOG: [T:5573][SetPredeploySaveDiskOnly,1321],[oper:cloud_param],[PredeploySaveDiskOnly:0]
03-28 20:22:27.099 E/storage_operate( 5265): HCDN_LOG: [T:5573][SetDiskIOSwitch,841],pgf_diskio:0
03-28 20:22:27.100 E/storage_operate( 5265): HCDN_LOG: [T:5573][GetNetIOSwitch,1957],[NetIO],[Type:0],[IO:0],[ComIO:1]
03-28 20:22:27.108 D/MicroService( 2139): getEvent: clientSocket = Socket[address=/192.168.4.4,port=58122,localPort=9999]
03-28 20:22:27.108 D/MicroService( 2139): run: called
03-28 20:22:27.108 D/MicroService( 2139): getEvent: start waiting...
03-28 20:22:27.112 I/MicroService( 2139): getStringByData(noZero): IDCM_HHServer
03-28 20:22:27.112 I/MicroService( 2139): getStringByData(noZero): FSEM_SettingService
03-28 20:22:27.112 I/MicroService( 2139): getStringByData: {
03-28 20:22:27.112 I/MicroService( 2139): "dstService" : "FSEM_SettingService",
03-28 20:22:27.112 I/MicroService( 2139): "messageType" : 0,
03-28 20:22:27.112 I/MicroService( 2139): "methodName" : "syncTime",
03-28 20:22:27.112 I/MicroService( 2139): "parameters" : {
03-28 20:22:27.112 I/MicroService( 2139): "IDCM_Time_12_24" : "24",
03-28 20:22:27.112 I/MicroService( 2139): "IDCM_Timestamp" : 14000,
03-28 20:22:27.112 I/MicroService( 2139): "IDCM_Timezone" : "GMT+08:00"
03-28 20:22:27.112 I/MicroService( 2139): },
03-28 20:22:27.112 I/MicroService( 2139): "srcService" : "IDCM_HHServer",
03-28 20:22:27.112 I/MicroService( 2139): "uuid" : 14523258000
03-28 20:22:27.112 I/MicroService( 2139): }
03-28 20:22:27.112 I/MicroService( 2139): Receive message: SocketMessageBean{businessData='21930', srcService='IDCM_HHServer', destService='FSEM_SettingService', messageType='0', uuid='14523258000', payloadData={
03-28 20:22:27.112 I/MicroService( 2139): "dstService" : "FSEM_SettingService",
03-28 20:22:27.112 I/MicroService( 2139): "messageType" : 0,
03-28 20:22:27.112 I/MicroService( 2139): "methodName" : "syncTime",
03-28 20:22:27.112 I/MicroService( 2139): "parameters" : {
03-28 20:22:27.112 I/MicroService( 2139): "IDCM_Time_12_24" : "24",
03-28 20:22:27.112 I/MicroService( 2139): "IDCM_Timestamp" : 14000,
03-28 20:22:27.112 I/MicroService( 2139): "IDCM_Timezone" : "GMT+08:00"
03-28 20:22:27.112 I/MicroService( 2139): },
03-28 20:22:27.112 I/MicroService( 2139): "srcService" : "IDCM_HHServer",
03-28 20:22:27.112 I/MicroService( 2139): "uuid" : 14523258000
03-28 20:22:27.112 I/MicroService( 2139): }
03-28 20:22:27.112 I/MicroService( 2139): }
03-28 20:22:27.112 I/MicroService( 2139): dealMessage: 0
03-28 20:22:27.112 I/MicroService( 2139): onRequest(syncTime): {"IDCM_Time_12_24":"24","IDCM_Timestamp":14000,"IDCM_Timezone":"GMT+08:00"}
03-28 20:22:27.138 W/q_h_c_d ( 5265): HCDN_LOG: [T:5527]SetEasyOpt:1330,curl_easy_setopt CURLOPT_IPRESOLVE success (reid: 64850016, ipresolve: 1)
03-28 20:22:27.138 W/q_h_c_d ( 5265): HCDN_LOG: [T:5527]SetEasyOpt:1883,curl_easy_setopt CURLOPT_URL success: http://api.afdback.ppsimg.com/get?bsid=core&rid=fbce12b6-2c922600a361-0a3de043-xxxxxxxxxxxxxxxxxxxxxxxxxxxxxxxx (reid: 64850016)
03-28 20:22:27.138 W/q_h_c_d ( 5265): HCDN_LOG: [T:5527]SetEasyOpt:2686,curl_easy_setopt CURLOPT_LOW_SPEED_LIMIT success for global (reid: 64850016, speed: 1)
03-28 20:22:27.138 W/q_h_c_d ( 5265): HCDN_LOG: [T:5527]SetEasyOpt:2698,curl_easy_setopt CURLOPT_LOW_SPEED_TIME success for global (reid: 64850016, time: 10)
03-28 20:22:27.138 W/q_h_c_d ( 5265): HCDN_LOG: [T:5527]SetEasyOpt:2903,curl_easy_setopt CURLOPT_CONNECTTIMEOUT_MS success (reid: 64850016, timeout: 5001)
03-28 20:22:27.138 W/q_h_c_d ( 5265): HCDN_LOG: [T:5527]SetEasyOpt:2954,curl_easy_setopt CURLOPT_TIMEOUT_MS success (reid: 64850016, timeout: 5000)
03-28 20:22:27.138 W/q_h_c_d ( 5265): HCDN_LOG: [T:5527]AddToMultiHandle:965,AddToMultiHandle: reid: 64850016, taskid(0), moduleId(3007), offset(0), length(-1) , CURL(0xe46fe4f0) , m_mapRun(2), m_mapReqId2EasyHandle(2), m_vecModuleRun(0,0,0,0,0,0,2,0,0)
03-28 20:22:27.147 E/ignored ( 5265): java.lang.NullPointerException: Attempt to invoke virtual method 'java.lang.Object android.content.Context.getSystemService(java.lang.String)' on a null object reference
03-28 20:22:27.154 E/ignored ( 5265): java.lang.NullPointerException: Attempt to invoke virtual method 'java.lang.Object android.content.Context.getSystemService(java.lang.String)' on a null object reference
03-28 20:22:27.159 W/q_h_c_s ( 5265): HCDN_LOG: [T:5557]SetState:1379,QTP State changed: QSD1R0_WAITFOR_CURLDNS_RESP =========> QSD1R0_WAITFOR_HTTP_RESP1 (reid: 67270009)
03-28 20:22:27.160 W/q_h_c_s ( 5265): HCDN_LOG: [T:5557]ProcessQtpStateWhenHttpDone:1511,Check QTP state, reid: 67270009, flags are isHijacked:0, isDataCallbacked:0, isHttpSockWorkable:0, isUproxyWorkable:0, isRange:0, isRangeLowSpeed:0
03-28 20:22:27.160 W/q_h_c_s ( 5265): HCDN_LOG: [T:5557]SetState:1379,QTP State changed: QSD1R0_WAITFOR_HTTP_RESP1 =========> QS_SUCCESS (reid: 67270009)
03-28 20:22:27.160 W/q_h_c_s ( 5265): HCDN_LOG: [T:5557]CollectHttpStat:3353,Connection info for reid: 67270009, req_domain: data6.video.iqiyi.com, http_code: 200[1], classified_err: 0, own_err: 0, try_path: ld, cronet_check: -1, connection info: (m_primaryIp: 111.48.136.163, m_primaryPort: 80, m_connectIp: 111.48.136.163, m_connectPort: 80, m_localIp: 192.168.124.246, m_localPort: 34062, m_resolveTime: 0.000075s, m_connectTime: 0.068160s, m_appConnectTime: 0.000000s, m_preTransTime: 0.068240s, m_startTransTime: 0.436448s, m_totalTime: 0.438000s, m_avgDownloadSpeed: 0.561523kB/s, m_totalDownloadSize: 251B, m_avgUploadSpeed: 0.000000kB/s, m_totalUploadSize: 0B, m_mptcpWifiInfo: , m_mptcpLteInfo: , m_isHappyEyeballsHappened: 0, m_connectionReuse: 0, m_mumConnects: 1, m_redirectTime: 0.000000s)
03-28 20:22:27.160 W/q_h_c_s ( 5265): HCDN_LOG: [T:5557]ExecuteCallback:2463,HTTP time information: reid: 67270009, reqScheduleTime: 1680006146681, reqBeginTime: 1680006146722, qtpDnsEndTime: 1680006146722, startRecvHeaderTime: 1680006147159, startRecvBodyTime: 1680006147159, reqEndTime: 1680006147160
03-28 20:22:27.160 W/q_h_c_s ( 5265): HCDN_LOG: [T:5557]ExecuteCallback:2669,HTTP finished, reid: 67270009, status: ownErrCode: 0 (MultiCurl HTTP request success), sysErrno: 0, transErrCode: 0, mCurlErrCode: 0, eCurlErrCode: 0, HTTP status code: 200, HTTP version: 1, trypath:ld
03-28 20:22:27.160 W/areainfo( 5265): HCDN_LOG: [T:5570]OnGetISPByHTTP. 鑾峰緱HTTP璇锋眰鑾峰彇鍦板煙淇℃伅!(resp:{"t":"CMNET|SiChuan-183.223.107.35","z":"alicdn_coc_cn_southwest_cmnet","mrc":"0","time":"1680069360","v":"2023-03-14 v23.11.1","l":"http://aliyuncoccdncmnet-xn.inter.iqiyi.com/v.f4v?uuid=b7df6b23-6423d2f0-225&src=iqiyi.com&cphc=arta","abs_speed":500})
03-28 20:22:27.160 W/q_h_c_s ( 5265): HCDN_LOG: [T:5557]ProcessCurlMsg:620,ProcessCurlMsg: reid: 67270009, taskid(0), moduleId(0), offset(0), length(-1) , CURL(0x0) , m_mapRun(1), m_mapReqId2EasyHandle(1), m_vecModuleRun(0,1,0,0,0,0,0,0,0)
03-28 20:22:27.160 W/areainfo( 5265): HCDN_LOG: [T:5570]OnGetISPByHTTP. 璁剧疆HTTP璇锋眰鑾峰彇ISP淇℃伅!(147)
03-28 20:22:27.210 W/ipv6detect( 5265): HCDN_LOG: [T:5629]OnDetectFinishedCallBack.1328 ping finish!!! m_network_type_:1
03-28 20:22:27.213 W/q_h_c_s ( 5265): HCDN_LOG: [T:5629]AsyncGet:1219,------> AsyncGet (reid: 67270016, requestUrl: http://msg.qy.net/v5/ypt/ipv6_detect?p1=2_22_222&u=&v=10.1.2.5703&rn=1538653337&de=24cb73778d1048228f4dbf90cfe97162&own_err=0&nettyp=NETWORK_TYPE_IPV4&det_tm=310, connect timeout: 5001, read timeout: 6000, qtp enable: 1)
03-28 20:22:27.213 W/q_h_c_s ( 5265): HCDN_LOG: [T:5629]SetState:1379,QTP State changed: QS_UNINIT =========> QSD1R0_START (reid: 67270016)
03-28 20:22:27.214 W/ipv6detect( 5265): HCDN_LOG: [T:5629]PostHttpStat.1279 post stat http://msg.qy.net/v5/ypt/ipv6_detect?p1=2_22_222&u=&v=10.1.2.5703&rn=1538653337&de=24cb73778d1048228f4dbf90cfe97162&own_err=0&nettyp=NETWORK_TYPE_IPV4&det_tm=310
03-28 20:22:27.220 W/kcp_info( 5265): HCDN_LOG: [T:5570]Update: udp kcp size[0], timeout kcp size[0]
03-28 20:22:27.221 W/q_h_c_s ( 5265): HCDN_LOG: [T:5557]SetState:1379,QTP State changed: QSD1R0_WAITFOR_CURLDNS_RESP =========> QSD1R0_WAITFOR_HTTP_RESP1 (reid: 67270015)
03-28 20:22:27.221 W/q_h_c_d ( 5265): HCDN_LOG: [T:5527]CollectHttpStat:3353,Connection info for reid: 64850016, req_domain: api.afdback.ppsimg.com, http_code: 200[1], classified_err: 0, own_err: 0, try_path: null, cronet_check: -1, connection info: (m_primaryIp: 111.13.234.113, m_primaryPort: 80, m_connectIp: 111.13.234.113, m_connectPort: 80, m_localIp: 192.168.124.246, m_localPort: 44340, m_resolveTime: 0.000110s, m_connectTime: 0.000111s, m_appConnectTime: 0.000000s, m_preTransTime: 0.000257s, m_startTransTime: 0.082160s, m_totalTime: 0.083000s, m_avgDownloadSpeed: 3.047852kB/s, m_totalDownloadSize: 256B, m_avgUploadSpeed: 0.000000kB/s, m_totalUploadSize: 0B, m_isHappyEyeballsHappened: 0, m_connectionReuse: 0, m_mumConnects: 0, m_redirectTime: 0.000000s)
03-28 20:22:27.221 W/q_h_c_s ( 5265): HCDN_LOG: [T:5557]ProcessQtpStateWhenHttpDone:1511,Check QTP state, reid: 67270015, flags are isHijacked:0, isDataCallbacked:0, isHttpSockWorkable:0, isUproxyWorkable:0, isRange:0, isRangeLowSpeed:0
03-28 20:22:27.222 W/q_h_c_s ( 5265): HCDN_LOG: [T:5557]SetState:1379,QTP State changed: QSD1R0_WAITFOR_HTTP_RESP1 =========> QS_SUCCESS (reid: 67270015)
03-28 20:22:27.222 W/q_h_c_d ( 5265): HCDN_LOG: [T:5527]ExecuteCallback:2463,HTTP time information: reid: 64850016, reqScheduleTime: 1680006147091, reqBeginTime: 1680006147138, qtpDnsEndTime: 1680006147138, startRecvHeaderTime: 1680006147220, startRecvBodyTime: 1680006147221, reqEndTime: 1680006147221
03-28 20:22:27.222 W/q_h_c_s ( 5265): HCDN_LOG: [T:5557]CollectHttpStat:3353,Connection info for reid: 67270015, req_domain: flux.iqiyi.com, http_code: 404[1], classified_err: 0, own_err: 0, try_path: ld, cronet_check: -1, connection info: (m_primaryIp: 39.156.42.90, m_primaryPort: 80, m_connectIp: 39.156.42.90, m_connectPort: 80, m_localIp: 192.168.124.246, m_localPort: 47198, m_resolveTime: 0.065951s, m_connectTime: 0.122145s, m_appConnectTime: 0.000000s, m_preTransTime: 0.122342s, m_startTransTime: 0.194746s, m_totalTime: 0.195086s, m_avgDownloadSpeed: 0.000000kB/s, m_totalDownloadSize: 0B, m_avgUploadSpeed: 0.000000kB/s, m_totalUploadSize: 0B, m_mptcpWifiInfo: , m_mptcpLteInfo: , m_isHappyEyeballsHappened: 0, m_connectionReuse: 0, m_mumConnects: 1, m_redirectTime: 0.000000s)
03-28 20:22:27.222 W/q_h_c_s ( 5265): HCDN_LOG: [T:5557]ExecuteCallback:2463,HTTP time information: reid: 67270015, reqScheduleTime: 1680006146983, reqBeginTime: 1680006147026, qtpDnsEndTime: 1680006147026, startRecvHeaderTime: 1680006147221, startRecvBodyTime: 0, reqEndTime: 1680006147221
03-28 20:22:27.222 W/q_h_c_d ( 5265): HCDN_LOG: [T:5527]ExecuteCallback:2669,HTTP finished, reid: 64850016, status: ownErrCode: 0 (MultiCurl HTTP request success), sysErrno: 0, transErrCode: 0, mCurlErrCode: 0, eCurlErrCode: 0, HTTP status code: 200, HTTP version: 1, trypath:
03-28 20:22:27.223 W/q_h_c_s ( 5265): HCDN_LOG: [T:5557]ExecuteCallback:2669,HTTP finished, reid: 67270015, status: ownErrCode: 0 (MultiCurl HTTP request success), sysErrno: 0, transErrCode: 0, mCurlErrCode: 0, eCurlErrCode: 0, HTTP status code: 404, HTTP version: 1, trypath:ld
03-28 20:22:27.223 W/q_h_c_d ( 5265): HCDN_LOG: [T:5527]ProcessCurlMsg:620,ProcessCurlMsg: reid: 64850016, taskid(0), moduleId(3007), offset(0), length(-1) , CURL(0x0) , m_mapRun(1), m_mapReqId2EasyHandle(1), m_vecModuleRun(0,0,0,0,0,0,1,0,0)
03-28 20:22:27.223 W/q_h_c_s ( 5265): HCDN_LOG: [T:5557]ProcessCurlMsg:620,ProcessCurlMsg: reid: 67270015, taskid(0), moduleId(0), offset(0), length(-1) , CURL(0x0) , m_mapRun(0), m_mapReqId2EasyHandle(0), m_vecModuleRun(0,0,0,0,0,0,0,0,0)
03-28 20:22:27.225 W/q_h_c_s ( 5265): HCDN_LOG: [T:5557]SetEasyOpt:1330,curl_easy_setopt CURLOPT_IPRESOLVE success (reid: 67270016, ipresolve: 1)
03-28 20:22:27.225 W/q_h_c_s ( 5265): HCDN_LOG: [T:5557]SetEasyOpt:1883,curl_easy_setopt CURLOPT_URL success: http://msg.qy.net/v5/ypt/ipv6_detect?p1=2_22_222&u=&v=10.1.2.5703&rn=1538653337&de=24cb73778d1048228f4dbf90cfe97162&own_err=0&nettyp=NETWORK_TYPE_IPV4&det_tm=310 (reid: 67270016)
03-28 20:22:27.225 W/q_h_c_s ( 5265): HCDN_LOG: [T:5557]SetEasyOpt:2686,curl_easy_setopt CURLOPT_LOW_SPEED_LIMIT success for global (reid: 67270016, speed: 1)
03-28 20:22:27.225 W/q_h_c_s ( 5265): HCDN_LOG: [T:5557]SetEasyOpt:2698,curl_easy_setopt CURLOPT_LOW_SPEED_TIME success for global (reid: 67270016, time: 10)
03-28 20:22:27.225 W/q_h_c_s ( 5265): HCDN_LOG: [T:5557]SetEasyOpt:2903,curl_easy_setopt CURLOPT_CONNECTTIMEOUT_MS success (reid: 67270016, timeout: 5001)
03-28 20:22:27.225 W/q_h_c_s ( 5265): HCDN_LOG: [T:5557]SetEasyOpt:2954,curl_easy_setopt CURLOPT_TIMEOUT_MS success (reid: 67270016, timeout: 6000)
03-28 20:22:27.226 W/q_h_c_s ( 5265): HCDN_LOG: [T:5557]AddToMultiHandle:965,AddToMultiHandle: reid: 67270016, taskid(0), moduleId(0), offset(0), length(-1) , CURL(0xe46fe4f0) , m_mapRun(1), m_mapReqId2EasyHandle(1), m_vecModuleRun(0,1,0,0,0,0,0,0,0)
03-28 20:22:27.299 D/MicroSettings: SetTimeAction( 2156): current timestamp: 1680006147299
03-28 20:22:27.299 D/MicroSettings: SetTimeAction( 2156): setTime: 1668096026000
03-28 20:22:27.300 D/AlarmManagerService( 1526): Setting time of day to sec=1668096026
11-11 00:00:26.000 W/AlarmManagerService( 1526): Unable to set rtc to 1668096026: Permission denied
11-11 00:00:26.003 E/LazyAlarmStore( 1526): Removed TIME_TICK alarm
11-11 00:00:26.004 I/am_wtf ( 1526): [0,1526,system_server,-1,LazyAlarmStore,Removed TIME_TICK alarm]
11-11 00:00:26.004 I/DropBoxManagerService( 1526): add tag=system_server_wtf isTagEnabled=true flags=0x2
11-11 00:00:26.011 D/DevicePolicyManager( 1526): updateSystemUpdateFreezePeriodsRecord
11-11 00:00:26.012 D/KeyguardUpdateMonitor( 2000): received broadcast android.intent.action.TIME_SET
11-11 00:00:26.012 D/KeyguardUpdateMonitor( 2000): handleTimeUpdate
11-11 00:00:26.013 D/OsAgent ( 2639): [time_change_update][3164] [HC] =>> [HS]
11-11 00:00:26.013 V/LocSvc_HIDL_IzatSubscription( 809): [timeChangeUpdate][645] [HS] <<<<= [HC]
11-11 00:00:26.014 D/IconProvider( 2527): onReceive: android.intent.action.TIME_SET
11-11 00:00:26.014 D/IconProvider( 2527): onReceive: android.intent.action.TIME_SET
11-11 00:00:26.015 D/BaseModelUpdateTask( 2527): BaseModelUpdateTask constructor
11-11 00:00:26.015 D/BaseModelUpdateTask( 2527): java.lang.Exception
11-11 00:00:26.015 D/BaseModelUpdateTask( 2527): at com.android.launcher3.model.BaseModelUpdateTask.(BaseModelUpdateTask.java:57)
11-11 00:00:26.015 D/BaseModelUpdateTask( 2527): at com.android.launcher3.model.PackageUpdatedTask.(PackageUpdatedTask.java:88)
11-11 00:00:26.015 D/BaseModelUpdateTask( 2527): at com.android.launcher3.LauncherModel.onPackageChanged(LauncherModel.java:156)
11-11 00:00:26.015 D/BaseModelUpdateTask( 2527): at com.android.launcher3.LauncherModel.onAppIconChanged(LauncherModel.java:226)
11-11 00:00:26.015 D/BaseModelUpdateTask( 2527): at com.android.launcher3.LauncherAppState$IconObserver.onAppIconChanged(LauncherAppState.java:206)
11-11 00:00:26.015 D/BaseModelUpdateTask( 2527): at com.android.launcher3.icons.IconProvider$IconChangeReceiver.onReceive(IconProvider.java:371)
11-11 00:00:26.015 D/BaseModelUpdateTask( 2527): at android.app.LoadedApk$ReceiverDispatcher$Args.lambda$getRunnable$0$LoadedApk$ReceiverDispatcher$Args(LoadedApk.java:1679)
11-11 00:00:26.015 D/BaseModelUpdateTask( 2527): at android.app.LoadedApk$ReceiverDispatcher$Args$$ExternalSyntheticLambda0.run(Unknown Source:2)
11-11 00:00:26.015 D/BaseModelUpdateTask( 2527): at android.os.Handler.handleCallback(Handler.java:938)
11-11 00:00:26.015 D/BaseModelUpdateTask( 2527): at android.os.Handler.dispatchMessage(Handler.java:99)
11-11 00:00:26.015 D/BaseModelUpdateTask( 2527): at android.os.Looper.loopOnce(Looper.java:201)
11-11 00:00:26.015 D/BaseModelUpdateTask( 2527): at android.os.Looper.loop(Looper.java:288)
11-11 00:00:26.015 D/BaseModelUpdateTask( 2527): at android.os.HandlerThread.run(HandlerThread.java:67)
11-11 00:00:26.015 D/PackageUpdatedTask( 2527): PackageUpdatedTask constructor: op=2,user=UserHandle{0},packages=[com.android.calendar]
11-11 00:00:26.015 D/PackageUpdatedTask( 2527): java.lang.Exception
11-11 00:00:26.015 D/PackageUpdatedTask( 2527): at com.android.launcher3.model.PackageUpdatedTask.(PackageUpdatedTask.java:93)
11-11 00:00:26.015 D/PackageUpdatedTask( 2527): at com.android.launcher3.LauncherModel.onPackageChanged(LauncherModel.java:156)
11-11 00:00:26.015 D/PackageUpdatedTask( 2527): at com.android.launcher3.LauncherModel.onAppIconChanged(LauncherModel.java:226)
11-11 00:00:26.015 D/PackageUpdatedTask( 2527): at com.android.launcher3.LauncherAppState$IconObserver.onAppIconChanged(LauncherAppState.java:206)
11-11 00:00:26.015 D/PackageUpdatedTask( 2527): at com.android.launcher3.icons.IconProvider$IconChangeReceiver.onReceive(IconProvider.java:371)
11-11 00:00:26.015 D/PackageUpdatedTask( 2527): at android.app.LoadedApk$ReceiverDispatcher$Args.lambda$getRunnable$0$LoadedApk$ReceiverDispatcher$Args(LoadedApk.java:1679)
11-11 00:00:26.015 D/PackageUpdatedTask( 2527): at android.app.LoadedApk$ReceiverDispatcher$Args$$ExternalSyntheticLambda0.run(Unknown Source:2)
11-11 00:00:26.015 D/PackageUpdatedTask( 2527): at android.os.Handler.handleCallback(Handler.java:938)
11-11 00:00:26.015 D/PackageUpdatedTask( 2527): at android.os.Handler.dispatchMessage(Handler.java:99)
11-11 00:00:26.015 D/PackageUpdatedTask( 2527): at android.os.Looper.loopOnce(Looper.java:201)
11-11 00:00:26.015 D/PackageUpdatedTask( 2527): at android.os.Looper.loop(Looper.java:288)
11-11 00:00:26.015 D/PackageUpdatedTask( 2527): at android.os.HandlerThread.run(HandlerThread.java:67)
11-11 00:00:26.016 D/Launcher.IconCache( 2527): Package not found
11-11 00:00:26.016 D/Launcher.IconCache( 2527): android.content.pm.PackageManager$NameNotFoundException: com.android.calendar
11-11 00:00:26.016 D/Launcher.IconCache( 2527): at android.app.ApplicationPackageManager.getPackageInfoAsUser(ApplicationPackageManager.java:241)
11-11 00:00:26.016 D/Launcher.IconCache( 2527): at android.app.ApplicationPackageManager.getPackageInfo(ApplicationPackageManager.java:213)
11-11 00:00:26.016 D/Launcher.IconCache( 2527): at com.android.launcher3.icons.IconCache.updateIconsForPkg(IconCache.java:122)
11-11 00:00:26.016 D/Launcher.IconCache( 2527): at com.android.launcher3.model.PackageUpdatedTask.execute(PackageUpdatedTask.java:130)
11-11 00:00:26.016 D/Launcher.IconCache( 2527): at com.android.launcher3.model.BaseModelUpdateTask.run(BaseModelUpdateTask.java:80)
11-11 00:00:26.016 D/Launcher.IconCache( 2527): at com.android.launcher3.util.LooperExecutor.execute(LooperExecutor.java:45)
11-11 00:00:26.016 D/Launcher.IconCache( 2527): at com.android.launcher3.LauncherModel.enqueueModelUpdateTask(LauncherModel.java:555)
11-11 00:00:26.016 D/Launcher.IconCache( 2527): at com.android.launcher3.LauncherModel.onPackageChanged(LauncherModel.java:156)
11-11 00:00:26.016 D/Launcher.IconCache( 2527): at com.android.launcher3.LauncherModel.onAppIconChanged(LauncherModel.java:226)
11-11 00:00:26.016 D/Launcher.IconCache( 2527): at com.android.launcher3.LauncherAppState$IconObserver.onAppIconChanged(LauncherAppState.java:206)
11-11 00:00:26.016 D/Launcher.IconCache( 2527): at com.android.launcher3.icons.IconProvider$IconChangeReceiver.onReceive(IconProvider.java:371)
11-11 00:00:26.016 D/Launcher.IconCache( 2527): at android.app.LoadedApk$ReceiverDispatcher$Args.lambda$getRunnable$0$LoadedApk$ReceiverDispatcher$Args(LoadedApk.java:1679)
11-11 00:00:26.016 D/Launcher.IconCache( 2527): at android.app.LoadedApk$ReceiverDispatcher$Args$$ExternalSyntheticLambda0.run(Unknown Source:2)
11-11 00:00:26.016 D/Launcher.IconCache( 2527): at android.os.Handler.handleCallback(Handler.java:938)
11-11 00:00:26.016 D/Launcher.IconCache( 2527): at android.os.Handler.dispatchMessage(Handler.java:99)
11-11 00:00:26.016 D/Launcher.IconCache( 2527): at android.os.Looper.loopOnce(Looper.java:201)
11-11 00:00:26.016 D/Launcher.IconCache( 2527): at android.os.Looper.loop(Looper.java:288)
11-11 00:00:26.016 D/Launcher.IconCache( 2527): at android.os.HandlerThread.run(HandlerThread.java:67)
11-11 00:00:26.017 D/BaseModelUpdateTask( 2527): BaseModelUpdateTask constructor
11-11 00:00:26.017 D/BaseModelUpdateTask( 2527): java.lang.Exception
11-11 00:00:26.017 D/BaseModelUpdateTask( 2527): at com.android.launcher3.model.BaseModelUpdateTask.(BaseModelUpdateTask.java:57)
11-11 00:00:26.017 D/BaseModelUpdateTask( 2527): at com.android.launcher3.LauncherModel$6.(LauncherModel.java:605)
11-11 00:00:26.017 D/BaseModelUpdateTask( 2527): at com.android.launcher3.LauncherModel.refreshAndBindWidgetsAndShortcuts(LauncherModel.java:605)
11-11 00:00:26.017 D/BaseModelUpdateTask( 2527): at com.android.launcher3.Launcher.refreshAndBindWidgetsForPackageUser(Launcher.java:2878)
11-11 00:00:26.017 D/BaseModelUpdateTask( 2527): at com.android.launcher3.model.PackageUpdatedTask.execute(PackageUpdatedTask.java:139)
11-11 00:00:26.017 D/BaseModelUpdateTask( 2527): at com.android.launcher3.model.BaseModelUpdateTask.run(BaseModelUpdateTask.java:80)
11-11 00:00:26.017 D/BaseModelUpdateTask( 2527): at com.android.launcher3.util.LooperExecutor.execute(LooperExecutor.java:45)
11-11 00:00:26.017 D/BaseModelUpdateTask( 2527): at com.android.launcher3.LauncherModel.enqueueModelUpdateTask(LauncherModel.java:555)
11-11 00:00:26.017 D/BaseModelUpdateTask( 2527): at com.android.launcher3.LauncherModel.onPackageChanged(LauncherModel.java:156)
11-11 00:00:26.017 D/BaseModelUpdateTask( 2527): at com.android.launcher3.LauncherModel.onAppIconChanged(LauncherModel.java:226)
11-11 00:00:26.017 D/BaseModelUpdateTask( 2527): at com.android.launcher3.LauncherAppState$IconObserver.onAppIconChanged(LauncherAppState.java:206)
11-11 00:00:26.017 D/BaseModelUpdateTask( 2527): at com.android.launcher3.icons.IconProvider$IconChangeReceiver.onReceive(IconProvider.java:371)
11-11 00:00:26.017 D/BaseModelUpdateTask( 2527): at android.app.LoadedApk$ReceiverDispatcher$Args.lambda$getRunnable$0$LoadedApk$ReceiverDispatcher$Args(LoadedApk.java:1679)
11-11 00:00:26.017 D/BaseModelUpdateTask( 2527): at android.app.LoadedApk$ReceiverDispatcher$Args$$ExternalSyntheticLambda0.run(Unknown Source:2)
11-11 00:00:26.017 D/BaseModelUpdateTask( 2527): at android.os.Handler.handleCallback(Handler.java:938)
11-11 00:00:26.017 D/BaseModelUpdateTask( 2527): at android.os.Handler.dispatchMessage(Handler.java:99)
11-11 00:00:26.017 D/BaseModelUpdateTask( 2527): at android.os.Looper.loopOnce(Looper.java:201)
11-11 00:00:26.017 D/BaseModelUpdateTask( 2527): at android.os.Looper.loop(Looper.java:288)
11-11 00:00:26.017 D/BaseModelUpdateTask( 2527): at android.os.HandlerThread.run(HandlerThread.java:67)
11-11 00:00:26.017 I/am_uid_active( 1526): 10058
11-11 00:00:26.019 D/CompatibilityInfo( 1526): mCompatibilityFlags - 4
11-11 00:00:26.019 D/CompatibilityInfo( 1526): applicationDensity - 240
11-11 00:00:26.019 D/CompatibilityInfo( 1526): applicationScale - 1.0
11-11 00:00:26.020 D/ConditionProviders.SCP( 1526): onReceive android.intent.action.TIME_SET
11-11 00:00:26.020 D/ConditionProviders.SCP( 1526): evaluateSubscriptionLocked cal=ScheduleCalendar[mDays={1, 2, 3, 4, 5, 6, 7}, mSchedule=ScheduleInfo{days=[1, 2, 3, 4, 5, 6, 7], startHour=22, startMinute=0, endHour=7, endMinute=0, exitAtAlarm=true, nextAlarm=Thu Jan 01 08:00:00 GMT+08:00 1970 (0)}], now=Fri Nov 11 00:00:26 GMT+08:00 2022 (1668096026020), nextUserAlarmTime=Thu Jan 01 08:00:00 GMT+08:00 1970 (0)
11-11 00:00:26.020 D/ConditionProviders.SCP( 1526): notifyCondition condition://android/schedule?days=1.2.3.4.5.6.7&start=22.0&end=7.0&exitAtAlarm=true STATE_TRUE reason=meetsSchedule
11-11 00:00:26.021 D/ConditionProviders.SCP( 1526): Scheduling evaluate for Fri Nov 11 07:00:00 GMT+08:00 2022 (1668121200000), in +6h59m33s980ms, now=Fri Nov 11 00:00:26 GMT+08:00 2022 (1668096026020)
11-11 00:00:26.022 I/sysui_multi_action( 1526): [757,803,799,dnd_mode_0,802,363401]
11-11 00:00:26.022 I/sysui_multi_action( 1526): [757,803,799,dnd_rule_count,802,0]
11-11 00:00:26.022 I/sysui_multi_action( 1526): [757,803,799,dnd_type_0,802,363401]
11-11 00:00:26.023 I/GameModeConfig( 1526): isGameModeOn = false
11-11 00:00:26.025 D/TimeService( 5248): Receivedandroid.intent.action.TIME_SET intent. Current Time is 1668096026025
11-11 00:00:26.025 D/AF::TrackHandle( 886): OpPlayAudio: track:55 usage:1 not muted
11-11 00:00:26.026 D/AF::TrackHandle( 886): OpPlayAudio: track:55 usage:1 not muted
11-11 00:00:26.027 D/AF::TrackHandle( 886): OpPlayAudio: track:55 usage:1 not muted
11-11 00:00:26.027 D/AF::TrackHandle( 886): OpPlayAudio: track:55 usage:1 not muted
11-11 00:00:26.027 I/WidgetsModel( 2527): found whitelist widget: com.android.settings, label: 璁剧疆蹇嵎鏂瑰紡, sectionName:S
11-11 00:00:26.027 D/QC-time-services( 642): Daemon: Connection accepted:time_genoff
11-11 00:00:26.027 D/AF::TrackHandle( 886): OpPlayAudio: track:55 usage:1 not muted
11-11 00:00:26.027 I/WidgetsModel( 2527): found whitelist widget: com.android.gallery3d, label: 鐓х墖, sectionName:T
11-11 00:00:26.027 I/WidgetsModel( 2527): found whitelist widget: com.android.systemui, label: 瀵硅瘽, sectionName:D
11-11 00:00:26.027 D/AF::TrackHandle( 886): OpPlayAudio: track:55 usage:1 not muted
11-11 00:00:26.027 D/AF::TrackHandle( 886): OpPlayAudio: track:55 usage:1 not muted
11-11 00:00:26.028 D/QC-time-services( 642): Daemon:Received base = 2, unit = 1, operation = 0,value = 1668096026027
11-11 00:00:26.028 D/QC-time-services( 642): Daemon:genoff_opr: Base = 2, val = 1668096026027, operation = 0
11-11 00:00:26.028 D/QC-time-services( 642): Daemon:Value read from QTimer mseconds = 375579
11-11 00:00:26.028 D/AF::TrackHandle( 886): OpPlayAudio: track:55 usage:1 not muted
11-11 00:00:26.028 D/QC-time-services( 642): Daemon:Value read from RTC mseconds on boot = 7137000
11-11 00:00:26.028 D/QC-time-services( 642): Daemon:Delta read on boot mseconds = 7128979
11-11 00:00:26.028 D/QC-time-services( 642): Daemon:new time 1668096026027
11-11 00:00:26.028 D/QC-time-services( 642): Daemon: delta 1668088521469 genoff 1668088521469
11-11 00:00:26.028 D/QC-time-services( 642): Daemon:genoff_persistent_update: Writing genoff = 1668088521469 to memory
11-11 00:00:26.028 D/QC-time-services( 642): Daemon:Opening File: /mnt/vendor/persist/time/ats_2 /data/vendor/time/ats_2
11-11 00:00:26.028 D/QC-time-services( 642): Daemon:time_persistent_memory_opr:Genoff write operation
11-11 00:00:26.028 I/am_pss ( 1526): [4333,10051,com.thundercomm.screensaver,37204992,31547392,0,150417408,0,19,7]
11-11 00:00:26.028 D/AF::TrackHandle( 886): OpPlayAudio: track:55 usage:1 not muted
11-11 00:00:26.028 I/WidgetsModel( 2527): found whitelist widget: com.android.music, label: 闊充箰, sectionName:Y
11-11 00:00:26.028 D/AF::TrackHandle( 886): OpPlayAudio: track:55 usage:1 not muted
11-11 00:00:26.028 D/AF::TrackHandle( 886): OpPlayAudio: track:55 usage:1 not muted
11-11 00:00:26.029 D/AF::TrackHandle( 886): OpPlayAudio: track:55 usage:1 not muted
11-11 00:00:26.029 D/ModelWriter( 2527): removing items from db
11-11 00:00:26.029 D/ModelWriter( 2527): java.lang.Exception
11-11 00:00:26.029 D/ModelWriter( 2527): at com.android.launcher3.model.ModelWriter.deleteItemsFromDatabase(ModelWriter.java:280)
11-11 00:00:26.029 D/ModelWriter( 2527): at com.android.launcher3.model.ModelWriter.deleteItemsFromDatabase(ModelWriter.java:268)
11-11 00:00:26.029 D/ModelWriter( 2527): at com.android.launcher3.model.BaseModelUpdateTask.deleteAndBindComponentsRemoved(BaseModelUpdateTask.java:140)
11-11 00:00:26.029 D/ModelWriter( 2527): at com.android.launcher3.model.PackageUpdatedTask.execute(PackageUpdatedTask.java:353)
11-11 00:00:26.029 D/ModelWriter( 2527): at com.android.launcher3.model.BaseModelUpdateTask.run(BaseModelUpdateTask.java:80)
11-11 00:00:26.029 D/ModelWriter( 2527): at com.android.launcher3.util.LooperExecutor.execute(LooperExecutor.java:45)
11-11 00:00:26.029 D/ModelWriter( 2527): at com.android.launcher3.LauncherModel.enqueueModelUpdateTask(LauncherModel.java:555)
11-11 00:00:26.029 D/ModelWriter( 2527): at com.android.launcher3.LauncherModel.onPackageChanged(LauncherModel.java:156)
11-11 00:00:26.029 D/ModelWriter( 2527): at com.android.launcher3.LauncherModel.onAppIconChanged(LauncherModel.java:226)
11-11 00:00:26.029 D/ModelWriter( 2527): at com.android.launcher3.LauncherAppState$IconObserver.onAppIconChanged(LauncherAppState.java:206)
11-11 00:00:26.029 D/ModelWriter( 2527): at com.android.launcher3.icons.IconProvider$IconChangeReceiver.onReceive(IconProvider.java:371)
11-11 00:00:26.029 D/ModelWriter( 2527): at android.app.LoadedApk$ReceiverDispatcher$Args.lambda$getRunnable$0$LoadedApk$ReceiverDispatcher$Args(LoadedApk.java:1679)
11-11 00:00:26.029 D/ModelWriter( 2527): at android.app.LoadedApk$ReceiverDispatcher$Args$$ExternalSyntheticLambda0.run(Unknown Source:2)
11-11 00:00:26.029 D/ModelWriter( 2527): at android.os.Handler.handleCallback(Handler.java:938)
11-11 00:00:26.029 D/ModelWriter( 2527): at android.os.Handler.dispatchMessage(Handler.java:99)
11-11 00:00:26.029 D/ModelWriter( 2527): at android.os.Looper.loopOnce(Looper.java:201)
11-11 00:00:26.029 D/ModelWriter( 2527): at android.os.Looper.loop(Looper.java:288)
11-11 00:00:26.029 D/ModelWriter( 2527): at android.os.HandlerThread.run(HandlerThread.java:67)
11-11 00:00:26.029 D/AF::TrackHandle( 886): OpPlayAudio: track:55 usage:1 not muted
11-11 00:00:26.029 D/AF::TrackHandle( 886): OpPlayAudio: track:55 usage:1 not muted
11-11 00:00:26.029 D/AF::TrackHandle( 886): OpPlayAudio: track:55 usage:1 not muted
11-11 00:00:26.029 D/AF::TrackHandle( 886): OpPlayAudio: track:55 usage:1 not muted
11-11 00:00:26.031 D/QC-time-services( 642): Updating the TOD offset
11-11 00:00:26.031 D/QC-time-services( 642): Daemon:genoff_persistent_update: Writing genoff = 1668088521469 to memory
11-11 00:00:26.031 D/QC-time-services( 642): Daemon:Opening File: /mnt/vendor/persist/time/ats_1 /data/vendor/time/ats_1
11-11 00:00:26.031 D/QC-time-services( 642): Daemon:time_persistent_memory_opr:Genoff write operation
11-11 00:00:26.032 I/IM-PAD ( 5265): IMPingBackManager Init
11-11 00:00:26.032 D/QC-time-services( 642): Daemon:genoff_set: Updating the WLAN offset
11-11 00:00:26.032 D/QC-time-services( 642): Daemon:genoff_persistent_update: Writing genoff = 1668088521469 to memory
11-11 00:00:26.032 D/QC-time-services( 642): Daemon:Opening File: /mnt/vendor/persist/time/ats_16 /data/vendor/time/ats_16
11-11 00:00:26.032 D/QC-time-services( 642): Daemon:time_persistent_memory_opr:Genoff write operation
11-11 00:00:26.036 D/BaseModelUpdateTask( 2527): BaseModelUpdateTask constructor
11-11 00:00:26.036 D/BaseModelUpdateTask( 2527): java.lang.Exception
11-11 00:00:26.036 D/BaseModelUpdateTask( 2527): at com.android.launcher3.model.BaseModelUpdateTask.(BaseModelUpdateTask.java:57)
11-11 00:00:26.036 D/BaseModelUpdateTask( 2527): at com.android.launcher3.model.AddWorkspaceItemsTask.(AddWorkspaceItemsTask.java:58)
11-11 00:00:26.036 D/BaseModelUpdateTask( 2527): at com.android.launcher3.LauncherModel.addAndBindAddedWorkspaceItems(LauncherModel.java:145)
