11-11 00:00:34.062 D/BaseModelUpdateTask( 2527): at com.android.launcher3.LauncherModel.onPackageChanged(LauncherModel.java:156)
11-11 00:00:34.062 D/BaseModelUpdateTask( 2527): at com.android.launcher3.LauncherModel.onAppIconChanged(LauncherModel.java:226)
11-11 00:00:34.062 D/BaseModelUpdateTask( 2527): at com.android.launcher3.LauncherAppState$IconObserver.onAppIconChanged(LauncherAppState.java:206)
11-11 00:00:34.062 D/BaseModelUpdateTask( 2527): at com.android.launcher3.icons.IconProvider$IconChangeReceiver.onReceive(IconProvider.java:371)
11-11 00:00:34.062 D/BaseModelUpdateTask( 2527): at android.app.LoadedApk$ReceiverDispatcher$Args.lambda$getRunnable$0$LoadedApk$ReceiverDispatcher$Args(LoadedApk.java:1679)
11-11 00:00:34.062 D/BaseModelUpdateTask( 2527): at android.app.LoadedApk$ReceiverDispatcher$Args$$ExternalSyntheticLambda0.run(Unknown Source:2)
11-11 00:00:34.062 D/BaseModelUpdateTask( 2527): at android.os.Handler.handleCallback(Handler.java:938)
11-11 00:00:34.062 D/BaseModelUpdateTask( 2527): at android.os.Handler.dispatchMessage(Handler.java:99)
11-11 00:00:34.062 D/BaseModelUpdateTask( 2527): at android.os.Looper.loopOnce(Looper.java:201)
11-11 00:00:34.062 D/BaseModelUpdateTask( 2527): at android.os.Looper.loop(Looper.java:288)
11-11 00:00:34.062 D/BaseModelUpdateTask( 2527): at android.os.HandlerThread.run(HandlerThread.java:67)
11-11 00:00:34.067 I/UsageStatsDatabase( 1526): Time changed by -19s158ms. files deleted: 0 files moved: 6
11-11 00:00:34.071 I/UsageStatsService( 1526): User[0] Rollover scheduled @ 2022-11-11 23:54:04(1668182044890)
11-11 00:00:34.218 I/OpenGLRenderer( 3511): Davey! duration=9223371636179ms; Flags=0, FrameTimelineVsyncId=4247, IntendedVsync=400674623187, Vsync=400674623187, InputEventId=0, HandleInputStart=400675193906, AnimationStart=400675197864, PerformTraversalsStart=400675200521, DrawStart=400676158177, FrameDeadline=400707956519, FrameInterval=400675183177, FrameStartTime=16666666, SyncQueued=400676848021, SyncStart=400677199166, IssueDrawCommandsStart=400678108489, SwapBuffers=400684766041, FrameCompleted=9223372036854775807, DequeueBufferDuration=50000, QueueBufferDuration=1184739, GpuCompleted=9223372036854775807, SwapBuffersCompleted=400686756771, DisplayPresentTime=0,
11-11 00:00:34.230 W/kcp_info( 5265): HCDN_LOG: [T:5570]Update: udp kcp size[0], timeout kcp size[0]
11-11 00:00:34.312 I/mpu_uart( 644): [MSG-P:RECV]:No message received in 1000 ms
11-11 00:00:34.454 D/audio_hw_primary( 796): copl(0xf280c970):out of compress_wait
11-11 00:00:34.458 D/audio_hw_primary( 796): No space available in compress driver, post msg to cb thread
11-11 00:00:34.458 D/audio_hw_primary( 796): copl(0xf280c970):calling compress_wait
11-11 00:00:34.486 I/auditd ( 2764): type=1400 audit(0.0:11212309): avc: denied { read } for comm="event_loop" lport=13400 scontext=u:r:hht_ota_mgr:s0 tcontext=u:r:hht_ota_mgr:s0 tclass=udp_socket permissive=0
11-11 00:00:34.486 W/event_loop( 2764): type=1400 audit(0.0:11212309): avc: denied { read } for lport=13400 scontext=u:r:hht_ota_mgr:s0 tcontext=u:r:hht_ota_mgr:s0 tclass=udp_socket permissive=0
11-11 00:00:34.486 I/auditd ( 2764): type=1400 audit(0.0:11212310): avc: denied { read } for comm="event_loop" lport=13400 scontext=u:r:hht_ota_mgr:s0 tcontext=u:r:hht_ota_mgr:s0 tclass=udp_socket permissive=0
11-11 00:00:34.486 W/event_loop( 2764): type=1400 audit(0.0:11212310): avc: denied { read } for lport=13400 scontext=u:r:hht_ota_mgr:s0 tcontext=u:r:hht_ota_mgr:s0 tclass=udp_socket permissive=0
11-11 00:00:34.486 I/auditd ( 2764): type=1400 audit(0.0:11212311): avc: denied { read } for comm="event_loop" lport=13400 scontext=u:r:hht_ota_mgr:s0 tcontext=u:r:hht_ota_mgr:s0 tclass=udp_socket permissive=0
11-11 00:00:34.486 W/event_loop( 2764): type=1400 audit(0.0:11212311): avc: denied { read } for lport=13400 scontext=u:r:hht_ota_mgr:s0 tcontext=u:r:hht_ota_mgr:s0 tclass=udp_socket permissive=0
11-11 00:00:34.486 I/auditd ( 2764): type=1400 audit(0.0:11212312): avc: denied { read } for comm="event_loop" lport=13400 scontext=u:r:hht_ota_mgr:s0 tcontext=u:r:hht_ota_mgr:s0 tclass=udp_socket permissive=0
11-11 00:00:34.486 W/event_loop( 2764): type=1400 audit(0.0:11212312): avc: denied { read } for lport=13400 scontext=u:r:hht_ota_mgr:s0 tcontext=u:r:hht_ota_mgr:s0 tclass=udp_socket permissive=0
11-11 00:00:34.486 I/auditd ( 2764): type=1400 audit(0.0:11212313): avc: denied { read } for comm="event_loop" lport=13400 scontext=u:r:hht_ota_mgr:s0 tcontext=u:r:hht_ota_mgr:s0 tclass=udp_socket permissive=0
11-11 00:00:34.486 W/event_loop( 2764): type=1400 audit(0.0:11212313): avc: denied { read } for lport=13400 scontext=u:r:hht_ota_mgr:s0 tcontext=u:r:hht_ota_mgr:s0 tclass=udp_socket permissive=0
11-11 00:10:55.689 W/audit ( 0): audit_lost=11212584 audit_rate_limit=5 audit_backlog_limit=64
11-11 00:10:55.689 E/audit ( 0): rate limit exceeded
11-11 00:00:34.584 I/OpenGLRenderer( 3511): Davey! duration=9223371635812ms; Flags=0, FrameTimelineVsyncId=4253, IntendedVsync=401042152997, Vsync=401042152997, InputEventId=0, HandleInputStart=401043080833, AnimationStart=401043084635, PerformTraversalsStart=401043087812, DrawStart=401044066562, FrameDeadline=401075486329, FrameInterval=401043069479, FrameStartTime=16666666, SyncQueued=401044600260, SyncStart=401044795000, IssueDrawCommandsStart=401046003385, SwapBuffers=401052510416, FrameCompleted=9223372036854775807, DequeueBufferDuration=46614, QueueBufferDuration=1221198, GpuCompleted=9223372036854775807, SwapBuffersCompleted=401054369531, DisplayPresentTime=0,
11-11 00:00:35.031 D/MicroSettings: SetTimeAction( 2156): current timestamp: 1668096035031
11-11 00:00:35.031 D/MicroSettings: SetTimeAction( 2156): setTime: 14000
11-11 00:00:35.032 D/AlarmManagerService( 1526): Setting time of day to sec=14
11-11 00:00:35.032 W/AlarmManagerService( 1526): Unable to set rtc to 14: Invalid argument
11-11 00:00:35.259 W/kcp_info( 5265): HCDN_LOG: [T:5570]Update: udp kcp size[0], timeout kcp size[0]
11-11 00:00:35.312 I/mpu_uart( 644): [MSG-P:RECV]:No message received in 1000 ms
11-11 00:00:35.462 D/DhcpClient( 2216): Broadcasting DHCPDISCOVER
11-11 00:00:35.488 I/auditd ( 2764): type=1400 audit(0.0:11484178): avc: denied { read } for comm="event_loop" lport=13400 scontext=u:r:hht_ota_mgr:s0 tcontext=u:r:hht_ota_mgr:s0 tclass=udp_socket permissive=0
11-11 00:00:35.488 W/event_loop( 2764): type=1400 audit(0.0:11484178): avc: denied { read } for lport=13400 scontext=u:r:hht_ota_mgr:s0 tcontext=u:r:hht_ota_mgr:s0 tclass=udp_socket permissive=0
11-11 00:00:35.492 I/auditd ( 2764): type=1400 audit(0.0:11484179): avc: denied { read } for comm="event_loop" lport=13400 scontext=u:r:hht_ota_mgr:s0 tcontext=u:r:hht_ota_mgr:s0 tclass=udp_socket permissive=0
11-11 00:00:35.492 W/event_loop( 2764): type=1400 audit(0.0:11484179): avc: denied { read } for lport=13400 scontext=u:r:hht_ota_mgr:s0 tcontext=u:r:hht_ota_mgr:s0 tclass=udp_socket permissive=0
11-11 00:00:35.492 I/auditd ( 2764): type=1400 audit(0.0:11484180): avc: denied { read } for comm="event_loop" lport=13400 scontext=u:r:hht_ota_mgr:s0 tcontext=u:r:hht_ota_mgr:s0 tclass=udp_socket permissive=0
11-11 00:00:35.492 W/event_loop( 2764): type=1400 audit(0.0:11484180): avc: denied { read } for lport=13400 scontext=u:r:hht_ota_mgr:s0 tcontext=u:r:hht_ota_mgr:s0 tclass=udp_socket permissive=0
11-11 00:00:35.492 I/auditd ( 2764): type=1400 audit(0.0:11484181): avc: denied { read } for comm="event_loop" lport=13400 scontext=u:r:hht_ota_mgr:s0 tcontext=u:r:hht_ota_mgr:s0 tclass=udp_socket permissive=0
11-11 00:00:35.492 W/event_loop( 2764): type=1400 audit(0.0:11484181): avc: denied { read } for lport=13400 scontext=u:r:hht_ota_mgr:s0 tcontext=u:r:hht_ota_mgr:s0 tclass=udp_socket permissive=0
11-11 00:00:35.492 I/auditd ( 2764): type=1400 audit(0.0:11484182): avc: denied { read } for comm="event_loop" lport=13400 scontext=u:r:hht_ota_mgr:s0 tcontext=u:r:hht_ota_mgr:s0 tclass=udp_socket permissive=0
11-11 00:00:35.492 W/event_loop( 2764): type=1400 audit(0.0:11484182): avc: denied { read } for lport=13400 scontext=u:r:hht_ota_mgr:s0 tcontext=u:r:hht_ota_mgr:s0 tclass=udp_socket permissive=0
11-11 00:10:56.693 W/audit ( 0): audit_lost=11484458 audit_rate_limit=5 audit_backlog_limit=64
11-11 00:10:56.693 E/audit ( 0): rate limit exceeded
11-11 00:00:35.597 I/mpu_uart( 644): [MSG-P:R]:recv sync frame timeout
11-11 00:00:35.821 E/tlogd ( 1284): [TzLogger](isPathReadable) file /sys/kernel/debug/tzdbg/qsee_log isn't exist or no permission, err: No such file or directory
11-11 00:00:35.821 E/tlogd ( 1284): [TzLogger](saveTzlogAsync) /sys/kernel/debug/tzdbg/qsee_log can not read.
11-11 00:00:35.821 E/tlogd ( 1284): [TzLogger](isPathReadable) file /sys/kernel/debug/tzdbg/log isn't exist or no permission, err: No such file or directory
11-11 00:00:35.821 E/tlogd ( 1284): [TzLogger](saveTzlogAsync) /sys/kernel/debug/tzdbg/log can not read.
11-11 00:00:35.986 W/q_h_c_d ( 5265): HCDN_LOG: [T:5528]AsyncPost:1226,------> AsyncPost (reid: 64850025, requestUrl: http://127.0.0.1:1971/md, connect timeout: 5000, read timeout: 8000, qtp enable: 0)
11-11 00:00:35.986 W/q_h_c_d ( 5265): HCDN_LOG: [T:5528]AsyncPost:1226,------> AsyncPost (reid: 64850026, requestUrl: http://127.0.0.1:1981/md, connect timeout: 5000, read timeout: 8000, qtp enable: 0)
11-11 00:00:35.987 W/q_h_c_d ( 5265): HCDN_LOG: [T:5527]SetEasyOpt:1330,curl_easy_setopt CURLOPT_IPRESOLVE success (reid: 64850025, ipresolve: 1)
11-11 00:00:35.987 W/q_h_c_d ( 5265): HCDN_LOG: [T:5527]SetEasyOpt:1883,curl_easy_setopt CURLOPT_URL success: http://127.0.0.1:1971/md?business=QTP&cache_enable=1&cache_only=1 (reid: 64850025)
11-11 00:00:35.987 W/q_h_c_d ( 5265): HCDN_LOG: [T:5528]AsyncPost:1226,------> AsyncPost (reid: 64850027, requestUrl: http://127.0.0.1:1991/md, connect timeout: 5000, read timeout: 8000, qtp enable: 0)
11-11 00:00:35.987 W/q_h_c_d ( 5265): HCDN_LOG: [T:5527]SetEasyOpt:2686,curl_easy_setopt CURLOPT_LOW_SPEED_LIMIT success for global (reid: 64850025, speed: 1)
11-11 00:00:35.987 W/q_h_c_d ( 5265): HCDN_LOG: [T:5527]SetEasyOpt:2698,curl_easy_setopt CURLOPT_LOW_SPEED_TIME success for global (reid: 64850025, time: 10)
11-11 00:00:35.987 W/q_h_c_d ( 5265): HCDN_LOG: [T:5527]SetEasyOpt:2903,curl_easy_setopt CURLOPT_CONNECTTIMEOUT_MS success (reid: 64850025, timeout: 5000)
11-11 00:00:35.987 W/q_h_c_d ( 5265): HCDN_LOG: [T:5527]SetEasyOpt:2954,curl_easy_setopt CURLOPT_TIMEOUT_MS success (reid: 64850025, timeout: 8000)
11-11 00:00:35.987 W/q_h_c_d ( 5265): HCDN_LOG: [T:5528]AsyncPost:1226,------> AsyncPost (reid: 64850028, requestUrl: http://localhost/md, connect timeout: 5000, read timeout: 8000, qtp enable: 0)
11-11 00:00:35.987 W/q_h_c_d ( 5265): HCDN_LOG: [T:5527]AddToMultiHandle:965,AddToMultiHandle: reid: 64850025, taskid(0), moduleId(14), offset(0), length(-1) , CURL(0xb311d020) , m_mapRun(1), m_mapReqId2EasyHandle(1), m_vecModuleRun(0,0,1,0,0,0,0,0,0)
11-11 00:00:35.992 W/q_h_c_d ( 5265): HCDN_LOG: [T:5527]ProcessCurlMsg:596,curl error detected (reid: 64850025, error: ownErrCode: 2004 (CURL message done with error), sysErrno: 0, transErrCode: 0, mCurlErrCode: 0, eCurlErrCode: 7)
11-11 00:00:35.992 W/q_h_c_d ( 5265): HCDN_LOG: [T:5527]ExecuteCallback:2463,HTTP time information: reid: 64850025, reqScheduleTime: 1668096035986, reqBeginTime: 1668096035987, qtpDnsEndTime: 1668096035987, startRecvHeaderTime: 0, startRecvBodyTime: 0, reqEndTime: 1668096035992
11-11 00:00:35.992 W/q_h_c_d ( 5265): HCDN_LOG: [T:5527]ExecuteCallback:2669,HTTP finished, reid: 64850025, status: ownErrCode: 2004 (CURL message done with error), sysErrno: 0, transErrCode: 0, mCurlErrCode: 0, eCurlErrCode: 7, HTTP status code: 0, HTTP version: 0, trypath:
11-11 00:00:35.992 W/q_h_c_d ( 5265): HCDN_LOG: [T:5527]ProcessCurlMsg:620,ProcessCurlMsg: reid: 64850025, taskid(0), moduleId(14), offset(0), length(-1) , CURL(0x0) , m_mapRun(0), m_mapReqId2EasyHandle(0), m_vecModuleRun(0,0,0,0,0,0,0,0,0)
11-11 00:00:35.993 W/q_h_c_d ( 5265): HCDN_LOG: [T:5527]SetEasyOpt:1330,curl_easy_setopt CURLOPT_IPRESOLVE success (reid: 64850026, ipresolve: 1)
11-11 00:00:35.993 W/q_h_c_d ( 5265): HCDN_LOG: [T:5527]SetEasyOpt:1883,curl_easy_setopt CURLOPT_URL success: http://127.0.0.1:1981/md?business=QTP&cache_enable=1&cache_only=1 (reid: 64850026)
11-11 00:00:35.993 W/q_h_c_d ( 5265): HCDN_LOG: [T:5527]SetEasyOpt:2686,curl_easy_setopt CURLOPT_LOW_SPEED_LIMIT success for global (reid: 64850026, speed: 1)
11-11 00:00:35.993 W/q_h_c_d ( 5265): HCDN_LOG: [T:5527]SetEasyOpt:2698,curl_easy_setopt CURLOPT_LOW_SPEED_TIME success for global (reid: 64850026, time: 10)
11-11 00:00:35.993 W/q_h_c_d ( 5265): HCDN_LOG: [T:5527]SetEasyOpt:2903,curl_easy_setopt CURLOPT_CONNECTTIMEOUT_MS success (reid: 64850026, timeout: 5000)
11-11 00:00:35.993 W/q_h_c_d ( 5265): HCDN_LOG: [T:5527]SetEasyOpt:2954,curl_easy_setopt CURLOPT_TIMEOUT_MS success (reid: 64850026, timeout: 8000)
11-11 00:00:35.993 W/q_h_c_d ( 5265): HCDN_LOG: [T:5527]AddToMultiHandle:965,AddToMultiHandle: reid: 64850026, taskid(0), moduleId(14), offset(0), length(-1) , CURL(0xb311d020) , m_mapRun(1), m_mapReqId2EasyHandle(1), m_vecModuleRun(0,0,1,0,0,0,0,0,0)
11-11 00:00:35.994 W/q_h_c_d ( 5265): HCDN_LOG: [T:5527]SetEasyOpt:1330,curl_easy_setopt CURLOPT_IPRESOLVE success (reid: 64850027, ipresolve: 1)
11-11 00:00:35.994 W/q_h_c_d ( 5265): HCDN_LOG: [T:5527]SetEasyOpt:1883,curl_easy_setopt CURLOPT_URL success: http://127.0.0.1:1991/md?business=QTP&cache_enable=1&cache_only=1 (reid: 64850027)
11-11 00:00:35.994 W/q_h_c_d ( 5265): HCDN_LOG: [T:5527]SetEasyOpt:2686,curl_easy_setopt CURLOPT_LOW_SPEED_LIMIT success for global (reid: 64850027, speed: 1)
11-11 00:00:35.994 W/q_h_c_d ( 5265): HCDN_LOG: [T:5527]SetEasyOpt:2698,curl_easy_setopt CURLOPT_LOW_SPEED_TIME success for global (reid: 64850027, time: 10)
11-11 00:00:35.994 W/q_h_c_d ( 5265): HCDN_LOG: [T:5527]SetEasyOpt:2903,curl_easy_setopt CURLOPT_CONNECTTIMEOUT_MS success (reid: 64850027, timeout: 5000)
11-11 00:00:35.994 W/q_h_c_d ( 5265): HCDN_LOG: [T:5527]SetEasyOpt:2954,curl_easy_setopt CURLOPT_TIMEOUT_MS success (reid: 64850027, timeout: 8000)
11-11 00:00:35.994 W/q_h_c_d ( 5265): HCDN_LOG: [T:5527]AddToMultiHandle:965,AddToMultiHandle: reid: 64850027, taskid(0), moduleId(14), offset(0), length(-1) , CURL(0xe46ee320) , m_mapRun(2), m_mapReqId2EasyHandle(2), m_vecModuleRun(0,0,2,0,0,0,0,0,0)
11-11 00:00:35.994 W/q_h_c_d ( 5265): HCDN_LOG: [T:5527]SetEasyOpt:1330,curl_easy_setopt CURLOPT_IPRESOLVE success (reid: 64850028, ipresolve: 1)
11-11 00:00:35.995 W/q_h_c_d ( 5265): HCDN_LOG: [T:5527]SetEasyOpt:1883,curl_easy_setopt CURLOPT_URL success: http://localhost/md?business=QTP&cache_enable=1&cache_only=1 (reid: 64850028)
11-11 00:00:35.995 W/q_h_c_d ( 5265): HCDN_LOG: [T:5527]SetEasyOpt:2686,curl_easy_setopt CURLOPT_LOW_SPEED_LIMIT success for global (reid: 64850028, speed: 1)
11-11 00:00:35.995 W/q_h_c_d ( 5265): HCDN_LOG: [T:5527]SetEasyOpt:2698,curl_easy_setopt CURLOPT_LOW_SPEED_TIME success for global (reid: 64850028, time: 10)
11-11 00:00:35.995 W/q_h_c_d ( 5265): HCDN_LOG: [T:5527]SetEasyOpt:2903,curl_easy_setopt CURLOPT_CONNECTTIMEOUT_MS success (reid: 64850028, timeout: 5000)
11-11 00:00:35.995 W/q_h_c_d ( 5265): HCDN_LOG: [T:5527]SetEasyOpt:2954,curl_easy_setopt CURLOPT_TIMEOUT_MS success (reid: 64850028, timeout: 8000)
11-11 00:00:35.995 W/q_h_c_d ( 5265): HCDN_LOG: [T:5527]AddToMultiHandle:965,AddToMultiHandle: reid: 64850028, taskid(0), moduleId(14), offset(0), length(-1) , CURL(0xb31259a0) , m_mapRun(3), m_mapReqId2EasyHandle(3), m_vecModuleRun(0,0,3,0,0,0,0,0,0)
11-11 00:00:36.000 W/q_h_c_d ( 5265): HCDN_LOG: [T:5527]ProcessCurlMsg:596,curl error detected (reid: 64850026, error: ownErrCode: 2004 (CURL message done with error), sysErrno: 0, transErrCode: 0, mCurlErrCode: 0, eCurlErrCode: 7)
11-11 00:00:36.000 W/q_h_c_d ( 5265): HCDN_LOG: [T:5527]ExecuteCallback:2463,HTTP time information: reid: 64850026, reqScheduleTime: 1668096035987, reqBeginTime: 1668096035993, qtpDnsEndTime: 1668096035993, startRecvHeaderTime: 0, startRecvBodyTime: 0, reqEndTime: 1668096036000
11-11 00:00:36.001 W/q_h_c_d ( 5265): HCDN_LOG: [T:5527]ExecuteCallback:2669,HTTP finished, reid: 64850026, status: ownErrCode: 2004 (CURL message done with error), sysErrno: 0, transErrCode: 0, mCurlErrCode: 0, eCurlErrCode: 7, HTTP status code: 0, HTTP version: 0, trypath:
11-11 00:00:36.001 W/q_h_c_d ( 5265): HCDN_LOG: [T:5527]ProcessCurlMsg:620,ProcessCurlMsg: reid: 64850026, taskid(0), moduleId(14), offset(0), length(-1) , CURL(0x0) , m_mapRun(2), m_mapReqId2EasyHandle(2), m_vecModuleRun(0,0,2,0,0,0,0,0,0)
11-11 00:00:36.001 W/q_h_c_d ( 5265): HCDN_LOG: [T:5527]ProcessCurlMsg:596,curl error detected (reid: 64850027, error: ownErrCode: 2004 (CURL message done with error), sysErrno: 0, transErrCode: 0, mCurlErrCode: 0, eCurlErrCode: 7)
11-11 00:00:36.001 W/q_h_c_d ( 5265): HCDN_LOG: [T:5527]ExecuteCallback:2463,HTTP time information: reid: 64850027, reqScheduleTime: 1668096035987, reqBeginTime: 1668096035994, qtpDnsEndTime: 1668096035994, startRecvHeaderTime: 0, startRecvBodyTime: 0, reqEndTime: 1668096036001
11-11 00:00:36.001 W/q_h_c_d ( 5265): HCDN_LOG: [T:5527]ExecuteCallback:2669,HTTP finished, reid: 64850027, status: ownErrCode: 2004 (CURL message done with error), sysErrno: 0, transErrCode: 0, mCurlErrCode: 0, eCurlErrCode: 7, HTTP status code: 0, HTTP version: 0, trypath:
11-11 00:00:36.001 W/q_h_c_d ( 5265): HCDN_LOG: [T:5527]ProcessCurlMsg:620,ProcessCurlMsg: reid: 64850027, taskid(0), moduleId(14), offset(0), length(-1) , CURL(0x0) , m_mapRun(1), m_mapReqId2EasyHandle(1), m_vecModuleRun(0,0,1,0,0,0,0,0,0)
11-11 00:00:36.001 W/q_h_c_d ( 5265): HCDN_LOG: [T:5527]ProcessCurlMsg:596,curl error detected (reid: 64850028, error: ownErrCode: 2004 (CURL message done with error), sysErrno: 0, transErrCode: 0, mCurlErrCode: 0, eCurlErrCode: 7)
11-11 00:00:36.001 W/q_h_c_d ( 5265): HCDN_LOG: [T:5527]ExecuteCallback:2463,HTTP time information: reid: 64850028, reqScheduleTime: 1668096035987, reqBeginTime: 1668096035995, qtpDnsEndTime: 1668096035995, startRecvHeaderTime: 0, startRecvBodyTime: 0, reqEndTime: 1668096036001
11-11 00:00:36.001 W/q_h_c_d ( 5265): HCDN_LOG: [T:5527]ExecuteCallback:2669,HTTP finished, reid: 64850028, status: ownErrCode: 2004 (CURL message done with error), sysErrno: 0, transErrCode: 0, mCurlErrCode: 0, eCurlErrCode: 7, HTTP status code: 0, HTTP version: 0, trypath:
11-11 00:00:36.004 W/q_h_c_d ( 5265): HCDN_LOG: [T:5527]ProcessCurlMsg:620,ProcessCurlMsg: reid: 64850028, taskid(0), moduleId(14), offset(0), length(-1) , CURL(0x0) , m_mapRun(0), m_mapReqId2EasyHandle(0), m_vecModuleRun(0,0,0,0,0,0,0,0,0)
11-11 00:00:36.005 I/OpenGLRenderer( 3511): Davey! duration=9223371634392ms; Flags=0, FrameTimelineVsyncId=4274, IntendedVsync=402462234054, Vsync=402462234054, InputEventId=0, HandleInputStart=402463230937, AnimationStart=402463234635, PerformTraversalsStart=402463238072, DrawStart=402464151457, FrameDeadline=402495567386, FrameInterval=402463220676, FrameStartTime=16666666, SyncQueued=402464664947, SyncStart=402464812343, IssueDrawCommandsStart=402465622864, SwapBuffers=402471895155, FrameCompleted=9223372036854775807, DequeueBufferDuration=42292, QueueBufferDuration=2409844, GpuCompleted=9223372036854775807, SwapBuffersCompleted=402475039374, DisplayPresentTime=0,
11-11 00:00:36.035 W/ContextImpl( 2156): Calling a method in the system process without a qualified user: android.app.ContextImpl.sendBroadcast:1173 android.content.ContextWrapper.sendBroadcast:479 com.thundercomm.microsettings.action.SetTimeAction.timeUpdated:212 com.thundercomm.microsettings.action.SetTimeAction.update24HourFormat:194 com.thundercomm.microsettings.action.SetTimeAction.doActualAction:154
11-11 00:00:36.040 D/MicroSettings: ITCMicroCommonCallback( 2156): get request method = syncTime parameters = {"IDCM_Time_12_24":"24","IDCM_Timestamp":14000,"IDCM_Timezone":"GMT+08:00"}
11-11 00:00:36.040 D/AlarmManagerService( 1526): Kernel timezone updated to -480 minutes west of GMT
11-11 00:00:36.041 D/MicroSettings: SetTimeAction( 2156): setTimezone: Asia/Shanghai
11-11 00:00:36.041 D/AlarmManagerService( 1526): Kernel timezone updated to -480 minutes west of GMT
11-11 00:00:36.044 D/DevicePolicyManager( 1526): updateSystemUpdateFreezePeriodsRecord
11-11 00:00:36.045 D/ConditionProviders.SCP( 1526): onReceive android.intent.action.TIME_SET
11-11 00:00:36.045 D/KeyguardUpdateMonitor( 2000): received broadcast android.intent.action.TIME_SET
11-11 00:00:36.045 D/KeyguardUpdateMonitor( 2000): handleTimeUpdate
11-11 00:00:36.045 D/ConditionProviders.SCP( 1526): evaluateSubscriptionLocked cal=ScheduleCalendar[mDays={1, 2, 3, 4, 5, 6, 7}, mSchedule=ScheduleInfo{days=[1, 2, 3, 4, 5, 6, 7], startHour=22, startMinute=0, endHour=7, endMinute=0, exitAtAlarm=true, nextAlarm=Thu Jan 01 08:00:00 GMT+08:00 1970 (0)}], now=Fri Nov 11 00:00:36 GMT+08:00 2022 (1668096036045), nextUserAlarmTime=Thu Jan 01 08:00:00 GMT+08:00 1970 (0)
11-11 00:00:36.046 D/ConditionProviders.SCP( 1526): notifyCondition condition://android/schedule?days=1.2.3.4.5.6.7&start=22.0&end=7.0&exitAtAlarm=true STATE_TRUE reason=meetsSchedule
11-11 00:00:36.046 D/IconProvider( 2527): onReceive: android.intent.action.TIME_SET
11-11 00:00:36.046 D/ConditionProviders.SCP( 1526): Scheduling evaluate for Fri Nov 11 07:00:00 GMT+08:00 2022 (1668121200000), in +6h59m23s955ms, now=Fri Nov 11 00:00:36 GMT+08:00 2022 (1668096036045)
11-11 00:00:36.046 D/BaseModelUpdateTask( 2527): BaseModelUpdateTask constructor
11-11 00:00:36.046 D/BaseModelUpdateTask( 2527): java.lang.Exception
11-11 00:00:36.046 D/BaseModelUpdateTask( 2527): at com.android.launcher3.model.BaseModelUpdateTask.(BaseModelUpdateTask.java:57)
11-11 00:00:36.046 D/BaseModelUpdateTask( 2527): at com.android.launcher3.model.PackageUpdatedTask.(PackageUpdatedTask.java:88)
11-11 00:00:36.046 D/BaseModelUpdateTask( 2527): at com.android.launcher3.LauncherModel.onPackageChanged(LauncherModel.java:156)
11-11 00:00:36.046 D/BaseModelUpdateTask( 2527): at com.android.launcher3.LauncherModel.onAppIconChanged(LauncherModel.java:226)
11-11 00:00:36.046 D/BaseModelUpdateTask( 2527): at com.android.launcher3.LauncherAppState$IconObserver.onAppIconChanged(LauncherAppState.java:206)
11-11 00:00:36.046 D/BaseModelUpdateTask( 2527): at com.android.launcher3.icons.IconProvider$IconChangeReceiver.onReceive(IconProvider.java:371)
11-11 00:00:36.046 D/BaseModelUpdateTask( 2527): at android.app.LoadedApk$ReceiverDispatcher$Args.lambda$getRunnable$0$LoadedApk$ReceiverDispatcher$Args(LoadedApk.java:1679)
11-11 00:00:36.046 D/BaseModelUpdateTask( 2527): at android.app.LoadedApk$ReceiverDispatcher$Args$$ExternalSyntheticLambda0.run(Unknown Source:2)
11-11 00:00:36.046 D/BaseModelUpdateTask( 2527): at android.os.Handler.handleCallback(Handler.java:938)
11-11 00:00:36.046 D/BaseModelUpdateTask( 2527): at android.os.Handler.dispatchMessage(Handler.java:99)
11-11 00:00:36.046 D/BaseModelUpdateTask( 2527): at android.os.Looper.loopOnce(Looper.java:201)
11-11 00:00:36.046 D/BaseModelUpdateTask( 2527): at android.os.Looper.loop(Looper.java:288)
11-11 00:00:36.046 D/BaseModelUpdateTask( 2527): at android.os.HandlerThread.run(HandlerThread.java:67)
11-11 00:00:36.047 D/IconProvider( 2527): onReceive: android.intent.action.TIME_SET
11-11 00:00:36.047 D/PackageUpdatedTask( 2527): PackageUpdatedTask constructor: op=2,user=UserHandle{0},packages=[com.android.calendar]
11-11 00:00:36.047 D/PackageUpdatedTask( 2527): java.lang.Exception
11-11 00:00:36.047 D/PackageUpdatedTask( 2527): at com.android.launcher3.model.PackageUpdatedTask.(PackageUpdatedTask.java:93)
11-11 00:00:36.047 D/PackageUpdatedTask( 2527): at com.android.launcher3.LauncherModel.onPackageChanged(LauncherModel.java:156)
11-11 00:00:36.047 D/PackageUpdatedTask( 2527): at com.android.launcher3.LauncherModel.onAppIconChanged(LauncherModel.java:226)
11-11 00:00:36.047 D/PackageUpdatedTask( 2527): at com.android.launcher3.LauncherAppState$IconObserver.onAppIconChanged(LauncherAppState.java:206)
11-11 00:00:36.047 D/PackageUpdatedTask( 2527): at com.android.launcher3.icons.IconProvider$IconChangeReceiver.onReceive(IconProvider.java:371)
11-11 00:00:36.047 D/PackageUpdatedTask( 2527): at android.app.LoadedApk$ReceiverDispatcher$Args.lambda$getRunnable$0$LoadedApk$ReceiverDispatcher$Args(LoadedApk.java:1679)
11-11 00:00:36.047 D/PackageUpdatedTask( 2527): at android.app.LoadedApk$ReceiverDispatcher$Args$$ExternalSyntheticLambda0.run(Unknown Source:2)
11-11 00:00:36.047 D/PackageUpdatedTask( 2527): at android.os.Handler.handleCallback(Handler.java:938)
11-11 00:00:36.047 D/PackageUpdatedTask( 2527): at android.os.Handler.dispatchMessage(Handler.java:99)
11-11 00:00:36.047 D/PackageUpdatedTask( 2527): at android.os.Looper.loopOnce(Looper.java:201)
11-11 00:00:36.047 D/PackageUpdatedTask( 2527): at android.os.Looper.loop(Looper.java:288)
11-11 00:00:36.047 D/PackageUpdatedTask( 2527): at android.os.HandlerThread.run(HandlerThread.java:67)
11-11 00:00:36.048 D/OsAgent ( 2639): [time_change_update][3164] [HC] =>> [HS]
11-11 00:00:36.048 D/CompatibilityInfo( 1526): mCompatibilityFlags - 4
11-11 00:00:36.048 D/CompatibilityInfo( 1526): applicationDensity - 240
11-11 00:00:36.048 D/CompatibilityInfo( 1526): applicationScale - 1.0
11-11 00:00:36.048 V/LocSvc_HIDL_IzatSubscription( 809): [timeChangeUpdate][645] [HS] <<<<= [HC]
11-11 00:00:36.049 D/Launcher.IconCache( 2527): Package not found
11-11 00:00:36.049 D/Launcher.IconCache( 2527): android.content.pm.PackageManager$NameNotFoundException: com.android.calendar
11-11 00:00:36.049 D/Launcher.IconCache( 2527): at android.app.ApplicationPackageManager.getPackageInfoAsUser(ApplicationPackageManager.java:241)
11-11 00:00:36.049 D/Launcher.IconCache( 2527): at android.app.ApplicationPackageManager.getPackageInfo(ApplicationPackageManager.java:213)
11-11 00:00:36.049 D/Launcher.IconCache( 2527): at com.android.launcher3.icons.IconCache.updateIconsForPkg(IconCache.java:122)
11-11 00:00:36.049 D/Launcher.IconCache( 2527): at com.android.launcher3.model.PackageUpdatedTask.execute(PackageUpdatedTask.java:130)
11-11 00:00:36.049 D/Launcher.IconCache( 2527): at com.android.launcher3.model.BaseModelUpdateTask.run(BaseModelUpdateTask.java:80)
11-11 00:00:36.049 D/Launcher.IconCache( 2527): at com.android.launcher3.util.LooperExecutor.execute(LooperExecutor.java:45)
11-11 00:00:36.049 D/Launcher.IconCache( 2527): at com.android.launcher3.LauncherModel.enqueueModelUpdateTask(LauncherModel.java:555)
11-11 00:00:36.049 D/Launcher.IconCache( 2527): at com.android.launcher3.LauncherModel.onPackageChanged(LauncherModel.java:156)
11-11 00:00:36.049 D/Launcher.IconCache( 2527): at com.android.launcher3.LauncherModel.onAppIconChanged(LauncherModel.java:226)
11-11 00:00:36.049 D/Launcher.IconCache( 2527): at com.android.launcher3.LauncherAppState$IconObserver.onAppIconChanged(LauncherAppState.java:206)
11-11 00:00:36.049 D/Launcher.IconCache( 2527): at com.android.launcher3.icons.IconProvider$IconChangeReceiver.onReceive(IconProvider.java:371)
11-11 00:00:36.049 D/Launcher.IconCache( 2527): at android.app.LoadedApk$ReceiverDispatcher$Args.lambda$getRunnable$0$LoadedApk$ReceiverDispatcher$Args(LoadedApk.java:1679)
11-11 00:00:36.049 D/Launcher.IconCache( 2527): at android.app.LoadedApk$ReceiverDispatcher$Args$$ExternalSyntheticLambda0.run(Unknown Source:2)
11-11 00:00:36.049 D/Launcher.IconCache( 2527): at android.os.Handler.handleCallback(Handler.java:938)
11-11 00:00:36.049 D/Launcher.IconCache( 2527): at android.os.Handler.dispatchMessage(Handler.java:99)
11-11 00:00:36.049 D/Launcher.IconCache( 2527): at android.os.Looper.loopOnce(Looper.java:201)
11-11 00:00:36.049 D/Launcher.IconCache( 2527): at android.os.Looper.loop(Looper.java:288)
11-11 00:00:36.049 D/Launcher.IconCache( 2527): at android.os.HandlerThread.run(HandlerThread.java:67)
11-11 00:00:36.049 D/TimeService( 5248): Receivedandroid.intent.action.TIME_SET intent. Current Time is 1668096036049
11-11 00:00:36.050 D/BaseModelUpdateTask( 2527): BaseModelUpdateTask constructor
11-11 00:00:36.050 D/BaseModelUpdateTask( 2527): java.lang.Exception
11-11 00:00:36.050 D/BaseModelUpdateTask( 2527): at com.android.launcher3.model.BaseModelUpdateTask.(BaseModelUpdateTask.java:57)
11-11 00:00:36.050 D/BaseModelUpdateTask( 2527): at com.android.launcher3.LauncherModel$6.(LauncherModel.java:605)
11-11 00:00:36.050 D/BaseModelUpdateTask( 2527): at com.android.launcher3.LauncherModel.refreshAndBindWidgetsAndShortcuts(LauncherModel.java:605)
11-11 00:00:36.050 D/BaseModelUpdateTask( 2527): at com.android.launcher3.Launcher.refreshAndBindWidgetsForPackageUser(Launcher.java:2878)
11-11 00:00:36.050 D/BaseModelUpdateTask( 2527): at com.android.launcher3.model.PackageUpdatedTask.execute(PackageUpdatedTask.java:139)
11-11 00:00:36.050 D/BaseModelUpdateTask( 2527): at com.android.launcher3.model.BaseModelUpdateTask.run(BaseModelUpdateTask.java:80)
11-11 00:00:36.050 D/BaseModelUpdateTask( 2527): at com.android.launcher3.util.LooperExecutor.execute(LooperExecutor.java:45)
11-11 00:00:36.050 D/BaseModelUpdateTask( 2527): at com.android.launcher3.LauncherModel.enqueueModelUpdateTask(LauncherModel.java:555)
11-11 00:00:36.050 D/BaseModelUpdateTask( 2527): at com.android.launcher3.LauncherModel.onPackageChanged(LauncherModel.java:156)
11-11 00:00:36.050 D/BaseModelUpdateTask( 2527): at com.android.launcher3.LauncherModel.onAppIconChanged(LauncherModel.java:226)
11-11 00:00:36.050 D/BaseModelUpdateTask( 2527): at com.android.launcher3.LauncherAppState$IconObserver.onAppIconChanged(LauncherAppState.java:206)
11-11 00:00:36.050 D/BaseModelUpdateTask( 2527): at com.android.launcher3.icons.IconProvider$IconChangeReceiver.onReceive(IconProvider.java:371)
11-11 00:00:36.050 D/BaseModelUpdateTask( 2527): at android.app.LoadedApk$ReceiverDispatcher$Args.lambda$getRunnable$0$LoadedApk$ReceiverDispatcher$Args(LoadedApk.java:1679)
11-11 00:00:36.050 D/BaseModelUpdateTask( 2527): at android.app.LoadedApk$ReceiverDispatcher$Args$$ExternalSyntheticLambda0.run(Unknown Source:2)
11-11 00:00:36.050 D/BaseModelUpdateTask( 2527): at android.os.Handler.handleCallback(Handler.java:938)
11-11 00:00:36.050 D/BaseModelUpdateTask( 2527): at android.os.Handler.dispatchMessage(Handler.java:99)
11-11 00:00:36.050 D/BaseModelUpdateTask( 2527): at android.os.Looper.loopOnce(Looper.java:201)
11-11 00:00:36.050 D/BaseModelUpdateTask( 2527): at android.os.Looper.loop(Looper.java:288)
11-11 00:00:36.050 D/BaseModelUpdateTask( 2527): at android.os.HandlerThread.run(HandlerThread.java:67)
11-11 00:00:36.051 D/QC-time-services( 642): Daemon: Connection accepted:time_genoff
11-11 00:00:36.051 D/QC-time-services( 642): Daemon:Received base = 2, unit = 1, operation = 0,value = 1668096036051
11-11 00:00:36.051 D/QC-time-services( 642): Daemon:genoff_opr: Base = 2, val = 1668096036051, operation = 0
11-11 00:00:36.051 D/QC-time-services( 642): Daemon:Value read from QTimer mseconds = 404760
11-11 00:00:36.051 D/QC-time-services( 642): Daemon:Value read from RTC mseconds on boot = 7137000
11-11 00:00:36.051 D/QC-time-services( 642): Daemon:Delta read on boot mseconds = 7128979
11-11 00:00:36.051 D/QC-time-services( 642): Daemon:new time 1668096036051
11-11 00:00:36.051 D/QC-time-services( 642): Daemon: delta 1668088502312 genoff 1668088502312
11-11 00:00:36.051 D/QC-time-services( 642): Daemon:genoff_persistent_update: Writing genoff = 1668088502312 to memory
11-11 00:00:36.051 D/QC-time-services( 642): Daemon:Opening File: /mnt/vendor/persist/time/ats_2 /data/vendor/time/ats_2
11-11 00:00:36.051 D/QC-time-services( 642): Daemon:time_persistent_memory_opr:Genoff write operation
11-11 00:00:36.054 D/QC-time-services( 642): Updating the TOD offset
11-11 00:00:36.054 D/QC-time-services( 642): Daemon:genoff_persistent_update: Writing genoff = 1668088502312 to memory
11-11 00:00:36.054 D/QC-time-services( 642): Daemon:Opening File: /mnt/vendor/persist/time/ats_1 /data/vendor/time/ats_1
11-11 00:00:36.054 D/QC-time-services( 642): Daemon:time_persistent_memory_opr:Genoff write operation
11-11 00:00:36.055 D/QC-time-services( 642): Daemon:genoff_set: Updating the WLAN offset
11-11 00:00:36.056 D/QC-time-services( 642): Daemon:genoff_persistent_update: Writing genoff = 1668088502312 to memory
11-11 00:00:36.056 D/QC-time-services( 642): Daemon:Opening File: /mnt/vendor/persist/time/ats_16 /data/vendor/time/ats_16
11-11 00:00:36.056 D/QC-time-services( 642): Daemon:time_persistent_memory_opr:Genoff write operation
11-11 00:00:36.057 D/TimeService( 5248): Set time successfully!
11-11 00:00:36.058 E/QC-time-services( 642): Daemon: Time-services: Waiting to acceptconnection
11-11 00:00:36.059 I/WidgetsModel( 2527): found whitelist widget: com.android.settings, label: 璁剧疆蹇嵎鏂瑰紡, sectionName:S
11-11 00:00:36.059 I/WidgetsModel( 2527): found whitelist widget: com.android.gallery3d, label: 鐓х墖, sectionName:T
11-11 00:00:36.059 I/WidgetsModel( 2527): found whitelist widget: com.android.systemui, label: 瀵硅瘽, sectionName:D
11-11 00:00:36.060 D/CompatibilityInfo( 1526): mCompatibilityFlags - 4
11-11 00:00:36.060 D/CompatibilityInfo( 1526): applicationDensity - 240
11-11 00:00:36.060 D/CompatibilityInfo( 1526): applicationScale - 1.0
11-11 00:00:36.061 I/WidgetsModel( 2527): found whitelist widget: com.android.music, label: 闊充箰, sectionName:Y
11-11 00:00:36.061 D/ModelWriter( 2527): removing items from db
11-11 00:00:36.061 D/ModelWriter( 2527): java.lang.Exception
11-11 00:00:36.061 D/ModelWriter( 2527): at com.android.launcher3.model.ModelWriter.deleteItemsFromDatabase(ModelWriter.java:280)
11-11 00:00:36.061 D/ModelWriter( 2527): at com.android.launcher3.model.ModelWriter.deleteItemsFromDatabase(ModelWriter.java:268)
11-11 00:00:36.061 D/ModelWriter( 2527): at com.android.launcher3.model.BaseModelUpdateTask.deleteAndBindComponentsRemoved(BaseModelUpdateTask.java:140)
11-11 00:00:36.061 D/ModelWriter( 2527): at com.android.launcher3.model.PackageUpdatedTask.execute(PackageUpdatedTask.java:353)
11-11 00:00:36.061 D/ModelWriter( 2527): at com.android.launcher3.model.BaseModelUpdateTask.run(BaseModelUpdateTask.java:80)
11-11 00:00:36.061 D/ModelWriter( 2527): at com.android.launcher3.util.LooperExecutor.execute(LooperExecutor.java:45)
11-11 00:00:36.061 D/ModelWriter( 2527): at com.android.launcher3.LauncherModel.enqueueModelUpdateTask(LauncherModel.java:555)
11-11 00:00:36.061 D/ModelWriter( 2527): at com.android.launcher3.LauncherModel.onPackageChanged(LauncherModel.java:156)
11-11 00:00:36.061 D/ModelWriter( 2527): at com.android.launcher3.LauncherModel.onAppIconChanged(LauncherModel.java:226)
11-11 00:00:36.061 D/ModelWriter( 2527): at com.android.launcher3.LauncherAppState$IconObserver.onAppIconChanged(LauncherAppState.java:206)
11-11 00:00:36.061 D/ModelWriter( 2527): at com.android.launcher3.icons.IconProvider$IconChangeReceiver.onReceive(IconProvider.java:371)
11-11 00:00:36.061 D/ModelWriter( 2527): at android.app.LoadedApk$ReceiverDispatcher$Args.lambda$getRunnable$0$LoadedApk$ReceiverDispatcher$Args(LoadedApk.java:1679)
11-11 00:00:36.061 D/ModelWriter( 2527): at android.app.LoadedApk$ReceiverDispatcher$Args$$ExternalSyntheticLambda0.run(Unknown Source:2)
11-11 00:00:36.061 D/ModelWriter( 2527): at android.os.Handler.handleCallback(Handler.java:938)
11-11 00:00:36.061 D/ModelWriter( 2527): at android.os.Handler.dispatchMessage(Handler.java:99)
11-11 00:00:36.061 D/ModelWriter( 2527): at android.os.Looper.loopOnce(Looper.java:201)
11-11 00:00:36.061 D/ModelWriter( 2527): at android.os.Looper.loop(Looper.java:288)
11-11 00:00:36.061 D/ModelWriter( 2527): at android.os.HandlerThread.run(HandlerThread.java:67)
11-11 00:00:36.070 D/BaseModelUpdateTask( 2527): BaseModelUpdateTask constructor
11-11 00:00:36.070 D/BaseModelUpdateTask( 2527): java.lang.Exception
11-11 00:00:36.070 D/BaseModelUpdateTask( 2527): at com.android.launcher3.model.BaseModelUpdateTask.(BaseModelUpdateTask.java:57)
11-11 00:00:36.070 D/BaseModelUpdateTask( 2527): at com.android.launcher3.model.AddWorkspaceItemsTask.(AddWorkspaceItemsTask.java:58)
11-11 00:00:36.070 D/BaseModelUpdateTask( 2527): at com.android.launcher3.LauncherModel.addAndBindAddedWorkspaceItems(LauncherModel.java:145)
11-11 00:00:36.070 D/BaseModelUpdateTask( 2527): at com.android.launcher3.model.PackageUpdatedTask.updateToWorkSpace(PackageUpdatedTask.java:406)
11-11 00:00:36.070 D/BaseModelUpdateTask( 2527): at com.android.launcher3.model.PackageUpdatedTask.execute(PackageUpdatedTask.java:370)
11-11 00:00:36.070 D/BaseModelUpdateTask( 2527): at com.android.launcher3.model.BaseModelUpdateTask.run(BaseModelUpdateTask.java:80)
11-11 00:00:36.070 D/BaseModelUpdateTask( 2527): at com.android.launcher3.util.LooperExecutor.execute(LooperExecutor.java:45)
11-11 00:00:36.070 D/BaseModelUpdateTask( 2527): at com.android.launcher3.LauncherModel.enqueueModelUpdateTask(LauncherModel.java:555)
11-11 00:00:36.070 D/BaseModelUpdateTask( 2527): at com.android.launcher3.LauncherModel.onPackageChanged(LauncherModel.java:156)
11-11 00:00:36.070 D/BaseModelUpdateTask( 2527): at com.android.launcher3.LauncherModel.onAppIconChanged(LauncherModel.java:226)
11-11 00:00:36.070 D/BaseModelUpdateTask( 2527): at com.android.launcher3.LauncherAppState$IconObserver.onAppIconChanged(LauncherAppState.java:206)
11-11 00:00:36.070 D/BaseModelUpdateTask( 2527): at com.android.launcher3.icons.IconProvider$IconChangeReceiver.onReceive(IconProvider.java:371)
11-11 00:00:36.070 D/BaseModelUpdateTask( 2527): at android.app.LoadedApk$ReceiverDispatcher$Args.lambda$getRunnable$0$LoadedApk$ReceiverDispatcher$Args(LoadedApk.java:1679)
11-11 00:00:36.070 D/BaseModelUpdateTask( 2527): at android.app.LoadedApk$ReceiverDispatcher$Args$$ExternalSyntheticLambda0.run(Unknown Source:2)
11-11 00:00:36.070 D/BaseModelUpdateTask( 2527): at android.os.Handler.handleCallback(Handler.java:938)
11-11 00:00:36.070 D/BaseModelUpdateTask( 2527): at android.os.Handler.dispatchMessage(Handler.java:99)
11-11 00:00:36.070 D/BaseModelUpdateTask( 2527): at android.os.Looper.loopOnce(Looper.java:201)
11-11 00:00:36.070 D/BaseModelUpdateTask( 2527): at android.os.Looper.loop(Looper.java:288)
11-11 00:00:36.070 D/BaseModelUpdateTask( 2527): at android.os.HandlerThread.run(HandlerThread.java:67)
11-11 00:00:36.110 W/q_h_c_s ( 5265): HCDN_LOG: [T:5558]AsyncPost:1226,------> AsyncPost (reid: 67270023, requestUrl: http://127.0.0.1:1971/md, connect timeout: 5000, read timeout: 8000, qtp enable: 0)
11-11 00:00:36.111 W/q_h_c_s ( 5265): HCDN_LOG: [T:5558]AsyncPost:1226,------> AsyncPost (reid: 67270024, requestUrl: http://127.0.0.1:1981/md, connect timeout: 5000, read timeout: 8000, qtp enable: 0)
11-11 00:00:36.111 W/q_h_c_s ( 5265): HCDN_LOG: [T:5558]AsyncPost:1226,------> AsyncPost (reid: 67270025, requestUrl: http://127.0.0.1:1991/md, connect timeout: 5000, read timeout: 8000, qtp enable: 0)
11-11 00:00:36.112 W/q_h_c_s ( 5265): HCDN_LOG: [T:5558]AsyncPost:1226,------> AsyncPost (reid: 67270026, requestUrl: http://localhost/md, connect timeout: 5000, read timeout: 8000, qtp enable: 0)
11-11 00:00:36.112 W/q_h_c_s ( 5265): HCDN_LOG: [T:5557]SetEasyOpt:1330,curl_easy_setopt CURLOPT_IPRESOLVE success (reid: 67270023, ipresolve: 1)
11-11 00:00:36.112 W/q_h_c_s ( 5265): HCDN_LOG: [T:5557]SetEasyOpt:1883,curl_easy_setopt CURLOPT_URL success: http://127.0.0.1:1971/md?business=QTP&cache_enable=1&cache_only=1 (reid: 67270023)
11-11 00:00:36.112 W/q_h_c_s ( 5265): HCDN_LOG: [T:5557]SetEasyOpt:2686,curl_easy_setopt CURLOPT_LOW_SPEED_LIMIT success for global (reid: 67270023, speed: 1)
11-11 00:00:36.112 W/q_h_c_s ( 5265): HCDN_LOG: [T:5557]SetEasyOpt:2698,curl_easy_setopt CURLOPT_LOW_SPEED_TIME success for global (reid: 67270023, time: 10)
11-11 00:00:36.113 W/q_h_c_s ( 5265): HCDN_LOG: [T:5557]SetEasyOpt:2903,curl_easy_setopt CURLOPT_CONNECTTIMEOUT_MS success (reid: 67270023, timeout: 5000)
11-11 00:00:36.113 W/q_h_c_s ( 5265): HCDN_LOG: [T:5557]SetEasyOpt:2954,curl_easy_setopt CURLOPT_TIMEOUT_MS success (reid: 67270023, timeout: 8000)
11-11 00:00:36.113 W/q_h_c_s ( 5265): HCDN_LOG: [T:5557]AddToMultiHandle:965,AddToMultiHandle: reid: 67270023, taskid(0), moduleId(14), offset(0), length(-1) , CURL(0xb3122610) , m_mapRun(1), m_mapReqId2EasyHandle(1), m_vecModuleRun(0,0,1,0,0,0,0,0,0)
11-11 00:00:36.113 W/q_h_c_s ( 5265): HCDN_LOG: [T:5557]SetEasyOpt:1330,curl_easy_setopt CURLOPT_IPRESOLVE success (reid: 67270024, ipresolve: 1)
11-11 00:00:36.113 W/q_h_c_s ( 5265): HCDN_LOG: [T:5557]SetEasyOpt:1883,curl_easy_setopt CURLOPT_URL success: http://127.0.0.1:1981/md?business=QTP&cache_enable=1&cache_only=1 (reid: 67270024)
11-11 00:00:36.113 W/q_h_c_s ( 5265): HCDN_LOG: [T:5557]SetEasyOpt:2686,curl_easy_setopt CURLOPT_LOW_SPEED_LIMIT success for global (reid: 67270024, speed: 1)
11-11 00:00:36.113 W/q_h_c_s ( 5265): HCDN_LOG: [T:5557]SetEasyOpt:2698,curl_easy_setopt CURLOPT_LOW_SPEED_TIME success for global (reid: 67270024, time: 10)
11-11 00:00:36.113 W/q_h_c_s ( 5265): HCDN_LOG: [T:5557]SetEasyOpt:2903,curl_easy_setopt CURLOPT_CONNECTTIMEOUT_MS success (reid: 67270024, timeout: 5000)
11-11 00:00:36.113 W/q_h_c_s ( 5265): HCDN_LOG: [T:5557]SetEasyOpt:2954,curl_easy_setopt CURLOPT_TIMEOUT_MS success (reid: 67270024, timeout: 8000)
11-11 00:00:36.113 W/q_h_c_s ( 5265): HCDN_LOG: [T:5557]AddToMultiHandle:965,AddToMultiHandle: reid: 67270024, taskid(0), moduleId(14), offset(0), length(-1) , CURL(0xb3127c00) , m_mapRun(2), m_mapReqId2EasyHandle(2), m_vecModuleRun(0,0,2,0,0,0,0,0,0)
11-11 00:00:36.113 W/q_h_c_s ( 5265): HCDN_LOG: [T:5557]SetEasyOpt:1330,curl_easy_setopt CURLOPT_IPRESOLVE success (reid: 67270025, ipresolve: 1)
11-11 00:00:36.114 W/q_h_c_s ( 5265): HCDN_LOG: [T:5557]SetEasyOpt:1883,curl_easy_setopt CURLOPT_URL success: http://127.0.0.1:1991/md?business=QTP&cache_enable=1&cache_only=1 (reid: 67270025)
11-11 00:00:36.114 W/q_h_c_s ( 5265): HCDN_LOG: [T:5557]SetEasyOpt:2686,curl_easy_setopt CURLOPT_LOW_SPEED_LIMIT success for global (reid: 67270025, speed: 1)
11-11 00:00:36.114 W/q_h_c_s ( 5265): HCDN_LOG: [T:5557]SetEasyOpt:2698,curl_easy_setopt CURLOPT_LOW_SPEED_TIME success for global (reid: 67270025, time: 10)
11-11 00:00:36.114 W/q_h_c_s ( 5265): HCDN_LOG: [T:5557]SetEasyOpt:2903,curl_easy_setopt CURLOPT_CONNECTTIMEOUT_MS success (reid: 67270025, timeout: 5000)
11-11 00:00:36.114 W/q_h_c_s ( 5265): HCDN_LOG: [T:5557]SetEasyOpt:2954,curl_easy_setopt CURLOPT_TIMEOUT_MS success (reid: 67270025, timeout: 8000)
11-11 00:00:36.114 W/q_h_c_s ( 5265): HCDN_LOG: [T:5557]AddToMultiHandle:965,AddToMultiHandle: reid: 67270025, taskid(0), moduleId(14), offset(0), length(-1) , CURL(0xb311d020) , m_mapRun(3), m_mapReqId2EasyHandle(3), m_vecModuleRun(0,0,3,0,0,0,0,0,0)
11-11 00:00:36.114 W/q_h_c_s ( 5265): HCDN_LOG: [T:5557]SetEasyOpt:1330,curl_easy_setopt CURLOPT_IPRESOLVE success (reid: 67270026, ipresolve: 1)
11-11 00:00:36.114 W/q_h_c_s ( 5265): HCDN_LOG: [T:5557]SetEasyOpt:1883,curl_easy_setopt CURLOPT_URL success: http://localhost/md?business=QTP&cache_enable=1&cache_only=1 (reid: 67270026)
11-11 00:00:36.114 W/q_h_c_s ( 5265): HCDN_LOG: [T:5557]SetEasyOpt:2686,curl_easy_setopt CURLOPT_LOW_SPEED_LIMIT success for global (reid: 67270026, speed: 1)
11-11 00:00:36.114 W/q_h_c_s ( 5265): HCDN_LOG: [T:5557]SetEasyOpt:2698,curl_easy_setopt CURLOPT_LOW_SPEED_TIME success for global (reid: 67270026, time: 10)
11-11 00:00:36.114 W/q_h_c_s ( 5265): HCDN_LOG: [T:5557]SetEasyOpt:2903,curl_easy_setopt CURLOPT_CONNECTTIMEOUT_MS success (reid: 67270026, timeout: 5000)
11-11 00:00:36.114 W/q_h_c_s ( 5265): HCDN_LOG: [T:5557]SetEasyOpt:2954,curl_easy_setopt CURLOPT_TIMEOUT_MS success (reid: 67270026, timeout: 8000)
11-11 00:00:36.115 W/q_h_c_s ( 5265): HCDN_LOG: [T:5557]AddToMultiHandle:965,AddToMultiHandle: reid: 67270026, taskid(0), moduleId(14), offset(0), length(-1) , CURL(0xb31033a0) , m_mapRun(4), m_mapReqId2EasyHandle(4), m_vecModuleRun(0,0,4,0,0,0,0,0,0)
11-11 00:00:36.122 W/q_h_c_s ( 5265): HCDN_LOG: [T:5557]ProcessCurlMsg:596,curl error detected (reid: 67270023, error: ownErrCode: 2004 (CURL message done with error), sysErrno: 0, transErrCode: 0, mCurlErrCode: 0, eCurlErrCode: 7)
11-11 00:00:36.122 W/q_h_c_s ( 5265): HCDN_LOG: [T:5557]ExecuteCallback:2463,HTTP time information: reid: 67270023, reqScheduleTime: 1668096036111, reqBeginTime: 1668096036113, qtpDnsEndTime: 1668096036113, startRecvHeaderTime: 0, startRecvBodyTime: 0, reqEndTime: 1668096036122
11-11 00:00:36.122 W/q_h_c_s ( 5265): HCDN_LOG: [T:5557]ExecuteCallback:2669,HTTP finished, reid: 67270023, status: ownErrCode: 2004 (CURL message done with error), sysErrno: 0, transErrCode: 0, mCurlErrCode: 0, eCurlErrCode: 7, HTTP status code: 0, HTTP version: 0, trypath:
11-11 00:00:36.122 W/q_h_c_s ( 5265): HCDN_LOG: [T:5557]ProcessCurlMsg:620,ProcessCurlMsg: reid: 67270023, taskid(0), moduleId(14), offset(0), length(-1) , CURL(0x0) , m_mapRun(3), m_mapReqId2EasyHandle(3), m_vecModuleRun(0,0,3,0,0,0,0,0,0)
11-11 00:00:36.122 W/q_h_c_s ( 5265): HCDN_LOG: [T:5557]ProcessCurlMsg:596,curl error detected (reid: 67270024, error: ownErrCode: 2004 (CURL message done with error), sysErrno: 0, transErrCode: 0, mCurlErrCode: 0, eCurlErrCode: 7)
11-11 00:00:36.122 W/q_h_c_s ( 5265): HCDN_LOG: [T:5557]ExecuteCallback:2463,HTTP time information: reid: 67270024, reqScheduleTime: 1668096036111, reqBeginTime: 1668096036113, qtpDnsEndTime: 1668096036113, startRecvHeaderTime: 0, startRecvBodyTime: 0, reqEndTime: 1668096036122
11-11 00:00:36.122 W/q_h_c_s ( 5265): HCDN_LOG: [T:5557]ExecuteCallback:2669,HTTP finished, reid: 67270024, status: ownErrCode: 2004 (CURL message done with error), sysErrno: 0, transErrCode: 0, mCurlErrCode: 0, eCurlErrCode: 7, HTTP status code: 0, HTTP version: 0, trypath:
11-11 00:00:36.122 W/q_h_c_s ( 5265): HCDN_LOG: [T:5557]ProcessCurlMsg:620,ProcessCurlMsg: reid: 67270024, taskid(0), moduleId(14), offset(0), length(-1) , CURL(0x0) , m_mapRun(2), m_mapReqId2EasyHandle(2), m_vecModuleRun(0,0,2,0,0,0,0,0,0)
11-11 00:00:36.122 W/q_h_c_s ( 5265): HCDN_LOG: [T:5557]ProcessCurlMsg:596,curl error detected (reid: 67270025, error: ownErrCode: 2004 (CURL message done with error), sysErrno: 0, transErrCode: 0, mCurlErrCode: 0, eCurlErrCode: 7)
11-11 00:00:36.122 W/q_h_c_s ( 5265): HCDN_LOG: [T:5557]ExecuteCallback:2463,HTTP time information: reid: 67270025, reqScheduleTime: 1668096036111, reqBeginTime: 1668096036114, qtpDnsEndTime: 1668096036114, startRecvHeaderTime: 0, startRecvBodyTime: 0, reqEndTime: 1668096036122
11-11 00:00:36.122 W/q_h_c_s ( 5265): HCDN_LOG: [T:5557]ExecuteCallback:2669,HTTP finished, reid: 67270025, status: ownErrCode: 2004 (CURL message done with error), sysErrno: 0, transErrCode: 0, mCurlErrCode: 0, eCurlErrCode: 7, HTTP status code: 0, HTTP version: 0, trypath:
11-11 00:00:36.122 W/q_h_c_s ( 5265): HCDN_LOG: [T:5557]ProcessCurlMsg:620,ProcessCurlMsg: reid: 67270025, taskid(0), moduleId(14), offset(0), length(-1) , CURL(0x0) , m_mapRun(1), m_mapReqId2EasyHandle(1), m_vecModuleRun(0,0,1,0,0,0,0,0,0)
11-11 00:00:36.122 W/q_h_c_s ( 5265): HCDN_LOG: [T:5557]ProcessCurlMsg:596,curl error detected (reid: 67270026, error: ownErrCode: 2004 (CURL message done with error), sysErrno: 0, transErrCode: 0, mCurlErrCode: 0, eCurlErrCode: 7)
11-11 00:00:36.123 W/q_h_c_s ( 5265): HCDN_LOG: [T:5557]ExecuteCallback:2463,HTTP time information: reid: 67270026, reqScheduleTime: 1668096036112, reqBeginTime: 1668096036114, qtpDnsEndTime: 1668096036114, startRecvHeaderTime: 0, startRecvBodyTime: 0, reqEndTime: 1668096036123
11-11 00:00:36.123 W/q_h_c_s ( 5265): HCDN_LOG: [T:5557]ExecuteCallback:2669,HTTP finished, reid: 67270026, status: ownErrCode: 2004 (CURL message done with error), sysErrno: 0, transErrCode: 0, mCurlErrCode: 0, eCurlErrCode: 7, HTTP status code: 0, HTTP version: 0, trypath:
11-11 00:00:36.123 W/q_h_c_s ( 5265): HCDN_LOG: [T:5557]ProcessCurlMsg:620,ProcessCurlMsg: reid: 67270026, taskid(0), moduleId(14), offset(0), length(-1) , CURL(0x0) , m_mapRun(0), m_mapReqId2EasyHandle(0), m_vecModuleRun(0,0,0,0,0,0,0,0,0)
11-11 00:00:36.130 E/stat_handler( 5265): HCDN_LOG: [T:5574][HINFO]:[f:AddPost],[l:245] return, policy not post: stat_handler_start
11-11 00:00:36.206 I/OpenGLRenderer( 3511): Davey! duration=9223371634191ms; Flags=0, FrameTimelineVsyncId=4280, IntendedVsync=402662709652, Vsync=402662709652, InputEventId=0, HandleInputStart=402663300259, AnimationStart=402663303801, PerformTraversalsStart=402663306457, DrawStart=402664270312, FrameDeadline=402696042984, FrameInterval=402663289634, FrameStartTime=16666666, SyncQueued=402664950207, SyncStart=402665284009, IssueDrawCommandsStart=402666198072, SwapBuffers=402672923957, FrameCompleted=9223372036854775807, DequeueBufferDuration=49688, QueueBufferDuration=1341823, GpuCompleted=9223372036854775807, SwapBuffersCompleted=402675136562, DisplayPresentTime=0,
11-11 00:00:36.276 W/kcp_info( 5265): HCDN_LOG: [T:5570]Update: udp kcp size[0], timeout kcp size[0]
11-11 00:00:36.313 I/mpu_uart( 644): [MSG-P:RECV]:No message received in 1000 ms
11-11 00:00:36.492 I/auditd ( 2764): type=1400 audit(0.0:11755943): avc: denied { read } for comm="event_loop" lport=13400 scontext=u:r:hht_ota_mgr:s0 tcontext=u:r:hht_ota_mgr:s0 tclass=udp_socket permissive=0
11-11 00:00:36.492 W/event_loop( 2764): type=1400 audit(0.0:11755943): avc: denied { read } for lport=13400 scontext=u:r:hht_ota_mgr:s0 tcontext=u:r:hht_ota_mgr:s0 tclass=udp_socket permissive=0
11-11 00:00:36.496 I/auditd ( 2764): type=1400 audit(0.0:11755944): avc: denied { read } for comm="event_loop" lport=13400 scontext=u:r:hht_ota_mgr:s0 tcontext=u:r:hht_ota_mgr:s0 tclass=udp_socket permissive=0
11-11 00:00:36.496 W/event_loop( 2764): type=1400 audit(0.0:11755944): avc: denied { read } for lport=13400 scontext=u:r:hht_ota_mgr:s0 tcontext=u:r:hht_ota_mgr:s0 tclass=udp_socket permissive=0
