11-11 00:00:31.045 D/BaseModelUpdateTask( 2527): at com.android.launcher3.LauncherAppState$IconObserver.onAppIconChanged(LauncherAppState.java:206)
11-11 00:00:31.045 D/BaseModelUpdateTask( 2527): at com.android.launcher3.icons.IconProvider$IconChangeReceiver.onReceive(IconProvider.java:371)
11-11 00:00:31.045 D/BaseModelUpdateTask( 2527): at android.app.LoadedApk$ReceiverDispatcher$Args.lambda$getRunnable$0$LoadedApk$ReceiverDispatcher$Args(LoadedApk.java:1679)
11-11 00:00:31.045 D/BaseModelUpdateTask( 2527): at android.app.LoadedApk$ReceiverDispatcher$Args$$ExternalSyntheticLambda0.run(Unknown Source:2)
11-11 00:00:31.045 D/BaseModelUpdateTask( 2527): at android.os.Handler.handleCallback(Handler.java:938)
11-11 00:00:31.045 D/BaseModelUpdateTask( 2527): at android.os.Handler.dispatchMessage(Handler.java:99)
11-11 00:00:31.045 D/BaseModelUpdateTask( 2527): at android.os.Looper.loopOnce(Looper.java:201)
11-11 00:00:31.045 D/BaseModelUpdateTask( 2527): at android.os.Looper.loop(Looper.java:288)
11-11 00:00:31.045 D/BaseModelUpdateTask( 2527): at android.os.HandlerThread.run(HandlerThread.java:67)
11-11 00:00:31.045 D/CompatibilityInfo( 1526): mCompatibilityFlags - 4
11-11 00:00:31.045 D/CompatibilityInfo( 1526): applicationDensity - 240
11-11 00:00:31.045 D/CompatibilityInfo( 1526): applicationScale - 1.0
11-11 00:00:31.046 D/TimeService( 5248): Receivedandroid.intent.action.TIME_SET intent. Current Time is 1668096031046
11-11 00:00:31.048 D/QC-time-services( 642): Daemon: Connection accepted:time_genoff
11-11 00:00:31.048 D/QC-time-services( 642): Daemon:Received base = 2, unit = 1, operation = 0,value = 1668096031048
11-11 00:00:31.048 D/QC-time-services( 642): Daemon:genoff_opr: Base = 2, val = 1668096031048, operation = 0
11-11 00:00:31.048 D/QC-time-services( 642): Daemon:Value read from QTimer mseconds = 380600
11-11 00:00:31.048 D/QC-time-services( 642): Daemon:Value read from RTC mseconds on boot = 7137000
11-11 00:00:31.048 D/QC-time-services( 642): Daemon:Delta read on boot mseconds = 7128979
11-11 00:00:31.048 D/QC-time-services( 642): Daemon:new time 1668096031048
11-11 00:00:31.048 D/QC-time-services( 642): Daemon: delta 1668088521469 genoff 1668088521469
11-11 00:00:31.048 D/QC-time-services( 642): Daemon:genoff_persistent_update: Writing genoff = 1668088521469 to memory
11-11 00:00:31.048 D/QC-time-services( 642): Daemon:Opening File: /mnt/vendor/persist/time/ats_2 /data/vendor/time/ats_2
11-11 00:00:31.048 D/QC-time-services( 642): Daemon:time_persistent_memory_opr:Genoff write operation
11-11 00:00:31.052 D/QC-time-services( 642): Updating the TOD offset
11-11 00:00:31.052 D/QC-time-services( 642): Daemon:genoff_persistent_update: Writing genoff = 1668088521469 to memory
11-11 00:00:31.052 D/QC-time-services( 642): Daemon:Opening File: /mnt/vendor/persist/time/ats_1 /data/vendor/time/ats_1
11-11 00:00:31.052 D/QC-time-services( 642): Daemon:time_persistent_memory_opr:Genoff write operation
11-11 00:00:31.053 I/WidgetsModel( 2527): found whitelist widget: com.android.settings, label: 璁剧疆蹇嵎鏂瑰紡, sectionName:S
11-11 00:00:31.053 I/WidgetsModel( 2527): found whitelist widget: com.android.gallery3d, label: 鐓х墖, sectionName:T
11-11 00:00:31.053 I/WidgetsModel( 2527): found whitelist widget: com.android.systemui, label: 瀵硅瘽, sectionName:D
11-11 00:00:31.054 I/WidgetsModel( 2527): found whitelist widget: com.android.music, label: 闊充箰, sectionName:Y
11-11 00:00:31.055 D/ModelWriter( 2527): removing items from db
11-11 00:00:31.055 D/ModelWriter( 2527): java.lang.Exception
11-11 00:00:31.055 D/ModelWriter( 2527): at com.android.launcher3.model.ModelWriter.deleteItemsFromDatabase(ModelWriter.java:280)
11-11 00:00:31.055 D/ModelWriter( 2527): at com.android.launcher3.model.ModelWriter.deleteItemsFromDatabase(ModelWriter.java:268)
11-11 00:00:31.055 D/ModelWriter( 2527): at com.android.launcher3.model.BaseModelUpdateTask.deleteAndBindComponentsRemoved(BaseModelUpdateTask.java:140)
11-11 00:00:31.055 D/ModelWriter( 2527): at com.android.launcher3.model.PackageUpdatedTask.execute(PackageUpdatedTask.java:353)
11-11 00:00:31.055 D/ModelWriter( 2527): at com.android.launcher3.model.BaseModelUpdateTask.run(BaseModelUpdateTask.java:80)
11-11 00:00:31.055 D/ModelWriter( 2527): at com.android.launcher3.util.LooperExecutor.execute(LooperExecutor.java:45)
11-11 00:00:31.055 D/ModelWriter( 2527): at com.android.launcher3.LauncherModel.enqueueModelUpdateTask(LauncherModel.java:555)
11-11 00:00:31.055 D/ModelWriter( 2527): at com.android.launcher3.LauncherModel.onPackageChanged(LauncherModel.java:156)
11-11 00:00:31.055 D/ModelWriter( 2527): at com.android.launcher3.LauncherModel.onAppIconChanged(LauncherModel.java:226)
11-11 00:00:31.055 D/ModelWriter( 2527): at com.android.launcher3.LauncherAppState$IconObserver.onAppIconChanged(LauncherAppState.java:206)
11-11 00:00:31.055 D/ModelWriter( 2527): at com.android.launcher3.icons.IconProvider$IconChangeReceiver.onReceive(IconProvider.java:371)
11-11 00:00:31.055 D/ModelWriter( 2527): at android.app.LoadedApk$ReceiverDispatcher$Args.lambda$getRunnable$0$LoadedApk$ReceiverDispatcher$Args(LoadedApk.java:1679)
11-11 00:00:31.055 D/ModelWriter( 2527): at android.app.LoadedApk$ReceiverDispatcher$Args$$ExternalSyntheticLambda0.run(Unknown Source:2)
11-11 00:00:31.055 D/ModelWriter( 2527): at android.os.Handler.handleCallback(Handler.java:938)
11-11 00:00:31.055 D/ModelWriter( 2527): at android.os.Handler.dispatchMessage(Handler.java:99)
11-11 00:00:31.055 D/ModelWriter( 2527): at android.os.Looper.loopOnce(Looper.java:201)
11-11 00:00:31.055 D/ModelWriter( 2527): at android.os.Looper.loop(Looper.java:288)
11-11 00:00:31.055 D/ModelWriter( 2527): at android.os.HandlerThread.run(HandlerThread.java:67)
11-11 00:00:31.055 D/QC-time-services( 642): Daemon:genoff_set: Updating the WLAN offset
11-11 00:00:31.055 D/QC-time-services( 642): Daemon:genoff_persistent_update: Writing genoff = 1668088521469 to memory
11-11 00:00:31.055 D/QC-time-services( 642): Daemon:Opening File: /mnt/vendor/persist/time/ats_16 /data/vendor/time/ats_16
11-11 00:00:31.055 D/QC-time-services( 642): Daemon:time_persistent_memory_opr:Genoff write operation
11-11 00:00:31.058 E/QC-time-services( 642): Daemon: Time-services: Waiting to acceptconnection
11-11 00:00:31.058 D/TimeService( 5248): Set time successfully!
11-11 00:00:31.060 D/CompatibilityInfo( 1526): mCompatibilityFlags - 4
11-11 00:00:31.060 D/CompatibilityInfo( 1526): applicationDensity - 240
11-11 00:00:31.060 D/CompatibilityInfo( 1526): applicationScale - 1.0
11-11 00:00:31.062 D/BaseModelUpdateTask( 2527): BaseModelUpdateTask constructor
11-11 00:00:31.062 D/BaseModelUpdateTask( 2527): java.lang.Exception
11-11 00:00:31.062 D/BaseModelUpdateTask( 2527): at com.android.launcher3.model.BaseModelUpdateTask.(BaseModelUpdateTask.java:57)
11-11 00:00:31.062 D/BaseModelUpdateTask( 2527): at com.android.launcher3.model.AddWorkspaceItemsTask.(AddWorkspaceItemsTask.java:58)
11-11 00:00:31.062 D/BaseModelUpdateTask( 2527): at com.android.launcher3.LauncherModel.addAndBindAddedWorkspaceItems(LauncherModel.java:145)
11-11 00:00:31.062 D/BaseModelUpdateTask( 2527): at com.android.launcher3.model.PackageUpdatedTask.updateToWorkSpace(PackageUpdatedTask.java:406)
11-11 00:00:31.062 D/BaseModelUpdateTask( 2527): at com.android.launcher3.model.PackageUpdatedTask.execute(PackageUpdatedTask.java:370)
11-11 00:00:31.062 D/BaseModelUpdateTask( 2527): at com.android.launcher3.model.BaseModelUpdateTask.run(BaseModelUpdateTask.java:80)
11-11 00:00:31.062 D/BaseModelUpdateTask( 2527): at com.android.launcher3.util.LooperExecutor.execute(LooperExecutor.java:45)
11-11 00:00:31.062 D/BaseModelUpdateTask( 2527): at com.android.launcher3.LauncherModel.enqueueModelUpdateTask(LauncherModel.java:555)
11-11 00:00:31.062 D/BaseModelUpdateTask( 2527): at com.android.launcher3.LauncherModel.onPackageChanged(LauncherModel.java:156)
11-11 00:00:31.062 D/BaseModelUpdateTask( 2527): at com.android.launcher3.LauncherModel.onAppIconChanged(LauncherModel.java:226)
11-11 00:00:31.062 D/BaseModelUpdateTask( 2527): at com.android.launcher3.LauncherAppState$IconObserver.onAppIconChanged(LauncherAppState.java:206)
11-11 00:00:31.062 D/BaseModelUpdateTask( 2527): at com.android.launcher3.icons.IconProvider$IconChangeReceiver.onReceive(IconProvider.java:371)
11-11 00:00:31.062 D/BaseModelUpdateTask( 2527): at android.app.LoadedApk$ReceiverDispatcher$Args.lambda$getRunnable$0$LoadedApk$ReceiverDispatcher$Args(LoadedApk.java:1679)
11-11 00:00:31.062 D/BaseModelUpdateTask( 2527): at android.app.LoadedApk$ReceiverDispatcher$Args$$ExternalSyntheticLambda0.run(Unknown Source:2)
11-11 00:00:31.062 D/BaseModelUpdateTask( 2527): at android.os.Handler.handleCallback(Handler.java:938)
11-11 00:00:31.062 D/BaseModelUpdateTask( 2527): at android.os.Handler.dispatchMessage(Handler.java:99)
11-11 00:00:31.062 D/BaseModelUpdateTask( 2527): at android.os.Looper.loopOnce(Looper.java:201)
11-11 00:00:31.062 D/BaseModelUpdateTask( 2527): at android.os.Looper.loop(Looper.java:288)
11-11 00:00:31.062 D/BaseModelUpdateTask( 2527): at android.os.HandlerThread.run(HandlerThread.java:67)
11-11 00:00:31.090 D/audio_hw_primary( 796): copl(0xf280c970):out of compress_wait
11-11 00:00:31.094 D/audio_hw_primary( 796): No space available in compress driver, post msg to cb thread
11-11 00:00:31.094 D/audio_hw_primary( 796): copl(0xf280c970):calling compress_wait
11-11 00:00:31.463 I/mpu_uart( 644): [MSG-P:RECV]:No message received in 1000 ms
11-11 00:00:31.521 I/OpenGLRenderer( 3511): Davey! duration=9223371658032ms; Flags=0, FrameTimelineVsyncId=3886, IntendedVsync=378822050446, Vsync=378822050446, InputEventId=0, HandleInputStart=378822594748, AnimationStart=378822598551, PerformTraversalsStart=378822601207, DrawStart=378823714123, FrameDeadline=378855383778, FrameInterval=378822584488, FrameStartTime=16666666, SyncQueued=378824363967, SyncStart=378824530061, IssueDrawCommandsStart=378825302144, SwapBuffers=378831630946, FrameCompleted=9223372036854775807, DequeueBufferDuration=40833, QueueBufferDuration=1245364, GpuCompleted=9223372036854775807, SwapBuffersCompleted=378833601363, DisplayPresentTime=0,
11-11 00:00:31.554 I/auditd ( 2764): type=1400 audit(0.0:5230129): avc: denied { read } for comm="event_loop" lport=13400 scontext=u:r:hht_ota_mgr:s0 tcontext=u:r:hht_ota_mgr:s0 tclass=udp_socket permissive=0
11-11 00:00:31.554 W/event_loop( 2764): type=1400 audit(0.0:5230129): avc: denied { read } for lport=13400 scontext=u:r:hht_ota_mgr:s0 tcontext=u:r:hht_ota_mgr:s0 tclass=udp_socket permissive=0
11-11 00:00:31.554 I/auditd ( 2764): type=1400 audit(0.0:5230130): avc: denied { read } for comm="event_loop" lport=13400 scontext=u:r:hht_ota_mgr:s0 tcontext=u:r:hht_ota_mgr:s0 tclass=udp_socket permissive=0
11-11 00:00:31.554 W/event_loop( 2764): type=1400 audit(0.0:5230130): avc: denied { read } for lport=13400 scontext=u:r:hht_ota_mgr:s0 tcontext=u:r:hht_ota_mgr:s0 tclass=udp_socket permissive=0
11-11 00:00:31.554 I/auditd ( 2764): type=1400 audit(0.0:5230131): avc: denied { read } for comm="event_loop" lport=13400 scontext=u:r:hht_ota_mgr:s0 tcontext=u:r:hht_ota_mgr:s0 tclass=udp_socket permissive=0
11-11 00:00:31.554 W/event_loop( 2764): type=1400 audit(0.0:5230131): avc: denied { read } for lport=13400 scontext=u:r:hht_ota_mgr:s0 tcontext=u:r:hht_ota_mgr:s0 tclass=udp_socket permissive=0
11-11 00:00:31.554 I/auditd ( 2764): type=1400 audit(0.0:5230132): avc: denied { read } for comm="event_loop" lport=13400 scontext=u:r:hht_ota_mgr:s0 tcontext=u:r:hht_ota_mgr:s0 tclass=udp_socket permissive=0
11-11 00:00:31.554 W/event_loop( 2764): type=1400 audit(0.0:5230132): avc: denied { read } for lport=13400 scontext=u:r:hht_ota_mgr:s0 tcontext=u:r:hht_ota_mgr:s0 tclass=udp_socket permissive=0
11-11 00:00:31.554 I/auditd ( 2764): type=1400 audit(0.0:5230133): avc: denied { read } for comm="event_loop" lport=13400 scontext=u:r:hht_ota_mgr:s0 tcontext=u:r:hht_ota_mgr:s0 tclass=udp_socket permissive=0
11-11 00:00:31.554 W/event_loop( 2764): type=1400 audit(0.0:5230133): avc: denied { read } for lport=13400 scontext=u:r:hht_ota_mgr:s0 tcontext=u:r:hht_ota_mgr:s0 tclass=udp_socket permissive=0
11-11 00:10:33.601 W/audit ( 0): audit_lost=5230523 audit_rate_limit=5 audit_backlog_limit=64
11-11 00:10:33.601 E/audit ( 0): rate limit exceeded
11-11 00:00:31.990 W/kcp_info( 5265): HCDN_LOG: [T:5570]Update: udp kcp size[0], timeout kcp size[0]
11-11 00:00:32.034 D/MicroSettings: SetTimeAction( 2156): current timestamp: 1668096032034
11-11 00:00:32.034 D/MicroSettings: SetTimeAction( 2156): setTime: 14000
11-11 00:00:32.035 D/AlarmManagerService( 1526): Setting time of day to sec=14
11-11 00:00:32.035 W/AlarmManagerService( 1526): Unable to set rtc to 14: Invalid argument
11-11 00:00:32.156 I/OpenGLRenderer( 3511): Davey! duration=9223371657397ms; Flags=0, FrameTimelineVsyncId=3895, IntendedVsync=379456927894, Vsync=379456927894, InputEventId=0, HandleInputStart=379457642873, AnimationStart=379457646675, PerformTraversalsStart=379457649384, DrawStart=379458550165, FrameDeadline=379490261226, FrameInterval=379457632613, FrameStartTime=16666666, SyncQueued=379459210842, SyncStart=379459390894, IssueDrawCommandsStart=379460339592, SwapBuffers=379466907144, FrameCompleted=9223372036854775807, DequeueBufferDuration=47240, QueueBufferDuration=1347187, GpuCompleted=9223372036854775807, SwapBuffersCompleted=379469039227, DisplayPresentTime=0,
11-11 00:00:32.223 I/protect ( 5265): protect qdsc start
11-11 00:00:32.223 I/protect ( 5265): protect qdsc end
11-11 00:00:32.463 I/mpu_uart( 644): [MSG-P:RECV]:No message received in 1000 ms
11-11 00:00:32.559 I/auditd ( 2764): type=1400 audit(0.0:5501224): avc: denied { read } for comm="event_loop" lport=13400 scontext=u:r:hht_ota_mgr:s0 tcontext=u:r:hht_ota_mgr:s0 tclass=udp_socket permissive=0
11-11 00:00:32.559 W/event_loop( 2764): type=1400 audit(0.0:5501224): avc: denied { read } for lport=13400 scontext=u:r:hht_ota_mgr:s0 tcontext=u:r:hht_ota_mgr:s0 tclass=udp_socket permissive=0
11-11 00:00:32.559 I/auditd ( 2764): type=1400 audit(0.0:5501225): avc: denied { read } for comm="event_loop" lport=13400 scontext=u:r:hht_ota_mgr:s0 tcontext=u:r:hht_ota_mgr:s0 tclass=udp_socket permissive=0
11-11 00:00:32.559 W/event_loop( 2764): type=1400 audit(0.0:5501225): avc: denied { read } for lport=13400 scontext=u:r:hht_ota_mgr:s0 tcontext=u:r:hht_ota_mgr:s0 tclass=udp_socket permissive=0
11-11 00:00:32.559 I/auditd ( 2764): type=1400 audit(0.0:5501226): avc: denied { read } for comm="event_loop" lport=13400 scontext=u:r:hht_ota_mgr:s0 tcontext=u:r:hht_ota_mgr:s0 tclass=udp_socket permissive=0
11-11 00:00:32.559 W/event_loop( 2764): type=1400 audit(0.0:5501226): avc: denied { read } for lport=13400 scontext=u:r:hht_ota_mgr:s0 tcontext=u:r:hht_ota_mgr:s0 tclass=udp_socket permissive=0
11-11 00:00:32.559 I/auditd ( 2764): type=1400 audit(0.0:5501227): avc: denied { read } for comm="event_loop" lport=13400 scontext=u:r:hht_ota_mgr:s0 tcontext=u:r:hht_ota_mgr:s0 tclass=udp_socket permissive=0
11-11 00:00:32.559 W/event_loop( 2764): type=1400 audit(0.0:5501227): avc: denied { read } for lport=13400 scontext=u:r:hht_ota_mgr:s0 tcontext=u:r:hht_ota_mgr:s0 tclass=udp_socket permissive=0
11-11 00:00:32.559 I/auditd ( 2764): type=1400 audit(0.0:5501228): avc: denied { read } for comm="event_loop" lport=13400 scontext=u:r:hht_ota_mgr:s0 tcontext=u:r:hht_ota_mgr:s0 tclass=udp_socket permissive=0
11-11 00:00:32.559 W/event_loop( 2764): type=1400 audit(0.0:5501228): avc: denied { read } for lport=13400 scontext=u:r:hht_ota_mgr:s0 tcontext=u:r:hht_ota_mgr:s0 tclass=udp_socket permissive=0
11-11 00:10:34.605 W/audit ( 0): audit_lost=5501605 audit_rate_limit=5 audit_backlog_limit=64
11-11 00:10:34.605 E/audit ( 0): rate limit exceeded
11-11 00:00:32.741 I/OpenGLRenderer( 3511): Davey! duration=9223371656812ms; Flags=0, FrameTimelineVsyncId=3904, IntendedVsync=380041670630, Vsync=380041670630, InputEventId=0, HandleInputStart=380042400529, AnimationStart=380042404331, PerformTraversalsStart=380042407613, DrawStart=380043297456, FrameDeadline=380075003962, FrameInterval=380042388342, FrameStartTime=16666666, SyncQueued=380043985686, SyncStart=380044213290, IssueDrawCommandsStart=380045140217, SwapBuffers=380051722352, FrameCompleted=9223372036854775807, DequeueBufferDuration=51719, QueueBufferDuration=1242864, GpuCompleted=9223372036854775807, SwapBuffersCompleted=380053706206, DisplayPresentTime=0,
11-11 00:00:33.012 W/kcp_info( 5265): HCDN_LOG: [T:5570]Update: udp kcp size[0], timeout kcp size[0]
11-11 00:00:33.037 W/ContextImpl( 2156): Calling a method in the system process without a qualified user: android.app.ContextImpl.sendBroadcast:1173 android.content.ContextWrapper.sendBroadcast:479 com.thundercomm.microsettings.action.SetTimeAction.timeUpdated:212 com.thundercomm.microsettings.action.SetTimeAction.update24HourFormat:194 com.thundercomm.microsettings.action.SetTimeAction.doActualAction:154
11-11 00:00:33.045 D/DevicePolicyManager( 1526): updateSystemUpdateFreezePeriodsRecord
11-11 00:00:33.046 D/MicroSettings: ITCMicroCommonCallback( 2156): get request method = syncTime parameters = {"IDCM_Time_12_24":"24","IDCM_Timestamp":14000,"IDCM_Timezone":"GMT+08:00"}
11-11 00:00:33.046 D/AlarmManagerService( 1526): Kernel timezone updated to -480 minutes west of GMT
11-11 00:00:33.046 D/ConditionProviders.SCP( 1526): onReceive android.intent.action.TIME_SET
11-11 00:00:33.047 D/MicroSettings: SetTimeAction( 2156): setTimezone: Asia/Shanghai
11-11 00:00:33.047 D/AlarmManagerService( 1526): Kernel timezone updated to -480 minutes west of GMT
11-11 00:00:33.047 D/ConditionProviders.SCP( 1526): evaluateSubscriptionLocked cal=ScheduleCalendar[mDays={1, 2, 3, 4, 5, 6, 7}, mSchedule=ScheduleInfo{days=[1, 2, 3, 4, 5, 6, 7], startHour=22, startMinute=0, endHour=7, endMinute=0, exitAtAlarm=true, nextAlarm=Thu Jan 01 08:00:00 GMT+08:00 1970 (0)}], now=Fri Nov 11 00:00:33 GMT+08:00 2022 (1668096033046), nextUserAlarmTime=Thu Jan 01 08:00:00 GMT+08:00 1970 (0)
11-11 00:00:33.047 D/ConditionProviders.SCP( 1526): notifyCondition condition://android/schedule?days=1.2.3.4.5.6.7&start=22.0&end=7.0&exitAtAlarm=true STATE_TRUE reason=meetsSchedule
11-11 00:00:33.048 D/ConditionProviders.SCP( 1526): Scheduling evaluate for Fri Nov 11 07:00:00 GMT+08:00 2022 (1668121200000), in +6h59m26s954ms, now=Fri Nov 11 00:00:33 GMT+08:00 2022 (1668096033046)
11-11 00:00:33.050 D/IconProvider( 2527): onReceive: android.intent.action.TIME_SET
11-11 00:00:33.050 D/IconProvider( 2527): onReceive: android.intent.action.TIME_SET
11-11 00:00:33.050 D/BaseModelUpdateTask( 2527): BaseModelUpdateTask constructor
11-11 00:00:33.050 D/BaseModelUpdateTask( 2527): java.lang.Exception
11-11 00:00:33.050 D/BaseModelUpdateTask( 2527): at com.android.launcher3.model.BaseModelUpdateTask.(BaseModelUpdateTask.java:57)
11-11 00:00:33.050 D/BaseModelUpdateTask( 2527): at com.android.launcher3.model.PackageUpdatedTask.(PackageUpdatedTask.java:88)
11-11 00:00:33.050 D/BaseModelUpdateTask( 2527): at com.android.launcher3.LauncherModel.onPackageChanged(LauncherModel.java:156)
11-11 00:00:33.050 D/BaseModelUpdateTask( 2527): at com.android.launcher3.LauncherModel.onAppIconChanged(LauncherModel.java:226)
11-11 00:00:33.050 D/BaseModelUpdateTask( 2527): at com.android.launcher3.LauncherAppState$IconObserver.onAppIconChanged(LauncherAppState.java:206)
11-11 00:00:33.050 D/BaseModelUpdateTask( 2527): at com.android.launcher3.icons.IconProvider$IconChangeReceiver.onReceive(IconProvider.java:371)
11-11 00:00:33.050 D/BaseModelUpdateTask( 2527): at android.app.LoadedApk$ReceiverDispatcher$Args.lambda$getRunnable$0$LoadedApk$ReceiverDispatcher$Args(LoadedApk.java:1679)
11-11 00:00:33.050 D/BaseModelUpdateTask( 2527): at android.app.LoadedApk$ReceiverDispatcher$Args$$ExternalSyntheticLambda0.run(Unknown Source:2)
11-11 00:00:33.050 D/BaseModelUpdateTask( 2527): at android.os.Handler.handleCallback(Handler.java:938)
11-11 00:00:33.050 D/BaseModelUpdateTask( 2527): at android.os.Handler.dispatchMessage(Handler.java:99)
11-11 00:00:33.050 D/BaseModelUpdateTask( 2527): at android.os.Looper.loopOnce(Looper.java:201)
11-11 00:00:33.050 D/BaseModelUpdateTask( 2527): at android.os.Looper.loop(Looper.java:288)
11-11 00:00:33.050 D/BaseModelUpdateTask( 2527): at android.os.HandlerThread.run(HandlerThread.java:67)
11-11 00:00:33.050 D/OsAgent ( 2639): [time_change_update][3164] [HC] =>> [HS]
11-11 00:00:33.051 V/LocSvc_HIDL_IzatSubscription( 809): [timeChangeUpdate][645] [HS] <<<<= [HC]
11-11 00:00:33.051 D/PackageUpdatedTask( 2527): PackageUpdatedTask constructor: op=2,user=UserHandle{0},packages=[com.android.calendar]
11-11 00:00:33.051 D/PackageUpdatedTask( 2527): java.lang.Exception
11-11 00:00:33.051 D/PackageUpdatedTask( 2527): at com.android.launcher3.model.PackageUpdatedTask.(PackageUpdatedTask.java:93)
11-11 00:00:33.051 D/PackageUpdatedTask( 2527): at com.android.launcher3.LauncherModel.onPackageChanged(LauncherModel.java:156)
11-11 00:00:33.051 D/PackageUpdatedTask( 2527): at com.android.launcher3.LauncherModel.onAppIconChanged(LauncherModel.java:226)
11-11 00:00:33.051 D/PackageUpdatedTask( 2527): at com.android.launcher3.LauncherAppState$IconObserver.onAppIconChanged(LauncherAppState.java:206)
11-11 00:00:33.051 D/PackageUpdatedTask( 2527): at com.android.launcher3.icons.IconProvider$IconChangeReceiver.onReceive(IconProvider.java:371)
11-11 00:00:33.051 D/PackageUpdatedTask( 2527): at android.app.LoadedApk$ReceiverDispatcher$Args.lambda$getRunnable$0$LoadedApk$ReceiverDispatcher$Args(LoadedApk.java:1679)
11-11 00:00:33.051 D/PackageUpdatedTask( 2527): at android.app.LoadedApk$ReceiverDispatcher$Args$$ExternalSyntheticLambda0.run(Unknown Source:2)
11-11 00:00:33.051 D/PackageUpdatedTask( 2527): at android.os.Handler.handleCallback(Handler.java:938)
11-11 00:00:33.051 D/PackageUpdatedTask( 2527): at android.os.Handler.dispatchMessage(Handler.java:99)
11-11 00:00:33.051 D/PackageUpdatedTask( 2527): at android.os.Looper.loopOnce(Looper.java:201)
11-11 00:00:33.051 D/PackageUpdatedTask( 2527): at android.os.Looper.loop(Looper.java:288)
11-11 00:00:33.051 D/PackageUpdatedTask( 2527): at android.os.HandlerThread.run(HandlerThread.java:67)
11-11 00:00:33.052 D/Launcher.IconCache( 2527): Package not found
11-11 00:00:33.052 D/Launcher.IconCache( 2527): android.content.pm.PackageManager$NameNotFoundException: com.android.calendar
11-11 00:00:33.052 D/Launcher.IconCache( 2527): at android.app.ApplicationPackageManager.getPackageInfoAsUser(ApplicationPackageManager.java:241)
11-11 00:00:33.052 D/Launcher.IconCache( 2527): at android.app.ApplicationPackageManager.getPackageInfo(ApplicationPackageManager.java:213)
11-11 00:00:33.052 D/Launcher.IconCache( 2527): at com.android.launcher3.icons.IconCache.updateIconsForPkg(IconCache.java:122)
11-11 00:00:33.052 D/Launcher.IconCache( 2527): at com.android.launcher3.model.PackageUpdatedTask.execute(PackageUpdatedTask.java:130)
11-11 00:00:33.052 D/Launcher.IconCache( 2527): at com.android.launcher3.model.BaseModelUpdateTask.run(BaseModelUpdateTask.java:80)
11-11 00:00:33.052 D/Launcher.IconCache( 2527): at com.android.launcher3.util.LooperExecutor.execute(LooperExecutor.java:45)
11-11 00:00:33.052 D/Launcher.IconCache( 2527): at com.android.launcher3.LauncherModel.enqueueModelUpdateTask(LauncherModel.java:555)
11-11 00:00:33.052 D/Launcher.IconCache( 2527): at com.android.launcher3.LauncherModel.onPackageChanged(LauncherModel.java:156)
11-11 00:00:33.052 D/Launcher.IconCache( 2527): at com.android.launcher3.LauncherModel.onAppIconChanged(LauncherModel.java:226)
11-11 00:00:33.052 D/Launcher.IconCache( 2527): at com.android.launcher3.LauncherAppState$IconObserver.onAppIconChanged(LauncherAppState.java:206)
11-11 00:00:33.052 D/Launcher.IconCache( 2527): at com.android.launcher3.icons.IconProvider$IconChangeReceiver.onReceive(IconProvider.java:371)
11-11 00:00:33.052 D/Launcher.IconCache( 2527): at android.app.LoadedApk$ReceiverDispatcher$Args.lambda$getRunnable$0$LoadedApk$ReceiverDispatcher$Args(LoadedApk.java:1679)
11-11 00:00:33.052 D/Launcher.IconCache( 2527): at android.app.LoadedApk$ReceiverDispatcher$Args$$ExternalSyntheticLambda0.run(Unknown Source:2)
11-11 00:00:33.052 D/Launcher.IconCache( 2527): at android.os.Handler.handleCallback(Handler.java:938)
11-11 00:00:33.052 D/Launcher.IconCache( 2527): at android.os.Handler.dispatchMessage(Handler.java:99)
11-11 00:00:33.052 D/Launcher.IconCache( 2527): at android.os.Looper.loopOnce(Looper.java:201)
11-11 00:00:33.052 D/Launcher.IconCache( 2527): at android.os.Looper.loop(Looper.java:288)
11-11 00:00:33.052 D/Launcher.IconCache( 2527): at android.os.HandlerThread.run(HandlerThread.java:67)
11-11 00:00:33.052 D/BaseModelUpdateTask( 2527): BaseModelUpdateTask constructor
11-11 00:00:33.052 D/BaseModelUpdateTask( 2527): java.lang.Exception
11-11 00:00:33.052 D/BaseModelUpdateTask( 2527): at com.android.launcher3.model.BaseModelUpdateTask.(BaseModelUpdateTask.java:57)
11-11 00:00:33.052 D/BaseModelUpdateTask( 2527): at com.android.launcher3.LauncherModel$6.(LauncherModel.java:605)
11-11 00:00:33.052 D/BaseModelUpdateTask( 2527): at com.android.launcher3.LauncherModel.refreshAndBindWidgetsAndShortcuts(LauncherModel.java:605)
11-11 00:00:33.052 D/BaseModelUpdateTask( 2527): at com.android.launcher3.Launcher.refreshAndBindWidgetsForPackageUser(Launcher.java:2878)
11-11 00:00:33.052 D/BaseModelUpdateTask( 2527): at com.android.launcher3.model.PackageUpdatedTask.execute(PackageUpdatedTask.java:139)
11-11 00:00:33.052 D/BaseModelUpdateTask( 2527): at com.android.launcher3.model.BaseModelUpdateTask.run(BaseModelUpdateTask.java:80)
11-11 00:00:33.052 D/BaseModelUpdateTask( 2527): at com.android.launcher3.util.LooperExecutor.execute(LooperExecutor.java:45)
11-11 00:00:33.052 D/BaseModelUpdateTask( 2527): at com.android.launcher3.LauncherModel.enqueueModelUpdateTask(LauncherModel.java:555)
11-11 00:00:33.052 D/BaseModelUpdateTask( 2527): at com.android.launcher3.LauncherModel.onPackageChanged(LauncherModel.java:156)
11-11 00:00:33.052 D/BaseModelUpdateTask( 2527): at com.android.launcher3.LauncherModel.onAppIconChanged(LauncherModel.java:226)
11-11 00:00:33.052 D/BaseModelUpdateTask( 2527): at com.android.launcher3.LauncherAppState$IconObserver.onAppIconChanged(LauncherAppState.java:206)
11-11 00:00:33.052 D/BaseModelUpdateTask( 2527): at com.android.launcher3.icons.IconProvider$IconChangeReceiver.onReceive(IconProvider.java:371)
11-11 00:00:33.052 D/BaseModelUpdateTask( 2527): at android.app.LoadedApk$ReceiverDispatcher$Args.lambda$getRunnable$0$LoadedApk$ReceiverDispatcher$Args(LoadedApk.java:1679)
11-11 00:00:33.052 D/BaseModelUpdateTask( 2527): at android.app.LoadedApk$ReceiverDispatcher$Args$$ExternalSyntheticLambda0.run(Unknown Source:2)
11-11 00:00:33.052 D/BaseModelUpdateTask( 2527): at android.os.Handler.handleCallback(Handler.java:938)
11-11 00:00:33.052 D/BaseModelUpdateTask( 2527): at android.os.Handler.dispatchMessage(Handler.java:99)
11-11 00:00:33.052 D/BaseModelUpdateTask( 2527): at android.os.Looper.loopOnce(Looper.java:201)
11-11 00:00:33.052 D/BaseModelUpdateTask( 2527): at android.os.Looper.loop(Looper.java:288)
11-11 00:00:33.052 D/BaseModelUpdateTask( 2527): at android.os.HandlerThread.run(HandlerThread.java:67)
11-11 00:00:33.053 D/KeyguardUpdateMonitor( 2000): received broadcast android.intent.action.TIME_SET
11-11 00:00:33.054 D/CompatibilityInfo( 1526): mCompatibilityFlags - 4
11-11 00:00:33.054 D/CompatibilityInfo( 1526): applicationDensity - 240
11-11 00:00:33.054 D/CompatibilityInfo( 1526): applicationScale - 1.0
11-11 00:00:33.055 D/TimeService( 5248): Receivedandroid.intent.action.TIME_SET intent. Current Time is 1668096033055
11-11 00:00:33.056 D/KeyguardUpdateMonitor( 2000): handleTimeUpdate
11-11 00:00:33.057 D/QC-time-services( 642): Daemon: Connection accepted:time_genoff
11-11 00:00:33.059 D/QC-time-services( 642): Daemon:Received base = 2, unit = 1, operation = 0,value = 1668096033057
11-11 00:00:33.059 D/QC-time-services( 642): Daemon:genoff_opr: Base = 2, val = 1668096033057, operation = 0
11-11 00:00:33.059 D/QC-time-services( 642): Daemon:Value read from QTimer mseconds = 382610
11-11 00:00:33.059 D/QC-time-services( 642): Daemon:Value read from RTC mseconds on boot = 7137000
11-11 00:00:33.059 D/QC-time-services( 642): Daemon:Delta read on boot mseconds = 7128979
11-11 00:00:33.059 D/QC-time-services( 642): Daemon:new time 1668096033057
11-11 00:00:33.059 D/QC-time-services( 642): Daemon: delta 1668088521468 genoff 1668088521468
11-11 00:00:33.059 D/QC-time-services( 642): Daemon:genoff_persistent_update: Writing genoff = 1668088521468 to memory
11-11 00:00:33.059 D/QC-time-services( 642): Daemon:Opening File: /mnt/vendor/persist/time/ats_2 /data/vendor/time/ats_2
11-11 00:00:33.059 D/QC-time-services( 642): Daemon:time_persistent_memory_opr:Genoff write operation
11-11 00:00:33.062 D/QC-time-services( 642): Updating the TOD offset
11-11 00:00:33.062 D/QC-time-services( 642): Daemon:genoff_persistent_update: Writing genoff = 1668088521468 to memory
11-11 00:00:33.062 D/QC-time-services( 642): Daemon:Opening File: /mnt/vendor/persist/time/ats_1 /data/vendor/time/ats_1
11-11 00:00:33.062 D/QC-time-services( 642): Daemon:time_persistent_memory_opr:Genoff write operation
11-11 00:00:33.062 I/WidgetsModel( 2527): found whitelist widget: com.android.settings, label: 璁剧疆蹇嵎鏂瑰紡, sectionName:S
11-11 00:00:33.062 I/WidgetsModel( 2527): found whitelist widget: com.android.gallery3d, label: 鐓х墖, sectionName:T
11-11 00:00:33.062 I/WidgetsModel( 2527): found whitelist widget: com.android.systemui, label: 瀵硅瘽, sectionName:D
11-11 00:00:33.063 I/WidgetsModel( 2527): found whitelist widget: com.android.music, label: 闊充箰, sectionName:Y
11-11 00:00:33.064 D/QC-time-services( 642): Daemon:genoff_set: Updating the WLAN offset
11-11 00:00:33.064 D/QC-time-services( 642): Daemon:genoff_persistent_update: Writing genoff = 1668088521468 to memory
11-11 00:00:33.064 D/QC-time-services( 642): Daemon:Opening File: /mnt/vendor/persist/time/ats_16 /data/vendor/time/ats_16
11-11 00:00:33.064 D/QC-time-services( 642): Daemon:time_persistent_memory_opr:Genoff write operation
11-11 00:00:33.064 D/ModelWriter( 2527): removing items from db
11-11 00:00:33.064 D/ModelWriter( 2527): java.lang.Exception
11-11 00:00:33.064 D/ModelWriter( 2527): at com.android.launcher3.model.ModelWriter.deleteItemsFromDatabase(ModelWriter.java:280)
11-11 00:00:33.064 D/ModelWriter( 2527): at com.android.launcher3.model.ModelWriter.deleteItemsFromDatabase(ModelWriter.java:268)
11-11 00:00:33.064 D/ModelWriter( 2527): at com.android.launcher3.model.BaseModelUpdateTask.deleteAndBindComponentsRemoved(BaseModelUpdateTask.java:140)
11-11 00:00:33.064 D/ModelWriter( 2527): at com.android.launcher3.model.PackageUpdatedTask.execute(PackageUpdatedTask.java:353)
11-11 00:00:33.064 D/ModelWriter( 2527): at com.android.launcher3.model.BaseModelUpdateTask.run(BaseModelUpdateTask.java:80)
11-11 00:00:33.064 D/ModelWriter( 2527): at com.android.launcher3.util.LooperExecutor.execute(LooperExecutor.java:45)
11-11 00:00:33.064 D/ModelWriter( 2527): at com.android.launcher3.LauncherModel.enqueueModelUpdateTask(LauncherModel.java:555)
11-11 00:00:33.064 D/ModelWriter( 2527): at com.android.launcher3.LauncherModel.onPackageChanged(LauncherModel.java:156)
11-11 00:00:33.064 D/ModelWriter( 2527): at com.android.launcher3.LauncherModel.onAppIconChanged(LauncherModel.java:226)
11-11 00:00:33.064 D/ModelWriter( 2527): at com.android.launcher3.LauncherAppState$IconObserver.onAppIconChanged(LauncherAppState.java:206)
11-11 00:00:33.064 D/ModelWriter( 2527): at com.android.launcher3.icons.IconProvider$IconChangeReceiver.onReceive(IconProvider.java:371)
11-11 00:00:33.064 D/ModelWriter( 2527): at android.app.LoadedApk$ReceiverDispatcher$Args.lambda$getRunnable$0$LoadedApk$ReceiverDispatcher$Args(LoadedApk.java:1679)
11-11 00:00:33.064 D/ModelWriter( 2527): at android.app.LoadedApk$ReceiverDispatcher$Args$$ExternalSyntheticLambda0.run(Unknown Source:2)
11-11 00:00:33.064 D/ModelWriter( 2527): at android.os.Handler.handleCallback(Handler.java:938)
11-11 00:00:33.064 D/ModelWriter( 2527): at android.os.Handler.dispatchMessage(Handler.java:99)
11-11 00:00:33.064 D/ModelWriter( 2527): at android.os.Looper.loopOnce(Looper.java:201)
11-11 00:00:33.064 D/ModelWriter( 2527): at android.os.Looper.loop(Looper.java:288)
11-11 00:00:33.064 D/ModelWriter( 2527): at android.os.HandlerThread.run(HandlerThread.java:67)
11-11 00:00:33.066 D/TimeService( 5248): Set time successfully!
11-11 00:00:33.068 E/QC-time-services( 642): Daemon: Time-services: Waiting to acceptconnection
11-11 00:00:33.069 D/CompatibilityInfo( 1526): mCompatibilityFlags - 4
11-11 00:00:33.069 D/CompatibilityInfo( 1526): applicationDensity - 240
11-11 00:00:33.069 D/CompatibilityInfo( 1526): applicationScale - 1.0
11-11 00:00:33.076 D/BaseModelUpdateTask( 2527): BaseModelUpdateTask constructor
11-11 00:00:33.076 D/BaseModelUpdateTask( 2527): java.lang.Exception
11-11 00:00:33.076 D/BaseModelUpdateTask( 2527): at com.android.launcher3.model.BaseModelUpdateTask.(BaseModelUpdateTask.java:57)
11-11 00:00:33.076 D/BaseModelUpdateTask( 2527): at com.android.launcher3.model.AddWorkspaceItemsTask.(AddWorkspaceItemsTask.java:58)
11-11 00:00:33.076 D/BaseModelUpdateTask( 2527): at com.android.launcher3.LauncherModel.addAndBindAddedWorkspaceItems(LauncherModel.java:145)
11-11 00:00:33.076 D/BaseModelUpdateTask( 2527): at com.android.launcher3.model.PackageUpdatedTask.updateToWorkSpace(PackageUpdatedTask.java:406)
11-11 00:00:33.076 D/BaseModelUpdateTask( 2527): at com.android.launcher3.model.PackageUpdatedTask.execute(PackageUpdatedTask.java:370)
11-11 00:00:33.076 D/BaseModelUpdateTask( 2527): at com.android.launcher3.model.BaseModelUpdateTask.run(BaseModelUpdateTask.java:80)
11-11 00:00:33.076 D/BaseModelUpdateTask( 2527): at com.android.launcher3.util.LooperExecutor.execute(LooperExecutor.java:45)
11-11 00:00:33.076 D/BaseModelUpdateTask( 2527): at com.android.launcher3.LauncherModel.enqueueModelUpdateTask(LauncherModel.java:555)
11-11 00:00:33.076 D/BaseModelUpdateTask( 2527): at com.android.launcher3.LauncherModel.onPackageChanged(LauncherModel.java:156)
11-11 00:00:33.076 D/BaseModelUpdateTask( 2527): at com.android.launcher3.LauncherModel.onAppIconChanged(LauncherModel.java:226)
11-11 00:00:33.076 D/BaseModelUpdateTask( 2527): at com.android.launcher3.LauncherAppState$IconObserver.onAppIconChanged(LauncherAppState.java:206)
11-11 00:00:33.076 D/BaseModelUpdateTask( 2527): at com.android.launcher3.icons.IconProvider$IconChangeReceiver.onReceive(IconProvider.java:371)
11-11 00:00:33.076 D/BaseModelUpdateTask( 2527): at android.app.LoadedApk$ReceiverDispatcher$Args.lambda$getRunnable$0$LoadedApk$ReceiverDispatcher$Args(LoadedApk.java:1679)
11-11 00:00:33.076 D/BaseModelUpdateTask( 2527): at android.app.LoadedApk$ReceiverDispatcher$Args$$ExternalSyntheticLambda0.run(Unknown Source:2)
11-11 00:00:33.076 D/BaseModelUpdateTask( 2527): at android.os.Handler.handleCallback(Handler.java:938)
11-11 00:00:33.076 D/BaseModelUpdateTask( 2527): at android.os.Handler.dispatchMessage(Handler.java:99)
11-11 00:00:33.076 D/BaseModelUpdateTask( 2527): at android.os.Looper.loopOnce(Looper.java:201)
11-11 00:00:33.076 D/BaseModelUpdateTask( 2527): at android.os.Looper.loop(Looper.java:288)
11-11 00:00:33.076 D/BaseModelUpdateTask( 2527): at android.os.HandlerThread.run(HandlerThread.java:67)
11-11 00:00:33.130 D/audio_hw_primary( 796): copl(0xf280c970):out of compress_wait
11-11 00:00:33.135 D/audio_hw_primary( 796): No space available in compress driver, post msg to cb thread
11-11 00:00:33.135 D/audio_hw_primary( 796): copl(0xf280c970):calling compress_wait
11-11 00:00:33.463 I/mpu_uart( 644): [MSG-P:RECV]:No message received in 1000 ms
11-11 00:00:33.526 I/OpenGLRenderer( 3511): Davey! duration=9223371656027ms; Flags=0, FrameTimelineVsyncId=3919, IntendedVsync=380826894552, Vsync=380826894552, InputEventId=0, HandleInputStart=380827954904, AnimationStart=380827958185, PerformTraversalsStart=380827961362, DrawStart=380829066727, FrameDeadline=380860227884, FrameInterval=380827945321, FrameStartTime=16666666, SyncQueued=380829656466, SyncStart=380829988029, IssueDrawCommandsStart=380830726623, SwapBuffers=380836904644, FrameCompleted=9223372036854775807, DequeueBufferDuration=40729, QueueBufferDuration=1158646, GpuCompleted=9223372036854775807, SwapBuffersCompleted=380838727039, DisplayPresentTime=0,
11-11 00:00:33.559 I/auditd ( 2764): type=1400 audit(0.0:5774265): avc: denied { read } for comm="event_loop" lport=13400 scontext=u:r:hht_ota_mgr:s0 tcontext=u:r:hht_ota_mgr:s0 tclass=udp_socket permissive=0
11-11 00:00:33.559 W/event_loop( 2764): type=1400 audit(0.0:5774265): avc: denied { read } for lport=13400 scontext=u:r:hht_ota_mgr:s0 tcontext=u:r:hht_ota_mgr:s0 tclass=udp_socket permissive=0
11-11 00:00:33.563 I/auditd ( 2764): type=1400 audit(0.0:5774266): avc: denied { read } for comm="event_loop" lport=13400 scontext=u:r:hht_ota_mgr:s0 tcontext=u:r:hht_ota_mgr:s0 tclass=udp_socket permissive=0
11-11 00:00:33.563 W/event_loop( 2764): type=1400 audit(0.0:5774266): avc: denied { read } for lport=13400 scontext=u:r:hht_ota_mgr:s0 tcontext=u:r:hht_ota_mgr:s0 tclass=udp_socket permissive=0
11-11 00:00:33.563 I/auditd ( 2764): type=1400 audit(0.0:5774267): avc: denied { read } for comm="event_loop" lport=13400 scontext=u:r:hht_ota_mgr:s0 tcontext=u:r:hht_ota_mgr:s0 tclass=udp_socket permissive=0
11-11 00:00:33.563 W/event_loop( 2764): type=1400 audit(0.0:5774267): avc: denied { read } for lport=13400 scontext=u:r:hht_ota_mgr:s0 tcontext=u:r:hht_ota_mgr:s0 tclass=udp_socket permissive=0
11-11 00:00:33.563 I/auditd ( 2764): type=1400 audit(0.0:5774268): avc: denied { read } for comm="event_loop" lport=13400 scontext=u:r:hht_ota_mgr:s0 tcontext=u:r:hht_ota_mgr:s0 tclass=udp_socket permissive=0
11-11 00:00:33.563 W/event_loop( 2764): type=1400 audit(0.0:5774268): avc: denied { read } for lport=13400 scontext=u:r:hht_ota_mgr:s0 tcontext=u:r:hht_ota_mgr:s0 tclass=udp_socket permissive=0
11-11 00:00:33.563 I/auditd ( 2764): type=1400 audit(0.0:5774269): avc: denied { read } for comm="event_loop" lport=13400 scontext=u:r:hht_ota_mgr:s0 tcontext=u:r:hht_ota_mgr:s0 tclass=udp_socket permissive=0
11-11 00:00:33.563 W/event_loop( 2764): type=1400 audit(0.0:5774269): avc: denied { read } for lport=13400 scontext=u:r:hht_ota_mgr:s0 tcontext=u:r:hht_ota_mgr:s0 tclass=udp_socket permissive=0
11-11 00:10:35.609 W/audit ( 0): audit_lost=5774642 audit_rate_limit=5 audit_backlog_limit=64
11-11 00:10:35.609 E/audit ( 0): rate limit exceeded
11-11 00:00:33.738 I/mpu_uart( 644): [MSG-P:R]:recv sync frame timeout
11-11 00:00:34.024 W/kcp_info( 5265): HCDN_LOG: [T:5570]Update: udp kcp size[0], timeout kcp size[0]
11-11 00:00:34.036 D/CompatibilityInfo( 1526): mCompatibilityFlags - 4
11-11 00:00:34.036 D/CompatibilityInfo( 1526): applicationDensity - 240
11-11 00:00:34.036 D/CompatibilityInfo( 1526): applicationScale - 1.0
11-11 00:00:34.043 D/CompatibilityInfo( 1526): mCompatibilityFlags - 4
11-11 00:00:34.043 D/CompatibilityInfo( 1526): applicationDensity - 240
11-11 00:00:34.043 D/CompatibilityInfo( 1526): applicationScale - 1.0
11-11 00:00:34.048 D/MicroSettings: SetTimeAction( 2156): current timestamp: 1668096034047
11-11 00:00:34.048 D/MicroSettings: SetTimeAction( 2156): setTime: 14000
11-11 00:00:34.048 D/AlarmManagerService( 1526): Setting time of day to sec=14
11-11 00:00:34.049 W/AlarmManagerService( 1526): Unable to set rtc to 14: Invalid argument
11-11 00:00:34.161 I/OpenGLRenderer( 3511): Davey! duration=9223371655392ms; Flags=0, FrameTimelineVsyncId=3928, IntendedVsync=381461752218, Vsync=381461752218, InputEventId=0, HandleInputStart=381462461727, AnimationStart=381462465425, PerformTraversalsStart=381462468393, DrawStart=381463346102, FrameDeadline=381495085550, FrameInterval=381462449487, FrameStartTime=16666666, SyncQueued=381464096154, SyncStart=381464257143, IssueDrawCommandsStart=381465187143, SwapBuffers=381471807247, FrameCompleted=9223372036854775807, DequeueBufferDuration=51562, QueueBufferDuration=1174115, GpuCompleted=9223372036854775807, SwapBuffersCompleted=381473947508, DisplayPresentTime=0,
11-11 00:00:34.463 I/mpu_uart( 644): [MSG-P:RECV]:No message received in 1000 ms
11-11 00:00:34.540 I/Zeus/receiver_pangle( 5265): ZeusTransformUtils-registerReceiver-execute[4 params]
11-11 00:00:34.542 I/Zeus/receiver( 5265): plugin-receiver:j,action=com.bytedance.openadsdk.settingReceiver[娉ㄥ唽瀹屾垚]
11-11 00:00:34.549 I/Zeus/receiver( 5265): action[com.bytedance.openadsdk.settingReceiver] match success 锛?invoke onReceiver
11-11 00:00:34.561 I/auditd ( 2764): type=1400 audit(0.0:6046795): avc: denied { read } for comm="event_loop" lport=13400 scontext=u:r:hht_ota_mgr:s0 tcontext=u:r:hht_ota_mgr:s0 tclass=udp_socket permissive=0
11-11 00:00:34.561 W/event_loop( 2764): type=1400 audit(0.0:6046795): avc: denied { read } for lport=13400 scontext=u:r:hht_ota_mgr:s0 tcontext=u:r:hht_ota_mgr:s0 tclass=udp_socket permissive=0
11-11 00:00:34.565 I/auditd ( 2764): type=1400 audit(0.0:6046796): avc: denied { read } for comm="event_loop" lport=13400 scontext=u:r:hht_ota_mgr:s0 tcontext=u:r:hht_ota_mgr:s0 tclass=udp_socket permissive=0
11-11 00:00:34.565 W/event_loop( 2764): type=1400 audit(0.0:6046796): avc: denied { read } for lport=13400 scontext=u:r:hht_ota_mgr:s0 tcontext=u:r:hht_ota_mgr:s0 tclass=udp_socket permissive=0
11-11 00:00:34.565 I/auditd ( 2764): type=1400 audit(0.0:6046797): avc: denied { read } for comm="event_loop" lport=13400 scontext=u:r:hht_ota_mgr:s0 tcontext=u:r:hht_ota_mgr:s0 tclass=udp_socket permissive=0
11-11 00:00:34.565 W/event_loop( 2764): type=1400 audit(0.0:6046797): avc: denied { read } for lport=13400 scontext=u:r:hht_ota_mgr:s0 tcontext=u:r:hht_ota_mgr:s0 tclass=udp_socket permissive=0
11-11 00:00:34.565 I/auditd ( 2764): type=1400 audit(0.0:6046798): avc: denied { read } for comm="event_loop" lport=13400 scontext=u:r:hht_ota_mgr:s0 tcontext=u:r:hht_ota_mgr:s0 tclass=udp_socket permissive=0
11-11 00:00:34.565 W/event_loop( 2764): type=1400 audit(0.0:6046798): avc: denied { read } for lport=13400 scontext=u:r:hht_ota_mgr:s0 tcontext=u:r:hht_ota_mgr:s0 tclass=udp_socket permissive=0
11-11 00:00:34.565 I/auditd ( 2764): type=1400 audit(0.0:6046799): avc: denied { read } for comm="event_loop" lport=13400 scontext=u:r:hht_ota_mgr:s0 tcontext=u:r:hht_ota_mgr:s0 tclass=udp_socket permissive=0
11-11 00:00:34.565 W/event_loop( 2764): type=1400 audit(0.0:6046799): avc: denied { read } for lport=13400 scontext=u:r:hht_ota_mgr:s0 tcontext=u:r:hht_ota_mgr:s0 tclass=udp_socket permissive=0
11-11 00:10:36.613 W/audit ( 0): audit_lost=6047170 audit_rate_limit=5 audit_backlog_limit=64
11-11 00:10:36.613 E/audit ( 0): rate limit exceeded
11-11 00:00:34.932 E/ignored ( 5265): java.lang.NullPointerException: Attempt to invoke virtual method 'java.lang.Object android.content.Context.getSystemService(java.lang.String)' on a null object reference
11-11 00:00:34.976 E/tlogd ( 1284): [TzLogger](isPathReadable) file /sys/kernel/debug/tzdbg/qsee_log isn't exist or no permission, err: No such file or directory
11-11 00:00:34.976 E/tlogd ( 1284): [TzLogger](saveTzlogAsync) /sys/kernel/debug/tzdbg/qsee_log can not read.
11-11 00:00:34.976 E/tlogd ( 1284): [TzLogger](isPathReadable) file /sys/kernel/debug/tzdbg/log isn't exist or no permission, err: No such file or directory
11-11 00:00:34.976 E/tlogd ( 1284): [TzLogger](saveTzlogAsync) /sys/kernel/debug/tzdbg/log can not read.
11-11 00:00:35.051 W/ContextImpl( 2156): Calling a method in the system process without a qualified user: android.app.ContextImpl.sendBroadcast:1173 android.content.ContextWrapper.sendBroadcast:479 com.thundercomm.microsettings.action.SetTimeAction.timeUpdated:212 com.thundercomm.microsettings.action.SetTimeAction.update24HourFormat:194 com.thundercomm.microsettings.action.SetTimeAction.doActualAction:154
11-11 00:00:35.056 D/DevicePolicyManager( 1526): updateSystemUpdateFreezePeriodsRecord
11-11 00:00:35.057 D/ConditionProviders.SCP( 1526): onReceive android.intent.action.TIME_SET
11-11 00:00:35.057 D/ConditionProviders.SCP( 1526): evaluateSubscriptionLocked cal=ScheduleCalendar[mDays={1, 2, 3, 4, 5, 6, 7}, mSchedule=ScheduleInfo{days=[1, 2, 3, 4, 5, 6, 7], startHour=22, startMinute=0, endHour=7, endMinute=0, exitAtAlarm=true, nextAlarm=Thu Jan 01 08:00:00 GMT+08:00 1970 (0)}], now=Fri Nov 11 00:00:35 GMT+08:00 2022 (1668096035057), nextUserAlarmTime=Thu Jan 01 08:00:00 GMT+08:00 1970 (0)
11-11 00:00:35.057 D/ConditionProviders.SCP( 1526): notifyCondition condition://android/schedule?days=1.2.3.4.5.6.7&start=22.0&end=7.0&exitAtAlarm=true STATE_TRUE reason=meetsSchedule
11-11 00:00:35.057 D/ConditionProviders.SCP( 1526): Scheduling evaluate for Fri Nov 11 07:00:00 GMT+08:00 2022 (1668121200000), in +6h59m24s943ms, now=Fri Nov 11 00:00:35 GMT+08:00 2022 (1668096035057)
11-11 00:00:35.058 D/IconProvider( 2527): onReceive: android.intent.action.TIME_SET
11-11 00:00:35.058 D/IconProvider( 2527): onReceive: android.intent.action.TIME_SET
11-11 00:00:35.059 D/BaseModelUpdateTask( 2527): BaseModelUpdateTask constructor
11-11 00:00:35.059 D/BaseModelUpdateTask( 2527): java.lang.Exception
11-11 00:00:35.059 D/BaseModelUpdateTask( 2527): at com.android.launcher3.model.BaseModelUpdateTask.(BaseModelUpdateTask.java:57)
11-11 00:00:35.059 D/BaseModelUpdateTask( 2527): at com.android.launcher3.model.PackageUpdatedTask.(PackageUpdatedTask.java:88)
11-11 00:00:35.059 D/BaseModelUpdateTask( 2527): at com.android.launcher3.LauncherModel.onPackageChanged(LauncherModel.java:156)
11-11 00:00:35.059 D/BaseModelUpdateTask( 2527): at com.android.launcher3.LauncherModel.onAppIconChanged(LauncherModel.java:226)
11-11 00:00:35.059 D/BaseModelUpdateTask( 2527): at com.android.launcher3.LauncherAppState$IconObserver.onAppIconChanged(LauncherAppState.java:206)
11-11 00:00:35.059 D/BaseModelUpdateTask( 2527): at com.android.launcher3.icons.IconProvider$IconChangeReceiver.onReceive(IconProvider.java:371)
11-11 00:00:35.059 D/BaseModelUpdateTask( 2527): at android.app.LoadedApk$ReceiverDispatcher$Args.lambda$getRunnable$0$LoadedApk$ReceiverDispatcher$Args(LoadedApk.java:1679)
11-11 00:00:35.059 D/BaseModelUpdateTask( 2527): at android.app.LoadedApk$ReceiverDispatcher$Args$$ExternalSyntheticLambda0.run(Unknown Source:2)
11-11 00:00:35.059 D/BaseModelUpdateTask( 2527): at android.os.Handler.handleCallback(Handler.java:938)
11-11 00:00:35.059 D/BaseModelUpdateTask( 2527): at android.os.Handler.dispatchMessage(Handler.java:99)
11-11 00:00:35.059 D/BaseModelUpdateTask( 2527): at android.os.Looper.loopOnce(Looper.java:201)
11-11 00:00:35.059 D/BaseModelUpdateTask( 2527): at android.os.Looper.loop(Looper.java:288)
11-11 00:00:35.059 D/BaseModelUpdateTask( 2527): at android.os.HandlerThread.run(HandlerThread.java:67)
11-11 00:00:35.059 D/KeyguardUpdateMonitor( 2000): received broadcast android.intent.action.TIME_SET
11-11 00:00:35.059 D/KeyguardUpdateMonitor( 2000): handleTimeUpdate
11-11 00:00:35.059 D/PackageUpdatedTask( 2527): PackageUpdatedTask constructor: op=2,user=UserHandle{0},packages=[com.android.calendar]
11-11 00:00:35.059 D/PackageUpdatedTask( 2527): java.lang.Exception
11-11 00:00:35.059 D/PackageUpdatedTask( 2527): at com.android.launcher3.model.PackageUpdatedTask.(PackageUpdatedTask.java:93)
11-11 00:00:35.059 D/PackageUpdatedTask( 2527): at com.android.launcher3.LauncherModel.onPackageChanged(LauncherModel.java:156)
11-11 00:00:35.059 D/PackageUpdatedTask( 2527): at com.android.launcher3.LauncherModel.onAppIconChanged(LauncherModel.java:226)
11-11 00:00:35.059 D/PackageUpdatedTask( 2527): at com.android.launcher3.LauncherAppState$IconObserver.onAppIconChanged(LauncherAppState.java:206)
11-11 00:00:35.059 D/PackageUpdatedTask( 2527): at com.android.launcher3.icons.IconProvider$IconChangeReceiver.onReceive(IconProvider.java:371)
11-11 00:00:35.059 D/PackageUpdatedTask( 2527): at android.app.LoadedApk$ReceiverDispatcher$Args.lambda$getRunnable$0$LoadedApk$ReceiverDispatcher$Args(LoadedApk.java:1679)
11-11 00:00:35.059 D/PackageUpdatedTask( 2527): at android.app.LoadedApk$ReceiverDispatcher$Args$$ExternalSyntheticLambda0.run(Unknown Source:2)
11-11 00:00:35.059 D/PackageUpdatedTask( 2527): at android.os.Handler.handleCallback(Handler.java:938)
11-11 00:00:35.059 D/PackageUpdatedTask( 2527): at android.os.Handler.dispatchMessage(Handler.java:99)
11-11 00:00:35.059 D/PackageUpdatedTask( 2527): at android.os.Looper.loopOnce(Looper.java:201)
11-11 00:00:35.059 D/PackageUpdatedTask( 2527): at android.os.Looper.loop(Looper.java:288)
11-11 00:00:35.059 D/PackageUpdatedTask( 2527): at android.os.HandlerThread.run(HandlerThread.java:67)
11-11 00:00:35.059 D/OsAgent ( 2639): [time_change_update][3164] [HC] =>> [HS]
11-11 00:00:35.060 V/LocSvc_HIDL_IzatSubscription( 809): [timeChangeUpdate][645] [HS] <<<<= [HC]
11-11 00:00:35.061 D/Launcher.IconCache( 2527): Package not found
11-11 00:00:35.061 D/Launcher.IconCache( 2527): android.content.pm.PackageManager$NameNotFoundException: com.android.calendar
11-11 00:00:35.061 D/Launcher.IconCache( 2527): at android.app.ApplicationPackageManager.getPackageInfoAsUser(ApplicationPackageManager.java:241)
11-11 00:00:35.061 D/Launcher.IconCache( 2527): at android.app.ApplicationPackageManager.getPackageInfo(ApplicationPackageManager.java:213)
11-11 00:00:35.061 D/Launcher.IconCache( 2527): at com.android.launcher3.icons.IconCache.updateIconsForPkg(IconCache.java:122)
11-11 00:00:35.061 D/Launcher.IconCache( 2527): at com.android.launcher3.model.PackageUpdatedTask.execute(PackageUpdatedTask.java:130)
11-11 00:00:35.061 D/Launcher.IconCache( 2527): at com.android.launcher3.model.BaseModelUpdateTask.run(BaseModelUpdateTask.java:80)
