03-28 20:21:09.507 I/auditd ( 0): type=1400 audit(0.0:563): avc: denied { kill } for comm="swapper/1" capability=5 scontext=u:r:kernel:s0 tcontext=u:r:kernel:s0 tclass=capability permissive=0
03-28 20:21:10.507 I/auditd ( 0): type=1400 audit(0.0:564): avc: denied { kill } for comm="swapper/1" capability=5 scontext=u:r:kernel:s0 tcontext=u:r:kernel:s0 tclass=capability permissive=0
03-28 20:21:11.507 I/auditd ( 0): type=1400 audit(0.0:565): avc: denied { kill } for comm="swapper/1" capability=5 scontext=u:r:kernel:s0 tcontext=u:r:kernel:s0 tclass=capability permissive=0
03-28 20:21:12.507 I/auditd ( 0): type=1400 audit(0.0:566): avc: denied { kill } for comm="swapper/1" capability=5 scontext=u:r:kernel:s0 tcontext=u:r:kernel:s0 tclass=capability permissive=0
03-28 20:21:13.507 I/auditd ( 0): type=1400 audit(0.0:567): avc: denied { kill } for comm="swapper/1" capability=5 scontext=u:r:kernel:s0 tcontext=u:r:kernel:s0 tclass=capability permissive=0
03-28 20:21:14.507 I/auditd ( 0): type=1400 audit(0.0:568): avc: denied { kill } for comm="swapper/1" capability=5 scontext=u:r:kernel:s0 tcontext=u:r:kernel:s0 tclass=capability permissive=0
03-28 20:21:15.511 I/auditd ( 0): type=1400 audit(0.0:569): avc: denied { kill } for comm="swapper/1" capability=5 scontext=u:r:kernel:s0 tcontext=u:r:kernel:s0 tclass=capability permissive=0
03-28 20:21:16.511 I/auditd ( 0): type=1400 audit(0.0:570): avc: denied { kill } for comm="swapper/1" capability=5 scontext=u:r:kernel:s0 tcontext=u:r:kernel:s0 tclass=capability permissive=0
03-28 20:21:17.511 I/auditd ( 0): type=1400 audit(0.0:571): avc: denied { kill } for comm="swapper/1" capability=5 scontext=u:r:kernel:s0 tcontext=u:r:kernel:s0 tclass=capability permissive=0
03-28 20:21:18.507 I/auditd ( 0): type=1400 audit(0.0:572): avc: denied { kill } for comm="swapper/1" capability=5 scontext=u:r:kernel:s0 tcontext=u:r:kernel:s0 tclass=capability permissive=0
03-28 20:21:19.511 I/auditd ( 0): type=1400 audit(0.0:573): avc: denied { kill } for comm="swapper/1" capability=5 scontext=u:r:kernel:s0 tcontext=u:r:kernel:s0 tclass=capability permissive=0
03-28 20:21:20.507 I/auditd ( 0): type=1400 audit(0.0:574): avc: denied { kill } for comm="swapper/1" capability=5 scontext=u:r:kernel:s0 tcontext=u:r:kernel:s0 tclass=capability permissive=0
03-28 20:21:21.511 I/auditd ( 0): type=1400 audit(0.0:575): avc: denied { kill } for comm="swapper/1" capability=5 scontext=u:r:kernel:s0 tcontext=u:r:kernel:s0 tclass=capability permissive=0
03-28 20:21:22.507 I/auditd ( 0): type=1400 audit(0.0:576): avc: denied { kill } for comm="swapper/1" capability=5 scontext=u:r:kernel:s0 tcontext=u:r:kernel:s0 tclass=capability permissive=0
03-28 20:21:23.507 I/auditd ( 0): type=1400 audit(0.0:577): avc: denied { kill } for comm="swapper/1" capability=5 scontext=u:r:kernel:s0 tcontext=u:r:kernel:s0 tclass=capability permissive=0
03-28 20:21:24.511 I/auditd ( 0): type=1400 audit(0.0:578): avc: denied { kill } for comm="swapper/1" capability=5 scontext=u:r:kernel:s0 tcontext=u:r:kernel:s0 tclass=capability permissive=0
03-28 20:21:25.511 I/auditd ( 0): type=1400 audit(0.0:579): avc: denied { kill } for comm="swapper/1" capability=5 scontext=u:r:kernel:s0 tcontext=u:r:kernel:s0 tclass=capability permissive=0
03-28 20:21:26.507 I/auditd ( 0): type=1400 audit(0.0:580): avc: denied { kill } for comm="swapper/1" capability=5 scontext=u:r:kernel:s0 tcontext=u:r:kernel:s0 tclass=capability permissive=0
03-28 20:21:27.511 I/auditd ( 0): type=1400 audit(0.0:581): avc: denied { kill } for comm="swapper/1" capability=5 scontext=u:r:kernel:s0 tcontext=u:r:kernel:s0 tclass=capability permissive=0
03-28 20:21:28.507 I/auditd ( 0): type=1400 audit(0.0:582): avc: denied { kill } for comm="swapper/1" capability=5 scontext=u:r:kernel:s0 tcontext=u:r:kernel:s0 tclass=capability permissive=0 --------- beginning of main
03-28 20:21:28.743 I/mpu_uart( 644): [MSG-P:RECV]:No message received in 1000 ms
03-28 20:21:28.957 I/mpu_uart( 644): [MSG-P:R]:recv sync frame timeout
03-28 20:21:29.507 I/auditd ( 0): type=1400 audit(0.0:583): avc: denied { kill } for comm="swapper/1" capability=5 scontext=u:r:kernel:s0 tcontext=u:r:kernel:s0 tclass=capability permissive=0
03-28 20:21:29.507 W/swapper/1( 0): type=1400 audit(0.0:583): avc: denied { kill } for capability=5 scontext=u:r:kernel:s0 tcontext=u:r:kernel:s0 tclass=capability permissive=0
03-28 20:21:29.616 D/audio_hw_primary( 796): copl(0xf280c970):out of compress_wait
03-28 20:21:29.620 D/audio_hw_primary( 796): No space available in compress driver, post msg to cb thread
03-28 20:21:29.620 D/audio_hw_primary( 796): copl(0xf280c970):calling compress_wait
03-28 20:21:29.743 I/mpu_uart( 644): [MSG-P:RECV]:No message received in 1000 ms --------- beginning of system
03-28 20:21:30.358 E/spcomlib( 565): [spcom_wait_for_event] event [1] [nvm_ready] EVENT_STATUS_TIMEOUT
03-28 20:21:30.358 E/spdaemon( 565): spcom_wait_for_nvm_ready() failed. ret [-110] [Connection timed out].
03-28 20:21:30.358 E/spdaemon( 565): Initial SP initialization failed. ret [-110].
03-28 20:21:30.358 D/spdaemon( 565): going to sleep for a day. --------- beginning of kernel
11-11 00:09:31.098 E/spss_utils [spss_wait_for_event]( 0): wait for event [1] timeout [300] sec expired
03-28 20:21:30.474 E/NtpTimeHelper( 1526): requestTime failed
03-28 20:21:30.744 I/mpu_uart( 644): [MSG-P:RECV]:No message received in 1000 ms
03-28 20:21:31.270 E/tlogd ( 1284): [TzLogger](isPathReadable) file /sys/kernel/debug/tzdbg/qsee_log isn't exist or no permission, err: No such file or directory
03-28 20:21:31.270 E/tlogd ( 1284): [TzLogger](saveTzlogAsync) /sys/kernel/debug/tzdbg/qsee_log can not read.
03-28 20:21:31.270 E/tlogd ( 1284): [TzLogger](isPathReadable) file /sys/kernel/debug/tzdbg/log isn't exist or no permission, err: No such file or directory
03-28 20:21:31.270 E/tlogd ( 1284): [TzLogger](saveTzlogAsync) /sys/kernel/debug/tzdbg/log can not read.
03-28 20:21:31.507 I/auditd ( 0): type=1400 audit(0.0:584): avc: denied { kill } for comm="swapper/1" capability=5 scontext=u:r:kernel:s0 tcontext=u:r:kernel:s0 tclass=capability permissive=0
03-28 20:21:31.507 W/swapper/1( 0): type=1400 audit(0.0:584): avc: denied { kill } for capability=5 scontext=u:r:kernel:s0 tcontext=u:r:kernel:s0 tclass=capability permissive=0
03-28 20:21:31.656 D/audio_hw_primary( 796): copl(0xf280c970):out of compress_wait
03-28 20:21:31.660 D/audio_hw_primary( 796): No space available in compress driver, post msg to cb thread
03-28 20:21:31.660 D/audio_hw_primary( 796): copl(0xf280c970):calling compress_wait
03-28 20:21:31.744 I/mpu_uart( 644): [MSG-P:RECV]:No message received in 1000 ms
03-28 20:21:31.960 I/mpu_uart( 644): [MSG-P:R]:recv sync frame timeout
03-28 20:21:32.145 I/am_uid_idle( 1526): 10051
03-28 20:21:32.511 I/auditd ( 0): type=1400 audit(0.0:585): avc: denied { kill } for comm="swapper/1" capability=5 scontext=u:r:kernel:s0 tcontext=u:r:kernel:s0 tclass=capability permissive=0
03-28 20:21:32.511 W/swapper/1( 0): type=1400 audit(0.0:585): avc: denied { kill } for capability=5 scontext=u:r:kernel:s0 tcontext=u:r:kernel:s0 tclass=capability permissive=0
03-28 20:21:32.744 I/mpu_uart( 644): [MSG-P:RECV]:No message received in 1000 ms
03-28 20:21:33.507 I/auditd ( 0): type=1400 audit(0.0:586): avc: denied { kill } for comm="swapper/1" capability=5 scontext=u:r:kernel:s0 tcontext=u:r:kernel:s0 tclass=capability permissive=0
03-28 20:21:33.507 W/swapper/1( 0): type=1400 audit(0.0:586): avc: denied { kill } for capability=5 scontext=u:r:kernel:s0 tcontext=u:r:kernel:s0 tclass=capability permissive=0
03-28 20:21:33.717 D/audio_hw_primary( 796): copl(0xf280c970):out of compress_wait
03-28 20:21:33.720 D/audio_hw_primary( 796): No space available in compress driver, post msg to cb thread
03-28 20:21:33.721 D/audio_hw_primary( 796): copl(0xf280c970):calling compress_wait
03-28 20:21:33.744 I/mpu_uart( 644): [MSG-P:RECV]:No message received in 1000 ms
11-11 00:09:34.915 I/logd ( 0): logdr: UID=2000 GID=2000 PID=5193 b tail=0 logMask=bf pid=0 start=0ns deadline=0ns
03-28 20:21:34.507 I/auditd ( 0): type=1400 audit(0.0:587): avc: denied { kill } for comm="swapper/1" capability=5 scontext=u:r:kernel:s0 tcontext=u:r:kernel:s0 tclass=capability permissive=0
03-28 20:21:34.507 W/swapper/1( 0): type=1400 audit(0.0:587): avc: denied { kill } for capability=5 scontext=u:r:kernel:s0 tcontext=u:r:kernel:s0 tclass=capability permissive=0
03-28 20:21:34.745 I/mpu_uart( 644): [MSG-P:RECV]:No message received in 1000 ms
03-28 20:21:34.964 I/mpu_uart( 644): [MSG-P:R]:recv sync frame timeout
03-28 20:21:35.745 I/mpu_uart( 644): [MSG-P:RECV]:No message received in 1000 ms
03-28 20:21:35.757 D/audio_hw_primary( 796): copl(0xf280c970):out of compress_wait
03-28 20:21:35.760 D/audio_hw_primary( 796): No space available in compress driver, post msg to cb thread
03-28 20:21:35.760 D/audio_hw_primary( 796): copl(0xf280c970):calling compress_wait
03-28 20:21:36.205 V/DisplayPowerController[0]( 1526): Brightness [0.05] reason changing to: 'manual [ dim ]', previous reason: 'manual'.
03-28 20:21:36.206 I/sysui_multi_action( 1526): [757,1696,758,6,759,2]
03-28 20:21:36.206 W/PowerManagerService( 1526): Screen on took 64339 ms
03-28 20:21:36.208 E/DisplayDeviceConfig( 1526): requesting nits when no mapping exists.
03-28 20:21:36.209 E/DisplayDeviceConfig( 1526): requesting nits when no mapping exists.
03-28 20:21:36.209 I/am_wtf ( 1526): [0,1526,system_server,-1,DisplayDeviceConfig,requesting nits when no mapping exists.]
03-28 20:21:36.211 I/DropBoxManagerService( 1526): add tag=system_server_wtf isTagEnabled=true flags=0x2
03-28 20:21:36.213 I/am_wtf ( 1526): [0,1526,system_server,-1,DisplayDeviceConfig,requesting nits when no mapping exists.]
03-28 20:21:36.214 I/DropBoxManagerService( 1526): add tag=system_server_wtf isTagEnabled=true flags=0x2
03-28 20:21:36.224 E/DisplayDeviceConfig( 1526): requesting nits when no mapping exists.
03-28 20:21:36.224 E/DisplayDeviceConfig( 1526): requesting nits when no mapping exists.
03-28 20:21:36.224 I/am_wtf ( 1526): [0,1526,system_server,-1,DisplayDeviceConfig,requesting nits when no mapping exists.]
03-28 20:21:36.226 I/DropBoxManagerService( 1526): add tag=system_server_wtf isTagEnabled=true flags=0x2
03-28 20:21:36.227 I/am_wtf ( 1526): [0,1526,system_server,-1,DisplayDeviceConfig,requesting nits when no mapping exists.]
03-28 20:21:36.228 I/DropBoxManagerService( 1526): add tag=system_server_wtf isTagEnabled=true flags=0x2
03-28 20:21:36.240 E/DisplayDeviceConfig( 1526): requesting nits when no mapping exists.
03-28 20:21:36.240 E/DisplayDeviceConfig( 1526): requesting nits when no mapping exists.
03-28 20:21:36.240 I/am_wtf ( 1526): [0,1526,system_server,-1,DisplayDeviceConfig,requesting nits when no mapping exists.]
03-28 20:21:36.241 I/DropBoxManagerService( 1526): add tag=system_server_wtf isTagEnabled=true flags=0x2
03-28 20:21:36.241 I/am_wtf ( 1526): [0,1526,system_server,-1,DisplayDeviceConfig,requesting nits when no mapping exists.]
03-28 20:21:36.243 E/DisplayDeviceConfig( 1526): requesting nits when no mapping exists.
03-28 20:21:36.243 E/DisplayDeviceConfig( 1526): requesting nits when no mapping exists.
03-28 20:21:36.243 I/am_wtf ( 1526): [0,1526,system_server,-1,DisplayDeviceConfig,requesting nits when no mapping exists.]
03-28 20:21:36.244 I/am_wtf ( 1526): [0,1526,system_server,-1,DisplayDeviceConfig,requesting nits when no mapping exists.]
03-28 20:21:36.260 E/DisplayDeviceConfig( 1526): requesting nits when no mapping exists.
03-28 20:21:36.260 I/am_wtf ( 1526): [0,1526,system_server,-1,DisplayDeviceConfig,requesting nits when no mapping exists.]
03-28 20:21:36.260 E/DisplayDeviceConfig( 1526): requesting nits when no mapping exists.
03-28 20:21:36.261 I/am_wtf ( 1526): [0,1526,system_server,-1,DisplayDeviceConfig,requesting nits when no mapping exists.]
03-28 20:21:36.270 E/tlogd ( 1284): [TzLogger](isPathReadable) file /sys/kernel/debug/tzdbg/qsee_log isn't exist or no permission, err: No such file or directory
03-28 20:21:36.270 E/tlogd ( 1284): [TzLogger](saveTzlogAsync) /sys/kernel/debug/tzdbg/qsee_log can not read.
03-28 20:21:36.270 E/tlogd ( 1284): [TzLogger](isPathReadable) file /sys/kernel/debug/tzdbg/log isn't exist or no permission, err: No such file or directory
03-28 20:21:36.270 E/tlogd ( 1284): [TzLogger](saveTzlogAsync) /sys/kernel/debug/tzdbg/log can not read.
03-28 20:21:36.276 E/DisplayDeviceConfig( 1526): requesting nits when no mapping exists.
03-28 20:21:36.277 I/am_wtf ( 1526): [0,1526,system_server,-1,DisplayDeviceConfig,requesting nits when no mapping exists.]
03-28 20:21:36.277 E/DisplayDeviceConfig( 1526): requesting nits when no mapping exists.
03-28 20:21:36.278 I/am_wtf ( 1526): [0,1526,system_server,-1,DisplayDeviceConfig,requesting nits when no mapping exists.]
03-28 20:21:36.294 E/DisplayDeviceConfig( 1526): requesting nits when no mapping exists.
03-28 20:21:36.294 E/DisplayDeviceConfig( 1526): requesting nits when no mapping exists.
03-28 20:21:36.294 I/am_wtf ( 1526): [0,1526,system_server,-1,DisplayDeviceConfig,requesting nits when no mapping exists.]
03-28 20:21:36.296 I/am_wtf ( 1526): [0,1526,system_server,-1,DisplayDeviceConfig,requesting nits when no mapping exists.]
03-28 20:21:36.311 E/DisplayDeviceConfig( 1526): requesting nits when no mapping exists.
03-28 20:21:36.311 E/DisplayDeviceConfig( 1526): requesting nits when no mapping exists.
03-28 20:21:36.311 I/am_wtf ( 1526): [0,1526,system_server,-1,DisplayDeviceConfig,requesting nits when no mapping exists.]
03-28 20:21:36.312 I/am_wtf ( 1526): [0,1526,system_server,-1,DisplayDeviceConfig,requesting nits when no mapping exists.]
03-28 20:21:36.327 E/DisplayDeviceConfig( 1526): requesting nits when no mapping exists.
03-28 20:21:36.328 I/am_wtf ( 1526): [0,1526,system_server,-1,DisplayDeviceConfig,requesting nits when no mapping exists.]
03-28 20:21:36.328 E/DisplayDeviceConfig( 1526): requesting nits when no mapping exists.
03-28 20:21:36.329 I/am_wtf ( 1526): [0,1526,system_server,-1,DisplayDeviceConfig,requesting nits when no mapping exists.]
03-28 20:21:36.344 E/DisplayDeviceConfig( 1526): requesting nits when no mapping exists.
03-28 20:21:36.345 I/am_wtf ( 1526): [0,1526,system_server,-1,DisplayDeviceConfig,requesting nits when no mapping exists.]
03-28 20:21:36.345 E/DisplayDeviceConfig( 1526): requesting nits when no mapping exists.
03-28 20:21:36.345 I/am_wtf ( 1526): [0,1526,system_server,-1,DisplayDeviceConfig,requesting nits when no mapping exists.]
03-28 20:21:36.346 I/service_manager_stats( 1526): [100,40,250020]
03-28 20:21:36.361 E/DisplayDeviceConfig( 1526): requesting nits when no mapping exists.
03-28 20:21:36.361 E/DisplayDeviceConfig( 1526): requesting nits when no mapping exists.
03-28 20:21:36.362 I/am_wtf ( 1526): [0,1526,system_server,-1,DisplayDeviceConfig,requesting nits when no mapping exists.]
03-28 20:21:36.363 I/am_wtf ( 1526): [0,1526,system_server,-1,DisplayDeviceConfig,requesting nits when no mapping exists.]
03-28 20:21:36.377 E/DisplayDeviceConfig( 1526): requesting nits when no mapping exists.
03-28 20:21:36.378 E/DisplayDeviceConfig( 1526): requesting nits when no mapping exists.
03-28 20:21:36.378 I/am_wtf ( 1526): [0,1526,system_server,-1,DisplayDeviceConfig,requesting nits when no mapping exists.]
03-28 20:21:36.379 I/am_wtf ( 1526): [0,1526,system_server,-1,DisplayDeviceConfig,requesting nits when no mapping exists.]
03-28 20:21:36.394 E/DisplayDeviceConfig( 1526): requesting nits when no mapping exists.
03-28 20:21:36.395 E/DisplayDeviceConfig( 1526): requesting nits when no mapping exists.
03-28 20:21:36.395 I/am_wtf ( 1526): [0,1526,system_server,-1,DisplayDeviceConfig,requesting nits when no mapping exists.]
03-28 20:21:36.396 I/am_wtf ( 1526): [0,1526,system_server,-1,DisplayDeviceConfig,requesting nits when no mapping exists.]
03-28 20:21:36.411 E/DisplayDeviceConfig( 1526): requesting nits when no mapping exists.
03-28 20:21:36.411 E/DisplayDeviceConfig( 1526): requesting nits when no mapping exists.
03-28 20:21:36.411 I/am_wtf ( 1526): [0,1526,system_server,-1,DisplayDeviceConfig,requesting nits when no mapping exists.]
03-28 20:21:36.412 I/am_wtf ( 1526): [0,1526,system_server,-1,DisplayDeviceConfig,requesting nits when no mapping exists.]
03-28 20:21:36.427 E/DisplayDeviceConfig( 1526): requesting nits when no mapping exists.
03-28 20:21:36.428 E/DisplayDeviceConfig( 1526): requesting nits when no mapping exists.
03-28 20:21:36.428 I/am_wtf ( 1526): [0,1526,system_server,-1,DisplayDeviceConfig,requesting nits when no mapping exists.]
03-28 20:21:36.429 I/am_wtf ( 1526): [0,1526,system_server,-1,DisplayDeviceConfig,requesting nits when no mapping exists.]
03-28 20:21:36.444 E/DisplayDeviceConfig( 1526): requesting nits when no mapping exists.
03-28 20:21:36.445 I/am_wtf ( 1526): [0,1526,system_server,-1,DisplayDeviceConfig,requesting nits when no mapping exists.]
03-28 20:21:36.445 E/DisplayDeviceConfig( 1526): requesting nits when no mapping exists.
03-28 20:21:36.446 I/am_wtf ( 1526): [0,1526,system_server,-1,DisplayDeviceConfig,requesting nits when no mapping exists.]
03-28 20:21:36.461 E/DisplayDeviceConfig( 1526): requesting nits when no mapping exists.
03-28 20:21:36.461 E/DisplayDeviceConfig( 1526): requesting nits when no mapping exists.
03-28 20:21:36.462 I/am_wtf ( 1526): [0,1526,system_server,-1,DisplayDeviceConfig,requesting nits when no mapping exists.]
03-28 20:21:36.462 I/am_wtf ( 1526): [0,1526,system_server,-1,DisplayDeviceConfig,requesting nits when no mapping exists.]
03-28 20:21:36.477 E/DisplayDeviceConfig( 1526): requesting nits when no mapping exists.
03-28 20:21:36.478 E/DisplayDeviceConfig( 1526): requesting nits when no mapping exists.
03-28 20:21:36.478 I/am_wtf ( 1526): [0,1526,system_server,-1,DisplayDeviceConfig,requesting nits when no mapping exists.]
03-28 20:21:36.479 I/am_wtf ( 1526): [0,1526,system_server,-1,DisplayDeviceConfig,requesting nits when no mapping exists.]
03-28 20:21:36.494 E/DisplayDeviceConfig( 1526): requesting nits when no mapping exists.
03-28 20:21:36.495 E/DisplayDeviceConfig( 1526): requesting nits when no mapping exists.
03-28 20:21:36.495 I/am_wtf ( 1526): [0,1526,system_server,-1,DisplayDeviceConfig,requesting nits when no mapping exists.]
03-28 20:21:36.496 I/am_wtf ( 1526): [0,1526,system_server,-1,DisplayDeviceConfig,requesting nits when no mapping exists.]
03-28 20:21:36.511 E/DisplayDeviceConfig( 1526): requesting nits when no mapping exists.
03-28 20:21:36.511 I/am_wtf ( 1526): [0,1526,system_server,-1,DisplayDeviceConfig,requesting nits when no mapping exists.]
03-28 20:21:36.511 E/DisplayDeviceConfig( 1526): requesting nits when no mapping exists.
03-28 20:21:36.512 I/am_wtf ( 1526): [0,1526,system_server,-1,DisplayDeviceConfig,requesting nits when no mapping exists.]
03-28 20:21:36.507 I/auditd ( 0): type=1400 audit(0.0:588): avc: denied { kill } for comm="swapper/1" capability=5 scontext=u:r:kernel:s0 tcontext=u:r:kernel:s0 tclass=capability permissive=0
03-28 20:21:36.507 W/swapper/1( 0): type=1400 audit(0.0:588): avc: denied { kill } for capability=5 scontext=u:r:kernel:s0 tcontext=u:r:kernel:s0 tclass=capability permissive=0
03-28 20:21:36.527 E/DisplayDeviceConfig( 1526): requesting nits when no mapping exists.
03-28 20:21:36.528 I/am_wtf ( 1526): [0,1526,system_server,-1,DisplayDeviceConfig,requesting nits when no mapping exists.]
03-28 20:21:36.528 E/DisplayDeviceConfig( 1526): requesting nits when no mapping exists.
03-28 20:21:36.528 I/am_wtf ( 1526): [0,1526,system_server,-1,DisplayDeviceConfig,requesting nits when no mapping exists.]
03-28 20:21:36.545 E/DisplayDeviceConfig( 1526): requesting nits when no mapping exists.
03-28 20:21:36.545 I/am_wtf ( 1526): [0,1526,system_server,-1,DisplayDeviceConfig,requesting nits when no mapping exists.]
03-28 20:21:36.547 E/DisplayDeviceConfig( 1526): requesting nits when no mapping exists.
03-28 20:21:36.547 I/am_wtf ( 1526): [0,1526,system_server,-1,DisplayDeviceConfig,requesting nits when no mapping exists.]
03-28 20:21:36.561 E/DisplayDeviceConfig( 1526): requesting nits when no mapping exists.
03-28 20:21:36.561 I/am_wtf ( 1526): [0,1526,system_server,-1,DisplayDeviceConfig,requesting nits when no mapping exists.]
03-28 20:21:36.562 E/DisplayDeviceConfig( 1526): requesting nits when no mapping exists.
03-28 20:21:36.562 I/am_wtf ( 1526): [0,1526,system_server,-1,DisplayDeviceConfig,requesting nits when no mapping exists.]
03-28 20:21:36.578 E/DisplayDeviceConfig( 1526): requesting nits when no mapping exists.
03-28 20:21:36.578 I/am_wtf ( 1526): [0,1526,system_server,-1,DisplayDeviceConfig,requesting nits when no mapping exists.]
03-28 20:21:36.579 E/DisplayDeviceConfig( 1526): requesting nits when no mapping exists.
03-28 20:21:36.580 I/am_wtf ( 1526): [0,1526,system_server,-1,DisplayDeviceConfig,requesting nits when no mapping exists.]
03-28 20:21:36.594 E/DisplayDeviceConfig( 1526): requesting nits when no mapping exists.
03-28 20:21:36.595 E/DisplayDeviceConfig( 1526): requesting nits when no mapping exists.
03-28 20:21:36.595 I/am_wtf ( 1526): [0,1526,system_server,-1,DisplayDeviceConfig,requesting nits when no mapping exists.]
03-28 20:21:36.596 I/am_wtf ( 1526): [0,1526,system_server,-1,DisplayDeviceConfig,requesting nits when no mapping exists.]
03-28 20:21:36.611 E/DisplayDeviceConfig( 1526): requesting nits when no mapping exists.
03-28 20:21:36.611 I/am_wtf ( 1526): [0,1526,system_server,-1,DisplayDeviceConfig,requesting nits when no mapping exists.]
03-28 20:21:36.612 E/DisplayDeviceConfig( 1526): requesting nits when no mapping exists.
03-28 20:21:36.612 I/am_wtf ( 1526): [0,1526,system_server,-1,DisplayDeviceConfig,requesting nits when no mapping exists.]
03-28 20:21:36.628 E/DisplayDeviceConfig( 1526): requesting nits when no mapping exists.
03-28 20:21:36.628 E/DisplayDeviceConfig( 1526): requesting nits when no mapping exists.
03-28 20:21:36.628 I/am_wtf ( 1526): [0,1526,system_server,-1,DisplayDeviceConfig,requesting nits when no mapping exists.]
03-28 20:21:36.629 I/am_wtf ( 1526): [0,1526,system_server,-1,DisplayDeviceConfig,requesting nits when no mapping exists.]
03-28 20:21:36.644 E/DisplayDeviceConfig( 1526): requesting nits when no mapping exists.
03-28 20:21:36.645 I/am_wtf ( 1526): [0,1526,system_server,-1,DisplayDeviceConfig,requesting nits when no mapping exists.]
03-28 20:21:36.645 E/DisplayDeviceConfig( 1526): requesting nits when no mapping exists.
03-28 20:21:36.646 I/am_wtf ( 1526): [0,1526,system_server,-1,DisplayDeviceConfig,requesting nits when no mapping exists.]
03-28 20:21:36.661 E/DisplayDeviceConfig( 1526): requesting nits when no mapping exists.
03-28 20:21:36.662 I/am_wtf ( 1526): [0,1526,system_server,-1,DisplayDeviceConfig,requesting nits when no mapping exists.]
03-28 20:21:36.662 E/DisplayDeviceConfig( 1526): requesting nits when no mapping exists.
03-28 20:21:36.663 I/am_wtf ( 1526): [0,1526,system_server,-1,DisplayDeviceConfig,requesting nits when no mapping exists.]
03-28 20:21:36.678 E/DisplayDeviceConfig( 1526): requesting nits when no mapping exists.
03-28 20:21:36.679 I/am_wtf ( 1526): [0,1526,system_server,-1,DisplayDeviceConfig,requesting nits when no mapping exists.]
03-28 20:21:36.679 E/DisplayDeviceConfig( 1526): requesting nits when no mapping exists.
03-28 20:21:36.680 I/am_wtf ( 1526): [0,1526,system_server,-1,DisplayDeviceConfig,requesting nits when no mapping exists.]
03-28 20:21:36.696 E/DisplayDeviceConfig( 1526): requesting nits when no mapping exists.
03-28 20:21:36.696 E/DisplayDeviceConfig( 1526): requesting nits when no mapping exists.
03-28 20:21:36.696 I/am_wtf ( 1526): [0,1526,system_server,-1,DisplayDeviceConfig,requesting nits when no mapping exists.]
03-28 20:21:36.697 I/am_wtf ( 1526): [0,1526,system_server,-1,DisplayDeviceConfig,requesting nits when no mapping exists.]
03-28 20:21:36.711 E/DisplayDeviceConfig( 1526): requesting nits when no mapping exists.
03-28 20:21:36.712 I/am_wtf ( 1526): [0,1526,system_server,-1,DisplayDeviceConfig,requesting nits when no mapping exists.]
03-28 20:21:36.712 E/DisplayDeviceConfig( 1526): requesting nits when no mapping exists.
03-28 20:21:36.712 I/am_wtf ( 1526): [0,1526,system_server,-1,DisplayDeviceConfig,requesting nits when no mapping exists.]
03-28 20:21:36.728 E/DisplayDeviceConfig( 1526): requesting nits when no mapping exists.
03-28 20:21:36.728 E/DisplayDeviceConfig( 1526): requesting nits when no mapping exists.
03-28 20:21:36.728 I/am_wtf ( 1526): [0,1526,system_server,-1,DisplayDeviceConfig,requesting nits when no mapping exists.]
03-28 20:21:36.729 I/am_wtf ( 1526): [0,1526,system_server,-1,DisplayDeviceConfig,requesting nits when no mapping exists.]
03-28 20:21:36.745 E/DisplayDeviceConfig( 1526): requesting nits when no mapping exists.
03-28 20:21:36.745 I/mpu_uart( 644): [MSG-P:RECV]:No message received in 1000 ms
03-28 20:21:36.746 E/DisplayDeviceConfig( 1526): requesting nits when no mapping exists.
03-28 20:21:36.746 I/am_wtf ( 1526): [0,1526,system_server,-1,DisplayDeviceConfig,requesting nits when no mapping exists.]
03-28 20:21:36.746 I/am_wtf ( 1526): [0,1526,system_server,-1,DisplayDeviceConfig,requesting nits when no mapping exists.]
03-28 20:21:36.761 E/DisplayDeviceConfig( 1526): requesting nits when no mapping exists.
03-28 20:21:36.762 I/am_wtf ( 1526): [0,1526,system_server,-1,DisplayDeviceConfig,requesting nits when no mapping exists.]
03-28 20:21:36.762 E/DisplayDeviceConfig( 1526): requesting nits when no mapping exists.
03-28 20:21:36.763 I/am_wtf ( 1526): [0,1526,system_server,-1,DisplayDeviceConfig,requesting nits when no mapping exists.]
03-28 20:21:36.778 E/DisplayDeviceConfig( 1526): requesting nits when no mapping exists.
03-28 20:21:36.779 I/am_wtf ( 1526): [0,1526,system_server,-1,DisplayDeviceConfig,requesting nits when no mapping exists.]
03-28 20:21:36.779 E/DisplayDeviceConfig( 1526): requesting nits when no mapping exists.
03-28 20:21:36.780 I/am_wtf ( 1526): [0,1526,system_server,-1,DisplayDeviceConfig,requesting nits when no mapping exists.]
03-28 20:21:36.795 E/DisplayDeviceConfig( 1526): requesting nits when no mapping exists.
03-28 20:21:36.795 I/am_wtf ( 1526): [0,1526,system_server,-1,DisplayDeviceConfig,requesting nits when no mapping exists.]
03-28 20:21:36.795 E/DisplayDeviceConfig( 1526): requesting nits when no mapping exists.
03-28 20:21:36.796 I/am_wtf ( 1526): [0,1526,system_server,-1,DisplayDeviceConfig,requesting nits when no mapping exists.]
03-28 20:21:36.811 E/DisplayDeviceConfig( 1526): requesting nits when no mapping exists.
03-28 20:21:36.812 E/DisplayDeviceConfig( 1526): requesting nits when no mapping exists.
03-28 20:21:36.813 I/am_wtf ( 1526): [0,1526,system_server,-1,DisplayDeviceConfig,requesting nits when no mapping exists.]
03-28 20:21:36.813 I/am_wtf ( 1526): [0,1526,system_server,-1,DisplayDeviceConfig,requesting nits when no mapping exists.]
03-28 20:21:36.828 E/DisplayDeviceConfig( 1526): requesting nits when no mapping exists.
03-28 20:21:36.829 I/am_wtf ( 1526): [0,1526,system_server,-1,DisplayDeviceConfig,requesting nits when no mapping exists.]
03-28 20:21:36.829 E/DisplayDeviceConfig( 1526): requesting nits when no mapping exists.
03-28 20:21:36.830 I/am_wtf ( 1526): [0,1526,system_server,-1,DisplayDeviceConfig,requesting nits when no mapping exists.]
03-28 20:21:36.845 E/DisplayDeviceConfig( 1526): requesting nits when no mapping exists.
03-28 20:21:36.846 E/DisplayDeviceConfig( 1526): requesting nits when no mapping exists.
03-28 20:21:36.846 I/am_wtf ( 1526): [0,1526,system_server,-1,DisplayDeviceConfig,requesting nits when no mapping exists.]
03-28 20:21:36.847 I/am_wtf ( 1526): [0,1526,system_server,-1,DisplayDeviceConfig,requesting nits when no mapping exists.]
03-28 20:21:36.862 E/DisplayDeviceConfig( 1526): requesting nits when no mapping exists.
03-28 20:21:36.862 E/DisplayDeviceConfig( 1526): requesting nits when no mapping exists.
03-28 20:21:36.863 I/am_wtf ( 1526): [0,1526,system_server,-1,DisplayDeviceConfig,requesting nits when no mapping exists.]
03-28 20:21:36.864 I/am_wtf ( 1526): [0,1526,system_server,-1,DisplayDeviceConfig,requesting nits when no mapping exists.]
03-28 20:21:36.878 E/DisplayDeviceConfig( 1526): requesting nits when no mapping exists.
03-28 20:21:36.879 E/DisplayDeviceConfig( 1526): requesting nits when no mapping exists.
03-28 20:21:36.879 I/am_wtf ( 1526): [0,1526,system_server,-1,DisplayDeviceConfig,requesting nits when no mapping exists.]
03-28 20:21:36.880 I/am_wtf ( 1526): [0,1526,system_server,-1,DisplayDeviceConfig,requesting nits when no mapping exists.]
03-28 20:21:36.895 E/DisplayDeviceConfig( 1526): requesting nits when no mapping exists.
03-28 20:21:36.896 I/am_wtf ( 1526): [0,1526,system_server,-1,DisplayDeviceConfig,requesting nits when no mapping exists.]
03-28 20:21:36.897 E/DisplayDeviceConfig( 1526): requesting nits when no mapping exists.
03-28 20:21:36.898 I/am_wtf ( 1526): [0,1526,system_server,-1,DisplayDeviceConfig,requesting nits when no mapping exists.]
03-28 20:21:36.911 E/DisplayDeviceConfig( 1526): requesting nits when no mapping exists.
03-28 20:21:36.912 E/DisplayDeviceConfig( 1526): requesting nits when no mapping exists.
03-28 20:21:36.912 I/am_wtf ( 1526): [0,1526,system_server,-1,DisplayDeviceConfig,requesting nits when no mapping exists.]
03-28 20:21:36.914 I/am_wtf ( 1526): [0,1526,system_server,-1,DisplayDeviceConfig,requesting nits when no mapping exists.]
03-28 20:21:36.928 E/DisplayDeviceConfig( 1526): requesting nits when no mapping exists.
03-28 20:21:36.929 E/DisplayDeviceConfig( 1526): requesting nits when no mapping exists.
03-28 20:21:36.929 I/am_wtf ( 1526): [0,1526,system_server,-1,DisplayDeviceConfig,requesting nits when no mapping exists.]
03-28 20:21:36.930 I/am_wtf ( 1526): [0,1526,system_server,-1,DisplayDeviceConfig,requesting nits when no mapping exists.]
03-28 20:21:36.945 E/DisplayDeviceConfig( 1526): requesting nits when no mapping exists.
03-28 20:21:36.946 E/DisplayDeviceConfig( 1526): requesting nits when no mapping exists.
03-28 20:21:36.946 I/am_wtf ( 1526): [0,1526,system_server,-1,DisplayDeviceConfig,requesting nits when no mapping exists.]
03-28 20:21:36.947 I/am_wtf ( 1526): [0,1526,system_server,-1,DisplayDeviceConfig,requesting nits when no mapping exists.]
03-28 20:21:36.962 E/DisplayDeviceConfig( 1526): requesting nits when no mapping exists.
03-28 20:21:36.962 E/DisplayDeviceConfig( 1526): requesting nits when no mapping exists.
03-28 20:21:36.962 I/am_wtf ( 1526): [0,1526,system_server,-1,DisplayDeviceConfig,requesting nits when no mapping exists.]
03-28 20:21:36.963 I/am_wtf ( 1526): [0,1526,system_server,-1,DisplayDeviceConfig,requesting nits when no mapping exists.]
03-28 20:21:36.978 E/DisplayDeviceConfig( 1526): requesting nits when no mapping exists.
03-28 20:21:36.979 E/DisplayDeviceConfig( 1526): requesting nits when no mapping exists.
03-28 20:21:36.979 I/am_wtf ( 1526): [0,1526,system_server,-1,DisplayDeviceConfig,requesting nits when no mapping exists.]
03-28 20:21:36.980 I/am_wtf ( 1526): [0,1526,system_server,-1,DisplayDeviceConfig,requesting nits when no mapping exists.]
03-28 20:21:36.995 E/DisplayDeviceConfig( 1526): requesting nits when no mapping exists.
03-28 20:21:36.995 E/DisplayDeviceConfig( 1526): requesting nits when no mapping exists.
03-28 20:21:36.996 I/am_wtf ( 1526): [0,1526,system_server,-1,DisplayDeviceConfig,requesting nits when no mapping exists.]
03-28 20:21:36.997 I/am_wtf ( 1526): [0,1526,system_server,-1,DisplayDeviceConfig,requesting nits when no mapping exists.]
03-28 20:21:37.012 E/DisplayDeviceConfig( 1526): requesting nits when no mapping exists.
03-28 20:21:37.012 E/DisplayDeviceConfig( 1526): requesting nits when no mapping exists.
03-28 20:21:37.012 I/am_wtf ( 1526): [0,1526,system_server,-1,DisplayDeviceConfig,requesting nits when no mapping exists.]
03-28 20:21:37.013 I/am_wtf ( 1526): [0,1526,system_server,-1,DisplayDeviceConfig,requesting nits when no mapping exists.]
03-28 20:21:37.028 E/DisplayDeviceConfig( 1526): requesting nits when no mapping exists.
03-28 20:21:37.029 E/DisplayDeviceConfig( 1526): requesting nits when no mapping exists.
03-28 20:21:37.029 I/am_wtf ( 1526): [0,1526,system_server,-1,DisplayDeviceConfig,requesting nits when no mapping exists.]
03-28 20:21:37.030 I/am_wtf ( 1526): [0,1526,system_server,-1,DisplayDeviceConfig,requesting nits when no mapping exists.]
03-28 20:21:37.045 E/DisplayDeviceConfig( 1526): requesting nits when no mapping exists.
03-28 20:21:37.046 I/am_wtf ( 1526): [0,1526,system_server,-1,DisplayDeviceConfig,requesting nits when no mapping exists.]
03-28 20:21:37.046 E/DisplayDeviceConfig( 1526): requesting nits when no mapping exists.
03-28 20:21:37.047 I/am_wtf ( 1526): [0,1526,system_server,-1,DisplayDeviceConfig,requesting nits when no mapping exists.]
03-28 20:21:37.063 E/DisplayDeviceConfig( 1526): requesting nits when no mapping exists.
03-28 20:21:37.064 E/DisplayDeviceConfig( 1526): requesting nits when no mapping exists.
03-28 20:21:37.064 I/am_wtf ( 1526): [0,1526,system_server,-1,DisplayDeviceConfig,requesting nits when no mapping exists.]
03-28 20:21:37.065 I/am_wtf ( 1526): [0,1526,system_server,-1,DisplayDeviceConfig,requesting nits when no mapping exists.]
03-28 20:21:37.079 E/DisplayDeviceConfig( 1526): requesting nits when no mapping exists.
03-28 20:21:37.079 E/DisplayDeviceConfig( 1526): requesting nits when no mapping exists.
03-28 20:21:37.079 I/am_wtf ( 1526): [0,1526,system_server,-1,DisplayDeviceConfig,requesting nits when no mapping exists.]
03-28 20:21:37.080 I/am_wtf ( 1526): [0,1526,system_server,-1,DisplayDeviceConfig,requesting nits when no mapping exists.]
03-28 20:21:37.095 E/DisplayDeviceConfig( 1526): requesting nits when no mapping exists.
03-28 20:21:37.096 E/DisplayDeviceConfig( 1526): requesting nits when no mapping exists.
03-28 20:21:37.096 I/am_wtf ( 1526): [0,1526,system_server,-1,DisplayDeviceConfig,requesting nits when no mapping exists.]
03-28 20:21:37.097 I/am_wtf ( 1526): [0,1526,system_server,-1,DisplayDeviceConfig,requesting nits when no mapping exists.]
03-28 20:21:37.112 E/DisplayDeviceConfig( 1526): requesting nits when no mapping exists.
03-28 20:21:37.112 E/DisplayDeviceConfig( 1526): requesting nits when no mapping exists.
03-28 20:21:37.113 I/am_wtf ( 1526): [0,1526,system_server,-1,DisplayDeviceConfig,requesting nits when no mapping exists.]
03-28 20:21:37.114 I/am_wtf ( 1526): [0,1526,system_server,-1,DisplayDeviceConfig,requesting nits when no mapping exists.]
03-28 20:21:37.129 E/DisplayDeviceConfig( 1526): requesting nits when no mapping exists.
03-28 20:21:37.129 E/DisplayDeviceConfig( 1526): requesting nits when no mapping exists.
03-28 20:21:37.129 I/am_wtf ( 1526): [0,1526,system_server,-1,DisplayDeviceConfig,requesting nits when no mapping exists.]
03-28 20:21:37.130 I/am_wtf ( 1526): [0,1526,system_server,-1,DisplayDeviceConfig,requesting nits when no mapping exists.]
03-28 20:21:37.145 E/DisplayDeviceConfig( 1526): requesting nits when no mapping exists.
03-28 20:21:37.146 E/DisplayDeviceConfig( 1526): requesting nits when no mapping exists.
03-28 20:21:37.147 I/am_wtf ( 1526): [0,1526,system_server,-1,DisplayDeviceConfig,requesting nits when no mapping exists.]
03-28 20:21:37.147 I/am_wtf ( 1526): [0,1526,system_server,-1,DisplayDeviceConfig,requesting nits when no mapping exists.]
03-28 20:21:37.162 E/DisplayDeviceConfig( 1526): requesting nits when no mapping exists.
03-28 20:21:37.162 E/DisplayDeviceConfig( 1526): requesting nits when no mapping exists.
03-28 20:21:37.162 I/am_wtf ( 1526): [0,1526,system_server,-1,DisplayDeviceConfig,requesting nits when no mapping exists.]
03-28 20:21:37.163 I/am_wtf ( 1526): [0,1526,system_server,-1,DisplayDeviceConfig,requesting nits when no mapping exists.]
03-28 20:21:37.511 I/auditd ( 0): type=1400 audit(0.0:589): avc: denied { kill } for comm="swapper/1" capability=5 scontext=u:r:kernel:s0 tcontext=u:r:kernel:s0 tclass=capability permissive=0
03-28 20:21:37.511 W/swapper/1( 0): type=1400 audit(0.0:589): avc: denied { kill } for capability=5 scontext=u:r:kernel:s0 tcontext=u:r:kernel:s0 tclass=capability permissive=0
03-28 20:21:37.745 I/mpu_uart( 644): [MSG-P:RECV]:No message received in 1000 ms
03-28 20:21:37.817 D/audio_hw_primary( 796): copl(0xf280c970):out of compress_wait
03-28 20:21:37.820 D/audio_hw_primary( 796): No space available in compress driver, post msg to cb thread
03-28 20:21:37.820 D/audio_hw_primary( 796): copl(0xf280c970):calling compress_wait
03-28 20:21:37.967 I/mpu_uart( 644): [MSG-P:R]:recv sync frame timeout
03-28 20:21:38.507 I/auditd ( 0): type=1400 audit(0.0:590): avc: denied { kill } for comm="swapper/1" capability=5 scontext=u:r:kernel:s0 tcontext=u:r:kernel:s0 tclass=capability permissive=0
03-28 20:21:38.507 W/swapper/1( 0): type=1400 audit(0.0:590): avc: denied { kill } for capability=5 scontext=u:r:kernel:s0 tcontext=u:r:kernel:s0 tclass=capability permissive=0
03-28 20:21:38.746 I/mpu_uart( 644): [MSG-P:RECV]:No message received in 1000 ms
03-28 20:21:39.507 I/auditd ( 0): type=1400 audit(0.0:591): avc: denied { kill } for comm="swapper/1" capability=5 scontext=u:r:kernel:s0 tcontext=u:r:kernel:s0 tclass=capability permissive=0
03-28 20:21:39.507 W/swapper/1( 0): type=1400 audit(0.0:591): avc: denied { kill } for capability=5 scontext=u:r:kernel:s0 tcontext=u:r:kernel:s0 tclass=capability permissive=0
03-28 20:21:39.746 I/mpu_uart( 644): [MSG-P:RECV]:No message received in 1000 ms
03-28 20:21:39.857 D/audio_hw_primary( 796): copl(0xf280c970):out of compress_wait
03-28 20:21:39.861 D/audio_hw_primary( 796): No space available in compress driver, post msg to cb thread
03-28 20:21:39.861 D/audio_hw_primary( 796): copl(0xf280c970):calling compress_wait
03-28 20:21:40.507 I/auditd ( 0): type=1400 audit(0.0:592): avc: denied { kill } for comm="swapper/1" capability=5 scontext=u:r:kernel:s0 tcontext=u:r:kernel:s0 tclass=capability permissive=0
03-28 20:21:40.507 W/swapper/1( 0): type=1400 audit(0.0:592): avc: denied { kill } for capability=5 scontext=u:r:kernel:s0 tcontext=u:r:kernel:s0 tclass=capability permissive=0
03-28 20:21:40.746 I/mpu_uart( 644): [MSG-P:RECV]:No message received in 1000 ms
03-28 20:21:40.969 I/mpu_uart( 644): [MSG-P:R]:recv sync frame timeout
03-28 20:21:41.271 E/tlogd ( 1284): [TzLogger](isPathReadable) file /sys/kernel/debug/tzdbg/qsee_log isn't exist or no permission, err: No such file or directory
03-28 20:21:41.271 E/tlogd ( 1284): [TzLogger](saveTzlogAsync) /sys/kernel/debug/tzdbg/qsee_log can not read.
03-28 20:21:41.271 E/tlogd ( 1284): [TzLogger](isPathReadable) file /sys/kernel/debug/tzdbg/log isn't exist or no permission, err: No such file or directory
03-28 20:21:41.271 E/tlogd ( 1284): [TzLogger](saveTzlogAsync) /sys/kernel/debug/tzdbg/log can not read.
03-28 20:21:41.507 I/auditd ( 0): type=1400 audit(0.0:593): avc: denied { kill } for comm="swapper/1" capability=5 scontext=u:r:kernel:s0 tcontext=u:r:kernel:s0 tclass=capability permissive=0
03-28 20:21:41.507 W/swapper/1( 0): type=1400 audit(0.0:593): avc: denied { kill } for capability=5 scontext=u:r:kernel:s0 tcontext=u:r:kernel:s0 tclass=capability permissive=0
03-28 20:21:41.746 I/mpu_uart( 644): [MSG-P:RECV]:No message received in 1000 ms
03-28 20:21:41.897 D/audio_hw_primary( 796): copl(0xf280c970):out of compress_wait
03-28 20:21:41.901 D/audio_hw_primary( 796): No space available in compress driver, post msg to cb thread
03-28 20:21:41.901 D/audio_hw_primary( 796): copl(0xf280c970):calling compress_wait
03-28 20:21:42.511 I/auditd ( 0): type=1400 audit(0.0:594): avc: denied { kill } for comm="swapper/1" capability=5 scontext=u:r:kernel:s0 tcontext=u:r:kernel:s0 tclass=capability permissive=0
03-28 20:21:42.511 W/swapper/1( 0): type=1400 audit(0.0:594): avc: denied { kill } for capability=5 scontext=u:r:kernel:s0 tcontext=u:r:kernel:s0 tclass=capability permissive=0
03-28 20:21:42.747 I/mpu_uart( 644): [MSG-P:RECV]:No message received in 1000 ms
03-28 20:21:43.199 I/PowerManagerService( 1526): Napping display group (groupId=0, uid=1000)...
03-28 20:21:43.199 I/PowerManagerService( 1526): Nap time (uid 1000)...
03-28 20:21:43.208 I/DreamManagerService( 1526): Entering dreamland.
03-28 20:21:43.210 I/PowerManagerService( 1526): Dreaming...
03-28 20:21:43.215 I/DreamController( 1526): Starting dream: name=ComponentInfo{com.thundercomm.screensaver/com.thundercomm.screensaver.service.SystemDream}, isTest=false, canDoze=false, userId=0
03-28 20:21:43.215 I/sysui_multi_action( 1526): [757,222,758,1]
03-28 20:21:43.215 V/ShadeControllerImpl( 2000): NotificationShadeWindow: com.android.systemui.statusbar.phone.NotificationShadeWindowView{f6d468 I.E...... ......ID 0,0-2380,1020} canPanelBeCollapsed(): false
03-28 20:21:43.218 I/am_uid_active( 1526): 10051
03-28 20:21:43.223 D/CompatibilityChangeReporter( 1526): Compat change id reported: 168419799; UID 10051; state: DISABLED
03-28 20:21:43.223 D/CompatibilityInfo( 1526): mCompatibilityFlags - 4
03-28 20:21:43.223 D/CompatibilityInfo( 1526): applicationDensity - 240
03-28 20:21:43.223 D/CompatibilityInfo( 1526): applicationScale - 1.0
03-28 20:21:43.230 I/ActivityTaskManager( 1526): START u0 {flg=0x10000000 pkg=com.thundercomm.screensaver cmp=com.thundercomm.screensaver/android.service.dreams.DreamActivity (has extras)} from uid 10051
03-28 20:21:43.230 I/EventSequenceValidator( 1526): inc AccIntentStartedEvents to 2
03-28 20:21:43.231 I/am_pss ( 1526): [3511,10082,com.android.music,30512128,23351296,0,149762048,0,4,11]
03-28 20:21:43.231 I/service_manager_stats( 1526): [100,63,6885]
03-28 20:21:43.233 I/wm_task_created( 1526): [19,-1]
03-28 20:21:43.233 W/ActivityTaskManager( 1526): Can't find TaskDisplayArea to determine support for multi window. Task id=19 attached=false
03-28 20:21:43.238 I/wm_task_moved( 1526): [19,1,7]
03-28 20:21:43.238 I/wm_task_to_front( 1526): [0,19]
03-28 20:21:43.238 I/wm_create_task( 1526): [0,19]
03-28 20:21:43.238 I/wm_create_activity( 1526): [0,106639172,19,com.thundercomm.screensaver/android.service.dreams.DreamActivity,NULL,NULL,NULL,276824064]
03-28 20:21:43.238 I/wm_task_moved( 1526): [19,1,7]
03-28 20:21:43.238 D/CompatibilityInfo( 1526): mCompatibilityFlags - 4
03-28 20:21:43.238 D/CompatibilityInfo( 1526): applicationDensity - 240
03-28 20:21:43.238 D/CompatibilityInfo( 1526): applicationScale - 1.0
03-28 20:21:43.238 I/wm_on_top_resumed_lost_called( 2527): [178627036,com.android.launcher3.uioverrides.QuickstepLauncher,topStateChangedWhenResumed]
03-28 20:21:43.238 D/ActivityTrigger( 1526): ActivityTrigger activityPauseTrigger
03-28 20:21:43.238 I/am_pss ( 1526): [5133,10031,com.android.musicfx,5429248,3878912,0,89952256,0,19,7]
03-28 20:21:43.239 I/wm_pause_activity( 1526): [0,178627036,com.android.launcher3/.uioverrides.QuickstepLauncher,userLeaving=true,pauseBackTasks]
03-28 20:21:43.240 I/wm_on_paused_called( 2527): [178627036,com.android.launcher3.uioverrides.QuickstepLauncher,performPause]
03-28 20:21:43.241 I/ActivityTaskManager( 1526): FOREGROUND_APPLICATION_CHANGED to android.service.dreams.DreamActivity
03-28 20:21:43.241 I/ActivityTaskManager( 1526): The Process com.thundercomm.screensaver Already Exists in BG. So sending its PID: 4333
03-28 20:21:43.241 W/ActivityTaskManager( 1526): Tried to set launchTime (0) < mLastActivityLaunchTime (71646)
03-28 20:21:43.242 I/wm_add_to_stopping( 1526): [0,178627036,com.android.launcher3/.uioverrides.QuickstepLauncher,makeInvisible]
03-28 20:21:43.242 I/wm_restart_activity( 1526): [0,106639172,19,com.thundercomm.screensaver/android.service.dreams.DreamActivity]
03-28 20:21:43.242 D/CompatibilityInfo( 1526): mCompatibilityFlags - 4
03-28 20:21:43.242 D/CompatibilityInfo( 1526): applicationDensity - 240
03-28 20:21:43.242 D/CompatibilityInfo( 1526): applicationScale - 1.0
03-28 20:21:43.243 I/wm_set_resumed_activity( 1526): [0,com.thundercomm.screensaver/android.service.dreams.DreamActivity,minimalResumeActivityLocked]
03-28 20:21:43.247 I/sysui_multi_action( 1526): [757,803,799,window_time_0,802,60]
03-28 20:21:43.247 I/GameMode_ActivityMonitoringService( 2098): onActivityLaunch: com.thundercomm.screensaver, isGameApp: false
03-28 20:21:43.248 V/GameMode_GpuUtils( 2098): fps:60
03-28 20:21:43.248 I/wm_on_create_called( 4333): [106639172,android.service.dreams.DreamActivity,performCreate]
03-28 20:21:43.248 I/wm_on_start_called( 4333): [106639172,android.service.dreams.DreamActivity,handleStartActivity]
03-28 20:21:43.248 I/wm_on_resume_called( 4333): [106639172,android.service.dreams.DreamActivity,RESUME_ACTIVITY]
03-28 20:21:43.249 D/GameModeIF_GameModeSettings( 2098): getUriFor setting_content_uri_root = content://com.thundercomm.gamemode.api/gamemode_settings , name = gamemode_enable
03-28 20:21:43.251 D/KeyguardViewMediator( 2000): setOccluded true
03-28 20:21:43.251 I/wm_on_top_resumed_gained_called( 4333): [106639172,android.service.dreams.DreamActivity,topStateChangedWhenResumed]
03-28 20:21:43.251 V/KeyguardUpdateMonitor( 2000): startListeningForFingerprint()
03-28 20:21:43.252 D/KeyguardViewMediator( 2000): adjustStatusBarLocked: mShowing=false mOccluded=true isSecure=false force=false --> flags=0x0
03-28 20:21:43.252 E/MCUUtil ( 2527): saveLastActivity activityName=android.service.dreams.DreamActivity packageName=com.thundercomm.screensaver
03-28 20:21:43.260 I/BpBinder( 896): onLastStrongRef automatically unlinking death recipients:
03-28 20:21:43.261 I/input_focus( 1526): [Focus leaving 576f893 com.android.launcher3/com.android.launcher3.uioverrides.QuickstepLauncher (server),reason=NO_WINDOW]
03-28 20:21:43.265 I/input_focus( 1526): [Focus request 27dfbb0 com.thundercomm.screensaver/android.service.dreams.DreamActivity,reason=UpdateInputWindows]
03-28 20:21:43.265 I/BpBinder( 896): onLastStrongRef automatically unlinking death recipients:
03-28 20:21:43.273 I/sysui_multi_action( 1526): [319,42,322,42,325,329,757,761,758,8,759,2,806,com.thundercomm.screensaver,871,android.service.dreams.DreamActivity,904,com.thundercomm.screensaver,905,0,1320,4,1321,2]
03-28 20:21:43.274 V/DisplayPowerController[0]( 1526): Brightness [1.0] reason changing to: 'manual', previous reason: 'manual [ dim ]'.
03-28 20:21:43.274 I/sysui_multi_action( 1526): [757,1696,758,6,759,3]
03-28 20:21:43.274 I/wm_activity_launch_time( 1526): [0,106639172,com.thundercomm.screensaver/android.service.dreams.DreamActivity,42]
03-28 20:21:43.274 I/ActivityTaskManager( 1526): Displayed com.thundercomm.screensaver/android.service.dreams.DreamActivity: +42ms
03-28 20:21:43.275 I/EventSequenceValidator( 1526): dec AccIntentStartedEvents to 1
03-28 20:21:43.276 E/DisplayDeviceConfig( 1526): requesting nits when no mapping exists.
03-28 20:21:43.276 E/DisplayDeviceConfig( 1526): requesting nits when no mapping exists.
03-28 20:21:43.276 I/am_wtf ( 1526): [0,1526,system_server,-1,DisplayDeviceConfig,requesting nits when no mapping exists.]
03-28 20:21:43.277 I/am_wtf ( 1526): [0,1526,system_server,-1,DisplayDeviceConfig,requesting nits when no mapping exists.]
03-28 20:21:43.277 D/ConnectivityService( 1526): requestNetwork for uid/pid:10051/4333 activeRequest: null callbackRequest: 32 [NetworkRequest [ REQUEST id=33, [ Capabilities: INTERNET&NOT_RESTRICTED&TRUSTED&NOT_VCN_MANAGED Uid: 10051 RequestorUid: 10051 RequestorPkg: com.thundercomm.screensaver] ]] callback flags: 0 priority: 2147483647
03-28 20:21:43.277 D/StatusBar( 2000): disable disable2
03-28 20:21:43.278 D/ConnectivityService( 1526): NetReassign [33 : null 鈫?100]
03-28 20:21:43.278 D/Ethernet( 1526): got request NetworkRequest [ REQUEST id=33, [ Capabilities: INTERNET&NOT_RESTRICTED&TRUSTED&NOT_VCN_MANAGED Uid: 10051 RequestorUid: 10051 RequestorPkg: com.thundercomm.screensaver] ]
03-28 20:21:43.278 D/EthernetNetworkFactory( 1526): acceptRequest, request: NetworkRequest [ REQUEST id=33, [ Capabilities: INTERNET&NOT_RESTRICTED&TRUSTED&NOT_VCN_MANAGED Uid: 10051 RequestorUid: 10051 RequestorPkg: com.thundercomm.screensaver] ]
03-28 20:21:43.278 D/WifiNetworkFactory( 1526): got request NetworkRequest [ REQUEST id=33, [ Capabilities: INTERNET&NOT_RESTRICTED&TRUSTED&NOT_VCN_MANAGED Uid: 10051 RequestorUid: 10051 RequestorPkg: com.thundercomm.screensaver] ]
03-28 20:21:43.278 D/UntrustedWifiNetworkFactory( 1526): got request NetworkRequest [ REQUEST id=33, [ Capabilities: INTERNET&NOT_RESTRICTED&TRUSTED&NOT_VCN_MANAGED Uid: 10051 RequestorUid: 10051 RequestorPkg: com.thundercomm.screensaver] ]
03-28 20:21:43.278 I/EthernetNetworkFactory( 1526): networkForRequest, request: NetworkRequest [ REQUEST id=33, [ Capabilities: INTERNET&NOT_RESTRICTED&TRUSTED&NOT_VCN_MANAGED Uid: 10051 RequestorUid: 10051 RequestorPkg: com.thundercomm.screensaver] ], network: NetworkInterfaceState{ refCount: 0, iface: eth0, up: true, hwAddress: 36:7c:7c:00:00:0f, networkCapabilities: [ Transports: ETHERNET Capabilities: NOT_METERED&INTERNET&NOT_RESTRICTED&TRUSTED&NOT_VPN&NOT_ROAMING&NOT_CONGESTED&NOT_SUSPENDED&NOT_VCN_MANAGED LinkUpBandwidth>=100000Kbps LinkDnBandwidth>=100000Kbps], networkAgent: null, score: 70, ipClient: android.net.ip.IIpClient$Stub$Proxy@d317605,linkProperties: {InterfaceName: eth0 LinkAddresses: [ fe80::c225:5ca6:18f:d04/64 ] DnsAddresses: [ ] Domains: null MTU: 0 TcpBufferSizes: 524288,1048576,3145728,524288,1048576,2097152 Routes: [ fe80::/64 -> :: eth0 mtu 0 ]}}
03-28 20:21:43.278 D/OemPaidWifiNetworkFactory( 1526): got request NetworkRequest [ REQUEST id=33, [ Capabilities: INTERNET&NOT_RESTRICTED&TRUSTED&NOT_VCN_MANAGED Uid: 10051 RequestorUid: 10051 RequestorPkg: com.thundercomm.screensaver] ]
