03-28 20:18:12.507 I/auditd ( 0): type=1400 audit(0.0:393): avc: denied { kill } for comm="swapper/1" capability=5 scontext=u:r:kernel:s0 tcontext=u:r:kernel:s0 tclass=capability permissive=0
03-28 20:18:13.511 I/auditd ( 0): type=1400 audit(0.0:394): avc: denied { kill } for comm="swapper/1" capability=5 scontext=u:r:kernel:s0 tcontext=u:r:kernel:s0 tclass=capability permissive=0
03-28 20:18:14.511 I/auditd ( 0): type=1400 audit(0.0:395): avc: denied { kill } for comm="swapper/1" capability=5 scontext=u:r:kernel:s0 tcontext=u:r:kernel:s0 tclass=capability permissive=0
03-28 20:18:15.507 I/auditd ( 0): type=1400 audit(0.0:396): avc: denied { kill } for comm="swapper/1" capability=5 scontext=u:r:kernel:s0 tcontext=u:r:kernel:s0 tclass=capability permissive=0
03-28 20:18:16.507 I/auditd ( 0): type=1400 audit(0.0:397): avc: denied { kill } for comm="swapper/1" capability=5 scontext=u:r:kernel:s0 tcontext=u:r:kernel:s0 tclass=capability permissive=0
03-28 20:18:17.196 I/ntp_failure( 1526): [time.android.com/216.239.35.0,java.net.SocketTimeoutException: Poll timed out]
03-28 20:18:17.511 I/auditd ( 0): type=1400 audit(0.0:398): avc: denied { kill } for comm="swapper/1" capability=5 scontext=u:r:kernel:s0 tcontext=u:r:kernel:s0 tclass=capability permissive=0
03-28 20:18:18.511 I/auditd ( 0): type=1400 audit(0.0:399): avc: denied { kill } for comm="swapper/2" capability=5 scontext=u:r:kernel:s0 tcontext=u:r:kernel:s0 tclass=capability permissive=0
03-28 20:18:19.507 I/auditd ( 0): type=1400 audit(0.0:400): avc: denied { kill } for comm="swapper/2" capability=5 scontext=u:r:kernel:s0 tcontext=u:r:kernel:s0 tclass=capability permissive=0
03-28 20:18:20.507 I/auditd ( 0): type=1400 audit(0.0:401): avc: denied { kill } for comm="swapper/2" capability=5 scontext=u:r:kernel:s0 tcontext=u:r:kernel:s0 tclass=capability permissive=0
03-28 20:18:21.507 I/auditd ( 0): type=1400 audit(0.0:402): avc: denied { kill } for comm="swapper/2" capability=5 scontext=u:r:kernel:s0 tcontext=u:r:kernel:s0 tclass=capability permissive=0
03-28 20:18:22.206 I/ntp_failure( 1526): [time.android.com/216.239.35.12,java.net.SocketTimeoutException: Poll timed out]
03-28 20:18:22.507 I/auditd ( 0): type=1400 audit(0.0:403): avc: denied { kill } for comm="swapper/2" capability=5 scontext=u:r:kernel:s0 tcontext=u:r:kernel:s0 tclass=capability permissive=0
03-28 20:18:23.511 I/auditd ( 0): type=1400 audit(0.0:404): avc: denied { kill } for comm="swapper/2" capability=5 scontext=u:r:kernel:s0 tcontext=u:r:kernel:s0 tclass=capability permissive=0
03-28 20:18:24.507 I/auditd ( 0): type=1400 audit(0.0:405): avc: denied { kill } for comm="swapper/2" capability=5 scontext=u:r:kernel:s0 tcontext=u:r:kernel:s0 tclass=capability permissive=0
03-28 20:18:25.507 I/auditd ( 0): type=1400 audit(0.0:406): avc: denied { kill } for comm="swapper/2" capability=5 scontext=u:r:kernel:s0 tcontext=u:r:kernel:s0 tclass=capability permissive=0
03-28 20:18:26.511 I/auditd ( 0): type=1400 audit(0.0:407): avc: denied { kill } for comm="swapper/2" capability=5 scontext=u:r:kernel:s0 tcontext=u:r:kernel:s0 tclass=capability permissive=0
03-28 20:18:27.215 I/ntp_failure( 1526): [time.android.com/216.239.35.8,java.net.SocketTimeoutException: Poll timed out]
03-28 20:18:27.507 I/auditd ( 0): type=1400 audit(0.0:408): avc: denied { kill } for comm="swapper/2" capability=5 scontext=u:r:kernel:s0 tcontext=u:r:kernel:s0 tclass=capability permissive=0
03-28 20:18:28.507 I/auditd ( 0): type=1400 audit(0.0:409): avc: denied { kill } for comm="swapper/2" capability=5 scontext=u:r:kernel:s0 tcontext=u:r:kernel:s0 tclass=capability permissive=0
03-28 20:18:29.511 I/auditd ( 0): type=1400 audit(0.0:410): avc: denied { kill } for comm="swapper/3" capability=5 scontext=u:r:kernel:s0 tcontext=u:r:kernel:s0 tclass=capability permissive=0
03-28 20:18:31.511 I/auditd ( 0): type=1400 audit(0.0:411): avc: denied { kill } for comm="swapper/3" capability=5 scontext=u:r:kernel:s0 tcontext=u:r:kernel:s0 tclass=capability permissive=0
03-28 20:18:31.659 I/am_uid_idle( 1526): 10062
03-28 20:18:32.511 I/auditd ( 0): type=1400 audit(0.0:412): avc: denied { kill } for comm="swapper/3" capability=5 scontext=u:r:kernel:s0 tcontext=u:r:kernel:s0 tclass=capability permissive=0
03-28 20:18:33.511 I/auditd ( 0): type=1400 audit(0.0:413): avc: denied { kill } for comm="swapper/3" capability=5 scontext=u:r:kernel:s0 tcontext=u:r:kernel:s0 tclass=capability permissive=0
03-28 20:18:34.211 I/am_uid_idle( 1526): 10090
03-28 20:18:34.507 I/auditd ( 0): type=1400 audit(0.0:414): avc: denied { kill } for comm="swapper/3" capability=5 scontext=u:r:kernel:s0 tcontext=u:r:kernel:s0 tclass=capability permissive=0
03-28 20:18:35.507 I/auditd ( 0): type=1400 audit(0.0:415): avc: denied { kill } for comm="swapper/3" capability=5 scontext=u:r:kernel:s0 tcontext=u:r:kernel:s0 tclass=capability permissive=0
03-28 20:18:36.507 I/auditd ( 0): type=1400 audit(0.0:416): avc: denied { kill } for comm="swapper/2" capability=5 scontext=u:r:kernel:s0 tcontext=u:r:kernel:s0 tclass=capability permissive=0
03-28 20:18:37.507 I/auditd ( 0): type=1400 audit(0.0:417): avc: denied { kill } for comm="swapper/1" capability=5 scontext=u:r:kernel:s0 tcontext=u:r:kernel:s0 tclass=capability permissive=0
03-28 20:18:38.507 I/auditd ( 0): type=1400 audit(0.0:418): avc: denied { kill } for comm="swapper/1" capability=5 scontext=u:r:kernel:s0 tcontext=u:r:kernel:s0 tclass=capability permissive=0
03-28 20:18:39.351 I/netstats_mobile_sample( 1526): [0,0,0,0,0,0,0,0,0,0,0,0,1680005919351]
03-28 20:18:39.351 I/netstats_wifi_sample( 1526): [1920436,5099,1017114,3369,1920436,5099,1017114,3369,2551655,10063,540959,2009,1680005919351]
03-28 20:18:39.507 I/auditd ( 0): type=1400 audit(0.0:419): avc: denied { kill } for comm="swapper/1" capability=5 scontext=u:r:kernel:s0 tcontext=u:r:kernel:s0 tclass=capability permissive=0
03-28 20:18:40.507 I/auditd ( 0): type=1400 audit(0.0:420): avc: denied { kill } for comm="swapper/2" capability=5 scontext=u:r:kernel:s0 tcontext=u:r:kernel:s0 tclass=capability permissive=0
03-28 20:18:41.511 I/auditd ( 0): type=1400 audit(0.0:421): avc: denied { kill } for comm="swapper/2" capability=5 scontext=u:r:kernel:s0 tcontext=u:r:kernel:s0 tclass=capability permissive=0
03-28 20:18:42.507 I/auditd ( 0): type=1400 audit(0.0:422): avc: denied { kill } for comm="swapper/2" capability=5 scontext=u:r:kernel:s0 tcontext=u:r:kernel:s0 tclass=capability permissive=0
03-28 20:18:43.507 I/auditd ( 0): type=1400 audit(0.0:423): avc: denied { kill } for comm="swapper/2" capability=5 scontext=u:r:kernel:s0 tcontext=u:r:kernel:s0 tclass=capability permissive=0
03-28 20:18:44.511 I/auditd ( 0): type=1400 audit(0.0:424): avc: denied { kill } for comm="swapper/2" capability=5 scontext=u:r:kernel:s0 tcontext=u:r:kernel:s0 tclass=capability permissive=0
03-28 20:18:45.511 I/auditd ( 0): type=1400 audit(0.0:425): avc: denied { kill } for comm="swapper/2" capability=5 scontext=u:r:kernel:s0 tcontext=u:r:kernel:s0 tclass=capability permissive=0
03-28 20:18:46.507 I/auditd ( 0): type=1400 audit(0.0:426): avc: denied { kill } for comm="swapper/2" capability=5 scontext=u:r:kernel:s0 tcontext=u:r:kernel:s0 tclass=capability permissive=0
03-28 20:18:47.507 I/auditd ( 0): type=1400 audit(0.0:427): avc: denied { kill } for comm="swapper/2" capability=5 scontext=u:r:kernel:s0 tcontext=u:r:kernel:s0 tclass=capability permissive=0
03-28 20:18:48.511 I/auditd ( 0): type=1400 audit(0.0:428): avc: denied { kill } for comm="swapper/2" capability=5 scontext=u:r:kernel:s0 tcontext=u:r:kernel:s0 tclass=capability permissive=0
03-28 20:18:49.511 I/auditd ( 0): type=1400 audit(0.0:429): avc: denied { kill } for comm="swapper/0" capability=5 scontext=u:r:kernel:s0 tcontext=u:r:kernel:s0 tclass=capability permissive=0
03-28 20:18:50.511 I/auditd ( 0): type=1400 audit(0.0:430): avc: denied { kill } for comm="swapper/0" capability=5 scontext=u:r:kernel:s0 tcontext=u:r:kernel:s0 tclass=capability permissive=0
03-28 20:18:51.507 I/auditd ( 0): type=1400 audit(0.0:431): avc: denied { kill } for comm="swapper/0" capability=5 scontext=u:r:kernel:s0 tcontext=u:r:kernel:s0 tclass=capability permissive=0
03-28 20:18:53.511 I/auditd ( 0): type=1400 audit(0.0:432): avc: denied { kill } for comm="swapper/2" capability=5 scontext=u:r:kernel:s0 tcontext=u:r:kernel:s0 tclass=capability permissive=0
03-28 20:18:54.507 I/auditd ( 0): type=1400 audit(0.0:433): avc: denied { kill } for comm="swapper/2" capability=5 scontext=u:r:kernel:s0 tcontext=u:r:kernel:s0 tclass=capability permissive=0
03-28 20:18:55.507 I/auditd ( 0): type=1400 audit(0.0:434): avc: denied { kill } for comm="swapper/2" capability=5 scontext=u:r:kernel:s0 tcontext=u:r:kernel:s0 tclass=capability permissive=0
03-28 20:18:56.511 I/auditd ( 0): type=1400 audit(0.0:435): avc: denied { kill } for comm="swapper/2" capability=5 scontext=u:r:kernel:s0 tcontext=u:r:kernel:s0 tclass=capability permissive=0
03-28 20:18:57.507 I/auditd ( 0): type=1400 audit(0.0:436): avc: denied { kill } for comm="swapper/2" capability=5 scontext=u:r:kernel:s0 tcontext=u:r:kernel:s0 tclass=capability permissive=0
03-28 20:18:58.511 I/auditd ( 0): type=1400 audit(0.0:437): avc: denied { kill } for comm="swapper/2" capability=5 scontext=u:r:kernel:s0 tcontext=u:r:kernel:s0 tclass=capability permissive=0
03-28 20:18:59.507 I/auditd ( 0): type=1400 audit(0.0:438): avc: denied { kill } for comm="swapper/2" capability=5 scontext=u:r:kernel:s0 tcontext=u:r:kernel:s0 tclass=capability permissive=0
03-28 20:19:00.511 I/auditd ( 0): type=1400 audit(0.0:439): avc: denied { kill } for comm="swapper/2" capability=5 scontext=u:r:kernel:s0 tcontext=u:r:kernel:s0 tclass=capability permissive=0
03-28 20:19:01.511 I/auditd ( 0): type=1400 audit(0.0:440): avc: denied { kill } for comm="swapper/2" capability=5 scontext=u:r:kernel:s0 tcontext=u:r:kernel:s0 tclass=capability permissive=0
03-28 20:19:02.511 I/auditd ( 0): type=1400 audit(0.0:441): avc: denied { kill } for comm="swapper/2" capability=5 scontext=u:r:kernel:s0 tcontext=u:r:kernel:s0 tclass=capability permissive=0
03-28 20:19:03.507 I/auditd ( 0): type=1400 audit(0.0:442): avc: denied { kill } for comm="swapper/2" capability=5 scontext=u:r:kernel:s0 tcontext=u:r:kernel:s0 tclass=capability permissive=0
03-28 20:19:04.507 I/auditd ( 0): type=1400 audit(0.0:443): avc: denied { kill } for comm="swapper/2" capability=5 scontext=u:r:kernel:s0 tcontext=u:r:kernel:s0 tclass=capability permissive=0
03-28 20:19:05.507 I/auditd ( 0): type=1400 audit(0.0:444): avc: denied { kill } for comm="swapper/2" capability=5 scontext=u:r:kernel:s0 tcontext=u:r:kernel:s0 tclass=capability permissive=0
03-28 20:19:06.511 I/auditd ( 0): type=1400 audit(0.0:445): avc: denied { kill } for comm="swapper/2" capability=5 scontext=u:r:kernel:s0 tcontext=u:r:kernel:s0 tclass=capability permissive=0
03-28 20:19:07.511 I/auditd ( 0): type=1400 audit(0.0:446): avc: denied { kill } for comm="swapper/2" capability=5 scontext=u:r:kernel:s0 tcontext=u:r:kernel:s0 tclass=capability permissive=0
03-28 20:19:08.507 I/auditd ( 0): type=1400 audit(0.0:447): avc: denied { kill } for comm="swapper/2" capability=5 scontext=u:r:kernel:s0 tcontext=u:r:kernel:s0 tclass=capability permissive=0
03-28 20:19:09.511 I/auditd ( 0): type=1400 audit(0.0:448): avc: denied { kill } for comm="swapper/2" capability=5 scontext=u:r:kernel:s0 tcontext=u:r:kernel:s0 tclass=capability permissive=0
03-28 20:19:10.507 I/auditd ( 0): type=1400 audit(0.0:449): avc: denied { kill } for comm="swapper/2" capability=5 scontext=u:r:kernel:s0 tcontext=u:r:kernel:s0 tclass=capability permissive=0
03-28 20:19:11.511 I/auditd ( 0): type=1400 audit(0.0:450): avc: denied { kill } for comm="swapper/2" capability=5 scontext=u:r:kernel:s0 tcontext=u:r:kernel:s0 tclass=capability permissive=0
03-28 20:19:12.507 I/auditd ( 0): type=1400 audit(0.0:451): avc: denied { kill } for comm="swapper/2" capability=5 scontext=u:r:kernel:s0 tcontext=u:r:kernel:s0 tclass=capability permissive=0
03-28 20:19:13.511 I/auditd ( 0): type=1400 audit(0.0:452): avc: denied { kill } for comm="swapper/2" capability=5 scontext=u:r:kernel:s0 tcontext=u:r:kernel:s0 tclass=capability permissive=0
03-28 20:19:14.511 I/auditd ( 0): type=1400 audit(0.0:453): avc: denied { kill } for comm="swapper/2" capability=5 scontext=u:r:kernel:s0 tcontext=u:r:kernel:s0 tclass=capability permissive=0
03-28 20:19:16.511 I/auditd ( 0): type=1400 audit(0.0:454): avc: denied { kill } for comm="swapper/1" capability=5 scontext=u:r:kernel:s0 tcontext=u:r:kernel:s0 tclass=capability permissive=0
03-28 20:19:17.507 I/auditd ( 0): type=1400 audit(0.0:455): avc: denied { kill } for comm="swapper/1" capability=5 scontext=u:r:kernel:s0 tcontext=u:r:kernel:s0 tclass=capability permissive=0
03-28 20:19:18.511 I/auditd ( 0): type=1400 audit(0.0:456): avc: denied { kill } for comm="swapper/1" capability=5 scontext=u:r:kernel:s0 tcontext=u:r:kernel:s0 tclass=capability permissive=0
03-28 20:19:19.507 I/auditd ( 0): type=1400 audit(0.0:457): avc: denied { kill } for comm="swapper/1" capability=5 scontext=u:r:kernel:s0 tcontext=u:r:kernel:s0 tclass=capability permissive=0
03-28 20:19:20.511 I/auditd ( 0): type=1400 audit(0.0:458): avc: denied { kill } for comm="swapper/1" capability=5 scontext=u:r:kernel:s0 tcontext=u:r:kernel:s0 tclass=capability permissive=0
03-28 20:19:21.507 I/auditd ( 0): type=1400 audit(0.0:459): avc: denied { kill } for comm="swapper/1" capability=5 scontext=u:r:kernel:s0 tcontext=u:r:kernel:s0 tclass=capability permissive=0
03-28 20:19:23.507 I/auditd ( 0): type=1400 audit(0.0:460): avc: denied { kill } for comm="swapper/1" capability=5 scontext=u:r:kernel:s0 tcontext=u:r:kernel:s0 tclass=capability permissive=0
03-28 20:19:24.511 I/auditd ( 0): type=1400 audit(0.0:461): avc: denied { kill } for comm="swapper/1" capability=5 scontext=u:r:kernel:s0 tcontext=u:r:kernel:s0 tclass=capability permissive=0
03-28 20:19:25.507 I/auditd ( 0): type=1400 audit(0.0:462): avc: denied { kill } for comm="swapper/1" capability=5 scontext=u:r:kernel:s0 tcontext=u:r:kernel:s0 tclass=capability permissive=0
03-28 20:19:26.507 I/auditd ( 0): type=1400 audit(0.0:463): avc: denied { kill } for comm="swapper/1" capability=5 scontext=u:r:kernel:s0 tcontext=u:r:kernel:s0 tclass=capability permissive=0
03-28 20:19:27.507 I/auditd ( 0): type=1400 audit(0.0:464): avc: denied { kill } for comm="swapper/1" capability=5 scontext=u:r:kernel:s0 tcontext=u:r:kernel:s0 tclass=capability permissive=0
03-28 20:19:28.507 I/auditd ( 0): type=1400 audit(0.0:465): avc: denied { kill } for comm="swapper/1" capability=5 scontext=u:r:kernel:s0 tcontext=u:r:kernel:s0 tclass=capability permissive=0
03-28 20:19:29.511 I/auditd ( 0): type=1400 audit(0.0:466): avc: denied { kill } for comm="swapper/1" capability=5 scontext=u:r:kernel:s0 tcontext=u:r:kernel:s0 tclass=capability permissive=0
03-28 20:19:30.507 I/auditd ( 0): type=1400 audit(0.0:467): avc: denied { kill } for comm="swapper/1" capability=5 scontext=u:r:kernel:s0 tcontext=u:r:kernel:s0 tclass=capability permissive=0
03-28 20:19:31.507 I/auditd ( 0): type=1400 audit(0.0:468): avc: denied { kill } for comm="swapper/1" capability=5 scontext=u:r:kernel:s0 tcontext=u:r:kernel:s0 tclass=capability permissive=0
03-28 20:19:32.511 I/auditd ( 0): type=1400 audit(0.0:469): avc: denied { kill } for comm="swapper/1" capability=5 scontext=u:r:kernel:s0 tcontext=u:r:kernel:s0 tclass=capability permissive=0
03-28 20:19:33.507 I/auditd ( 0): type=1400 audit(0.0:470): avc: denied { kill } for comm="swapper/1" capability=5 scontext=u:r:kernel:s0 tcontext=u:r:kernel:s0 tclass=capability permissive=0
03-28 20:19:34.511 I/auditd ( 0): type=1400 audit(0.0:471): avc: denied { kill } for comm="swapper/1" capability=5 scontext=u:r:kernel:s0 tcontext=u:r:kernel:s0 tclass=capability permissive=0
03-28 20:19:35.507 I/auditd ( 0): type=1400 audit(0.0:472): avc: denied { kill } for comm="swapper/1" capability=5 scontext=u:r:kernel:s0 tcontext=u:r:kernel:s0 tclass=capability permissive=0
03-28 20:19:37.507 I/auditd ( 0): type=1400 audit(0.0:473): avc: denied { kill } for comm="swapper/1" capability=5 scontext=u:r:kernel:s0 tcontext=u:r:kernel:s0 tclass=capability permissive=0
03-28 20:19:38.507 I/auditd ( 0): type=1400 audit(0.0:474): avc: denied { kill } for comm="swapper/1" capability=5 scontext=u:r:kernel:s0 tcontext=u:r:kernel:s0 tclass=capability permissive=0
03-28 20:19:39.507 I/auditd ( 0): type=1400 audit(0.0:475): avc: denied { kill } for comm="swapper/1" capability=5 scontext=u:r:kernel:s0 tcontext=u:r:kernel:s0 tclass=capability permissive=0
03-28 20:19:40.511 I/auditd ( 0): type=1400 audit(0.0:476): avc: denied { kill } for comm="swapper/1" capability=5 scontext=u:r:kernel:s0 tcontext=u:r:kernel:s0 tclass=capability permissive=0
03-28 20:19:41.511 I/auditd ( 0): type=1400 audit(0.0:477): avc: denied { kill } for comm="swapper/1" capability=5 scontext=u:r:kernel:s0 tcontext=u:r:kernel:s0 tclass=capability permissive=0
03-28 20:19:42.507 I/auditd ( 0): type=1400 audit(0.0:478): avc: denied { kill } for comm="swapper/1" capability=5 scontext=u:r:kernel:s0 tcontext=u:r:kernel:s0 tclass=capability permissive=0
03-28 20:19:43.507 I/auditd ( 824): type=1400 audit(0.0:479): avc: denied { kill } for comm="kworker/u16:18" capability=5 scontext=u:r:kernel:s0 tcontext=u:r:kernel:s0 tclass=capability permissive=0
03-28 20:19:44.507 I/auditd ( 0): type=1400 audit(0.0:480): avc: denied { kill } for comm="swapper/1" capability=5 scontext=u:r:kernel:s0 tcontext=u:r:kernel:s0 tclass=capability permissive=0
03-28 20:19:45.507 I/auditd ( 0): type=1400 audit(0.0:481): avc: denied { kill } for comm="swapper/1" capability=5 scontext=u:r:kernel:s0 tcontext=u:r:kernel:s0 tclass=capability permissive=0
03-28 20:19:46.511 I/auditd ( 0): type=1400 audit(0.0:482): avc: denied { kill } for comm="swapper/1" capability=5 scontext=u:r:kernel:s0 tcontext=u:r:kernel:s0 tclass=capability permissive=0
03-28 20:19:47.507 I/auditd ( 0): type=1400 audit(0.0:483): avc: denied { kill } for comm="swapper/1" capability=5 scontext=u:r:kernel:s0 tcontext=u:r:kernel:s0 tclass=capability permissive=0
03-28 20:19:48.507 I/auditd ( 0): type=1400 audit(0.0:484): avc: denied { kill } for comm="swapper/1" capability=5 scontext=u:r:kernel:s0 tcontext=u:r:kernel:s0 tclass=capability permissive=0
03-28 20:19:49.511 I/auditd ( 0): type=1400 audit(0.0:485): avc: denied { kill } for comm="swapper/1" capability=5 scontext=u:r:kernel:s0 tcontext=u:r:kernel:s0 tclass=capability permissive=0
03-28 20:19:50.511 I/auditd ( 0): type=1400 audit(0.0:486): avc: denied { kill } for comm="swapper/1" capability=5 scontext=u:r:kernel:s0 tcontext=u:r:kernel:s0 tclass=capability permissive=0
03-28 20:19:51.507 I/auditd ( 0): type=1400 audit(0.0:487): avc: denied { kill } for comm="swapper/1" capability=5 scontext=u:r:kernel:s0 tcontext=u:r:kernel:s0 tclass=capability permissive=0
03-28 20:19:52.511 I/auditd ( 0): type=1400 audit(0.0:488): avc: denied { kill } for comm="swapper/1" capability=5 scontext=u:r:kernel:s0 tcontext=u:r:kernel:s0 tclass=capability permissive=0
03-28 20:19:53.511 I/auditd ( 0): type=1400 audit(0.0:489): avc: denied { kill } for comm="swapper/1" capability=5 scontext=u:r:kernel:s0 tcontext=u:r:kernel:s0 tclass=capability permissive=0
03-28 20:19:54.511 I/auditd ( 0): type=1400 audit(0.0:490): avc: denied { kill } for comm="swapper/1" capability=5 scontext=u:r:kernel:s0 tcontext=u:r:kernel:s0 tclass=capability permissive=0
03-28 20:19:55.511 I/auditd ( 0): type=1400 audit(0.0:491): avc: denied { kill } for comm="swapper/1" capability=5 scontext=u:r:kernel:s0 tcontext=u:r:kernel:s0 tclass=capability permissive=0
03-28 20:19:56.507 I/auditd ( 0): type=1400 audit(0.0:492): avc: denied { kill } for comm="swapper/1" capability=5 scontext=u:r:kernel:s0 tcontext=u:r:kernel:s0 tclass=capability permissive=0
03-28 20:19:57.155 I/am_pss ( 1526): [4333,10051,com.thundercomm.screensaver,57616384,51355648,0,170106880,0,2,13]
03-28 20:19:57.168 I/am_pss ( 1526): [2527,10077,com.android.launcher3,56381440,47554560,0,178798592,0,6,11]
03-28 20:19:58.507 I/auditd ( 0): type=1400 audit(0.0:493): avc: denied { kill } for comm="swapper/1" capability=5 scontext=u:r:kernel:s0 tcontext=u:r:kernel:s0 tclass=capability permissive=0
03-28 20:19:59.511 I/auditd ( 0): type=1400 audit(0.0:494): avc: denied { kill } for comm="swapper/1" capability=5 scontext=u:r:kernel:s0 tcontext=u:r:kernel:s0 tclass=capability permissive=0
03-28 20:20:00.507 I/auditd ( 0): type=1400 audit(0.0:495): avc: denied { kill } for comm="swapper/1" capability=5 scontext=u:r:kernel:s0 tcontext=u:r:kernel:s0 tclass=capability permissive=0
03-28 20:20:01.507 I/auditd ( 0): type=1400 audit(0.0:496): avc: denied { kill } for comm="swapper/1" capability=5 scontext=u:r:kernel:s0 tcontext=u:r:kernel:s0 tclass=capability permissive=0
03-28 20:20:02.180 I/ntp_failure( 1526): [time.android.com/216.239.35.0,java.net.SocketTimeoutException: Poll timed out]
03-28 20:20:02.507 I/auditd ( 0): type=1400 audit(0.0:497): avc: denied { kill } for comm="swapper/1" capability=5 scontext=u:r:kernel:s0 tcontext=u:r:kernel:s0 tclass=capability permissive=0
03-28 20:20:03.507 I/auditd ( 0): type=1400 audit(0.0:498): avc: denied { kill } for comm="swapper/1" capability=5 scontext=u:r:kernel:s0 tcontext=u:r:kernel:s0 tclass=capability permissive=0
03-28 20:20:04.507 I/auditd ( 0): type=1400 audit(0.0:499): avc: denied { kill } for comm="swapper/1" capability=5 scontext=u:r:kernel:s0 tcontext=u:r:kernel:s0 tclass=capability permissive=0
03-28 20:20:05.511 I/auditd ( 0): type=1400 audit(0.0:500): avc: denied { kill } for comm="swapper/1" capability=5 scontext=u:r:kernel:s0 tcontext=u:r:kernel:s0 tclass=capability permissive=0
03-28 20:20:06.507 I/auditd ( 0): type=1400 audit(0.0:501): avc: denied { kill } for comm="swapper/1" capability=5 scontext=u:r:kernel:s0 tcontext=u:r:kernel:s0 tclass=capability permissive=0
03-28 20:20:07.189 I/ntp_failure( 1526): [time.android.com/216.239.35.8,java.net.SocketTimeoutException: Poll timed out]
03-28 20:20:07.507 I/auditd ( 0): type=1400 audit(0.0:502): avc: denied { kill } for comm="swapper/1" capability=5 scontext=u:r:kernel:s0 tcontext=u:r:kernel:s0 tclass=capability permissive=0
03-28 20:20:08.507 I/auditd ( 0): type=1400 audit(0.0:503): avc: denied { kill } for comm="swapper/1" capability=5 scontext=u:r:kernel:s0 tcontext=u:r:kernel:s0 tclass=capability permissive=0
03-28 20:20:09.507 I/auditd ( 0): type=1400 audit(0.0:504): avc: denied { kill } for comm="swapper/1" capability=5 scontext=u:r:kernel:s0 tcontext=u:r:kernel:s0 tclass=capability permissive=0
03-28 20:20:10.507 I/auditd ( 0): type=1400 audit(0.0:505): avc: denied { kill } for comm="swapper/1" capability=5 scontext=u:r:kernel:s0 tcontext=u:r:kernel:s0 tclass=capability permissive=0
03-28 20:20:11.507 I/auditd ( 0): type=1400 audit(0.0:506): avc: denied { kill } for comm="swapper/1" capability=5 scontext=u:r:kernel:s0 tcontext=u:r:kernel:s0 tclass=capability permissive=0
03-28 20:20:12.194 I/ntp_failure( 1526): [time.android.com/216.239.35.12,java.net.SocketTimeoutException: Poll timed out]
03-28 20:20:12.511 I/auditd ( 0): type=1400 audit(0.0:507): avc: denied { kill } for comm="swapper/1" capability=5 scontext=u:r:kernel:s0 tcontext=u:r:kernel:s0 tclass=capability permissive=0
03-28 20:20:13.507 I/auditd ( 0): type=1400 audit(0.0:508): avc: denied { kill } for comm="swapper/1" capability=5 scontext=u:r:kernel:s0 tcontext=u:r:kernel:s0 tclass=capability permissive=0
03-28 20:20:14.511 I/auditd ( 0): type=1400 audit(0.0:509): avc: denied { kill } for comm="swapper/1" capability=5 scontext=u:r:kernel:s0 tcontext=u:r:kernel:s0 tclass=capability permissive=0
03-28 20:20:15.511 I/auditd ( 0): type=1400 audit(0.0:510): avc: denied { kill } for comm="swapper/1" capability=5 scontext=u:r:kernel:s0 tcontext=u:r:kernel:s0 tclass=capability permissive=0
03-28 20:20:16.507 I/auditd ( 0): type=1400 audit(0.0:511): avc: denied { kill } for comm="swapper/1" capability=5 scontext=u:r:kernel:s0 tcontext=u:r:kernel:s0 tclass=capability permissive=0
03-28 20:20:17.201 I/ntp_failure( 1526): [time.android.com/216.239.35.4,java.net.SocketTimeoutException: Poll timed out]
03-28 20:20:17.507 I/auditd ( 0): type=1400 audit(0.0:512): avc: denied { kill } for comm="swapper/1" capability=5 scontext=u:r:kernel:s0 tcontext=u:r:kernel:s0 tclass=capability permissive=0
03-28 20:20:18.511 I/auditd ( 0): type=1400 audit(0.0:513): avc: denied { kill } for comm="swapper/1" capability=5 scontext=u:r:kernel:s0 tcontext=u:r:kernel:s0 tclass=capability permissive=0
03-28 20:20:19.511 I/auditd ( 0): type=1400 audit(0.0:514): avc: denied { kill } for comm="swapper/1" capability=5 scontext=u:r:kernel:s0 tcontext=u:r:kernel:s0 tclass=capability permissive=0
03-28 20:20:20.507 I/auditd ( 0): type=1400 audit(0.0:515): avc: denied { kill } for comm="swapper/1" capability=5 scontext=u:r:kernel:s0 tcontext=u:r:kernel:s0 tclass=capability permissive=0
03-28 20:20:21.507 I/auditd ( 0): type=1400 audit(0.0:516): avc: denied { kill } for comm="swapper/1" capability=5 scontext=u:r:kernel:s0 tcontext=u:r:kernel:s0 tclass=capability permissive=0
03-28 20:20:22.507 I/auditd ( 0): type=1400 audit(0.0:517): avc: denied { kill } for comm="swapper/1" capability=5 scontext=u:r:kernel:s0 tcontext=u:r:kernel:s0 tclass=capability permissive=0
03-28 20:20:23.511 I/auditd ( 0): type=1400 audit(0.0:518): avc: denied { kill } for comm="swapper/1" capability=5 scontext=u:r:kernel:s0 tcontext=u:r:kernel:s0 tclass=capability permissive=0
03-28 20:20:24.507 I/auditd ( 0): type=1400 audit(0.0:519): avc: denied { kill } for comm="swapper/1" capability=5 scontext=u:r:kernel:s0 tcontext=u:r:kernel:s0 tclass=capability permissive=0
03-28 20:20:25.511 I/auditd ( 0): type=1400 audit(0.0:520): avc: denied { kill } for comm="swapper/1" capability=5 scontext=u:r:kernel:s0 tcontext=u:r:kernel:s0 tclass=capability permissive=0
03-28 20:20:26.507 I/auditd ( 0): type=1400 audit(0.0:521): avc: denied { kill } for comm="swapper/1" capability=5 scontext=u:r:kernel:s0 tcontext=u:r:kernel:s0 tclass=capability permissive=0
03-28 20:20:27.511 I/auditd ( 0): type=1400 audit(0.0:522): avc: denied { kill } for comm="swapper/1" capability=5 scontext=u:r:kernel:s0 tcontext=u:r:kernel:s0 tclass=capability permissive=0
03-28 20:20:28.507 I/auditd ( 0): type=1400 audit(0.0:523): avc: denied { kill } for comm="swapper/1" capability=5 scontext=u:r:kernel:s0 tcontext=u:r:kernel:s0 tclass=capability permissive=0
03-28 20:20:29.511 I/auditd ( 0): type=1400 audit(0.0:524): avc: denied { kill } for comm="swapper/1" capability=5 scontext=u:r:kernel:s0 tcontext=u:r:kernel:s0 tclass=capability permissive=0
03-28 20:20:30.507 I/auditd ( 0): type=1400 audit(0.0:525): avc: denied { kill } for comm="swapper/1" capability=5 scontext=u:r:kernel:s0 tcontext=u:r:kernel:s0 tclass=capability permissive=0
03-28 20:20:31.507 I/auditd ( 0): type=1400 audit(0.0:526): avc: denied { kill } for comm="swapper/1" capability=5 scontext=u:r:kernel:s0 tcontext=u:r:kernel:s0 tclass=capability permissive=0
03-28 20:20:31.803 I/input_interaction( 1526): Interaction with: b7c6752 com.thundercomm.screensaver/android.service.dreams.DreamActivity (server), edge-swipe (server), swipe-up (server), PointerEventDispatcher0 (server),
03-28 20:20:31.808 I/wm_finish_activity( 1526): [0,252215589,17,com.thundercomm.screensaver/android.service.dreams.DreamActivity,finish-activity]
03-28 20:20:31.809 I/wm_task_moved( 1526): [1,1,5]
03-28 20:20:31.809 I/wm_task_moved( 1526): [16,1,2147483647]
03-28 20:20:31.810 I/wm_task_to_front( 1526): [0,16]
03-28 20:20:31.810 I/wm_focused_root_task( 1526): [0,0,1,17,finish-top adjustFocusToNextFocusableTask]
03-28 20:20:31.810 I/wm_set_resumed_activity( 1526): [0,com.android.launcher3/.uioverrides.QuickstepLauncher,finish-top adjustFocusToNextFocusableTask]
03-28 20:20:31.811 I/wm_pause_activity( 1526): [0,252215589,com.thundercomm.screensaver/android.service.dreams.DreamActivity,userLeaving=false,finish]
03-28 20:20:31.820 I/sysui_multi_action( 1526): [757,803,799,window_time_0,802,186]
03-28 20:20:31.821 I/wm_on_top_resumed_lost_called( 4333): [252215589,android.service.dreams.DreamActivity,topStateChangedWhenResumed]
03-28 20:20:31.822 I/wm_on_paused_called( 4333): [252215589,android.service.dreams.DreamActivity,performPause]
03-28 20:20:31.822 I/wm_add_to_stopping( 1526): [0,252215589,com.thundercomm.screensaver/android.service.dreams.DreamActivity,completeFinishing]
03-28 20:20:31.825 I/wm_set_resumed_activity( 1526): [0,com.android.launcher3/.uioverrides.QuickstepLauncher,resumeTopActivityInnerLocked]
03-28 20:20:31.827 I/wm_resume_activity( 1526): [0,178627036,16,com.android.launcher3/.uioverrides.QuickstepLauncher]
03-28 20:20:31.839 I/view_enqueue_input_event( 4333): [Motion - Cancel,com.thundercomm.screensaver/android.service.dreams.DreamActivity]
03-28 20:20:31.839 I/input_focus( 1526): [Focus leaving b7c6752 com.thundercomm.screensaver/android.service.dreams.DreamActivity (server),reason=NO_WINDOW]
03-28 20:20:31.839 I/sysui_multi_action( 1526): [757,803,799,window_time_0,802,0]
03-28 20:20:31.840 I/wm_on_restart_called( 2527): [178627036,com.android.launcher3.uioverrides.QuickstepLauncher,performRestartActivity]
03-28 20:20:31.840 I/wm_on_start_called( 2527): [178627036,com.android.launcher3.uioverrides.QuickstepLauncher,handleStartActivity]
03-28 20:20:31.840 I/wm_on_resume_called( 2527): [178627036,com.android.launcher3.uioverrides.QuickstepLauncher,RESUME_ACTIVITY]
03-28 20:20:31.840 I/wm_on_top_resumed_gained_called( 2527): [178627036,com.android.launcher3.uioverrides.QuickstepLauncher,topWhenResuming]
03-28 20:20:31.841 I/input_interaction( 1526): Interaction with: edge-swipe (server), swipe-up (server), PointerEventDispatcher0 (server),
03-28 20:20:31.847 I/input_focus( 1526): [Focus request 576f893 com.android.launcher3/com.android.launcher3.uioverrides.QuickstepLauncher,reason=UpdateInputWindows]
03-28 20:20:31.850 I/am_pss ( 1526): [3879,10055,com.qualcomm.qti.qms.service.trustzoneaccess,5616640,3862528,0,91508736,0,19,6]
03-28 20:20:31.854 I/am_uid_active( 1526): 10062
03-28 20:20:31.858 I/am_pss ( 1526): [3576,10027,com.android.providers.calendar,7318528,5267456,0,98340864,0,19,6]
03-28 20:20:31.864 I/am_pss ( 1526): [3070,10018,android.process.media,11250688,9228288,0,101941248,0,19,5]
03-28 20:20:31.872 I/am_pss ( 1526): [3686,10023,com.android.externalstorage,5560320,3878912,0,91979776,0,19,5]
03-28 20:20:31.872 I/input_focus( 1526): [Focus entering 576f893 com.android.launcher3/com.android.launcher3.uioverrides.QuickstepLauncher (server),reason=Window became focusable. Previous reason: NOT_VISIBLE]
03-28 20:20:31.878 I/am_pss ( 1526): [2555,10080,com.qualcomm.qti.qccauthmgr,6278144,4370432,0,95346688,0,19,5]
03-28 20:20:31.884 I/am_pss ( 1526): [3432,10019,android.process.acore,13086720,9244672,0,116580352,0,19,5]
03-28 20:20:31.890 I/am_pss ( 1526): [2827,10085,com.qualcomm.qti.workloadclassifier,8438784,6799360,0,93753344,0,0,4]
03-28 20:20:31.895 I/am_pss ( 1526): [2803,10081,com.qualcomm.qti.qccnetstat,5935104,4276224,0,91521024,0,0,5]
03-28 20:20:31.900 I/am_pss ( 1526): [2780,10053,.pasr,5246976,3653632,0,89579520,0,0,5]
03-28 20:20:31.905 I/am_pss ( 1526): [2788,10072,com.qualcomm.qti.services.systemhelper:systemhelper_service,6251520,4497408,0,93970432,0,0,4]
03-28 20:20:31.911 I/am_pss ( 1526): [2751,1000,com.hryt.hiphishowfsecontrol,14013440,11935744,0,105377792,0,0,6]
03-28 20:20:31.916 I/am_pss ( 1526): [2717,10057,ts.car.uart,6047744,4456448,0,90599424,0,0,4]
03-28 20:20:31.923 I/am_pss ( 1526): [2696,10086,com.hht.lebocast,37483520,20193280,0,106184704,0,0,6]
03-28 20:20:31.929 I/am_pss ( 1526): [3069,10063,com.qualcomm.qti.devicestatisticsservice,5158912,3571712,0,89186304,0,0,6]
03-28 20:20:32.115 I/wm_destroy_activity( 1526): [0,252215589,17,com.thundercomm.screensaver/android.service.dreams.DreamActivity,finish-imm:idle]
03-28 20:20:32.130 I/wm_on_stop_called( 4333): [252215589,android.service.dreams.DreamActivity,LIFECYCLER_STOP_ACTIVITY]
03-28 20:20:32.132 I/wm_on_destroy_called( 4333): [252215589,android.service.dreams.DreamActivity,performDestroy]
03-28 20:20:32.134 I/sysui_multi_action( 1526): [757,222,758,2]
03-28 20:20:32.134 I/sysui_multi_action( 1526): [757,804,799,dreaming_minutes,801,3,802,1]
03-28 20:20:32.146 I/wm_task_removed( 1526): [17,removeChild:removeChild last r=ActivityRecord{f088125 u0 com.thundercomm.screensaver/android.service.dreams.DreamActivity t-1 f}} in t=Task{f436577 #17 type=dream A=10051:android:com.thundercomm.screensaver/dream U=0 visible=false mode=fullscreen translucent=true sz=0}]
03-28 20:20:32.146 I/wm_task_removed( 1526): [17,removeChild]
03-28 20:20:32.511 I/auditd ( 0): type=1400 audit(0.0:527): avc: denied { kill } for comm="swapper/1" capability=5 scontext=u:r:kernel:s0 tcontext=u:r:kernel:s0 tclass=capability permissive=0
03-28 20:20:33.287 I/input_interaction( 1526): Interaction with: 576f893 com.android.launcher3/com.android.launcher3.uioverrides.QuickstepLauncher (server), c6374c2 com.android.systemui.ImageWallpaper (server), edge-swipe (server), swipe-up (server), PointerEventDispatcher0 (server),
03-28 20:20:33.416 I/wm_task_created( 1526): [18,-1]
03-28 20:20:33.419 I/wm_task_moved( 1526): [18,1,6]
03-28 20:20:33.419 I/wm_task_to_front( 1526): [0,18]
03-28 20:20:33.419 I/wm_create_task( 1526): [0,18]
03-28 20:20:33.419 I/wm_create_activity( 1526): [0,199348570,18,com.android.music/.MusicBrowserActivity,android.intent.action.MAIN,NULL,NULL,270532608]
03-28 20:20:33.419 I/wm_task_moved( 1526): [18,1,6]
03-28 20:20:33.420 I/wm_pause_activity( 1526): [0,178627036,com.android.launcher3/.uioverrides.QuickstepLauncher,userLeaving=true,pauseBackTasks]
03-28 20:20:33.423 I/wm_on_top_resumed_lost_called( 2527): [178627036,com.android.launcher3.uioverrides.QuickstepLauncher,topStateChangedWhenResumed]
03-28 20:20:33.423 I/wm_on_paused_called( 2527): [178627036,com.android.launcher3.uioverrides.QuickstepLauncher,performPause]
03-28 20:20:33.424 I/wm_add_to_stopping( 1526): [0,178627036,com.android.launcher3/.uioverrides.QuickstepLauncher,makeInvisible]
03-28 20:20:33.424 I/wm_restart_activity( 1526): [0,199348570,18,com.android.music/.MusicBrowserActivity]
03-28 20:20:33.425 I/wm_set_resumed_activity( 1526): [0,com.android.music/.MusicBrowserActivity,minimalResumeActivityLocked]
03-28 20:20:33.426 I/am_uid_active( 1526): 10082
03-28 20:20:33.427 I/sysui_multi_action( 1526): [757,803,799,window_time_0,802,2]
03-28 20:20:33.443 I/input_focus( 1526): [Focus leaving 576f893 com.android.launcher3/com.android.launcher3.uioverrides.QuickstepLauncher (server),reason=NO_WINDOW]
03-28 20:20:33.450 I/wm_on_create_called( 3511): [199348570,com.android.music.MusicBrowserActivity,performCreate]
03-28 20:20:33.459 I/wm_on_start_called( 3511): [199348570,com.android.music.MusicBrowserActivity,handleStartActivity]
03-28 20:20:33.459 I/wm_on_resume_called( 3511): [199348570,com.android.music.MusicBrowserActivity,RESUME_ACTIVITY]
03-28 20:20:33.465 I/wm_on_top_resumed_gained_called( 3511): [199348570,com.android.music.MusicBrowserActivity,topStateChangedWhenResumed]
03-28 20:20:33.499 I/am_uid_running( 1526): 10031
03-28 20:20:33.505 I/am_proc_start( 1526): [0,5133,10031,com.android.musicfx,broadcast,{com.android.musicfx/com.android.musicfx.ControlPanelReceiver}]
03-28 20:20:33.507 I/auditd ( 0): type=1400 audit(0.0:528): avc: denied { kill } for comm="swapper/1" capability=5 scontext=u:r:kernel:s0 tcontext=u:r:kernel:s0 tclass=capability permissive=0
03-28 20:20:33.515 I/am_proc_bound( 1526): [0,5133,com.android.musicfx]
03-28 20:20:33.518 I/notification_enqueue( 1526): [10082,3511,com.android.music,1,NULL,0,Notification(channel=Channel-music shortcut=null contentView=null vibrate=null sound=null defaults=0x0 flags=0x0 color=0x00000000 category=transport actions=5 vis=PRIVATE),0]
03-28 20:20:33.519 I/notification_enqueue( 1526): [10082,3511,com.android.music,1,NULL,0,Notification(channel=Channel-music shortcut=null contentView=null vibrate=null sound=null defaults=0x0 flags=0x40 color=0x00000000 category=transport actions=5 vis=PRIVATE),0]
03-28 20:20:33.523 I/notification_enqueue( 1526): [10082,3511,com.android.music,1,NULL,0,Notification(channel=Channel-music shortcut=null contentView=null vibrate=null sound=null defaults=0x0 flags=0x40 color=0x00000000 category=transport actions=5 vis=PRIVATE),0]
03-28 20:20:33.523 I/notification_enqueue( 1526): [10082,3511,com.android.music,1,NULL,0,Notification(channel=Channel-music shortcut=null contentView=null vibrate=null sound=null defaults=0x0 flags=0x40 color=0x00000000 category=transport actions=5 vis=PRIVATE),0]
03-28 20:20:33.529 I/notification_enqueue( 1526): [10082,3511,com.android.music,1,NULL,0,Notification(channel=Channel-music shortcut=null contentView=null vibrate=null sound=null defaults=0x0 flags=0x40 color=0x00000000 category=transport actions=5 vis=PRIVATE),0]
03-28 20:20:33.530 I/notification_enqueue( 1526): [10082,3511,com.android.music,1,NULL,0,Notification(channel=Channel-music shortcut=null contentView=null vibrate=null sound=null defaults=0x0 flags=0x40 color=0x00000000 category=transport actions=5 vis=PRIVATE),0]
03-28 20:20:33.533 I/input_focus( 1526): [Focus request 9022c10 com.android.music/com.android.music.MusicBrowserActivity,reason=UpdateInputWindows]
03-28 20:20:33.560 I/input_focus( 1526): [Focus entering 9022c10 com.android.music/com.android.music.MusicBrowserActivity (server),reason=setFocusedWindow]
03-28 20:20:33.563 I/sysui_multi_action( 1526): [319,39,321,38,322,146,325,259,757,761,758,8,759,1,806,com.android.music,871,com.android.music.MusicBrowserActivity,904,com.android.launcher3,905,0,1320,21,1321,5]
03-28 20:20:33.563 I/wm_activity_launch_time( 1526): [0,199348570,com.android.music/.MusicBrowserActivity,146]
03-28 20:20:33.718 I/sysui_multi_action( 1526): [757,1501,758,1,793,201,794,0,795,201,796,1,806,com.android.music,857,Channel-music,858,2,947,0,1500,0,1641,transport,1688,1,1745,1043716538]
03-28 20:20:33.718 I/sysui_multi_action( 1526): [757,804,799,note_interruptive,801,0,802,1]
03-28 20:20:33.731 I/sysui_multi_action( 1526): [757,128,758,5,759,8,793,249127,794,0,795,249127,796,1,797,empty_media,806,com.android.systemui,857,empty_media_style_id,858,4,946,empty_media,947,0,1500,249044,1641,transport,1688,1,1745,1043716538]
03-28 20:20:33.731 I/notification_canceled( 1526): [0|com.android.systemui|1|empty_media|10078,8,249127,249127,0,-1,-1,NULL]
03-28 20:20:33.978 I/wm_stop_activity( 1526): [0,178627036,com.android.launcher3/.uioverrides.QuickstepLauncher]
03-28 20:20:33.996 I/wm_on_stop_called( 2527): [178627036,com.android.launcher3.uioverrides.QuickstepLauncher,STOP_ACTIVITY_ITEM]
03-28 20:20:34.507 I/auditd ( 0): type=1400 audit(0.0:529): avc: denied { kill } for comm="swapper/1" capability=5 scontext=u:r:kernel:s0 tcontext=u:r:kernel:s0 tclass=capability permissive=0
03-28 20:20:34.933 I/input_interaction( 1526): Interaction with: 9022c10 com.android.music/com.android.music.MusicBrowserActivity (server), edge-swipe (server), swipe-up (server), PointerEventDispatcher0 (server),
03-28 20:20:35.507 I/auditd ( 0): type=1400 audit(0.0:530): avc: denied { kill } for comm="swapper/1" capability=5 scontext=u:r:kernel:s0 tcontext=u:r:kernel:s0 tclass=capability permissive=0
03-28 20:20:36.518 I/notification_enqueue( 1526): [10082,3511,com.android.music,1,NULL,0,Notification(channel=Channel-music shortcut=null contentView=null vibrate=null sound=null defaults=0x0 flags=0x42 color=0x00000000 category=transport actions=5 vis=PRIVATE),1]
03-28 20:20:37.507 I/auditd ( 0): type=1400 audit(0.0:531): avc: denied { kill } for comm="swapper/1" capability=5 scontext=u:r:kernel:s0 tcontext=u:r:kernel:s0 tclass=capability permissive=0
03-28 20:20:38.507 I/auditd ( 0): type=1400 audit(0.0:532): avc: denied { kill } for comm="swapper/1" capability=5 scontext=u:r:kernel:s0 tcontext=u:r:kernel:s0 tclass=capability permissive=0
03-28 20:20:39.507 I/auditd ( 0): type=1400 audit(0.0:533): avc: denied { kill } for comm="swapper/1" capability=5 scontext=u:r:kernel:s0 tcontext=u:r:kernel:s0 tclass=capability permissive=0
03-28 20:20:40.088 I/netstats_mobile_sample( 1526): [0,0,0,0,0,0,0,0,0,0,0,0,1680006040088]
03-28 20:20:40.088 I/netstats_wifi_sample( 1526): [3623474,9211,1569669,4972,3623474,9211,1569669,4972,4580448,16635,825965,2935,1680006040088]
03-28 20:20:40.511 I/auditd ( 0): type=1400 audit(0.0:534): avc: denied { kill } for comm="swapper/1" capability=5 scontext=u:r:kernel:s0 tcontext=u:r:kernel:s0 tclass=capability permissive=0
03-28 20:20:41.507 I/auditd ( 0): type=1400 audit(0.0:535): avc: denied { kill } for comm="swapper/1" capability=5 scontext=u:r:kernel:s0 tcontext=u:r:kernel:s0 tclass=capability permissive=0
03-28 20:20:42.511 I/auditd ( 0): type=1400 audit(0.0:536): avc: denied { kill } for comm="swapper/1" capability=5 scontext=u:r:kernel:s0 tcontext=u:r:kernel:s0 tclass=capability permissive=0
03-28 20:20:43.113 I/wm_task_moved( 1526): [1,0,0]
03-28 20:20:43.113 I/wm_task_moved( 1526): [1,0,5]
03-28 20:20:43.130 I/view_enqueue_input_event( 3511): [Motion - Cancel,com.android.music/com.android.music.MusicBrowserActivity]
03-28 20:20:43.132 I/input_focus( 1526): [Focus request recents_animation_input_consumer,reason=UpdateInputWindows]
03-28 20:20:43.136 I/wm_on_restart_called( 2527): [178627036,com.android.launcher3.uioverrides.QuickstepLauncher,performRestartActivity]
03-28 20:20:43.142 I/input_interaction( 1526): Interaction with: edge-swipe (server), swipe-up (server), PointerEventDispatcher0 (server),
03-28 20:20:43.150 I/input_focus( 1526): [Focus leaving 9022c10 com.android.music/com.android.music.MusicBrowserActivity (server),reason=NOT_FOCUSABLE]
03-28 20:20:43.150 I/input_focus( 1526): [Focus entering recents_animation_input_consumer (server),reason=setFocusedWindow]
03-28 20:20:43.186 I/wm_on_start_called( 2527): [178627036,com.android.launcher3.uioverrides.QuickstepLauncher,handleStartActivity]
03-28 20:20:43.196 I/sysui_latency( 2527): [1,106]
03-28 20:20:43.213 I/sysui_multi_action( 1526): [319,10,322,90,325,269,757,761,758,9,759,5,806,com.android.launcher3,871,com.android.launcher3.uioverrides.QuickstepLauncher,905,0,1320,8,1321,5]
03-28 20:20:43.389 I/commit_sys_config_file( 1526): [settings-1-0,4]
03-28 20:20:43.505 I/sysui_latency( 1526): [8,108]
03-28 20:20:43.507 I/auditd ( 0): type=1400 audit(0.0:537): avc: denied { kill } for comm="swapper/1" capability=5 scontext=u:r:kernel:s0 tcontext=u:r:kernel:s0 tclass=capability permissive=0
03-28 20:20:43.922 I/wm_task_moved( 1526): [1,1,6]
03-28 20:20:43.923 I/wm_task_moved( 1526): [16,1,2147483647]
03-28 20:20:43.923 I/wm_task_to_front( 1526): [0,16]
03-28 20:20:43.923 I/wm_focused_root_task( 1526): [0,0,1,18,RecentsAnimation.onAnimationFinished()]
03-28 20:20:43.923 I/wm_on_top_resumed_lost_called( 3511): [199348570,com.android.music.MusicBrowserActivity,topStateChangedWhenResumed]
03-28 20:20:43.923 I/wm_set_resumed_activity( 1526): [0,com.android.launcher3/.uioverrides.QuickstepLauncher,RecentsAnimation.onAnimationFinished()]
03-28 20:20:43.925 I/wm_pause_activity( 1526): [0,199348570,com.android.music/.MusicBrowserActivity,userLeaving=true,pauseBackTasks]
03-28 20:20:43.926 I/wm_add_to_stopping( 1526): [0,199348570,com.android.music/.MusicBrowserActivity,makeInvisible]
03-28 20:20:43.926 I/wm_set_resumed_activity( 1526): [0,com.android.launcher3/.uioverrides.QuickstepLauncher,resumeTopActivityInnerLocked]
03-28 20:20:43.930 I/wm_resume_activity( 1526): [0,178627036,16,com.android.launcher3/.uioverrides.QuickstepLauncher]
03-28 20:20:43.931 I/wm_on_resume_called( 2527): [178627036,com.android.launcher3.uioverrides.QuickstepLauncher,RESUME_ACTIVITY]
03-28 20:20:43.936 I/input_focus( 1526): [Focus request 576f893 com.android.launcher3/com.android.launcher3.uioverrides.QuickstepLauncher,reason=UpdateInputWindows]
03-28 20:20:43.937 I/wm_on_top_resumed_gained_called( 2527): [178627036,com.android.launcher3.uioverrides.QuickstepLauncher,topStateChangedWhenResumed]
03-28 20:20:43.938 I/wm_on_paused_called( 3511): [199348570,com.android.music.MusicBrowserActivity,performPause]
03-28 20:20:43.942 I/wm_stop_activity( 1526): [0,199348570,com.android.music/.MusicBrowserActivity]
03-28 20:20:43.947 I/sysui_multi_action( 1526): [757,803,799,window_time_0,802,10]
03-28 20:20:43.949 I/sysui_multi_action( 1526): [757,803,799,window_time_0,802,0]
03-28 20:20:43.959 I/input_focus( 1526): [Focus leaving recents_animation_input_consumer (server),reason=NOT_VISIBLE]
03-28 20:20:43.959 I/input_focus( 1526): [Focus entering 576f893 com.android.launcher3/com.android.launcher3.uioverrides.QuickstepLauncher (server),reason=setFocusedWindow]
03-28 20:20:43.965 I/wm_on_stop_called( 3511): [199348570,com.android.music.MusicBrowserActivity,STOP_ACTIVITY_ITEM]
03-28 20:20:43.980 I/am_pss ( 1526): [3511,10082,com.android.music,60635136,53415936,0,179785728,0,4,8]
03-28 20:20:44.507 I/auditd ( 0): type=1400 audit(0.0:538): avc: denied { kill } for comm="swapper/1" capability=5 scontext=u:r:kernel:s0 tcontext=u:r:kernel:s0 tclass=capability permissive=0
03-28 20:20:45.507 I/auditd ( 0): type=1400 audit(0.0:539): avc: denied { kill } for comm="swapper/1" capability=5 scontext=u:r:kernel:s0 tcontext=u:r:kernel:s0 tclass=capability permissive=0
03-28 20:20:46.507 I/auditd ( 0): type=1400 audit(0.0:540): avc: denied { kill } for comm="swapper/1" capability=5 scontext=u:r:kernel:s0 tcontext=u:r:kernel:s0 tclass=capability permissive=0
03-28 20:20:47.511 I/auditd ( 0): type=1400 audit(0.0:541): avc: denied { kill } for comm="swapper/1" capability=5 scontext=u:r:kernel:s0 tcontext=u:r:kernel:s0 tclass=capability permissive=0
03-28 20:20:48.507 I/auditd ( 0): type=1400 audit(0.0:542): avc: denied { kill } for comm="swapper/1" capability=5 scontext=u:r:kernel:s0 tcontext=u:r:kernel:s0 tclass=capability permissive=0
03-28 20:20:49.511 I/auditd ( 0): type=1400 audit(0.0:543): avc: denied { kill } for comm="swapper/1" capability=5 scontext=u:r:kernel:s0 tcontext=u:r:kernel:s0 tclass=capability permissive=0
03-28 20:20:50.507 I/auditd ( 0): type=1400 audit(0.0:544): avc: denied { kill } for comm="swapper/1" capability=5 scontext=u:r:kernel:s0 tcontext=u:r:kernel:s0 tclass=capability permissive=0
03-28 20:20:51.507 I/auditd ( 0): type=1400 audit(0.0:545): avc: denied { kill } for comm="swapper/1" capability=5 scontext=u:r:kernel:s0 tcontext=u:r:kernel:s0 tclass=capability permissive=0
03-28 20:20:52.507 I/auditd ( 0): type=1400 audit(0.0:546): avc: denied { kill } for comm="swapper/1" capability=5 scontext=u:r:kernel:s0 tcontext=u:r:kernel:s0 tclass=capability permissive=0
03-28 20:20:53.511 I/auditd ( 0): type=1400 audit(0.0:547): avc: denied { kill } for comm="swapper/1" capability=5 scontext=u:r:kernel:s0 tcontext=u:r:kernel:s0 tclass=capability permissive=0
03-28 20:20:54.511 I/auditd ( 0): type=1400 audit(0.0:548): avc: denied { kill } for comm="swapper/1" capability=5 scontext=u:r:kernel:s0 tcontext=u:r:kernel:s0 tclass=capability permissive=0
03-28 20:20:55.507 I/auditd ( 0): type=1400 audit(0.0:549): avc: denied { kill } for comm="swapper/1" capability=5 scontext=u:r:kernel:s0 tcontext=u:r:kernel:s0 tclass=capability permissive=0
03-28 20:20:56.507 I/auditd ( 0): type=1400 audit(0.0:550): avc: denied { kill } for comm="swapper/1" capability=5 scontext=u:r:kernel:s0 tcontext=u:r:kernel:s0 tclass=capability permissive=0
03-28 20:20:57.507 I/auditd ( 0): type=1400 audit(0.0:551): avc: denied { kill } for comm="swapper/1" capability=5 scontext=u:r:kernel:s0 tcontext=u:r:kernel:s0 tclass=capability permissive=0
03-28 20:20:58.507 I/auditd ( 0): type=1400 audit(0.0:552): avc: denied { kill } for comm="swapper/1" capability=5 scontext=u:r:kernel:s0 tcontext=u:r:kernel:s0 tclass=capability permissive=0
03-28 20:20:59.511 I/auditd ( 0): type=1400 audit(0.0:553): avc: denied { kill } for comm="swapper/1" capability=5 scontext=u:r:kernel:s0 tcontext=u:r:kernel:s0 tclass=capability permissive=0
03-28 20:21:00.507 I/auditd ( 0): type=1400 audit(0.0:554): avc: denied { kill } for comm="swapper/1" capability=5 scontext=u:r:kernel:s0 tcontext=u:r:kernel:s0 tclass=capability permissive=0
03-28 20:21:01.511 I/auditd ( 0): type=1400 audit(0.0:555): avc: denied { kill } for comm="swapper/1" capability=5 scontext=u:r:kernel:s0 tcontext=u:r:kernel:s0 tclass=capability permissive=0
03-28 20:21:02.511 I/auditd ( 0): type=1400 audit(0.0:556): avc: denied { kill } for comm="swapper/1" capability=5 scontext=u:r:kernel:s0 tcontext=u:r:kernel:s0 tclass=capability permissive=0
03-28 20:21:03.511 I/auditd ( 0): type=1400 audit(0.0:557): avc: denied { kill } for comm="swapper/1" capability=5 scontext=u:r:kernel:s0 tcontext=u:r:kernel:s0 tclass=capability permissive=0
03-28 20:21:04.507 I/auditd ( 0): type=1400 audit(0.0:558): avc: denied { kill } for comm="swapper/1" capability=5 scontext=u:r:kernel:s0 tcontext=u:r:kernel:s0 tclass=capability permissive=0
03-28 20:21:05.507 I/auditd ( 0): type=1400 audit(0.0:559): avc: denied { kill } for comm="swapper/1" capability=5 scontext=u:r:kernel:s0 tcontext=u:r:kernel:s0 tclass=capability permissive=0
03-28 20:21:06.507 I/auditd ( 0): type=1400 audit(0.0:560): avc: denied { kill } for comm="swapper/1" capability=5 scontext=u:r:kernel:s0 tcontext=u:r:kernel:s0 tclass=capability permissive=0
03-28 20:21:07.507 I/auditd ( 0): type=1400 audit(0.0:561): avc: denied { kill } for comm="swapper/1" capability=5 scontext=u:r:kernel:s0 tcontext=u:r:kernel:s0 tclass=capability permissive=0
03-28 20:21:08.507 I/auditd ( 0): type=1400 audit(0.0:562): avc: denied { kill } for comm="swapper/1" capability=5 scontext=u:r:kernel:s0 tcontext=u:r:kernel:s0 tclass=capability permissive=0
