11-11 00:00:41.107 D/BaseModelUpdateTask( 2527): at com.android.launcher3.LauncherModel.onPackageChanged(LauncherModel.java:156)
11-11 00:00:41.107 D/BaseModelUpdateTask( 2527): at com.android.launcher3.LauncherModel.onAppIconChanged(LauncherModel.java:226)
11-11 00:00:41.107 D/BaseModelUpdateTask( 2527): at com.android.launcher3.LauncherAppState$IconObserver.onAppIconChanged(LauncherAppState.java:206)
11-11 00:00:41.107 D/BaseModelUpdateTask( 2527): at com.android.launcher3.icons.IconProvider$IconChangeReceiver.onReceive(IconProvider.java:371)
11-11 00:00:41.107 D/BaseModelUpdateTask( 2527): at android.app.LoadedApk$ReceiverDispatcher$Args.lambda$getRunnable$0$LoadedApk$ReceiverDispatcher$Args(LoadedApk.java:1679)
11-11 00:00:41.107 D/BaseModelUpdateTask( 2527): at android.app.LoadedApk$ReceiverDispatcher$Args$$ExternalSyntheticLambda0.run(Unknown Source:2)
11-11 00:00:41.107 D/BaseModelUpdateTask( 2527): at android.os.Handler.handleCallback(Handler.java:938)
11-11 00:00:41.107 D/BaseModelUpdateTask( 2527): at android.os.Handler.dispatchMessage(Handler.java:99)
11-11 00:00:41.107 D/BaseModelUpdateTask( 2527): at android.os.Looper.loopOnce(Looper.java:201)
11-11 00:00:41.107 D/BaseModelUpdateTask( 2527): at android.os.Looper.loop(Looper.java:288)
11-11 00:00:41.107 D/BaseModelUpdateTask( 2527): at android.os.HandlerThread.run(HandlerThread.java:67)
11-11 00:00:41.107 D/OsAgent ( 2639): [time_change_update][3164] [HC] =>> [HS]
11-11 00:00:41.108 D/ConditionProviders.SCP( 1526): Scheduling evaluate for Fri Nov 11 07:00:00 GMT+08:00 2022 (1668121200000), in +6h59m18s894ms, now=Fri Nov 11 00:00:41 GMT+08:00 2022 (1668096041106)
11-11 00:00:41.108 D/IconProvider( 2527): onReceive: android.intent.action.TIME_SET
11-11 00:00:41.108 D/PackageUpdatedTask( 2527): PackageUpdatedTask constructor: op=2,user=UserHandle{0},packages=[com.android.calendar]
11-11 00:00:41.108 D/PackageUpdatedTask( 2527): java.lang.Exception
11-11 00:00:41.108 D/PackageUpdatedTask( 2527): at com.android.launcher3.model.PackageUpdatedTask.(PackageUpdatedTask.java:93)
11-11 00:00:41.108 D/PackageUpdatedTask( 2527): at com.android.launcher3.LauncherModel.onPackageChanged(LauncherModel.java:156)
11-11 00:00:41.108 D/PackageUpdatedTask( 2527): at com.android.launcher3.LauncherModel.onAppIconChanged(LauncherModel.java:226)
11-11 00:00:41.108 D/PackageUpdatedTask( 2527): at com.android.launcher3.LauncherAppState$IconObserver.onAppIconChanged(LauncherAppState.java:206)
11-11 00:00:41.108 D/PackageUpdatedTask( 2527): at com.android.launcher3.icons.IconProvider$IconChangeReceiver.onReceive(IconProvider.java:371)
11-11 00:00:41.108 D/PackageUpdatedTask( 2527): at android.app.LoadedApk$ReceiverDispatcher$Args.lambda$getRunnable$0$LoadedApk$ReceiverDispatcher$Args(LoadedApk.java:1679)
11-11 00:00:41.108 D/PackageUpdatedTask( 2527): at android.app.LoadedApk$ReceiverDispatcher$Args$$ExternalSyntheticLambda0.run(Unknown Source:2)
11-11 00:00:41.108 D/PackageUpdatedTask( 2527): at android.os.Handler.handleCallback(Handler.java:938)
11-11 00:00:41.108 D/PackageUpdatedTask( 2527): at android.os.Handler.dispatchMessage(Handler.java:99)
11-11 00:00:41.108 D/PackageUpdatedTask( 2527): at android.os.Looper.loopOnce(Looper.java:201)
11-11 00:00:41.108 D/PackageUpdatedTask( 2527): at android.os.Looper.loop(Looper.java:288)
11-11 00:00:41.108 D/PackageUpdatedTask( 2527): at android.os.HandlerThread.run(HandlerThread.java:67)
11-11 00:00:41.108 V/LocSvc_HIDL_IzatSubscription( 809): [timeChangeUpdate][645] [HS] <<<<= [HC]
11-11 00:00:41.110 D/Launcher.IconCache( 2527): Package not found
11-11 00:00:41.110 D/Launcher.IconCache( 2527): android.content.pm.PackageManager$NameNotFoundException: com.android.calendar
11-11 00:00:41.110 D/Launcher.IconCache( 2527): at android.app.ApplicationPackageManager.getPackageInfoAsUser(ApplicationPackageManager.java:241)
11-11 00:00:41.110 D/Launcher.IconCache( 2527): at android.app.ApplicationPackageManager.getPackageInfo(ApplicationPackageManager.java:213)
11-11 00:00:41.110 D/Launcher.IconCache( 2527): at com.android.launcher3.icons.IconCache.updateIconsForPkg(IconCache.java:122)
11-11 00:00:41.110 D/Launcher.IconCache( 2527): at com.android.launcher3.model.PackageUpdatedTask.execute(PackageUpdatedTask.java:130)
11-11 00:00:41.110 D/Launcher.IconCache( 2527): at com.android.launcher3.model.BaseModelUpdateTask.run(BaseModelUpdateTask.java:80)
11-11 00:00:41.110 D/Launcher.IconCache( 2527): at com.android.launcher3.util.LooperExecutor.execute(LooperExecutor.java:45)
11-11 00:00:41.110 D/Launcher.IconCache( 2527): at com.android.launcher3.LauncherModel.enqueueModelUpdateTask(LauncherModel.java:555)
11-11 00:00:41.110 D/Launcher.IconCache( 2527): at com.android.launcher3.LauncherModel.onPackageChanged(LauncherModel.java:156)
11-11 00:00:41.110 D/Launcher.IconCache( 2527): at com.android.launcher3.LauncherModel.onAppIconChanged(LauncherModel.java:226)
11-11 00:00:41.110 D/Launcher.IconCache( 2527): at com.android.launcher3.LauncherAppState$IconObserver.onAppIconChanged(LauncherAppState.java:206)
11-11 00:00:41.110 D/Launcher.IconCache( 2527): at com.android.launcher3.icons.IconProvider$IconChangeReceiver.onReceive(IconProvider.java:371)
11-11 00:00:41.110 D/Launcher.IconCache( 2527): at android.app.LoadedApk$ReceiverDispatcher$Args.lambda$getRunnable$0$LoadedApk$ReceiverDispatcher$Args(LoadedApk.java:1679)
11-11 00:00:41.110 D/Launcher.IconCache( 2527): at android.app.LoadedApk$ReceiverDispatcher$Args$$ExternalSyntheticLambda0.run(Unknown Source:2)
11-11 00:00:41.110 D/Launcher.IconCache( 2527): at android.os.Handler.handleCallback(Handler.java:938)
11-11 00:00:41.110 D/Launcher.IconCache( 2527): at android.os.Handler.dispatchMessage(Handler.java:99)
11-11 00:00:41.110 D/Launcher.IconCache( 2527): at android.os.Looper.loopOnce(Looper.java:201)
11-11 00:00:41.110 D/Launcher.IconCache( 2527): at android.os.Looper.loop(Looper.java:288)
11-11 00:00:41.110 D/Launcher.IconCache( 2527): at android.os.HandlerThread.run(HandlerThread.java:67)
11-11 00:00:41.111 D/BaseModelUpdateTask( 2527): BaseModelUpdateTask constructor
11-11 00:00:41.111 D/BaseModelUpdateTask( 2527): java.lang.Exception
11-11 00:00:41.111 D/BaseModelUpdateTask( 2527): at com.android.launcher3.model.BaseModelUpdateTask.(BaseModelUpdateTask.java:57)
11-11 00:00:41.111 D/BaseModelUpdateTask( 2527): at com.android.launcher3.LauncherModel$6.(LauncherModel.java:605)
11-11 00:00:41.111 D/BaseModelUpdateTask( 2527): at com.android.launcher3.LauncherModel.refreshAndBindWidgetsAndShortcuts(LauncherModel.java:605)
11-11 00:00:41.111 D/BaseModelUpdateTask( 2527): at com.android.launcher3.Launcher.refreshAndBindWidgetsForPackageUser(Launcher.java:2878)
11-11 00:00:41.111 D/BaseModelUpdateTask( 2527): at com.android.launcher3.model.PackageUpdatedTask.execute(PackageUpdatedTask.java:139)
11-11 00:00:41.111 D/BaseModelUpdateTask( 2527): at com.android.launcher3.model.BaseModelUpdateTask.run(BaseModelUpdateTask.java:80)
11-11 00:00:41.111 D/BaseModelUpdateTask( 2527): at com.android.launcher3.util.LooperExecutor.execute(LooperExecutor.java:45)
11-11 00:00:41.111 D/BaseModelUpdateTask( 2527): at com.android.launcher3.LauncherModel.enqueueModelUpdateTask(LauncherModel.java:555)
11-11 00:00:41.111 D/BaseModelUpdateTask( 2527): at com.android.launcher3.LauncherModel.onPackageChanged(LauncherModel.java:156)
11-11 00:00:41.111 D/BaseModelUpdateTask( 2527): at com.android.launcher3.LauncherModel.onAppIconChanged(LauncherModel.java:226)
11-11 00:00:41.111 D/BaseModelUpdateTask( 2527): at com.android.launcher3.LauncherAppState$IconObserver.onAppIconChanged(LauncherAppState.java:206)
11-11 00:00:41.111 D/BaseModelUpdateTask( 2527): at com.android.launcher3.icons.IconProvider$IconChangeReceiver.onReceive(IconProvider.java:371)
11-11 00:00:41.111 D/BaseModelUpdateTask( 2527): at android.app.LoadedApk$ReceiverDispatcher$Args.lambda$getRunnable$0$LoadedApk$ReceiverDispatcher$Args(LoadedApk.java:1679)
11-11 00:00:41.111 D/BaseModelUpdateTask( 2527): at android.app.LoadedApk$ReceiverDispatcher$Args$$ExternalSyntheticLambda0.run(Unknown Source:2)
11-11 00:00:41.111 D/BaseModelUpdateTask( 2527): at android.os.Handler.handleCallback(Handler.java:938)
11-11 00:00:41.111 D/BaseModelUpdateTask( 2527): at android.os.Handler.dispatchMessage(Handler.java:99)
11-11 00:00:41.111 D/BaseModelUpdateTask( 2527): at android.os.Looper.loopOnce(Looper.java:201)
11-11 00:00:41.111 D/BaseModelUpdateTask( 2527): at android.os.Looper.loop(Looper.java:288)
11-11 00:00:41.111 D/BaseModelUpdateTask( 2527): at android.os.HandlerThread.run(HandlerThread.java:67)
11-11 00:00:41.112 D/KeyguardUpdateMonitor( 2000): received broadcast android.intent.action.TIME_SET
11-11 00:00:41.113 D/CompatibilityInfo( 1526): mCompatibilityFlags - 4
11-11 00:00:41.113 D/CompatibilityInfo( 1526): applicationDensity - 240
11-11 00:00:41.113 D/CompatibilityInfo( 1526): applicationScale - 1.0
11-11 00:00:41.114 D/TimeService( 5248): Receivedandroid.intent.action.TIME_SET intent. Current Time is 1668096041114
11-11 00:00:41.116 D/MicroSettings: ITCMicroCommonCallback( 2156): get request method = syncTime parameters = {"IDCM_Time_12_24":"24","IDCM_Timestamp":14000,"IDCM_Timezone":"GMT+08:00"}
11-11 00:00:41.116 D/AlarmManagerService( 1526): Kernel timezone updated to -480 minutes west of GMT
11-11 00:00:41.117 D/MicroSettings: SetTimeAction( 2156): setTimezone: Asia/Shanghai
11-11 00:00:41.117 D/AlarmManagerService( 1526): Kernel timezone updated to -480 minutes west of GMT
11-11 00:00:41.121 I/WidgetsModel( 2527): found whitelist widget: com.android.settings, label: 璁剧疆蹇嵎鏂瑰紡, sectionName:S
11-11 00:00:41.121 I/WidgetsModel( 2527): found whitelist widget: com.android.gallery3d, label: 鐓х墖, sectionName:T
11-11 00:00:41.121 I/WidgetsModel( 2527): found whitelist widget: com.android.systemui, label: 瀵硅瘽, sectionName:D
11-11 00:00:41.122 D/QC-time-services( 642): Daemon: Connection accepted:time_genoff
11-11 00:00:41.122 I/WidgetsModel( 2527): found whitelist widget: com.android.music, label: 闊充箰, sectionName:Y
11-11 00:00:41.122 D/QC-time-services( 642): Daemon:Received base = 2, unit = 1, operation = 0,value = 1668096041122
11-11 00:00:41.122 D/QC-time-services( 642): Daemon:genoff_opr: Base = 2, val = 1668096041122, operation = 0
11-11 00:00:41.122 D/QC-time-services( 642): Daemon:Value read from QTimer mseconds = 390674
11-11 00:00:41.122 D/QC-time-services( 642): Daemon:Value read from RTC mseconds on boot = 7137000
11-11 00:00:41.122 D/QC-time-services( 642): Daemon:Delta read on boot mseconds = 7128979
11-11 00:00:41.122 D/QC-time-services( 642): Daemon:new time 1668096041122
11-11 00:00:41.122 D/QC-time-services( 642): Daemon: delta 1668088521469 genoff 1668088521469
11-11 00:00:41.122 D/QC-time-services( 642): Daemon:genoff_persistent_update: Writing genoff = 1668088521469 to memory
11-11 00:00:41.122 D/QC-time-services( 642): Daemon:Opening File: /mnt/vendor/persist/time/ats_2 /data/vendor/time/ats_2
11-11 00:00:41.122 D/QC-time-services( 642): Daemon:time_persistent_memory_opr:Genoff write operation
11-11 00:00:41.123 D/ModelWriter( 2527): removing items from db
11-11 00:00:41.123 D/ModelWriter( 2527): java.lang.Exception
11-11 00:00:41.123 D/ModelWriter( 2527): at com.android.launcher3.model.ModelWriter.deleteItemsFromDatabase(ModelWriter.java:280)
11-11 00:00:41.123 D/ModelWriter( 2527): at com.android.launcher3.model.ModelWriter.deleteItemsFromDatabase(ModelWriter.java:268)
11-11 00:00:41.123 D/ModelWriter( 2527): at com.android.launcher3.model.BaseModelUpdateTask.deleteAndBindComponentsRemoved(BaseModelUpdateTask.java:140)
11-11 00:00:41.123 D/ModelWriter( 2527): at com.android.launcher3.model.PackageUpdatedTask.execute(PackageUpdatedTask.java:353)
11-11 00:00:41.123 D/ModelWriter( 2527): at com.android.launcher3.model.BaseModelUpdateTask.run(BaseModelUpdateTask.java:80)
11-11 00:00:41.123 D/ModelWriter( 2527): at com.android.launcher3.util.LooperExecutor.execute(LooperExecutor.java:45)
11-11 00:00:41.123 D/ModelWriter( 2527): at com.android.launcher3.LauncherModel.enqueueModelUpdateTask(LauncherModel.java:555)
11-11 00:00:41.123 D/ModelWriter( 2527): at com.android.launcher3.LauncherModel.onPackageChanged(LauncherModel.java:156)
11-11 00:00:41.123 D/ModelWriter( 2527): at com.android.launcher3.LauncherModel.onAppIconChanged(LauncherModel.java:226)
11-11 00:00:41.123 D/ModelWriter( 2527): at com.android.launcher3.LauncherAppState$IconObserver.onAppIconChanged(LauncherAppState.java:206)
11-11 00:00:41.123 D/ModelWriter( 2527): at com.android.launcher3.icons.IconProvider$IconChangeReceiver.onReceive(IconProvider.java:371)
11-11 00:00:41.123 D/ModelWriter( 2527): at android.app.LoadedApk$ReceiverDispatcher$Args.lambda$getRunnable$0$LoadedApk$ReceiverDispatcher$Args(LoadedApk.java:1679)
11-11 00:00:41.123 D/ModelWriter( 2527): at android.app.LoadedApk$ReceiverDispatcher$Args$$ExternalSyntheticLambda0.run(Unknown Source:2)
11-11 00:00:41.123 D/ModelWriter( 2527): at android.os.Handler.handleCallback(Handler.java:938)
11-11 00:00:41.123 D/ModelWriter( 2527): at android.os.Handler.dispatchMessage(Handler.java:99)
11-11 00:00:41.123 D/ModelWriter( 2527): at android.os.Looper.loopOnce(Looper.java:201)
11-11 00:00:41.123 D/ModelWriter( 2527): at android.os.Looper.loop(Looper.java:288)
11-11 00:00:41.123 D/ModelWriter( 2527): at android.os.HandlerThread.run(HandlerThread.java:67)
11-11 00:00:41.124 D/KeyguardUpdateMonitor( 2000): handleTimeUpdate
11-11 00:00:41.125 D/QC-time-services( 642): Updating the TOD offset
11-11 00:00:41.125 D/QC-time-services( 642): Daemon:genoff_persistent_update: Writing genoff = 1668088521469 to memory
11-11 00:00:41.125 D/QC-time-services( 642): Daemon:Opening File: /mnt/vendor/persist/time/ats_1 /data/vendor/time/ats_1
11-11 00:00:41.125 D/QC-time-services( 642): Daemon:time_persistent_memory_opr:Genoff write operation
11-11 00:00:41.130 D/QC-time-services( 642): Daemon:genoff_set: Updating the WLAN offset
11-11 00:00:41.130 D/QC-time-services( 642): Daemon:genoff_persistent_update: Writing genoff = 1668088521469 to memory
11-11 00:00:41.130 D/QC-time-services( 642): Daemon:Opening File: /mnt/vendor/persist/time/ats_16 /data/vendor/time/ats_16
11-11 00:00:41.130 D/QC-time-services( 642): Daemon:time_persistent_memory_opr:Genoff write operation
11-11 00:00:41.133 W/kcp_info( 5265): HCDN_LOG: [T:5570]Update: udp kcp size[0], timeout kcp size[0]
11-11 00:00:41.133 D/TimeService( 5248): Set time successfully!
11-11 00:00:41.133 D/BaseModelUpdateTask( 2527): BaseModelUpdateTask constructor
11-11 00:00:41.133 D/BaseModelUpdateTask( 2527): java.lang.Exception
11-11 00:00:41.133 D/BaseModelUpdateTask( 2527): at com.android.launcher3.model.BaseModelUpdateTask.(BaseModelUpdateTask.java:57)
11-11 00:00:41.133 D/BaseModelUpdateTask( 2527): at com.android.launcher3.model.AddWorkspaceItemsTask.(AddWorkspaceItemsTask.java:58)
11-11 00:00:41.133 D/BaseModelUpdateTask( 2527): at com.android.launcher3.LauncherModel.addAndBindAddedWorkspaceItems(LauncherModel.java:145)
11-11 00:00:41.133 D/BaseModelUpdateTask( 2527): at com.android.launcher3.model.PackageUpdatedTask.updateToWorkSpace(PackageUpdatedTask.java:406)
11-11 00:00:41.133 D/BaseModelUpdateTask( 2527): at com.android.launcher3.model.PackageUpdatedTask.execute(PackageUpdatedTask.java:370)
11-11 00:00:41.133 D/BaseModelUpdateTask( 2527): at com.android.launcher3.model.BaseModelUpdateTask.run(BaseModelUpdateTask.java:80)
11-11 00:00:41.133 D/BaseModelUpdateTask( 2527): at com.android.launcher3.util.LooperExecutor.execute(LooperExecutor.java:45)
11-11 00:00:41.133 D/BaseModelUpdateTask( 2527): at com.android.launcher3.LauncherModel.enqueueModelUpdateTask(LauncherModel.java:555)
11-11 00:00:41.133 D/BaseModelUpdateTask( 2527): at com.android.launcher3.LauncherModel.onPackageChanged(LauncherModel.java:156)
11-11 00:00:41.133 D/BaseModelUpdateTask( 2527): at com.android.launcher3.LauncherModel.onAppIconChanged(LauncherModel.java:226)
11-11 00:00:41.133 D/BaseModelUpdateTask( 2527): at com.android.launcher3.LauncherAppState$IconObserver.onAppIconChanged(LauncherAppState.java:206)
11-11 00:00:41.133 D/BaseModelUpdateTask( 2527): at com.android.launcher3.icons.IconProvider$IconChangeReceiver.onReceive(IconProvider.java:371)
11-11 00:00:41.133 D/BaseModelUpdateTask( 2527): at android.app.LoadedApk$ReceiverDispatcher$Args.lambda$getRunnable$0$LoadedApk$ReceiverDispatcher$Args(LoadedApk.java:1679)
11-11 00:00:41.133 D/BaseModelUpdateTask( 2527): at android.app.LoadedApk$ReceiverDispatcher$Args$$ExternalSyntheticLambda0.run(Unknown Source:2)
11-11 00:00:41.133 D/BaseModelUpdateTask( 2527): at android.os.Handler.handleCallback(Handler.java:938)
11-11 00:00:41.133 D/BaseModelUpdateTask( 2527): at android.os.Handler.dispatchMessage(Handler.java:99)
11-11 00:00:41.133 D/BaseModelUpdateTask( 2527): at android.os.Looper.loopOnce(Looper.java:201)
11-11 00:00:41.133 D/BaseModelUpdateTask( 2527): at android.os.Looper.loop(Looper.java:288)
11-11 00:00:41.133 D/BaseModelUpdateTask( 2527): at android.os.HandlerThread.run(HandlerThread.java:67)
11-11 00:00:41.134 E/QC-time-services( 642): Daemon: Time-services: Waiting to acceptconnection
11-11 00:00:41.136 D/CompatibilityInfo( 1526): mCompatibilityFlags - 4
11-11 00:00:41.136 D/CompatibilityInfo( 1526): applicationDensity - 240
11-11 00:00:41.136 D/CompatibilityInfo( 1526): applicationScale - 1.0
11-11 00:00:41.331 D/audio_hw_primary( 796): copl(0xf280c970):out of compress_wait
11-11 00:00:41.334 D/audio_hw_primary( 796): No space available in compress driver, post msg to cb thread
11-11 00:00:41.334 D/audio_hw_primary( 796): copl(0xf280c970):calling compress_wait
11-11 00:00:41.466 I/mpu_uart( 644): [MSG-P:RECV]:No message received in 1000 ms
11-11 00:00:41.528 I/OpenGLRenderer( 3511): Davey! duration=9223371648025ms; Flags=0, FrameTimelineVsyncId=4049, IntendedVsync=388829441994, Vsync=388829441994, InputEventId=0, HandleInputStart=388830331932, AnimationStart=388830335734, PerformTraversalsStart=388830338495, DrawStart=388831467713, FrameDeadline=388862775326, FrameInterval=388830321516, FrameStartTime=16666666, SyncQueued=388832210370, SyncStart=388832363026, IssueDrawCommandsStart=388833186880, SwapBuffers=388839542193, FrameCompleted=9223372036854775807, DequeueBufferDuration=41927, QueueBufferDuration=1250156, GpuCompleted=9223372036854775807, SwapBuffersCompleted=388841529328, DisplayPresentTime=0,
11-11 00:00:41.595 I/auditd ( 2764): type=1400 audit(0.0:7949990): avc: denied { read } for comm="event_loop" lport=13400 scontext=u:r:hht_ota_mgr:s0 tcontext=u:r:hht_ota_mgr:s0 tclass=udp_socket permissive=0
11-11 00:00:41.595 W/event_loop( 2764): type=1400 audit(0.0:7949990): avc: denied { read } for lport=13400 scontext=u:r:hht_ota_mgr:s0 tcontext=u:r:hht_ota_mgr:s0 tclass=udp_socket permissive=0
11-11 00:00:41.595 I/auditd ( 2764): type=1400 audit(0.0:7949991): avc: denied { read } for comm="event_loop" lport=13400 scontext=u:r:hht_ota_mgr:s0 tcontext=u:r:hht_ota_mgr:s0 tclass=udp_socket permissive=0
11-11 00:00:41.595 W/event_loop( 2764): type=1400 audit(0.0:7949991): avc: denied { read } for lport=13400 scontext=u:r:hht_ota_mgr:s0 tcontext=u:r:hht_ota_mgr:s0 tclass=udp_socket permissive=0
11-11 00:00:41.595 I/auditd ( 2764): type=1400 audit(0.0:7949992): avc: denied { read } for comm="event_loop" lport=13400 scontext=u:r:hht_ota_mgr:s0 tcontext=u:r:hht_ota_mgr:s0 tclass=udp_socket permissive=0
11-11 00:00:41.595 W/event_loop( 2764): type=1400 audit(0.0:7949992): avc: denied { read } for lport=13400 scontext=u:r:hht_ota_mgr:s0 tcontext=u:r:hht_ota_mgr:s0 tclass=udp_socket permissive=0
11-11 00:00:41.595 I/auditd ( 2764): type=1400 audit(0.0:7949993): avc: denied { read } for comm="event_loop" lport=13400 scontext=u:r:hht_ota_mgr:s0 tcontext=u:r:hht_ota_mgr:s0 tclass=udp_socket permissive=0
11-11 00:00:41.595 W/event_loop( 2764): type=1400 audit(0.0:7949993): avc: denied { read } for lport=13400 scontext=u:r:hht_ota_mgr:s0 tcontext=u:r:hht_ota_mgr:s0 tclass=udp_socket permissive=0
11-11 00:00:41.595 I/auditd ( 2764): type=1400 audit(0.0:7949994): avc: denied { read } for comm="event_loop" lport=13400 scontext=u:r:hht_ota_mgr:s0 tcontext=u:r:hht_ota_mgr:s0 tclass=udp_socket permissive=0
11-11 00:00:41.595 W/event_loop( 2764): type=1400 audit(0.0:7949994): avc: denied { read } for lport=13400 scontext=u:r:hht_ota_mgr:s0 tcontext=u:r:hht_ota_mgr:s0 tclass=udp_socket permissive=0
11-11 00:10:43.641 W/audit ( 0): audit_lost=7950333 audit_rate_limit=5 audit_backlog_limit=64
11-11 00:10:43.641 E/audit ( 0): rate limit exceeded
11-11 00:00:41.669 W/q_h_c_s ( 5265): HCDN_LOG: [T:5567]AsyncGet:1219,------> AsyncGet (reid: 67270022, requestUrl: http://msg.qy.net/v5/ypt/nts?pf=android&u=q2zmwed67bebpliluokpjvkq6eg6qllm&v=10.1.2.5703&pmm=UNKNOWN&pmd=0&pmr=TIMEOUT&rtv=&rtm=, connect timeout: 5001, read timeout: 6000, qtp enable: 1)
11-11 00:00:41.669 W/q_h_c_s ( 5265): HCDN_LOG: [T:5567]SetState:1379,QTP State changed: QS_UNINIT =========> VP_START (reid: 67270022)
11-11 00:00:41.670 W/q_h_c_s ( 5265): HCDN_LOG: [T:5557]SetEasyOpt:1330,curl_easy_setopt CURLOPT_IPRESOLVE success (reid: 67270022, ipresolve: 1)
11-11 00:00:41.670 W/q_h_c_s ( 5265): HCDN_LOG: [T:5557]SetEasyOpt:1883,curl_easy_setopt CURLOPT_URL success: http://msg.qy.net/v5/ypt/nts?pf=android&u=q2zmwed67bebpliluokpjvkq6eg6qllm&v=10.1.2.5703&pmm=UNKNOWN&pmd=0&pmr=TIMEOUT&rtv=&rtm= (reid: 67270022)
11-11 00:00:41.670 W/q_h_c_s ( 5265): HCDN_LOG: [T:5557]SetEasyOpt:2686,curl_easy_setopt CURLOPT_LOW_SPEED_LIMIT success for global (reid: 67270022, speed: 1)
11-11 00:00:41.670 W/q_h_c_s ( 5265): HCDN_LOG: [T:5557]SetEasyOpt:2698,curl_easy_setopt CURLOPT_LOW_SPEED_TIME success for global (reid: 67270022, time: 10)
11-11 00:00:41.670 W/q_h_c_s ( 5265): HCDN_LOG: [T:5557]SetEasyOpt:2903,curl_easy_setopt CURLOPT_CONNECTTIMEOUT_MS success (reid: 67270022, timeout: 5001)
11-11 00:00:41.670 W/q_h_c_s ( 5265): HCDN_LOG: [T:5557]SetEasyOpt:2954,curl_easy_setopt CURLOPT_TIMEOUT_MS success (reid: 67270022, timeout: 6000)
11-11 00:00:41.671 W/q_h_c_s ( 5265): HCDN_LOG: [T:5557]AddToMultiHandle:965,AddToMultiHandle: reid: 67270022, taskid(0), moduleId(0), offset(0), length(-1) , CURL(0xb3122610) , m_mapRun(1), m_mapReqId2EasyHandle(1), m_vecModuleRun(0,1,0,0,0,0,0,0,0)
11-11 00:00:41.742 I/ActivityManager( 1526): Waited long enough for: ServiceRecord{536fa97 u0 com.qiyi.video.pad/com.ss.android.socialbase.downloader.notification.DownloadNotificationService}
11-11 00:00:41.798 W/q_h_c_s ( 5265): HCDN_LOG: [T:5557]ProcessQtpStateWhenHttpDone:1511,Check QTP state, reid: 67270022, flags are isHijacked:0, isDataCallbacked:0, isHttpSockWorkable:0, isUproxyWorkable:0, isRange:0, isRangeLowSpeed:0
11-11 00:00:41.799 W/q_h_c_s ( 5265): HCDN_LOG: [T:5557]ExecuteCallback:2463,HTTP time information: reid: 67270022, reqScheduleTime: 1668096041669, reqBeginTime: 1668096041670, qtpDnsEndTime: 1668096041670, startRecvHeaderTime: 1668096041798, startRecvBodyTime: 0, reqEndTime: 1668096041798
11-11 00:00:41.799 W/q_h_c_s ( 5265): HCDN_LOG: [T:5557]ExecuteCallback:2669,HTTP finished, reid: 67270022, status: ownErrCode: 0 (MultiCurl HTTP request success), sysErrno: 0, transErrCode: 0, mCurlErrCode: 0, eCurlErrCode: 0, HTTP status code: 200, HTTP version: 1, trypath:ld
11-11 00:00:41.799 W/q_h_c_s ( 5265): HCDN_LOG: [T:5557]ProcessCurlMsg:620,ProcessCurlMsg: reid: 67270022, taskid(0), moduleId(0), offset(0), length(-1) , CURL(0x0) , m_mapRun(0), m_mapReqId2EasyHandle(0), m_vecModuleRun(0,0,0,0,0,0,0,0,0)
11-11 00:00:42.118 D/MicroSettings: SetTimeAction( 2156): current timestamp: 1668096042118
11-11 00:00:42.118 D/MicroSettings: SetTimeAction( 2156): setTime: 14000
11-11 00:00:42.119 D/AlarmManagerService( 1526): Setting time of day to sec=14
11-11 00:00:42.119 W/AlarmManagerService( 1526): Unable to set rtc to 14: Invalid argument
11-11 00:00:42.137 W/kcp_info( 5265): HCDN_LOG: [T:5570]Update: udp kcp size[0], timeout kcp size[0]
11-11 00:00:42.163 I/OpenGLRenderer( 3511): Davey! duration=9223371647390ms; Flags=0, FrameTimelineVsyncId=4058, IntendedVsync=389464338746, Vsync=389464338746, InputEventId=0, HandleInputStart=389465202036, AnimationStart=389465205578, PerformTraversalsStart=389465208651, DrawStart=389466361672, FrameDeadline=389497672078, FrameInterval=389465191411, FrameStartTime=16666666, SyncQueued=389467036463, SyncStart=389467192974, IssueDrawCommandsStart=389468089953, SwapBuffers=389474547297, FrameCompleted=9223372036854775807, DequeueBufferDuration=45625, QueueBufferDuration=1218438, GpuCompleted=9223372036854775807, SwapBuffersCompleted=389476620838, DisplayPresentTime=0,
11-11 00:00:42.466 I/mpu_uart( 644): [MSG-P:RECV]:No message received in 1000 ms
11-11 00:00:42.599 I/auditd ( 2764): type=1400 audit(0.0:8222375): avc: denied { read } for comm="event_loop" lport=13400 scontext=u:r:hht_ota_mgr:s0 tcontext=u:r:hht_ota_mgr:s0 tclass=udp_socket permissive=0
11-11 00:00:42.599 W/event_loop( 2764): type=1400 audit(0.0:8222375): avc: denied { read } for lport=13400 scontext=u:r:hht_ota_mgr:s0 tcontext=u:r:hht_ota_mgr:s0 tclass=udp_socket permissive=0
11-11 00:00:42.599 I/auditd ( 2764): type=1400 audit(0.0:8222376): avc: denied { read } for comm="event_loop" lport=13400 scontext=u:r:hht_ota_mgr:s0 tcontext=u:r:hht_ota_mgr:s0 tclass=udp_socket permissive=0
11-11 00:00:42.599 W/event_loop( 2764): type=1400 audit(0.0:8222376): avc: denied { read } for lport=13400 scontext=u:r:hht_ota_mgr:s0 tcontext=u:r:hht_ota_mgr:s0 tclass=udp_socket permissive=0
11-11 00:00:42.599 I/auditd ( 2764): type=1400 audit(0.0:8222377): avc: denied { read } for comm="event_loop" lport=13400 scontext=u:r:hht_ota_mgr:s0 tcontext=u:r:hht_ota_mgr:s0 tclass=udp_socket permissive=0
11-11 00:00:42.599 W/event_loop( 2764): type=1400 audit(0.0:8222377): avc: denied { read } for lport=13400 scontext=u:r:hht_ota_mgr:s0 tcontext=u:r:hht_ota_mgr:s0 tclass=udp_socket permissive=0
11-11 00:00:42.599 I/auditd ( 2764): type=1400 audit(0.0:8222378): avc: denied { read } for comm="event_loop" lport=13400 scontext=u:r:hht_ota_mgr:s0 tcontext=u:r:hht_ota_mgr:s0 tclass=udp_socket permissive=0
11-11 00:00:42.599 W/event_loop( 2764): type=1400 audit(0.0:8222378): avc: denied { read } for lport=13400 scontext=u:r:hht_ota_mgr:s0 tcontext=u:r:hht_ota_mgr:s0 tclass=udp_socket permissive=0
11-11 00:00:42.599 I/auditd ( 2764): type=1400 audit(0.0:8222379): avc: denied { read } for comm="event_loop" lport=13400 scontext=u:r:hht_ota_mgr:s0 tcontext=u:r:hht_ota_mgr:s0 tclass=udp_socket permissive=0
11-11 00:00:42.599 W/event_loop( 2764): type=1400 audit(0.0:8222379): avc: denied { read } for lport=13400 scontext=u:r:hht_ota_mgr:s0 tcontext=u:r:hht_ota_mgr:s0 tclass=udp_socket permissive=0
11-11 00:10:44.645 W/audit ( 0): audit_lost=8222710 audit_rate_limit=5 audit_backlog_limit=64
11-11 00:10:44.645 E/audit ( 0): rate limit exceeded
11-11 00:00:42.745 I/mpu_uart( 644): [MSG-P:R]:recv sync frame timeout
11-11 00:00:42.949 I/OpenGLRenderer( 3511): Davey! duration=9223371646604ms; Flags=0, FrameTimelineVsyncId=4070, IntendedVsync=390249557213, Vsync=390249557213, InputEventId=0, HandleInputStart=390250270473, AnimationStart=390250274275, PerformTraversalsStart=390250276932, DrawStart=390251139796, FrameDeadline=390282890545, FrameInterval=390250259588, FrameStartTime=16666666, SyncQueued=390251779119, SyncStart=390252421880, IssueDrawCommandsStart=390253236880, SwapBuffers=390259892661, FrameCompleted=9223372036854775807, DequeueBufferDuration=40417, QueueBufferDuration=1120208, GpuCompleted=9223372036854775807, SwapBuffersCompleted=390261730421, DisplayPresentTime=0,
11-11 00:00:43.122 W/ContextImpl( 2156): Calling a method in the system process without a qualified user: android.app.ContextImpl.sendBroadcast:1173 android.content.ContextWrapper.sendBroadcast:479 com.thundercomm.microsettings.action.SetTimeAction.timeUpdated:212 com.thundercomm.microsettings.action.SetTimeAction.update24HourFormat:194 com.thundercomm.microsettings.action.SetTimeAction.doActualAction:154
11-11 00:00:43.132 D/MicroSettings: ITCMicroCommonCallback( 2156): get request method = syncTime parameters = {"IDCM_Time_12_24":"24","IDCM_Timestamp":14000,"IDCM_Timezone":"GMT+08:00"}
11-11 00:00:43.132 D/DevicePolicyManager( 1526): updateSystemUpdateFreezePeriodsRecord
11-11 00:00:43.133 D/AlarmManagerService( 1526): Kernel timezone updated to -480 minutes west of GMT
11-11 00:00:43.133 D/MicroSettings: SetTimeAction( 2156): setTimezone: Asia/Shanghai
11-11 00:00:43.133 D/ConditionProviders.SCP( 1526): onReceive android.intent.action.TIME_SET
11-11 00:00:43.134 D/AlarmManagerService( 1526): Kernel timezone updated to -480 minutes west of GMT
11-11 00:00:43.134 D/ConditionProviders.SCP( 1526): evaluateSubscriptionLocked cal=ScheduleCalendar[mDays={1, 2, 3, 4, 5, 6, 7}, mSchedule=ScheduleInfo{days=[1, 2, 3, 4, 5, 6, 7], startHour=22, startMinute=0, endHour=7, endMinute=0, exitAtAlarm=true, nextAlarm=Thu Jan 01 08:00:00 GMT+08:00 1970 (0)}], now=Fri Nov 11 00:00:43 GMT+08:00 2022 (1668096043134), nextUserAlarmTime=Thu Jan 01 08:00:00 GMT+08:00 1970 (0)
11-11 00:00:43.135 D/ConditionProviders.SCP( 1526): notifyCondition condition://android/schedule?days=1.2.3.4.5.6.7&start=22.0&end=7.0&exitAtAlarm=true STATE_TRUE reason=meetsSchedule
11-11 00:00:43.135 D/ConditionProviders.SCP( 1526): Scheduling evaluate for Fri Nov 11 07:00:00 GMT+08:00 2022 (1668121200000), in +6h59m16s866ms, now=Fri Nov 11 00:00:43 GMT+08:00 2022 (1668096043134)
11-11 00:00:43.136 W/kcp_info( 5265): HCDN_LOG: [T:5570]Update: udp kcp size[0], timeout kcp size[0]
11-11 00:00:43.136 D/KeyguardUpdateMonitor( 2000): received broadcast android.intent.action.TIME_SET
11-11 00:00:43.136 D/KeyguardUpdateMonitor( 2000): handleTimeUpdate
11-11 00:00:43.137 D/IconProvider( 2527): onReceive: android.intent.action.TIME_SET
11-11 00:00:43.137 D/IconProvider( 2527): onReceive: android.intent.action.TIME_SET
11-11 00:00:43.137 D/BaseModelUpdateTask( 2527): BaseModelUpdateTask constructor
11-11 00:00:43.137 D/BaseModelUpdateTask( 2527): java.lang.Exception
11-11 00:00:43.137 D/BaseModelUpdateTask( 2527): at com.android.launcher3.model.BaseModelUpdateTask.(BaseModelUpdateTask.java:57)
11-11 00:00:43.137 D/BaseModelUpdateTask( 2527): at com.android.launcher3.model.PackageUpdatedTask.(PackageUpdatedTask.java:88)
11-11 00:00:43.137 D/BaseModelUpdateTask( 2527): at com.android.launcher3.LauncherModel.onPackageChanged(LauncherModel.java:156)
11-11 00:00:43.137 D/BaseModelUpdateTask( 2527): at com.android.launcher3.LauncherModel.onAppIconChanged(LauncherModel.java:226)
11-11 00:00:43.137 D/BaseModelUpdateTask( 2527): at com.android.launcher3.LauncherAppState$IconObserver.onAppIconChanged(LauncherAppState.java:206)
11-11 00:00:43.137 D/BaseModelUpdateTask( 2527): at com.android.launcher3.icons.IconProvider$IconChangeReceiver.onReceive(IconProvider.java:371)
11-11 00:00:43.137 D/BaseModelUpdateTask( 2527): at android.app.LoadedApk$ReceiverDispatcher$Args.lambda$getRunnable$0$LoadedApk$ReceiverDispatcher$Args(LoadedApk.java:1679)
11-11 00:00:43.137 D/BaseModelUpdateTask( 2527): at android.app.LoadedApk$ReceiverDispatcher$Args$$ExternalSyntheticLambda0.run(Unknown Source:2)
11-11 00:00:43.137 D/BaseModelUpdateTask( 2527): at android.os.Handler.handleCallback(Handler.java:938)
11-11 00:00:43.137 D/BaseModelUpdateTask( 2527): at android.os.Handler.dispatchMessage(Handler.java:99)
11-11 00:00:43.137 D/BaseModelUpdateTask( 2527): at android.os.Looper.loopOnce(Looper.java:201)
11-11 00:00:43.137 D/BaseModelUpdateTask( 2527): at android.os.Looper.loop(Looper.java:288)
11-11 00:00:43.137 D/BaseModelUpdateTask( 2527): at android.os.HandlerThread.run(HandlerThread.java:67)
11-11 00:00:43.138 D/OsAgent ( 2639): [time_change_update][3164] [HC] =>> [HS]
11-11 00:00:43.138 D/PackageUpdatedTask( 2527): PackageUpdatedTask constructor: op=2,user=UserHandle{0},packages=[com.android.calendar]
11-11 00:00:43.138 D/PackageUpdatedTask( 2527): java.lang.Exception
11-11 00:00:43.138 D/PackageUpdatedTask( 2527): at com.android.launcher3.model.PackageUpdatedTask.(PackageUpdatedTask.java:93)
11-11 00:00:43.138 D/PackageUpdatedTask( 2527): at com.android.launcher3.LauncherModel.onPackageChanged(LauncherModel.java:156)
11-11 00:00:43.138 D/PackageUpdatedTask( 2527): at com.android.launcher3.LauncherModel.onAppIconChanged(LauncherModel.java:226)
11-11 00:00:43.138 D/PackageUpdatedTask( 2527): at com.android.launcher3.LauncherAppState$IconObserver.onAppIconChanged(LauncherAppState.java:206)
11-11 00:00:43.138 D/PackageUpdatedTask( 2527): at com.android.launcher3.icons.IconProvider$IconChangeReceiver.onReceive(IconProvider.java:371)
11-11 00:00:43.138 D/PackageUpdatedTask( 2527): at android.app.LoadedApk$ReceiverDispatcher$Args.lambda$getRunnable$0$LoadedApk$ReceiverDispatcher$Args(LoadedApk.java:1679)
11-11 00:00:43.138 D/PackageUpdatedTask( 2527): at android.app.LoadedApk$ReceiverDispatcher$Args$$ExternalSyntheticLambda0.run(Unknown Source:2)
11-11 00:00:43.138 D/PackageUpdatedTask( 2527): at android.os.Handler.handleCallback(Handler.java:938)
11-11 00:00:43.138 D/PackageUpdatedTask( 2527): at android.os.Handler.dispatchMessage(Handler.java:99)
11-11 00:00:43.138 D/PackageUpdatedTask( 2527): at android.os.Looper.loopOnce(Looper.java:201)
11-11 00:00:43.138 D/PackageUpdatedTask( 2527): at android.os.Looper.loop(Looper.java:288)
11-11 00:00:43.138 D/PackageUpdatedTask( 2527): at android.os.HandlerThread.run(HandlerThread.java:67)
11-11 00:00:43.138 V/LocSvc_HIDL_IzatSubscription( 809): [timeChangeUpdate][645] [HS] <<<<= [HC]
11-11 00:00:43.139 D/Launcher.IconCache( 2527): Package not found
11-11 00:00:43.139 D/Launcher.IconCache( 2527): android.content.pm.PackageManager$NameNotFoundException: com.android.calendar
11-11 00:00:43.139 D/Launcher.IconCache( 2527): at android.app.ApplicationPackageManager.getPackageInfoAsUser(ApplicationPackageManager.java:241)
11-11 00:00:43.139 D/Launcher.IconCache( 2527): at android.app.ApplicationPackageManager.getPackageInfo(ApplicationPackageManager.java:213)
11-11 00:00:43.139 D/Launcher.IconCache( 2527): at com.android.launcher3.icons.IconCache.updateIconsForPkg(IconCache.java:122)
11-11 00:00:43.139 D/Launcher.IconCache( 2527): at com.android.launcher3.model.PackageUpdatedTask.execute(PackageUpdatedTask.java:130)
11-11 00:00:43.139 D/Launcher.IconCache( 2527): at com.android.launcher3.model.BaseModelUpdateTask.run(BaseModelUpdateTask.java:80)
11-11 00:00:43.139 D/Launcher.IconCache( 2527): at com.android.launcher3.util.LooperExecutor.execute(LooperExecutor.java:45)
11-11 00:00:43.139 D/Launcher.IconCache( 2527): at com.android.launcher3.LauncherModel.enqueueModelUpdateTask(LauncherModel.java:555)
11-11 00:00:43.139 D/Launcher.IconCache( 2527): at com.android.launcher3.LauncherModel.onPackageChanged(LauncherModel.java:156)
11-11 00:00:43.139 D/Launcher.IconCache( 2527): at com.android.launcher3.LauncherModel.onAppIconChanged(LauncherModel.java:226)
11-11 00:00:43.139 D/Launcher.IconCache( 2527): at com.android.launcher3.LauncherAppState$IconObserver.onAppIconChanged(LauncherAppState.java:206)
11-11 00:00:43.139 D/Launcher.IconCache( 2527): at com.android.launcher3.icons.IconProvider$IconChangeReceiver.onReceive(IconProvider.java:371)
11-11 00:00:43.139 D/Launcher.IconCache( 2527): at android.app.LoadedApk$ReceiverDispatcher$Args.lambda$getRunnable$0$LoadedApk$ReceiverDispatcher$Args(LoadedApk.java:1679)
11-11 00:00:43.139 D/Launcher.IconCache( 2527): at android.app.LoadedApk$ReceiverDispatcher$Args$$ExternalSyntheticLambda0.run(Unknown Source:2)
11-11 00:00:43.139 D/Launcher.IconCache( 2527): at android.os.Handler.handleCallback(Handler.java:938)
11-11 00:00:43.139 D/Launcher.IconCache( 2527): at android.os.Handler.dispatchMessage(Handler.java:99)
11-11 00:00:43.139 D/Launcher.IconCache( 2527): at android.os.Looper.loopOnce(Looper.java:201)
11-11 00:00:43.139 D/Launcher.IconCache( 2527): at android.os.Looper.loop(Looper.java:288)
11-11 00:00:43.139 D/Launcher.IconCache( 2527): at android.os.HandlerThread.run(HandlerThread.java:67)
11-11 00:00:43.140 D/CompatibilityInfo( 1526): mCompatibilityFlags - 4
11-11 00:00:43.140 D/CompatibilityInfo( 1526): applicationDensity - 240
11-11 00:00:43.140 D/CompatibilityInfo( 1526): applicationScale - 1.0
11-11 00:00:43.140 D/BaseModelUpdateTask( 2527): BaseModelUpdateTask constructor
11-11 00:00:43.140 D/BaseModelUpdateTask( 2527): java.lang.Exception
11-11 00:00:43.140 D/BaseModelUpdateTask( 2527): at com.android.launcher3.model.BaseModelUpdateTask.(BaseModelUpdateTask.java:57)
11-11 00:00:43.140 D/BaseModelUpdateTask( 2527): at com.android.launcher3.LauncherModel$6.(LauncherModel.java:605)
11-11 00:00:43.140 D/BaseModelUpdateTask( 2527): at com.android.launcher3.LauncherModel.refreshAndBindWidgetsAndShortcuts(LauncherModel.java:605)
11-11 00:00:43.140 D/BaseModelUpdateTask( 2527): at com.android.launcher3.Launcher.refreshAndBindWidgetsForPackageUser(Launcher.java:2878)
11-11 00:00:43.140 D/BaseModelUpdateTask( 2527): at com.android.launcher3.model.PackageUpdatedTask.execute(PackageUpdatedTask.java:139)
11-11 00:00:43.140 D/BaseModelUpdateTask( 2527): at com.android.launcher3.model.BaseModelUpdateTask.run(BaseModelUpdateTask.java:80)
11-11 00:00:43.140 D/BaseModelUpdateTask( 2527): at com.android.launcher3.util.LooperExecutor.execute(LooperExecutor.java:45)
11-11 00:00:43.140 D/BaseModelUpdateTask( 2527): at com.android.launcher3.LauncherModel.enqueueModelUpdateTask(LauncherModel.java:555)
11-11 00:00:43.140 D/BaseModelUpdateTask( 2527): at com.android.launcher3.LauncherModel.onPackageChanged(LauncherModel.java:156)
11-11 00:00:43.140 D/BaseModelUpdateTask( 2527): at com.android.launcher3.LauncherModel.onAppIconChanged(LauncherModel.java:226)
11-11 00:00:43.140 D/BaseModelUpdateTask( 2527): at com.android.launcher3.LauncherAppState$IconObserver.onAppIconChanged(LauncherAppState.java:206)
11-11 00:00:43.140 D/BaseModelUpdateTask( 2527): at com.android.launcher3.icons.IconProvider$IconChangeReceiver.onReceive(IconProvider.java:371)
11-11 00:00:43.140 D/BaseModelUpdateTask( 2527): at android.app.LoadedApk$ReceiverDispatcher$Args.lambda$getRunnable$0$LoadedApk$ReceiverDispatcher$Args(LoadedApk.java:1679)
11-11 00:00:43.140 D/BaseModelUpdateTask( 2527): at android.app.LoadedApk$ReceiverDispatcher$Args$$ExternalSyntheticLambda0.run(Unknown Source:2)
11-11 00:00:43.140 D/BaseModelUpdateTask( 2527): at android.os.Handler.handleCallback(Handler.java:938)
11-11 00:00:43.140 D/BaseModelUpdateTask( 2527): at android.os.Handler.dispatchMessage(Handler.java:99)
11-11 00:00:43.140 D/BaseModelUpdateTask( 2527): at android.os.Looper.loopOnce(Looper.java:201)
11-11 00:00:43.140 D/BaseModelUpdateTask( 2527): at android.os.Looper.loop(Looper.java:288)
11-11 00:00:43.140 D/BaseModelUpdateTask( 2527): at android.os.HandlerThread.run(HandlerThread.java:67)
11-11 00:00:43.141 D/TimeService( 5248): Receivedandroid.intent.action.TIME_SET intent. Current Time is 1668096043141
11-11 00:00:43.143 D/QC-time-services( 642): Daemon: Connection accepted:time_genoff
11-11 00:00:43.143 D/QC-time-services( 642): Daemon:Received base = 2, unit = 1, operation = 0,value = 1668096043143
11-11 00:00:43.143 D/QC-time-services( 642): Daemon:genoff_opr: Base = 2, val = 1668096043143, operation = 0
11-11 00:00:43.143 D/QC-time-services( 642): Daemon:Value read from QTimer mseconds = 392695
11-11 00:00:43.143 D/QC-time-services( 642): Daemon:Value read from RTC mseconds on boot = 7137000
11-11 00:00:43.143 D/QC-time-services( 642): Daemon:Delta read on boot mseconds = 7128979
11-11 00:00:43.143 D/QC-time-services( 642): Daemon:new time 1668096043143
11-11 00:00:43.143 D/QC-time-services( 642): Daemon: delta 1668088521469 genoff 1668088521469
11-11 00:00:43.143 D/QC-time-services( 642): Daemon:genoff_persistent_update: Writing genoff = 1668088521469 to memory
11-11 00:00:43.143 D/QC-time-services( 642): Daemon:Opening File: /mnt/vendor/persist/time/ats_2 /data/vendor/time/ats_2
11-11 00:00:43.143 D/QC-time-services( 642): Daemon:time_persistent_memory_opr:Genoff write operation
11-11 00:00:43.150 I/WidgetsModel( 2527): found whitelist widget: com.android.settings, label: 璁剧疆蹇嵎鏂瑰紡, sectionName:S
11-11 00:00:43.150 I/WidgetsModel( 2527): found whitelist widget: com.android.gallery3d, label: 鐓х墖, sectionName:T
11-11 00:00:43.150 I/WidgetsModel( 2527): found whitelist widget: com.android.systemui, label: 瀵硅瘽, sectionName:D
11-11 00:00:43.152 I/WidgetsModel( 2527): found whitelist widget: com.android.music, label: 闊充箰, sectionName:Y
11-11 00:00:43.152 D/QC-time-services( 642): Updating the TOD offset
11-11 00:00:43.152 D/QC-time-services( 642): Daemon:genoff_persistent_update: Writing genoff = 1668088521469 to memory
11-11 00:00:43.152 D/QC-time-services( 642): Daemon:Opening File: /mnt/vendor/persist/time/ats_1 /data/vendor/time/ats_1
11-11 00:00:43.152 D/QC-time-services( 642): Daemon:time_persistent_memory_opr:Genoff write operation
11-11 00:00:43.152 D/ModelWriter( 2527): removing items from db
11-11 00:00:43.152 D/ModelWriter( 2527): java.lang.Exception
11-11 00:00:43.152 D/ModelWriter( 2527): at com.android.launcher3.model.ModelWriter.deleteItemsFromDatabase(ModelWriter.java:280)
11-11 00:00:43.152 D/ModelWriter( 2527): at com.android.launcher3.model.ModelWriter.deleteItemsFromDatabase(ModelWriter.java:268)
11-11 00:00:43.152 D/ModelWriter( 2527): at com.android.launcher3.model.BaseModelUpdateTask.deleteAndBindComponentsRemoved(BaseModelUpdateTask.java:140)
11-11 00:00:43.152 D/ModelWriter( 2527): at com.android.launcher3.model.PackageUpdatedTask.execute(PackageUpdatedTask.java:353)
11-11 00:00:43.152 D/ModelWriter( 2527): at com.android.launcher3.model.BaseModelUpdateTask.run(BaseModelUpdateTask.java:80)
11-11 00:00:43.152 D/ModelWriter( 2527): at com.android.launcher3.util.LooperExecutor.execute(LooperExecutor.java:45)
11-11 00:00:43.152 D/ModelWriter( 2527): at com.android.launcher3.LauncherModel.enqueueModelUpdateTask(LauncherModel.java:555)
11-11 00:00:43.152 D/ModelWriter( 2527): at com.android.launcher3.LauncherModel.onPackageChanged(LauncherModel.java:156)
11-11 00:00:43.152 D/ModelWriter( 2527): at com.android.launcher3.LauncherModel.onAppIconChanged(LauncherModel.java:226)
11-11 00:00:43.152 D/ModelWriter( 2527): at com.android.launcher3.LauncherAppState$IconObserver.onAppIconChanged(LauncherAppState.java:206)
11-11 00:00:43.152 D/ModelWriter( 2527): at com.android.launcher3.icons.IconProvider$IconChangeReceiver.onReceive(IconProvider.java:371)
11-11 00:00:43.152 D/ModelWriter( 2527): at android.app.LoadedApk$ReceiverDispatcher$Args.lambda$getRunnable$0$LoadedApk$ReceiverDispatcher$Args(LoadedApk.java:1679)
11-11 00:00:43.152 D/ModelWriter( 2527): at android.app.LoadedApk$ReceiverDispatcher$Args$$ExternalSyntheticLambda0.run(Unknown Source:2)
11-11 00:00:43.152 D/ModelWriter( 2527): at android.os.Handler.handleCallback(Handler.java:938)
11-11 00:00:43.152 D/ModelWriter( 2527): at android.os.Handler.dispatchMessage(Handler.java:99)
11-11 00:00:43.152 D/ModelWriter( 2527): at android.os.Looper.loopOnce(Looper.java:201)
11-11 00:00:43.152 D/ModelWriter( 2527): at android.os.Looper.loop(Looper.java:288)
11-11 00:00:43.152 D/ModelWriter( 2527): at android.os.HandlerThread.run(HandlerThread.java:67)
11-11 00:00:43.154 D/QC-time-services( 642): Daemon:genoff_set: Updating the WLAN offset
11-11 00:00:43.154 D/QC-time-services( 642): Daemon:genoff_persistent_update: Writing genoff = 1668088521469 to memory
11-11 00:00:43.154 D/QC-time-services( 642): Daemon:Opening File: /mnt/vendor/persist/time/ats_16 /data/vendor/time/ats_16
11-11 00:00:43.154 D/QC-time-services( 642): Daemon:time_persistent_memory_opr:Genoff write operation
11-11 00:00:43.155 D/TimeService( 5248): Set time successfully!
11-11 00:00:43.156 E/QC-time-services( 642): Daemon: Time-services: Waiting to acceptconnection
11-11 00:00:43.157 D/CompatibilityInfo( 1526): mCompatibilityFlags - 4
11-11 00:00:43.157 D/CompatibilityInfo( 1526): applicationDensity - 240
11-11 00:00:43.157 D/CompatibilityInfo( 1526): applicationScale - 1.0
11-11 00:00:43.161 D/BaseModelUpdateTask( 2527): BaseModelUpdateTask constructor
11-11 00:00:43.161 D/BaseModelUpdateTask( 2527): java.lang.Exception
11-11 00:00:43.161 D/BaseModelUpdateTask( 2527): at com.android.launcher3.model.BaseModelUpdateTask.(BaseModelUpdateTask.java:57)
11-11 00:00:43.161 D/BaseModelUpdateTask( 2527): at com.android.launcher3.model.AddWorkspaceItemsTask.(AddWorkspaceItemsTask.java:58)
11-11 00:00:43.161 D/BaseModelUpdateTask( 2527): at com.android.launcher3.LauncherModel.addAndBindAddedWorkspaceItems(LauncherModel.java:145)
11-11 00:00:43.161 D/BaseModelUpdateTask( 2527): at com.android.launcher3.model.PackageUpdatedTask.updateToWorkSpace(PackageUpdatedTask.java:406)
11-11 00:00:43.161 D/BaseModelUpdateTask( 2527): at com.android.launcher3.model.PackageUpdatedTask.execute(PackageUpdatedTask.java:370)
11-11 00:00:43.161 D/BaseModelUpdateTask( 2527): at com.android.launcher3.model.BaseModelUpdateTask.run(BaseModelUpdateTask.java:80)
11-11 00:00:43.161 D/BaseModelUpdateTask( 2527): at com.android.launcher3.util.LooperExecutor.execute(LooperExecutor.java:45)
11-11 00:00:43.161 D/BaseModelUpdateTask( 2527): at com.android.launcher3.LauncherModel.enqueueModelUpdateTask(LauncherModel.java:555)
11-11 00:00:43.161 D/BaseModelUpdateTask( 2527): at com.android.launcher3.LauncherModel.onPackageChanged(LauncherModel.java:156)
11-11 00:00:43.161 D/BaseModelUpdateTask( 2527): at com.android.launcher3.LauncherModel.onAppIconChanged(LauncherModel.java:226)
11-11 00:00:43.161 D/BaseModelUpdateTask( 2527): at com.android.launcher3.LauncherAppState$IconObserver.onAppIconChanged(LauncherAppState.java:206)
11-11 00:00:43.161 D/BaseModelUpdateTask( 2527): at com.android.launcher3.icons.IconProvider$IconChangeReceiver.onReceive(IconProvider.java:371)
11-11 00:00:43.161 D/BaseModelUpdateTask( 2527): at android.app.LoadedApk$ReceiverDispatcher$Args.lambda$getRunnable$0$LoadedApk$ReceiverDispatcher$Args(LoadedApk.java:1679)
11-11 00:00:43.161 D/BaseModelUpdateTask( 2527): at android.app.LoadedApk$ReceiverDispatcher$Args$$ExternalSyntheticLambda0.run(Unknown Source:2)
11-11 00:00:43.161 D/BaseModelUpdateTask( 2527): at android.os.Handler.handleCallback(Handler.java:938)
11-11 00:00:43.161 D/BaseModelUpdateTask( 2527): at android.os.Handler.dispatchMessage(Handler.java:99)
11-11 00:00:43.161 D/BaseModelUpdateTask( 2527): at android.os.Looper.loopOnce(Looper.java:201)
11-11 00:00:43.161 D/BaseModelUpdateTask( 2527): at android.os.Looper.loop(Looper.java:288)
11-11 00:00:43.161 D/BaseModelUpdateTask( 2527): at android.os.HandlerThread.run(HandlerThread.java:67)
11-11 00:00:43.367 I/OpenGLRenderer( 3511): Davey! duration=9223371646187ms; Flags=0, FrameTimelineVsyncId=4079, IntendedVsync=390667213053, Vsync=390667213053, InputEventId=0, HandleInputStart=390667949588, AnimationStart=390667953442, PerformTraversalsStart=390667956098, DrawStart=390668918077, FrameDeadline=390700546385, FrameInterval=390667937921, FrameStartTime=16666666, SyncQueued=390669611254, SyncStart=390670048806, IssueDrawCommandsStart=390670974119, SwapBuffers=390677619900, FrameCompleted=9223372036854775807, DequeueBufferDuration=48125, QueueBufferDuration=1083854, GpuCompleted=9223372036854775807, SwapBuffersCompleted=390679283546, DisplayPresentTime=0,
11-11 00:00:43.371 D/audio_hw_primary( 796): copl(0xf280c970):out of compress_wait
11-11 00:00:43.373 D/audio_hw_primary( 796): No space available in compress driver, post msg to cb thread
11-11 00:00:43.373 D/audio_hw_primary( 796): copl(0xf280c970):calling compress_wait
11-11 00:00:43.466 I/mpu_uart( 644): [MSG-P:RECV]:No message received in 1000 ms
11-11 00:00:43.533 I/OpenGLRenderer( 3511): Davey! duration=9223371646020ms; Flags=0, FrameTimelineVsyncId=4082, IntendedVsync=390834276635, Vsync=390834276635, InputEventId=0, HandleInputStart=390835006254, AnimationStart=390835009900, PerformTraversalsStart=390835013077, DrawStart=390836244640, FrameDeadline=390867609967, FrameInterval=390834994744, FrameStartTime=16666666, SyncQueued=390836765786, SyncStart=390836940108, IssueDrawCommandsStart=390837955942, SwapBuffers=390844639900, FrameCompleted=9223372036854775807, DequeueBufferDuration=49427, QueueBufferDuration=1083594, GpuCompleted=9223372036854775807, SwapBuffersCompleted=390846506879, DisplayPresentTime=0,
11-11 00:00:43.603 I/auditd ( 2764): type=1400 audit(0.0:8494268): avc: denied { read } for comm="event_loop" lport=13400 scontext=u:r:hht_ota_mgr:s0 tcontext=u:r:hht_ota_mgr:s0 tclass=udp_socket permissive=0
11-11 00:00:43.603 W/event_loop( 2764): type=1400 audit(0.0:8494268): avc: denied { read } for lport=13400 scontext=u:r:hht_ota_mgr:s0 tcontext=u:r:hht_ota_mgr:s0 tclass=udp_socket permissive=0
11-11 00:00:43.603 I/auditd ( 2764): type=1400 audit(0.0:8494269): avc: denied { read } for comm="event_loop" lport=13400 scontext=u:r:hht_ota_mgr:s0 tcontext=u:r:hht_ota_mgr:s0 tclass=udp_socket permissive=0
11-11 00:00:43.603 W/event_loop( 2764): type=1400 audit(0.0:8494269): avc: denied { read } for lport=13400 scontext=u:r:hht_ota_mgr:s0 tcontext=u:r:hht_ota_mgr:s0 tclass=udp_socket permissive=0
11-11 00:00:43.603 I/auditd ( 2764): type=1400 audit(0.0:8494270): avc: denied { read } for comm="event_loop" lport=13400 scontext=u:r:hht_ota_mgr:s0 tcontext=u:r:hht_ota_mgr:s0 tclass=udp_socket permissive=0
11-11 00:00:43.603 W/event_loop( 2764): type=1400 audit(0.0:8494270): avc: denied { read } for lport=13400 scontext=u:r:hht_ota_mgr:s0 tcontext=u:r:hht_ota_mgr:s0 tclass=udp_socket permissive=0
11-11 00:00:43.603 I/auditd ( 2764): type=1400 audit(0.0:8494271): avc: denied { read } for comm="event_loop" lport=13400 scontext=u:r:hht_ota_mgr:s0 tcontext=u:r:hht_ota_mgr:s0 tclass=udp_socket permissive=0
11-11 00:00:43.603 W/event_loop( 2764): type=1400 audit(0.0:8494271): avc: denied { read } for lport=13400 scontext=u:r:hht_ota_mgr:s0 tcontext=u:r:hht_ota_mgr:s0 tclass=udp_socket permissive=0
