11-11 00:00:35.061 D/Launcher.IconCache( 2527): at com.android.launcher3.util.LooperExecutor.execute(LooperExecutor.java:45)
11-11 00:00:35.061 D/Launcher.IconCache( 2527): at com.android.launcher3.LauncherModel.enqueueModelUpdateTask(LauncherModel.java:555)
11-11 00:00:35.061 D/Launcher.IconCache( 2527): at com.android.launcher3.LauncherModel.onPackageChanged(LauncherModel.java:156)
11-11 00:00:35.061 D/Launcher.IconCache( 2527): at com.android.launcher3.LauncherModel.onAppIconChanged(LauncherModel.java:226)
11-11 00:00:35.061 D/Launcher.IconCache( 2527): at com.android.launcher3.LauncherAppState$IconObserver.onAppIconChanged(LauncherAppState.java:206)
11-11 00:00:35.061 D/Launcher.IconCache( 2527): at com.android.launcher3.icons.IconProvider$IconChangeReceiver.onReceive(IconProvider.java:371)
11-11 00:00:35.061 D/Launcher.IconCache( 2527): at android.app.LoadedApk$ReceiverDispatcher$Args.lambda$getRunnable$0$LoadedApk$ReceiverDispatcher$Args(LoadedApk.java:1679)
11-11 00:00:35.061 D/Launcher.IconCache( 2527): at android.app.LoadedApk$ReceiverDispatcher$Args$$ExternalSyntheticLambda0.run(Unknown Source:2)
11-11 00:00:35.061 D/Launcher.IconCache( 2527): at android.os.Handler.handleCallback(Handler.java:938)
11-11 00:00:35.061 D/Launcher.IconCache( 2527): at android.os.Handler.dispatchMessage(Handler.java:99)
11-11 00:00:35.061 D/Launcher.IconCache( 2527): at android.os.Looper.loopOnce(Looper.java:201)
11-11 00:00:35.061 D/Launcher.IconCache( 2527): at android.os.Looper.loop(Looper.java:288)
11-11 00:00:35.061 D/Launcher.IconCache( 2527): at android.os.HandlerThread.run(HandlerThread.java:67)
11-11 00:00:35.061 D/MicroSettings: ITCMicroCommonCallback( 2156): get request method = syncTime parameters = {"IDCM_Time_12_24":"24","IDCM_Timestamp":14000,"IDCM_Timezone":"GMT+08:00"}
11-11 00:00:35.061 D/AlarmManagerService( 1526): Kernel timezone updated to -480 minutes west of GMT
11-11 00:00:35.061 D/MicroSettings: SetTimeAction( 2156): setTimezone: Asia/Shanghai
11-11 00:00:35.062 D/AlarmManagerService( 1526): Kernel timezone updated to -480 minutes west of GMT
11-11 00:00:35.062 D/BaseModelUpdateTask( 2527): BaseModelUpdateTask constructor
11-11 00:00:35.062 D/BaseModelUpdateTask( 2527): java.lang.Exception
11-11 00:00:35.062 D/BaseModelUpdateTask( 2527): at com.android.launcher3.model.BaseModelUpdateTask.(BaseModelUpdateTask.java:57)
11-11 00:00:35.062 D/BaseModelUpdateTask( 2527): at com.android.launcher3.LauncherModel$6.(LauncherModel.java:605)
11-11 00:00:35.062 D/BaseModelUpdateTask( 2527): at com.android.launcher3.LauncherModel.refreshAndBindWidgetsAndShortcuts(LauncherModel.java:605)
11-11 00:00:35.062 D/BaseModelUpdateTask( 2527): at com.android.launcher3.Launcher.refreshAndBindWidgetsForPackageUser(Launcher.java:2878)
11-11 00:00:35.062 D/BaseModelUpdateTask( 2527): at com.android.launcher3.model.PackageUpdatedTask.execute(PackageUpdatedTask.java:139)
11-11 00:00:35.062 D/BaseModelUpdateTask( 2527): at com.android.launcher3.model.BaseModelUpdateTask.run(BaseModelUpdateTask.java:80)
11-11 00:00:35.062 D/BaseModelUpdateTask( 2527): at com.android.launcher3.util.LooperExecutor.execute(LooperExecutor.java:45)
11-11 00:00:35.062 D/BaseModelUpdateTask( 2527): at com.android.launcher3.LauncherModel.enqueueModelUpdateTask(LauncherModel.java:555)
11-11 00:00:35.062 D/BaseModelUpdateTask( 2527): at com.android.launcher3.LauncherModel.onPackageChanged(LauncherModel.java:156)
11-11 00:00:35.062 D/BaseModelUpdateTask( 2527): at com.android.launcher3.LauncherModel.onAppIconChanged(LauncherModel.java:226)
11-11 00:00:35.062 D/BaseModelUpdateTask( 2527): at com.android.launcher3.LauncherAppState$IconObserver.onAppIconChanged(LauncherAppState.java:206)
11-11 00:00:35.062 D/BaseModelUpdateTask( 2527): at com.android.launcher3.icons.IconProvider$IconChangeReceiver.onReceive(IconProvider.java:371)
11-11 00:00:35.062 D/BaseModelUpdateTask( 2527): at android.app.LoadedApk$ReceiverDispatcher$Args.lambda$getRunnable$0$LoadedApk$ReceiverDispatcher$Args(LoadedApk.java:1679)
11-11 00:00:35.062 D/BaseModelUpdateTask( 2527): at android.app.LoadedApk$ReceiverDispatcher$Args$$ExternalSyntheticLambda0.run(Unknown Source:2)
11-11 00:00:35.062 D/BaseModelUpdateTask( 2527): at android.os.Handler.handleCallback(Handler.java:938)
11-11 00:00:35.062 D/BaseModelUpdateTask( 2527): at android.os.Handler.dispatchMessage(Handler.java:99)
11-11 00:00:35.062 D/BaseModelUpdateTask( 2527): at android.os.Looper.loopOnce(Looper.java:201)
11-11 00:00:35.062 D/BaseModelUpdateTask( 2527): at android.os.Looper.loop(Looper.java:288)
11-11 00:00:35.062 D/BaseModelUpdateTask( 2527): at android.os.HandlerThread.run(HandlerThread.java:67)
11-11 00:00:35.062 D/CompatibilityInfo( 1526): mCompatibilityFlags - 4
11-11 00:00:35.062 D/CompatibilityInfo( 1526): applicationDensity - 240
11-11 00:00:35.063 D/CompatibilityInfo( 1526): applicationScale - 1.0
11-11 00:00:35.064 D/TimeService( 5248): Receivedandroid.intent.action.TIME_SET intent. Current Time is 1668096035064
11-11 00:00:35.064 I/NetClientAdapter( 5265): set useOkHttp:true
11-11 00:00:35.065 D/QC-time-services( 642): Daemon: Connection accepted:time_genoff
11-11 00:00:35.066 D/QC-time-services( 642): Daemon:Received base = 2, unit = 1, operation = 0,value = 1668096035064
11-11 00:00:35.066 D/QC-time-services( 642): Daemon:genoff_opr: Base = 2, val = 1668096035064, operation = 0
11-11 00:00:35.066 D/QC-time-services( 642): Daemon:Value read from QTimer mseconds = 384618
11-11 00:00:35.066 D/QC-time-services( 642): Daemon:Value read from RTC mseconds on boot = 7137000
11-11 00:00:35.066 D/QC-time-services( 642): Daemon:Delta read on boot mseconds = 7128979
11-11 00:00:35.066 D/QC-time-services( 642): Daemon:new time 1668096035064
11-11 00:00:35.066 D/QC-time-services( 642): Daemon: delta 1668088521467 genoff 1668088521467
11-11 00:00:35.066 D/QC-time-services( 642): Daemon:genoff_persistent_update: Writing genoff = 1668088521467 to memory
11-11 00:00:35.066 D/QC-time-services( 642): Daemon:Opening File: /mnt/vendor/persist/time/ats_2 /data/vendor/time/ats_2
11-11 00:00:35.066 D/QC-time-services( 642): Daemon:time_persistent_memory_opr:Genoff write operation
11-11 00:00:35.069 I/UsageStatsService( 1526): User[0] Time changed in by -11910121 seconds
11-11 00:00:35.069 I/UsageStatsService( 1526): User[0] Flushing usage stats to disk
11-11 00:00:35.069 W/kcp_info( 5265): HCDN_LOG: [T:5570]Update: udp kcp size[0], timeout kcp size[0]
11-11 00:00:35.069 D/QC-time-services( 642): Updating the TOD offset
11-11 00:00:35.069 D/QC-time-services( 642): Daemon:genoff_persistent_update: Writing genoff = 1668088521467 to memory
11-11 00:00:35.069 D/QC-time-services( 642): Daemon:Opening File: /mnt/vendor/persist/time/ats_1 /data/vendor/time/ats_1
11-11 00:00:35.069 D/QC-time-services( 642): Daemon:time_persistent_memory_opr:Genoff write operation
11-11 00:00:35.072 D/QC-time-services( 642): Daemon:genoff_set: Updating the WLAN offset
11-11 00:00:35.072 D/QC-time-services( 642): Daemon:genoff_persistent_update: Writing genoff = 1668088521467 to memory
11-11 00:00:35.072 D/QC-time-services( 642): Daemon:Opening File: /mnt/vendor/persist/time/ats_16 /data/vendor/time/ats_16
11-11 00:00:35.072 D/QC-time-services( 642): Daemon:time_persistent_memory_opr:Genoff write operation
11-11 00:00:35.074 I/WidgetsModel( 2527): found whitelist widget: com.android.settings, label: 璁剧疆蹇嵎鏂瑰紡, sectionName:S
11-11 00:00:35.074 I/WidgetsModel( 2527): found whitelist widget: com.android.gallery3d, label: 鐓х墖, sectionName:T
11-11 00:00:35.074 I/WidgetsModel( 2527): found whitelist widget: com.android.systemui, label: 瀵硅瘽, sectionName:D
11-11 00:00:35.075 I/WidgetsModel( 2527): found whitelist widget: com.android.music, label: 闊充箰, sectionName:Y
11-11 00:00:35.075 D/ModelWriter( 2527): removing items from db
11-11 00:00:35.075 D/ModelWriter( 2527): java.lang.Exception
11-11 00:00:35.075 D/ModelWriter( 2527): at com.android.launcher3.model.ModelWriter.deleteItemsFromDatabase(ModelWriter.java:280)
11-11 00:00:35.075 D/ModelWriter( 2527): at com.android.launcher3.model.ModelWriter.deleteItemsFromDatabase(ModelWriter.java:268)
11-11 00:00:35.075 D/ModelWriter( 2527): at com.android.launcher3.model.BaseModelUpdateTask.deleteAndBindComponentsRemoved(BaseModelUpdateTask.java:140)
11-11 00:00:35.075 D/ModelWriter( 2527): at com.android.launcher3.model.PackageUpdatedTask.execute(PackageUpdatedTask.java:353)
11-11 00:00:35.075 D/ModelWriter( 2527): at com.android.launcher3.model.BaseModelUpdateTask.run(BaseModelUpdateTask.java:80)
11-11 00:00:35.075 D/ModelWriter( 2527): at com.android.launcher3.util.LooperExecutor.execute(LooperExecutor.java:45)
11-11 00:00:35.075 D/ModelWriter( 2527): at com.android.launcher3.LauncherModel.enqueueModelUpdateTask(LauncherModel.java:555)
11-11 00:00:35.075 D/ModelWriter( 2527): at com.android.launcher3.LauncherModel.onPackageChanged(LauncherModel.java:156)
11-11 00:00:35.075 D/ModelWriter( 2527): at com.android.launcher3.LauncherModel.onAppIconChanged(LauncherModel.java:226)
11-11 00:00:35.075 D/ModelWriter( 2527): at com.android.launcher3.LauncherAppState$IconObserver.onAppIconChanged(LauncherAppState.java:206)
11-11 00:00:35.075 D/ModelWriter( 2527): at com.android.launcher3.icons.IconProvider$IconChangeReceiver.onReceive(IconProvider.java:371)
11-11 00:00:35.075 D/ModelWriter( 2527): at android.app.LoadedApk$ReceiverDispatcher$Args.lambda$getRunnable$0$LoadedApk$ReceiverDispatcher$Args(LoadedApk.java:1679)
11-11 00:00:35.075 D/ModelWriter( 2527): at android.app.LoadedApk$ReceiverDispatcher$Args$$ExternalSyntheticLambda0.run(Unknown Source:2)
11-11 00:00:35.075 D/ModelWriter( 2527): at android.os.Handler.handleCallback(Handler.java:938)
11-11 00:00:35.075 D/ModelWriter( 2527): at android.os.Handler.dispatchMessage(Handler.java:99)
11-11 00:00:35.075 D/ModelWriter( 2527): at android.os.Looper.loopOnce(Looper.java:201)
11-11 00:00:35.075 D/ModelWriter( 2527): at android.os.Looper.loop(Looper.java:288)
11-11 00:00:35.075 D/ModelWriter( 2527): at android.os.HandlerThread.run(HandlerThread.java:67)
11-11 00:00:35.076 D/TimeService( 5248): Set time successfully!
11-11 00:00:35.076 E/QC-time-services( 642): Daemon: Time-services: Waiting to acceptconnection
11-11 00:00:35.078 D/CompatibilityInfo( 1526): mCompatibilityFlags - 4
11-11 00:00:35.078 D/CompatibilityInfo( 1526): applicationDensity - 240
11-11 00:00:35.078 D/CompatibilityInfo( 1526): applicationScale - 1.0
11-11 00:00:35.083 D/BaseModelUpdateTask( 2527): BaseModelUpdateTask constructor
11-11 00:00:35.083 D/BaseModelUpdateTask( 2527): java.lang.Exception
11-11 00:00:35.083 D/BaseModelUpdateTask( 2527): at com.android.launcher3.model.BaseModelUpdateTask.(BaseModelUpdateTask.java:57)
11-11 00:00:35.083 D/BaseModelUpdateTask( 2527): at com.android.launcher3.model.AddWorkspaceItemsTask.(AddWorkspaceItemsTask.java:58)
11-11 00:00:35.083 D/BaseModelUpdateTask( 2527): at com.android.launcher3.LauncherModel.addAndBindAddedWorkspaceItems(LauncherModel.java:145)
11-11 00:00:35.083 D/BaseModelUpdateTask( 2527): at com.android.launcher3.model.PackageUpdatedTask.updateToWorkSpace(PackageUpdatedTask.java:406)
11-11 00:00:35.083 D/BaseModelUpdateTask( 2527): at com.android.launcher3.model.PackageUpdatedTask.execute(PackageUpdatedTask.java:370)
11-11 00:00:35.083 D/BaseModelUpdateTask( 2527): at com.android.launcher3.model.BaseModelUpdateTask.run(BaseModelUpdateTask.java:80)
11-11 00:00:35.083 D/BaseModelUpdateTask( 2527): at com.android.launcher3.util.LooperExecutor.execute(LooperExecutor.java:45)
11-11 00:00:35.083 D/BaseModelUpdateTask( 2527): at com.android.launcher3.LauncherModel.enqueueModelUpdateTask(LauncherModel.java:555)
11-11 00:00:35.083 D/BaseModelUpdateTask( 2527): at com.android.launcher3.LauncherModel.onPackageChanged(LauncherModel.java:156)
11-11 00:00:35.083 D/BaseModelUpdateTask( 2527): at com.android.launcher3.LauncherModel.onAppIconChanged(LauncherModel.java:226)
11-11 00:00:35.083 D/BaseModelUpdateTask( 2527): at com.android.launcher3.LauncherAppState$IconObserver.onAppIconChanged(LauncherAppState.java:206)
11-11 00:00:35.083 D/BaseModelUpdateTask( 2527): at com.android.launcher3.icons.IconProvider$IconChangeReceiver.onReceive(IconProvider.java:371)
11-11 00:00:35.083 D/BaseModelUpdateTask( 2527): at android.app.LoadedApk$ReceiverDispatcher$Args.lambda$getRunnable$0$LoadedApk$ReceiverDispatcher$Args(LoadedApk.java:1679)
11-11 00:00:35.083 D/BaseModelUpdateTask( 2527): at android.app.LoadedApk$ReceiverDispatcher$Args$$ExternalSyntheticLambda0.run(Unknown Source:2)
11-11 00:00:35.083 D/BaseModelUpdateTask( 2527): at android.os.Handler.handleCallback(Handler.java:938)
11-11 00:00:35.083 D/BaseModelUpdateTask( 2527): at android.os.Handler.dispatchMessage(Handler.java:99)
11-11 00:00:35.083 D/BaseModelUpdateTask( 2527): at android.os.Looper.loopOnce(Looper.java:201)
11-11 00:00:35.083 D/BaseModelUpdateTask( 2527): at android.os.Looper.loop(Looper.java:288)
11-11 00:00:35.083 D/BaseModelUpdateTask( 2527): at android.os.HandlerThread.run(HandlerThread.java:67)
11-11 00:00:35.092 I/UsageStatsDatabase( 1526): Time changed by -137d20h22m1s299ms. files deleted: 0 files moved: 6
11-11 00:00:35.097 I/UsageStatsService( 1526): User[0] Rollover scheduled @ 2022-11-11 23:54:24(1668182064048)
11-11 00:00:35.105 W/q_h_c_d ( 5265): HCDN_LOG: [T:5528]AsyncPost:1226,------> AsyncPost (reid: 64850021, requestUrl: http://127.0.0.1:1971/md, connect timeout: 5000, read timeout: 8000, qtp enable: 0)
11-11 00:00:35.105 W/q_h_c_d ( 5265): HCDN_LOG: [T:5527]SetEasyOpt:1330,curl_easy_setopt CURLOPT_IPRESOLVE success (reid: 64850021, ipresolve: 1)
11-11 00:00:35.105 W/q_h_c_d ( 5265): HCDN_LOG: [T:5528]AsyncPost:1226,------> AsyncPost (reid: 64850022, requestUrl: http://127.0.0.1:1981/md, connect timeout: 5000, read timeout: 8000, qtp enable: 0)
11-11 00:00:35.105 W/q_h_c_d ( 5265): HCDN_LOG: [T:5527]SetEasyOpt:1883,curl_easy_setopt CURLOPT_URL success: http://127.0.0.1:1971/md?business=QTP&cache_enable=1&cache_only=1 (reid: 64850021)
11-11 00:00:35.105 W/q_h_c_d ( 5265): HCDN_LOG: [T:5527]SetEasyOpt:2686,curl_easy_setopt CURLOPT_LOW_SPEED_LIMIT success for global (reid: 64850021, speed: 1)
11-11 00:00:35.106 W/q_h_c_d ( 5265): HCDN_LOG: [T:5528]AsyncPost:1226,------> AsyncPost (reid: 64850023, requestUrl: http://127.0.0.1:1991/md, connect timeout: 5000, read timeout: 8000, qtp enable: 0)
11-11 00:00:35.106 W/q_h_c_d ( 5265): HCDN_LOG: [T:5527]SetEasyOpt:2698,curl_easy_setopt CURLOPT_LOW_SPEED_TIME success for global (reid: 64850021, time: 10)
11-11 00:00:35.106 W/q_h_c_d ( 5265): HCDN_LOG: [T:5527]SetEasyOpt:2903,curl_easy_setopt CURLOPT_CONNECTTIMEOUT_MS success (reid: 64850021, timeout: 5000)
11-11 00:00:35.106 W/q_h_c_d ( 5265): HCDN_LOG: [T:5527]SetEasyOpt:2954,curl_easy_setopt CURLOPT_TIMEOUT_MS success (reid: 64850021, timeout: 8000)
11-11 00:00:35.106 W/q_h_c_d ( 5265): HCDN_LOG: [T:5528]AsyncPost:1226,------> AsyncPost (reid: 64850024, requestUrl: http://localhost/md, connect timeout: 5000, read timeout: 8000, qtp enable: 0)
11-11 00:00:35.106 W/q_h_c_d ( 5265): HCDN_LOG: [T:5527]AddToMultiHandle:965,AddToMultiHandle: reid: 64850021, taskid(0), moduleId(14), offset(0), length(-1) , CURL(0xb31033a0) , m_mapRun(1), m_mapReqId2EasyHandle(1), m_vecModuleRun(0,0,1,0,0,0,0,0,0)
11-11 00:00:35.108 W/q_h_c_d ( 5265): HCDN_LOG: [T:5527]ProcessCurlMsg:596,curl error detected (reid: 64850021, error: ownErrCode: 2004 (CURL message done with error), sysErrno: 0, transErrCode: 0, mCurlErrCode: 0, eCurlErrCode: 7)
11-11 00:00:35.108 W/q_h_c_d ( 5265): HCDN_LOG: [T:5527]ExecuteCallback:2463,HTTP time information: reid: 64850021, reqScheduleTime: 1668096035105, reqBeginTime: 1668096035106, qtpDnsEndTime: 1668096035106, startRecvHeaderTime: 0, startRecvBodyTime: 0, reqEndTime: 1668096035108
11-11 00:00:35.108 W/q_h_c_d ( 5265): HCDN_LOG: [T:5527]ExecuteCallback:2669,HTTP finished, reid: 64850021, status: ownErrCode: 2004 (CURL message done with error), sysErrno: 0, transErrCode: 0, mCurlErrCode: 0, eCurlErrCode: 7, HTTP status code: 0, HTTP version: 0, trypath:
11-11 00:00:35.108 W/q_h_c_d ( 5265): HCDN_LOG: [T:5527]ProcessCurlMsg:620,ProcessCurlMsg: reid: 64850021, taskid(0), moduleId(14), offset(0), length(-1) , CURL(0x0) , m_mapRun(0), m_mapReqId2EasyHandle(0), m_vecModuleRun(0,0,0,0,0,0,0,0,0)
11-11 00:00:35.108 W/q_h_c_d ( 5265): HCDN_LOG: [T:5527]SetEasyOpt:1330,curl_easy_setopt CURLOPT_IPRESOLVE success (reid: 64850022, ipresolve: 1)
11-11 00:00:35.108 W/q_h_c_d ( 5265): HCDN_LOG: [T:5527]SetEasyOpt:1883,curl_easy_setopt CURLOPT_URL success: http://127.0.0.1:1981/md?business=QTP&cache_enable=1&cache_only=1 (reid: 64850022)
11-11 00:00:35.108 W/q_h_c_d ( 5265): HCDN_LOG: [T:5527]SetEasyOpt:2686,curl_easy_setopt CURLOPT_LOW_SPEED_LIMIT success for global (reid: 64850022, speed: 1)
11-11 00:00:35.108 W/q_h_c_d ( 5265): HCDN_LOG: [T:5527]SetEasyOpt:2698,curl_easy_setopt CURLOPT_LOW_SPEED_TIME success for global (reid: 64850022, time: 10)
11-11 00:00:35.108 W/q_h_c_d ( 5265): HCDN_LOG: [T:5527]SetEasyOpt:2903,curl_easy_setopt CURLOPT_CONNECTTIMEOUT_MS success (reid: 64850022, timeout: 5000)
11-11 00:00:35.109 W/q_h_c_d ( 5265): HCDN_LOG: [T:5527]SetEasyOpt:2954,curl_easy_setopt CURLOPT_TIMEOUT_MS success (reid: 64850022, timeout: 8000)
11-11 00:00:35.109 W/q_h_c_d ( 5265): HCDN_LOG: [T:5527]AddToMultiHandle:965,AddToMultiHandle: reid: 64850022, taskid(0), moduleId(14), offset(0), length(-1) , CURL(0xb31033a0) , m_mapRun(1), m_mapReqId2EasyHandle(1), m_vecModuleRun(0,0,1,0,0,0,0,0,0)
11-11 00:00:35.109 W/q_h_c_d ( 5265): HCDN_LOG: [T:5527]SetEasyOpt:1330,curl_easy_setopt CURLOPT_IPRESOLVE success (reid: 64850023, ipresolve: 1)
11-11 00:00:35.109 W/q_h_c_d ( 5265): HCDN_LOG: [T:5527]SetEasyOpt:1883,curl_easy_setopt CURLOPT_URL success: http://127.0.0.1:1991/md?business=QTP&cache_enable=1&cache_only=1 (reid: 64850023)
11-11 00:00:35.109 W/q_h_c_d ( 5265): HCDN_LOG: [T:5527]SetEasyOpt:2686,curl_easy_setopt CURLOPT_LOW_SPEED_LIMIT success for global (reid: 64850023, speed: 1)
11-11 00:00:35.109 W/q_h_c_d ( 5265): HCDN_LOG: [T:5527]SetEasyOpt:2698,curl_easy_setopt CURLOPT_LOW_SPEED_TIME success for global (reid: 64850023, time: 10)
11-11 00:00:35.109 W/q_h_c_d ( 5265): HCDN_LOG: [T:5527]SetEasyOpt:2903,curl_easy_setopt CURLOPT_CONNECTTIMEOUT_MS success (reid: 64850023, timeout: 5000)
11-11 00:00:35.109 W/q_h_c_d ( 5265): HCDN_LOG: [T:5527]SetEasyOpt:2954,curl_easy_setopt CURLOPT_TIMEOUT_MS success (reid: 64850023, timeout: 8000)
11-11 00:00:35.109 W/q_h_c_d ( 5265): HCDN_LOG: [T:5527]AddToMultiHandle:965,AddToMultiHandle: reid: 64850023, taskid(0), moduleId(14), offset(0), length(-1) , CURL(0xe46ee320) , m_mapRun(2), m_mapReqId2EasyHandle(2), m_vecModuleRun(0,0,2,0,0,0,0,0,0)
11-11 00:00:35.109 W/q_h_c_d ( 5265): HCDN_LOG: [T:5527]SetEasyOpt:1330,curl_easy_setopt CURLOPT_IPRESOLVE success (reid: 64850024, ipresolve: 1)
11-11 00:00:35.109 W/q_h_c_d ( 5265): HCDN_LOG: [T:5527]SetEasyOpt:1883,curl_easy_setopt CURLOPT_URL success: http://localhost/md?business=QTP&cache_enable=1&cache_only=1 (reid: 64850024)
11-11 00:00:35.109 W/q_h_c_d ( 5265): HCDN_LOG: [T:5527]SetEasyOpt:2686,curl_easy_setopt CURLOPT_LOW_SPEED_LIMIT success for global (reid: 64850024, speed: 1)
11-11 00:00:35.109 W/q_h_c_d ( 5265): HCDN_LOG: [T:5527]SetEasyOpt:2698,curl_easy_setopt CURLOPT_LOW_SPEED_TIME success for global (reid: 64850024, time: 10)
11-11 00:00:35.109 W/q_h_c_d ( 5265): HCDN_LOG: [T:5527]SetEasyOpt:2903,curl_easy_setopt CURLOPT_CONNECTTIMEOUT_MS success (reid: 64850024, timeout: 5000)
11-11 00:00:35.109 W/q_h_c_d ( 5265): HCDN_LOG: [T:5527]SetEasyOpt:2954,curl_easy_setopt CURLOPT_TIMEOUT_MS success (reid: 64850024, timeout: 8000)
11-11 00:00:35.109 W/q_h_c_d ( 5265): HCDN_LOG: [T:5527]AddToMultiHandle:965,AddToMultiHandle: reid: 64850024, taskid(0), moduleId(14), offset(0), length(-1) , CURL(0xb311d020) , m_mapRun(3), m_mapReqId2EasyHandle(3), m_vecModuleRun(0,0,3,0,0,0,0,0,0)
11-11 00:00:35.111 W/q_h_c_d ( 5265): HCDN_LOG: [T:5527]ProcessCurlMsg:596,curl error detected (reid: 64850022, error: ownErrCode: 2004 (CURL message done with error), sysErrno: 0, transErrCode: 0, mCurlErrCode: 0, eCurlErrCode: 7)
11-11 00:00:35.111 W/q_h_c_d ( 5265): HCDN_LOG: [T:5527]ExecuteCallback:2463,HTTP time information: reid: 64850022, reqScheduleTime: 1668096035105, reqBeginTime: 1668096035109, qtpDnsEndTime: 1668096035109, startRecvHeaderTime: 0, startRecvBodyTime: 0, reqEndTime: 1668096035111
11-11 00:00:35.111 W/q_h_c_d ( 5265): HCDN_LOG: [T:5527]ExecuteCallback:2669,HTTP finished, reid: 64850022, status: ownErrCode: 2004 (CURL message done with error), sysErrno: 0, transErrCode: 0, mCurlErrCode: 0, eCurlErrCode: 7, HTTP status code: 0, HTTP version: 0, trypath:
11-11 00:00:35.111 W/q_h_c_d ( 5265): HCDN_LOG: [T:5527]ProcessCurlMsg:620,ProcessCurlMsg: reid: 64850022, taskid(0), moduleId(14), offset(0), length(-1) , CURL(0x0) , m_mapRun(2), m_mapReqId2EasyHandle(2), m_vecModuleRun(0,0,2,0,0,0,0,0,0)
11-11 00:00:35.111 W/q_h_c_d ( 5265): HCDN_LOG: [T:5527]ProcessCurlMsg:596,curl error detected (reid: 64850023, error: ownErrCode: 2004 (CURL message done with error), sysErrno: 0, transErrCode: 0, mCurlErrCode: 0, eCurlErrCode: 7)
11-11 00:00:35.111 W/q_h_c_d ( 5265): HCDN_LOG: [T:5527]ExecuteCallback:2463,HTTP time information: reid: 64850023, reqScheduleTime: 1668096035106, reqBeginTime: 1668096035109, qtpDnsEndTime: 1668096035109, startRecvHeaderTime: 0, startRecvBodyTime: 0, reqEndTime: 1668096035111
11-11 00:00:35.111 W/q_h_c_d ( 5265): HCDN_LOG: [T:5527]ExecuteCallback:2669,HTTP finished, reid: 64850023, status: ownErrCode: 2004 (CURL message done with error), sysErrno: 0, transErrCode: 0, mCurlErrCode: 0, eCurlErrCode: 7, HTTP status code: 0, HTTP version: 0, trypath:
11-11 00:00:35.111 W/q_h_c_d ( 5265): HCDN_LOG: [T:5527]ProcessCurlMsg:620,ProcessCurlMsg: reid: 64850023, taskid(0), moduleId(14), offset(0), length(-1) , CURL(0x0) , m_mapRun(1), m_mapReqId2EasyHandle(1), m_vecModuleRun(0,0,1,0,0,0,0,0,0)
11-11 00:00:35.111 W/q_h_c_d ( 5265): HCDN_LOG: [T:5527]ProcessCurlMsg:596,curl error detected (reid: 64850024, error: ownErrCode: 2004 (CURL message done with error), sysErrno: 0, transErrCode: 0, mCurlErrCode: 0, eCurlErrCode: 7)
11-11 00:00:35.111 W/q_h_c_d ( 5265): HCDN_LOG: [T:5527]ExecuteCallback:2463,HTTP time information: reid: 64850024, reqScheduleTime: 1668096035106, reqBeginTime: 1668096035109, qtpDnsEndTime: 1668096035109, startRecvHeaderTime: 0, startRecvBodyTime: 0, reqEndTime: 1668096035111
11-11 00:00:35.111 W/q_h_c_d ( 5265): HCDN_LOG: [T:5527]ExecuteCallback:2669,HTTP finished, reid: 64850024, status: ownErrCode: 2004 (CURL message done with error), sysErrno: 0, transErrCode: 0, mCurlErrCode: 0, eCurlErrCode: 7, HTTP status code: 0, HTTP version: 0, trypath:
11-11 00:00:35.111 W/q_h_c_d ( 5265): HCDN_LOG: [T:5527]ProcessCurlMsg:620,ProcessCurlMsg: reid: 64850024, taskid(0), moduleId(14), offset(0), length(-1) , CURL(0x0) , m_mapRun(0), m_mapReqId2EasyHandle(0), m_vecModuleRun(0,0,0,0,0,0,0,0,0)
11-11 00:00:35.190 D/audio_hw_primary( 796): copl(0xf280c970):out of compress_wait
11-11 00:00:35.195 D/audio_hw_primary( 796): No space available in compress driver, post msg to cb thread
11-11 00:00:35.197 D/audio_hw_primary( 796): copl(0xf280c970):calling compress_wait
11-11 00:00:35.213 I/Zeus/receiver( 5265): action[com.bytedance.openadsdk.settingReceiver] match success 锛?invoke onReceiver
11-11 00:00:35.214 I/NetClientAdapter( 5265): set useOkHttp:true
11-11 00:00:35.252 W/q_h_c_s ( 5265): HCDN_LOG: [T:5558]AsyncPost:1226,------> AsyncPost (reid: 67270017, requestUrl: http://127.0.0.1:1971/md, connect timeout: 5000, read timeout: 8000, qtp enable: 0)
11-11 00:00:35.253 W/q_h_c_s ( 5265): HCDN_LOG: [T:5558]AsyncPost:1226,------> AsyncPost (reid: 67270018, requestUrl: http://127.0.0.1:1981/md, connect timeout: 5000, read timeout: 8000, qtp enable: 0)
11-11 00:00:35.253 W/q_h_c_s ( 5265): HCDN_LOG: [T:5558]AsyncPost:1226,------> AsyncPost (reid: 67270019, requestUrl: http://127.0.0.1:1991/md, connect timeout: 5000, read timeout: 8000, qtp enable: 0)
11-11 00:00:35.253 W/q_h_c_s ( 5265): HCDN_LOG: [T:5558]AsyncPost:1226,------> AsyncPost (reid: 67270020, requestUrl: http://localhost/md, connect timeout: 5000, read timeout: 8000, qtp enable: 0)
11-11 00:00:35.253 W/q_h_c_s ( 5265): HCDN_LOG: [T:5557]SetEasyOpt:1330,curl_easy_setopt CURLOPT_IPRESOLVE success (reid: 67270017, ipresolve: 1)
11-11 00:00:35.254 W/q_h_c_s ( 5265): HCDN_LOG: [T:5557]SetEasyOpt:1883,curl_easy_setopt CURLOPT_URL success: http://127.0.0.1:1971/md?business=QTP&cache_enable=1&cache_only=1 (reid: 67270017)
11-11 00:00:35.254 W/q_h_c_s ( 5265): HCDN_LOG: [T:5557]SetEasyOpt:2686,curl_easy_setopt CURLOPT_LOW_SPEED_LIMIT success for global (reid: 67270017, speed: 1)
11-11 00:00:35.254 W/q_h_c_s ( 5265): HCDN_LOG: [T:5557]SetEasyOpt:2698,curl_easy_setopt CURLOPT_LOW_SPEED_TIME success for global (reid: 67270017, time: 10)
11-11 00:00:35.254 W/q_h_c_s ( 5265): HCDN_LOG: [T:5557]SetEasyOpt:2903,curl_easy_setopt CURLOPT_CONNECTTIMEOUT_MS success (reid: 67270017, timeout: 5000)
11-11 00:00:35.254 W/q_h_c_s ( 5265): HCDN_LOG: [T:5557]SetEasyOpt:2954,curl_easy_setopt CURLOPT_TIMEOUT_MS success (reid: 67270017, timeout: 8000)
11-11 00:00:35.254 W/q_h_c_s ( 5265): HCDN_LOG: [T:5557]AddToMultiHandle:965,AddToMultiHandle: reid: 67270017, taskid(0), moduleId(14), offset(0), length(-1) , CURL(0xb31033a0) , m_mapRun(1), m_mapReqId2EasyHandle(1), m_vecModuleRun(0,0,1,0,0,0,0,0,0)
11-11 00:00:35.254 W/q_h_c_s ( 5265): HCDN_LOG: [T:5557]SetEasyOpt:1330,curl_easy_setopt CURLOPT_IPRESOLVE success (reid: 67270018, ipresolve: 1)
11-11 00:00:35.254 W/q_h_c_s ( 5265): HCDN_LOG: [T:5557]SetEasyOpt:1883,curl_easy_setopt CURLOPT_URL success: http://127.0.0.1:1981/md?business=QTP&cache_enable=1&cache_only=1 (reid: 67270018)
11-11 00:00:35.254 W/q_h_c_s ( 5265): HCDN_LOG: [T:5557]SetEasyOpt:2686,curl_easy_setopt CURLOPT_LOW_SPEED_LIMIT success for global (reid: 67270018, speed: 1)
11-11 00:00:35.254 W/q_h_c_s ( 5265): HCDN_LOG: [T:5557]SetEasyOpt:2698,curl_easy_setopt CURLOPT_LOW_SPEED_TIME success for global (reid: 67270018, time: 10)
11-11 00:00:35.254 W/q_h_c_s ( 5265): HCDN_LOG: [T:5557]SetEasyOpt:2903,curl_easy_setopt CURLOPT_CONNECTTIMEOUT_MS success (reid: 67270018, timeout: 5000)
11-11 00:00:35.254 W/q_h_c_s ( 5265): HCDN_LOG: [T:5557]SetEasyOpt:2954,curl_easy_setopt CURLOPT_TIMEOUT_MS success (reid: 67270018, timeout: 8000)
11-11 00:00:35.254 W/q_h_c_s ( 5265): HCDN_LOG: [T:5557]AddToMultiHandle:965,AddToMultiHandle: reid: 67270018, taskid(0), moduleId(14), offset(0), length(-1) , CURL(0xb31259a0) , m_mapRun(2), m_mapReqId2EasyHandle(2), m_vecModuleRun(0,0,2,0,0,0,0,0,0)
11-11 00:00:35.254 W/q_h_c_s ( 5265): HCDN_LOG: [T:5557]SetEasyOpt:1330,curl_easy_setopt CURLOPT_IPRESOLVE success (reid: 67270019, ipresolve: 1)
11-11 00:00:35.254 W/q_h_c_s ( 5265): HCDN_LOG: [T:5557]SetEasyOpt:1883,curl_easy_setopt CURLOPT_URL success: http://127.0.0.1:1991/md?business=QTP&cache_enable=1&cache_only=1 (reid: 67270019)
11-11 00:00:35.254 W/q_h_c_s ( 5265): HCDN_LOG: [T:5557]SetEasyOpt:2686,curl_easy_setopt CURLOPT_LOW_SPEED_LIMIT success for global (reid: 67270019, speed: 1)
11-11 00:00:35.254 W/q_h_c_s ( 5265): HCDN_LOG: [T:5557]SetEasyOpt:2698,curl_easy_setopt CURLOPT_LOW_SPEED_TIME success for global (reid: 67270019, time: 10)
11-11 00:00:35.254 W/q_h_c_s ( 5265): HCDN_LOG: [T:5557]SetEasyOpt:2903,curl_easy_setopt CURLOPT_CONNECTTIMEOUT_MS success (reid: 67270019, timeout: 5000)
11-11 00:00:35.254 W/q_h_c_s ( 5265): HCDN_LOG: [T:5557]SetEasyOpt:2954,curl_easy_setopt CURLOPT_TIMEOUT_MS success (reid: 67270019, timeout: 8000)
11-11 00:00:35.254 W/q_h_c_s ( 5265): HCDN_LOG: [T:5557]AddToMultiHandle:965,AddToMultiHandle: reid: 67270019, taskid(0), moduleId(14), offset(0), length(-1) , CURL(0xb3127c00) , m_mapRun(3), m_mapReqId2EasyHandle(3), m_vecModuleRun(0,0,3,0,0,0,0,0,0)
11-11 00:00:35.255 W/q_h_c_s ( 5265): HCDN_LOG: [T:5557]SetEasyOpt:1330,curl_easy_setopt CURLOPT_IPRESOLVE success (reid: 67270020, ipresolve: 1)
11-11 00:00:35.255 W/q_h_c_s ( 5265): HCDN_LOG: [T:5557]SetEasyOpt:1883,curl_easy_setopt CURLOPT_URL success: http://localhost/md?business=QTP&cache_enable=1&cache_only=1 (reid: 67270020)
11-11 00:00:35.255 W/q_h_c_s ( 5265): HCDN_LOG: [T:5557]SetEasyOpt:2686,curl_easy_setopt CURLOPT_LOW_SPEED_LIMIT success for global (reid: 67270020, speed: 1)
11-11 00:00:35.255 W/q_h_c_s ( 5265): HCDN_LOG: [T:5557]SetEasyOpt:2698,curl_easy_setopt CURLOPT_LOW_SPEED_TIME success for global (reid: 67270020, time: 10)
11-11 00:00:35.255 W/q_h_c_s ( 5265): HCDN_LOG: [T:5557]SetEasyOpt:2903,curl_easy_setopt CURLOPT_CONNECTTIMEOUT_MS success (reid: 67270020, timeout: 5000)
11-11 00:00:35.255 W/q_h_c_s ( 5265): HCDN_LOG: [T:5557]SetEasyOpt:2954,curl_easy_setopt CURLOPT_TIMEOUT_MS success (reid: 67270020, timeout: 8000)
11-11 00:00:35.255 W/q_h_c_s ( 5265): HCDN_LOG: [T:5557]AddToMultiHandle:965,AddToMultiHandle: reid: 67270020, taskid(0), moduleId(14), offset(0), length(-1) , CURL(0xb3122610) , m_mapRun(4), m_mapReqId2EasyHandle(4), m_vecModuleRun(0,0,4,0,0,0,0,0,0)
11-11 00:00:35.259 W/q_h_c_s ( 5265): HCDN_LOG: [T:5557]ProcessCurlMsg:596,curl error detected (reid: 67270017, error: ownErrCode: 2004 (CURL message done with error), sysErrno: 0, transErrCode: 0, mCurlErrCode: 0, eCurlErrCode: 7)
11-11 00:00:35.259 W/q_h_c_s ( 5265): HCDN_LOG: [T:5557]ExecuteCallback:2463,HTTP time information: reid: 67270017, reqScheduleTime: 1668096035252, reqBeginTime: 1668096035254, qtpDnsEndTime: 1668096035254, startRecvHeaderTime: 0, startRecvBodyTime: 0, reqEndTime: 1668096035259
11-11 00:00:35.259 W/q_h_c_s ( 5265): HCDN_LOG: [T:5557]ExecuteCallback:2669,HTTP finished, reid: 67270017, status: ownErrCode: 2004 (CURL message done with error), sysErrno: 0, transErrCode: 0, mCurlErrCode: 0, eCurlErrCode: 7, HTTP status code: 0, HTTP version: 0, trypath:
11-11 00:00:35.259 W/q_h_c_s ( 5265): HCDN_LOG: [T:5557]ProcessCurlMsg:620,ProcessCurlMsg: reid: 67270017, taskid(0), moduleId(14), offset(0), length(-1) , CURL(0x0) , m_mapRun(3), m_mapReqId2EasyHandle(3), m_vecModuleRun(0,0,3,0,0,0,0,0,0)
11-11 00:00:35.259 W/q_h_c_s ( 5265): HCDN_LOG: [T:5557]ProcessCurlMsg:596,curl error detected (reid: 67270018, error: ownErrCode: 2004 (CURL message done with error), sysErrno: 0, transErrCode: 0, mCurlErrCode: 0, eCurlErrCode: 7)
11-11 00:00:35.259 W/q_h_c_s ( 5265): HCDN_LOG: [T:5557]ExecuteCallback:2463,HTTP time information: reid: 67270018, reqScheduleTime: 1668096035253, reqBeginTime: 1668096035254, qtpDnsEndTime: 1668096035254, startRecvHeaderTime: 0, startRecvBodyTime: 0, reqEndTime: 1668096035259
11-11 00:00:35.259 W/q_h_c_s ( 5265): HCDN_LOG: [T:5557]ExecuteCallback:2669,HTTP finished, reid: 67270018, status: ownErrCode: 2004 (CURL message done with error), sysErrno: 0, transErrCode: 0, mCurlErrCode: 0, eCurlErrCode: 7, HTTP status code: 0, HTTP version: 0, trypath:
11-11 00:00:35.259 W/q_h_c_s ( 5265): HCDN_LOG: [T:5557]ProcessCurlMsg:620,ProcessCurlMsg: reid: 67270018, taskid(0), moduleId(14), offset(0), length(-1) , CURL(0x0) , m_mapRun(2), m_mapReqId2EasyHandle(2), m_vecModuleRun(0,0,2,0,0,0,0,0,0)
11-11 00:00:35.259 W/q_h_c_s ( 5265): HCDN_LOG: [T:5557]ProcessCurlMsg:596,curl error detected (reid: 67270019, error: ownErrCode: 2004 (CURL message done with error), sysErrno: 0, transErrCode: 0, mCurlErrCode: 0, eCurlErrCode: 7)
11-11 00:00:35.259 W/q_h_c_s ( 5265): HCDN_LOG: [T:5557]ExecuteCallback:2463,HTTP time information: reid: 67270019, reqScheduleTime: 1668096035253, reqBeginTime: 1668096035254, qtpDnsEndTime: 1668096035254, startRecvHeaderTime: 0, startRecvBodyTime: 0, reqEndTime: 1668096035259
11-11 00:00:35.259 W/q_h_c_s ( 5265): HCDN_LOG: [T:5557]ExecuteCallback:2669,HTTP finished, reid: 67270019, status: ownErrCode: 2004 (CURL message done with error), sysErrno: 0, transErrCode: 0, mCurlErrCode: 0, eCurlErrCode: 7, HTTP status code: 0, HTTP version: 0, trypath:
11-11 00:00:35.259 W/q_h_c_s ( 5265): HCDN_LOG: [T:5557]ProcessCurlMsg:620,ProcessCurlMsg: reid: 67270019, taskid(0), moduleId(14), offset(0), length(-1) , CURL(0x0) , m_mapRun(1), m_mapReqId2EasyHandle(1), m_vecModuleRun(0,0,1,0,0,0,0,0,0)
11-11 00:00:35.259 W/q_h_c_s ( 5265): HCDN_LOG: [T:5557]ProcessCurlMsg:596,curl error detected (reid: 67270020, error: ownErrCode: 2004 (CURL message done with error), sysErrno: 0, transErrCode: 0, mCurlErrCode: 0, eCurlErrCode: 7)
11-11 00:00:35.259 W/q_h_c_s ( 5265): HCDN_LOG: [T:5557]ExecuteCallback:2463,HTTP time information: reid: 67270020, reqScheduleTime: 1668096035253, reqBeginTime: 1668096035255, qtpDnsEndTime: 1668096035255, startRecvHeaderTime: 0, startRecvBodyTime: 0, reqEndTime: 1668096035259
11-11 00:00:35.259 W/q_h_c_s ( 5265): HCDN_LOG: [T:5557]ExecuteCallback:2669,HTTP finished, reid: 67270020, status: ownErrCode: 2004 (CURL message done with error), sysErrno: 0, transErrCode: 0, mCurlErrCode: 0, eCurlErrCode: 7, HTTP status code: 0, HTTP version: 0, trypath:
11-11 00:00:35.259 W/q_h_c_s ( 5265): HCDN_LOG: [T:5557]ProcessCurlMsg:620,ProcessCurlMsg: reid: 67270020, taskid(0), moduleId(14), offset(0), length(-1) , CURL(0x0) , m_mapRun(0), m_mapReqId2EasyHandle(0), m_vecModuleRun(0,0,0,0,0,0,0,0,0)
11-11 00:00:35.464 I/mpu_uart( 644): [MSG-P:RECV]:No message received in 1000 ms
11-11 00:00:35.569 I/auditd ( 2764): type=1400 audit(0.0:6317592): avc: denied { read } for comm="event_loop" lport=13400 scontext=u:r:hht_ota_mgr:s0 tcontext=u:r:hht_ota_mgr:s0 tclass=udp_socket permissive=0
11-11 00:00:35.569 W/event_loop( 2764): type=1400 audit(0.0:6317592): avc: denied { read } for lport=13400 scontext=u:r:hht_ota_mgr:s0 tcontext=u:r:hht_ota_mgr:s0 tclass=udp_socket permissive=0
11-11 00:00:35.569 I/auditd ( 2764): type=1400 audit(0.0:6317593): avc: denied { read } for comm="event_loop" lport=13400 scontext=u:r:hht_ota_mgr:s0 tcontext=u:r:hht_ota_mgr:s0 tclass=udp_socket permissive=0
11-11 00:00:35.569 W/event_loop( 2764): type=1400 audit(0.0:6317593): avc: denied { read } for lport=13400 scontext=u:r:hht_ota_mgr:s0 tcontext=u:r:hht_ota_mgr:s0 tclass=udp_socket permissive=0
11-11 00:00:35.569 I/auditd ( 2764): type=1400 audit(0.0:6317594): avc: denied { read } for comm="event_loop" lport=13400 scontext=u:r:hht_ota_mgr:s0 tcontext=u:r:hht_ota_mgr:s0 tclass=udp_socket permissive=0
11-11 00:00:35.569 W/event_loop( 2764): type=1400 audit(0.0:6317594): avc: denied { read } for lport=13400 scontext=u:r:hht_ota_mgr:s0 tcontext=u:r:hht_ota_mgr:s0 tclass=udp_socket permissive=0
11-11 00:00:35.569 I/auditd ( 2764): type=1400 audit(0.0:6317595): avc: denied { read } for comm="event_loop" lport=13400 scontext=u:r:hht_ota_mgr:s0 tcontext=u:r:hht_ota_mgr:s0 tclass=udp_socket permissive=0
11-11 00:00:35.569 W/event_loop( 2764): type=1400 audit(0.0:6317595): avc: denied { read } for lport=13400 scontext=u:r:hht_ota_mgr:s0 tcontext=u:r:hht_ota_mgr:s0 tclass=udp_socket permissive=0
11-11 00:00:35.569 I/auditd ( 2764): type=1400 audit(0.0:6317596): avc: denied { read } for comm="event_loop" lport=13400 scontext=u:r:hht_ota_mgr:s0 tcontext=u:r:hht_ota_mgr:s0 tclass=udp_socket permissive=0
11-11 00:00:35.569 W/event_loop( 2764): type=1400 audit(0.0:6317596): avc: denied { read } for lport=13400 scontext=u:r:hht_ota_mgr:s0 tcontext=u:r:hht_ota_mgr:s0 tclass=udp_socket permissive=0
11-11 00:10:37.617 W/audit ( 0): audit_lost=6317967 audit_rate_limit=5 audit_backlog_limit=64
11-11 00:10:37.617 E/audit ( 0): rate limit exceeded
11-11 00:00:35.948 I/OpenGLRenderer( 3511): Davey! duration=9223371653605ms; Flags=0, FrameTimelineVsyncId=3958, IntendedVsync=383249363424, Vsync=383249363424, InputEventId=0, HandleInputStart=383250071830, AnimationStart=383250075268, PerformTraversalsStart=383250077924, DrawStart=383250913601, FrameDeadline=383282696756, FrameInterval=383250059851, FrameStartTime=16666666, SyncQueued=383251552351, SyncStart=383251872195, IssueDrawCommandsStart=383252697403, SwapBuffers=383258852820, FrameCompleted=9223372036854775807, DequeueBufferDuration=40625, QueueBufferDuration=1160104, GpuCompleted=9223372036854775807, SwapBuffersCompleted=383260779174, DisplayPresentTime=0,
11-11 00:00:36.062 D/MicroSettings: SetTimeAction( 2156): current timestamp: 1668096036062
11-11 00:00:36.062 D/MicroSettings: SetTimeAction( 2156): setTime: 14000
11-11 00:00:36.063 D/AlarmManagerService( 1526): Setting time of day to sec=14
11-11 00:00:36.063 W/AlarmManagerService( 1526): Unable to set rtc to 14: Invalid argument
11-11 00:00:36.072 W/kcp_info( 5265): HCDN_LOG: [T:5570]Update: udp kcp size[0], timeout kcp size[0]
11-11 00:00:36.125 E/areainfo( 5265): HCDN_LOG: [T:5570]HandleMessage: 鍥藉/isp/鐪佷唤/鍖哄煙/鍩庡競: 涓浗/绉诲姩/鍥涘窛/瑗垮崡/
11-11 00:00:36.365 I/OpenGLRenderer( 3511): Davey! duration=9223371653187ms; Flags=0, FrameTimelineVsyncId=3964, IntendedVsync=383667034980, Vsync=383667034980, InputEventId=0, HandleInputStart=383668316778, AnimationStart=383668320424, PerformTraversalsStart=383668323080, DrawStart=383669206153, FrameDeadline=383700368312, FrameInterval=383668305892, FrameStartTime=16666666, SyncQueued=383669881830, SyncStart=383670041882, IssueDrawCommandsStart=383670931309, SwapBuffers=383677593861, FrameCompleted=9223372036854775807, DequeueBufferDuration=45885, QueueBufferDuration=1615416, GpuCompleted=9223372036854775807, SwapBuffersCompleted=383679928288, DisplayPresentTime=0,
11-11 00:00:36.464 I/mpu_uart( 644): [MSG-P:RECV]:No message received in 1000 ms
11-11 00:00:36.571 I/auditd ( 2764): type=1400 audit(0.0:6590353): avc: denied { read } for comm="event_loop" lport=13400 scontext=u:r:hht_ota_mgr:s0 tcontext=u:r:hht_ota_mgr:s0 tclass=udp_socket permissive=0
11-11 00:00:36.571 W/event_loop( 2764): type=1400 audit(0.0:6590353): avc: denied { read } for lport=13400 scontext=u:r:hht_ota_mgr:s0 tcontext=u:r:hht_ota_mgr:s0 tclass=udp_socket permissive=0
11-11 00:00:36.575 I/auditd ( 2764): type=1400 audit(0.0:6590354): avc: denied { read } for comm="event_loop" lport=13400 scontext=u:r:hht_ota_mgr:s0 tcontext=u:r:hht_ota_mgr:s0 tclass=udp_socket permissive=0
11-11 00:00:36.575 W/event_loop( 2764): type=1400 audit(0.0:6590354): avc: denied { read } for lport=13400 scontext=u:r:hht_ota_mgr:s0 tcontext=u:r:hht_ota_mgr:s0 tclass=udp_socket permissive=0
11-11 00:00:36.575 I/auditd ( 2764): type=1400 audit(0.0:6590355): avc: denied { read } for comm="event_loop" lport=13400 scontext=u:r:hht_ota_mgr:s0 tcontext=u:r:hht_ota_mgr:s0 tclass=udp_socket permissive=0
11-11 00:00:36.575 W/event_loop( 2764): type=1400 audit(0.0:6590355): avc: denied { read } for lport=13400 scontext=u:r:hht_ota_mgr:s0 tcontext=u:r:hht_ota_mgr:s0 tclass=udp_socket permissive=0
11-11 00:00:36.575 I/auditd ( 2764): type=1400 audit(0.0:6590356): avc: denied { read } for comm="event_loop" lport=13400 scontext=u:r:hht_ota_mgr:s0 tcontext=u:r:hht_ota_mgr:s0 tclass=udp_socket permissive=0
11-11 00:00:36.575 W/event_loop( 2764): type=1400 audit(0.0:6590356): avc: denied { read } for lport=13400 scontext=u:r:hht_ota_mgr:s0 tcontext=u:r:hht_ota_mgr:s0 tclass=udp_socket permissive=0
11-11 00:00:36.575 I/auditd ( 2764): type=1400 audit(0.0:6590357): avc: denied { read } for comm="event_loop" lport=13400 scontext=u:r:hht_ota_mgr:s0 tcontext=u:r:hht_ota_mgr:s0 tclass=udp_socket permissive=0
11-11 00:00:36.575 W/event_loop( 2764): type=1400 audit(0.0:6590357): avc: denied { read } for lport=13400 scontext=u:r:hht_ota_mgr:s0 tcontext=u:r:hht_ota_mgr:s0 tclass=udp_socket permissive=0
11-11 00:10:38.621 W/audit ( 0): audit_lost=6590718 audit_rate_limit=5 audit_backlog_limit=64
11-11 00:10:38.621 E/audit ( 0): rate limit exceeded
11-11 00:00:36.664 W/q_h_c_s ( 5265): HCDN_LOG: [T:5567]AsyncGet:1219,------> AsyncGet (reid: 67270021, requestUrl: http://msg.qy.net/b?t=11&ct=506232_hcdn&pf=2&p=22&p1=222&c1=&s1=&hnc=q2zmwed67bebpliluokpjvkq6eg6qllm&hnv=10.1.2.5703&sret=7&hnn=3&upr=3&upp=0&upi=0&upo=0&rtv=&rtm=, connect timeout: 5001, read timeout: 6000, qtp enable: 1)
11-11 00:00:36.664 W/q_h_c_s ( 5265): HCDN_LOG: [T:5567]SetState:1379,QTP State changed: QS_UNINIT =========> VP_START (reid: 67270021)
11-11 00:00:36.665 W/q_h_c_s ( 5265): HCDN_LOG: [T:5557]SetEasyOpt:1330,curl_easy_setopt CURLOPT_IPRESOLVE success (reid: 67270021, ipresolve: 1)
11-11 00:00:36.665 W/q_h_c_s ( 5265): HCDN_LOG: [T:5557]SetEasyOpt:1883,curl_easy_setopt CURLOPT_URL success: http://msg.qy.net/b?t=11&ct=506232_hcdn&pf=2&p=22&p1=222&c1=&s1=&hnc=q2zmwed67bebpliluokpjvkq6eg6qllm&hnv=10.1.2.5703&sret=7&hnn=3&upr=3&upp=0&upi=0&upo=0&rtv=&rtm= (reid: 67270021)
11-11 00:00:36.665 W/q_h_c_s ( 5265): HCDN_LOG: [T:5557]SetEasyOpt:2686,curl_easy_setopt CURLOPT_LOW_SPEED_LIMIT success for global (reid: 67270021, speed: 1)
11-11 00:00:36.665 W/q_h_c_s ( 5265): HCDN_LOG: [T:5557]SetEasyOpt:2698,curl_easy_setopt CURLOPT_LOW_SPEED_TIME success for global (reid: 67270021, time: 10)
11-11 00:00:36.665 W/q_h_c_s ( 5265): HCDN_LOG: [T:5557]SetEasyOpt:2903,curl_easy_setopt CURLOPT_CONNECTTIMEOUT_MS success (reid: 67270021, timeout: 5001)
11-11 00:00:36.665 W/q_h_c_s ( 5265): HCDN_LOG: [T:5557]SetEasyOpt:2954,curl_easy_setopt CURLOPT_TIMEOUT_MS success (reid: 67270021, timeout: 6000)
11-11 00:00:36.665 W/q_h_c_s ( 5265): HCDN_LOG: [T:5557]AddToMultiHandle:965,AddToMultiHandle: reid: 67270021, taskid(0), moduleId(0), offset(0), length(-1) , CURL(0xb3122610) , m_mapRun(1), m_mapReqId2EasyHandle(1), m_vecModuleRun(0,1,0,0,0,0,0,0,0)
11-11 00:00:36.732 I/OpenGLRenderer( 3511): Davey! duration=9223371652820ms; Flags=0, FrameTimelineVsyncId=3970, IntendedVsync=384034577272, Vsync=384034577272, InputEventId=0, HandleInputStart=384035470163, AnimationStart=384035473861, PerformTraversalsStart=384035476882, DrawStart=384036520996, FrameDeadline=384067910604, FrameInterval=384035458340, FrameStartTime=16666666, SyncQueued=384037051153, SyncStart=384037209746, IssueDrawCommandsStart=384038056205, SwapBuffers=384044546309, FrameCompleted=9223372036854775807, DequeueBufferDuration=44323, QueueBufferDuration=1274896, GpuCompleted=9223372036854775807, SwapBuffersCompleted=384046481153, DisplayPresentTime=0,
11-11 00:00:36.741 I/mpu_uart( 644): [MSG-P:R]:recv sync frame timeout
11-11 00:00:36.914 W/q_h_c_s ( 5265): HCDN_LOG: [T:5557]ProcessQtpStateWhenHttpDone:1511,Check QTP state, reid: 67270021, flags are isHijacked:0, isDataCallbacked:0, isHttpSockWorkable:0, isUproxyWorkable:0, isRange:0, isRangeLowSpeed:0
11-11 00:00:36.914 W/q_h_c_s ( 5265): HCDN_LOG: [T:5557]ExecuteCallback:2463,HTTP time information: reid: 67270021, reqScheduleTime: 1668096036664, reqBeginTime: 1668096036665, qtpDnsEndTime: 1668096036665, startRecvHeaderTime: 1668096036913, startRecvBodyTime: 0, reqEndTime: 1668096036913
11-11 00:00:36.914 W/q_h_c_s ( 5265): HCDN_LOG: [T:5557]ExecuteCallback:2669,HTTP finished, reid: 67270021, status: ownErrCode: 0 (MultiCurl HTTP request success), sysErrno: 0, transErrCode: 0, mCurlErrCode: 0, eCurlErrCode: 0, HTTP status code: 200, HTTP version: 1, trypath:ld
11-11 00:00:36.914 W/q_h_c_s ( 5265): HCDN_LOG: [T:5557]ProcessCurlMsg:620,ProcessCurlMsg: reid: 67270021, taskid(0), moduleId(0), offset(0), length(-1) , CURL(0x0) , m_mapRun(0), m_mapReqId2EasyHandle(0), m_vecModuleRun(0,0,0,0,0,0,0,0,0)
11-11 00:00:37.066 W/ContextImpl( 2156): Calling a method in the system process without a qualified user: android.app.ContextImpl.sendBroadcast:1173 android.content.ContextWrapper.sendBroadcast:479 com.thundercomm.microsettings.action.SetTimeAction.timeUpdated:212 com.thundercomm.microsettings.action.SetTimeAction.update24HourFormat:194 com.thundercomm.microsettings.action.SetTimeAction.doActualAction:154
11-11 00:00:37.074 D/MicroSettings: ITCMicroCommonCallback( 2156): get request method = syncTime parameters = {"IDCM_Time_12_24":"24","IDCM_Timestamp":14000,"IDCM_Timezone":"GMT+08:00"}
11-11 00:00:37.075 D/AlarmManagerService( 1526): Kernel timezone updated to -480 minutes west of GMT
11-11 00:00:37.075 D/DevicePolicyManager( 1526): updateSystemUpdateFreezePeriodsRecord
11-11 00:00:37.075 D/MicroSettings: SetTimeAction( 2156): setTimezone: Asia/Shanghai
11-11 00:00:37.076 D/AlarmManagerService( 1526): Kernel timezone updated to -480 minutes west of GMT
11-11 00:00:37.076 D/ConditionProviders.SCP( 1526): onReceive android.intent.action.TIME_SET
11-11 00:00:37.077 D/IconProvider( 2527): onReceive: android.intent.action.TIME_SET
11-11 00:00:37.077 D/KeyguardUpdateMonitor( 2000): received broadcast android.intent.action.TIME_SET
11-11 00:00:37.077 D/BaseModelUpdateTask( 2527): BaseModelUpdateTask constructor
11-11 00:00:37.077 D/BaseModelUpdateTask( 2527): java.lang.Exception
11-11 00:00:37.077 D/BaseModelUpdateTask( 2527): at com.android.launcher3.model.BaseModelUpdateTask.(BaseModelUpdateTask.java:57)
11-11 00:00:37.077 D/BaseModelUpdateTask( 2527): at com.android.launcher3.model.PackageUpdatedTask.(PackageUpdatedTask.java:88)
11-11 00:00:37.077 D/BaseModelUpdateTask( 2527): at com.android.launcher3.LauncherModel.onPackageChanged(LauncherModel.java:156)
11-11 00:00:37.077 D/BaseModelUpdateTask( 2527): at com.android.launcher3.LauncherModel.onAppIconChanged(LauncherModel.java:226)
11-11 00:00:37.077 D/BaseModelUpdateTask( 2527): at com.android.launcher3.LauncherAppState$IconObserver.onAppIconChanged(LauncherAppState.java:206)
11-11 00:00:37.077 D/BaseModelUpdateTask( 2527): at com.android.launcher3.icons.IconProvider$IconChangeReceiver.onReceive(IconProvider.java:371)
11-11 00:00:37.077 D/BaseModelUpdateTask( 2527): at android.app.LoadedApk$ReceiverDispatcher$Args.lambda$getRunnable$0$LoadedApk$ReceiverDispatcher$Args(LoadedApk.java:1679)
11-11 00:00:37.077 D/BaseModelUpdateTask( 2527): at android.app.LoadedApk$ReceiverDispatcher$Args$$ExternalSyntheticLambda0.run(Unknown Source:2)
11-11 00:00:37.077 D/BaseModelUpdateTask( 2527): at android.os.Handler.handleCallback(Handler.java:938)
11-11 00:00:37.077 D/BaseModelUpdateTask( 2527): at android.os.Handler.dispatchMessage(Handler.java:99)
11-11 00:00:37.077 D/BaseModelUpdateTask( 2527): at android.os.Looper.loopOnce(Looper.java:201)
11-11 00:00:37.077 D/BaseModelUpdateTask( 2527): at android.os.Looper.loop(Looper.java:288)
11-11 00:00:37.077 D/BaseModelUpdateTask( 2527): at android.os.HandlerThread.run(HandlerThread.java:67)
11-11 00:00:37.077 D/KeyguardUpdateMonitor( 2000): handleTimeUpdate
11-11 00:00:37.077 D/OsAgent ( 2639): [time_change_update][3164] [HC] =>> [HS]
11-11 00:00:37.078 D/PackageUpdatedTask( 2527): PackageUpdatedTask constructor: op=2,user=UserHandle{0},packages=[com.android.calendar]
11-11 00:00:37.078 D/PackageUpdatedTask( 2527): java.lang.Exception
11-11 00:00:37.078 D/PackageUpdatedTask( 2527): at com.android.launcher3.model.PackageUpdatedTask.(PackageUpdatedTask.java:93)
11-11 00:00:37.078 D/PackageUpdatedTask( 2527): at com.android.launcher3.LauncherModel.onPackageChanged(LauncherModel.java:156)
11-11 00:00:37.078 D/PackageUpdatedTask( 2527): at com.android.launcher3.LauncherModel.onAppIconChanged(LauncherModel.java:226)
11-11 00:00:37.078 D/PackageUpdatedTask( 2527): at com.android.launcher3.LauncherAppState$IconObserver.onAppIconChanged(LauncherAppState.java:206)
11-11 00:00:37.078 D/PackageUpdatedTask( 2527): at com.android.launcher3.icons.IconProvider$IconChangeReceiver.onReceive(IconProvider.java:371)
11-11 00:00:37.078 D/PackageUpdatedTask( 2527): at android.app.LoadedApk$ReceiverDispatcher$Args.lambda$getRunnable$0$LoadedApk$ReceiverDispatcher$Args(LoadedApk.java:1679)
11-11 00:00:37.078 D/PackageUpdatedTask( 2527): at android.app.LoadedApk$ReceiverDispatcher$Args$$ExternalSyntheticLambda0.run(Unknown Source:2)
11-11 00:00:37.078 D/PackageUpdatedTask( 2527): at android.os.Handler.handleCallback(Handler.java:938)
11-11 00:00:37.078 D/PackageUpdatedTask( 2527): at android.os.Handler.dispatchMessage(Handler.java:99)
11-11 00:00:37.078 D/PackageUpdatedTask( 2527): at android.os.Looper.loopOnce(Looper.java:201)
11-11 00:00:37.078 D/PackageUpdatedTask( 2527): at android.os.Looper.loop(Looper.java:288)
11-11 00:00:37.078 D/PackageUpdatedTask( 2527): at android.os.HandlerThread.run(HandlerThread.java:67)
11-11 00:00:37.078 D/IconProvider( 2527): onReceive: android.intent.action.TIME_SET
11-11 00:00:37.078 D/ConditionProviders.SCP( 1526): evaluateSubscriptionLocked cal=ScheduleCalendar[mDays={1, 2, 3, 4, 5, 6, 7}, mSchedule=ScheduleInfo{days=[1, 2, 3, 4, 5, 6, 7], startHour=22, startMinute=0, endHour=7, endMinute=0, exitAtAlarm=true, nextAlarm=Thu Jan 01 08:00:00 GMT+08:00 1970 (0)}], now=Fri Nov 11 00:00:37 GMT+08:00 2022 (1668096037076), nextUserAlarmTime=Thu Jan 01 08:00:00 GMT+08:00 1970 (0)
11-11 00:00:37.078 V/LocSvc_HIDL_IzatSubscription( 809): [timeChangeUpdate][645] [HS] <<<<= [HC]
11-11 00:00:37.078 D/ConditionProviders.SCP( 1526): notifyCondition condition://android/schedule?days=1.2.3.4.5.6.7&start=22.0&end=7.0&exitAtAlarm=true STATE_TRUE reason=meetsSchedule
11-11 00:00:37.078 D/Launcher.IconCache( 2527): Package not found
11-11 00:00:37.078 D/Launcher.IconCache( 2527): android.content.pm.PackageManager$NameNotFoundException: com.android.calendar
11-11 00:00:37.078 D/Launcher.IconCache( 2527): at android.app.ApplicationPackageManager.getPackageInfoAsUser(ApplicationPackageManager.java:241)
11-11 00:00:37.078 D/Launcher.IconCache( 2527): at android.app.ApplicationPackageManager.getPackageInfo(ApplicationPackageManager.java:213)
11-11 00:00:37.078 D/Launcher.IconCache( 2527): at com.android.launcher3.icons.IconCache.updateIconsForPkg(IconCache.java:122)
11-11 00:00:37.078 D/Launcher.IconCache( 2527): at com.android.launcher3.model.PackageUpdatedTask.execute(PackageUpdatedTask.java:130)
11-11 00:00:37.078 D/Launcher.IconCache( 2527): at com.android.launcher3.model.BaseModelUpdateTask.run(BaseModelUpdateTask.java:80)
11-11 00:00:37.078 D/Launcher.IconCache( 2527): at com.android.launcher3.util.LooperExecutor.execute(LooperExecutor.java:45)
11-11 00:00:37.078 D/Launcher.IconCache( 2527): at com.android.launcher3.LauncherModel.enqueueModelUpdateTask(LauncherModel.java:555)
