11-11 00:00:39.756 E/DisplayDeviceConfig( 1526): requesting nits when no mapping exists.
11-11 00:00:39.756 I/am_wtf ( 1526): [0,1526,system_server,-1,DisplayDeviceConfig,requesting nits when no mapping exists.]
11-11 00:00:39.757 I/am_wtf ( 1526): [0,1526,system_server,-1,DisplayDeviceConfig,requesting nits when no mapping exists.]
11-11 00:00:39.772 E/DisplayDeviceConfig( 1526): requesting nits when no mapping exists.
11-11 00:00:39.772 E/DisplayDeviceConfig( 1526): requesting nits when no mapping exists.
11-11 00:00:39.774 I/am_wtf ( 1526): [0,1526,system_server,-1,DisplayDeviceConfig,requesting nits when no mapping exists.]
11-11 00:00:39.775 I/am_wtf ( 1526): [0,1526,system_server,-1,DisplayDeviceConfig,requesting nits when no mapping exists.]
11-11 00:00:39.789 E/DisplayDeviceConfig( 1526): requesting nits when no mapping exists.
11-11 00:00:39.789 E/DisplayDeviceConfig( 1526): requesting nits when no mapping exists.
11-11 00:00:39.789 I/am_wtf ( 1526): [0,1526,system_server,-1,DisplayDeviceConfig,requesting nits when no mapping exists.]
11-11 00:00:39.790 I/am_wtf ( 1526): [0,1526,system_server,-1,DisplayDeviceConfig,requesting nits when no mapping exists.]
11-11 00:00:39.805 E/DisplayDeviceConfig( 1526): requesting nits when no mapping exists.
11-11 00:00:39.806 E/DisplayDeviceConfig( 1526): requesting nits when no mapping exists.
11-11 00:00:39.806 I/am_wtf ( 1526): [0,1526,system_server,-1,DisplayDeviceConfig,requesting nits when no mapping exists.]
11-11 00:00:39.807 I/am_wtf ( 1526): [0,1526,system_server,-1,DisplayDeviceConfig,requesting nits when no mapping exists.]
11-11 00:00:39.822 E/DisplayDeviceConfig( 1526): requesting nits when no mapping exists.
11-11 00:00:39.823 E/DisplayDeviceConfig( 1526): requesting nits when no mapping exists.
11-11 00:00:39.823 I/am_wtf ( 1526): [0,1526,system_server,-1,DisplayDeviceConfig,requesting nits when no mapping exists.]
11-11 00:00:39.824 I/am_wtf ( 1526): [0,1526,system_server,-1,DisplayDeviceConfig,requesting nits when no mapping exists.]
11-11 00:00:39.839 E/DisplayDeviceConfig( 1526): requesting nits when no mapping exists.
11-11 00:00:39.839 E/DisplayDeviceConfig( 1526): requesting nits when no mapping exists.
11-11 00:00:39.839 I/am_wtf ( 1526): [0,1526,system_server,-1,DisplayDeviceConfig,requesting nits when no mapping exists.]
11-11 00:00:39.840 I/am_wtf ( 1526): [0,1526,system_server,-1,DisplayDeviceConfig,requesting nits when no mapping exists.]
11-11 00:00:39.856 E/DisplayDeviceConfig( 1526): requesting nits when no mapping exists.
11-11 00:00:39.856 E/DisplayDeviceConfig( 1526): requesting nits when no mapping exists.
11-11 00:00:39.856 I/am_wtf ( 1526): [0,1526,system_server,-1,DisplayDeviceConfig,requesting nits when no mapping exists.]
11-11 00:00:39.857 I/am_wtf ( 1526): [0,1526,system_server,-1,DisplayDeviceConfig,requesting nits when no mapping exists.]
11-11 00:00:39.872 E/DisplayDeviceConfig( 1526): requesting nits when no mapping exists.
11-11 00:00:39.873 E/DisplayDeviceConfig( 1526): requesting nits when no mapping exists.
11-11 00:00:39.873 I/am_wtf ( 1526): [0,1526,system_server,-1,DisplayDeviceConfig,requesting nits when no mapping exists.]
11-11 00:00:39.874 I/am_wtf ( 1526): [0,1526,system_server,-1,DisplayDeviceConfig,requesting nits when no mapping exists.]
11-11 00:00:39.889 E/DisplayDeviceConfig( 1526): requesting nits when no mapping exists.
11-11 00:00:39.889 E/DisplayDeviceConfig( 1526): requesting nits when no mapping exists.
11-11 00:00:39.889 I/am_wtf ( 1526): [0,1526,system_server,-1,DisplayDeviceConfig,requesting nits when no mapping exists.]
11-11 00:00:39.890 I/am_wtf ( 1526): [0,1526,system_server,-1,DisplayDeviceConfig,requesting nits when no mapping exists.]
11-11 00:00:39.906 E/DisplayDeviceConfig( 1526): requesting nits when no mapping exists.
11-11 00:00:39.906 E/DisplayDeviceConfig( 1526): requesting nits when no mapping exists.
11-11 00:00:39.906 I/am_wtf ( 1526): [0,1526,system_server,-1,DisplayDeviceConfig,requesting nits when no mapping exists.]
11-11 00:00:39.907 I/am_wtf ( 1526): [0,1526,system_server,-1,DisplayDeviceConfig,requesting nits when no mapping exists.]
11-11 00:00:39.922 E/DisplayDeviceConfig( 1526): requesting nits when no mapping exists.
11-11 00:00:39.923 E/DisplayDeviceConfig( 1526): requesting nits when no mapping exists.
11-11 00:00:39.924 I/am_wtf ( 1526): [0,1526,system_server,-1,DisplayDeviceConfig,requesting nits when no mapping exists.]
11-11 00:00:39.925 I/am_wtf ( 1526): [0,1526,system_server,-1,DisplayDeviceConfig,requesting nits when no mapping exists.]
11-11 00:00:39.939 E/DisplayDeviceConfig( 1526): requesting nits when no mapping exists.
11-11 00:00:39.940 E/DisplayDeviceConfig( 1526): requesting nits when no mapping exists.
11-11 00:00:39.940 I/am_wtf ( 1526): [0,1526,system_server,-1,DisplayDeviceConfig,requesting nits when no mapping exists.]
11-11 00:00:39.941 I/am_wtf ( 1526): [0,1526,system_server,-1,DisplayDeviceConfig,requesting nits when no mapping exists.]
11-11 00:00:39.956 E/DisplayDeviceConfig( 1526): requesting nits when no mapping exists.
11-11 00:00:39.956 I/am_wtf ( 1526): [0,1526,system_server,-1,DisplayDeviceConfig,requesting nits when no mapping exists.]
11-11 00:00:39.956 E/DisplayDeviceConfig( 1526): requesting nits when no mapping exists.
11-11 00:00:39.957 I/am_wtf ( 1526): [0,1526,system_server,-1,DisplayDeviceConfig,requesting nits when no mapping exists.]
11-11 00:00:39.972 E/DisplayDeviceConfig( 1526): requesting nits when no mapping exists.
11-11 00:00:39.973 E/DisplayDeviceConfig( 1526): requesting nits when no mapping exists.
11-11 00:00:39.973 I/am_wtf ( 1526): [0,1526,system_server,-1,DisplayDeviceConfig,requesting nits when no mapping exists.]
11-11 00:00:39.974 I/am_wtf ( 1526): [0,1526,system_server,-1,DisplayDeviceConfig,requesting nits when no mapping exists.]
11-11 00:00:39.990 E/DisplayDeviceConfig( 1526): requesting nits when no mapping exists.
11-11 00:00:39.990 E/DisplayDeviceConfig( 1526): requesting nits when no mapping exists.
11-11 00:00:39.992 I/am_wtf ( 1526): [0,1526,system_server,-1,DisplayDeviceConfig,requesting nits when no mapping exists.]
11-11 00:00:39.994 I/am_wtf ( 1526): [0,1526,system_server,-1,DisplayDeviceConfig,requesting nits when no mapping exists.]
11-11 00:00:39.995 I/OpenGLRenderer( 3511): Davey! duration=9223371630398ms; Flags=0, FrameTimelineVsyncId=4382, IntendedVsync=406455180352, Vsync=406455180352, InputEventId=0, HandleInputStart=406455594112, AnimationStart=406455596716, PerformTraversalsStart=406455599216, DrawStart=406456458852, FrameDeadline=406488513684, FrameInterval=406455587498, FrameStartTime=16666666, SyncQueued=406457872341, SyncStart=406458482185, IssueDrawCommandsStart=406459252393, SwapBuffers=406464638904, FrameCompleted=9223372036854775807, DequeueBufferDuration=39844, QueueBufferDuration=784270, GpuCompleted=9223372036854775807, SwapBuffersCompleted=406465924216, DisplayPresentTime=0,
11-11 00:00:40.006 E/DisplayDeviceConfig( 1526): requesting nits when no mapping exists.
11-11 00:00:40.006 E/DisplayDeviceConfig( 1526): requesting nits when no mapping exists.
11-11 00:00:40.006 I/am_wtf ( 1526): [0,1526,system_server,-1,DisplayDeviceConfig,requesting nits when no mapping exists.]
11-11 00:00:40.007 I/am_wtf ( 1526): [0,1526,system_server,-1,DisplayDeviceConfig,requesting nits when no mapping exists.]
11-11 00:00:40.022 E/DisplayDeviceConfig( 1526): requesting nits when no mapping exists.
11-11 00:00:40.023 E/DisplayDeviceConfig( 1526): requesting nits when no mapping exists.
11-11 00:00:40.023 I/am_wtf ( 1526): [0,1526,system_server,-1,DisplayDeviceConfig,requesting nits when no mapping exists.]
11-11 00:00:40.023 I/am_wtf ( 1526): [0,1526,system_server,-1,DisplayDeviceConfig,requesting nits when no mapping exists.]
11-11 00:00:40.039 E/DisplayDeviceConfig( 1526): requesting nits when no mapping exists.
11-11 00:00:40.039 E/DisplayDeviceConfig( 1526): requesting nits when no mapping exists.
11-11 00:00:40.039 I/am_wtf ( 1526): [0,1526,system_server,-1,DisplayDeviceConfig,requesting nits when no mapping exists.]
11-11 00:00:40.040 I/am_wtf ( 1526): [0,1526,system_server,-1,DisplayDeviceConfig,requesting nits when no mapping exists.]
11-11 00:00:40.056 E/DisplayDeviceConfig( 1526): requesting nits when no mapping exists.
11-11 00:00:40.056 E/DisplayDeviceConfig( 1526): requesting nits when no mapping exists.
11-11 00:00:40.056 I/am_wtf ( 1526): [0,1526,system_server,-1,DisplayDeviceConfig,requesting nits when no mapping exists.]
11-11 00:00:40.056 W/ContextImpl( 2156): Calling a method in the system process without a qualified user: android.app.ContextImpl.sendBroadcast:1173 android.content.ContextWrapper.sendBroadcast:479 com.thundercomm.microsettings.action.SetTimeAction.timeUpdated:212 com.thundercomm.microsettings.action.SetTimeAction.update24HourFormat:194 com.thundercomm.microsettings.action.SetTimeAction.doActualAction:154
11-11 00:00:40.057 I/am_wtf ( 1526): [0,1526,system_server,-1,DisplayDeviceConfig,requesting nits when no mapping exists.]
11-11 00:00:40.062 D/MicroSettings: ITCMicroCommonCallback( 2156): get request method = syncTime parameters = {"IDCM_Time_12_24":"24","IDCM_Timestamp":14000,"IDCM_Timezone":"GMT+08:00"}
11-11 00:00:40.062 D/AlarmManagerService( 1526): Kernel timezone updated to -480 minutes west of GMT
11-11 00:00:40.063 D/MicroSettings: SetTimeAction( 2156): setTimezone: Asia/Shanghai
11-11 00:00:40.063 D/AlarmManagerService( 1526): Kernel timezone updated to -480 minutes west of GMT
11-11 00:00:40.078 E/DisplayDeviceConfig( 1526): requesting nits when no mapping exists.
11-11 00:00:40.079 E/DisplayDeviceConfig( 1526): requesting nits when no mapping exists.
11-11 00:00:40.086 D/IconProvider( 2527): onReceive: android.intent.action.TIME_SET
11-11 00:00:40.086 D/KeyguardUpdateMonitor( 2000): received broadcast android.intent.action.TIME_SET
11-11 00:00:40.086 D/KeyguardUpdateMonitor( 2000): handleTimeUpdate
11-11 00:00:40.087 D/BaseModelUpdateTask( 2527): BaseModelUpdateTask constructor
11-11 00:00:40.087 D/BaseModelUpdateTask( 2527): java.lang.Exception
11-11 00:00:40.087 D/BaseModelUpdateTask( 2527): at com.android.launcher3.model.BaseModelUpdateTask.(BaseModelUpdateTask.java:57)
11-11 00:00:40.087 D/BaseModelUpdateTask( 2527): at com.android.launcher3.model.PackageUpdatedTask.(PackageUpdatedTask.java:88)
11-11 00:00:40.087 D/BaseModelUpdateTask( 2527): at com.android.launcher3.LauncherModel.onPackageChanged(LauncherModel.java:156)
11-11 00:00:40.087 D/BaseModelUpdateTask( 2527): at com.android.launcher3.LauncherModel.onAppIconChanged(LauncherModel.java:226)
11-11 00:00:40.087 D/BaseModelUpdateTask( 2527): at com.android.launcher3.LauncherAppState$IconObserver.onAppIconChanged(LauncherAppState.java:206)
11-11 00:00:40.087 D/BaseModelUpdateTask( 2527): at com.android.launcher3.icons.IconProvider$IconChangeReceiver.onReceive(IconProvider.java:371)
11-11 00:00:40.087 D/BaseModelUpdateTask( 2527): at android.app.LoadedApk$ReceiverDispatcher$Args.lambda$getRunnable$0$LoadedApk$ReceiverDispatcher$Args(LoadedApk.java:1679)
11-11 00:00:40.087 D/BaseModelUpdateTask( 2527): at android.app.LoadedApk$ReceiverDispatcher$Args$$ExternalSyntheticLambda0.run(Unknown Source:2)
11-11 00:00:40.087 D/BaseModelUpdateTask( 2527): at android.os.Handler.handleCallback(Handler.java:938)
11-11 00:00:40.087 D/BaseModelUpdateTask( 2527): at android.os.Handler.dispatchMessage(Handler.java:99)
11-11 00:00:40.087 D/BaseModelUpdateTask( 2527): at android.os.Looper.loopOnce(Looper.java:201)
11-11 00:00:40.087 D/BaseModelUpdateTask( 2527): at android.os.Looper.loop(Looper.java:288)
11-11 00:00:40.087 D/BaseModelUpdateTask( 2527): at android.os.HandlerThread.run(HandlerThread.java:67)
11-11 00:00:40.087 D/OsAgent ( 2639): [time_change_update][3164] [HC] =>> [HS]
11-11 00:00:40.087 V/LocSvc_HIDL_IzatSubscription( 809): [timeChangeUpdate][645] [HS] <<<<= [HC]
11-11 00:00:40.088 D/PackageUpdatedTask( 2527): PackageUpdatedTask constructor: op=2,user=UserHandle{0},packages=[com.android.calendar]
11-11 00:00:40.088 D/PackageUpdatedTask( 2527): java.lang.Exception
11-11 00:00:40.088 D/PackageUpdatedTask( 2527): at com.android.launcher3.model.PackageUpdatedTask.(PackageUpdatedTask.java:93)
11-11 00:00:40.088 D/PackageUpdatedTask( 2527): at com.android.launcher3.LauncherModel.onPackageChanged(LauncherModel.java:156)
11-11 00:00:40.088 D/PackageUpdatedTask( 2527): at com.android.launcher3.LauncherModel.onAppIconChanged(LauncherModel.java:226)
11-11 00:00:40.088 D/PackageUpdatedTask( 2527): at com.android.launcher3.LauncherAppState$IconObserver.onAppIconChanged(LauncherAppState.java:206)
11-11 00:00:40.088 D/PackageUpdatedTask( 2527): at com.android.launcher3.icons.IconProvider$IconChangeReceiver.onReceive(IconProvider.java:371)
11-11 00:00:40.088 D/PackageUpdatedTask( 2527): at android.app.LoadedApk$ReceiverDispatcher$Args.lambda$getRunnable$0$LoadedApk$ReceiverDispatcher$Args(LoadedApk.java:1679)
11-11 00:00:40.088 D/PackageUpdatedTask( 2527): at android.app.LoadedApk$ReceiverDispatcher$Args$$ExternalSyntheticLambda0.run(Unknown Source:2)
11-11 00:00:40.088 D/PackageUpdatedTask( 2527): at android.os.Handler.handleCallback(Handler.java:938)
11-11 00:00:40.088 D/PackageUpdatedTask( 2527): at android.os.Handler.dispatchMessage(Handler.java:99)
11-11 00:00:40.088 D/PackageUpdatedTask( 2527): at android.os.Looper.loopOnce(Looper.java:201)
11-11 00:00:40.088 D/PackageUpdatedTask( 2527): at android.os.Looper.loop(Looper.java:288)
11-11 00:00:40.088 D/PackageUpdatedTask( 2527): at android.os.HandlerThread.run(HandlerThread.java:67)
11-11 00:00:40.088 D/IconProvider( 2527): onReceive: android.intent.action.TIME_SET
11-11 00:00:40.089 E/DisplayDeviceConfig( 1526): requesting nits when no mapping exists.
11-11 00:00:40.090 E/DisplayDeviceConfig( 1526): requesting nits when no mapping exists.
11-11 00:00:40.091 D/Launcher.IconCache( 2527): Package not found
11-11 00:00:40.091 D/Launcher.IconCache( 2527): android.content.pm.PackageManager$NameNotFoundException: com.android.calendar
11-11 00:00:40.091 D/Launcher.IconCache( 2527): at android.app.ApplicationPackageManager.getPackageInfoAsUser(ApplicationPackageManager.java:241)
11-11 00:00:40.091 D/Launcher.IconCache( 2527): at android.app.ApplicationPackageManager.getPackageInfo(ApplicationPackageManager.java:213)
11-11 00:00:40.091 D/Launcher.IconCache( 2527): at com.android.launcher3.icons.IconCache.updateIconsForPkg(IconCache.java:122)
11-11 00:00:40.091 D/Launcher.IconCache( 2527): at com.android.launcher3.model.PackageUpdatedTask.execute(PackageUpdatedTask.java:130)
11-11 00:00:40.091 D/Launcher.IconCache( 2527): at com.android.launcher3.model.BaseModelUpdateTask.run(BaseModelUpdateTask.java:80)
11-11 00:00:40.091 D/Launcher.IconCache( 2527): at com.android.launcher3.util.LooperExecutor.execute(LooperExecutor.java:45)
11-11 00:00:40.091 D/Launcher.IconCache( 2527): at com.android.launcher3.LauncherModel.enqueueModelUpdateTask(LauncherModel.java:555)
11-11 00:00:40.091 D/Launcher.IconCache( 2527): at com.android.launcher3.LauncherModel.onPackageChanged(LauncherModel.java:156)
11-11 00:00:40.091 D/Launcher.IconCache( 2527): at com.android.launcher3.LauncherModel.onAppIconChanged(LauncherModel.java:226)
11-11 00:00:40.091 D/Launcher.IconCache( 2527): at com.android.launcher3.LauncherAppState$IconObserver.onAppIconChanged(LauncherAppState.java:206)
11-11 00:00:40.091 D/Launcher.IconCache( 2527): at com.android.launcher3.icons.IconProvider$IconChangeReceiver.onReceive(IconProvider.java:371)
11-11 00:00:40.091 D/Launcher.IconCache( 2527): at android.app.LoadedApk$ReceiverDispatcher$Args.lambda$getRunnable$0$LoadedApk$ReceiverDispatcher$Args(LoadedApk.java:1679)
11-11 00:00:40.091 D/Launcher.IconCache( 2527): at android.app.LoadedApk$ReceiverDispatcher$Args$$ExternalSyntheticLambda0.run(Unknown Source:2)
11-11 00:00:40.091 D/Launcher.IconCache( 2527): at android.os.Handler.handleCallback(Handler.java:938)
11-11 00:00:40.091 D/Launcher.IconCache( 2527): at android.os.Handler.dispatchMessage(Handler.java:99)
11-11 00:00:40.091 D/Launcher.IconCache( 2527): at android.os.Looper.loopOnce(Looper.java:201)
11-11 00:00:40.091 D/Launcher.IconCache( 2527): at android.os.Looper.loop(Looper.java:288)
11-11 00:00:40.091 D/Launcher.IconCache( 2527): at android.os.HandlerThread.run(HandlerThread.java:67)
11-11 00:00:40.092 D/BaseModelUpdateTask( 2527): BaseModelUpdateTask constructor
11-11 00:00:40.092 D/BaseModelUpdateTask( 2527): java.lang.Exception
11-11 00:00:40.092 D/BaseModelUpdateTask( 2527): at com.android.launcher3.model.BaseModelUpdateTask.(BaseModelUpdateTask.java:57)
11-11 00:00:40.092 D/BaseModelUpdateTask( 2527): at com.android.launcher3.LauncherModel$6.(LauncherModel.java:605)
11-11 00:00:40.092 D/BaseModelUpdateTask( 2527): at com.android.launcher3.LauncherModel.refreshAndBindWidgetsAndShortcuts(LauncherModel.java:605)
11-11 00:00:40.092 D/BaseModelUpdateTask( 2527): at com.android.launcher3.Launcher.refreshAndBindWidgetsForPackageUser(Launcher.java:2878)
11-11 00:00:40.092 D/BaseModelUpdateTask( 2527): at com.android.launcher3.model.PackageUpdatedTask.execute(PackageUpdatedTask.java:139)
11-11 00:00:40.092 D/BaseModelUpdateTask( 2527): at com.android.launcher3.model.BaseModelUpdateTask.run(BaseModelUpdateTask.java:80)
11-11 00:00:40.092 D/BaseModelUpdateTask( 2527): at com.android.launcher3.util.LooperExecutor.execute(LooperExecutor.java:45)
11-11 00:00:40.092 D/BaseModelUpdateTask( 2527): at com.android.launcher3.LauncherModel.enqueueModelUpdateTask(LauncherModel.java:555)
11-11 00:00:40.092 D/BaseModelUpdateTask( 2527): at com.android.launcher3.LauncherModel.onPackageChanged(LauncherModel.java:156)
11-11 00:00:40.092 D/BaseModelUpdateTask( 2527): at com.android.launcher3.LauncherModel.onAppIconChanged(LauncherModel.java:226)
11-11 00:00:40.092 D/BaseModelUpdateTask( 2527): at com.android.launcher3.LauncherAppState$IconObserver.onAppIconChanged(LauncherAppState.java:206)
11-11 00:00:40.092 D/BaseModelUpdateTask( 2527): at com.android.launcher3.icons.IconProvider$IconChangeReceiver.onReceive(IconProvider.java:371)
11-11 00:00:40.092 D/BaseModelUpdateTask( 2527): at android.app.LoadedApk$ReceiverDispatcher$Args.lambda$getRunnable$0$LoadedApk$ReceiverDispatcher$Args(LoadedApk.java:1679)
11-11 00:00:40.092 D/BaseModelUpdateTask( 2527): at android.app.LoadedApk$ReceiverDispatcher$Args$$ExternalSyntheticLambda0.run(Unknown Source:2)
11-11 00:00:40.092 D/BaseModelUpdateTask( 2527): at android.os.Handler.handleCallback(Handler.java:938)
11-11 00:00:40.092 D/BaseModelUpdateTask( 2527): at android.os.Handler.dispatchMessage(Handler.java:99)
11-11 00:00:40.092 D/BaseModelUpdateTask( 2527): at android.os.Looper.loopOnce(Looper.java:201)
11-11 00:00:40.092 D/BaseModelUpdateTask( 2527): at android.os.Looper.loop(Looper.java:288)
11-11 00:00:40.092 D/BaseModelUpdateTask( 2527): at android.os.HandlerThread.run(HandlerThread.java:67)
11-11 00:00:40.098 D/CompatibilityInfo( 1526): mCompatibilityFlags - 4
11-11 00:00:40.098 D/CompatibilityInfo( 1526): applicationDensity - 240
11-11 00:00:40.098 D/CompatibilityInfo( 1526): applicationScale - 1.0
11-11 00:00:40.099 I/am_wtf ( 1526): [0,1526,system_server,-1,DisplayDeviceConfig,requesting nits when no mapping exists.]
11-11 00:00:40.099 D/DevicePolicyManager( 1526): updateSystemUpdateFreezePeriodsRecord
11-11 00:00:40.099 D/ConditionProviders.SCP( 1526): onReceive android.intent.action.TIME_SET
11-11 00:00:40.099 D/TimeService( 5248): Receivedandroid.intent.action.TIME_SET intent. Current Time is 1668096040099
11-11 00:00:40.100 D/ConditionProviders.SCP( 1526): evaluateSubscriptionLocked cal=ScheduleCalendar[mDays={1, 2, 3, 4, 5, 6, 7}, mSchedule=ScheduleInfo{days=[1, 2, 3, 4, 5, 6, 7], startHour=22, startMinute=0, endHour=7, endMinute=0, exitAtAlarm=true, nextAlarm=Thu Jan 01 08:00:00 GMT+08:00 1970 (0)}], now=Fri Nov 11 00:00:40 GMT+08:00 2022 (1668096040099), nextUserAlarmTime=Thu Jan 01 08:00:00 GMT+08:00 1970 (0)
11-11 00:00:40.100 I/am_wtf ( 1526): [0,1526,system_server,-1,DisplayDeviceConfig,requesting nits when no mapping exists.]
11-11 00:00:40.100 D/ConditionProviders.SCP( 1526): notifyCondition condition://android/schedule?days=1.2.3.4.5.6.7&start=22.0&end=7.0&exitAtAlarm=true STATE_TRUE reason=meetsSchedule
11-11 00:00:40.100 D/QC-time-services( 642): Daemon: Connection accepted:time_genoff
11-11 00:00:40.100 D/ConditionProviders.SCP( 1526): Scheduling evaluate for Fri Nov 11 07:00:00 GMT+08:00 2022 (1668121200000), in +6h59m19s901ms, now=Fri Nov 11 00:00:40 GMT+08:00 2022 (1668096040099)
11-11 00:00:40.100 I/am_wtf ( 1526): [0,1526,system_server,-1,DisplayDeviceConfig,requesting nits when no mapping exists.]
11-11 00:00:40.103 D/QC-time-services( 642): Daemon:Received base = 2, unit = 1, operation = 0,value = 1668096040100
11-11 00:00:40.103 D/QC-time-services( 642): Daemon:genoff_opr: Base = 2, val = 1668096040100, operation = 0
11-11 00:00:40.103 D/QC-time-services( 642): Daemon:Value read from QTimer mseconds = 408812
11-11 00:00:40.103 D/QC-time-services( 642): Daemon:Value read from RTC mseconds on boot = 7137000
11-11 00:00:40.103 D/QC-time-services( 642): Daemon:Delta read on boot mseconds = 7128979
11-11 00:00:40.103 D/QC-time-services( 642): Daemon:new time 1668096040100
11-11 00:00:40.103 D/QC-time-services( 642): Daemon: delta 1668088502309 genoff 1668088502309
11-11 00:00:40.103 D/QC-time-services( 642): Daemon:genoff_persistent_update: Writing genoff = 1668088502309 to memory
11-11 00:00:40.103 D/QC-time-services( 642): Daemon:Opening File: /mnt/vendor/persist/time/ats_2 /data/vendor/time/ats_2
11-11 00:00:40.103 D/QC-time-services( 642): Daemon:time_persistent_memory_opr:Genoff write operation
11-11 00:00:40.109 I/am_wtf ( 1526): [0,1526,system_server,-1,DisplayDeviceConfig,requesting nits when no mapping exists.]
11-11 00:00:40.111 I/WidgetsModel( 2527): found whitelist widget: com.android.settings, label: 璁剧疆蹇嵎鏂瑰紡, sectionName:S
11-11 00:00:40.111 I/WidgetsModel( 2527): found whitelist widget: com.android.gallery3d, label: 鐓х墖, sectionName:T
11-11 00:00:40.111 I/WidgetsModel( 2527): found whitelist widget: com.android.systemui, label: 瀵硅瘽, sectionName:D
11-11 00:00:40.111 D/QC-time-services( 642): Updating the TOD offset
11-11 00:00:40.111 D/QC-time-services( 642): Daemon:genoff_persistent_update: Writing genoff = 1668088502309 to memory
11-11 00:00:40.111 D/QC-time-services( 642): Daemon:Opening File: /mnt/vendor/persist/time/ats_1 /data/vendor/time/ats_1
11-11 00:00:40.111 D/QC-time-services( 642): Daemon:time_persistent_memory_opr:Genoff write operation
11-11 00:00:40.112 I/WidgetsModel( 2527): found whitelist widget: com.android.music, label: 闊充箰, sectionName:Y
11-11 00:00:40.113 D/QC-time-services( 642): Daemon:genoff_set: Updating the WLAN offset
11-11 00:00:40.113 D/QC-time-services( 642): Daemon:genoff_persistent_update: Writing genoff = 1668088502309 to memory
11-11 00:00:40.113 D/QC-time-services( 642): Daemon:Opening File: /mnt/vendor/persist/time/ats_16 /data/vendor/time/ats_16
11-11 00:00:40.113 D/QC-time-services( 642): Daemon:time_persistent_memory_opr:Genoff write operation
11-11 00:00:40.114 E/QC-time-services( 642): Daemon: Time-services: Waiting to acceptconnection
11-11 00:00:40.114 D/TimeService( 5248): Set time successfully!
11-11 00:00:40.117 D/CompatibilityInfo( 1526): mCompatibilityFlags - 4
11-11 00:00:40.117 D/CompatibilityInfo( 1526): applicationDensity - 240
11-11 00:00:40.117 D/CompatibilityInfo( 1526): applicationScale - 1.0
11-11 00:00:40.121 D/ModelWriter( 2527): removing items from db
11-11 00:00:40.121 D/ModelWriter( 2527): java.lang.Exception
11-11 00:00:40.121 D/ModelWriter( 2527): at com.android.launcher3.model.ModelWriter.deleteItemsFromDatabase(ModelWriter.java:280)
11-11 00:00:40.121 D/ModelWriter( 2527): at com.android.launcher3.model.ModelWriter.deleteItemsFromDatabase(ModelWriter.java:268)
11-11 00:00:40.121 D/ModelWriter( 2527): at com.android.launcher3.model.BaseModelUpdateTask.deleteAndBindComponentsRemoved(BaseModelUpdateTask.java:140)
11-11 00:00:40.121 D/ModelWriter( 2527): at com.android.launcher3.model.PackageUpdatedTask.execute(PackageUpdatedTask.java:353)
11-11 00:00:40.121 D/ModelWriter( 2527): at com.android.launcher3.model.BaseModelUpdateTask.run(BaseModelUpdateTask.java:80)
11-11 00:00:40.121 D/ModelWriter( 2527): at com.android.launcher3.util.LooperExecutor.execute(LooperExecutor.java:45)
11-11 00:00:40.121 D/ModelWriter( 2527): at com.android.launcher3.LauncherModel.enqueueModelUpdateTask(LauncherModel.java:555)
11-11 00:00:40.121 D/ModelWriter( 2527): at com.android.launcher3.LauncherModel.onPackageChanged(LauncherModel.java:156)
11-11 00:00:40.121 D/ModelWriter( 2527): at com.android.launcher3.LauncherModel.onAppIconChanged(LauncherModel.java:226)
11-11 00:00:40.121 D/ModelWriter( 2527): at com.android.launcher3.LauncherAppState$IconObserver.onAppIconChanged(LauncherAppState.java:206)
11-11 00:00:40.121 D/ModelWriter( 2527): at com.android.launcher3.icons.IconProvider$IconChangeReceiver.onReceive(IconProvider.java:371)
11-11 00:00:40.121 D/ModelWriter( 2527): at android.app.LoadedApk$ReceiverDispatcher$Args.lambda$getRunnable$0$LoadedApk$ReceiverDispatcher$Args(LoadedApk.java:1679)
11-11 00:00:40.121 D/ModelWriter( 2527): at android.app.LoadedApk$ReceiverDispatcher$Args$$ExternalSyntheticLambda0.run(Unknown Source:2)
11-11 00:00:40.121 D/ModelWriter( 2527): at android.os.Handler.handleCallback(Handler.java:938)
11-11 00:00:40.121 D/ModelWriter( 2527): at android.os.Handler.dispatchMessage(Handler.java:99)
11-11 00:00:40.121 D/ModelWriter( 2527): at android.os.Looper.loopOnce(Looper.java:201)
11-11 00:00:40.121 D/ModelWriter( 2527): at android.os.Looper.loop(Looper.java:288)
11-11 00:00:40.121 D/ModelWriter( 2527): at android.os.HandlerThread.run(HandlerThread.java:67)
11-11 00:00:40.130 D/BaseModelUpdateTask( 2527): BaseModelUpdateTask constructor
11-11 00:00:40.130 D/BaseModelUpdateTask( 2527): java.lang.Exception
11-11 00:00:40.130 D/BaseModelUpdateTask( 2527): at com.android.launcher3.model.BaseModelUpdateTask.(BaseModelUpdateTask.java:57)
11-11 00:00:40.130 D/BaseModelUpdateTask( 2527): at com.android.launcher3.model.AddWorkspaceItemsTask.(AddWorkspaceItemsTask.java:58)
11-11 00:00:40.130 D/BaseModelUpdateTask( 2527): at com.android.launcher3.LauncherModel.addAndBindAddedWorkspaceItems(LauncherModel.java:145)
11-11 00:00:40.130 D/BaseModelUpdateTask( 2527): at com.android.launcher3.model.PackageUpdatedTask.updateToWorkSpace(PackageUpdatedTask.java:406)
11-11 00:00:40.130 D/BaseModelUpdateTask( 2527): at com.android.launcher3.model.PackageUpdatedTask.execute(PackageUpdatedTask.java:370)
11-11 00:00:40.130 D/BaseModelUpdateTask( 2527): at com.android.launcher3.model.BaseModelUpdateTask.run(BaseModelUpdateTask.java:80)
11-11 00:00:40.130 D/BaseModelUpdateTask( 2527): at com.android.launcher3.util.LooperExecutor.execute(LooperExecutor.java:45)
11-11 00:00:40.130 D/BaseModelUpdateTask( 2527): at com.android.launcher3.LauncherModel.enqueueModelUpdateTask(LauncherModel.java:555)
11-11 00:00:40.130 D/BaseModelUpdateTask( 2527): at com.android.launcher3.LauncherModel.onPackageChanged(LauncherModel.java:156)
11-11 00:00:40.130 D/BaseModelUpdateTask( 2527): at com.android.launcher3.LauncherModel.onAppIconChanged(LauncherModel.java:226)
11-11 00:00:40.130 D/BaseModelUpdateTask( 2527): at com.android.launcher3.LauncherAppState$IconObserver.onAppIconChanged(LauncherAppState.java:206)
11-11 00:00:40.130 D/BaseModelUpdateTask( 2527): at com.android.launcher3.icons.IconProvider$IconChangeReceiver.onReceive(IconProvider.java:371)
11-11 00:00:40.130 D/BaseModelUpdateTask( 2527): at android.app.LoadedApk$ReceiverDispatcher$Args.lambda$getRunnable$0$LoadedApk$ReceiverDispatcher$Args(LoadedApk.java:1679)
11-11 00:00:40.130 D/BaseModelUpdateTask( 2527): at android.app.LoadedApk$ReceiverDispatcher$Args$$ExternalSyntheticLambda0.run(Unknown Source:2)
11-11 00:00:40.130 D/BaseModelUpdateTask( 2527): at android.os.Handler.handleCallback(Handler.java:938)
11-11 00:00:40.130 D/BaseModelUpdateTask( 2527): at android.os.Handler.dispatchMessage(Handler.java:99)
11-11 00:00:40.130 D/BaseModelUpdateTask( 2527): at android.os.Looper.loopOnce(Looper.java:201)
11-11 00:00:40.130 D/BaseModelUpdateTask( 2527): at android.os.Looper.loop(Looper.java:288)
11-11 00:00:40.130 D/BaseModelUpdateTask( 2527): at android.os.HandlerThread.run(HandlerThread.java:67)
11-11 00:00:40.313 I/mpu_uart( 644): [MSG-P:RECV]:No message received in 1000 ms
11-11 00:00:40.365 W/kcp_info( 5265): HCDN_LOG: [T:5570]Update: udp kcp size[0], timeout kcp size[0]
11-11 00:00:40.510 I/auditd ( 2764): type=1400 audit(0.0:12841614): avc: denied { read } for comm="event_loop" lport=13400 scontext=u:r:hht_ota_mgr:s0 tcontext=u:r:hht_ota_mgr:s0 tclass=udp_socket permissive=0
11-11 00:00:40.510 W/event_loop( 2764): type=1400 audit(0.0:12841614): avc: denied { read } for lport=13400 scontext=u:r:hht_ota_mgr:s0 tcontext=u:r:hht_ota_mgr:s0 tclass=udp_socket permissive=0
11-11 00:00:40.510 I/auditd ( 2764): type=1400 audit(0.0:12841615): avc: denied { read } for comm="event_loop" lport=13400 scontext=u:r:hht_ota_mgr:s0 tcontext=u:r:hht_ota_mgr:s0 tclass=udp_socket permissive=0
11-11 00:00:40.510 W/event_loop( 2764): type=1400 audit(0.0:12841615): avc: denied { read } for lport=13400 scontext=u:r:hht_ota_mgr:s0 tcontext=u:r:hht_ota_mgr:s0 tclass=udp_socket permissive=0
11-11 00:00:40.510 I/auditd ( 2764): type=1400 audit(0.0:12841616): avc: denied { read } for comm="event_loop" lport=13400 scontext=u:r:hht_ota_mgr:s0 tcontext=u:r:hht_ota_mgr:s0 tclass=udp_socket permissive=0
11-11 00:00:40.510 W/event_loop( 2764): type=1400 audit(0.0:12841616): avc: denied { read } for lport=13400 scontext=u:r:hht_ota_mgr:s0 tcontext=u:r:hht_ota_mgr:s0 tclass=udp_socket permissive=0
11-11 00:00:40.510 I/auditd ( 2764): type=1400 audit(0.0:12841617): avc: denied { read } for comm="event_loop" lport=13400 scontext=u:r:hht_ota_mgr:s0 tcontext=u:r:hht_ota_mgr:s0 tclass=udp_socket permissive=0
11-11 00:00:40.510 W/event_loop( 2764): type=1400 audit(0.0:12841617): avc: denied { read } for lport=13400 scontext=u:r:hht_ota_mgr:s0 tcontext=u:r:hht_ota_mgr:s0 tclass=udp_socket permissive=0
11-11 00:00:40.510 I/auditd ( 2764): type=1400 audit(0.0:12841618): avc: denied { read } for comm="event_loop" lport=13400 scontext=u:r:hht_ota_mgr:s0 tcontext=u:r:hht_ota_mgr:s0 tclass=udp_socket permissive=0
11-11 00:00:40.510 W/event_loop( 2764): type=1400 audit(0.0:12841618): avc: denied { read } for lport=13400 scontext=u:r:hht_ota_mgr:s0 tcontext=u:r:hht_ota_mgr:s0 tclass=udp_socket permissive=0
11-11 00:11:01.713 W/audit ( 0): audit_lost=12841868 audit_rate_limit=5 audit_backlog_limit=64
11-11 00:11:01.713 E/audit ( 0): rate limit exceeded
11-11 00:00:40.614 D/audio_hw_primary( 796): copl(0xf280c970):out of compress_wait
11-11 00:00:40.618 D/audio_hw_primary( 796): No space available in compress driver, post msg to cb thread
11-11 00:00:40.618 D/audio_hw_primary( 796): copl(0xf280c970):calling compress_wait
11-11 00:00:40.783 I/OpenGLRenderer( 3511): Davey! duration=9223371629614ms; Flags=0, FrameTimelineVsyncId=4403, IntendedVsync=407240402879, Vsync=407240402879, InputEventId=0, HandleInputStart=407241117601, AnimationStart=407241121351, PerformTraversalsStart=407241123956, DrawStart=407242015154, FrameDeadline=407273736211, FrameInterval=407241108226, FrameStartTime=16666666, SyncQueued=407242677029, SyncStart=407243027445, IssueDrawCommandsStart=407243863539, SwapBuffers=407250742706, FrameCompleted=9223372036854775807, DequeueBufferDuration=43073, QueueBufferDuration=1205208, GpuCompleted=9223372036854775807, SwapBuffersCompleted=407252788747, DisplayPresentTime=0,
11-11 00:00:40.821 E/tlogd ( 1284): [TzLogger](isPathReadable) file /sys/kernel/debug/tzdbg/qsee_log isn't exist or no permission, err: No such file or directory
11-11 00:00:40.821 E/tlogd ( 1284): [TzLogger](saveTzlogAsync) /sys/kernel/debug/tzdbg/qsee_log can not read.
11-11 00:00:40.821 E/tlogd ( 1284): [TzLogger](isPathReadable) file /sys/kernel/debug/tzdbg/log isn't exist or no permission, err: No such file or directory
11-11 00:00:40.821 E/tlogd ( 1284): [TzLogger](saveTzlogAsync) /sys/kernel/debug/tzdbg/log can not read.
11-11 00:00:41.064 D/MicroSettings: SetTimeAction( 2156): current timestamp: 1668096041064
11-11 00:00:41.064 D/MicroSettings: SetTimeAction( 2156): setTime: 14000
11-11 00:00:41.065 D/AlarmManagerService( 1526): Setting time of day to sec=14
11-11 00:00:41.065 W/AlarmManagerService( 1526): Unable to set rtc to 14: Invalid argument
11-11 00:00:41.314 I/mpu_uart( 644): [MSG-P:RECV]:No message received in 1000 ms
11-11 00:00:41.366 W/kcp_info( 5265): HCDN_LOG: [T:5570]Update: udp kcp size[0], timeout kcp size[0]
11-11 00:00:41.509 I/auditd ( 2764): type=1400 audit(0.0:13113726): avc: denied { read } for comm="event_loop" lport=13400 scontext=u:r:hht_ota_mgr:s0 tcontext=u:r:hht_ota_mgr:s0 tclass=udp_socket permissive=0
11-11 00:00:41.509 W/event_loop( 2764): type=1400 audit(0.0:13113726): avc: denied { read } for lport=13400 scontext=u:r:hht_ota_mgr:s0 tcontext=u:r:hht_ota_mgr:s0 tclass=udp_socket permissive=0
11-11 00:00:41.513 I/auditd ( 2764): type=1400 audit(0.0:13113727): avc: denied { read } for comm="event_loop" lport=13400 scontext=u:r:hht_ota_mgr:s0 tcontext=u:r:hht_ota_mgr:s0 tclass=udp_socket permissive=0
11-11 00:00:41.513 W/event_loop( 2764): type=1400 audit(0.0:13113727): avc: denied { read } for lport=13400 scontext=u:r:hht_ota_mgr:s0 tcontext=u:r:hht_ota_mgr:s0 tclass=udp_socket permissive=0
11-11 00:00:41.513 I/auditd ( 2764): type=1400 audit(0.0:13113728): avc: denied { read } for comm="event_loop" lport=13400 scontext=u:r:hht_ota_mgr:s0 tcontext=u:r:hht_ota_mgr:s0 tclass=udp_socket permissive=0
11-11 00:00:41.513 W/event_loop( 2764): type=1400 audit(0.0:13113728): avc: denied { read } for lport=13400 scontext=u:r:hht_ota_mgr:s0 tcontext=u:r:hht_ota_mgr:s0 tclass=udp_socket permissive=0
11-11 00:00:41.513 I/auditd ( 2764): type=1400 audit(0.0:13113729): avc: denied { read } for comm="event_loop" lport=13400 scontext=u:r:hht_ota_mgr:s0 tcontext=u:r:hht_ota_mgr:s0 tclass=udp_socket permissive=0
11-11 00:00:41.513 W/event_loop( 2764): type=1400 audit(0.0:13113729): avc: denied { read } for lport=13400 scontext=u:r:hht_ota_mgr:s0 tcontext=u:r:hht_ota_mgr:s0 tclass=udp_socket permissive=0
11-11 00:00:41.513 I/auditd ( 2764): type=1400 audit(0.0:13113730): avc: denied { read } for comm="event_loop" lport=13400 scontext=u:r:hht_ota_mgr:s0 tcontext=u:r:hht_ota_mgr:s0 tclass=udp_socket permissive=0
11-11 00:00:41.513 W/event_loop( 2764): type=1400 audit(0.0:13113730): avc: denied { read } for lport=13400 scontext=u:r:hht_ota_mgr:s0 tcontext=u:r:hht_ota_mgr:s0 tclass=udp_socket permissive=0
11-11 00:11:02.717 W/audit ( 0): audit_lost=13113970 audit_rate_limit=5 audit_backlog_limit=64
11-11 00:11:02.717 E/audit ( 0): rate limit exceeded
11-11 00:00:41.603 I/mpu_uart( 644): [MSG-P:R]:recv sync frame timeout
11-11 00:00:41.784 I/OpenGLRenderer( 3511): Davey! duration=9223371628611ms; Flags=0, FrameTimelineVsyncId=4418, IntendedVsync=408242839844, Vsync=408242839844, InputEventId=0, HandleInputStart=408243576664, AnimationStart=408243581247, PerformTraversalsStart=408243583903, DrawStart=408244544476, FrameDeadline=408276173176, FrameInterval=408243566611, FrameStartTime=16666666, SyncQueued=408245174841, SyncStart=408245497445, IssueDrawCommandsStart=408246283382, SwapBuffers=408252640830, FrameCompleted=9223372036854775807, DequeueBufferDuration=40989, QueueBufferDuration=1638438, GpuCompleted=9223372036854775807, SwapBuffersCompleted=408255026195, DisplayPresentTime=0,
11-11 00:00:42.068 W/ContextImpl( 2156): Calling a method in the system process without a qualified user: android.app.ContextImpl.sendBroadcast:1173 android.content.ContextWrapper.sendBroadcast:479 com.thundercomm.microsettings.action.SetTimeAction.timeUpdated:212 com.thundercomm.microsettings.action.SetTimeAction.update24HourFormat:194 com.thundercomm.microsettings.action.SetTimeAction.doActualAction:154
11-11 00:00:42.074 D/MicroSettings: ITCMicroCommonCallback( 2156): get request method = syncTime parameters = {"IDCM_Time_12_24":"24","IDCM_Timestamp":14000,"IDCM_Timezone":"GMT+08:00"}
11-11 00:00:42.076 D/AlarmManagerService( 1526): Kernel timezone updated to -480 minutes west of GMT
11-11 00:00:42.076 D/MicroSettings: SetTimeAction( 2156): setTimezone: Asia/Shanghai
11-11 00:00:42.077 D/AlarmManagerService( 1526): Kernel timezone updated to -480 minutes west of GMT
11-11 00:00:42.081 D/DevicePolicyManager( 1526): updateSystemUpdateFreezePeriodsRecord
11-11 00:00:42.081 D/ConditionProviders.SCP( 1526): onReceive android.intent.action.TIME_SET
11-11 00:00:42.082 D/IconProvider( 2527): onReceive: android.intent.action.TIME_SET
11-11 00:00:42.082 D/ConditionProviders.SCP( 1526): evaluateSubscriptionLocked cal=ScheduleCalendar[mDays={1, 2, 3, 4, 5, 6, 7}, mSchedule=ScheduleInfo{days=[1, 2, 3, 4, 5, 6, 7], startHour=22, startMinute=0, endHour=7, endMinute=0, exitAtAlarm=true, nextAlarm=Thu Jan 01 08:00:00 GMT+08:00 1970 (0)}], now=Fri Nov 11 00:00:42 GMT+08:00 2022 (1668096042081), nextUserAlarmTime=Thu Jan 01 08:00:00 GMT+08:00 1970 (0)
11-11 00:00:42.082 D/IconProvider( 2527): onReceive: android.intent.action.TIME_SET
11-11 00:00:42.082 D/ConditionProviders.SCP( 1526): notifyCondition condition://android/schedule?days=1.2.3.4.5.6.7&start=22.0&end=7.0&exitAtAlarm=true STATE_TRUE reason=meetsSchedule
11-11 00:00:42.083 D/ConditionProviders.SCP( 1526): Scheduling evaluate for Fri Nov 11 07:00:00 GMT+08:00 2022 (1668121200000), in +6h59m17s919ms, now=Fri Nov 11 00:00:42 GMT+08:00 2022 (1668096042081)
11-11 00:00:42.083 D/BaseModelUpdateTask( 2527): BaseModelUpdateTask constructor
11-11 00:00:42.083 D/BaseModelUpdateTask( 2527): java.lang.Exception
11-11 00:00:42.083 D/BaseModelUpdateTask( 2527): at com.android.launcher3.model.BaseModelUpdateTask.(BaseModelUpdateTask.java:57)
11-11 00:00:42.083 D/BaseModelUpdateTask( 2527): at com.android.launcher3.model.PackageUpdatedTask.(PackageUpdatedTask.java:88)
11-11 00:00:42.083 D/BaseModelUpdateTask( 2527): at com.android.launcher3.LauncherModel.onPackageChanged(LauncherModel.java:156)
11-11 00:00:42.083 D/BaseModelUpdateTask( 2527): at com.android.launcher3.LauncherModel.onAppIconChanged(LauncherModel.java:226)
11-11 00:00:42.083 D/BaseModelUpdateTask( 2527): at com.android.launcher3.LauncherAppState$IconObserver.onAppIconChanged(LauncherAppState.java:206)
11-11 00:00:42.083 D/BaseModelUpdateTask( 2527): at com.android.launcher3.icons.IconProvider$IconChangeReceiver.onReceive(IconProvider.java:371)
11-11 00:00:42.083 D/BaseModelUpdateTask( 2527): at android.app.LoadedApk$ReceiverDispatcher$Args.lambda$getRunnable$0$LoadedApk$ReceiverDispatcher$Args(LoadedApk.java:1679)
11-11 00:00:42.083 D/BaseModelUpdateTask( 2527): at android.app.LoadedApk$ReceiverDispatcher$Args$$ExternalSyntheticLambda0.run(Unknown Source:2)
11-11 00:00:42.083 D/BaseModelUpdateTask( 2527): at android.os.Handler.handleCallback(Handler.java:938)
11-11 00:00:42.083 D/BaseModelUpdateTask( 2527): at android.os.Handler.dispatchMessage(Handler.java:99)
11-11 00:00:42.083 D/BaseModelUpdateTask( 2527): at android.os.Looper.loopOnce(Looper.java:201)
11-11 00:00:42.083 D/BaseModelUpdateTask( 2527): at android.os.Looper.loop(Looper.java:288)
11-11 00:00:42.083 D/BaseModelUpdateTask( 2527): at android.os.HandlerThread.run(HandlerThread.java:67)
11-11 00:00:42.084 D/OsAgent ( 2639): [time_change_update][3164] [HC] =>> [HS]
11-11 00:00:42.084 D/PackageUpdatedTask( 2527): PackageUpdatedTask constructor: op=2,user=UserHandle{0},packages=[com.android.calendar]
11-11 00:00:42.084 D/PackageUpdatedTask( 2527): java.lang.Exception
11-11 00:00:42.084 D/PackageUpdatedTask( 2527): at com.android.launcher3.model.PackageUpdatedTask.(PackageUpdatedTask.java:93)
11-11 00:00:42.084 D/PackageUpdatedTask( 2527): at com.android.launcher3.LauncherModel.onPackageChanged(LauncherModel.java:156)
11-11 00:00:42.084 D/PackageUpdatedTask( 2527): at com.android.launcher3.LauncherModel.onAppIconChanged(LauncherModel.java:226)
11-11 00:00:42.084 D/PackageUpdatedTask( 2527): at com.android.launcher3.LauncherAppState$IconObserver.onAppIconChanged(LauncherAppState.java:206)
11-11 00:00:42.084 D/PackageUpdatedTask( 2527): at com.android.launcher3.icons.IconProvider$IconChangeReceiver.onReceive(IconProvider.java:371)
11-11 00:00:42.084 D/PackageUpdatedTask( 2527): at android.app.LoadedApk$ReceiverDispatcher$Args.lambda$getRunnable$0$LoadedApk$ReceiverDispatcher$Args(LoadedApk.java:1679)
11-11 00:00:42.084 D/PackageUpdatedTask( 2527): at android.app.LoadedApk$ReceiverDispatcher$Args$$ExternalSyntheticLambda0.run(Unknown Source:2)
11-11 00:00:42.084 D/PackageUpdatedTask( 2527): at android.os.Handler.handleCallback(Handler.java:938)
11-11 00:00:42.084 D/PackageUpdatedTask( 2527): at android.os.Handler.dispatchMessage(Handler.java:99)
11-11 00:00:42.084 D/PackageUpdatedTask( 2527): at android.os.Looper.loopOnce(Looper.java:201)
11-11 00:00:42.084 D/PackageUpdatedTask( 2527): at android.os.Looper.loop(Looper.java:288)
11-11 00:00:42.084 D/PackageUpdatedTask( 2527): at android.os.HandlerThread.run(HandlerThread.java:67)
11-11 00:00:42.084 V/LocSvc_HIDL_IzatSubscription( 809): [timeChangeUpdate][645] [HS] <<<<= [HC]
11-11 00:00:42.085 D/CompatibilityInfo( 1526): mCompatibilityFlags - 4
11-11 00:00:42.085 D/CompatibilityInfo( 1526): applicationDensity - 240
11-11 00:00:42.085 D/CompatibilityInfo( 1526): applicationScale - 1.0
11-11 00:00:42.086 D/TimeService( 5248): Receivedandroid.intent.action.TIME_SET intent. Current Time is 1668096042086
11-11 00:00:42.088 D/Launcher.IconCache( 2527): Package not found
11-11 00:00:42.088 D/Launcher.IconCache( 2527): android.content.pm.PackageManager$NameNotFoundException: com.android.calendar
11-11 00:00:42.088 D/Launcher.IconCache( 2527): at android.app.ApplicationPackageManager.getPackageInfoAsUser(ApplicationPackageManager.java:241)
11-11 00:00:42.088 D/Launcher.IconCache( 2527): at android.app.ApplicationPackageManager.getPackageInfo(ApplicationPackageManager.java:213)
11-11 00:00:42.088 D/Launcher.IconCache( 2527): at com.android.launcher3.icons.IconCache.updateIconsForPkg(IconCache.java:122)
11-11 00:00:42.088 D/Launcher.IconCache( 2527): at com.android.launcher3.model.PackageUpdatedTask.execute(PackageUpdatedTask.java:130)
11-11 00:00:42.088 D/Launcher.IconCache( 2527): at com.android.launcher3.model.BaseModelUpdateTask.run(BaseModelUpdateTask.java:80)
11-11 00:00:42.088 D/Launcher.IconCache( 2527): at com.android.launcher3.util.LooperExecutor.execute(LooperExecutor.java:45)
11-11 00:00:42.088 D/Launcher.IconCache( 2527): at com.android.launcher3.LauncherModel.enqueueModelUpdateTask(LauncherModel.java:555)
11-11 00:00:42.088 D/Launcher.IconCache( 2527): at com.android.launcher3.LauncherModel.onPackageChanged(LauncherModel.java:156)
11-11 00:00:42.088 D/Launcher.IconCache( 2527): at com.android.launcher3.LauncherModel.onAppIconChanged(LauncherModel.java:226)
11-11 00:00:42.088 D/Launcher.IconCache( 2527): at com.android.launcher3.LauncherAppState$IconObserver.onAppIconChanged(LauncherAppState.java:206)
11-11 00:00:42.088 D/Launcher.IconCache( 2527): at com.android.launcher3.icons.IconProvider$IconChangeReceiver.onReceive(IconProvider.java:371)
11-11 00:00:42.088 D/Launcher.IconCache( 2527): at android.app.LoadedApk$ReceiverDispatcher$Args.lambda$getRunnable$0$LoadedApk$ReceiverDispatcher$Args(LoadedApk.java:1679)
11-11 00:00:42.088 D/Launcher.IconCache( 2527): at android.app.LoadedApk$ReceiverDispatcher$Args$$ExternalSyntheticLambda0.run(Unknown Source:2)
11-11 00:00:42.088 D/Launcher.IconCache( 2527): at android.os.Handler.handleCallback(Handler.java:938)
11-11 00:00:42.088 D/Launcher.IconCache( 2527): at android.os.Handler.dispatchMessage(Handler.java:99)
11-11 00:00:42.088 D/Launcher.IconCache( 2527): at android.os.Looper.loopOnce(Looper.java:201)
11-11 00:00:42.088 D/Launcher.IconCache( 2527): at android.os.Looper.loop(Looper.java:288)
11-11 00:00:42.088 D/Launcher.IconCache( 2527): at android.os.HandlerThread.run(HandlerThread.java:67)
11-11 00:00:42.088 D/QC-time-services( 642): Daemon: Connection accepted:time_genoff
11-11 00:00:42.088 D/QC-time-services( 642): Daemon:Received base = 2, unit = 1, operation = 0,value = 1668096042088
11-11 00:00:42.088 D/QC-time-services( 642): Daemon:genoff_opr: Base = 2, val = 1668096042088, operation = 0
11-11 00:00:42.088 D/QC-time-services( 642): Daemon:Value read from QTimer mseconds = 410796
11-11 00:00:42.088 D/QC-time-services( 642): Daemon:Value read from RTC mseconds on boot = 7137000
11-11 00:00:42.088 D/QC-time-services( 642): Daemon:Delta read on boot mseconds = 7128979
11-11 00:00:42.088 D/QC-time-services( 642): Daemon:new time 1668096042088
11-11 00:00:42.088 D/QC-time-services( 642): Daemon: delta 1668088502313 genoff 1668088502313
11-11 00:00:42.088 D/QC-time-services( 642): Daemon:genoff_persistent_update: Writing genoff = 1668088502313 to memory
11-11 00:00:42.088 D/QC-time-services( 642): Daemon:Opening File: /mnt/vendor/persist/time/ats_2 /data/vendor/time/ats_2
11-11 00:00:42.088 D/QC-time-services( 642): Daemon:time_persistent_memory_opr:Genoff write operation
11-11 00:00:42.089 D/BaseModelUpdateTask( 2527): BaseModelUpdateTask constructor
11-11 00:00:42.089 D/BaseModelUpdateTask( 2527): java.lang.Exception
11-11 00:00:42.089 D/BaseModelUpdateTask( 2527): at com.android.launcher3.model.BaseModelUpdateTask.(BaseModelUpdateTask.java:57)
11-11 00:00:42.089 D/BaseModelUpdateTask( 2527): at com.android.launcher3.LauncherModel$6.(LauncherModel.java:605)
11-11 00:00:42.089 D/BaseModelUpdateTask( 2527): at com.android.launcher3.LauncherModel.refreshAndBindWidgetsAndShortcuts(LauncherModel.java:605)
11-11 00:00:42.089 D/BaseModelUpdateTask( 2527): at com.android.launcher3.Launcher.refreshAndBindWidgetsForPackageUser(Launcher.java:2878)
11-11 00:00:42.089 D/BaseModelUpdateTask( 2527): at com.android.launcher3.model.PackageUpdatedTask.execute(PackageUpdatedTask.java:139)
11-11 00:00:42.089 D/BaseModelUpdateTask( 2527): at com.android.launcher3.model.BaseModelUpdateTask.run(BaseModelUpdateTask.java:80)
11-11 00:00:42.089 D/BaseModelUpdateTask( 2527): at com.android.launcher3.util.LooperExecutor.execute(LooperExecutor.java:45)
11-11 00:00:42.089 D/BaseModelUpdateTask( 2527): at com.android.launcher3.LauncherModel.enqueueModelUpdateTask(LauncherModel.java:555)
11-11 00:00:42.089 D/BaseModelUpdateTask( 2527): at com.android.launcher3.LauncherModel.onPackageChanged(LauncherModel.java:156)
11-11 00:00:42.089 D/BaseModelUpdateTask( 2527): at com.android.launcher3.LauncherModel.onAppIconChanged(LauncherModel.java:226)
11-11 00:00:42.089 D/BaseModelUpdateTask( 2527): at com.android.launcher3.LauncherAppState$IconObserver.onAppIconChanged(LauncherAppState.java:206)
11-11 00:00:42.089 D/BaseModelUpdateTask( 2527): at com.android.launcher3.icons.IconProvider$IconChangeReceiver.onReceive(IconProvider.java:371)
11-11 00:00:42.089 D/BaseModelUpdateTask( 2527): at android.app.LoadedApk$ReceiverDispatcher$Args.lambda$getRunnable$0$LoadedApk$ReceiverDispatcher$Args(LoadedApk.java:1679)
11-11 00:00:42.089 D/BaseModelUpdateTask( 2527): at android.app.LoadedApk$ReceiverDispatcher$Args$$ExternalSyntheticLambda0.run(Unknown Source:2)
11-11 00:00:42.089 D/BaseModelUpdateTask( 2527): at android.os.Handler.handleCallback(Handler.java:938)
11-11 00:00:42.089 D/BaseModelUpdateTask( 2527): at android.os.Handler.dispatchMessage(Handler.java:99)
11-11 00:00:42.089 D/BaseModelUpdateTask( 2527): at android.os.Looper.loopOnce(Looper.java:201)
11-11 00:00:42.089 D/BaseModelUpdateTask( 2527): at android.os.Looper.loop(Looper.java:288)
11-11 00:00:42.089 D/BaseModelUpdateTask( 2527): at android.os.HandlerThread.run(HandlerThread.java:67)
11-11 00:00:42.090 D/KeyguardUpdateMonitor( 2000): received broadcast android.intent.action.TIME_SET
11-11 00:00:42.092 D/KeyguardUpdateMonitor( 2000): handleTimeUpdate
11-11 00:00:42.093 D/QC-time-services( 642): Updating the TOD offset
11-11 00:00:42.093 D/QC-time-services( 642): Daemon:genoff_persistent_update: Writing genoff = 1668088502313 to memory
11-11 00:00:42.093 D/QC-time-services( 642): Daemon:Opening File: /mnt/vendor/persist/time/ats_1 /data/vendor/time/ats_1
11-11 00:00:42.093 D/QC-time-services( 642): Daemon:time_persistent_memory_opr:Genoff write operation
11-11 00:00:42.095 D/QC-time-services( 642): Daemon:genoff_set: Updating the WLAN offset
11-11 00:00:42.095 D/QC-time-services( 642): Daemon:genoff_persistent_update: Writing genoff = 1668088502313 to memory
11-11 00:00:42.095 D/QC-time-services( 642): Daemon:Opening File: /mnt/vendor/persist/time/ats_16 /data/vendor/time/ats_16
11-11 00:00:42.095 D/QC-time-services( 642): Daemon:time_persistent_memory_opr:Genoff write operation
11-11 00:00:42.097 D/TimeService( 5248): Set time successfully!
11-11 00:00:42.097 E/QC-time-services( 642): Daemon: Time-services: Waiting to acceptconnection
11-11 00:00:42.098 D/CompatibilityInfo( 1526): mCompatibilityFlags - 4
11-11 00:00:42.099 D/CompatibilityInfo( 1526): applicationDensity - 240
11-11 00:00:42.099 D/CompatibilityInfo( 1526): applicationScale - 1.0
11-11 00:00:42.109 I/WidgetsModel( 2527): found whitelist widget: com.android.settings, label: 璁剧疆蹇嵎鏂瑰紡, sectionName:S
11-11 00:00:42.109 I/WidgetsModel( 2527): found whitelist widget: com.android.gallery3d, label: 鐓х墖, sectionName:T
11-11 00:00:42.109 I/WidgetsModel( 2527): found whitelist widget: com.android.systemui, label: 瀵硅瘽, sectionName:D
11-11 00:00:42.110 I/WidgetsModel( 2527): found whitelist widget: com.android.music, label: 闊充箰, sectionName:Y
11-11 00:00:42.111 D/ModelWriter( 2527): removing items from db
11-11 00:00:42.111 D/ModelWriter( 2527): java.lang.Exception
