11-11 00:00:30.993 I/OpenGLRenderer( 3511): Davey! duration=9223371639404ms; Flags=0, FrameTimelineVsyncId=4193, IntendedVsync=397450162073, Vsync=397450162073, InputEventId=0, HandleInputStart=397450873751, AnimationStart=397450877293, PerformTraversalsStart=397450879949, DrawStart=397451786928, FrameDeadline=397483495405, FrameInterval=397450863334, FrameStartTime=16666666, SyncQueued=397452410001, SyncStart=397452563595, IssueDrawCommandsStart=397453426511, SwapBuffers=397459944480, FrameCompleted=9223372036854775807, DequeueBufferDuration=47552, QueueBufferDuration=1164063, GpuCompleted=9223372036854775807, SwapBuffersCompleted=397461843022, DisplayPresentTime=0,
11-11 00:00:31.010 D/MicroSettings: SetTimeAction( 2156): current timestamp: 1668096031010
11-11 00:00:31.010 D/MicroSettings: SetTimeAction( 2156): setTime: 14000
11-11 00:00:31.011 D/AlarmManagerService( 1526): Setting time of day to sec=14
11-11 00:00:31.011 W/AlarmManagerService( 1526): Unable to set rtc to 14: Invalid argument
11-11 00:00:31.167 W/kcp_info( 5265): HCDN_LOG: [T:5570]Update: udp kcp size[0], timeout kcp size[0]
11-11 00:00:31.311 I/mpu_uart( 644): [MSG-P:RECV]:No message received in 1000 ms
11-11 00:00:31.377 I/OpenGLRenderer( 3511): Davey! duration=9223371639020ms; Flags=0, FrameTimelineVsyncId=4199, IntendedVsync=397834448051, Vsync=397834448051, InputEventId=0, HandleInputStart=397835355730, AnimationStart=397835359584, PerformTraversalsStart=397835362240, DrawStart=397836608074, FrameDeadline=397867781383, FrameInterval=397835345730, FrameStartTime=16666666, SyncQueued=397837220418, SyncStart=397837372188, IssueDrawCommandsStart=397838193751, SwapBuffers=397844505105, FrameCompleted=9223372036854775807, DequeueBufferDuration=44740, QueueBufferDuration=1111198, GpuCompleted=9223372036854775807, SwapBuffersCompleted=397846217084, DisplayPresentTime=0,
11-11 00:00:31.475 I/auditd ( 2764): type=1400 audit(0.0:10397228): avc: denied { read } for comm="event_loop" lport=13400 scontext=u:r:hht_ota_mgr:s0 tcontext=u:r:hht_ota_mgr:s0 tclass=udp_socket permissive=0
11-11 00:00:31.475 W/event_loop( 2764): type=1400 audit(0.0:10397228): avc: denied { read } for lport=13400 scontext=u:r:hht_ota_mgr:s0 tcontext=u:r:hht_ota_mgr:s0 tclass=udp_socket permissive=0
11-11 00:00:31.475 I/auditd ( 2764): type=1400 audit(0.0:10397229): avc: denied { read } for comm="event_loop" lport=13400 scontext=u:r:hht_ota_mgr:s0 tcontext=u:r:hht_ota_mgr:s0 tclass=udp_socket permissive=0
11-11 00:00:31.475 W/event_loop( 2764): type=1400 audit(0.0:10397229): avc: denied { read } for lport=13400 scontext=u:r:hht_ota_mgr:s0 tcontext=u:r:hht_ota_mgr:s0 tclass=udp_socket permissive=0
11-11 00:00:31.475 I/auditd ( 2764): type=1400 audit(0.0:10397230): avc: denied { read } for comm="event_loop" lport=13400 scontext=u:r:hht_ota_mgr:s0 tcontext=u:r:hht_ota_mgr:s0 tclass=udp_socket permissive=0
11-11 00:00:31.475 W/event_loop( 2764): type=1400 audit(0.0:10397230): avc: denied { read } for lport=13400 scontext=u:r:hht_ota_mgr:s0 tcontext=u:r:hht_ota_mgr:s0 tclass=udp_socket permissive=0
11-11 00:00:31.475 I/auditd ( 2764): type=1400 audit(0.0:10397231): avc: denied { read } for comm="event_loop" lport=13400 scontext=u:r:hht_ota_mgr:s0 tcontext=u:r:hht_ota_mgr:s0 tclass=udp_socket permissive=0
11-11 00:00:31.475 W/event_loop( 2764): type=1400 audit(0.0:10397231): avc: denied { read } for lport=13400 scontext=u:r:hht_ota_mgr:s0 tcontext=u:r:hht_ota_mgr:s0 tclass=udp_socket permissive=0
11-11 00:00:31.475 I/auditd ( 2764): type=1400 audit(0.0:10397232): avc: denied { read } for comm="event_loop" lport=13400 scontext=u:r:hht_ota_mgr:s0 tcontext=u:r:hht_ota_mgr:s0 tclass=udp_socket permissive=0
11-11 00:00:31.475 W/event_loop( 2764): type=1400 audit(0.0:10397232): avc: denied { read } for lport=13400 scontext=u:r:hht_ota_mgr:s0 tcontext=u:r:hht_ota_mgr:s0 tclass=udp_socket permissive=0
11-11 00:10:52.677 W/audit ( 0): audit_lost=10397519 audit_rate_limit=5 audit_backlog_limit=64
11-11 00:10:52.677 E/audit ( 0): rate limit exceeded
11-11 00:00:31.794 I/OpenGLRenderer( 3511): Davey! duration=9223371638602ms; Flags=0, FrameTimelineVsyncId=4205, IntendedVsync=398252092695, Vsync=398252092695, InputEventId=0, HandleInputStart=398253312240, AnimationStart=398253316094, PerformTraversalsStart=398253318751, DrawStart=398254165313, FrameDeadline=398285426027, FrameInterval=398253303022, FrameStartTime=16666666, SyncQueued=398254805626, SyncStart=398254957969, IssueDrawCommandsStart=398255794272, SwapBuffers=398262054376, FrameCompleted=9223372036854775807, DequeueBufferDuration=46511, QueueBufferDuration=1163125, GpuCompleted=9223372036854775807, SwapBuffersCompleted=398263859115, DisplayPresentTime=0,
11-11 00:00:32.013 W/ContextImpl( 2156): Calling a method in the system process without a qualified user: android.app.ContextImpl.sendBroadcast:1173 android.content.ContextWrapper.sendBroadcast:479 com.thundercomm.microsettings.action.SetTimeAction.timeUpdated:212 com.thundercomm.microsettings.action.SetTimeAction.update24HourFormat:194 com.thundercomm.microsettings.action.SetTimeAction.doActualAction:154
11-11 00:00:32.019 D/MicroSettings: ITCMicroCommonCallback( 2156): get request method = syncTime parameters = {"IDCM_Time_12_24":"24","IDCM_Timestamp":14000,"IDCM_Timezone":"GMT+08:00"}
11-11 00:00:32.020 D/AlarmManagerService( 1526): Kernel timezone updated to -480 minutes west of GMT
11-11 00:00:32.020 D/MicroSettings: SetTimeAction( 2156): setTimezone: Asia/Shanghai
11-11 00:00:32.020 D/AlarmManagerService( 1526): Kernel timezone updated to -480 minutes west of GMT
11-11 00:00:32.021 D/DevicePolicyManager( 1526): updateSystemUpdateFreezePeriodsRecord
11-11 00:00:32.022 D/ConditionProviders.SCP( 1526): onReceive android.intent.action.TIME_SET
11-11 00:00:32.022 D/ConditionProviders.SCP( 1526): evaluateSubscriptionLocked cal=ScheduleCalendar[mDays={1, 2, 3, 4, 5, 6, 7}, mSchedule=ScheduleInfo{days=[1, 2, 3, 4, 5, 6, 7], startHour=22, startMinute=0, endHour=7, endMinute=0, exitAtAlarm=true, nextAlarm=Thu Jan 01 08:00:00 GMT+08:00 1970 (0)}], now=Fri Nov 11 00:00:32 GMT+08:00 2022 (1668096032022), nextUserAlarmTime=Thu Jan 01 08:00:00 GMT+08:00 1970 (0)
11-11 00:00:32.023 D/ConditionProviders.SCP( 1526): notifyCondition condition://android/schedule?days=1.2.3.4.5.6.7&start=22.0&end=7.0&exitAtAlarm=true STATE_TRUE reason=meetsSchedule
11-11 00:00:32.023 D/OsAgent ( 2639): [time_change_update][3164] [HC] =>> [HS]
11-11 00:00:32.023 D/ConditionProviders.SCP( 1526): Scheduling evaluate for Fri Nov 11 07:00:00 GMT+08:00 2022 (1668121200000), in +6h59m27s978ms, now=Fri Nov 11 00:00:32 GMT+08:00 2022 (1668096032022)
11-11 00:00:32.023 V/LocSvc_HIDL_IzatSubscription( 809): [timeChangeUpdate][645] [HS] <<<<= [HC]
11-11 00:00:32.024 D/IconProvider( 2527): onReceive: android.intent.action.TIME_SET
11-11 00:00:32.025 D/IconProvider( 2527): onReceive: android.intent.action.TIME_SET
11-11 00:00:32.027 D/CompatibilityInfo( 1526): mCompatibilityFlags - 4
11-11 00:00:32.027 D/CompatibilityInfo( 1526): applicationDensity - 240
11-11 00:00:32.027 D/CompatibilityInfo( 1526): applicationScale - 1.0
11-11 00:00:32.028 D/BaseModelUpdateTask( 2527): BaseModelUpdateTask constructor
11-11 00:00:32.028 D/BaseModelUpdateTask( 2527): java.lang.Exception
11-11 00:00:32.028 D/BaseModelUpdateTask( 2527): at com.android.launcher3.model.BaseModelUpdateTask.(BaseModelUpdateTask.java:57)
11-11 00:00:32.028 D/BaseModelUpdateTask( 2527): at com.android.launcher3.model.PackageUpdatedTask.(PackageUpdatedTask.java:88)
11-11 00:00:32.028 D/BaseModelUpdateTask( 2527): at com.android.launcher3.LauncherModel.onPackageChanged(LauncherModel.java:156)
11-11 00:00:32.028 D/BaseModelUpdateTask( 2527): at com.android.launcher3.LauncherModel.onAppIconChanged(LauncherModel.java:226)
11-11 00:00:32.028 D/BaseModelUpdateTask( 2527): at com.android.launcher3.LauncherAppState$IconObserver.onAppIconChanged(LauncherAppState.java:206)
11-11 00:00:32.028 D/BaseModelUpdateTask( 2527): at com.android.launcher3.icons.IconProvider$IconChangeReceiver.onReceive(IconProvider.java:371)
11-11 00:00:32.028 D/BaseModelUpdateTask( 2527): at android.app.LoadedApk$ReceiverDispatcher$Args.lambda$getRunnable$0$LoadedApk$ReceiverDispatcher$Args(LoadedApk.java:1679)
11-11 00:00:32.028 D/BaseModelUpdateTask( 2527): at android.app.LoadedApk$ReceiverDispatcher$Args$$ExternalSyntheticLambda0.run(Unknown Source:2)
11-11 00:00:32.028 D/BaseModelUpdateTask( 2527): at android.os.Handler.handleCallback(Handler.java:938)
11-11 00:00:32.028 D/BaseModelUpdateTask( 2527): at android.os.Handler.dispatchMessage(Handler.java:99)
11-11 00:00:32.028 D/BaseModelUpdateTask( 2527): at android.os.Looper.loopOnce(Looper.java:201)
11-11 00:00:32.028 D/BaseModelUpdateTask( 2527): at android.os.Looper.loop(Looper.java:288)
11-11 00:00:32.028 D/BaseModelUpdateTask( 2527): at android.os.HandlerThread.run(HandlerThread.java:67)
11-11 00:00:32.028 D/TimeService( 5248): Receivedandroid.intent.action.TIME_SET intent. Current Time is 1668096032028
11-11 00:00:32.028 D/KeyguardUpdateMonitor( 2000): received broadcast android.intent.action.TIME_SET
11-11 00:00:32.028 D/KeyguardUpdateMonitor( 2000): handleTimeUpdate
11-11 00:00:32.029 D/PackageUpdatedTask( 2527): PackageUpdatedTask constructor: op=2,user=UserHandle{0},packages=[com.android.calendar]
11-11 00:00:32.029 D/PackageUpdatedTask( 2527): java.lang.Exception
11-11 00:00:32.029 D/PackageUpdatedTask( 2527): at com.android.launcher3.model.PackageUpdatedTask.(PackageUpdatedTask.java:93)
11-11 00:00:32.029 D/PackageUpdatedTask( 2527): at com.android.launcher3.LauncherModel.onPackageChanged(LauncherModel.java:156)
11-11 00:00:32.029 D/PackageUpdatedTask( 2527): at com.android.launcher3.LauncherModel.onAppIconChanged(LauncherModel.java:226)
11-11 00:00:32.029 D/PackageUpdatedTask( 2527): at com.android.launcher3.LauncherAppState$IconObserver.onAppIconChanged(LauncherAppState.java:206)
11-11 00:00:32.029 D/PackageUpdatedTask( 2527): at com.android.launcher3.icons.IconProvider$IconChangeReceiver.onReceive(IconProvider.java:371)
11-11 00:00:32.029 D/PackageUpdatedTask( 2527): at android.app.LoadedApk$ReceiverDispatcher$Args.lambda$getRunnable$0$LoadedApk$ReceiverDispatcher$Args(LoadedApk.java:1679)
11-11 00:00:32.029 D/PackageUpdatedTask( 2527): at android.app.LoadedApk$ReceiverDispatcher$Args$$ExternalSyntheticLambda0.run(Unknown Source:2)
11-11 00:00:32.029 D/PackageUpdatedTask( 2527): at android.os.Handler.handleCallback(Handler.java:938)
11-11 00:00:32.029 D/PackageUpdatedTask( 2527): at android.os.Handler.dispatchMessage(Handler.java:99)
11-11 00:00:32.029 D/PackageUpdatedTask( 2527): at android.os.Looper.loopOnce(Looper.java:201)
11-11 00:00:32.029 D/PackageUpdatedTask( 2527): at android.os.Looper.loop(Looper.java:288)
11-11 00:00:32.029 D/PackageUpdatedTask( 2527): at android.os.HandlerThread.run(HandlerThread.java:67)
11-11 00:00:32.030 D/QC-time-services( 642): Daemon: Connection accepted:time_genoff
11-11 00:00:32.031 D/Launcher.IconCache( 2527): Package not found
11-11 00:00:32.031 D/Launcher.IconCache( 2527): android.content.pm.PackageManager$NameNotFoundException: com.android.calendar
11-11 00:00:32.031 D/Launcher.IconCache( 2527): at android.app.ApplicationPackageManager.getPackageInfoAsUser(ApplicationPackageManager.java:241)
11-11 00:00:32.031 D/Launcher.IconCache( 2527): at android.app.ApplicationPackageManager.getPackageInfo(ApplicationPackageManager.java:213)
11-11 00:00:32.031 D/Launcher.IconCache( 2527): at com.android.launcher3.icons.IconCache.updateIconsForPkg(IconCache.java:122)
11-11 00:00:32.031 D/Launcher.IconCache( 2527): at com.android.launcher3.model.PackageUpdatedTask.execute(PackageUpdatedTask.java:130)
11-11 00:00:32.031 D/Launcher.IconCache( 2527): at com.android.launcher3.model.BaseModelUpdateTask.run(BaseModelUpdateTask.java:80)
11-11 00:00:32.031 D/Launcher.IconCache( 2527): at com.android.launcher3.util.LooperExecutor.execute(LooperExecutor.java:45)
11-11 00:00:32.031 D/Launcher.IconCache( 2527): at com.android.launcher3.LauncherModel.enqueueModelUpdateTask(LauncherModel.java:555)
11-11 00:00:32.031 D/Launcher.IconCache( 2527): at com.android.launcher3.LauncherModel.onPackageChanged(LauncherModel.java:156)
11-11 00:00:32.031 D/Launcher.IconCache( 2527): at com.android.launcher3.LauncherModel.onAppIconChanged(LauncherModel.java:226)
11-11 00:00:32.031 D/Launcher.IconCache( 2527): at com.android.launcher3.LauncherAppState$IconObserver.onAppIconChanged(LauncherAppState.java:206)
11-11 00:00:32.031 D/Launcher.IconCache( 2527): at com.android.launcher3.icons.IconProvider$IconChangeReceiver.onReceive(IconProvider.java:371)
11-11 00:00:32.031 D/Launcher.IconCache( 2527): at android.app.LoadedApk$ReceiverDispatcher$Args.lambda$getRunnable$0$LoadedApk$ReceiverDispatcher$Args(LoadedApk.java:1679)
11-11 00:00:32.031 D/Launcher.IconCache( 2527): at android.app.LoadedApk$ReceiverDispatcher$Args$$ExternalSyntheticLambda0.run(Unknown Source:2)
11-11 00:00:32.031 D/Launcher.IconCache( 2527): at android.os.Handler.handleCallback(Handler.java:938)
11-11 00:00:32.031 D/Launcher.IconCache( 2527): at android.os.Handler.dispatchMessage(Handler.java:99)
11-11 00:00:32.031 D/Launcher.IconCache( 2527): at android.os.Looper.loopOnce(Looper.java:201)
11-11 00:00:32.031 D/Launcher.IconCache( 2527): at android.os.Looper.loop(Looper.java:288)
11-11 00:00:32.031 D/Launcher.IconCache( 2527): at android.os.HandlerThread.run(HandlerThread.java:67)
11-11 00:00:32.032 D/QC-time-services( 642): Daemon:Received base = 2, unit = 1, operation = 0,value = 1668096032030
11-11 00:00:32.032 D/QC-time-services( 642): Daemon:genoff_opr: Base = 2, val = 1668096032030, operation = 0
11-11 00:00:32.032 D/QC-time-services( 642): Daemon:Value read from QTimer mseconds = 400740
11-11 00:00:32.032 D/QC-time-services( 642): Daemon:Value read from RTC mseconds on boot = 7137000
11-11 00:00:32.032 D/QC-time-services( 642): Daemon:Delta read on boot mseconds = 7128979
11-11 00:00:32.032 D/QC-time-services( 642): Daemon:new time 1668096032030
11-11 00:00:32.032 D/QC-time-services( 642): Daemon: delta 1668088502311 genoff 1668088502311
11-11 00:00:32.032 D/QC-time-services( 642): Daemon:genoff_persistent_update: Writing genoff = 1668088502311 to memory
11-11 00:00:32.032 D/QC-time-services( 642): Daemon:Opening File: /mnt/vendor/persist/time/ats_2 /data/vendor/time/ats_2
11-11 00:00:32.032 D/QC-time-services( 642): Daemon:time_persistent_memory_opr:Genoff write operation
11-11 00:00:32.033 D/BaseModelUpdateTask( 2527): BaseModelUpdateTask constructor
11-11 00:00:32.033 D/BaseModelUpdateTask( 2527): java.lang.Exception
11-11 00:00:32.033 D/BaseModelUpdateTask( 2527): at com.android.launcher3.model.BaseModelUpdateTask.(BaseModelUpdateTask.java:57)
11-11 00:00:32.033 D/BaseModelUpdateTask( 2527): at com.android.launcher3.LauncherModel$6.(LauncherModel.java:605)
11-11 00:00:32.033 D/BaseModelUpdateTask( 2527): at com.android.launcher3.LauncherModel.refreshAndBindWidgetsAndShortcuts(LauncherModel.java:605)
11-11 00:00:32.033 D/BaseModelUpdateTask( 2527): at com.android.launcher3.Launcher.refreshAndBindWidgetsForPackageUser(Launcher.java:2878)
11-11 00:00:32.033 D/BaseModelUpdateTask( 2527): at com.android.launcher3.model.PackageUpdatedTask.execute(PackageUpdatedTask.java:139)
11-11 00:00:32.033 D/BaseModelUpdateTask( 2527): at com.android.launcher3.model.BaseModelUpdateTask.run(BaseModelUpdateTask.java:80)
11-11 00:00:32.033 D/BaseModelUpdateTask( 2527): at com.android.launcher3.util.LooperExecutor.execute(LooperExecutor.java:45)
11-11 00:00:32.033 D/BaseModelUpdateTask( 2527): at com.android.launcher3.LauncherModel.enqueueModelUpdateTask(LauncherModel.java:555)
11-11 00:00:32.033 D/BaseModelUpdateTask( 2527): at com.android.launcher3.LauncherModel.onPackageChanged(LauncherModel.java:156)
11-11 00:00:32.033 D/BaseModelUpdateTask( 2527): at com.android.launcher3.LauncherModel.onAppIconChanged(LauncherModel.java:226)
11-11 00:00:32.033 D/BaseModelUpdateTask( 2527): at com.android.launcher3.LauncherAppState$IconObserver.onAppIconChanged(LauncherAppState.java:206)
11-11 00:00:32.033 D/BaseModelUpdateTask( 2527): at com.android.launcher3.icons.IconProvider$IconChangeReceiver.onReceive(IconProvider.java:371)
11-11 00:00:32.033 D/BaseModelUpdateTask( 2527): at android.app.LoadedApk$ReceiverDispatcher$Args.lambda$getRunnable$0$LoadedApk$ReceiverDispatcher$Args(LoadedApk.java:1679)
11-11 00:00:32.033 D/BaseModelUpdateTask( 2527): at android.app.LoadedApk$ReceiverDispatcher$Args$$ExternalSyntheticLambda0.run(Unknown Source:2)
11-11 00:00:32.033 D/BaseModelUpdateTask( 2527): at android.os.Handler.handleCallback(Handler.java:938)
11-11 00:00:32.033 D/BaseModelUpdateTask( 2527): at android.os.Handler.dispatchMessage(Handler.java:99)
11-11 00:00:32.033 D/BaseModelUpdateTask( 2527): at android.os.Looper.loopOnce(Looper.java:201)
11-11 00:00:32.033 D/BaseModelUpdateTask( 2527): at android.os.Looper.loop(Looper.java:288)
11-11 00:00:32.033 D/BaseModelUpdateTask( 2527): at android.os.HandlerThread.run(HandlerThread.java:67)
11-11 00:00:32.037 D/QC-time-services( 642): Updating the TOD offset
11-11 00:00:32.037 D/QC-time-services( 642): Daemon:genoff_persistent_update: Writing genoff = 1668088502311 to memory
11-11 00:00:32.037 D/QC-time-services( 642): Daemon:Opening File: /mnt/vendor/persist/time/ats_1 /data/vendor/time/ats_1
11-11 00:00:32.037 D/QC-time-services( 642): Daemon:time_persistent_memory_opr:Genoff write operation
11-11 00:00:32.043 D/QC-time-services( 642): Daemon:genoff_set: Updating the WLAN offset
11-11 00:00:32.043 D/QC-time-services( 642): Daemon:genoff_persistent_update: Writing genoff = 1668088502311 to memory
11-11 00:00:32.043 D/QC-time-services( 642): Daemon:Opening File: /mnt/vendor/persist/time/ats_16 /data/vendor/time/ats_16
11-11 00:00:32.043 D/QC-time-services( 642): Daemon:time_persistent_memory_opr:Genoff write operation
11-11 00:00:32.044 E/QC-time-services( 642): Daemon: Time-services: Waiting to acceptconnection
11-11 00:00:32.044 D/TimeService( 5248): Set time successfully!
11-11 00:00:32.047 D/CompatibilityInfo( 1526): mCompatibilityFlags - 4
11-11 00:00:32.048 D/CompatibilityInfo( 1526): applicationDensity - 240
11-11 00:00:32.048 D/CompatibilityInfo( 1526): applicationScale - 1.0
11-11 00:00:32.051 I/WidgetsModel( 2527): found whitelist widget: com.android.settings, label: 璁剧疆蹇嵎鏂瑰紡, sectionName:S
11-11 00:00:32.051 I/WidgetsModel( 2527): found whitelist widget: com.android.gallery3d, label: 鐓х墖, sectionName:T
11-11 00:00:32.051 I/WidgetsModel( 2527): found whitelist widget: com.android.systemui, label: 瀵硅瘽, sectionName:D
11-11 00:00:32.052 I/WidgetsModel( 2527): found whitelist widget: com.android.music, label: 闊充箰, sectionName:Y
11-11 00:00:32.053 D/ModelWriter( 2527): removing items from db
11-11 00:00:32.053 D/ModelWriter( 2527): java.lang.Exception
11-11 00:00:32.053 D/ModelWriter( 2527): at com.android.launcher3.model.ModelWriter.deleteItemsFromDatabase(ModelWriter.java:280)
11-11 00:00:32.053 D/ModelWriter( 2527): at com.android.launcher3.model.ModelWriter.deleteItemsFromDatabase(ModelWriter.java:268)
11-11 00:00:32.053 D/ModelWriter( 2527): at com.android.launcher3.model.BaseModelUpdateTask.deleteAndBindComponentsRemoved(BaseModelUpdateTask.java:140)
11-11 00:00:32.053 D/ModelWriter( 2527): at com.android.launcher3.model.PackageUpdatedTask.execute(PackageUpdatedTask.java:353)
11-11 00:00:32.053 D/ModelWriter( 2527): at com.android.launcher3.model.BaseModelUpdateTask.run(BaseModelUpdateTask.java:80)
11-11 00:00:32.053 D/ModelWriter( 2527): at com.android.launcher3.util.LooperExecutor.execute(LooperExecutor.java:45)
11-11 00:00:32.053 D/ModelWriter( 2527): at com.android.launcher3.LauncherModel.enqueueModelUpdateTask(LauncherModel.java:555)
11-11 00:00:32.053 D/ModelWriter( 2527): at com.android.launcher3.LauncherModel.onPackageChanged(LauncherModel.java:156)
11-11 00:00:32.053 D/ModelWriter( 2527): at com.android.launcher3.LauncherModel.onAppIconChanged(LauncherModel.java:226)
11-11 00:00:32.053 D/ModelWriter( 2527): at com.android.launcher3.LauncherAppState$IconObserver.onAppIconChanged(LauncherAppState.java:206)
11-11 00:00:32.053 D/ModelWriter( 2527): at com.android.launcher3.icons.IconProvider$IconChangeReceiver.onReceive(IconProvider.java:371)
11-11 00:00:32.053 D/ModelWriter( 2527): at android.app.LoadedApk$ReceiverDispatcher$Args.lambda$getRunnable$0$LoadedApk$ReceiverDispatcher$Args(LoadedApk.java:1679)
11-11 00:00:32.053 D/ModelWriter( 2527): at android.app.LoadedApk$ReceiverDispatcher$Args$$ExternalSyntheticLambda0.run(Unknown Source:2)
11-11 00:00:32.053 D/ModelWriter( 2527): at android.os.Handler.handleCallback(Handler.java:938)
11-11 00:00:32.053 D/ModelWriter( 2527): at android.os.Handler.dispatchMessage(Handler.java:99)
11-11 00:00:32.053 D/ModelWriter( 2527): at android.os.Looper.loopOnce(Looper.java:201)
11-11 00:00:32.053 D/ModelWriter( 2527): at android.os.Looper.loop(Looper.java:288)
11-11 00:00:32.053 D/ModelWriter( 2527): at android.os.HandlerThread.run(HandlerThread.java:67)
11-11 00:00:32.063 D/BaseModelUpdateTask( 2527): BaseModelUpdateTask constructor
11-11 00:00:32.063 D/BaseModelUpdateTask( 2527): java.lang.Exception
11-11 00:00:32.063 D/BaseModelUpdateTask( 2527): at com.android.launcher3.model.BaseModelUpdateTask.(BaseModelUpdateTask.java:57)
11-11 00:00:32.063 D/BaseModelUpdateTask( 2527): at com.android.launcher3.model.AddWorkspaceItemsTask.(AddWorkspaceItemsTask.java:58)
11-11 00:00:32.063 D/BaseModelUpdateTask( 2527): at com.android.launcher3.LauncherModel.addAndBindAddedWorkspaceItems(LauncherModel.java:145)
11-11 00:00:32.063 D/BaseModelUpdateTask( 2527): at com.android.launcher3.model.PackageUpdatedTask.updateToWorkSpace(PackageUpdatedTask.java:406)
11-11 00:00:32.063 D/BaseModelUpdateTask( 2527): at com.android.launcher3.model.PackageUpdatedTask.execute(PackageUpdatedTask.java:370)
11-11 00:00:32.063 D/BaseModelUpdateTask( 2527): at com.android.launcher3.model.BaseModelUpdateTask.run(BaseModelUpdateTask.java:80)
11-11 00:00:32.063 D/BaseModelUpdateTask( 2527): at com.android.launcher3.util.LooperExecutor.execute(LooperExecutor.java:45)
11-11 00:00:32.063 D/BaseModelUpdateTask( 2527): at com.android.launcher3.LauncherModel.enqueueModelUpdateTask(LauncherModel.java:555)
11-11 00:00:32.063 D/BaseModelUpdateTask( 2527): at com.android.launcher3.LauncherModel.onPackageChanged(LauncherModel.java:156)
11-11 00:00:32.063 D/BaseModelUpdateTask( 2527): at com.android.launcher3.LauncherModel.onAppIconChanged(LauncherModel.java:226)
11-11 00:00:32.063 D/BaseModelUpdateTask( 2527): at com.android.launcher3.LauncherAppState$IconObserver.onAppIconChanged(LauncherAppState.java:206)
11-11 00:00:32.063 D/BaseModelUpdateTask( 2527): at com.android.launcher3.icons.IconProvider$IconChangeReceiver.onReceive(IconProvider.java:371)
11-11 00:00:32.063 D/BaseModelUpdateTask( 2527): at android.app.LoadedApk$ReceiverDispatcher$Args.lambda$getRunnable$0$LoadedApk$ReceiverDispatcher$Args(LoadedApk.java:1679)
11-11 00:00:32.063 D/BaseModelUpdateTask( 2527): at android.app.LoadedApk$ReceiverDispatcher$Args$$ExternalSyntheticLambda0.run(Unknown Source:2)
11-11 00:00:32.063 D/BaseModelUpdateTask( 2527): at android.os.Handler.handleCallback(Handler.java:938)
11-11 00:00:32.063 D/BaseModelUpdateTask( 2527): at android.os.Handler.dispatchMessage(Handler.java:99)
11-11 00:00:32.063 D/BaseModelUpdateTask( 2527): at android.os.Looper.loopOnce(Looper.java:201)
11-11 00:00:32.063 D/BaseModelUpdateTask( 2527): at android.os.Looper.loop(Looper.java:288)
11-11 00:00:32.063 D/BaseModelUpdateTask( 2527): at android.os.HandlerThread.run(HandlerThread.java:67)
11-11 00:00:32.205 W/kcp_info( 5265): HCDN_LOG: [T:5570]Update: udp kcp size[0], timeout kcp size[0]
11-11 00:00:32.213 I/OpenGLRenderer( 3511): Davey! duration=9223371638184ms; Flags=0, FrameTimelineVsyncId=4214, IntendedVsync=398669802586, Vsync=398669802586, InputEventId=0, HandleInputStart=398670368751, AnimationStart=398670373021, PerformTraversalsStart=398670375678, DrawStart=398671272084, FrameDeadline=398703135918, FrameInterval=398670358490, FrameStartTime=16666666, SyncQueued=398671957917, SyncStart=398672145053, IssueDrawCommandsStart=398673065678, SwapBuffers=398679824584, FrameCompleted=9223372036854775807, DequeueBufferDuration=52605, QueueBufferDuration=1238021, GpuCompleted=9223372036854775807, SwapBuffersCompleted=398681791928, DisplayPresentTime=0,
11-11 00:00:32.311 I/mpu_uart( 644): [MSG-P:RECV]:No message received in 1000 ms
11-11 00:00:32.414 D/audio_hw_primary( 796): copl(0xf280c970):out of compress_wait
11-11 00:00:32.417 D/audio_hw_primary( 796): No space available in compress driver, post msg to cb thread
11-11 00:00:32.420 D/audio_hw_primary( 796): copl(0xf280c970):calling compress_wait
11-11 00:00:32.475 I/auditd ( 2764): type=1400 audit(0.0:10669490): avc: denied { read } for comm="event_loop" lport=13400 scontext=u:r:hht_ota_mgr:s0 tcontext=u:r:hht_ota_mgr:s0 tclass=udp_socket permissive=0
11-11 00:00:32.475 W/event_loop( 2764): type=1400 audit(0.0:10669490): avc: denied { read } for lport=13400 scontext=u:r:hht_ota_mgr:s0 tcontext=u:r:hht_ota_mgr:s0 tclass=udp_socket permissive=0
11-11 00:00:32.479 I/auditd ( 2764): type=1400 audit(0.0:10669491): avc: denied { read } for comm="event_loop" lport=13400 scontext=u:r:hht_ota_mgr:s0 tcontext=u:r:hht_ota_mgr:s0 tclass=udp_socket permissive=0
11-11 00:00:32.479 W/event_loop( 2764): type=1400 audit(0.0:10669491): avc: denied { read } for lport=13400 scontext=u:r:hht_ota_mgr:s0 tcontext=u:r:hht_ota_mgr:s0 tclass=udp_socket permissive=0
11-11 00:00:32.479 I/auditd ( 2764): type=1400 audit(0.0:10669492): avc: denied { read } for comm="event_loop" lport=13400 scontext=u:r:hht_ota_mgr:s0 tcontext=u:r:hht_ota_mgr:s0 tclass=udp_socket permissive=0
11-11 00:00:32.479 W/event_loop( 2764): type=1400 audit(0.0:10669492): avc: denied { read } for lport=13400 scontext=u:r:hht_ota_mgr:s0 tcontext=u:r:hht_ota_mgr:s0 tclass=udp_socket permissive=0
11-11 00:00:32.479 I/auditd ( 2764): type=1400 audit(0.0:10669493): avc: denied { read } for comm="event_loop" lport=13400 scontext=u:r:hht_ota_mgr:s0 tcontext=u:r:hht_ota_mgr:s0 tclass=udp_socket permissive=0
11-11 00:00:32.479 W/event_loop( 2764): type=1400 audit(0.0:10669493): avc: denied { read } for lport=13400 scontext=u:r:hht_ota_mgr:s0 tcontext=u:r:hht_ota_mgr:s0 tclass=udp_socket permissive=0
11-11 00:00:32.479 I/auditd ( 2764): type=1400 audit(0.0:10669494): avc: denied { read } for comm="event_loop" lport=13400 scontext=u:r:hht_ota_mgr:s0 tcontext=u:r:hht_ota_mgr:s0 tclass=udp_socket permissive=0
11-11 00:00:32.479 W/event_loop( 2764): type=1400 audit(0.0:10669494): avc: denied { read } for lport=13400 scontext=u:r:hht_ota_mgr:s0 tcontext=u:r:hht_ota_mgr:s0 tclass=udp_socket permissive=0
11-11 00:10:53.681 W/audit ( 0): audit_lost=10669771 audit_rate_limit=5 audit_backlog_limit=64
11-11 00:10:53.681 E/audit ( 0): rate limit exceeded
11-11 00:00:32.596 I/mpu_uart( 644): [MSG-P:R]:recv sync frame timeout
11-11 00:00:33.014 D/CompatibilityInfo( 1526): mCompatibilityFlags - 4
11-11 00:00:33.014 D/CompatibilityInfo( 1526): applicationDensity - 240
11-11 00:00:33.014 D/CompatibilityInfo( 1526): applicationScale - 1.0
11-11 00:00:33.021 D/MicroSettings: SetTimeAction( 2156): current timestamp: 1668096033021
11-11 00:00:33.021 D/MicroSettings: SetTimeAction( 2156): setTime: 14000
11-11 00:00:33.022 D/CompatibilityInfo( 1526): mCompatibilityFlags - 4
11-11 00:00:33.022 D/CompatibilityInfo( 1526): applicationDensity - 240
11-11 00:00:33.022 D/CompatibilityInfo( 1526): applicationScale - 1.0
11-11 00:00:33.022 D/AlarmManagerService( 1526): Setting time of day to sec=14
11-11 00:00:33.022 W/AlarmManagerService( 1526): Unable to set rtc to 14: Invalid argument
11-11 00:00:33.206 W/kcp_info( 5265): HCDN_LOG: [T:5570]Update: udp kcp size[0], timeout kcp size[0]
11-11 00:00:33.215 I/OpenGLRenderer( 3511): Davey! duration=9223371637182ms; Flags=0, FrameTimelineVsyncId=4229, IntendedVsync=399672241779, Vsync=399672241779, InputEventId=0, HandleInputStart=399673134063, AnimationStart=399673138021, PerformTraversalsStart=399673141198, DrawStart=399674058958, FrameDeadline=399705575111, FrameInterval=399673122188, FrameStartTime=16666666, SyncQueued=399674609896, SyncStart=399674767656, IssueDrawCommandsStart=399675656771, SwapBuffers=399682419740, FrameCompleted=9223372036854775807, DequeueBufferDuration=50938, QueueBufferDuration=1496667, GpuCompleted=9223372036854775807, SwapBuffersCompleted=399684733386, DisplayPresentTime=0,
11-11 00:00:33.312 I/mpu_uart( 644): [MSG-P:RECV]:No message received in 1000 ms
11-11 00:00:33.365 I/OpenGLRenderer( 3511): Davey! duration=9223371637032ms; Flags=0, FrameTimelineVsyncId=4232, IntendedVsync=399822587280, Vsync=399822587280, InputEventId=0, HandleInputStart=399823252552, AnimationStart=399823255886, PerformTraversalsStart=399823259219, DrawStart=399824397969, FrameDeadline=399855920612, FrameInterval=399823243594, FrameStartTime=16666666, SyncQueued=399825039740, SyncStart=399825186406, IssueDrawCommandsStart=399825995990, SwapBuffers=399832478333, FrameCompleted=9223372036854775807, DequeueBufferDuration=44271, QueueBufferDuration=1506146, GpuCompleted=9223372036854775807, SwapBuffersCompleted=399834715365, DisplayPresentTime=0,
11-11 00:00:33.482 I/auditd ( 2764): type=1400 audit(0.0:10941578): avc: denied { read } for comm="event_loop" lport=13400 scontext=u:r:hht_ota_mgr:s0 tcontext=u:r:hht_ota_mgr:s0 tclass=udp_socket permissive=0
11-11 00:00:33.482 W/event_loop( 2764): type=1400 audit(0.0:10941578): avc: denied { read } for lport=13400 scontext=u:r:hht_ota_mgr:s0 tcontext=u:r:hht_ota_mgr:s0 tclass=udp_socket permissive=0
11-11 00:00:33.482 I/auditd ( 2764): type=1400 audit(0.0:10941579): avc: denied { read } for comm="event_loop" lport=13400 scontext=u:r:hht_ota_mgr:s0 tcontext=u:r:hht_ota_mgr:s0 tclass=udp_socket permissive=0
11-11 00:00:33.482 W/event_loop( 2764): type=1400 audit(0.0:10941579): avc: denied { read } for lport=13400 scontext=u:r:hht_ota_mgr:s0 tcontext=u:r:hht_ota_mgr:s0 tclass=udp_socket permissive=0
11-11 00:00:33.482 I/auditd ( 2764): type=1400 audit(0.0:10941580): avc: denied { read } for comm="event_loop" lport=13400 scontext=u:r:hht_ota_mgr:s0 tcontext=u:r:hht_ota_mgr:s0 tclass=udp_socket permissive=0
11-11 00:00:33.482 W/event_loop( 2764): type=1400 audit(0.0:10941580): avc: denied { read } for lport=13400 scontext=u:r:hht_ota_mgr:s0 tcontext=u:r:hht_ota_mgr:s0 tclass=udp_socket permissive=0
11-11 00:00:33.482 I/auditd ( 2764): type=1400 audit(0.0:10941581): avc: denied { read } for comm="event_loop" lport=13400 scontext=u:r:hht_ota_mgr:s0 tcontext=u:r:hht_ota_mgr:s0 tclass=udp_socket permissive=0
11-11 00:00:33.482 W/event_loop( 2764): type=1400 audit(0.0:10941581): avc: denied { read } for lport=13400 scontext=u:r:hht_ota_mgr:s0 tcontext=u:r:hht_ota_mgr:s0 tclass=udp_socket permissive=0
11-11 00:00:33.482 I/auditd ( 2764): type=1400 audit(0.0:10941582): avc: denied { read } for comm="event_loop" lport=13400 scontext=u:r:hht_ota_mgr:s0 tcontext=u:r:hht_ota_mgr:s0 tclass=udp_socket permissive=0
11-11 00:00:33.482 W/event_loop( 2764): type=1400 audit(0.0:10941582): avc: denied { read } for lport=13400 scontext=u:r:hht_ota_mgr:s0 tcontext=u:r:hht_ota_mgr:s0 tclass=udp_socket permissive=0
11-11 00:10:54.685 W/audit ( 0): audit_lost=10941861 audit_rate_limit=5 audit_backlog_limit=64
11-11 00:10:54.685 E/audit ( 0): rate limit exceeded
11-11 00:00:34.000 I/OpenGLRenderer( 3511): Davey! duration=9223371636397ms; Flags=0, FrameTimelineVsyncId=4241, IntendedVsync=400457459642, Vsync=400457459642, InputEventId=0, HandleInputStart=400457999844, AnimationStart=400458003646, PerformTraversalsStart=400458006302, DrawStart=400458811719, FrameDeadline=400490792974, FrameInterval=400457990052, FrameStartTime=16666666, SyncQueued=400459436979, SyncStart=400459585260, IssueDrawCommandsStart=400460416510, SwapBuffers=400467486458, FrameCompleted=9223372036854775807, DequeueBufferDuration=40208, QueueBufferDuration=1209792, GpuCompleted=9223372036854775807, SwapBuffersCompleted=400469755417, DisplayPresentTime=0,
11-11 00:00:34.025 W/ContextImpl( 2156): Calling a method in the system process without a qualified user: android.app.ContextImpl.sendBroadcast:1173 android.content.ContextWrapper.sendBroadcast:479 com.thundercomm.microsettings.action.SetTimeAction.timeUpdated:212 com.thundercomm.microsettings.action.SetTimeAction.update24HourFormat:194 com.thundercomm.microsettings.action.SetTimeAction.doActualAction:154
11-11 00:00:34.029 D/MicroSettings: ITCMicroCommonCallback( 2156): get request method = syncTime parameters = {"IDCM_Time_12_24":"24","IDCM_Timestamp":14000,"IDCM_Timezone":"GMT+08:00"}
11-11 00:00:34.030 D/AlarmManagerService( 1526): Kernel timezone updated to -480 minutes west of GMT
11-11 00:00:34.030 D/MicroSettings: SetTimeAction( 2156): setTimezone: Asia/Shanghai
11-11 00:00:34.031 D/AlarmManagerService( 1526): Kernel timezone updated to -480 minutes west of GMT
11-11 00:00:34.035 D/KeyguardUpdateMonitor( 2000): received broadcast android.intent.action.TIME_SET
11-11 00:00:34.035 D/KeyguardUpdateMonitor( 2000): handleTimeUpdate
11-11 00:00:34.036 D/IconProvider( 2527): onReceive: android.intent.action.TIME_SET
11-11 00:00:34.036 D/OsAgent ( 2639): [time_change_update][3164] [HC] =>> [HS]
11-11 00:00:34.036 D/BaseModelUpdateTask( 2527): BaseModelUpdateTask constructor
11-11 00:00:34.036 D/BaseModelUpdateTask( 2527): java.lang.Exception
11-11 00:00:34.036 D/BaseModelUpdateTask( 2527): at com.android.launcher3.model.BaseModelUpdateTask.(BaseModelUpdateTask.java:57)
11-11 00:00:34.036 D/BaseModelUpdateTask( 2527): at com.android.launcher3.model.PackageUpdatedTask.(PackageUpdatedTask.java:88)
11-11 00:00:34.036 D/BaseModelUpdateTask( 2527): at com.android.launcher3.LauncherModel.onPackageChanged(LauncherModel.java:156)
11-11 00:00:34.036 D/BaseModelUpdateTask( 2527): at com.android.launcher3.LauncherModel.onAppIconChanged(LauncherModel.java:226)
11-11 00:00:34.036 D/BaseModelUpdateTask( 2527): at com.android.launcher3.LauncherAppState$IconObserver.onAppIconChanged(LauncherAppState.java:206)
11-11 00:00:34.036 D/BaseModelUpdateTask( 2527): at com.android.launcher3.icons.IconProvider$IconChangeReceiver.onReceive(IconProvider.java:371)
11-11 00:00:34.036 D/BaseModelUpdateTask( 2527): at android.app.LoadedApk$ReceiverDispatcher$Args.lambda$getRunnable$0$LoadedApk$ReceiverDispatcher$Args(LoadedApk.java:1679)
11-11 00:00:34.036 D/BaseModelUpdateTask( 2527): at android.app.LoadedApk$ReceiverDispatcher$Args$$ExternalSyntheticLambda0.run(Unknown Source:2)
11-11 00:00:34.036 D/BaseModelUpdateTask( 2527): at android.os.Handler.handleCallback(Handler.java:938)
11-11 00:00:34.036 D/BaseModelUpdateTask( 2527): at android.os.Handler.dispatchMessage(Handler.java:99)
11-11 00:00:34.036 D/BaseModelUpdateTask( 2527): at android.os.Looper.loopOnce(Looper.java:201)
11-11 00:00:34.036 D/BaseModelUpdateTask( 2527): at android.os.Looper.loop(Looper.java:288)
11-11 00:00:34.036 D/BaseModelUpdateTask( 2527): at android.os.HandlerThread.run(HandlerThread.java:67)
11-11 00:00:34.037 V/LocSvc_HIDL_IzatSubscription( 809): [timeChangeUpdate][645] [HS] <<<<= [HC]
11-11 00:00:34.037 D/IconProvider( 2527): onReceive: android.intent.action.TIME_SET
11-11 00:00:34.037 D/PackageUpdatedTask( 2527): PackageUpdatedTask constructor: op=2,user=UserHandle{0},packages=[com.android.calendar]
11-11 00:00:34.037 D/PackageUpdatedTask( 2527): java.lang.Exception
11-11 00:00:34.037 D/PackageUpdatedTask( 2527): at com.android.launcher3.model.PackageUpdatedTask.(PackageUpdatedTask.java:93)
11-11 00:00:34.037 D/PackageUpdatedTask( 2527): at com.android.launcher3.LauncherModel.onPackageChanged(LauncherModel.java:156)
11-11 00:00:34.037 D/PackageUpdatedTask( 2527): at com.android.launcher3.LauncherModel.onAppIconChanged(LauncherModel.java:226)
11-11 00:00:34.037 D/PackageUpdatedTask( 2527): at com.android.launcher3.LauncherAppState$IconObserver.onAppIconChanged(LauncherAppState.java:206)
11-11 00:00:34.037 D/PackageUpdatedTask( 2527): at com.android.launcher3.icons.IconProvider$IconChangeReceiver.onReceive(IconProvider.java:371)
11-11 00:00:34.037 D/PackageUpdatedTask( 2527): at android.app.LoadedApk$ReceiverDispatcher$Args.lambda$getRunnable$0$LoadedApk$ReceiverDispatcher$Args(LoadedApk.java:1679)
11-11 00:00:34.037 D/PackageUpdatedTask( 2527): at android.app.LoadedApk$ReceiverDispatcher$Args$$ExternalSyntheticLambda0.run(Unknown Source:2)
11-11 00:00:34.037 D/PackageUpdatedTask( 2527): at android.os.Handler.handleCallback(Handler.java:938)
11-11 00:00:34.037 D/PackageUpdatedTask( 2527): at android.os.Handler.dispatchMessage(Handler.java:99)
11-11 00:00:34.037 D/PackageUpdatedTask( 2527): at android.os.Looper.loopOnce(Looper.java:201)
11-11 00:00:34.037 D/PackageUpdatedTask( 2527): at android.os.Looper.loop(Looper.java:288)
11-11 00:00:34.037 D/PackageUpdatedTask( 2527): at android.os.HandlerThread.run(HandlerThread.java:67)
11-11 00:00:34.038 D/Launcher.IconCache( 2527): Package not found
11-11 00:00:34.038 D/Launcher.IconCache( 2527): android.content.pm.PackageManager$NameNotFoundException: com.android.calendar
11-11 00:00:34.038 D/Launcher.IconCache( 2527): at android.app.ApplicationPackageManager.getPackageInfoAsUser(ApplicationPackageManager.java:241)
11-11 00:00:34.038 D/Launcher.IconCache( 2527): at android.app.ApplicationPackageManager.getPackageInfo(ApplicationPackageManager.java:213)
11-11 00:00:34.038 D/Launcher.IconCache( 2527): at com.android.launcher3.icons.IconCache.updateIconsForPkg(IconCache.java:122)
11-11 00:00:34.038 D/Launcher.IconCache( 2527): at com.android.launcher3.model.PackageUpdatedTask.execute(PackageUpdatedTask.java:130)
11-11 00:00:34.038 D/Launcher.IconCache( 2527): at com.android.launcher3.model.BaseModelUpdateTask.run(BaseModelUpdateTask.java:80)
11-11 00:00:34.038 D/Launcher.IconCache( 2527): at com.android.launcher3.util.LooperExecutor.execute(LooperExecutor.java:45)
11-11 00:00:34.038 D/Launcher.IconCache( 2527): at com.android.launcher3.LauncherModel.enqueueModelUpdateTask(LauncherModel.java:555)
11-11 00:00:34.038 D/Launcher.IconCache( 2527): at com.android.launcher3.LauncherModel.onPackageChanged(LauncherModel.java:156)
11-11 00:00:34.038 D/Launcher.IconCache( 2527): at com.android.launcher3.LauncherModel.onAppIconChanged(LauncherModel.java:226)
11-11 00:00:34.038 D/Launcher.IconCache( 2527): at com.android.launcher3.LauncherAppState$IconObserver.onAppIconChanged(LauncherAppState.java:206)
11-11 00:00:34.038 D/Launcher.IconCache( 2527): at com.android.launcher3.icons.IconProvider$IconChangeReceiver.onReceive(IconProvider.java:371)
11-11 00:00:34.038 D/Launcher.IconCache( 2527): at android.app.LoadedApk$ReceiverDispatcher$Args.lambda$getRunnable$0$LoadedApk$ReceiverDispatcher$Args(LoadedApk.java:1679)
11-11 00:00:34.038 D/Launcher.IconCache( 2527): at android.app.LoadedApk$ReceiverDispatcher$Args$$ExternalSyntheticLambda0.run(Unknown Source:2)
11-11 00:00:34.038 D/Launcher.IconCache( 2527): at android.os.Handler.handleCallback(Handler.java:938)
11-11 00:00:34.038 D/Launcher.IconCache( 2527): at android.os.Handler.dispatchMessage(Handler.java:99)
11-11 00:00:34.038 D/Launcher.IconCache( 2527): at android.os.Looper.loopOnce(Looper.java:201)
11-11 00:00:34.038 D/Launcher.IconCache( 2527): at android.os.Looper.loop(Looper.java:288)
11-11 00:00:34.038 D/Launcher.IconCache( 2527): at android.os.HandlerThread.run(HandlerThread.java:67)
11-11 00:00:34.039 D/BaseModelUpdateTask( 2527): BaseModelUpdateTask constructor
11-11 00:00:34.039 D/BaseModelUpdateTask( 2527): java.lang.Exception
11-11 00:00:34.039 D/BaseModelUpdateTask( 2527): at com.android.launcher3.model.BaseModelUpdateTask.(BaseModelUpdateTask.java:57)
11-11 00:00:34.039 D/BaseModelUpdateTask( 2527): at com.android.launcher3.LauncherModel$6.(LauncherModel.java:605)
11-11 00:00:34.039 D/BaseModelUpdateTask( 2527): at com.android.launcher3.LauncherModel.refreshAndBindWidgetsAndShortcuts(LauncherModel.java:605)
11-11 00:00:34.039 D/BaseModelUpdateTask( 2527): at com.android.launcher3.Launcher.refreshAndBindWidgetsForPackageUser(Launcher.java:2878)
11-11 00:00:34.039 D/BaseModelUpdateTask( 2527): at com.android.launcher3.model.PackageUpdatedTask.execute(PackageUpdatedTask.java:139)
11-11 00:00:34.039 D/BaseModelUpdateTask( 2527): at com.android.launcher3.model.BaseModelUpdateTask.run(BaseModelUpdateTask.java:80)
11-11 00:00:34.039 D/BaseModelUpdateTask( 2527): at com.android.launcher3.util.LooperExecutor.execute(LooperExecutor.java:45)
11-11 00:00:34.039 D/BaseModelUpdateTask( 2527): at com.android.launcher3.LauncherModel.enqueueModelUpdateTask(LauncherModel.java:555)
11-11 00:00:34.039 D/BaseModelUpdateTask( 2527): at com.android.launcher3.LauncherModel.onPackageChanged(LauncherModel.java:156)
11-11 00:00:34.039 D/BaseModelUpdateTask( 2527): at com.android.launcher3.LauncherModel.onAppIconChanged(LauncherModel.java:226)
11-11 00:00:34.039 D/BaseModelUpdateTask( 2527): at com.android.launcher3.LauncherAppState$IconObserver.onAppIconChanged(LauncherAppState.java:206)
11-11 00:00:34.039 D/BaseModelUpdateTask( 2527): at com.android.launcher3.icons.IconProvider$IconChangeReceiver.onReceive(IconProvider.java:371)
11-11 00:00:34.039 D/BaseModelUpdateTask( 2527): at android.app.LoadedApk$ReceiverDispatcher$Args.lambda$getRunnable$0$LoadedApk$ReceiverDispatcher$Args(LoadedApk.java:1679)
11-11 00:00:34.039 D/BaseModelUpdateTask( 2527): at android.app.LoadedApk$ReceiverDispatcher$Args$$ExternalSyntheticLambda0.run(Unknown Source:2)
11-11 00:00:34.039 D/BaseModelUpdateTask( 2527): at android.os.Handler.handleCallback(Handler.java:938)
11-11 00:00:34.039 D/BaseModelUpdateTask( 2527): at android.os.Handler.dispatchMessage(Handler.java:99)
11-11 00:00:34.039 D/BaseModelUpdateTask( 2527): at android.os.Looper.loopOnce(Looper.java:201)
11-11 00:00:34.039 D/BaseModelUpdateTask( 2527): at android.os.Looper.loop(Looper.java:288)
11-11 00:00:34.039 D/BaseModelUpdateTask( 2527): at android.os.HandlerThread.run(HandlerThread.java:67)
11-11 00:00:34.040 D/CompatibilityInfo( 1526): mCompatibilityFlags - 4
11-11 00:00:34.040 D/CompatibilityInfo( 1526): applicationDensity - 240
11-11 00:00:34.040 D/CompatibilityInfo( 1526): applicationScale - 1.0
11-11 00:00:34.040 D/DevicePolicyManager( 1526): updateSystemUpdateFreezePeriodsRecord
11-11 00:00:34.040 D/ConditionProviders.SCP( 1526): onReceive android.intent.action.TIME_SET
11-11 00:00:34.041 D/TimeService( 5248): Receivedandroid.intent.action.TIME_SET intent. Current Time is 1668096034041
11-11 00:00:34.042 D/ConditionProviders.SCP( 1526): evaluateSubscriptionLocked cal=ScheduleCalendar[mDays={1, 2, 3, 4, 5, 6, 7}, mSchedule=ScheduleInfo{days=[1, 2, 3, 4, 5, 6, 7], startHour=22, startMinute=0, endHour=7, endMinute=0, exitAtAlarm=true, nextAlarm=Thu Jan 01 08:00:00 GMT+08:00 1970 (0)}], now=Fri Nov 11 00:00:34 GMT+08:00 2022 (1668096034040), nextUserAlarmTime=Thu Jan 01 08:00:00 GMT+08:00 1970 (0)
11-11 00:00:34.042 D/ConditionProviders.SCP( 1526): notifyCondition condition://android/schedule?days=1.2.3.4.5.6.7&start=22.0&end=7.0&exitAtAlarm=true STATE_TRUE reason=meetsSchedule
11-11 00:00:34.042 D/ConditionProviders.SCP( 1526): Scheduling evaluate for Fri Nov 11 07:00:00 GMT+08:00 2022 (1668121200000), in +6h59m25s960ms, now=Fri Nov 11 00:00:34 GMT+08:00 2022 (1668096034040)
11-11 00:00:34.043 D/QC-time-services( 642): Daemon: Connection accepted:time_genoff
11-11 00:00:34.043 D/QC-time-services( 642): Daemon:Received base = 2, unit = 1, operation = 0,value = 1668096034043
11-11 00:00:34.043 D/QC-time-services( 642): Daemon:genoff_opr: Base = 2, val = 1668096034043, operation = 0
11-11 00:00:34.043 D/QC-time-services( 642): Daemon:Value read from QTimer mseconds = 402752
11-11 00:00:34.043 D/QC-time-services( 642): Daemon:Value read from RTC mseconds on boot = 7137000
11-11 00:00:34.043 D/QC-time-services( 642): Daemon:Delta read on boot mseconds = 7128979
11-11 00:00:34.043 D/QC-time-services( 642): Daemon:new time 1668096034043
11-11 00:00:34.043 D/QC-time-services( 642): Daemon: delta 1668088502312 genoff 1668088502312
11-11 00:00:34.043 D/QC-time-services( 642): Daemon:genoff_persistent_update: Writing genoff = 1668088502312 to memory
11-11 00:00:34.043 D/QC-time-services( 642): Daemon:Opening File: /mnt/vendor/persist/time/ats_2 /data/vendor/time/ats_2
11-11 00:00:34.043 D/QC-time-services( 642): Daemon:time_persistent_memory_opr:Genoff write operation
11-11 00:00:34.048 I/WidgetsModel( 2527): found whitelist widget: com.android.settings, label: 璁剧疆蹇嵎鏂瑰紡, sectionName:S
11-11 00:00:34.049 I/WidgetsModel( 2527): found whitelist widget: com.android.gallery3d, label: 鐓х墖, sectionName:T
11-11 00:00:34.049 I/WidgetsModel( 2527): found whitelist widget: com.android.systemui, label: 瀵硅瘽, sectionName:D
11-11 00:00:34.049 D/QC-time-services( 642): Updating the TOD offset
11-11 00:00:34.049 D/QC-time-services( 642): Daemon:genoff_persistent_update: Writing genoff = 1668088502312 to memory
11-11 00:00:34.049 D/QC-time-services( 642): Daemon:Opening File: /mnt/vendor/persist/time/ats_1 /data/vendor/time/ats_1
11-11 00:00:34.049 D/QC-time-services( 642): Daemon:time_persistent_memory_opr:Genoff write operation
11-11 00:00:34.049 I/UsageStatsService( 1526): User[0] Time changed in by -19 seconds
11-11 00:00:34.049 I/UsageStatsService( 1526): User[0] Flushing usage stats to disk
11-11 00:00:34.050 I/WidgetsModel( 2527): found whitelist widget: com.android.music, label: 闊充箰, sectionName:Y
11-11 00:00:34.051 D/ModelWriter( 2527): removing items from db
11-11 00:00:34.051 D/ModelWriter( 2527): java.lang.Exception
11-11 00:00:34.051 D/ModelWriter( 2527): at com.android.launcher3.model.ModelWriter.deleteItemsFromDatabase(ModelWriter.java:280)
11-11 00:00:34.051 D/ModelWriter( 2527): at com.android.launcher3.model.ModelWriter.deleteItemsFromDatabase(ModelWriter.java:268)
11-11 00:00:34.051 D/ModelWriter( 2527): at com.android.launcher3.model.BaseModelUpdateTask.deleteAndBindComponentsRemoved(BaseModelUpdateTask.java:140)
11-11 00:00:34.051 D/ModelWriter( 2527): at com.android.launcher3.model.PackageUpdatedTask.execute(PackageUpdatedTask.java:353)
11-11 00:00:34.051 D/ModelWriter( 2527): at com.android.launcher3.model.BaseModelUpdateTask.run(BaseModelUpdateTask.java:80)
11-11 00:00:34.051 D/ModelWriter( 2527): at com.android.launcher3.util.LooperExecutor.execute(LooperExecutor.java:45)
11-11 00:00:34.051 D/ModelWriter( 2527): at com.android.launcher3.LauncherModel.enqueueModelUpdateTask(LauncherModel.java:555)
11-11 00:00:34.051 D/ModelWriter( 2527): at com.android.launcher3.LauncherModel.onPackageChanged(LauncherModel.java:156)
11-11 00:00:34.051 D/ModelWriter( 2527): at com.android.launcher3.LauncherModel.onAppIconChanged(LauncherModel.java:226)
11-11 00:00:34.051 D/ModelWriter( 2527): at com.android.launcher3.LauncherAppState$IconObserver.onAppIconChanged(LauncherAppState.java:206)
11-11 00:00:34.051 D/ModelWriter( 2527): at com.android.launcher3.icons.IconProvider$IconChangeReceiver.onReceive(IconProvider.java:371)
11-11 00:00:34.051 D/ModelWriter( 2527): at android.app.LoadedApk$ReceiverDispatcher$Args.lambda$getRunnable$0$LoadedApk$ReceiverDispatcher$Args(LoadedApk.java:1679)
11-11 00:00:34.051 D/ModelWriter( 2527): at android.app.LoadedApk$ReceiverDispatcher$Args$$ExternalSyntheticLambda0.run(Unknown Source:2)
11-11 00:00:34.051 D/ModelWriter( 2527): at android.os.Handler.handleCallback(Handler.java:938)
11-11 00:00:34.051 D/ModelWriter( 2527): at android.os.Handler.dispatchMessage(Handler.java:99)
11-11 00:00:34.051 D/ModelWriter( 2527): at android.os.Looper.loopOnce(Looper.java:201)
11-11 00:00:34.051 D/ModelWriter( 2527): at android.os.Looper.loop(Looper.java:288)
11-11 00:00:34.051 D/ModelWriter( 2527): at android.os.HandlerThread.run(HandlerThread.java:67)
11-11 00:00:34.051 D/QC-time-services( 642): Daemon:genoff_set: Updating the WLAN offset
11-11 00:00:34.051 D/QC-time-services( 642): Daemon:genoff_persistent_update: Writing genoff = 1668088502312 to memory
11-11 00:00:34.051 D/QC-time-services( 642): Daemon:Opening File: /mnt/vendor/persist/time/ats_16 /data/vendor/time/ats_16
11-11 00:00:34.051 D/QC-time-services( 642): Daemon:time_persistent_memory_opr:Genoff write operation
11-11 00:00:34.053 E/QC-time-services( 642): Daemon: Time-services: Waiting to acceptconnection
11-11 00:00:34.053 D/TimeService( 5248): Set time successfully!
11-11 00:00:34.055 D/CompatibilityInfo( 1526): mCompatibilityFlags - 4
11-11 00:00:34.056 D/CompatibilityInfo( 1526): applicationDensity - 240
11-11 00:00:34.056 D/CompatibilityInfo( 1526): applicationScale - 1.0
11-11 00:00:34.062 D/BaseModelUpdateTask( 2527): BaseModelUpdateTask constructor
11-11 00:00:34.062 D/BaseModelUpdateTask( 2527): java.lang.Exception
11-11 00:00:34.062 D/BaseModelUpdateTask( 2527): at com.android.launcher3.model.BaseModelUpdateTask.(BaseModelUpdateTask.java:57)
11-11 00:00:34.062 D/BaseModelUpdateTask( 2527): at com.android.launcher3.model.AddWorkspaceItemsTask.(AddWorkspaceItemsTask.java:58)
11-11 00:00:34.062 D/BaseModelUpdateTask( 2527): at com.android.launcher3.LauncherModel.addAndBindAddedWorkspaceItems(LauncherModel.java:145)
11-11 00:00:34.062 D/BaseModelUpdateTask( 2527): at com.android.launcher3.model.PackageUpdatedTask.updateToWorkSpace(PackageUpdatedTask.java:406)
11-11 00:00:34.062 D/BaseModelUpdateTask( 2527): at com.android.launcher3.model.PackageUpdatedTask.execute(PackageUpdatedTask.java:370)
11-11 00:00:34.062 D/BaseModelUpdateTask( 2527): at com.android.launcher3.model.BaseModelUpdateTask.run(BaseModelUpdateTask.java:80)
11-11 00:00:34.062 D/BaseModelUpdateTask( 2527): at com.android.launcher3.util.LooperExecutor.execute(LooperExecutor.java:45)
11-11 00:00:34.062 D/BaseModelUpdateTask( 2527): at com.android.launcher3.LauncherModel.enqueueModelUpdateTask(LauncherModel.java:555)
