11-11 00:00:26.036 D/BaseModelUpdateTask( 2527): at com.android.launcher3.model.PackageUpdatedTask.updateToWorkSpace(PackageUpdatedTask.java:406)
11-11 00:00:26.036 D/BaseModelUpdateTask( 2527): at com.android.launcher3.model.PackageUpdatedTask.execute(PackageUpdatedTask.java:370)
11-11 00:00:26.036 D/BaseModelUpdateTask( 2527): at com.android.launcher3.model.BaseModelUpdateTask.run(BaseModelUpdateTask.java:80)
11-11 00:00:26.036 D/BaseModelUpdateTask( 2527): at com.android.launcher3.util.LooperExecutor.execute(LooperExecutor.java:45)
11-11 00:00:26.036 D/BaseModelUpdateTask( 2527): at com.android.launcher3.LauncherModel.enqueueModelUpdateTask(LauncherModel.java:555)
11-11 00:00:26.036 D/BaseModelUpdateTask( 2527): at com.android.launcher3.LauncherModel.onPackageChanged(LauncherModel.java:156)
11-11 00:00:26.036 D/BaseModelUpdateTask( 2527): at com.android.launcher3.LauncherModel.onAppIconChanged(LauncherModel.java:226)
11-11 00:00:26.036 D/BaseModelUpdateTask( 2527): at com.android.launcher3.LauncherAppState$IconObserver.onAppIconChanged(LauncherAppState.java:206)
11-11 00:00:26.036 D/BaseModelUpdateTask( 2527): at com.android.launcher3.icons.IconProvider$IconChangeReceiver.onReceive(IconProvider.java:371)
11-11 00:00:26.036 D/BaseModelUpdateTask( 2527): at android.app.LoadedApk$ReceiverDispatcher$Args.lambda$getRunnable$0$LoadedApk$ReceiverDispatcher$Args(LoadedApk.java:1679)
11-11 00:00:26.036 D/BaseModelUpdateTask( 2527): at android.app.LoadedApk$ReceiverDispatcher$Args$$ExternalSyntheticLambda0.run(Unknown Source:2)
11-11 00:00:26.036 D/BaseModelUpdateTask( 2527): at android.os.Handler.handleCallback(Handler.java:938)
11-11 00:00:26.036 D/BaseModelUpdateTask( 2527): at android.os.Handler.dispatchMessage(Handler.java:99)
11-11 00:00:26.036 D/BaseModelUpdateTask( 2527): at android.os.Looper.loopOnce(Looper.java:201)
11-11 00:00:26.036 D/BaseModelUpdateTask( 2527): at android.os.Looper.loop(Looper.java:288)
11-11 00:00:26.036 D/BaseModelUpdateTask( 2527): at android.os.HandlerThread.run(HandlerThread.java:67)
11-11 00:00:26.038 E/QC-time-services( 642): Daemon: Time-services: Waiting to acceptconnection
11-11 00:00:26.038 D/TimeService( 5248): Set time successfully!
11-11 00:00:26.038 I/am_pss ( 1526): [3123,1000,com.qti.diagservices,5868544,3883008,0,94928896,0,10,5]
11-11 00:00:26.040 I/am_uid_active( 1526): 10095
11-11 00:00:26.041 D/CompatibilityInfo( 1526): mCompatibilityFlags - 4
11-11 00:00:26.041 D/CompatibilityInfo( 1526): applicationDensity - 240
11-11 00:00:26.041 D/CompatibilityInfo( 1526): applicationScale - 1.0
11-11 00:00:26.125 D/MicroService( 2139): getEvent: clientSocket = Socket[address=/192.168.4.4,port=58124,localPort=9999]
11-11 00:00:26.126 D/MicroService( 2139): run: called
11-11 00:00:26.126 D/MicroService( 2139): getEvent: start waiting...
11-11 00:00:26.135 I/MicroService( 2139): getStringByData(noZero): IDCM_HHServer
11-11 00:00:26.135 I/MicroService( 2139): getStringByData(noZero): FSEM_SettingService
11-11 00:00:26.135 I/MicroService( 2139): getStringByData: {
11-11 00:00:26.135 I/MicroService( 2139): "dstService" : "FSEM_SettingService",
11-11 00:00:26.135 I/MicroService( 2139): "messageType" : 0,
11-11 00:00:26.135 I/MicroService( 2139): "methodName" : "syncTime",
11-11 00:00:26.135 I/MicroService( 2139): "parameters" : {
11-11 00:00:26.135 I/MicroService( 2139): "IDCM_Time_12_24" : "24",
11-11 00:00:26.135 I/MicroService( 2139): "IDCM_Timestamp" : 14000,
11-11 00:00:26.135 I/MicroService( 2139): "IDCM_Timezone" : "GMT+08:00"
11-11 00:00:26.135 I/MicroService( 2139): },
11-11 00:00:26.135 I/MicroService( 2139): "srcService" : "IDCM_HHServer",
11-11 00:00:26.135 I/MicroService( 2139): "uuid" : 14523258000
11-11 00:00:26.135 I/MicroService( 2139): }
11-11 00:00:26.136 I/MicroService( 2139): Receive message: SocketMessageBean{businessData='21930', srcService='IDCM_HHServer', destService='FSEM_SettingService', messageType='0', uuid='14523258000', payloadData={
11-11 00:00:26.136 I/MicroService( 2139): "dstService" : "FSEM_SettingService",
11-11 00:00:26.136 I/MicroService( 2139): "messageType" : 0,
11-11 00:00:26.136 I/MicroService( 2139): "methodName" : "syncTime",
11-11 00:00:26.136 I/MicroService( 2139): "parameters" : {
11-11 00:00:26.136 I/MicroService( 2139): "IDCM_Time_12_24" : "24",
11-11 00:00:26.136 I/MicroService( 2139): "IDCM_Timestamp" : 14000,
11-11 00:00:26.136 I/MicroService( 2139): "IDCM_Timezone" : "GMT+08:00"
11-11 00:00:26.136 I/MicroService( 2139): },
11-11 00:00:26.136 I/MicroService( 2139): "srcService" : "IDCM_HHServer",
11-11 00:00:26.136 I/MicroService( 2139): "uuid" : 14523258000
11-11 00:00:26.136 I/MicroService( 2139): }
11-11 00:00:26.136 I/MicroService( 2139): }
11-11 00:00:26.136 I/MicroService( 2139): dealMessage: 0
11-11 00:00:26.136 I/MicroService( 2139): onRequest(syncTime): {"IDCM_Time_12_24":"24","IDCM_Timestamp":14000,"IDCM_Timezone":"GMT+08:00"}
11-11 00:00:26.205 W/BestClock( 1526): java.time.DateTimeException: Missing NTP fix
11-11 00:00:26.226 W/BestClock( 1526): java.time.DateTimeException: Missing NTP fix
11-11 00:00:26.226 I/netstats_mobile_sample( 1526): [0,0,0,0,0,0,0,0,0,0,0,0,1668096026226]
11-11 00:00:26.227 I/netstats_wifi_sample( 1526): [1708048,4040,529963,1718,1708048,4040,529963,1718,2132020,6462,310840,1174,1668096026226]
11-11 00:00:26.230 W/BestClock( 1526): java.time.DateTimeException: Missing NTP fix
11-11 00:00:26.231 W/BestClock( 1526): java.time.DateTimeException: Missing NTP fix
11-11 00:00:26.232 I/commit_sys_config_file( 1526): [settings-0-0,8]
11-11 00:00:26.281 I/commit_sys_config_file( 1526): [notification-policy,363408]
11-11 00:00:26.284 W/q_h_c_s ( 5265): HCDN_LOG: [T:5557]ProcessQtpStateWhenHttpDone:1511,Check QTP state, reid: 67270016, flags are isHijacked:0, isDataCallbacked:0, isHttpSockWorkable:0, isUproxyWorkable:0, isRange:0, isRangeLowSpeed:0
11-11 00:00:26.285 W/q_h_c_s ( 5265): HCDN_LOG: [T:5557]ExecuteCallback:2463,HTTP time information: reid: 67270016, reqScheduleTime: 1680006147214, reqBeginTime: 1680006147225, qtpDnsEndTime: 1680006147225, startRecvHeaderTime: 1668096026284, startRecvBodyTime: 0, reqEndTime: 1668096026284
11-11 00:00:26.285 W/q_h_c_s ( 5265): HCDN_LOG: [T:5557]ExecuteCallback:2669,HTTP finished, reid: 67270016, status: ownErrCode: 0 (MultiCurl HTTP request success), sysErrno: 0, transErrCode: 0, mCurlErrCode: 0, eCurlErrCode: 0, HTTP status code: 200, HTTP version: 1, trypath:ld
11-11 00:00:26.285 W/q_h_c_s ( 5265): HCDN_LOG: [T:5557]ProcessCurlMsg:620,ProcessCurlMsg: reid: 67270016, taskid(0), moduleId(0), offset(0), length(-1) , CURL(0x0) , m_mapRun(0), m_mapReqId2EasyHandle(0), m_vecModuleRun(0,0,0,0,0,0,0,0,0)
11-11 00:00:26.308 E/ignored ( 5265): java.lang.NullPointerException: Attempt to invoke virtual method 'java.lang.Object android.content.Context.getSystemService(java.lang.String)' on a null object reference
11-11 00:00:26.333 W/kcp_info( 5265): HCDN_LOG: [T:5570]Update: udp kcp size[0], timeout kcp size[0]
11-11 00:00:26.355 W/hcdn_downloadengine( 5265): HCDN_LOG: [T:5567]UpdateCellularNetCdnP2pPolicy,5575 conntype:unknown,isp:CMNET,province:SiChuan,tf-status:-1,cdn_param_direct:0,play_policy:2,offline_policy:2
11-11 00:00:26.359 I/OpenGLRenderer( 3511): Davey! duration=9223371663194ms; Flags=0, FrameTimelineVsyncId=3799, IntendedVsync=373659676179, Vsync=373659676179, InputEventId=0, HandleInputStart=373660610271, AnimationStart=373660614386, PerformTraversalsStart=373660617042, DrawStart=373661500584, FrameDeadline=373693009511, FrameInterval=373660599490, FrameStartTime=16666666, SyncQueued=373662188084, SyncStart=373662366105, IssueDrawCommandsStart=373663526000, SwapBuffers=373670171730, FrameCompleted=9223372036854775807, DequeueBufferDuration=54584, QueueBufferDuration=1211094, GpuCompleted=9223372036854775807, SwapBuffersCompleted=373672163657, DisplayPresentTime=0,
11-11 00:00:26.424 D/MicroService( 2139): getEvent: clientSocket = Socket[address=/192.168.4.4,port=58126,localPort=9999]
11-11 00:00:26.425 D/MicroService( 2139): run: called
11-11 00:00:26.425 D/MicroService( 2139): getEvent: start waiting...
11-11 00:00:26.430 I/MicroService( 2139): getStringByData(noZero): IDCM_HHServer
11-11 00:00:26.430 I/MicroService( 2139): getStringByData(noZero): FSEM_SettingService
11-11 00:00:26.430 I/MicroService( 2139): getStringByData: {
11-11 00:00:26.430 I/MicroService( 2139): "dstService" : "FSEM_SettingService",
11-11 00:00:26.430 I/MicroService( 2139): "messageType" : 0,
11-11 00:00:26.430 I/MicroService( 2139): "methodName" : "syncTime",
11-11 00:00:26.430 I/MicroService( 2139): "parameters" : {
11-11 00:00:26.430 I/MicroService( 2139): "IDCM_Time_12_24" : "24",
11-11 00:00:26.430 I/MicroService( 2139): "IDCM_Timestamp" : 14000,
11-11 00:00:26.430 I/MicroService( 2139): "IDCM_Timezone" : "GMT+08:00"
11-11 00:00:26.430 I/MicroService( 2139): },
11-11 00:00:26.430 I/MicroService( 2139): "srcService" : "IDCM_HHServer",
11-11 00:00:26.430 I/MicroService( 2139): "uuid" : 14523258000
11-11 00:00:26.430 I/MicroService( 2139): }
11-11 00:00:26.431 I/MicroService( 2139): Receive message: SocketMessageBean{businessData='21930', srcService='IDCM_HHServer', destService='FSEM_SettingService', messageType='0', uuid='14523258000', payloadData={
11-11 00:00:26.431 I/MicroService( 2139): "dstService" : "FSEM_SettingService",
11-11 00:00:26.431 I/MicroService( 2139): "messageType" : 0,
11-11 00:00:26.431 I/MicroService( 2139): "methodName" : "syncTime",
11-11 00:00:26.431 I/MicroService( 2139): "parameters" : {
11-11 00:00:26.431 I/MicroService( 2139): "IDCM_Time_12_24" : "24",
11-11 00:00:26.431 I/MicroService( 2139): "IDCM_Timestamp" : 14000,
11-11 00:00:26.431 I/MicroService( 2139): "IDCM_Timezone" : "GMT+08:00"
11-11 00:00:26.431 I/MicroService( 2139): },
11-11 00:00:26.431 I/MicroService( 2139): "srcService" : "IDCM_HHServer",
11-11 00:00:26.431 I/MicroService( 2139): "uuid" : 14523258000
11-11 00:00:26.431 I/MicroService( 2139): }
11-11 00:00:26.431 I/MicroService( 2139): }
11-11 00:00:26.431 I/MicroService( 2139): dealMessage: 0
11-11 00:00:26.431 I/MicroService( 2139): onRequest(syncTime): {"IDCM_Time_12_24":"24","IDCM_Timestamp":14000,"IDCM_Timezone":"GMT+08:00"}
11-11 00:00:26.434 W/q_h_c_d ( 5265): HCDN_LOG: [T:5582]qtp_create_req:511,Creating qtp req(0xf578cb90)
11-11 00:00:26.434 W/q_h_c_d ( 5265): HCDN_LOG: [T:5582]AsyncGet:1219,------> AsyncGet (reid: 64850017, requestUrl: http://policy.video.iqiyi.com/policy.hcdnlivenet.json.blf, connect timeout: 2250, read timeout: 3000, qtp enable: 1)
11-11 00:00:26.435 W/q_h_c_d ( 5265): HCDN_LOG: [T:5582]SetState:1379,QTP State changed: QS_UNINIT =========> VP_START (reid: 64850017)
11-11 00:00:26.435 W/q_h_c_d ( 5265): HCDN_LOG: [T:5582]SetState:1379,QTP State changed: VP_START =========> VP_WAITFOR_CURLDNS_RESP (reid: 64850017)
11-11 00:00:26.435 W/q_h_c_d ( 5265): HCDN_LOG: [T:5582]qtp_create_req:511,Creating qtp req(0xf578d4d0)
11-11 00:00:26.435 W/q_h_c_d ( 5265): HCDN_LOG: [T:5582]AsyncGet:1219,------> AsyncGet (reid: 64850018, requestUrl: http://policy.video.iqiyi.com/vodservercfg.blf, connect timeout: 2250, read timeout: 3000, qtp enable: 1)
11-11 00:00:26.435 W/q_h_c_d ( 5265): HCDN_LOG: [T:5582]SetState:1379,QTP State changed: QS_UNINIT =========> VP_START (reid: 64850018)
11-11 00:00:26.435 W/q_h_c_d ( 5265): HCDN_LOG: [T:5582]SetState:1379,QTP State changed: VP_START =========> VP_WAITFOR_CURLDNS_RESP (reid: 64850018)
11-11 00:00:26.462 I/mpu_uart( 644): [MSG-P:RECV]:No message received in 1000 ms
11-11 00:00:26.470 W/q_h_c_d ( 5265): HCDN_LOG: [T:5527]SetEasyOpt:1330,curl_easy_setopt CURLOPT_IPRESOLVE success (reid: 64850017, ipresolve: 1)
11-11 00:00:26.470 W/q_h_c_d ( 5265): HCDN_LOG: [T:5527]SetState:1379,QTP State changed: VP_WAITFOR_CURLDNS_RESP =========> VP_WAITFOR_HTTP_RESP (reid: 64850017)
11-11 00:00:26.470 W/q_h_c_d ( 5265): HCDN_LOG: [T:5527]SetEasyOpt:1883,curl_easy_setopt CURLOPT_URL success: http://policy.video.iqiyi.com/policy.hcdnlivenet.json.blf (reid: 64850017)
11-11 00:00:26.470 W/q_h_c_d ( 5265): HCDN_LOG: [T:5527]SetEasyOpt:2686,curl_easy_setopt CURLOPT_LOW_SPEED_LIMIT success for global (reid: 64850017, speed: 1)
11-11 00:00:26.470 W/q_h_c_d ( 5265): HCDN_LOG: [T:5527]SetEasyOpt:2698,curl_easy_setopt CURLOPT_LOW_SPEED_TIME success for global (reid: 64850017, time: 10)
11-11 00:00:26.470 W/q_h_c_d ( 5265): HCDN_LOG: [T:5527]SetEasyOpt:2903,curl_easy_setopt CURLOPT_CONNECTTIMEOUT_MS success (reid: 64850017, timeout: 2250)
11-11 00:00:26.470 W/q_h_c_d ( 5265): HCDN_LOG: [T:5527]SetEasyOpt:2954,curl_easy_setopt CURLOPT_TIMEOUT_MS success (reid: 64850017, timeout: 3000)
11-11 00:00:26.470 W/q_h_c_d ( 5265): HCDN_LOG: [T:5527]AddToMultiHandle:965,AddToMultiHandle: reid: 64850017, taskid(0), moduleId(2001), offset(0), length(-1) , CURL(0xb31157d0) , m_mapRun(2), m_mapReqId2EasyHandle(2), m_vecModuleRun(0,0,0,0,0,1,1,0,0)
11-11 00:00:26.470 W/q_h_c_d ( 5265): HCDN_LOG: [T:5527]SetEasyOpt:1330,curl_easy_setopt CURLOPT_IPRESOLVE success (reid: 64850018, ipresolve: 1)
11-11 00:00:26.470 W/q_h_c_d ( 5265): HCDN_LOG: [T:5527]SetState:1379,QTP State changed: VP_WAITFOR_CURLDNS_RESP =========> VP_WAITFOR_HTTP_RESP (reid: 64850018)
11-11 00:00:26.471 W/q_h_c_d ( 5265): HCDN_LOG: [T:5527]SetEasyOpt:1883,curl_easy_setopt CURLOPT_URL success: http://policy.video.iqiyi.com/vodservercfg.blf (reid: 64850018)
11-11 00:00:26.471 W/q_h_c_d ( 5265): HCDN_LOG: [T:5527]SetEasyOpt:2686,curl_easy_setopt CURLOPT_LOW_SPEED_LIMIT success for global (reid: 64850018, speed: 1)
11-11 00:00:26.471 W/q_h_c_d ( 5265): HCDN_LOG: [T:5527]SetEasyOpt:2698,curl_easy_setopt CURLOPT_LOW_SPEED_TIME success for global (reid: 64850018, time: 10)
11-11 00:00:26.471 W/q_h_c_d ( 5265): HCDN_LOG: [T:5527]SetEasyOpt:2903,curl_easy_setopt CURLOPT_CONNECTTIMEOUT_MS success (reid: 64850018, timeout: 2250)
11-11 00:00:26.471 W/q_h_c_d ( 5265): HCDN_LOG: [T:5527]SetEasyOpt:2954,curl_easy_setopt CURLOPT_TIMEOUT_MS success (reid: 64850018, timeout: 3000)
11-11 00:00:26.471 W/q_h_c_d ( 5265): HCDN_LOG: [T:5527]AddToMultiHandle:965,AddToMultiHandle: reid: 64850018, taskid(0), moduleId(2001), offset(0), length(-1) , CURL(0xb3118b60) , m_mapRun(3), m_mapReqId2EasyHandle(3), m_vecModuleRun(0,0,0,0,0,2,1,0,0)
11-11 00:00:26.524 W/q_h_c_d ( 5265): HCDN_LOG: [T:5527]ProcessQtpStateWhenHttpDone:1511,Check QTP state, reid: 64850017, flags are isHijacked:0, isDataCallbacked:0, isHttpSockWorkable:0, isUproxyWorkable:0, isRange:0, isRangeLowSpeed:0
11-11 00:00:26.524 W/q_h_c_d ( 5265): HCDN_LOG: [T:5527]SetState:1379,QTP State changed: VP_WAITFOR_HTTP_RESP =========> QS_SUCCESS (reid: 64850017)
11-11 00:00:26.524 W/q_h_c_d ( 5265): HCDN_LOG: [T:5527]ExecuteCallback:2463,HTTP time information: reid: 64850017, reqScheduleTime: 1668096026435, reqBeginTime: 1668096026470, qtpDnsEndTime: 1668096026470, startRecvHeaderTime: 1668096026523, startRecvBodyTime: 0, reqEndTime: 1668096026524
11-11 00:00:26.525 W/q_h_c_d ( 5265): HCDN_LOG: [T:5527]ExecuteCallback:2669,HTTP finished, reid: 64850017, status: ownErrCode: 0 (MultiCurl HTTP request success), sysErrno: 0, transErrCode: 0, mCurlErrCode: 0, eCurlErrCode: 0, HTTP status code: 304, HTTP version: 1, trypath:ld
11-11 00:00:26.525 W/q_h_c_d ( 5265): HCDN_LOG: [T:5527]ProcessCurlMsg:620,ProcessCurlMsg: reid: 64850017, taskid(0), moduleId(2001), offset(0), length(-1) , CURL(0x0) , m_mapRun(2), m_mapReqId2EasyHandle(2), m_vecModuleRun(0,0,0,0,0,1,1,0,0)
11-11 00:00:26.526 I/OpenGLRenderer( 3511): Davey! duration=9223371663027ms; Flags=0, FrameTimelineVsyncId=3802, IntendedVsync=373826751380, Vsync=373826751380, InputEventId=0, HandleInputStart=373827511521, AnimationStart=373827515688, PerformTraversalsStart=373827518396, DrawStart=373828796677, FrameDeadline=373860084712, FrameInterval=373827498969, FrameStartTime=16666666, SyncQueued=373829330584, SyncStart=373829486157, IssueDrawCommandsStart=373830378448, SwapBuffers=373837051521, FrameCompleted=9223372036854775807, DequeueBufferDuration=48855, QueueBufferDuration=1389271, GpuCompleted=9223372036854775807, SwapBuffersCompleted=373839079959, DisplayPresentTime=0,
11-11 00:00:26.535 I/auditd ( 2764): type=1400 audit(0.0:3867455): avc: denied { read } for comm="event_loop" lport=13400 scontext=u:r:hht_ota_mgr:s0 tcontext=u:r:hht_ota_mgr:s0 tclass=udp_socket permissive=0
11-11 00:00:26.535 W/event_loop( 2764): type=1400 audit(0.0:3867455): avc: denied { read } for lport=13400 scontext=u:r:hht_ota_mgr:s0 tcontext=u:r:hht_ota_mgr:s0 tclass=udp_socket permissive=0
11-11 00:00:26.535 I/auditd ( 2764): type=1400 audit(0.0:3867456): avc: denied { read } for comm="event_loop" lport=13400 scontext=u:r:hht_ota_mgr:s0 tcontext=u:r:hht_ota_mgr:s0 tclass=udp_socket permissive=0
11-11 00:00:26.535 W/event_loop( 2764): type=1400 audit(0.0:3867456): avc: denied { read } for lport=13400 scontext=u:r:hht_ota_mgr:s0 tcontext=u:r:hht_ota_mgr:s0 tclass=udp_socket permissive=0
11-11 00:00:26.535 I/auditd ( 2764): type=1400 audit(0.0:3867457): avc: denied { read } for comm="event_loop" lport=13400 scontext=u:r:hht_ota_mgr:s0 tcontext=u:r:hht_ota_mgr:s0 tclass=udp_socket permissive=0
11-11 00:00:26.535 W/event_loop( 2764): type=1400 audit(0.0:3867457): avc: denied { read } for lport=13400 scontext=u:r:hht_ota_mgr:s0 tcontext=u:r:hht_ota_mgr:s0 tclass=udp_socket permissive=0
11-11 00:00:26.535 I/auditd ( 2764): type=1400 audit(0.0:3867458): avc: denied { read } for comm="event_loop" lport=13400 scontext=u:r:hht_ota_mgr:s0 tcontext=u:r:hht_ota_mgr:s0 tclass=udp_socket permissive=0
11-11 00:00:26.535 W/event_loop( 2764): type=1400 audit(0.0:3867458): avc: denied { read } for lport=13400 scontext=u:r:hht_ota_mgr:s0 tcontext=u:r:hht_ota_mgr:s0 tclass=udp_socket permissive=0
11-11 00:00:26.535 I/auditd ( 2764): type=1400 audit(0.0:3867459): avc: denied { read } for comm="event_loop" lport=13400 scontext=u:r:hht_ota_mgr:s0 tcontext=u:r:hht_ota_mgr:s0 tclass=udp_socket permissive=0
11-11 00:00:26.535 W/event_loop( 2764): type=1400 audit(0.0:3867459): avc: denied { read } for lport=13400 scontext=u:r:hht_ota_mgr:s0 tcontext=u:r:hht_ota_mgr:s0 tclass=udp_socket permissive=0
11-11 00:10:28.581 W/audit ( 0): audit_lost=3867869 audit_rate_limit=5 audit_backlog_limit=64
11-11 00:10:28.581 E/audit ( 0): rate limit exceeded
11-11 00:00:26.558 W/q_h_c_d ( 5265): HCDN_LOG: [T:5527]SetState:1379,QTP State changed: QSD1R0_WAITFOR_CURLDNS_RESP =========> QSD1R0_WAITFOR_HTTP_RESP1 (reid: 64850009)
11-11 00:00:26.559 W/q_h_c_d ( 5265): HCDN_LOG: [T:5527]ProcessQtpStateWhenHttpDone:1511,Check QTP state, reid: 64850009, flags are isHijacked:0, isDataCallbacked:0, isHttpSockWorkable:0, isUproxyWorkable:0, isRange:0, isRangeLowSpeed:0
11-11 00:00:26.559 W/q_h_c_d ( 5265): HCDN_LOG: [T:5527]SetState:1379,QTP State changed: QSD1R0_WAITFOR_HTTP_RESP1 =========> QS_SUCCESS (reid: 64850009)
11-11 00:00:26.559 W/q_h_c_d ( 5265): HCDN_LOG: [T:5527]CollectHttpStat:3353,Connection info for reid: 64850009, req_domain: puma-api.iqiyi.com, http_code: 200[1], classified_err: 0, own_err: 0, try_path: ld, cronet_check: -1, connection info: (m_primaryIp: 111.63.147.12, m_primaryPort: 80, m_connectIp: 111.63.147.12, m_connectPort: 80, m_localIp: 192.168.124.246, m_localPort: 39300, m_resolveTime: 0.091948s, m_connectTime: 0.209518s, m_appConnectTime: 0.000000s, m_preTransTime: 0.209684s, m_startTransTime: 1.367180s, m_totalTime: 18446744061799432.000000s, m_avgDownloadSpeed: 1.321289kB/s, m_totalDownloadSize: 1851B, m_avgUploadSpeed: 0.270508kB/s, m_totalUploadSize: 379B, m_isHappyEyeballsHappened: 0, m_connectionReuse: 0, m_mumConnects: 1, m_redirectTime: 0.000000s)
11-11 00:00:26.559 W/q_h_c_d ( 5265): HCDN_LOG: [T:5527]ExecuteCallback:2463,HTTP time information: reid: 64850009, reqScheduleTime: 1680006146456, reqBeginTime: 1680006146490, qtpDnsEndTime: 1680006146490, startRecvHeaderTime: 1668096026557, startRecvBodyTime: 1668096026558, reqEndTime: 1668096026558
11-11 00:00:26.573 W/q_h_c_d ( 5265): HCDN_LOG: [T:5540]qtp_destroy_req:519,Destroying qtp req(0xf5787cf0)...
11-11 00:00:26.573 W/q_h_c_d ( 5265): HCDN_LOG: [T:5540]qtp_create_req:511,Creating qtp req(0xf5787cf0)
11-11 00:00:26.574 W/q_h_c_d ( 5265): HCDN_LOG: [T:5540]SyncPost:1212,------> SyncPost (reid: 64850019, requestUrl: http://msg.qy.net/core, connect timeout: 5001, read timeout: 3000, qtp enable: 1)
11-11 00:00:26.574 W/q_h_c_d ( 5265): HCDN_LOG: [T:5540]SetState:1379,QTP State changed: QS_UNINIT =========> VP_START (reid: 64850019)
11-11 00:00:26.574 W/q_h_c_d ( 5265): HCDN_LOG: [T:5527]ExecuteCallback:2669,HTTP finished, reid: 64850009, status: ownErrCode: 0 (MultiCurl HTTP request success), sysErrno: 0, transErrCode: 0, mCurlErrCode: 0, eCurlErrCode: 0, HTTP status code: 200, HTTP version: 1, trypath:ld
11-11 00:00:26.574 W/q_h_c_d ( 5265): HCDN_LOG: [T:5527]ProcessCurlMsg:620,ProcessCurlMsg: reid: 64850009, taskid(0), moduleId(3002), offset(0), length(-1) , CURL(0x0) , m_mapRun(1), m_mapReqId2EasyHandle(1), m_vecModuleRun(0,0,0,0,0,1,0,0,0)
11-11 00:00:26.574 W/q_h_c_d ( 5265): HCDN_LOG: [T:5527]SetEasyOpt:1330,curl_easy_setopt CURLOPT_IPRESOLVE success (reid: 64850019, ipresolve: 1)
11-11 00:00:26.574 W/q_h_c_d ( 5265): HCDN_LOG: [T:5527]SetEasyOpt:1883,curl_easy_setopt CURLOPT_URL success: http://msg.qy.net/core (reid: 64850019)
11-11 00:00:26.575 W/q_h_c_d ( 5265): HCDN_LOG: [T:5527]SetEasyOpt:2686,curl_easy_setopt CURLOPT_LOW_SPEED_LIMIT success for global (reid: 64850019, speed: 1)
11-11 00:00:26.575 W/q_h_c_d ( 5265): HCDN_LOG: [T:5527]SetEasyOpt:2698,curl_easy_setopt CURLOPT_LOW_SPEED_TIME success for global (reid: 64850019, time: 20)
11-11 00:00:26.575 W/q_h_c_d ( 5265): HCDN_LOG: [T:5527]SetEasyOpt:2903,curl_easy_setopt CURLOPT_CONNECTTIMEOUT_MS success (reid: 64850019, timeout: 5001)
11-11 00:00:26.575 W/q_h_c_d ( 5265): HCDN_LOG: [T:5527]SetEasyOpt:2954,curl_easy_setopt CURLOPT_TIMEOUT_MS success (reid: 64850019, timeout: 3000)
11-11 00:00:26.575 W/q_h_c_d ( 5265): HCDN_LOG: [T:5527]AddToMultiHandle:965,AddToMultiHandle: reid: 64850019, taskid(0), moduleId(3001), offset(0), length(-1) , CURL(0xb310bd20) , m_mapRun(2), m_mapReqId2EasyHandle(2), m_vecModuleRun(0,0,0,0,0,1,1,0,0)
11-11 00:00:26.587 W/q_h_c_d ( 5265): HCDN_LOG: [T:5527]ProcessQtpStateWhenHttpDone:1511,Check QTP state, reid: 64850018, flags are isHijacked:0, isDataCallbacked:0, isHttpSockWorkable:0, isUproxyWorkable:0, isRange:0, isRangeLowSpeed:0
11-11 00:00:26.587 W/q_h_c_d ( 5265): HCDN_LOG: [T:5527]SetState:1379,QTP State changed: VP_WAITFOR_HTTP_RESP =========> QS_SUCCESS (reid: 64850018)
11-11 00:00:26.587 W/q_h_c_d ( 5265): HCDN_LOG: [T:5527]ExecuteCallback:2463,HTTP time information: reid: 64850018, reqScheduleTime: 1668096026435, reqBeginTime: 1668096026471, qtpDnsEndTime: 1668096026471, startRecvHeaderTime: 1668096026575, startRecvBodyTime: 0, reqEndTime: 1668096026586
11-11 00:00:26.587 W/q_h_c_d ( 5265): HCDN_LOG: [T:5527]ExecuteCallback:2669,HTTP finished, reid: 64850018, status: ownErrCode: 0 (MultiCurl HTTP request success), sysErrno: 0, transErrCode: 0, mCurlErrCode: 0, eCurlErrCode: 0, HTTP status code: 304, HTTP version: 1, trypath:ld
11-11 00:00:26.587 W/q_h_c_d ( 5265): HCDN_LOG: [T:5527]ProcessCurlMsg:620,ProcessCurlMsg: reid: 64850018, taskid(0), moduleId(2001), offset(0), length(-1) , CURL(0x0) , m_mapRun(1), m_mapReqId2EasyHandle(1), m_vecModuleRun(0,0,0,0,0,0,1,0,0)
11-11 00:00:26.715 D/MicroService( 2139): getEvent: clientSocket = Socket[address=/192.168.4.4,port=58128,localPort=9999]
11-11 00:00:26.716 D/MicroService( 2139): run: called
11-11 00:00:26.716 D/MicroService( 2139): getEvent: start waiting...
11-11 00:00:26.718 I/MicroService( 2139): getStringByData(noZero): IDCM_HHServer
11-11 00:00:26.718 I/MicroService( 2139): getStringByData(noZero): FSEM_SettingService
11-11 00:00:26.718 I/MicroService( 2139): getStringByData: {
11-11 00:00:26.718 I/MicroService( 2139): "dstService" : "FSEM_SettingService",
11-11 00:00:26.718 I/MicroService( 2139): "messageType" : 0,
11-11 00:00:26.718 I/MicroService( 2139): "methodName" : "syncTime",
11-11 00:00:26.718 I/MicroService( 2139): "parameters" : {
11-11 00:00:26.718 I/MicroService( 2139): "IDCM_Time_12_24" : "24",
11-11 00:00:26.718 I/MicroService( 2139): "IDCM_Timestamp" : 14000,
11-11 00:00:26.718 I/MicroService( 2139): "IDCM_Timezone" : "GMT+08:00"
11-11 00:00:26.718 I/MicroService( 2139): },
11-11 00:00:26.718 I/MicroService( 2139): "srcService" : "IDCM_HHServer",
11-11 00:00:26.718 I/MicroService( 2139): "uuid" : 14523258000
11-11 00:00:26.718 I/MicroService( 2139): }
11-11 00:00:26.718 I/MicroService( 2139): Receive message: SocketMessageBean{businessData='21930', srcService='IDCM_HHServer', destService='FSEM_SettingService', messageType='0', uuid='14523258000', payloadData={
11-11 00:00:26.718 I/MicroService( 2139): "dstService" : "FSEM_SettingService",
11-11 00:00:26.718 I/MicroService( 2139): "messageType" : 0,
11-11 00:00:26.718 I/MicroService( 2139): "methodName" : "syncTime",
11-11 00:00:26.718 I/MicroService( 2139): "parameters" : {
11-11 00:00:26.718 I/MicroService( 2139): "IDCM_Time_12_24" : "24",
11-11 00:00:26.718 I/MicroService( 2139): "IDCM_Timestamp" : 14000,
11-11 00:00:26.718 I/MicroService( 2139): "IDCM_Timezone" : "GMT+08:00"
11-11 00:00:26.718 I/MicroService( 2139): },
11-11 00:00:26.718 I/MicroService( 2139): "srcService" : "IDCM_HHServer",
11-11 00:00:26.718 I/MicroService( 2139): "uuid" : 14523258000
11-11 00:00:26.718 I/MicroService( 2139): }
11-11 00:00:26.718 I/MicroService( 2139): }
11-11 00:00:26.719 I/MicroService( 2139): dealMessage: 0
11-11 00:00:26.719 I/MicroService( 2139): onRequest(syncTime): {"IDCM_Time_12_24":"24","IDCM_Timestamp":14000,"IDCM_Timezone":"GMT+08:00"}
11-11 00:00:26.741 D/CompatibilityInfo( 1526): mCompatibilityFlags - 4
11-11 00:00:26.741 D/CompatibilityInfo( 1526): applicationDensity - 240
11-11 00:00:26.741 D/CompatibilityInfo( 1526): applicationScale - 1.0
11-11 00:00:26.810 W/ipv6detect( 5265): HCDN_LOG: [T:5629]Update.1316 Net prober finish!!! m_network_type_:NETWORK_TYPE_IPV4 m_NetStack_:1
11-11 00:00:26.815 W/q_h_c_d ( 5265): HCDN_LOG: [T:5527]ProcessQtpStateWhenHttpDone:1511,Check QTP state, reid: 64850019, flags are isHijacked:0, isDataCallbacked:0, isHttpSockWorkable:0, isUproxyWorkable:0, isRange:0, isRangeLowSpeed:0
11-11 00:00:26.816 W/q_h_c_d ( 5265): HCDN_LOG: [T:5527]ExecuteCallback:2463,HTTP time information: reid: 64850019, reqScheduleTime: 1668096026574, reqBeginTime: 1668096026575, qtpDnsEndTime: 1668096026575, startRecvHeaderTime: 1668096026815, startRecvBodyTime: 0, reqEndTime: 1668096026815
11-11 00:00:26.816 W/q_h_c_d ( 5265): HCDN_LOG: [T:5527]ExecuteCallback:2669,HTTP finished, reid: 64850019, status: ownErrCode: 0 (MultiCurl HTTP request success), sysErrno: 0, transErrCode: 0, mCurlErrCode: 0, eCurlErrCode: 0, HTTP status code: 200, HTTP version: 1, trypath:ld
11-11 00:00:26.817 W/q_h_c_d ( 5265): HCDN_LOG: [T:5527]ProcessCurlMsg:620,ProcessCurlMsg: reid: 64850019, taskid(0), moduleId(3001), offset(0), length(-1) , CURL(0x0) , m_mapRun(0), m_mapReqId2EasyHandle(0), m_vecModuleRun(0,0,0,0,0,0,0,0,0)
11-11 00:00:26.842 W/ipv6detect( 5265): HCDN_LOG: [T:5570]Stop.1296 CEduNetworkStat::Stop!!!
11-11 00:00:26.843 W/kcp_info( 5265): HCDN_LOG: [T:5570]Update: udp kcp size[0], timeout kcp size[0]
11-11 00:00:26.943 I/OpenGLRenderer( 3511): Davey! duration=9223371662610ms; Flags=0, FrameTimelineVsyncId=3808, IntendedVsync=374244417085, Vsync=374244417085, InputEventId=0, HandleInputStart=374245127302, AnimationStart=374245131209, PerformTraversalsStart=374245134125, DrawStart=374246021886, FrameDeadline=374277750417, FrameInterval=374245115792, FrameStartTime=16666666, SyncQueued=374246698865, SyncStart=374246867979, IssueDrawCommandsStart=374247777979, SwapBuffers=374254279490, FrameCompleted=9223372036854775807, DequeueBufferDuration=50052, QueueBufferDuration=1135625, GpuCompleted=9223372036854775807, SwapBuffersCompleted=374256138813, DisplayPresentTime=0,
11-11 00:00:26.990 D/audio_hw_primary( 796): copl(0xf280c970):out of compress_wait
11-11 00:00:26.994 D/audio_hw_primary( 796): No space available in compress driver, post msg to cb thread
11-11 00:00:26.994 D/audio_hw_primary( 796): copl(0xf280c970):calling compress_wait
11-11 00:00:27.002 W/ContextImpl( 2156): Calling a method in the system process without a qualified user: android.app.ContextImpl.sendBroadcast:1173 android.content.ContextWrapper.sendBroadcast:479 com.thundercomm.microsettings.action.SetTimeAction.timeUpdated:212 com.thundercomm.microsettings.action.SetTimeAction.update24HourFormat:194 com.thundercomm.microsettings.action.SetTimeAction.doActualAction:154
11-11 00:00:27.007 D/MicroSettings: ITCMicroCommonCallback( 2156): get request method = syncTime parameters = {"IDCM_Time_12_24":"24","IDCM_Timestamp":14000,"IDCM_Timezone":"GMT+08:00"}
11-11 00:00:27.007 D/AlarmManagerService( 1526): Kernel timezone updated to -480 minutes west of GMT
11-11 00:00:27.008 D/MicroSettings: SetTimeAction( 2156): setTimezone: Asia/Shanghai
11-11 00:00:27.008 D/AlarmManagerService( 1526): Kernel timezone updated to -480 minutes west of GMT
11-11 00:00:27.010 D/DevicePolicyManager( 1526): updateSystemUpdateFreezePeriodsRecord
11-11 00:00:27.010 D/ConditionProviders.SCP( 1526): onReceive android.intent.action.TIME_SET
11-11 00:00:27.010 D/KeyguardUpdateMonitor( 2000): received broadcast android.intent.action.TIME_SET
11-11 00:00:27.011 D/KeyguardUpdateMonitor( 2000): handleTimeUpdate
11-11 00:00:27.011 D/ConditionProviders.SCP( 1526): evaluateSubscriptionLocked cal=ScheduleCalendar[mDays={1, 2, 3, 4, 5, 6, 7}, mSchedule=ScheduleInfo{days=[1, 2, 3, 4, 5, 6, 7], startHour=22, startMinute=0, endHour=7, endMinute=0, exitAtAlarm=true, nextAlarm=Thu Jan 01 08:00:00 GMT+08:00 1970 (0)}], now=Fri Nov 11 00:00:27 GMT+08:00 2022 (1668096027010), nextUserAlarmTime=Thu Jan 01 08:00:00 GMT+08:00 1970 (0)
11-11 00:00:27.011 D/ConditionProviders.SCP( 1526): notifyCondition condition://android/schedule?days=1.2.3.4.5.6.7&start=22.0&end=7.0&exitAtAlarm=true STATE_TRUE reason=meetsSchedule
11-11 00:00:27.012 D/ConditionProviders.SCP( 1526): Scheduling evaluate for Fri Nov 11 07:00:00 GMT+08:00 2022 (1668121200000), in +6h59m32s990ms, now=Fri Nov 11 00:00:27 GMT+08:00 2022 (1668096027010)
11-11 00:00:27.014 D/IconProvider( 2527): onReceive: android.intent.action.TIME_SET
11-11 00:00:27.014 D/BaseModelUpdateTask( 2527): BaseModelUpdateTask constructor
11-11 00:00:27.014 D/BaseModelUpdateTask( 2527): java.lang.Exception
11-11 00:00:27.014 D/BaseModelUpdateTask( 2527): at com.android.launcher3.model.BaseModelUpdateTask.(BaseModelUpdateTask.java:57)
11-11 00:00:27.014 D/BaseModelUpdateTask( 2527): at com.android.launcher3.model.PackageUpdatedTask.(PackageUpdatedTask.java:88)
11-11 00:00:27.014 D/BaseModelUpdateTask( 2527): at com.android.launcher3.LauncherModel.onPackageChanged(LauncherModel.java:156)
11-11 00:00:27.014 D/BaseModelUpdateTask( 2527): at com.android.launcher3.LauncherModel.onAppIconChanged(LauncherModel.java:226)
11-11 00:00:27.014 D/BaseModelUpdateTask( 2527): at com.android.launcher3.LauncherAppState$IconObserver.onAppIconChanged(LauncherAppState.java:206)
11-11 00:00:27.014 D/BaseModelUpdateTask( 2527): at com.android.launcher3.icons.IconProvider$IconChangeReceiver.onReceive(IconProvider.java:371)
11-11 00:00:27.014 D/BaseModelUpdateTask( 2527): at android.app.LoadedApk$ReceiverDispatcher$Args.lambda$getRunnable$0$LoadedApk$ReceiverDispatcher$Args(LoadedApk.java:1679)
11-11 00:00:27.014 D/BaseModelUpdateTask( 2527): at android.app.LoadedApk$ReceiverDispatcher$Args$$ExternalSyntheticLambda0.run(Unknown Source:2)
11-11 00:00:27.014 D/BaseModelUpdateTask( 2527): at android.os.Handler.handleCallback(Handler.java:938)
11-11 00:00:27.014 D/BaseModelUpdateTask( 2527): at android.os.Handler.dispatchMessage(Handler.java:99)
11-11 00:00:27.014 D/BaseModelUpdateTask( 2527): at android.os.Looper.loopOnce(Looper.java:201)
11-11 00:00:27.014 D/BaseModelUpdateTask( 2527): at android.os.Looper.loop(Looper.java:288)
11-11 00:00:27.014 D/BaseModelUpdateTask( 2527): at android.os.HandlerThread.run(HandlerThread.java:67)
11-11 00:00:27.014 D/OsAgent ( 2639): [time_change_update][3164] [HC] =>> [HS]
11-11 00:00:27.015 V/LocSvc_HIDL_IzatSubscription( 809): [timeChangeUpdate][645] [HS] <<<<= [HC]
11-11 00:00:27.015 D/PackageUpdatedTask( 2527): PackageUpdatedTask constructor: op=2,user=UserHandle{0},packages=[com.android.calendar]
11-11 00:00:27.015 D/PackageUpdatedTask( 2527): java.lang.Exception
11-11 00:00:27.015 D/PackageUpdatedTask( 2527): at com.android.launcher3.model.PackageUpdatedTask.(PackageUpdatedTask.java:93)
11-11 00:00:27.015 D/PackageUpdatedTask( 2527): at com.android.launcher3.LauncherModel.onPackageChanged(LauncherModel.java:156)
11-11 00:00:27.015 D/PackageUpdatedTask( 2527): at com.android.launcher3.LauncherModel.onAppIconChanged(LauncherModel.java:226)
11-11 00:00:27.015 D/PackageUpdatedTask( 2527): at com.android.launcher3.LauncherAppState$IconObserver.onAppIconChanged(LauncherAppState.java:206)
11-11 00:00:27.015 D/PackageUpdatedTask( 2527): at com.android.launcher3.icons.IconProvider$IconChangeReceiver.onReceive(IconProvider.java:371)
11-11 00:00:27.015 D/PackageUpdatedTask( 2527): at android.app.LoadedApk$ReceiverDispatcher$Args.lambda$getRunnable$0$LoadedApk$ReceiverDispatcher$Args(LoadedApk.java:1679)
11-11 00:00:27.015 D/PackageUpdatedTask( 2527): at android.app.LoadedApk$ReceiverDispatcher$Args$$ExternalSyntheticLambda0.run(Unknown Source:2)
11-11 00:00:27.015 D/PackageUpdatedTask( 2527): at android.os.Handler.handleCallback(Handler.java:938)
11-11 00:00:27.015 D/PackageUpdatedTask( 2527): at android.os.Handler.dispatchMessage(Handler.java:99)
11-11 00:00:27.015 D/PackageUpdatedTask( 2527): at android.os.Looper.loopOnce(Looper.java:201)
11-11 00:00:27.015 D/PackageUpdatedTask( 2527): at android.os.Looper.loop(Looper.java:288)
11-11 00:00:27.015 D/PackageUpdatedTask( 2527): at android.os.HandlerThread.run(HandlerThread.java:67)
11-11 00:00:27.015 D/IconProvider( 2527): onReceive: android.intent.action.TIME_SET
11-11 00:00:27.016 D/Launcher.IconCache( 2527): Package not found
11-11 00:00:27.016 D/Launcher.IconCache( 2527): android.content.pm.PackageManager$NameNotFoundException: com.android.calendar
11-11 00:00:27.016 D/Launcher.IconCache( 2527): at android.app.ApplicationPackageManager.getPackageInfoAsUser(ApplicationPackageManager.java:241)
11-11 00:00:27.016 D/Launcher.IconCache( 2527): at android.app.ApplicationPackageManager.getPackageInfo(ApplicationPackageManager.java:213)
11-11 00:00:27.016 D/Launcher.IconCache( 2527): at com.android.launcher3.icons.IconCache.updateIconsForPkg(IconCache.java:122)
11-11 00:00:27.016 D/Launcher.IconCache( 2527): at com.android.launcher3.model.PackageUpdatedTask.execute(PackageUpdatedTask.java:130)
11-11 00:00:27.016 D/Launcher.IconCache( 2527): at com.android.launcher3.model.BaseModelUpdateTask.run(BaseModelUpdateTask.java:80)
11-11 00:00:27.016 D/Launcher.IconCache( 2527): at com.android.launcher3.util.LooperExecutor.execute(LooperExecutor.java:45)
11-11 00:00:27.016 D/Launcher.IconCache( 2527): at com.android.launcher3.LauncherModel.enqueueModelUpdateTask(LauncherModel.java:555)
11-11 00:00:27.016 D/Launcher.IconCache( 2527): at com.android.launcher3.LauncherModel.onPackageChanged(LauncherModel.java:156)
11-11 00:00:27.016 D/Launcher.IconCache( 2527): at com.android.launcher3.LauncherModel.onAppIconChanged(LauncherModel.java:226)
11-11 00:00:27.016 D/Launcher.IconCache( 2527): at com.android.launcher3.LauncherAppState$IconObserver.onAppIconChanged(LauncherAppState.java:206)
11-11 00:00:27.016 D/Launcher.IconCache( 2527): at com.android.launcher3.icons.IconProvider$IconChangeReceiver.onReceive(IconProvider.java:371)
11-11 00:00:27.016 D/Launcher.IconCache( 2527): at android.app.LoadedApk$ReceiverDispatcher$Args.lambda$getRunnable$0$LoadedApk$ReceiverDispatcher$Args(LoadedApk.java:1679)
11-11 00:00:27.016 D/Launcher.IconCache( 2527): at android.app.LoadedApk$ReceiverDispatcher$Args$$ExternalSyntheticLambda0.run(Unknown Source:2)
11-11 00:00:27.016 D/Launcher.IconCache( 2527): at android.os.Handler.handleCallback(Handler.java:938)
11-11 00:00:27.016 D/Launcher.IconCache( 2527): at android.os.Handler.dispatchMessage(Handler.java:99)
11-11 00:00:27.016 D/Launcher.IconCache( 2527): at android.os.Looper.loopOnce(Looper.java:201)
11-11 00:00:27.016 D/Launcher.IconCache( 2527): at android.os.Looper.loop(Looper.java:288)
11-11 00:00:27.016 D/Launcher.IconCache( 2527): at android.os.HandlerThread.run(HandlerThread.java:67)
11-11 00:00:27.017 D/BaseModelUpdateTask( 2527): BaseModelUpdateTask constructor
11-11 00:00:27.017 D/BaseModelUpdateTask( 2527): java.lang.Exception
11-11 00:00:27.017 D/BaseModelUpdateTask( 2527): at com.android.launcher3.model.BaseModelUpdateTask.(BaseModelUpdateTask.java:57)
11-11 00:00:27.017 D/BaseModelUpdateTask( 2527): at com.android.launcher3.LauncherModel$6.(LauncherModel.java:605)
11-11 00:00:27.017 D/BaseModelUpdateTask( 2527): at com.android.launcher3.LauncherModel.refreshAndBindWidgetsAndShortcuts(LauncherModel.java:605)
11-11 00:00:27.017 D/BaseModelUpdateTask( 2527): at com.android.launcher3.Launcher.refreshAndBindWidgetsForPackageUser(Launcher.java:2878)
11-11 00:00:27.017 D/BaseModelUpdateTask( 2527): at com.android.launcher3.model.PackageUpdatedTask.execute(PackageUpdatedTask.java:139)
11-11 00:00:27.017 D/BaseModelUpdateTask( 2527): at com.android.launcher3.model.BaseModelUpdateTask.run(BaseModelUpdateTask.java:80)
11-11 00:00:27.017 D/BaseModelUpdateTask( 2527): at com.android.launcher3.util.LooperExecutor.execute(LooperExecutor.java:45)
11-11 00:00:27.017 D/BaseModelUpdateTask( 2527): at com.android.launcher3.LauncherModel.enqueueModelUpdateTask(LauncherModel.java:555)
11-11 00:00:27.017 D/BaseModelUpdateTask( 2527): at com.android.launcher3.LauncherModel.onPackageChanged(LauncherModel.java:156)
11-11 00:00:27.017 D/BaseModelUpdateTask( 2527): at com.android.launcher3.LauncherModel.onAppIconChanged(LauncherModel.java:226)
11-11 00:00:27.017 D/BaseModelUpdateTask( 2527): at com.android.launcher3.LauncherAppState$IconObserver.onAppIconChanged(LauncherAppState.java:206)
11-11 00:00:27.017 D/BaseModelUpdateTask( 2527): at com.android.launcher3.icons.IconProvider$IconChangeReceiver.onReceive(IconProvider.java:371)
11-11 00:00:27.017 D/BaseModelUpdateTask( 2527): at android.app.LoadedApk$ReceiverDispatcher$Args.lambda$getRunnable$0$LoadedApk$ReceiverDispatcher$Args(LoadedApk.java:1679)
11-11 00:00:27.017 D/BaseModelUpdateTask( 2527): at android.app.LoadedApk$ReceiverDispatcher$Args$$ExternalSyntheticLambda0.run(Unknown Source:2)
11-11 00:00:27.017 D/BaseModelUpdateTask( 2527): at android.os.Handler.handleCallback(Handler.java:938)
11-11 00:00:27.017 D/BaseModelUpdateTask( 2527): at android.os.Handler.dispatchMessage(Handler.java:99)
11-11 00:00:27.017 D/BaseModelUpdateTask( 2527): at android.os.Looper.loopOnce(Looper.java:201)
11-11 00:00:27.017 D/BaseModelUpdateTask( 2527): at android.os.Looper.loop(Looper.java:288)
11-11 00:00:27.017 D/BaseModelUpdateTask( 2527): at android.os.HandlerThread.run(HandlerThread.java:67)
11-11 00:00:27.017 D/CompatibilityInfo( 1526): mCompatibilityFlags - 4
11-11 00:00:27.017 D/CompatibilityInfo( 1526): applicationDensity - 240
11-11 00:00:27.017 D/CompatibilityInfo( 1526): applicationScale - 1.0
11-11 00:00:27.019 D/TimeService( 5248): Receivedandroid.intent.action.TIME_SET intent. Current Time is 1668096027019
11-11 00:00:27.020 D/QC-time-services( 642): Daemon: Connection accepted:time_genoff
11-11 00:00:27.021 D/QC-time-services( 642): Daemon:Received base = 2, unit = 1, operation = 0,value = 1668096027020
11-11 00:00:27.021 D/QC-time-services( 642): Daemon:genoff_opr: Base = 2, val = 1668096027020, operation = 0
11-11 00:00:27.021 D/QC-time-services( 642): Daemon:Value read from QTimer mseconds = 376573
11-11 00:00:27.021 D/QC-time-services( 642): Daemon:Value read from RTC mseconds on boot = 7137000
11-11 00:00:27.021 D/QC-time-services( 642): Daemon:Delta read on boot mseconds = 7128979
11-11 00:00:27.021 D/QC-time-services( 642): Daemon:new time 1668096027020
11-11 00:00:27.021 D/QC-time-services( 642): Daemon: delta 1668088521468 genoff 1668088521468
11-11 00:00:27.021 D/QC-time-services( 642): Daemon:genoff_persistent_update: Writing genoff = 1668088521468 to memory
11-11 00:00:27.021 D/QC-time-services( 642): Daemon:Opening File: /mnt/vendor/persist/time/ats_2 /data/vendor/time/ats_2
11-11 00:00:27.021 D/QC-time-services( 642): Daemon:time_persistent_memory_opr:Genoff write operation
11-11 00:00:27.025 D/QC-time-services( 642): Updating the TOD offset
11-11 00:00:27.025 D/QC-time-services( 642): Daemon:genoff_persistent_update: Writing genoff = 1668088521468 to memory
11-11 00:00:27.025 D/QC-time-services( 642): Daemon:Opening File: /mnt/vendor/persist/time/ats_1 /data/vendor/time/ats_1
11-11 00:00:27.025 D/QC-time-services( 642): Daemon:time_persistent_memory_opr:Genoff write operation
11-11 00:00:27.027 D/QC-time-services( 642): Daemon:genoff_set: Updating the WLAN offset
11-11 00:00:27.027 D/QC-time-services( 642): Daemon:genoff_persistent_update: Writing genoff = 1668088521468 to memory
11-11 00:00:27.027 D/QC-time-services( 642): Daemon:Opening File: /mnt/vendor/persist/time/ats_16 /data/vendor/time/ats_16
11-11 00:00:27.027 D/QC-time-services( 642): Daemon:time_persistent_memory_opr:Genoff write operation
11-11 00:00:27.029 I/WidgetsModel( 2527): found whitelist widget: com.android.settings, label: 璁剧疆蹇嵎鏂瑰紡, sectionName:S
11-11 00:00:27.029 I/WidgetsModel( 2527): found whitelist widget: com.android.gallery3d, label: 鐓х墖, sectionName:T
11-11 00:00:27.029 I/WidgetsModel( 2527): found whitelist widget: com.android.systemui, label: 瀵硅瘽, sectionName:D
11-11 00:00:27.030 I/WidgetsModel( 2527): found whitelist widget: com.android.music, label: 闊充箰, sectionName:Y
11-11 00:00:27.031 D/ModelWriter( 2527): removing items from db
11-11 00:00:27.031 D/ModelWriter( 2527): java.lang.Exception
11-11 00:00:27.031 D/ModelWriter( 2527): at com.android.launcher3.model.ModelWriter.deleteItemsFromDatabase(ModelWriter.java:280)
11-11 00:00:27.031 D/ModelWriter( 2527): at com.android.launcher3.model.ModelWriter.deleteItemsFromDatabase(ModelWriter.java:268)
11-11 00:00:27.031 D/ModelWriter( 2527): at com.android.launcher3.model.BaseModelUpdateTask.deleteAndBindComponentsRemoved(BaseModelUpdateTask.java:140)
11-11 00:00:27.031 D/ModelWriter( 2527): at com.android.launcher3.model.PackageUpdatedTask.execute(PackageUpdatedTask.java:353)
11-11 00:00:27.031 D/ModelWriter( 2527): at com.android.launcher3.model.BaseModelUpdateTask.run(BaseModelUpdateTask.java:80)
11-11 00:00:27.031 D/ModelWriter( 2527): at com.android.launcher3.util.LooperExecutor.execute(LooperExecutor.java:45)
11-11 00:00:27.031 D/ModelWriter( 2527): at com.android.launcher3.LauncherModel.enqueueModelUpdateTask(LauncherModel.java:555)
11-11 00:00:27.031 D/ModelWriter( 2527): at com.android.launcher3.LauncherModel.onPackageChanged(LauncherModel.java:156)
11-11 00:00:27.031 D/ModelWriter( 2527): at com.android.launcher3.LauncherModel.onAppIconChanged(LauncherModel.java:226)
11-11 00:00:27.031 D/ModelWriter( 2527): at com.android.launcher3.LauncherAppState$IconObserver.onAppIconChanged(LauncherAppState.java:206)
11-11 00:00:27.031 D/ModelWriter( 2527): at com.android.launcher3.icons.IconProvider$IconChangeReceiver.onReceive(IconProvider.java:371)
11-11 00:00:27.031 D/ModelWriter( 2527): at android.app.LoadedApk$ReceiverDispatcher$Args.lambda$getRunnable$0$LoadedApk$ReceiverDispatcher$Args(LoadedApk.java:1679)
11-11 00:00:27.031 D/ModelWriter( 2527): at android.app.LoadedApk$ReceiverDispatcher$Args$$ExternalSyntheticLambda0.run(Unknown Source:2)
11-11 00:00:27.031 D/ModelWriter( 2527): at android.os.Handler.handleCallback(Handler.java:938)
11-11 00:00:27.031 D/ModelWriter( 2527): at android.os.Handler.dispatchMessage(Handler.java:99)
11-11 00:00:27.031 D/ModelWriter( 2527): at android.os.Looper.loopOnce(Looper.java:201)
11-11 00:00:27.031 D/ModelWriter( 2527): at android.os.Looper.loop(Looper.java:288)
11-11 00:00:27.031 D/ModelWriter( 2527): at android.os.HandlerThread.run(HandlerThread.java:67)
11-11 00:00:27.033 D/TimeService( 5248): Set time successfully!
11-11 00:00:27.034 E/QC-time-services( 642): Daemon: Time-services: Waiting to acceptconnection
11-11 00:00:27.036 D/CompatibilityInfo( 1526): mCompatibilityFlags - 4
11-11 00:00:27.036 D/CompatibilityInfo( 1526): applicationDensity - 240
11-11 00:00:27.036 D/CompatibilityInfo( 1526): applicationScale - 1.0
11-11 00:00:27.043 D/BaseModelUpdateTask( 2527): BaseModelUpdateTask constructor
11-11 00:00:27.043 D/BaseModelUpdateTask( 2527): java.lang.Exception
11-11 00:00:27.043 D/BaseModelUpdateTask( 2527): at com.android.launcher3.model.BaseModelUpdateTask.(BaseModelUpdateTask.java:57)
11-11 00:00:27.043 D/BaseModelUpdateTask( 2527): at com.android.launcher3.model.AddWorkspaceItemsTask.(AddWorkspaceItemsTask.java:58)
11-11 00:00:27.043 D/BaseModelUpdateTask( 2527): at com.android.launcher3.LauncherModel.addAndBindAddedWorkspaceItems(LauncherModel.java:145)
11-11 00:00:27.043 D/BaseModelUpdateTask( 2527): at com.android.launcher3.model.PackageUpdatedTask.updateToWorkSpace(PackageUpdatedTask.java:406)
11-11 00:00:27.043 D/BaseModelUpdateTask( 2527): at com.android.launcher3.model.PackageUpdatedTask.execute(PackageUpdatedTask.java:370)
11-11 00:00:27.043 D/BaseModelUpdateTask( 2527): at com.android.launcher3.model.BaseModelUpdateTask.run(BaseModelUpdateTask.java:80)
11-11 00:00:27.043 D/BaseModelUpdateTask( 2527): at com.android.launcher3.util.LooperExecutor.execute(LooperExecutor.java:45)
11-11 00:00:27.043 D/BaseModelUpdateTask( 2527): at com.android.launcher3.LauncherModel.enqueueModelUpdateTask(LauncherModel.java:555)
11-11 00:00:27.043 D/BaseModelUpdateTask( 2527): at com.android.launcher3.LauncherModel.onPackageChanged(LauncherModel.java:156)
11-11 00:00:27.043 D/BaseModelUpdateTask( 2527): at com.android.launcher3.LauncherModel.onAppIconChanged(LauncherModel.java:226)
11-11 00:00:27.043 D/BaseModelUpdateTask( 2527): at com.android.launcher3.LauncherAppState$IconObserver.onAppIconChanged(LauncherAppState.java:206)
11-11 00:00:27.043 D/BaseModelUpdateTask( 2527): at com.android.launcher3.icons.IconProvider$IconChangeReceiver.onReceive(IconProvider.java:371)
11-11 00:00:27.043 D/BaseModelUpdateTask( 2527): at android.app.LoadedApk$ReceiverDispatcher$Args.lambda$getRunnable$0$LoadedApk$ReceiverDispatcher$Args(LoadedApk.java:1679)
11-11 00:00:27.043 D/BaseModelUpdateTask( 2527): at android.app.LoadedApk$ReceiverDispatcher$Args$$ExternalSyntheticLambda0.run(Unknown Source:2)
11-11 00:00:27.043 D/BaseModelUpdateTask( 2527): at android.os.Handler.handleCallback(Handler.java:938)
11-11 00:00:27.043 D/BaseModelUpdateTask( 2527): at android.os.Handler.dispatchMessage(Handler.java:99)
11-11 00:00:27.043 D/BaseModelUpdateTask( 2527): at android.os.Looper.loopOnce(Looper.java:201)
11-11 00:00:27.043 D/BaseModelUpdateTask( 2527): at android.os.Looper.loop(Looper.java:288)
11-11 00:00:27.043 D/BaseModelUpdateTask( 2527): at android.os.HandlerThread.run(HandlerThread.java:67)
11-11 00:00:27.462 I/mpu_uart( 644): [MSG-P:RECV]:No message received in 1000 ms
11-11 00:00:27.477 W/kcp_info( 5265): HCDN_LOG: [T:5570]Update: udp kcp size[0], timeout kcp size[0]
11-11 00:00:27.528 I/OpenGLRenderer( 3511): Davey! duration=9223371662025ms; Flags=0, FrameTimelineVsyncId=3820, IntendedVsync=374829125513, Vsync=374829125513, InputEventId=0, HandleInputStart=374829825115, AnimationStart=374829829229, PerformTraversalsStart=374829832615, DrawStart=374830990010, FrameDeadline=374862458845, FrameInterval=374829814594, FrameStartTime=16666666, SyncQueued=374831632927, SyncStart=374831956729, IssueDrawCommandsStart=374832861833, SwapBuffers=374839096625, FrameCompleted=9223372036854775807, DequeueBufferDuration=42448, QueueBufferDuration=1257500, GpuCompleted=9223372036854775807, SwapBuffersCompleted=374841032719, DisplayPresentTime=0,
11-11 00:00:27.539 I/auditd ( 2764): type=1400 audit(0.0:4140385): avc: denied { read } for comm="event_loop" lport=13400 scontext=u:r:hht_ota_mgr:s0 tcontext=u:r:hht_ota_mgr:s0 tclass=udp_socket permissive=0
11-11 00:00:27.539 W/event_loop( 2764): type=1400 audit(0.0:4140385): avc: denied { read } for lport=13400 scontext=u:r:hht_ota_mgr:s0 tcontext=u:r:hht_ota_mgr:s0 tclass=udp_socket permissive=0
11-11 00:00:27.539 I/auditd ( 2764): type=1400 audit(0.0:4140386): avc: denied { read } for comm="event_loop" lport=13400 scontext=u:r:hht_ota_mgr:s0 tcontext=u:r:hht_ota_mgr:s0 tclass=udp_socket permissive=0
11-11 00:00:27.539 W/event_loop( 2764): type=1400 audit(0.0:4140386): avc: denied { read } for lport=13400 scontext=u:r:hht_ota_mgr:s0 tcontext=u:r:hht_ota_mgr:s0 tclass=udp_socket permissive=0
11-11 00:00:27.539 I/auditd ( 2764): type=1400 audit(0.0:4140387): avc: denied { read } for comm="event_loop" lport=13400 scontext=u:r:hht_ota_mgr:s0 tcontext=u:r:hht_ota_mgr:s0 tclass=udp_socket permissive=0
11-11 00:00:27.539 W/event_loop( 2764): type=1400 audit(0.0:4140387): avc: denied { read } for lport=13400 scontext=u:r:hht_ota_mgr:s0 tcontext=u:r:hht_ota_mgr:s0 tclass=udp_socket permissive=0
11-11 00:00:27.539 I/auditd ( 2764): type=1400 audit(0.0:4140388): avc: denied { read } for comm="event_loop" lport=13400 scontext=u:r:hht_ota_mgr:s0 tcontext=u:r:hht_ota_mgr:s0 tclass=udp_socket permissive=0
11-11 00:00:27.539 W/event_loop( 2764): type=1400 audit(0.0:4140388): avc: denied { read } for lport=13400 scontext=u:r:hht_ota_mgr:s0 tcontext=u:r:hht_ota_mgr:s0 tclass=udp_socket permissive=0
11-11 00:00:27.539 I/auditd ( 2764): type=1400 audit(0.0:4140389): avc: denied { read } for comm="event_loop" lport=13400 scontext=u:r:hht_ota_mgr:s0 tcontext=u:r:hht_ota_mgr:s0 tclass=udp_socket permissive=0
