03-28 20:22:24.747 I/Tinker.TinkerInternals( 5265): class not found exception
03-28 20:22:24.750 D/Tinker.TinkerInternals( 5265): getCurrentInstructionSet:arm
03-28 20:22:24.751 W/Tinker.TinkerLoader( 5265): tryLoadPatchFiles:isEnabledForResource:true
03-28 20:22:24.751 D/Tinker.TinkerInternals( 5265): same fingerprint:TC/figure_CN/figure:12/SKQ1.220201.001/2644:user/test-keys
03-28 20:22:24.752 I/Tinker.TinkerInternals( 5265): getSafeModeCount: count: 0
03-28 20:22:24.752 I/Tinker.TinkerInternals( 5265): setSafeModeCount: count: 1
03-28 20:22:24.752 I/Tinker.TinkerDexLoader( 5265): classloader: dalvik.system.PathClassLoader[DexPathList[[zip file "/data/app/~~iE79wVvzow8I_bcoNh6ZNA==/com.qiyi.video.pad-kvpTxmfeLYAQ4MOXTunL9Q==/base.apk"],nativeLibraryDirectories=[/data/app/~~iE79wVvzow8I_bcoNh6ZNA==/com.qiyi.video.pad-kvpTxmfeLYAQ4MOXTunL9Q==/lib/arm, /data/app/~~iE79wVvzow8I_bcoNh6ZNA==/com.qiyi.video.pad-kvpTxmfeLYAQ4MOXTunL9Q==/base.apk!/lib/armeabi-v7a, /system/lib, /system_ext/lib]]]
03-28 20:22:24.752 I/Tinker.TinkerDexLoader( 5265): verify dex file:/data/user/0/com.qiyi.video.pad/tinker/patch-561b1456/dex/tinker_classN.apk md5, use time: 0
03-28 20:22:24.752 I/Tinker.ClassLoaderAdder( 5265): installDexes dexOptDir: /data/user/0/com.qiyi.video.pad/tinker/patch-561b1456/odex, dex size:1
03-28 20:22:24.762 I/mpu_uart( 644): [MSG-P:RECV]:No message received in 1000 ms
03-28 20:22:24.823 I/auditd ( 2764): type=1400 audit(0.0:3049724): avc: denied { read } for comm="event_loop" lport=13400 scontext=u:r:hht_ota_mgr:s0 tcontext=u:r:hht_ota_mgr:s0 tclass=udp_socket permissive=0
03-28 20:22:24.823 W/event_loop( 2764): type=1400 audit(0.0:3049724): avc: denied { read } for lport=13400 scontext=u:r:hht_ota_mgr:s0 tcontext=u:r:hht_ota_mgr:s0 tclass=udp_socket permissive=0
03-28 20:22:24.823 I/auditd ( 2764): type=1400 audit(0.0:3049725): avc: denied { read } for comm="event_loop" lport=13400 scontext=u:r:hht_ota_mgr:s0 tcontext=u:r:hht_ota_mgr:s0 tclass=udp_socket permissive=0
03-28 20:22:24.823 W/event_loop( 2764): type=1400 audit(0.0:3049725): avc: denied { read } for lport=13400 scontext=u:r:hht_ota_mgr:s0 tcontext=u:r:hht_ota_mgr:s0 tclass=udp_socket permissive=0
03-28 20:22:24.823 I/auditd ( 2764): type=1400 audit(0.0:3049726): avc: denied { read } for comm="event_loop" lport=13400 scontext=u:r:hht_ota_mgr:s0 tcontext=u:r:hht_ota_mgr:s0 tclass=udp_socket permissive=0
03-28 20:22:24.823 W/event_loop( 2764): type=1400 audit(0.0:3049726): avc: denied { read } for lport=13400 scontext=u:r:hht_ota_mgr:s0 tcontext=u:r:hht_ota_mgr:s0 tclass=udp_socket permissive=0
03-28 20:22:24.823 I/auditd ( 2764): type=1400 audit(0.0:3049727): avc: denied { read } for comm="event_loop" lport=13400 scontext=u:r:hht_ota_mgr:s0 tcontext=u:r:hht_ota_mgr:s0 tclass=udp_socket permissive=0
03-28 20:22:24.823 W/event_loop( 2764): type=1400 audit(0.0:3049727): avc: denied { read } for lport=13400 scontext=u:r:hht_ota_mgr:s0 tcontext=u:r:hht_ota_mgr:s0 tclass=udp_socket permissive=0
03-28 20:22:24.823 I/auditd ( 2764): type=1400 audit(0.0:3049728): avc: denied { read } for comm="event_loop" lport=13400 scontext=u:r:hht_ota_mgr:s0 tcontext=u:r:hht_ota_mgr:s0 tclass=udp_socket permissive=0
03-28 20:22:24.823 W/event_loop( 2764): type=1400 audit(0.0:3049728): avc: denied { read } for lport=13400 scontext=u:r:hht_ota_mgr:s0 tcontext=u:r:hht_ota_mgr:s0 tclass=udp_socket permissive=0
11-11 00:10:25.569 W/audit ( 0): audit_lost=3050163 audit_rate_limit=5 audit_backlog_limit=64
11-11 00:10:25.569 E/audit ( 0): rate limit exceeded
03-28 20:22:24.942 I/Tinker.ClassLoaderAdder( 5265): after loaded classloader: dalvik.system.DelegateLastClassLoader[DexPathList[[zip file "/data/user/0/com.qiyi.video.pad/tinker/patch-561b1456/dex/tinker_classN.apk"],nativeLibraryDirectories=[/data/app/~~iE79wVvzow8I_bcoNh6ZNA==/com.qiyi.video.pad-kvpTxmfeLYAQ4MOXTunL9Q==/lib/arm, /data/app/~~iE79wVvzow8I_bcoNh6ZNA==/com.qiyi.video.pad-kvpTxmfeLYAQ4MOXTunL9Q==/base.apk!/lib/armeabi-v7a, /system/lib, /system_ext/lib]]], dex size:1
03-28 20:22:24.942 I/Tinker.ClassLoaderAdder( 5265): checkDexInstall result: true, checker_classloader: dalvik.system.DelegateLastClassLoader[DexPathList[[zip file "/data/user/0/com.qiyi.video.pad/tinker/patch-561b1456/dex/tinker_classN.apk"],nativeLibraryDirectories=[/data/app/~~iE79wVvzow8I_bcoNh6ZNA==/com.qiyi.video.pad-kvpTxmfeLYAQ4MOXTunL9Q==/lib/arm, /data/app/~~iE79wVvzow8I_bcoNh6ZNA==/com.qiyi.video.pad-kvpTxmfeLYAQ4MOXTunL9Q==/base.apk!/lib/armeabi-v7a, /system/lib, /system_ext/lib]]]
03-28 20:22:24.943 I/Tinker.IncrementCompMgr( 5265): package has no incremental component meta, skip init.
03-28 20:22:24.943 I/Tinker.AppInfoChangedBlocker( 5265): tryStart called.
03-28 20:22:24.943 W/.qiyi.video.pa( 5265): Accessing hidden field Landroid/app/ActivityThread$H;->APPLICATION_INFO_CHANGED:I (max-target-o, reflection, denied)
03-28 20:22:24.944 I/Tinker.AppInfoChangedBlocker( 5265): tryStart done.
03-28 20:22:24.944 I/Tinker.TinkerLoader( 5265): tryLoadPatchFiles: load end, ok!
03-28 20:22:24.960 D/TMTracker( 5265): VideoApplicationDelegate#start
03-28 20:22:24.972 D/TMTracker( 5265): app.onBaseContextAttached#start
03-28 20:22:24.972 D/TMTracker( 5265): onBaseContextAttached.onInjectContext#start
03-28 20:22:24.994 I/CheckDebugBeforeLogging( 5265): DebugLog executed
03-28 20:22:24.995 I/Qiyi_DebugLog( 5265): setIsDebug:false
03-28 20:22:24.998 D/TMTracker( 5265): onBaseContextAttached.onInjectContext#end
03-28 20:22:24.998 D/TMTracker( 5265): onBaseContextAttached.PingbackInitTask#start
03-28 20:22:25.005 D/TMTracker( 5265): onBaseContextAttached.PingbackInitTask#end
03-28 20:22:25.005 D/TMTracker( 5265): onBaseContextAttached.initProcess#start
03-28 20:22:25.010 D/MicroService( 2139): getEvent: clientSocket = Socket[address=/192.168.4.4,port=58106,localPort=9999]
03-28 20:22:25.010 D/MicroService( 2139): run: called
03-28 20:22:25.010 D/MicroService( 2139): getEvent: start waiting...
03-28 20:22:25.011 I/MicroService( 2139): getStringByData(noZero): IDCM_HHServer
03-28 20:22:25.011 I/MicroService( 2139): getStringByData(noZero): FSEM_SettingService
03-28 20:22:25.011 I/MicroService( 2139): getStringByData: {
03-28 20:22:25.011 I/MicroService( 2139): "dstService" : "FSEM_SettingService",
03-28 20:22:25.011 I/MicroService( 2139): "messageType" : 0,
03-28 20:22:25.011 I/MicroService( 2139): "methodName" : "syncTime",
03-28 20:22:25.011 I/MicroService( 2139): "parameters" : {
03-28 20:22:25.011 I/MicroService( 2139): "IDCM_Time_12_24" : "24",
03-28 20:22:25.011 I/MicroService( 2139): "IDCM_Timestamp" : 14000,
03-28 20:22:25.011 I/MicroService( 2139): "IDCM_Timezone" : "GMT+08:00"
03-28 20:22:25.011 I/MicroService( 2139): },
03-28 20:22:25.011 I/MicroService( 2139): "srcService" : "IDCM_HHServer",
03-28 20:22:25.011 I/MicroService( 2139): "uuid" : 14523258000
03-28 20:22:25.011 I/MicroService( 2139): }
03-28 20:22:25.011 I/MicroService( 2139): Receive message: SocketMessageBean{businessData='21930', srcService='IDCM_HHServer', destService='FSEM_SettingService', messageType='0', uuid='14523258000', payloadData={
03-28 20:22:25.011 I/MicroService( 2139): "dstService" : "FSEM_SettingService",
03-28 20:22:25.011 I/MicroService( 2139): "messageType" : 0,
03-28 20:22:25.011 I/MicroService( 2139): "methodName" : "syncTime",
03-28 20:22:25.011 I/MicroService( 2139): "parameters" : {
03-28 20:22:25.011 I/MicroService( 2139): "IDCM_Time_12_24" : "24",
03-28 20:22:25.011 I/MicroService( 2139): "IDCM_Timestamp" : 14000,
03-28 20:22:25.011 I/MicroService( 2139): "IDCM_Timezone" : "GMT+08:00"
03-28 20:22:25.011 I/MicroService( 2139): },
03-28 20:22:25.011 I/MicroService( 2139): "srcService" : "IDCM_HHServer",
03-28 20:22:25.011 I/MicroService( 2139): "uuid" : 14523258000
03-28 20:22:25.011 I/MicroService( 2139): }
03-28 20:22:25.011 I/MicroService( 2139): }
03-28 20:22:25.011 I/MicroService( 2139): dealMessage: 0
03-28 20:22:25.011 I/MicroService( 2139): onRequest(syncTime): {"IDCM_Time_12_24":"24","IDCM_Timestamp":14000,"IDCM_Timezone":"GMT+08:00"}
03-28 20:22:25.016 D/TMTracker( 5265): onBaseContextAttached.initProcess#end
03-28 20:22:25.016 D/TMTracker( 5265): onBaseContextAttached.initTaskManager#start
03-28 20:22:25.019 E/DeviceGrading( 5265): GradingCenter#config GC has not been initialized!
03-28 20:22:25.024 D/TMTracker( 5265): onBaseContextAttached.initTaskManager#end
03-28 20:22:25.024 D/TMTracker( 5265): onBaseContextAttached.GradingSdkInitTask#start
03-28 20:22:25.032 I/MMKV ( 5265): current API level = 31
03-28 20:22:25.032 I/MMKV ( 5265): page size:4096
03-28 20:22:25.033 I/MMKV ( 5265): root dir: /data/user/0/com.qiyi.video.pad/files/mmkv
03-28 20:22:25.049 D/TMTracker( 5265): onBaseContextAttached.GradingSdkInitTask#end
03-28 20:22:25.049 D/TMTracker( 5265): onBaseContextAttached.SensitiveApiEnv#start
03-28 20:22:25.055 I/Lens_LensLoader( 5265): LensLoader#load:apiImplClass=com.qiyi.lens.LensApiImpl policy=2
03-28 20:22:25.055 D/TMTracker( 5265): onBaseContextAttached.SensitiveApiEnv#end
03-28 20:22:25.055 D/TMTracker( 5265): onBaseContextAttached.CrashReporterTask#start
03-28 20:22:25.118 D/TMTracker( 5265): onBaseContextAttached.CrashReporterTask#end
03-28 20:22:25.118 D/TMTracker( 5265): onBaseContextAttached.initModuleManager#start
03-28 20:22:25.126 D/Tinker.DefaultAppLike( 5265): onBaseContextAttached:
03-28 20:22:25.128 D/TMTracker( 5265): onBaseContextAttached.initModuleManager#end
03-28 20:22:25.128 D/TMTracker( 5265): onBaseContextAttached.ParallelTask#start
03-28 20:22:25.128 D/TMTracker( 5265): ParallelTask.installQigsaw#start
03-28 20:22:25.128 D/TMTracker( 5265): ParallelTask.initProxyApplication#start
03-28 20:22:25.128 D/TMTracker( 5265): ParallelTask.initProxyApplication#end
03-28 20:22:25.128 D/TMTracker( 5265): ParallelTask.attach#start
03-28 20:22:25.128 D/TMTracker( 5265): attach.BaseLibContext#start
03-28 20:22:25.131 D/TMTracker( 5265): ParallelTask.installQigsaw#end
03-28 20:22:25.145 D/TMTracker( 5265): attach.BaseLibContext#end
03-28 20:22:25.145 D/TMTracker( 5265): attach.triggerEvent#start
03-28 20:22:25.150 D/TMTracker( 5265): attach.triggerEvent#end
03-28 20:22:25.150 D/TMTracker( 5265): attach.initLicenseChecker#start
03-28 20:22:25.169 D/TMTracker( 5265): attach.initLicenseChecker#end
03-28 20:22:25.169 D/TMTracker( 5265): attach.QyDiagnoseCallbackTask#start
03-28 20:22:25.175 D/TMTracker( 5265): attach.QyDiagnoseCallbackTask#end
03-28 20:22:25.175 D/TMTracker( 5265): attach.JMEventTask#start
03-28 20:22:25.175 D/TMTracker( 5265): attach.JMEventTask#end
03-28 20:22:25.175 D/TMTracker( 5265): ParallelTask.attach#end
03-28 20:22:25.175 D/TMTracker( 5265): ParallelTask.startPreloadAd#start
03-28 20:22:25.178 D/a71_ads_client( 5265): initialise(): AdsClient initialise
03-28 20:22:25.181 D/a71_ads_client( 5265): restore json : {"json":[]}
03-28 20:22:25.182 D/a71_ads_client( 5265): AppInstallDBManager isMainProcess main:com.qiyi.video.pad,current:com.qiyi.video.pad
03-28 20:22:25.183 D/a71_ads_client( 5265): AppInstallDBManager register activity life
03-28 20:22:25.183 W/a71_ads_client( 5265): isHarmonyOSByOsBrand ClassNotFoundException:java.lang.ClassNotFoundException: com.huawei.system.BuildEx
03-28 20:22:25.184 W/a71_ads_client( 5265): isHarmonyOsBySystemCapability throwable:java.lang.ClassNotFoundException: ohos.utils.system.SystemCapability
03-28 20:22:25.184 D/TMTracker( 5265): ParallelTask.startPreloadAd#end
03-28 20:22:25.184 D/TMTracker( 5265): onBaseContextAttached.ParallelTask#end
03-28 20:22:25.184 D/TMTracker( 5265): onBaseContextAttached.initLosew#start
03-28 20:22:25.185 D/TMTracker( 5265): onBaseContextAttached.initLosew#end
03-28 20:22:25.185 D/TMTracker( 5265): app.onBaseContextAttached#end
03-28 20:22:25.185 D/TMTracker( 5265): app.installContentProvider#start
03-28 20:22:25.186 I/Tinker.TinkerInternals( 5265): setSafeModeCount: count: 0
03-28 20:22:25.192 W/HMSSDK_PushPreferences( 5265): get new sharedPreferences failed,start to get from context.
03-28 20:22:25.193 I/AGConnectProvider( 5265): AGConnectInitializeProvider#onCreate
03-28 20:22:25.193 I/AGConnectInstance( 5265): AGConnectInstance#initialize
03-28 20:22:25.194 I/ServiceRegistrarParser( 5265): getServices
03-28 20:22:25.195 I/ServiceRegistrarParser( 5265): services:0
03-28 20:22:25.228 D/CardWidget.GlobalDIConfig( 5265): initial...
03-28 20:22:25.230 D/DataChannel.ClientChannel( 5265): initClientImpl serverAuthority = [com.oplus.cardservice.repository.provider.CardServiceServerProvider], clientName = [com.iqiyi.oppocard.OppoCardProvider], client = [com.iqiyi.oppocard.OppoCardProvider@de968db]
03-28 20:22:25.230 D/DataChannel.ClientProxy.OppoCardProvider( 5265): tryRegisterContentObserver
03-28 20:22:25.231 D/DataChannel.ClientProxy.OppoCardProvider( 5265): try registerContentObserver error java.lang.SecurityException: Failed to find provider com.oplus.cardservice.repository.provider.CardServiceServerProvider for user 0; expected to find a valid ContentProvider for this authority
03-28 20:22:25.232 E/ActivityThread( 5265): Failed to find provider info for com.oplus.cardservice.repository.provider.CardServiceServerProvider
03-28 20:22:25.232 D/DataChannel.ClientProxy.OppoCardProvider( 5265): pullCommand with null client
03-28 20:22:25.232 D/DataChannel.ClientProxy.OppoCardProvider( 5265): pullAndRunCommand commandList = []
03-28 20:22:25.232 D/DataChannel.ClientProxy.OppoCardProvider( 5265): processCommandList: distinct processCommands = []
03-28 20:22:25.232 D/DataChannel.ClientProxy.OppoCardProvider( 5265): processCommandList: detail processCommands = []
03-28 20:22:25.234 D/WM-WrkMgrInitializer( 5265): Initializing WorkManager with default configuration.
03-28 20:22:25.257 D/CompatibilityChangeReporter( 5265): Compat change id reported: 160794467; UID 10095; state: ENABLED
03-28 20:22:25.258 I/Zeus/init( 5265): ZeusManager init, context = com.qiyi.video.VideoApplication@b4a5483, hParam = com.bytedance.pangle.GlobalParam@7190b84
03-28 20:22:25.261 E/flipped ( 5265): init succeeded.
03-28 20:22:25.261 E/flipped ( 5265): Attach current thread 0
03-28 20:22:25.262 E/flipped ( 5265): Detach current thread 0
03-28 20:22:25.262 E/flipped ( 5265): Attach current thread 0
03-28 20:22:25.262 E/flipped ( 5265): Detach current thread 0
03-28 20:22:25.263 W/Zeus/init( 5265): ZeusManager disableApiWarningShownForAndroidP, true
03-28 20:22:25.264 W/Zeus/provider( 5265): Need to init system provider info start [packageNam:=com.qiyi.video.pad],[processName=com.qiyi.video.pad],[authority:com.qiyi.video.pad.pangle.provider.proxy.main]
03-28 20:22:25.264 W/Zeus/provider( 5265): Init system provider info finish [packageNam:=com.qiyi.video.pad],[processName=com.qiyi.video.pad],[authority:com.qiyi.video.pad.pangle.provider.proxy.main]
03-28 20:22:25.264 D/ConnectivityService( 1526): requestNetwork for uid/pid:1000/1526 asUid: 10095 activeRequest: null callbackRequest: 34 [NetworkRequest [ REQUEST id=35, [ Capabilities: INTERNET&NOT_RESTRICTED&TRUSTED&NOT_VCN_MANAGED Uid: 10095 RequestorUid: 1000 RequestorPkg: android] ]] callback flags: 0 priority: 2147483647
03-28 20:22:25.264 D/PushSdkUtils( 5265): get EMUI version is:
03-28 20:22:25.265 D/ConnectivityService( 1526): NetReassign [35 : null 鈫?100]
03-28 20:22:25.265 D/Ethernet( 1526): got request NetworkRequest [ REQUEST id=35, [ Capabilities: INTERNET&NOT_RESTRICTED&TRUSTED&NOT_VCN_MANAGED Uid: 10095 RequestorUid: 1000 RequestorPkg: android] ]
03-28 20:22:25.265 D/EthernetNetworkFactory( 1526): acceptRequest, request: NetworkRequest [ REQUEST id=35, [ Capabilities: INTERNET&NOT_RESTRICTED&TRUSTED&NOT_VCN_MANAGED Uid: 10095 RequestorUid: 1000 RequestorPkg: android] ]
03-28 20:22:25.266 I/EthernetNetworkFactory( 1526): networkForRequest, request: NetworkRequest [ REQUEST id=35, [ Capabilities: INTERNET&NOT_RESTRICTED&TRUSTED&NOT_VCN_MANAGED Uid: 10095 RequestorUid: 1000 RequestorPkg: android] ], network: NetworkInterfaceState{ refCount: 0, iface: eth0, up: true, hwAddress: 36:7c:7c:00:00:0f, networkCapabilities: [ Transports: ETHERNET Capabilities: NOT_METERED&INTERNET&NOT_RESTRICTED&TRUSTED&NOT_VPN&NOT_ROAMING&NOT_CONGESTED&NOT_SUSPENDED&NOT_VCN_MANAGED LinkUpBandwidth>=100000Kbps LinkDnBandwidth>=100000Kbps], networkAgent: null, score: 70, ipClient: android.net.ip.IIpClient$Stub$Proxy@4a3f3c1,linkProperties: {InterfaceName: eth0 LinkAddresses: [ fe80::c225:5ca6:18f:d04/64 ] DnsAddresses: [ ] Domains: null MTU: 0 TcpBufferSizes: 524288,1048576,3145728,524288,1048576,2097152 Routes: [ fe80::/64 -> :: eth0 mtu 0 ]}}
03-28 20:22:25.266 I/EthernetNetworkFactory( 1526): networkForRequest, request: NetworkRequest [ REQUEST id=35, [ Capabilities: INTERNET&NOT_RESTRICTED&TRUSTED&NOT_VCN_MANAGED Uid: 10095 RequestorUid: 1000 RequestorPkg: android] ], network: NetworkInterfaceState{ refCount: 0, iface: eth0, up: true, hwAddress: 36:7c:7c:00:00:0f, networkCapabilities: [ Transports: ETHERNET Capabilities: NOT_METERED&INTERNET&NOT_RESTRICTED&TRUSTED&NOT_VPN&NOT_ROAMING&NOT_CONGESTED&NOT_SUSPENDED&NOT_VCN_MANAGED LinkUpBandwidth>=100000Kbps LinkDnBandwidth>=100000Kbps], networkAgent: null, score: 70, ipClient: android.net.ip.IIpClient$Stub$Proxy@4a3f3c1,linkProperties: {InterfaceName: eth0 LinkAddresses: [ fe80::c225:5ca6:18f:d04/64 ] DnsAddresses: [ ] Domains: null MTU: 0 TcpBufferSizes: 524288,1048576,3145728,524288,1048576,2097152 Routes: [ fe80::/64 -> :: eth0 mtu 0 ]}}
03-28 20:22:25.266 D/EthernetNetworkFactory( 1526): IpClient already started
03-28 20:22:25.266 D/WifiNetworkFactory( 1526): got request NetworkRequest [ REQUEST id=35, [ Capabilities: INTERNET&NOT_RESTRICTED&TRUSTED&NOT_VCN_MANAGED Uid: 10095 RequestorUid: 1000 RequestorPkg: android] ]
03-28 20:22:25.267 D/UntrustedWifiNetworkFactory( 1526): got request NetworkRequest [ REQUEST id=35, [ Capabilities: INTERNET&NOT_RESTRICTED&TRUSTED&NOT_VCN_MANAGED Uid: 10095 RequestorUid: 1000 RequestorPkg: android] ]
03-28 20:22:25.267 D/OemPaidWifiNetworkFactory( 1526): got request NetworkRequest [ REQUEST id=35, [ Capabilities: INTERNET&NOT_RESTRICTED&TRUSTED&NOT_VCN_MANAGED Uid: 10095 RequestorUid: 1000 RequestorPkg: android] ]
03-28 20:22:25.275 D/TMTracker( 5265): app.installContentProvider#end
03-28 20:22:25.275 D/TMTracker( 5265): app.onCreate#start
03-28 20:22:25.275 D/Tinker.DefaultAppLike( 5265): onCreate
03-28 20:22:25.275 D/TMTracker( 5265): initWithPermission#start
03-28 20:22:25.282 I/jvmfix ( 5265): [JvmFixInternal]: init ok
03-28 20:22:25.285 D/PingbackSDK( 5265): initAndGet base
03-28 20:22:25.290 D/TMTracker( 5265): initWithPermission.AdsClientWrapper#start
03-28 20:22:25.290 D/TMTracker( 5265): initWithPermission.AdsClientWrapper#end
03-28 20:22:25.290 D/TMTracker( 5265): initWithPermission.enlargerFdLimitIfLow#start
03-28 20:22:25.290 D/MicroSettings: SetTimeAction( 2156): current timestamp: 1680006145290
03-28 20:22:25.290 D/MicroSettings: SetTimeAction( 2156): setTime: 14000
03-28 20:22:25.291 D/AlarmManagerService( 1526): Setting time of day to sec=14
03-28 20:22:25.291 W/AlarmManagerService( 1526): Unable to set rtc to 14: Invalid argument
03-28 20:22:25.295 D/TMTracker( 5265): initWithPermission.enlargerFdLimitIfLow#end
03-28 20:22:25.295 D/TMTracker( 5265): initWithPermission.GphonePangleManager#start
03-28 20:22:25.296 D/TMTracker( 5265): initWithPermission.GphonePangleManager#end
03-28 20:22:25.296 D/TMTracker( 5265): initWithPermission#end
03-28 20:22:25.296 D/TMTracker( 5265): initWithoutPermission#start
03-28 20:22:25.296 D/TMTracker( 5265): initWithoutPermission.QyWorkManager#start
03-28 20:22:25.298 D/mcssdk---( 5265): MCS-->fbeVersion is true
03-28 20:22:25.299 D/CompatibilityInfo( 1526): mCompatibilityFlags - 4
03-28 20:22:25.299 D/CompatibilityInfo( 1526): applicationDensity - 240
03-28 20:22:25.299 D/CompatibilityInfo( 1526): applicationScale - 1.0
03-28 20:22:25.300 D/TMTracker( 5265): initWithoutPermission.QyWorkManager#end
03-28 20:22:25.300 D/TMTracker( 5265): initWithoutPermission.initBasicBaseTask#start
03-28 20:22:25.302 V/Zeus/init( 5265): PluginManager parsePluginsJson
03-28 20:22:25.302 D/MicroService( 2139): getEvent: clientSocket = Socket[address=/192.168.4.4,port=58108,localPort=9999]
03-28 20:22:25.303 D/MicroService( 2139): run: called
03-28 20:22:25.303 D/MicroService( 2139): getEvent: start waiting...
03-28 20:22:25.305 I/MicroService( 2139): getStringByData(noZero): IDCM_HHServer
03-28 20:22:25.305 I/MicroService( 2139): getStringByData(noZero): FSEM_SettingService
03-28 20:22:25.305 I/MicroService( 2139): getStringByData: {
03-28 20:22:25.305 I/MicroService( 2139): "dstService" : "FSEM_SettingService",
03-28 20:22:25.305 I/MicroService( 2139): "messageType" : 0,
03-28 20:22:25.305 I/MicroService( 2139): "methodName" : "syncTime",
03-28 20:22:25.305 I/MicroService( 2139): "parameters" : {
03-28 20:22:25.305 I/MicroService( 2139): "IDCM_Time_12_24" : "24",
03-28 20:22:25.305 I/MicroService( 2139): "IDCM_Timestamp" : 14000,
03-28 20:22:25.305 I/MicroService( 2139): "IDCM_Timezone" : "GMT+08:00"
03-28 20:22:25.305 I/MicroService( 2139): },
03-28 20:22:25.305 I/MicroService( 2139): "srcService" : "IDCM_HHServer",
03-28 20:22:25.305 I/MicroService( 2139): "uuid" : 14523258000
03-28 20:22:25.305 I/MicroService( 2139): }
03-28 20:22:25.305 I/MicroService( 2139): Receive message: SocketMessageBean{businessData='21930', srcService='IDCM_HHServer', destService='FSEM_SettingService', messageType='0', uuid='14523258000', payloadData={
03-28 20:22:25.305 I/MicroService( 2139): "dstService" : "FSEM_SettingService",
03-28 20:22:25.305 I/MicroService( 2139): "messageType" : 0,
03-28 20:22:25.305 I/MicroService( 2139): "methodName" : "syncTime",
03-28 20:22:25.305 I/MicroService( 2139): "parameters" : {
03-28 20:22:25.305 I/MicroService( 2139): "IDCM_Time_12_24" : "24",
03-28 20:22:25.305 I/MicroService( 2139): "IDCM_Timestamp" : 14000,
03-28 20:22:25.305 I/MicroService( 2139): "IDCM_Timezone" : "GMT+08:00"
03-28 20:22:25.305 I/MicroService( 2139): },
03-28 20:22:25.305 I/MicroService( 2139): "srcService" : "IDCM_HHServer",
03-28 20:22:25.305 I/MicroService( 2139): "uuid" : 14523258000
03-28 20:22:25.305 I/MicroService( 2139): }
03-28 20:22:25.305 I/MicroService( 2139): }
03-28 20:22:25.305 I/MicroService( 2139): dealMessage: 0
03-28 20:22:25.305 I/MicroService( 2139): onRequest(syncTime): {"IDCM_Time_12_24":"24","IDCM_Timestamp":14000,"IDCM_Timezone":"GMT+08:00"}
03-28 20:22:25.308 I/Zeus/init( 5265): PluginManagerparsePluginsJson. find com.byted.pangle
03-28 20:22:25.308 I/Zeus/init( 5265): PluginManager parsePluginsJson success
03-28 20:22:25.308 W/Zeus/so ( 5265): NativeLibHelper inferHostAbiAuto, primaryCpuAbi=armeabi-v7a
03-28 20:22:25.308 W/Zeus/so ( 5265): NativeLibHelper inferHostAbiAuto, processMode=32
03-28 20:22:25.308 W/Zeus/so ( 5265): NativeLibHelper inferHostAbiAuto2, sHostAbi=armeabi-v7a
03-28 20:22:25.308 I/Zeus/init( 5265): ZeusSpUtils isHostAbiUpdate HOST_ABI=armeabi-v7a, armeabi-v7a, result=false
03-28 20:22:25.310 I/Zeus/init( 5265): Plugin getInstalledMaxVersion, pkg=com.byted.pangle, maxVer=5205
03-28 20:22:25.310 I/Zeus/init( 5265): ZeusSpUtils getPluginApiVersion pluginPKg = com.byted.pangle, pluginApiVersion = 4306
03-28 20:22:25.311 I/Zeus/init( 5265): Plugin checkVersionValid, pkg=com.byted.pangle, ver=0, valid=true
03-28 20:22:25.311 I/Zeus/init( 5265): ZeusSpUtils getHostIdentity pluginPKg = com.byted.pangle, hostIdentity = E7C70242D238CC9B875ACCAAD8EC3961
03-28 20:22:25.311 I/Zeus/init( 5265): Plugin initPlugins result=Plugin{pkg=com.byted.pangle, ver=5205, life=2}
03-28 20:22:25.312 I/Zeus/init( 5265): ZeusSpUtils setHostAbiUpdated HOST_ABI=armeabi-v7a --> armeabi-v7a
03-28 20:22:25.312 I/Zeus/init( 5265): ZeusSpUtils getHostIdentity pluginPKg = com.byted.pangle, hostIdentity = E7C70242D238CC9B875ACCAAD8EC3961
03-28 20:22:25.312 I/Zeus/init( 5265): ZeusSpUtils setHostIdentity(com.byted.pangle) E7C70242D238CC9B875ACCAAD8EC3961 --> E7C70242D238CC9B875ACCAAD8EC3961
03-28 20:22:25.312 I/Zeus/init( 5265): ZeusSpUtils getPluginApiVersion pluginPKg = com.byted.pangle, pluginApiVersion = 4306
03-28 20:22:25.312 I/Zeus/init( 5265): ZeusSpUtils setPluginApiVersion 4306 --> 4306
03-28 20:22:25.312 I/Zeus/load( 5265): PluginLoader watcher[loadPlugin:com.byted.pangle]-start
03-28 20:22:25.313 V/Zeus/reporter( 5265): eventName: load_start
03-28 20:22:25.313 V/Zeus/reporter( 5265): categoryData:{
03-28 20:22:25.313 V/Zeus/reporter( 5265): "status_code": "40000",
03-28 20:22:25.313 V/Zeus/reporter( 5265): "plugin_package_name": "com.byted.pangle",
03-28 20:22:25.313 V/Zeus/reporter( 5265): "version_code": "5205",
03-28 20:22:25.313 V/Zeus/reporter( 5265): "net_type": "4",
03-28 20:22:25.313 V/Zeus/reporter( 5265): "process_name": "com.qiyi.video.pad",
03-28 20:22:25.313 V/Zeus/reporter( 5265): "plugin_api_version": "4306",
03-28 20:22:25.313 V/Zeus/reporter( 5265): "zeus_sdk_version": "0.0.1-beta.4200.41-pangle"
03-28 20:22:25.313 V/Zeus/reporter( 5265): }
03-28 20:22:25.313 V/Zeus/reporter( 5265): metricData:{
03-28 20:22:25.313 V/Zeus/reporter( 5265): "duration": -1
03-28 20:22:25.313 V/Zeus/reporter( 5265): }
03-28 20:22:25.313 V/Zeus/reporter( 5265): logExtrData:{
03-28 20:22:25.313 V/Zeus/reporter( 5265): "message": "",
03-28 20:22:25.313 V/Zeus/reporter( 5265): "timestamp": "1680006145312"
03-28 20:22:25.313 V/Zeus/reporter( 5265): }
03-28 20:22:25.313 I/Zeus/DefaultReporterImpl( 5265): skip default report
03-28 20:22:25.313 I/Zeus/load( 5265): PluginLoader watcher[load:com.byted.pangle]-start
03-28 20:22:25.314 I/Zeus/load( 5265): PluginLoader watcher[load:com.byted.pangle]-isInstalled cost=0
03-28 20:22:25.314 I/Zeus/load( 5265): PluginLoader watcher[load:com.byted.pangle]-getSourceFile cost=0
03-28 20:22:25.314 I/Zeus/load( 5265): PluginLoader watcher[load:com.byted.pangle]-getNativeLibraryDir cost=0
03-28 20:22:25.314 I/Zeus/load( 5265): PluginLoader watcher[load:com.byted.pangle]-dalvikCacheDir cost=0
03-28 20:22:25.314 W/.qiyi.video.pa( 5265): Unsupported class loader
03-28 20:22:25.410 D/TMTracker( 5265): initWithoutPermission.initBasicBaseTask#end
03-28 20:22:25.410 D/TMTracker( 5265): initWithoutPermission.DiagnoseConnectivityManager#start
03-28 20:22:25.419 W/.qiyi.video.pa( 5265): Unsupported class loader
03-28 20:22:25.420 E/system_server( 1526): Invalid class loader spec: =UnsupportedClassLoaderContext=
03-28 20:22:25.420 E/PackageDexUsage( 1526): Unsupported context?
03-28 20:22:25.421 I/Zeus/load( 5265): PluginLoader watcher[load:com.byted.pangle]-classloader cost=107
03-28 20:22:25.436 I/Zeus/load( 5265): PluginLoader watcher[load:com.byted.pangle]-getPackageInfo cost=15
03-28 20:22:25.436 W/ActivityManager( 1526): Background start not allowed: service Intent { cmp=com.qiyi.video.pad/org.qiyi.pluginlibrary.pm.PluginPackageManagerService } to com.qiyi.video.pad/org.qiyi.pluginlibrary.pm.PluginPackageManagerService from pid=5265 uid=10095 pkg=com.qiyi.video.pad startFg?=false
03-28 20:22:25.437 I/Zeus/load( 5265): PluginLoader watcher[load:com.byted.pangle]-setApplication cost=1
03-28 20:22:25.443 D/QuestMobile( 5265): 娉ㄥ唽Activity鐩戝惉鎴愬姛
03-28 20:22:25.445 D/TMTracker( 5265): initWithoutPermission.DiagnoseConnectivityManager#end
03-28 20:22:25.445 D/TMTracker( 5265): initWithoutPermission.PopLayerImpl#start
03-28 20:22:25.445 D/TMTracker( 5265): initWithoutPermission.PopLayerImpl#end
03-28 20:22:25.445 D/TMTracker( 5265): initWithoutPermission.ReactTask#start
03-28 20:22:25.449 I/Zeus/load( 5265): AssetManagerProcessor invoke AssetManager.addAssetPath() success, cookie = 7, path = /product/app/webview/webview.apk
03-28 20:22:25.449 I/Zeus/load( 5265): AssetManagerProcessor updateAssetManager, newAssetManager=android.content.res.AssetManager@4321ff4, assets=[/system/framework/framework-res.apk , /product/overlay/FrameworksResCommon_Sys.apk , /product/overlay/FrameworksResCommonQva_Sys.apk , /vendor/overlay/FrameworksResTarget.apk , /product/overlay/FrameworkResource/FrameworksResOverlay.apk , /data/user/0/com.qiyi.video.pad/files/pangle_p/com.byted.pangle/version-5205/apk/base-1.apk , /product/app/webview/webview.apk]
03-28 20:22:25.450 I/Zeus/load( 5265): AssetManagerProcessor invoke AssetManager.addAssetPath() success, cookie = 8, path = /product/overlay/NavigationBarModeGestural/NavigationBarModeGesturalOverlay.apk
03-28 20:22:25.450 I/Zeus/load( 5265): AssetManagerProcessor updateAssetManager, newAssetManager=android.content.res.AssetManager@4321ff4, assets=[/system/framework/framework-res.apk , /product/overlay/FrameworksResCommon_Sys.apk , /product/overlay/FrameworksResCommonQva_Sys.apk , /vendor/overlay/FrameworksResTarget.apk , /product/overlay/FrameworkResource/FrameworksResOverlay.apk , /data/user/0/com.qiyi.video.pad/files/pangle_p/com.byted.pangle/version-5205/apk/base-1.apk , /product/app/webview/webview.apk , /product/overlay/NavigationBarModeGestural/NavigationBarModeGesturalOverlay.apk]
03-28 20:22:25.455 I/Zeus/load( 5265): AssetManagerProcessor invoke AssetManager.addAssetPath() success, cookie = 9, path = /data/app/~~iE79wVvzow8I_bcoNh6ZNA==/com.qiyi.video.pad-kvpTxmfeLYAQ4MOXTunL9Q==/base.apk
03-28 20:22:25.455 I/Zeus/load( 5265): AssetManagerProcessor updateAssetManager, newAssetManager=android.content.res.AssetManager@4321ff4, assets=[/system/framework/framework-res.apk , /product/overlay/FrameworksResCommon_Sys.apk , /product/overlay/FrameworksResCommonQva_Sys.apk , /vendor/overlay/FrameworksResTarget.apk , /product/overlay/FrameworkResource/FrameworksResOverlay.apk , /data/user/0/com.qiyi.video.pad/files/pangle_p/com.byted.pangle/version-5205/apk/base-1.apk , /product/app/webview/webview.apk , /product/overlay/NavigationBarModeGestural/NavigationBarModeGesturalOverlay.apk , /data/app/~~iE79wVvzow8I_bcoNh6ZNA==/com.qiyi.video.pad-kvpTxmfeLYAQ4MOXTunL9Q==/base.apk]
03-28 20:22:25.455 I/Zeus/load( 5265): PluginLoader watcher[load:com.byted.pangle]-makeResources cost=18
03-28 20:22:25.456 I/Zeus/load( 5265): PluginLoader watcher[load:com.byted.pangle]-resolveActivityServices cost=0
03-28 20:22:25.456 I/Zeus/load( 5265): PluginLoader watcher[load:com.byted.pangle]-resolveReceiver cost=0
03-28 20:22:25.456 I/Zeus/load( 5265): PluginLoader watcher[load:com.byted.pangle]-resolveProvider cost=0
03-28 20:22:25.456 I/Zeus/load( 5265): PluginLoader watcher[load:com.byted.pangle]-installProvider cost=0
03-28 20:22:25.477 D/ugc-baseline( 5265): UgcManager initMuses
03-28 20:22:25.478 D/ugc-baseline( 5265): UgcManager initMuses, isArm64: false
03-28 20:22:25.478 D/fingerprint-tag:(2.1.3,0.31.7)-tag:( 5265): 璇峰嬁澶氭鍒濆鍖?
03-28 20:22:25.479 I/Zeus/load( 5265): PluginLoader watcher[load:com.byted.pangle]-makeApplication cost=23
03-28 20:22:25.479 I/Zeus/load( 5265): PluginLoader watcher[loadPlugin:com.byted.pangle]-loadPluginInternal:true cost=167, total=167
03-28 20:22:25.480 W/muses ( 5265): MusesContext MusesContext#bindContext not called by app, use system context fallback
03-28 20:22:25.480 W/muses ( 5265): MusesContext try init MusesContext#appContext by reflect ActivityThread
03-28 20:22:25.480 V/Zeus/reporter( 5265): eventName: load_finish
03-28 20:22:25.480 V/Zeus/reporter( 5265): categoryData:{
03-28 20:22:25.480 V/Zeus/reporter( 5265): "status_code": "41000",
03-28 20:22:25.480 V/Zeus/reporter( 5265): "plugin_package_name": "com.byted.pangle",
03-28 20:22:25.480 V/Zeus/reporter( 5265): "version_code": "5205",
03-28 20:22:25.480 V/Zeus/reporter( 5265): "net_type": "4",
03-28 20:22:25.480 V/Zeus/reporter( 5265): "process_name": "com.qiyi.video.pad",
03-28 20:22:25.480 V/Zeus/reporter( 5265): "plugin_api_version": "4306",
03-28 20:22:25.480 V/Zeus/reporter( 5265): "zeus_sdk_version": "0.0.1-beta.4200.41-pangle"
03-28 20:22:25.480 V/Zeus/reporter( 5265): }
03-28 20:22:25.480 V/Zeus/reporter( 5265): metricData:{
03-28 20:22:25.480 V/Zeus/reporter( 5265): "duration": 167
03-28 20:22:25.480 V/Zeus/reporter( 5265): }
03-28 20:22:25.480 V/Zeus/reporter( 5265): logExtrData:{
03-28 20:22:25.480 V/Zeus/reporter( 5265): "message": "classloader cost:107;makeApplication cost:23;",
03-28 20:22:25.480 V/Zeus/reporter( 5265): "timestamp": "1680006145479"
03-28 20:22:25.480 V/Zeus/reporter( 5265): }
03-28 20:22:25.480 I/Zeus/DefaultReporterImpl( 5265): skip default report
03-28 20:22:25.480 I/Zeus/load( 5265): PluginLoader loadFinished, Plugin{pkg=com.byted.pangle, ver=5205, life=3}
03-28 20:22:25.480 I/Zeus/load( 5265): PluginLoader postResult, LOADED com.byted.pangle
03-28 20:22:25.480 D/muses ( 5265): MusesContext getSystemContext() success from ActivityThread
03-28 20:22:25.489 D/CompatibilityChangeReporter( 5265): Compat change id reported: 149924527; UID 10095; state: ENABLED
03-28 20:22:25.490 D/CompatibilityChangeReporter( 5265): Compat change id reported: 132649864; UID 10095; state: DISABLED
03-28 20:22:25.494 I/CARD_FRAMEWORK( 5265): (null:0) ThemeLoader getCache, name : base_layout, shouldFallback : true
03-28 20:22:25.494 I/CARD_FRAMEWORK( 5265): (null:0) ThemeLoader getCache, name : base_layout, shouldFallback : true, start fallback
03-28 20:22:25.494 I/CARD_FRAMEWORK( 5265): (null:0) ThemeLoader themeInitialization is null = true
03-28 20:22:25.495 I/CARD_FRAMEWORK( 5265): (null:0) ThemeLoader fallbackArray is null = true
03-28 20:22:25.497 D/SoLoader( 5265): init start
03-28 20:22:25.498 D/SoLoader( 5265): adding system library source: /vendor/lib
03-28 20:22:25.498 D/SoLoader( 5265): adding system library source: /system/lib
03-28 20:22:25.499 D/SoLoader( 5265): adding application source: com.facebook.soloader.DirectorySoSource[root = /data/app/~~iE79wVvzow8I_bcoNh6ZNA==/com.qiyi.video.pad-kvpTxmfeLYAQ4MOXTunL9Q==/lib/arm flags = 0]
03-28 20:22:25.499 D/SoLoader( 5265): adding backup source from : com.facebook.soloader.ApkSoSource[root = /data/data/com.qiyi.video.pad/lib-main flags = 1]
03-28 20:22:25.499 D/SoLoader( 5265): Preparing SO source: com.facebook.soloader.DirectorySoSource[root = /system/lib flags = 2]
03-28 20:22:25.499 D/SoLoader( 5265): Preparing SO source: com.facebook.soloader.DirectorySoSource[root = /vendor/lib flags = 2]
03-28 20:22:25.499 D/SoLoader( 5265): Preparing SO source: com.facebook.soloader.DirectorySoSource[root = /data/app/~~iE79wVvzow8I_bcoNh6ZNA==/com.qiyi.video.pad-kvpTxmfeLYAQ4MOXTunL9Q==/lib/arm flags = 0]
03-28 20:22:25.499 D/SoLoader( 5265): Preparing SO source: com.facebook.soloader.ApkSoSource[root = /data/data/com.qiyi.video.pad/lib-main flags = 1]
03-28 20:22:25.502 I/Zeus/init( 5265): ZeusScanRunnable listPluginDownloadDir, dir = /data/user/0/com.qiyi.video.pad/app_tt_pangle_bykv_file/pangle_com.byted.pangle/next
03-28 20:22:25.505 I/Zeus/init( 5265): ZeusScanRunnable listPluginDownloadDir, dir = /storage/emulated/0/Android/data/com.qiyi.video.pad/files/.pangle_d
03-28 20:22:25.509 V/fb-UnpackingSoSource( 5265): locked dso store /data/user/0/com.qiyi.video.pad/lib-main
03-28 20:22:25.511 I/fb-UnpackingSoSource( 5265): dso store is up-to-date: /data/user/0/com.qiyi.video.pad/lib-main
03-28 20:22:25.511 V/fb-UnpackingSoSource( 5265): releasing dso store lock for /data/user/0/com.qiyi.video.pad/lib-main
03-28 20:22:25.511 D/SoLoader( 5265): init finish: 4 SO sources prepared
03-28 20:22:25.511 D/SoLoader( 5265): init exiting
03-28 20:22:25.512 D/SoLoader( 5265): About to load: libcss-layout-manager.so
03-28 20:22:25.512 D/SoLoader( 5265): libcss-layout-manager.so not found on /data/data/com.qiyi.video.pad/lib-main
03-28 20:22:25.512 D/SoLoader( 5265): libcss-layout-manager.so found on /data/app/~~iE79wVvzow8I_bcoNh6ZNA==/com.qiyi.video.pad-kvpTxmfeLYAQ4MOXTunL9Q==/lib/arm
03-28 20:22:25.512 D/SoLoader( 5265): Not resolving dependencies for libcss-layout-manager.so
03-28 20:22:25.515 D/SoLoader( 5265): Loaded: libcss-layout-manager.so
03-28 20:22:25.516 D/TT_AD_SDK( 5265): Create TTAdManager
03-28 20:22:25.539 I/Qiyi_DebugLog( 5265): setIsDebug:false
03-28 20:22:25.539 D/nativieLog( 5265): log file exist = false
03-28 20:22:25.544 W/TelephonyPermissions( 1526): reportAccessDeniedToReadIdentifiers:com.qiyi.video.pad:getSerial:-1
03-28 20:22:25.544 E/CardInit( 5265): CardInitTask_BaseCardApplication.init, CardModulesInitializer 24
03-28 20:22:25.545 E/CardInit( 5265): CardInitTask_BaseCardApplication.init, CardPingbackServiceInitializer 1
03-28 20:22:25.546 W/System.err( 5265): java.security.cert.CertificateException: com.android.org.conscrypt.OpenSSLX509CertificateFactory$ParsingException: com.android.org.conscrypt.OpenSSLX509CertificateFactory$ParsingException: java.lang.RuntimeException: error:0c0000be:ASN.1 encoding routines:OPENSSL_internal:WRONG_TAG
03-28 20:22:25.546 W/System.err( 5265): at com.android.org.conscrypt.OpenSSLX509CertificateFactory.engineGenerateCertificate(OpenSSLX509CertificateFactory.java:311)
03-28 20:22:25.546 W/System.err( 5265): at java.security.cert.CertificateFactory.generateCertificate(CertificateFactory.java:366)
03-28 20:22:25.546 W/System.err( 5265): at org.qiyi.net.toolbox.d.b(Unknown Source:40)
03-28 20:22:25.546 W/System.err( 5265): at org.qiyi.net.toolbox.d.a(Unknown Source:0)
03-28 20:22:25.546 W/System.err( 5265): at org.qiyi.net.toolbox.d.a(Unknown Source:13)
03-28 20:22:25.546 W/System.err( 5265): at com.qiyi.video.launch.tasks.baseapp.j.doTask(Unknown Source:106)
03-28 20:22:25.546 W/System.err( 5265): at org.qiyi.basecore.j.t.a(Unknown Source:21)
03-28 20:22:25.546 W/System.err( 5265): at org.qiyi.basecore.j.t.run(Unknown Source:7)
03-28 20:22:25.546 W/System.err( 5265): at org.qiyi.basecore.j.i.f.run(Unknown Source:182)
03-28 20:22:25.546 W/System.err( 5265): Caused by: com.android.org.conscrypt.OpenSSLX509CertificateFactory$ParsingException: com.android.org.conscrypt.OpenSSLX509CertificateFactory$ParsingException: java.lang.RuntimeException: error:0c0000be:ASN.1 encoding routines:OPENSSL_internal:WRONG_TAG
03-28 20:22:25.546 W/System.err( 5265): at com.android.org.conscrypt.OpenSSLX509CertificateFactory$Parser.generateItem(OpenSSLX509CertificateFactory.java:147)
03-28 20:22:25.546 W/System.err( 5265): at com.android.org.conscrypt.OpenSSLX509CertificateFactory.engineGenerateCertificate(OpenSSLX509CertificateFactory.java:309)
03-28 20:22:25.546 W/System.err( 5265): ... 8 more
03-28 20:22:25.547 W/System.err( 5265): Caused by: com.android.org.conscrypt.OpenSSLX509CertificateFactory$ParsingException: java.lang.RuntimeException: error:0c0000be:ASN.1 encoding routines:OPENSSL_internal:WRONG_TAG
03-28 20:22:25.547 W/System.err( 5265): at com.android.org.conscrypt.OpenSSLX509Certificate.fromX509DerInputStream(OpenSSLX509Certificate.java:103)
03-28 20:22:25.547 W/System.err( 5265): at com.android.org.conscrypt.OpenSSLX509CertificateFactory$1.fromX509DerInputStream(OpenSSLX509CertificateFactory.java:261)
03-28 20:22:25.547 W/System.err( 5265): at com.android.org.conscrypt.OpenSSLX509CertificateFactory$1.fromX509DerInputStream(OpenSSLX509CertificateFactory.java:251)
03-28 20:22:25.547 W/System.err( 5265): at com.android.org.conscrypt.OpenSSLX509CertificateFactory$Parser.generateItem(OpenSSLX509CertificateFactory.java:137)
03-28 20:22:25.547 W/System.err( 5265): ... 9 more
03-28 20:22:25.548 W/System.err( 5265): Caused by: java.lang.RuntimeException: error:0c0000be:ASN.1 encoding routines:OPENSSL_internal:WRONG_TAG
03-28 20:22:25.548 W/System.err( 5265): at com.android.org.conscrypt.NativeCrypto.d2i_X509_bio(Native Method)
03-28 20:22:25.548 W/System.err( 5265): at com.android.org.conscrypt.OpenSSLX509Certificate.fromX509DerInputStream(OpenSSLX509Certificate.java:97)
03-28 20:22:25.548 W/System.err( 5265): ... 12 more
03-28 20:22:25.551 I/truth ( 5265): QT_STATUS:1
03-28 20:22:25.552 I/jvmfix ( 5265): [JvmFixInternal]: enable jvmfix ..
03-28 20:22:25.554 I/jvmfix ( 5265): [JvmFixInternal]: enable jvmfix ..
03-28 20:22:25.554 I/jvmfix ( 5265): [JvmFixInternal]: set sampleRate: 100/100, isEnabled: true
03-28 20:22:25.560 D/muses ( 5265): LoadHighLevelModelAction fetchInfo, try...0
03-28 20:22:25.570 E/CardInit( 5265): CardV3PlayerInitialization, 0
03-28 20:22:25.583 E/QYAR ( 5265): human sdk version = 13.5.5.5
03-28 20:22:25.583 D/muses ( 5265): MusesCoreFileManager postSdkVersions: VersionParams(nle=1.1.48.353, videoAr=1.0.45.273, smileAr=13.5.5.5, qyUpload=null)
03-28 20:22:25.590 E/ImageLoader( 5265): [ImageLoaderInitTask]:FPDomainRpageList: [Ljava.lang.String;@9479ce
03-28 20:22:25.598 W/System.err( 5265): android.content.pm.PackageManager$NameNotFoundException: com.google.android.gms
03-28 20:22:25.598 W/System.err( 5265): at android.app.ApplicationPackageManager.getPackageInfoAsUser(ApplicationPackageManager.java:241)
03-28 20:22:25.598 W/System.err( 5265): at android.app.ApplicationPackageManager.getPackageInfo(ApplicationPackageManager.java:213)
03-28 20:22:25.598 W/System.err( 5265): at org.qiyi.video.util.a.b.f(Unknown Source:7)
03-28 20:22:25.598 W/System.err( 5265): at org.qiyi.video.util.a.b.c(Unknown Source:15)
03-28 20:22:25.598 W/System.err( 5265): at org.qiyi.video.util.a.b.a(Unknown Source:49)
03-28 20:22:25.598 W/System.err( 5265): at org.qiyi.video.DeviceId$1.run(Unknown Source:7)
03-28 20:22:25.599 W/System.err( 5265): at java.util.concurrent.Executors$RunnableAdapter.call(Executors.java:462)
03-28 20:22:25.599 W/System.err( 5265): at java.util.concurrent.FutureTask.run(FutureTask.java:266)
03-28 20:22:25.599 W/System.err( 5265): at java.util.concurrent.ThreadPoolExecutor.runWorker(ThreadPoolExecutor.java:1167)
03-28 20:22:25.599 W/System.err( 5265): at java.util.concurrent.ThreadPoolExecutor$Worker.run(ThreadPoolExecutor.java:641)
03-28 20:22:25.599 W/System.err( 5265): at java.lang.Thread.run(Thread.java:920)
03-28 20:22:25.601 D/MicroService( 2139): getEvent: clientSocket = Socket[address=/192.168.4.4,port=58110,localPort=9999]
03-28 20:22:25.601 D/MicroService( 2139): run: called
03-28 20:22:25.601 D/MicroService( 2139): getEvent: start waiting...
03-28 20:22:25.602 I/MicroService( 2139): getStringByData(noZero): IDCM_HHServer
03-28 20:22:25.602 I/MicroService( 2139): getStringByData(noZero): FSEM_SettingService
03-28 20:22:25.602 I/MicroService( 2139): getStringByData: {
03-28 20:22:25.602 I/MicroService( 2139): "dstService" : "FSEM_SettingService",
03-28 20:22:25.602 I/MicroService( 2139): "messageType" : 0,
03-28 20:22:25.602 I/MicroService( 2139): "methodName" : "syncTime",
03-28 20:22:25.602 I/MicroService( 2139): "parameters" : {
03-28 20:22:25.602 I/MicroService( 2139): "IDCM_Time_12_24" : "24",
03-28 20:22:25.602 I/MicroService( 2139): "IDCM_Timestamp" : 14000,
03-28 20:22:25.602 I/MicroService( 2139): "IDCM_Timezone" : "GMT+08:00"
03-28 20:22:25.602 I/MicroService( 2139): },
03-28 20:22:25.602 I/MicroService( 2139): "srcService" : "IDCM_HHServer",
03-28 20:22:25.602 I/MicroService( 2139): "uuid" : 14523258000
03-28 20:22:25.602 I/MicroService( 2139): }
03-28 20:22:25.602 I/MicroService( 2139): Receive message: SocketMessageBean{businessData='21930', srcService='IDCM_HHServer', destService='FSEM_SettingService', messageType='0', uuid='14523258000', payloadData={
03-28 20:22:25.602 I/MicroService( 2139): "dstService" : "FSEM_SettingService",
03-28 20:22:25.602 I/MicroService( 2139): "messageType" : 0,
03-28 20:22:25.602 I/MicroService( 2139): "methodName" : "syncTime",
03-28 20:22:25.602 I/MicroService( 2139): "parameters" : {
03-28 20:22:25.602 I/MicroService( 2139): "IDCM_Time_12_24" : "24",
03-28 20:22:25.602 I/MicroService( 2139): "IDCM_Timestamp" : 14000,
03-28 20:22:25.602 I/MicroService( 2139): "IDCM_Timezone" : "GMT+08:00"
03-28 20:22:25.602 I/MicroService( 2139): },
03-28 20:22:25.602 I/MicroService( 2139): "srcService" : "IDCM_HHServer",
03-28 20:22:25.602 I/MicroService( 2139): "uuid" : 14523258000
03-28 20:22:25.602 I/MicroService( 2139): }
03-28 20:22:25.602 I/MicroService( 2139): }
03-28 20:22:25.602 I/MicroService( 2139): dealMessage: 0
03-28 20:22:25.602 I/MicroService( 2139): onRequest(syncTime): {"IDCM_Time_12_24":"24","IDCM_Timestamp":14000,"IDCM_Timezone":"GMT+08:00"}
03-28 20:22:25.604 D/ugc-baseline( 5265): UgcManager initMuses, onStateChanged state: LOADING
03-28 20:22:25.609 D/SoLoader( 5265): init exiting
03-28 20:22:25.612 W/Tinker.Tinker( 5265): tinker patch directory: /data/user/0/com.qiyi.video.pad/tinker
03-28 20:22:25.613 I/Tinker.Tinker( 5265): try to install tinker, isEnable: true, version: 1.9.14.18.a
03-28 20:22:25.613 I/Tinker.TinkerLoadResult( 5265): parseTinkerResult loadCode:0, process name:com.qiyi.video.pad, main process:true, systemOTA:false, fingerPrint:TC/figure_CN/figure:12/SKQ1.220201.001/2644:user/test-keys, oatDir:odex, useInterpretMode:false
03-28 20:22:25.613 I/Tinker.TinkerLoadResult( 5265): parseTinkerResult oldVersion:561b14561a8157ccd0306ca2e511f235, newVersion:561b14561a8157ccd0306ca2e511f235, current:561b14561a8157ccd0306ca2e511f235
03-28 20:22:25.613 I/Tinker.TinkerLoadResult( 5265): oh yeah, tinker load all success
03-28 20:22:25.614 I/Tinker.DefaultLoadReporter( 5265): patch loadReporter onLoadResult: patch load result, path:/data/user/0/com.qiyi.video.pad/tinker, code: 0, cost: 214ms
03-28 20:22:25.614 V/Tinker.LoadReporterEx( 5265): Patch version 31 loaded ok!
03-28 20:22:25.636 D/MicroService( 2139): getEvent: clientSocket = Socket[address=/192.168.4.4,port=58112,localPort=9999]
03-28 20:22:25.636 D/MicroService( 2139): run: called
03-28 20:22:25.636 D/MicroService( 2139): getEvent: start waiting...
03-28 20:22:25.636 I/MicroService( 2139): getStringByData(noZero): IDCM_HHServer
03-28 20:22:25.636 I/MicroService( 2139): getStringByData(noZero): FSEM_SettingService
03-28 20:22:25.636 I/MicroService( 2139): getStringByData: {
03-28 20:22:25.636 I/MicroService( 2139): "dstService" : "FSEM_SettingService",
03-28 20:22:25.636 I/MicroService( 2139): "messageType" : 0,
03-28 20:22:25.636 I/MicroService( 2139): "methodName" : "syncTime",
03-28 20:22:25.636 I/MicroService( 2139): "parameters" : {
03-28 20:22:25.636 I/MicroService( 2139): "IDCM_Time_12_24" : "24",
03-28 20:22:25.636 I/MicroService( 2139): "IDCM_Timestamp" : 1668096029000,
03-28 20:22:25.636 I/MicroService( 2139): "IDCM_Timezone" : "GMT+08:00"
03-28 20:22:25.636 I/MicroService( 2139): },
03-28 20:22:25.636 I/MicroService( 2139): "srcService" : "IDCM_HHServer",
03-28 20:22:25.636 I/MicroService( 2139): "uuid" : 1668096029409116000
03-28 20:22:25.636 I/MicroService( 2139): }
03-28 20:22:25.637 I/MicroService( 2139): Receive message: SocketMessageBean{businessData='21930', srcService='IDCM_HHServer', destService='FSEM_SettingService', messageType='0', uuid='1668096029409116000', payloadData={
03-28 20:22:25.637 I/MicroService( 2139): "dstService" : "FSEM_SettingService",
03-28 20:22:25.637 I/MicroService( 2139): "messageType" : 0,
03-28 20:22:25.637 I/MicroService( 2139): "methodName" : "syncTime",
03-28 20:22:25.637 I/MicroService( 2139): "parameters" : {
03-28 20:22:25.637 I/MicroService( 2139): "IDCM_Time_12_24" : "24",
03-28 20:22:25.637 I/MicroService( 2139): "IDCM_Timestamp" : 1668096029000,
03-28 20:22:25.637 I/MicroService( 2139): "IDCM_Timezone" : "GMT+08:00"
03-28 20:22:25.637 I/MicroService( 2139): },
03-28 20:22:25.637 I/MicroService( 2139): "srcService" : "IDCM_HHServer",
03-28 20:22:25.637 I/MicroService( 2139): "uuid" : 1668096029409116000
03-28 20:22:25.637 I/MicroService( 2139): }
03-28 20:22:25.637 I/MicroService( 2139): }
03-28 20:22:25.637 I/MicroService( 2139): dealMessage: 0
03-28 20:22:25.637 I/MicroService( 2139): onRequest(syncTime): {"IDCM_Time_12_24":"24","IDCM_Timestamp":1668096029000,"IDCM_Timezone":"GMT+08:00"}
03-28 20:22:25.659 E/.qiyi.video.pa( 5265): No implementation found for void com.mcto.cupid.CupidJni.jniSetSdkStatus(java.lang.String) (tried Java_com_mcto_cupid_CupidJni_jniSetSdkStatus and Java_com_mcto_cupid_CupidJni_jniSetSdkStatus__Ljava_lang_String_2)
03-28 20:22:25.663 W/bytehook_tag( 5265): bytehook init, mode 1, debug 0, return 0
03-28 20:22:25.663 I/xutils ( 5265): [xUtilsInternal]: xutils loaded, bytehook init ok
03-28 20:22:25.665 E/[CUPID]014( 5265): setSdkStatus called failed.
03-28 20:22:25.666 E/.qiyi.video.pa( 5265): No implementation found for void com.mcto.cupid.CupidJni.jniSetSdkStatus(java.lang.String) (tried Java_com_mcto_cupid_CupidJni_jniSetSdkStatus and Java_com_mcto_cupid_CupidJni_jniSetSdkStatus__Ljava_lang_String_2)
03-28 20:22:25.666 E/[CUPID]014( 5265): setSdkStatus called failed.
03-28 20:22:25.672 D/TMTracker( 5265): initWithoutPermission.ReactTask#end
03-28 20:22:25.672 D/TMTracker( 5265): initWithoutPermission.startQiyiChannel#start
03-28 20:22:25.675 D/TMTracker( 5265): initWithoutPermission.startQiyiChannel#end
03-28 20:22:25.675 D/TMTracker( 5265): initWithoutPermission#end
03-28 20:22:25.675 D/TMTracker( 5265): app.onCreate#end
03-28 20:22:25.677 W/Looper ( 5265): Loop again would have the queued messages be executed before this one completed.
03-28 20:22:25.679 W/ActivityManager( 1526): Background start not allowed: service Intent { cmp=com.qiyi.video.pad/org.qiyi.pluginlibrary.pm.PluginPackageManagerService } to com.qiyi.video.pad/org.qiyi.pluginlibrary.pm.PluginPackageManagerService from pid=5265 uid=10095 pkg=com.qiyi.video.pad startFg?=false
03-28 20:22:25.682 W/ActivityManager( 1526): Background start not allowed: service Intent { cmp=com.qiyi.video.pad/org.qiyi.android.plugin.ipc.IPCService0 (has extras) } to com.qiyi.video.pad/org.qiyi.android.plugin.ipc.IPCService0 from pid=5265 uid=10095 pkg=com.qiyi.video.pad startFg?=false
03-28 20:22:25.682 W/System.err( 5265): android.app.BackgroundServiceStartNotAllowedException: Not allowed to start service Intent { cmp=com.qiyi.video.pad/org.qiyi.android.plugin.ipc.IPCService0 (has extras) }: app is in background uid UidRecord{532e007 u0a95 SVC idle procs:0 seq(0,0,0)}
03-28 20:22:25.682 W/System.err( 5265): at android.app.ContextImpl.startServiceCommon(ContextImpl.java:1861)
03-28 20:22:25.682 W/System.err( 5265): at android.app.ContextImpl.startService(ContextImpl.java:1817)
03-28 20:22:25.682 W/System.err( 5265): at android.content.ContextWrapper.startService(ContextWrapper.java:774)
