03-28 20:22:22.624 D/MicroService( 2139): getEvent: clientSocket = Socket[address=/192.168.4.4,port=58090,localPort=9999]
03-28 20:22:22.625 D/MicroService( 2139): run: called
03-28 20:22:22.625 D/MicroService( 2139): getEvent: start waiting...
03-28 20:22:22.627 I/MicroService( 2139): getStringByData(noZero): IDCM_HHServer
03-28 20:22:22.627 I/MicroService( 2139): getStringByData(noZero): FSEM_SettingService
03-28 20:22:22.627 I/MicroService( 2139): getStringByData: {
03-28 20:22:22.627 I/MicroService( 2139): "dstService" : "FSEM_SettingService",
03-28 20:22:22.627 I/MicroService( 2139): "messageType" : 0,
03-28 20:22:22.627 I/MicroService( 2139): "methodName" : "syncTime",
03-28 20:22:22.627 I/MicroService( 2139): "parameters" : {
03-28 20:22:22.627 I/MicroService( 2139): "IDCM_Time_12_24" : "24",
03-28 20:22:22.627 I/MicroService( 2139): "IDCM_Timestamp" : 1668096026000,
03-28 20:22:22.627 I/MicroService( 2139): "IDCM_Timezone" : "GMT+08:00"
03-28 20:22:22.627 I/MicroService( 2139): },
03-28 20:22:22.627 I/MicroService( 2139): "srcService" : "IDCM_HHServer",
03-28 20:22:22.627 I/MicroService( 2139): "uuid" : 1668096026899330000
03-28 20:22:22.627 I/MicroService( 2139): }
03-28 20:22:22.627 I/MicroService( 2139): Receive message: SocketMessageBean{businessData='21930', srcService='IDCM_HHServer', destService='FSEM_SettingService', messageType='0', uuid='1668096026899330000', payloadData={
03-28 20:22:22.627 I/MicroService( 2139): "dstService" : "FSEM_SettingService",
03-28 20:22:22.627 I/MicroService( 2139): "messageType" : 0,
03-28 20:22:22.627 I/MicroService( 2139): "methodName" : "syncTime",
03-28 20:22:22.627 I/MicroService( 2139): "parameters" : {
03-28 20:22:22.627 I/MicroService( 2139): "IDCM_Time_12_24" : "24",
03-28 20:22:22.627 I/MicroService( 2139): "IDCM_Timestamp" : 1668096026000,
03-28 20:22:22.627 I/MicroService( 2139): "IDCM_Timezone" : "GMT+08:00"
03-28 20:22:22.627 I/MicroService( 2139): },
03-28 20:22:22.627 I/MicroService( 2139): "srcService" : "IDCM_HHServer",
03-28 20:22:22.627 I/MicroService( 2139): "uuid" : 1668096026899330000
03-28 20:22:22.627 I/MicroService( 2139): }
03-28 20:22:22.627 I/MicroService( 2139): }
03-28 20:22:22.628 I/MicroService( 2139): dealMessage: 0
03-28 20:22:22.628 I/MicroService( 2139): onRequest(syncTime): {"IDCM_Time_12_24":"24","IDCM_Timestamp":1668096026000,"IDCM_Timezone":"GMT+08:00"}
03-28 20:22:22.761 I/mpu_uart( 644): [MSG-P:RECV]:No message received in 1000 ms
03-28 20:22:22.815 I/auditd ( 2764): type=1400 audit(0.0:2530501): avc: denied { read } for comm="event_loop" lport=13400 scontext=u:r:hht_ota_mgr:s0 tcontext=u:r:hht_ota_mgr:s0 tclass=udp_socket permissive=0
03-28 20:22:22.815 W/event_loop( 2764): type=1400 audit(0.0:2530501): avc: denied { read } for lport=13400 scontext=u:r:hht_ota_mgr:s0 tcontext=u:r:hht_ota_mgr:s0 tclass=udp_socket permissive=0
03-28 20:22:22.815 I/auditd ( 2764): type=1400 audit(0.0:2530502): avc: denied { read } for comm="event_loop" lport=13400 scontext=u:r:hht_ota_mgr:s0 tcontext=u:r:hht_ota_mgr:s0 tclass=udp_socket permissive=0
03-28 20:22:22.815 W/event_loop( 2764): type=1400 audit(0.0:2530502): avc: denied { read } for lport=13400 scontext=u:r:hht_ota_mgr:s0 tcontext=u:r:hht_ota_mgr:s0 tclass=udp_socket permissive=0
03-28 20:22:22.815 I/auditd ( 2764): type=1400 audit(0.0:2530503): avc: denied { read } for comm="event_loop" lport=13400 scontext=u:r:hht_ota_mgr:s0 tcontext=u:r:hht_ota_mgr:s0 tclass=udp_socket permissive=0
03-28 20:22:22.815 W/event_loop( 2764): type=1400 audit(0.0:2530503): avc: denied { read } for lport=13400 scontext=u:r:hht_ota_mgr:s0 tcontext=u:r:hht_ota_mgr:s0 tclass=udp_socket permissive=0
03-28 20:22:22.815 I/auditd ( 2764): type=1400 audit(0.0:2530504): avc: denied { read } for comm="event_loop" lport=13400 scontext=u:r:hht_ota_mgr:s0 tcontext=u:r:hht_ota_mgr:s0 tclass=udp_socket permissive=0
03-28 20:22:22.815 W/event_loop( 2764): type=1400 audit(0.0:2530504): avc: denied { read } for lport=13400 scontext=u:r:hht_ota_mgr:s0 tcontext=u:r:hht_ota_mgr:s0 tclass=udp_socket permissive=0
03-28 20:22:22.815 I/auditd ( 2764): type=1400 audit(0.0:2530505): avc: denied { read } for comm="event_loop" lport=13400 scontext=u:r:hht_ota_mgr:s0 tcontext=u:r:hht_ota_mgr:s0 tclass=udp_socket permissive=0
03-28 20:22:22.815 W/event_loop( 2764): type=1400 audit(0.0:2530505): avc: denied { read } for lport=13400 scontext=u:r:hht_ota_mgr:s0 tcontext=u:r:hht_ota_mgr:s0 tclass=udp_socket permissive=0
11-11 00:10:23.561 W/audit ( 0): audit_lost=2530903 audit_rate_limit=5 audit_backlog_limit=64
11-11 00:10:23.561 E/audit ( 0): rate limit exceeded
03-28 20:22:22.875 D/MicroService( 2139): getEvent: clientSocket = Socket[address=/192.168.4.4,port=58092,localPort=9999]
03-28 20:22:22.875 D/MicroService( 2139): run: called
03-28 20:22:22.875 D/MicroService( 2139): getEvent: start waiting...
03-28 20:22:22.876 I/MicroService( 2139): getStringByData(noZero): IDCM_HHServer
03-28 20:22:22.876 I/MicroService( 2139): getStringByData(noZero): FSEM_SettingService
03-28 20:22:22.876 I/MicroService( 2139): getStringByData: {
03-28 20:22:22.876 I/MicroService( 2139): "dstService" : "FSEM_SettingService",
03-28 20:22:22.876 I/MicroService( 2139): "messageType" : 0,
03-28 20:22:22.876 I/MicroService( 2139): "methodName" : "syncTime",
03-28 20:22:22.876 I/MicroService( 2139): "parameters" : {
03-28 20:22:22.876 I/MicroService( 2139): "IDCM_Time_12_24" : "24",
03-28 20:22:22.876 I/MicroService( 2139): "IDCM_Timestamp" : 14000,
03-28 20:22:22.876 I/MicroService( 2139): "IDCM_Timezone" : "GMT+08:00"
03-28 20:22:22.876 I/MicroService( 2139): },
03-28 20:22:22.876 I/MicroService( 2139): "srcService" : "IDCM_HHServer",
03-28 20:22:22.876 I/MicroService( 2139): "uuid" : 14523258000
03-28 20:22:22.876 I/MicroService( 2139): }
03-28 20:22:22.876 I/MicroService( 2139): Receive message: SocketMessageBean{businessData='21930', srcService='IDCM_HHServer', destService='FSEM_SettingService', messageType='0', uuid='14523258000', payloadData={
03-28 20:22:22.876 I/MicroService( 2139): "dstService" : "FSEM_SettingService",
03-28 20:22:22.876 I/MicroService( 2139): "messageType" : 0,
03-28 20:22:22.876 I/MicroService( 2139): "methodName" : "syncTime",
03-28 20:22:22.876 I/MicroService( 2139): "parameters" : {
03-28 20:22:22.876 I/MicroService( 2139): "IDCM_Time_12_24" : "24",
03-28 20:22:22.876 I/MicroService( 2139): "IDCM_Timestamp" : 14000,
03-28 20:22:22.876 I/MicroService( 2139): "IDCM_Timezone" : "GMT+08:00"
03-28 20:22:22.876 I/MicroService( 2139): },
03-28 20:22:22.876 I/MicroService( 2139): "srcService" : "IDCM_HHServer",
03-28 20:22:22.876 I/MicroService( 2139): "uuid" : 14523258000
03-28 20:22:22.876 I/MicroService( 2139): }
03-28 20:22:22.876 I/MicroService( 2139): }
03-28 20:22:22.876 I/MicroService( 2139): dealMessage: 0
03-28 20:22:22.877 I/MicroService( 2139): onRequest(syncTime): {"IDCM_Time_12_24":"24","IDCM_Timestamp":14000,"IDCM_Timezone":"GMT+08:00"}
03-28 20:22:23.018 I/mpu_uart( 644): [MSG-P:R]:recv sync frame timeout
03-28 20:22:23.187 D/MicroService( 2139): getEvent: clientSocket = Socket[address=/192.168.4.4,port=58094,localPort=9999]
03-28 20:22:23.188 D/MicroService( 2139): run: called
03-28 20:22:23.188 D/MicroService( 2139): getEvent: start waiting...
03-28 20:22:23.189 I/MicroService( 2139): getStringByData(noZero): IDCM_HHServer
03-28 20:22:23.189 I/MicroService( 2139): getStringByData(noZero): FSEM_SettingService
03-28 20:22:23.189 I/MicroService( 2139): getStringByData: {
03-28 20:22:23.189 I/MicroService( 2139): "dstService" : "FSEM_SettingService",
03-28 20:22:23.189 I/MicroService( 2139): "messageType" : 0,
03-28 20:22:23.189 I/MicroService( 2139): "methodName" : "syncTime",
03-28 20:22:23.189 I/MicroService( 2139): "parameters" : {
03-28 20:22:23.189 I/MicroService( 2139): "IDCM_Time_12_24" : "24",
03-28 20:22:23.189 I/MicroService( 2139): "IDCM_Timestamp" : 14000,
03-28 20:22:23.189 I/MicroService( 2139): "IDCM_Timezone" : "GMT+08:00"
03-28 20:22:23.189 I/MicroService( 2139): },
03-28 20:22:23.189 I/MicroService( 2139): "srcService" : "IDCM_HHServer",
03-28 20:22:23.189 I/MicroService( 2139): "uuid" : 14523258000
03-28 20:22:23.189 I/MicroService( 2139): }
03-28 20:22:23.189 I/MicroService( 2139): Receive message: SocketMessageBean{businessData='21930', srcService='IDCM_HHServer', destService='FSEM_SettingService', messageType='0', uuid='14523258000', payloadData={
03-28 20:22:23.189 I/MicroService( 2139): "dstService" : "FSEM_SettingService",
03-28 20:22:23.189 I/MicroService( 2139): "messageType" : 0,
03-28 20:22:23.189 I/MicroService( 2139): "methodName" : "syncTime",
03-28 20:22:23.189 I/MicroService( 2139): "parameters" : {
03-28 20:22:23.189 I/MicroService( 2139): "IDCM_Time_12_24" : "24",
03-28 20:22:23.189 I/MicroService( 2139): "IDCM_Timestamp" : 14000,
03-28 20:22:23.189 I/MicroService( 2139): "IDCM_Timezone" : "GMT+08:00"
03-28 20:22:23.189 I/MicroService( 2139): },
03-28 20:22:23.189 I/MicroService( 2139): "srcService" : "IDCM_HHServer",
03-28 20:22:23.189 I/MicroService( 2139): "uuid" : 14523258000
03-28 20:22:23.189 I/MicroService( 2139): }
03-28 20:22:23.189 I/MicroService( 2139): }
03-28 20:22:23.189 I/MicroService( 2139): dealMessage: 0
03-28 20:22:23.189 I/MicroService( 2139): onRequest(syncTime): {"IDCM_Time_12_24":"24","IDCM_Timestamp":14000,"IDCM_Timezone":"GMT+08:00"}
03-28 20:22:23.274 D/MicroSettings: SetTimeAction( 2156): current timestamp: 1680006143274
03-28 20:22:23.274 D/MicroSettings: SetTimeAction( 2156): setTime: 14000
03-28 20:22:23.275 D/AlarmManagerService( 1526): Setting time of day to sec=14
03-28 20:22:23.275 W/AlarmManagerService( 1526): Unable to set rtc to 14: Invalid argument
03-28 20:22:23.449 I/OpenGLRenderer( 3511): Davey! duration=9223371667405ms; Flags=0, FrameTimelineVsyncId=3725, IntendedVsync=369449548213, Vsync=369449548213, InputEventId=0, HandleInputStart=369450402253, AnimationStart=369450406472, PerformTraversalsStart=369450409232, DrawStart=369451523347, FrameDeadline=369482881545, FrameInterval=369450391315, FrameStartTime=16666666, SyncQueued=369452257826, SyncStart=369452407930, IssueDrawCommandsStart=369453218555, SwapBuffers=369459695534, FrameCompleted=9223372036854775807, DequeueBufferDuration=42032, QueueBufferDuration=1156458, GpuCompleted=9223372036854775807, SwapBuffersCompleted=369461541055, DisplayPresentTime=0,
03-28 20:22:23.470 D/MicroService( 2139): getEvent: clientSocket = Socket[address=/192.168.4.4,port=58096,localPort=9999]
03-28 20:22:23.471 D/MicroService( 2139): run: called
03-28 20:22:23.471 D/MicroService( 2139): getEvent: start waiting...
03-28 20:22:23.474 I/MicroService( 2139): getStringByData(noZero): IDCM_HHServer
03-28 20:22:23.474 I/MicroService( 2139): getStringByData(noZero): FSEM_SettingService
03-28 20:22:23.474 I/MicroService( 2139): getStringByData: {
03-28 20:22:23.474 I/MicroService( 2139): "dstService" : "FSEM_SettingService",
03-28 20:22:23.474 I/MicroService( 2139): "messageType" : 0,
03-28 20:22:23.474 I/MicroService( 2139): "methodName" : "syncTime",
03-28 20:22:23.474 I/MicroService( 2139): "parameters" : {
03-28 20:22:23.474 I/MicroService( 2139): "IDCM_Time_12_24" : "24",
03-28 20:22:23.474 I/MicroService( 2139): "IDCM_Timestamp" : 14000,
03-28 20:22:23.474 I/MicroService( 2139): "IDCM_Timezone" : "GMT+08:00"
03-28 20:22:23.474 I/MicroService( 2139): },
03-28 20:22:23.474 I/MicroService( 2139): "srcService" : "IDCM_HHServer",
03-28 20:22:23.474 I/MicroService( 2139): "uuid" : 14523258000
03-28 20:22:23.474 I/MicroService( 2139): }
03-28 20:22:23.474 I/MicroService( 2139): Receive message: SocketMessageBean{businessData='21930', srcService='IDCM_HHServer', destService='FSEM_SettingService', messageType='0', uuid='14523258000', payloadData={
03-28 20:22:23.474 I/MicroService( 2139): "dstService" : "FSEM_SettingService",
03-28 20:22:23.474 I/MicroService( 2139): "messageType" : 0,
03-28 20:22:23.474 I/MicroService( 2139): "methodName" : "syncTime",
03-28 20:22:23.474 I/MicroService( 2139): "parameters" : {
03-28 20:22:23.474 I/MicroService( 2139): "IDCM_Time_12_24" : "24",
03-28 20:22:23.474 I/MicroService( 2139): "IDCM_Timestamp" : 14000,
03-28 20:22:23.474 I/MicroService( 2139): "IDCM_Timezone" : "GMT+08:00"
03-28 20:22:23.474 I/MicroService( 2139): },
03-28 20:22:23.474 I/MicroService( 2139): "srcService" : "IDCM_HHServer",
03-28 20:22:23.474 I/MicroService( 2139): "uuid" : 14523258000
03-28 20:22:23.474 I/MicroService( 2139): }
03-28 20:22:23.474 I/MicroService( 2139): }
03-28 20:22:23.474 I/MicroService( 2139): dealMessage: 0
03-28 20:22:23.475 I/MicroService( 2139): onRequest(syncTime): {"IDCM_Time_12_24":"24","IDCM_Timestamp":14000,"IDCM_Timezone":"GMT+08:00"}
03-28 20:22:23.761 I/mpu_uart( 644): [MSG-P:RECV]:No message received in 1000 ms
03-28 20:22:23.771 D/MicroService( 2139): getEvent: clientSocket = Socket[address=/192.168.4.4,port=58098,localPort=9999]
03-28 20:22:23.772 D/MicroService( 2139): run: called
03-28 20:22:23.772 D/MicroService( 2139): getEvent: start waiting...
03-28 20:22:23.775 I/MicroService( 2139): getStringByData(noZero): IDCM_HHServer
03-28 20:22:23.775 I/MicroService( 2139): getStringByData(noZero): FSEM_SettingService
03-28 20:22:23.775 I/MicroService( 2139): getStringByData: {
03-28 20:22:23.775 I/MicroService( 2139): "dstService" : "FSEM_SettingService",
03-28 20:22:23.775 I/MicroService( 2139): "messageType" : 0,
03-28 20:22:23.775 I/MicroService( 2139): "methodName" : "syncTime",
03-28 20:22:23.775 I/MicroService( 2139): "parameters" : {
03-28 20:22:23.775 I/MicroService( 2139): "IDCM_Time_12_24" : "24",
03-28 20:22:23.775 I/MicroService( 2139): "IDCM_Timestamp" : 14000,
03-28 20:22:23.775 I/MicroService( 2139): "IDCM_Timezone" : "GMT+08:00"
03-28 20:22:23.775 I/MicroService( 2139): },
03-28 20:22:23.775 I/MicroService( 2139): "srcService" : "IDCM_HHServer",
03-28 20:22:23.775 I/MicroService( 2139): "uuid" : 14523258000
03-28 20:22:23.775 I/MicroService( 2139): }
03-28 20:22:23.775 I/MicroService( 2139): Receive message: SocketMessageBean{businessData='21930', srcService='IDCM_HHServer', destService='FSEM_SettingService', messageType='0', uuid='14523258000', payloadData={
03-28 20:22:23.775 I/MicroService( 2139): "dstService" : "FSEM_SettingService",
03-28 20:22:23.775 I/MicroService( 2139): "messageType" : 0,
03-28 20:22:23.775 I/MicroService( 2139): "methodName" : "syncTime",
03-28 20:22:23.775 I/MicroService( 2139): "parameters" : {
03-28 20:22:23.775 I/MicroService( 2139): "IDCM_Time_12_24" : "24",
03-28 20:22:23.775 I/MicroService( 2139): "IDCM_Timestamp" : 14000,
03-28 20:22:23.775 I/MicroService( 2139): "IDCM_Timezone" : "GMT+08:00"
03-28 20:22:23.775 I/MicroService( 2139): },
03-28 20:22:23.775 I/MicroService( 2139): "srcService" : "IDCM_HHServer",
03-28 20:22:23.775 I/MicroService( 2139): "uuid" : 14523258000
03-28 20:22:23.775 I/MicroService( 2139): }
03-28 20:22:23.775 I/MicroService( 2139): }
03-28 20:22:23.775 I/MicroService( 2139): dealMessage: 0
03-28 20:22:23.775 I/MicroService( 2139): onRequest(syncTime): {"IDCM_Time_12_24":"24","IDCM_Timestamp":14000,"IDCM_Timezone":"GMT+08:00"}
03-28 20:22:23.819 I/auditd ( 2764): type=1400 audit(0.0:2786485): avc: denied { read } for comm="event_loop" lport=13400 scontext=u:r:hht_ota_mgr:s0 tcontext=u:r:hht_ota_mgr:s0 tclass=udp_socket permissive=0
03-28 20:22:23.819 W/event_loop( 2764): type=1400 audit(0.0:2786485): avc: denied { read } for lport=13400 scontext=u:r:hht_ota_mgr:s0 tcontext=u:r:hht_ota_mgr:s0 tclass=udp_socket permissive=0
03-28 20:22:23.819 I/auditd ( 2764): type=1400 audit(0.0:2786486): avc: denied { read } for comm="event_loop" lport=13400 scontext=u:r:hht_ota_mgr:s0 tcontext=u:r:hht_ota_mgr:s0 tclass=udp_socket permissive=0
03-28 20:22:23.819 W/event_loop( 2764): type=1400 audit(0.0:2786486): avc: denied { read } for lport=13400 scontext=u:r:hht_ota_mgr:s0 tcontext=u:r:hht_ota_mgr:s0 tclass=udp_socket permissive=0
03-28 20:22:23.819 I/auditd ( 2764): type=1400 audit(0.0:2786487): avc: denied { read } for comm="event_loop" lport=13400 scontext=u:r:hht_ota_mgr:s0 tcontext=u:r:hht_ota_mgr:s0 tclass=udp_socket permissive=0
03-28 20:22:23.819 W/event_loop( 2764): type=1400 audit(0.0:2786487): avc: denied { read } for lport=13400 scontext=u:r:hht_ota_mgr:s0 tcontext=u:r:hht_ota_mgr:s0 tclass=udp_socket permissive=0
03-28 20:22:23.819 I/auditd ( 2764): type=1400 audit(0.0:2786488): avc: denied { read } for comm="event_loop" lport=13400 scontext=u:r:hht_ota_mgr:s0 tcontext=u:r:hht_ota_mgr:s0 tclass=udp_socket permissive=0
03-28 20:22:23.819 W/event_loop( 2764): type=1400 audit(0.0:2786488): avc: denied { read } for lport=13400 scontext=u:r:hht_ota_mgr:s0 tcontext=u:r:hht_ota_mgr:s0 tclass=udp_socket permissive=0
03-28 20:22:23.819 I/auditd ( 2764): type=1400 audit(0.0:2786489): avc: denied { read } for comm="event_loop" lport=13400 scontext=u:r:hht_ota_mgr:s0 tcontext=u:r:hht_ota_mgr:s0 tclass=udp_socket permissive=0
03-28 20:22:23.819 W/event_loop( 2764): type=1400 audit(0.0:2786489): avc: denied { read } for lport=13400 scontext=u:r:hht_ota_mgr:s0 tcontext=u:r:hht_ota_mgr:s0 tclass=udp_socket permissive=0
11-11 00:10:24.565 W/audit ( 0): audit_lost=2786858 audit_rate_limit=5 audit_backlog_limit=64
11-11 00:10:24.565 E/audit ( 0): rate limit exceeded
03-28 20:22:23.833 I/OpenGLRenderer( 3511): Davey! duration=9223371667020ms; Flags=0, FrameTimelineVsyncId=3731, IntendedVsync=369833798237, Vsync=369833798237, InputEventId=0, HandleInputStart=369834708399, AnimationStart=369834712044, PerformTraversalsStart=369834714701, DrawStart=369835700690, FrameDeadline=369867131569, FrameInterval=369834697305, FrameStartTime=16666666, SyncQueued=369836406159, SyncStart=369836562930, IssueDrawCommandsStart=369837397461, SwapBuffers=369843603972, FrameCompleted=9223372036854775807, DequeueBufferDuration=44739, QueueBufferDuration=1289167, GpuCompleted=9223372036854775807, SwapBuffersCompleted=369845594701, DisplayPresentTime=0,
03-28 20:22:24.093 D/MicroService( 2139): getEvent: clientSocket = Socket[address=/192.168.4.4,port=58100,localPort=9999]
03-28 20:22:24.094 D/MicroService( 2139): run: called
03-28 20:22:24.094 D/MicroService( 2139): getEvent: start waiting...
03-28 20:22:24.094 I/MicroService( 2139): getStringByData(noZero): IDCM_HHServer
03-28 20:22:24.094 I/MicroService( 2139): getStringByData(noZero): FSEM_SettingService
03-28 20:22:24.095 I/MicroService( 2139): getStringByData: {
03-28 20:22:24.095 I/MicroService( 2139): "dstService" : "FSEM_SettingService",
03-28 20:22:24.095 I/MicroService( 2139): "messageType" : 0,
03-28 20:22:24.095 I/MicroService( 2139): "methodName" : "syncTime",
03-28 20:22:24.095 I/MicroService( 2139): "parameters" : {
03-28 20:22:24.095 I/MicroService( 2139): "IDCM_Time_12_24" : "24",
03-28 20:22:24.095 I/MicroService( 2139): "IDCM_Timestamp" : 14000,
03-28 20:22:24.095 I/MicroService( 2139): "IDCM_Timezone" : "GMT+08:00"
03-28 20:22:24.095 I/MicroService( 2139): },
03-28 20:22:24.095 I/MicroService( 2139): "srcService" : "IDCM_HHServer",
03-28 20:22:24.095 I/MicroService( 2139): "uuid" : 14523258000
03-28 20:22:24.095 I/MicroService( 2139): }
03-28 20:22:24.097 I/MicroService( 2139): Receive message: SocketMessageBean{businessData='21930', srcService='IDCM_HHServer', destService='FSEM_SettingService', messageType='0', uuid='14523258000', payloadData={
03-28 20:22:24.097 I/MicroService( 2139): "dstService" : "FSEM_SettingService",
03-28 20:22:24.097 I/MicroService( 2139): "messageType" : 0,
03-28 20:22:24.097 I/MicroService( 2139): "methodName" : "syncTime",
03-28 20:22:24.097 I/MicroService( 2139): "parameters" : {
03-28 20:22:24.097 I/MicroService( 2139): "IDCM_Time_12_24" : "24",
03-28 20:22:24.097 I/MicroService( 2139): "IDCM_Timestamp" : 14000,
03-28 20:22:24.097 I/MicroService( 2139): "IDCM_Timezone" : "GMT+08:00"
03-28 20:22:24.097 I/MicroService( 2139): },
03-28 20:22:24.097 I/MicroService( 2139): "srcService" : "IDCM_HHServer",
03-28 20:22:24.097 I/MicroService( 2139): "uuid" : 14523258000
03-28 20:22:24.097 I/MicroService( 2139): }
03-28 20:22:24.097 I/MicroService( 2139): }
03-28 20:22:24.097 I/MicroService( 2139): dealMessage: 0
03-28 20:22:24.097 I/MicroService( 2139): onRequest(syncTime): {"IDCM_Time_12_24":"24","IDCM_Timestamp":14000,"IDCM_Timezone":"GMT+08:00"}
03-28 20:22:24.191 D/audio_hw_primary( 796): copl(0xf280c970):out of compress_wait
03-28 20:22:24.194 D/audio_hw_primary( 796): No space available in compress driver, post msg to cb thread
03-28 20:22:24.194 D/audio_hw_primary( 796): copl(0xf280c970):calling compress_wait
03-28 20:22:24.281 W/ContextImpl( 2156): Calling a method in the system process without a qualified user: android.app.ContextImpl.sendBroadcast:1173 android.content.ContextWrapper.sendBroadcast:479 com.thundercomm.microsettings.action.SetTimeAction.timeUpdated:212 com.thundercomm.microsettings.action.SetTimeAction.update24HourFormat:194 com.thundercomm.microsettings.action.SetTimeAction.doActualAction:154
03-28 20:22:24.287 D/MicroSettings: ITCMicroCommonCallback( 2156): get request method = syncTime parameters = {"IDCM_Time_12_24":"24","IDCM_Timestamp":14000,"IDCM_Timezone":"GMT+08:00"}
03-28 20:22:24.288 D/AlarmManagerService( 1526): Kernel timezone updated to -480 minutes west of GMT
03-28 20:22:24.288 D/MicroSettings: SetTimeAction( 2156): setTimezone: Asia/Shanghai
03-28 20:22:24.290 D/AlarmManagerService( 1526): Kernel timezone updated to -480 minutes west of GMT
03-28 20:22:24.296 D/DevicePolicyManager( 1526): updateSystemUpdateFreezePeriodsRecord
03-28 20:22:24.297 W/SyncManager( 1526): Clock is valid now.
03-28 20:22:24.297 D/KeyguardUpdateMonitor( 2000): received broadcast android.intent.action.TIME_SET
03-28 20:22:24.297 D/ConditionProviders.SCP( 1526): onReceive android.intent.action.TIME_SET
03-28 20:22:24.297 D/KeyguardUpdateMonitor( 2000): handleTimeUpdate
03-28 20:22:24.298 D/ConditionProviders.SCP( 1526): evaluateSubscriptionLocked cal=ScheduleCalendar[mDays={1, 2, 3, 4, 5, 6, 7}, mSchedule=ScheduleInfo{days=[1, 2, 3, 4, 5, 6, 7], startHour=22, startMinute=0, endHour=7, endMinute=0, exitAtAlarm=true, nextAlarm=Thu Jan 01 08:00:00 GMT+08:00 1970 (0)}], now=Tue Mar 28 20:22:24 GMT+08:00 2023 (1680006144297), nextUserAlarmTime=Thu Jan 01 08:00:00 GMT+08:00 1970 (0)
03-28 20:22:24.298 D/ConditionProviders.SCP( 1526): notifyCondition condition://android/schedule?days=1.2.3.4.5.6.7&start=22.0&end=7.0&exitAtAlarm=true STATE_FALSE reason=!meetsSchedule
03-28 20:22:24.299 D/ConditionProviders.SCP( 1526): Scheduling evaluate for Tue Mar 28 22:00:00 GMT+08:00 2023 (1680012000000), in +1h37m35s703ms, now=Tue Mar 28 20:22:24 GMT+08:00 2023 (1680006144297)
03-28 20:22:24.300 D/IconProvider( 2527): onReceive: android.intent.action.TIME_SET
03-28 20:22:24.301 I/am_uid_running( 1526): 10058
03-28 20:22:24.301 D/OsAgent ( 2639): [time_change_update][3164] [HC] =>> [HS]
03-28 20:22:24.301 D/IconProvider( 2527): onReceive: android.intent.action.TIME_SET
03-28 20:22:24.302 V/LocSvc_HIDL_IzatSubscription( 809): [timeChangeUpdate][645] [HS] <<<<= [HC]
03-28 20:22:24.302 D/CompatibilityChangeReporter( 1526): Compat change id reported: 135634846; UID 10058; state: DISABLED
03-28 20:22:24.302 D/CompatibilityChangeReporter( 1526): Compat change id reported: 177438394; UID 10058; state: DISABLED
03-28 20:22:24.302 D/CompatibilityChangeReporter( 1526): Compat change id reported: 135772972; UID 10058; state: DISABLED
03-28 20:22:24.303 D/BaseModelUpdateTask( 2527): BaseModelUpdateTask constructor
03-28 20:22:24.303 D/BaseModelUpdateTask( 2527): java.lang.Exception
03-28 20:22:24.303 D/BaseModelUpdateTask( 2527): at com.android.launcher3.model.BaseModelUpdateTask.(BaseModelUpdateTask.java:57)
03-28 20:22:24.303 D/BaseModelUpdateTask( 2527): at com.android.launcher3.model.PackageUpdatedTask.(PackageUpdatedTask.java:88)
03-28 20:22:24.303 D/BaseModelUpdateTask( 2527): at com.android.launcher3.LauncherModel.onPackageChanged(LauncherModel.java:156)
03-28 20:22:24.303 D/BaseModelUpdateTask( 2527): at com.android.launcher3.LauncherModel.onAppIconChanged(LauncherModel.java:226)
03-28 20:22:24.303 D/BaseModelUpdateTask( 2527): at com.android.launcher3.LauncherAppState$IconObserver.onAppIconChanged(LauncherAppState.java:206)
03-28 20:22:24.303 D/BaseModelUpdateTask( 2527): at com.android.launcher3.icons.IconProvider$IconChangeReceiver.onReceive(IconProvider.java:371)
03-28 20:22:24.303 D/BaseModelUpdateTask( 2527): at android.app.LoadedApk$ReceiverDispatcher$Args.lambda$getRunnable$0$LoadedApk$ReceiverDispatcher$Args(LoadedApk.java:1679)
03-28 20:22:24.303 D/BaseModelUpdateTask( 2527): at android.app.LoadedApk$ReceiverDispatcher$Args$$ExternalSyntheticLambda0.run(Unknown Source:2)
03-28 20:22:24.303 D/BaseModelUpdateTask( 2527): at android.os.Handler.handleCallback(Handler.java:938)
03-28 20:22:24.303 D/BaseModelUpdateTask( 2527): at android.os.Handler.dispatchMessage(Handler.java:99)
03-28 20:22:24.303 D/BaseModelUpdateTask( 2527): at android.os.Looper.loopOnce(Looper.java:201)
03-28 20:22:24.303 D/BaseModelUpdateTask( 2527): at android.os.Looper.loop(Looper.java:288)
03-28 20:22:24.303 D/BaseModelUpdateTask( 2527): at android.os.HandlerThread.run(HandlerThread.java:67)
03-28 20:22:24.304 D/CompatibilityChangeReporter( 1526): Compat change id reported: 135754954; UID 10058; state: ENABLED
03-28 20:22:24.304 D/PackageUpdatedTask( 2527): PackageUpdatedTask constructor: op=2,user=UserHandle{0},packages=[com.android.calendar]
03-28 20:22:24.304 D/PackageUpdatedTask( 2527): java.lang.Exception
03-28 20:22:24.304 D/PackageUpdatedTask( 2527): at com.android.launcher3.model.PackageUpdatedTask.(PackageUpdatedTask.java:93)
03-28 20:22:24.304 D/PackageUpdatedTask( 2527): at com.android.launcher3.LauncherModel.onPackageChanged(LauncherModel.java:156)
03-28 20:22:24.304 D/PackageUpdatedTask( 2527): at com.android.launcher3.LauncherModel.onAppIconChanged(LauncherModel.java:226)
03-28 20:22:24.304 D/PackageUpdatedTask( 2527): at com.android.launcher3.LauncherAppState$IconObserver.onAppIconChanged(LauncherAppState.java:206)
03-28 20:22:24.304 D/PackageUpdatedTask( 2527): at com.android.launcher3.icons.IconProvider$IconChangeReceiver.onReceive(IconProvider.java:371)
03-28 20:22:24.304 D/PackageUpdatedTask( 2527): at android.app.LoadedApk$ReceiverDispatcher$Args.lambda$getRunnable$0$LoadedApk$ReceiverDispatcher$Args(LoadedApk.java:1679)
03-28 20:22:24.304 D/PackageUpdatedTask( 2527): at android.app.LoadedApk$ReceiverDispatcher$Args$$ExternalSyntheticLambda0.run(Unknown Source:2)
03-28 20:22:24.304 D/PackageUpdatedTask( 2527): at android.os.Handler.handleCallback(Handler.java:938)
03-28 20:22:24.304 D/PackageUpdatedTask( 2527): at android.os.Handler.dispatchMessage(Handler.java:99)
03-28 20:22:24.304 D/PackageUpdatedTask( 2527): at android.os.Looper.loopOnce(Looper.java:201)
03-28 20:22:24.304 D/PackageUpdatedTask( 2527): at android.os.Looper.loop(Looper.java:288)
03-28 20:22:24.304 D/PackageUpdatedTask( 2527): at android.os.HandlerThread.run(HandlerThread.java:67)
03-28 20:22:24.304 D/CompatibilityChangeReporter( 1526): Compat change id reported: 143937733; UID 10058; state: ENABLED
03-28 20:22:24.305 I/am_uid_active( 1526): 10027
03-28 20:22:24.308 D/Launcher.IconCache( 2527): Package not found
03-28 20:22:24.308 D/Launcher.IconCache( 2527): android.content.pm.PackageManager$NameNotFoundException: com.android.calendar
03-28 20:22:24.308 D/Launcher.IconCache( 2527): at android.app.ApplicationPackageManager.getPackageInfoAsUser(ApplicationPackageManager.java:241)
03-28 20:22:24.308 D/Launcher.IconCache( 2527): at android.app.ApplicationPackageManager.getPackageInfo(ApplicationPackageManager.java:213)
03-28 20:22:24.308 D/Launcher.IconCache( 2527): at com.android.launcher3.icons.IconCache.updateIconsForPkg(IconCache.java:122)
03-28 20:22:24.308 D/Launcher.IconCache( 2527): at com.android.launcher3.model.PackageUpdatedTask.execute(PackageUpdatedTask.java:130)
03-28 20:22:24.308 D/Launcher.IconCache( 2527): at com.android.launcher3.model.BaseModelUpdateTask.run(BaseModelUpdateTask.java:80)
03-28 20:22:24.308 D/Launcher.IconCache( 2527): at com.android.launcher3.util.LooperExecutor.execute(LooperExecutor.java:45)
03-28 20:22:24.308 D/Launcher.IconCache( 2527): at com.android.launcher3.LauncherModel.enqueueModelUpdateTask(LauncherModel.java:555)
03-28 20:22:24.308 D/Launcher.IconCache( 2527): at com.android.launcher3.LauncherModel.onPackageChanged(LauncherModel.java:156)
03-28 20:22:24.308 D/Launcher.IconCache( 2527): at com.android.launcher3.LauncherModel.onAppIconChanged(LauncherModel.java:226)
03-28 20:22:24.308 D/Launcher.IconCache( 2527): at com.android.launcher3.LauncherAppState$IconObserver.onAppIconChanged(LauncherAppState.java:206)
03-28 20:22:24.308 D/Launcher.IconCache( 2527): at com.android.launcher3.icons.IconProvider$IconChangeReceiver.onReceive(IconProvider.java:371)
03-28 20:22:24.308 D/Launcher.IconCache( 2527): at android.app.LoadedApk$ReceiverDispatcher$Args.lambda$getRunnable$0$LoadedApk$ReceiverDispatcher$Args(LoadedApk.java:1679)
03-28 20:22:24.308 D/Launcher.IconCache( 2527): at android.app.LoadedApk$ReceiverDispatcher$Args$$ExternalSyntheticLambda0.run(Unknown Source:2)
03-28 20:22:24.308 D/Launcher.IconCache( 2527): at android.os.Handler.handleCallback(Handler.java:938)
03-28 20:22:24.308 D/Launcher.IconCache( 2527): at android.os.Handler.dispatchMessage(Handler.java:99)
03-28 20:22:24.308 D/Launcher.IconCache( 2527): at android.os.Looper.loopOnce(Looper.java:201)
03-28 20:22:24.308 D/Launcher.IconCache( 2527): at android.os.Looper.loop(Looper.java:288)
03-28 20:22:24.308 D/Launcher.IconCache( 2527): at android.os.HandlerThread.run(HandlerThread.java:67)
03-28 20:22:24.309 D/BaseModelUpdateTask( 2527): BaseModelUpdateTask constructor
03-28 20:22:24.309 D/BaseModelUpdateTask( 2527): java.lang.Exception
03-28 20:22:24.309 D/BaseModelUpdateTask( 2527): at com.android.launcher3.model.BaseModelUpdateTask.(BaseModelUpdateTask.java:57)
03-28 20:22:24.309 D/BaseModelUpdateTask( 2527): at com.android.launcher3.LauncherModel$6.(LauncherModel.java:605)
03-28 20:22:24.309 D/BaseModelUpdateTask( 2527): at com.android.launcher3.LauncherModel.refreshAndBindWidgetsAndShortcuts(LauncherModel.java:605)
03-28 20:22:24.309 D/BaseModelUpdateTask( 2527): at com.android.launcher3.Launcher.refreshAndBindWidgetsForPackageUser(Launcher.java:2878)
03-28 20:22:24.309 D/BaseModelUpdateTask( 2527): at com.android.launcher3.model.PackageUpdatedTask.execute(PackageUpdatedTask.java:139)
03-28 20:22:24.309 D/BaseModelUpdateTask( 2527): at com.android.launcher3.model.BaseModelUpdateTask.run(BaseModelUpdateTask.java:80)
03-28 20:22:24.309 D/BaseModelUpdateTask( 2527): at com.android.launcher3.util.LooperExecutor.execute(LooperExecutor.java:45)
03-28 20:22:24.309 D/BaseModelUpdateTask( 2527): at com.android.launcher3.LauncherModel.enqueueModelUpdateTask(LauncherModel.java:555)
03-28 20:22:24.309 D/BaseModelUpdateTask( 2527): at com.android.launcher3.LauncherModel.onPackageChanged(LauncherModel.java:156)
03-28 20:22:24.309 D/BaseModelUpdateTask( 2527): at com.android.launcher3.LauncherModel.onAppIconChanged(LauncherModel.java:226)
03-28 20:22:24.309 D/BaseModelUpdateTask( 2527): at com.android.launcher3.LauncherAppState$IconObserver.onAppIconChanged(LauncherAppState.java:206)
03-28 20:22:24.309 D/BaseModelUpdateTask( 2527): at com.android.launcher3.icons.IconProvider$IconChangeReceiver.onReceive(IconProvider.java:371)
03-28 20:22:24.309 D/BaseModelUpdateTask( 2527): at android.app.LoadedApk$ReceiverDispatcher$Args.lambda$getRunnable$0$LoadedApk$ReceiverDispatcher$Args(LoadedApk.java:1679)
03-28 20:22:24.309 D/BaseModelUpdateTask( 2527): at android.app.LoadedApk$ReceiverDispatcher$Args$$ExternalSyntheticLambda0.run(Unknown Source:2)
03-28 20:22:24.309 D/BaseModelUpdateTask( 2527): at android.os.Handler.handleCallback(Handler.java:938)
03-28 20:22:24.309 D/BaseModelUpdateTask( 2527): at android.os.Handler.dispatchMessage(Handler.java:99)
03-28 20:22:24.309 D/BaseModelUpdateTask( 2527): at android.os.Looper.loopOnce(Looper.java:201)
03-28 20:22:24.309 D/BaseModelUpdateTask( 2527): at android.os.Looper.loop(Looper.java:288)
03-28 20:22:24.309 D/BaseModelUpdateTask( 2527): at android.os.HandlerThread.run(HandlerThread.java:67)
03-28 20:22:24.311 D/Zygote ( 665): Forked child process 5248
03-28 20:22:24.311 I/am_proc_start( 1526): [0,5248,10058,com.qualcomm.timeservice,broadcast,{com.qualcomm.timeservice/com.qualcomm.timeservice.TimeServiceBroadcastReceiver}]
03-28 20:22:24.311 I/ActivityManager( 1526): Start proc 5248:com.qualcomm.timeservice/u0a58 for broadcast {com.qualcomm.timeservice/com.qualcomm.timeservice.TimeServiceBroadcastReceiver}
03-28 20:22:24.319 E/omm.timeservic( 5248): Not starting debugger since process cannot load the jdwp agent.
03-28 20:22:24.322 D/ProcessState( 5248): Binder ioctl to enable oneway spam detection failed: Invalid argument
11-11 00:10:25.062 I/binder ( 0): 5248:5248 ioctl 40046210 7ffeee8d34 returned -22
03-28 20:22:24.327 D/CompatibilityChangeReporter( 1526): Compat change id reported: 143231523; UID 1000; state: DISABLED
03-28 20:22:24.327 I/WidgetsModel( 2527): found whitelist widget: com.android.settings, label: 璁剧疆蹇嵎鏂瑰紡, sectionName:S
03-28 20:22:24.327 I/WidgetsModel( 2527): found whitelist widget: com.android.gallery3d, label: 鐓х墖, sectionName:T
03-28 20:22:24.327 I/WidgetsModel( 2527): found whitelist widget: com.android.systemui, label: 瀵硅瘽, sectionName:D
03-28 20:22:24.327 I/am_proc_bound( 1526): [0,5248,com.qualcomm.timeservice]
03-28 20:22:24.327 I/WidgetsModel( 2527): found whitelist widget: com.android.music, label: 闊充箰, sectionName:Y
03-28 20:22:24.328 D/CompatibilityChangeReporter( 1526): Compat change id reported: 168419799; UID 10058; state: DISABLED
03-28 20:22:24.328 D/CompatibilityInfo( 1526): mCompatibilityFlags - 4
03-28 20:22:24.328 D/CompatibilityInfo( 1526): applicationDensity - 240
03-28 20:22:24.328 D/CompatibilityInfo( 1526): applicationScale - 1.0
03-28 20:22:24.328 D/ModelWriter( 2527): removing items from db
03-28 20:22:24.328 D/ModelWriter( 2527): java.lang.Exception
03-28 20:22:24.328 D/ModelWriter( 2527): at com.android.launcher3.model.ModelWriter.deleteItemsFromDatabase(ModelWriter.java:280)
03-28 20:22:24.328 D/ModelWriter( 2527): at com.android.launcher3.model.ModelWriter.deleteItemsFromDatabase(ModelWriter.java:268)
03-28 20:22:24.328 D/ModelWriter( 2527): at com.android.launcher3.model.BaseModelUpdateTask.deleteAndBindComponentsRemoved(BaseModelUpdateTask.java:140)
03-28 20:22:24.328 D/ModelWriter( 2527): at com.android.launcher3.model.PackageUpdatedTask.execute(PackageUpdatedTask.java:353)
03-28 20:22:24.328 D/ModelWriter( 2527): at com.android.launcher3.model.BaseModelUpdateTask.run(BaseModelUpdateTask.java:80)
03-28 20:22:24.328 D/ModelWriter( 2527): at com.android.launcher3.util.LooperExecutor.execute(LooperExecutor.java:45)
03-28 20:22:24.328 D/ModelWriter( 2527): at com.android.launcher3.LauncherModel.enqueueModelUpdateTask(LauncherModel.java:555)
03-28 20:22:24.328 D/ModelWriter( 2527): at com.android.launcher3.LauncherModel.onPackageChanged(LauncherModel.java:156)
03-28 20:22:24.328 D/ModelWriter( 2527): at com.android.launcher3.LauncherModel.onAppIconChanged(LauncherModel.java:226)
03-28 20:22:24.328 D/ModelWriter( 2527): at com.android.launcher3.LauncherAppState$IconObserver.onAppIconChanged(LauncherAppState.java:206)
03-28 20:22:24.328 D/ModelWriter( 2527): at com.android.launcher3.icons.IconProvider$IconChangeReceiver.onReceive(IconProvider.java:371)
03-28 20:22:24.328 D/ModelWriter( 2527): at android.app.LoadedApk$ReceiverDispatcher$Args.lambda$getRunnable$0$LoadedApk$ReceiverDispatcher$Args(LoadedApk.java:1679)
03-28 20:22:24.328 D/ModelWriter( 2527): at android.app.LoadedApk$ReceiverDispatcher$Args$$ExternalSyntheticLambda0.run(Unknown Source:2)
03-28 20:22:24.328 D/ModelWriter( 2527): at android.os.Handler.handleCallback(Handler.java:938)
03-28 20:22:24.328 D/ModelWriter( 2527): at android.os.Handler.dispatchMessage(Handler.java:99)
03-28 20:22:24.328 D/ModelWriter( 2527): at android.os.Looper.loopOnce(Looper.java:201)
03-28 20:22:24.328 D/ModelWriter( 2527): at android.os.Looper.loop(Looper.java:288)
03-28 20:22:24.328 D/ModelWriter( 2527): at android.os.HandlerThread.run(HandlerThread.java:67)
03-28 20:22:24.333 D/CompatibilityInfo( 1526): mCompatibilityFlags - 4
03-28 20:22:24.333 D/CompatibilityInfo( 1526): applicationDensity - 240
03-28 20:22:24.333 D/CompatibilityInfo( 1526): applicationScale - 1.0
03-28 20:22:24.334 D/CompatibilityChangeReporter( 5248): Compat change id reported: 171979766; UID 10058; state: DISABLED
03-28 20:22:24.335 D/BaseModelUpdateTask( 2527): BaseModelUpdateTask constructor
03-28 20:22:24.335 D/BaseModelUpdateTask( 2527): java.lang.Exception
03-28 20:22:24.335 D/BaseModelUpdateTask( 2527): at com.android.launcher3.model.BaseModelUpdateTask.(BaseModelUpdateTask.java:57)
03-28 20:22:24.335 D/BaseModelUpdateTask( 2527): at com.android.launcher3.model.AddWorkspaceItemsTask.(AddWorkspaceItemsTask.java:58)
03-28 20:22:24.335 D/BaseModelUpdateTask( 2527): at com.android.launcher3.LauncherModel.addAndBindAddedWorkspaceItems(LauncherModel.java:145)
03-28 20:22:24.335 D/BaseModelUpdateTask( 2527): at com.android.launcher3.model.PackageUpdatedTask.updateToWorkSpace(PackageUpdatedTask.java:406)
03-28 20:22:24.335 D/BaseModelUpdateTask( 2527): at com.android.launcher3.model.PackageUpdatedTask.execute(PackageUpdatedTask.java:370)
03-28 20:22:24.335 D/BaseModelUpdateTask( 2527): at com.android.launcher3.model.BaseModelUpdateTask.run(BaseModelUpdateTask.java:80)
03-28 20:22:24.335 D/BaseModelUpdateTask( 2527): at com.android.launcher3.util.LooperExecutor.execute(LooperExecutor.java:45)
03-28 20:22:24.335 D/BaseModelUpdateTask( 2527): at com.android.launcher3.LauncherModel.enqueueModelUpdateTask(LauncherModel.java:555)
03-28 20:22:24.335 D/BaseModelUpdateTask( 2527): at com.android.launcher3.LauncherModel.onPackageChanged(LauncherModel.java:156)
03-28 20:22:24.335 D/BaseModelUpdateTask( 2527): at com.android.launcher3.LauncherModel.onAppIconChanged(LauncherModel.java:226)
03-28 20:22:24.335 D/BaseModelUpdateTask( 2527): at com.android.launcher3.LauncherAppState$IconObserver.onAppIconChanged(LauncherAppState.java:206)
03-28 20:22:24.335 D/BaseModelUpdateTask( 2527): at com.android.launcher3.icons.IconProvider$IconChangeReceiver.onReceive(IconProvider.java:371)
03-28 20:22:24.335 D/BaseModelUpdateTask( 2527): at android.app.LoadedApk$ReceiverDispatcher$Args.lambda$getRunnable$0$LoadedApk$ReceiverDispatcher$Args(LoadedApk.java:1679)
03-28 20:22:24.335 D/BaseModelUpdateTask( 2527): at android.app.LoadedApk$ReceiverDispatcher$Args$$ExternalSyntheticLambda0.run(Unknown Source:2)
03-28 20:22:24.335 D/BaseModelUpdateTask( 2527): at android.os.Handler.handleCallback(Handler.java:938)
03-28 20:22:24.335 D/BaseModelUpdateTask( 2527): at android.os.Handler.dispatchMessage(Handler.java:99)
03-28 20:22:24.335 D/BaseModelUpdateTask( 2527): at android.os.Looper.loopOnce(Looper.java:201)
03-28 20:22:24.335 D/BaseModelUpdateTask( 2527): at android.os.Looper.loop(Looper.java:288)
03-28 20:22:24.335 D/BaseModelUpdateTask( 2527): at android.os.HandlerThread.run(HandlerThread.java:67)
03-28 20:22:24.343 D/nativeloader( 5248): classloader namespace configured for unbundled vendor apk. library_path=/vendor/app/TimeService/lib/arm64:/vendor/lib64
03-28 20:22:24.351 I/Perf ( 5248): Connecting to perf service.
03-28 20:22:24.355 V/GraphicsEnvironment( 5248): ANGLE Developer option for 'com.qualcomm.timeservice' set to: 'default'
03-28 20:22:24.355 V/GraphicsEnvironment( 5248): ANGLE GameManagerService for com.qualcomm.timeservice: false
03-28 20:22:24.356 D/NetworkSecurityConfig( 5248): No Network Security Config specified, using platform default
03-28 20:22:24.356 D/NetworkSecurityConfig( 5248): No Network Security Config specified, using platform default
03-28 20:22:24.358 D/TimeService( 5248): Receivedandroid.intent.action.TIME_SET intent. Current Time is 1680006144358
03-28 20:22:24.360 D/QC-time-services( 642): Daemon: Connection accepted:time_genoff
03-28 20:22:24.361 D/QC-time-services( 642): Daemon:Received base = 2, unit = 1, operation = 0,value = 1680006144361
03-28 20:22:24.361 D/QC-time-services( 642): Daemon:genoff_opr: Base = 2, val = 1680006144361, operation = 0
03-28 20:22:24.361 D/QC-time-services( 642): Daemon:Value read from QTimer mseconds = 372612
03-28 20:22:24.361 D/QC-time-services( 642): Daemon:Value read from RTC mseconds on boot = 7137000
03-28 20:22:24.361 D/QC-time-services( 642): Daemon:Delta read on boot mseconds = 7128979
03-28 20:22:24.361 D/QC-time-services( 642): Daemon:new time 1680006144361
03-28 20:22:24.361 D/QC-time-services( 642): Daemon: delta 1679998642770 genoff 1679998642770
03-28 20:22:24.361 D/QC-time-services( 642): Daemon:genoff_persistent_update: Writing genoff = 1679998642770 to memory
03-28 20:22:24.361 D/QC-time-services( 642): Daemon:Opening File: /mnt/vendor/persist/time/ats_2 /data/vendor/time/ats_2
03-28 20:22:24.361 D/QC-time-services( 642): Daemon:time_persistent_memory_opr:Genoff write operation
03-28 20:22:24.363 D/QC-time-services( 642): Updating the TOD offset
03-28 20:22:24.363 D/QC-time-services( 642): Daemon:genoff_persistent_update: Writing genoff = 1679998642770 to memory
03-28 20:22:24.363 D/QC-time-services( 642): Daemon:Opening File: /mnt/vendor/persist/time/ats_1 /data/vendor/time/ats_1
03-28 20:22:24.363 D/QC-time-services( 642): Daemon:time_persistent_memory_opr:Genoff write operation
03-28 20:22:24.365 D/QC-time-services( 642): Daemon:genoff_set: Updating the WLAN offset
03-28 20:22:24.365 D/QC-time-services( 642): Daemon:genoff_persistent_update: Writing genoff = 1679998642770 to memory
03-28 20:22:24.365 D/QC-time-services( 642): Daemon:Opening File: /mnt/vendor/persist/time/ats_16 /data/vendor/time/ats_16
03-28 20:22:24.365 D/QC-time-services( 642): Daemon:time_persistent_memory_opr:Genoff write operation
03-28 20:22:24.366 E/QC-time-services( 642): Daemon: Time-services: Waiting to acceptconnection
03-28 20:22:24.366 D/TimeService( 5248): Set time successfully!
03-28 20:22:24.368 I/am_uid_running( 1526): 10095
03-28 20:22:24.368 D/CompatibilityChangeReporter( 1526): Compat change id reported: 135634846; UID 10095; state: DISABLED
03-28 20:22:24.369 D/CompatibilityChangeReporter( 1526): Compat change id reported: 143937733; UID 10095; state: ENABLED
03-28 20:22:24.379 D/Zygote ( 666): Forked child process 5265
03-28 20:22:24.380 I/am_proc_start( 1526): [0,5265,10095,com.qiyi.video.pad,broadcast,{com.qiyi.video.pad/androidx.work.impl.background.systemalarm.RescheduleReceiver}]
03-28 20:22:24.380 I/ActivityManager( 1526): Start proc 5265:com.qiyi.video.pad/u0a95 for broadcast {com.qiyi.video.pad/androidx.work.impl.background.systemalarm.RescheduleReceiver}
03-28 20:22:24.382 D/MicroService( 2139): getEvent: clientSocket = Socket[address=/192.168.4.4,port=58102,localPort=9999]
03-28 20:22:24.382 D/MicroService( 2139): run: called
03-28 20:22:24.382 D/MicroService( 2139): getEvent: start waiting...
03-28 20:22:24.384 I/MicroService( 2139): getStringByData(noZero): IDCM_HHServer
03-28 20:22:24.384 I/MicroService( 2139): getStringByData(noZero): FSEM_SettingService
03-28 20:22:24.384 I/MicroService( 2139): getStringByData: {
03-28 20:22:24.384 I/MicroService( 2139): "dstService" : "FSEM_SettingService",
03-28 20:22:24.384 I/MicroService( 2139): "messageType" : 0,
03-28 20:22:24.384 I/MicroService( 2139): "methodName" : "syncTime",
03-28 20:22:24.384 I/MicroService( 2139): "parameters" : {
03-28 20:22:24.384 I/MicroService( 2139): "IDCM_Time_12_24" : "24",
03-28 20:22:24.384 I/MicroService( 2139): "IDCM_Timestamp" : 14000,
03-28 20:22:24.384 I/MicroService( 2139): "IDCM_Timezone" : "GMT+08:00"
03-28 20:22:24.384 I/MicroService( 2139): },
03-28 20:22:24.384 I/MicroService( 2139): "srcService" : "IDCM_HHServer",
03-28 20:22:24.384 I/MicroService( 2139): "uuid" : 14523258000
03-28 20:22:24.384 I/MicroService( 2139): }
03-28 20:22:24.384 I/MicroService( 2139): Receive message: SocketMessageBean{businessData='21930', srcService='IDCM_HHServer', destService='FSEM_SettingService', messageType='0', uuid='14523258000', payloadData={
03-28 20:22:24.384 I/MicroService( 2139): "dstService" : "FSEM_SettingService",
03-28 20:22:24.384 I/MicroService( 2139): "messageType" : 0,
03-28 20:22:24.384 I/MicroService( 2139): "methodName" : "syncTime",
03-28 20:22:24.384 I/MicroService( 2139): "parameters" : {
03-28 20:22:24.384 I/MicroService( 2139): "IDCM_Time_12_24" : "24",
03-28 20:22:24.384 I/MicroService( 2139): "IDCM_Timestamp" : 14000,
03-28 20:22:24.384 I/MicroService( 2139): "IDCM_Timezone" : "GMT+08:00"
03-28 20:22:24.384 I/MicroService( 2139): },
03-28 20:22:24.384 I/MicroService( 2139): "srcService" : "IDCM_HHServer",
03-28 20:22:24.384 I/MicroService( 2139): "uuid" : 14523258000
03-28 20:22:24.384 I/MicroService( 2139): }
03-28 20:22:24.384 I/MicroService( 2139): }
03-28 20:22:24.384 I/MicroService( 2139): dealMessage: 0
03-28 20:22:24.384 I/MicroService( 2139): onRequest(syncTime): {"IDCM_Time_12_24":"24","IDCM_Timestamp":14000,"IDCM_Timezone":"GMT+08:00"}
03-28 20:22:24.398 W/.qiyi.video.pa( 5265): Using default instruction set features for ARM CPU variant (cortex-a9) using conservative defaults
03-28 20:22:24.402 E/.qiyi.video.pa( 5265): Not starting debugger since process cannot load the jdwp agent.
11-11 00:10:25.144 I/binder ( 0): 5265:5265 ioctl 40046210 ff805628 returned -22
03-28 20:22:24.404 D/ProcessState( 5265): Binder ioctl to enable oneway spam detection failed: Invalid argument
03-28 20:22:24.410 I/am_proc_bound( 1526): [0,5265,com.qiyi.video.pad]
03-28 20:22:24.412 D/CompatibilityChangeReporter( 1526): Compat change id reported: 168419799; UID 10095; state: DISABLED
03-28 20:22:24.412 D/CompatibilityInfo( 1526): mCompatibilityFlags - 4
03-28 20:22:24.412 D/CompatibilityInfo( 1526): applicationDensity - 240
03-28 20:22:24.412 D/CompatibilityInfo( 1526): applicationScale - 1.0
03-28 20:22:24.414 D/CompatibilityInfo( 1526): mCompatibilityFlags - 4
03-28 20:22:24.415 D/CompatibilityInfo( 1526): applicationDensity - 240
03-28 20:22:24.415 D/CompatibilityInfo( 1526): applicationScale - 1.0
03-28 20:22:24.417 D/CompatibilityChangeReporter( 5265): Compat change id reported: 171979766; UID 10095; state: ENABLED
03-28 20:22:24.422 D/ApplicationLoaders( 5265): Returning zygote-cached class loader: /system/framework/android.test.base.jar
03-28 20:22:24.441 D/ApplicationLoaders( 5265): Returning zygote-cached class loader: /system/framework/android.test.base.jar
03-28 20:22:24.446 W/.qiyi.video.pa( 5265): ClassLoaderContext shared library size mismatch. Expected=0, found=2 (PCL[] | PCL[]{PCL[/system/framework/android.test.base.jar*3790657674]#PCL[/system/framework/android.test.mock.jar*1320215079]})
03-28 20:22:24.691 D/MicroService( 2139): getEvent: clientSocket = Socket[address=/192.168.4.4,port=58104,localPort=9999]
03-28 20:22:24.692 D/MicroService( 2139): run: called
03-28 20:22:24.692 D/MicroService( 2139): getEvent: start waiting...
03-28 20:22:24.694 I/MicroService( 2139): getStringByData(noZero): IDCM_HHServer
03-28 20:22:24.694 I/MicroService( 2139): getStringByData(noZero): FSEM_SettingService
03-28 20:22:24.694 I/MicroService( 2139): getStringByData: {
03-28 20:22:24.694 I/MicroService( 2139): "dstService" : "FSEM_SettingService",
03-28 20:22:24.694 I/MicroService( 2139): "messageType" : 0,
03-28 20:22:24.694 I/MicroService( 2139): "methodName" : "syncTime",
03-28 20:22:24.694 I/MicroService( 2139): "parameters" : {
03-28 20:22:24.694 I/MicroService( 2139): "IDCM_Time_12_24" : "24",
03-28 20:22:24.694 I/MicroService( 2139): "IDCM_Timestamp" : 14000,
03-28 20:22:24.694 I/MicroService( 2139): "IDCM_Timezone" : "GMT+08:00"
03-28 20:22:24.694 I/MicroService( 2139): },
03-28 20:22:24.694 I/MicroService( 2139): "srcService" : "IDCM_HHServer",
03-28 20:22:24.694 I/MicroService( 2139): "uuid" : 14523258000
03-28 20:22:24.694 I/MicroService( 2139): }
03-28 20:22:24.694 I/MicroService( 2139): Receive message: SocketMessageBean{businessData='21930', srcService='IDCM_HHServer', destService='FSEM_SettingService', messageType='0', uuid='14523258000', payloadData={
03-28 20:22:24.694 I/MicroService( 2139): "dstService" : "FSEM_SettingService",
03-28 20:22:24.694 I/MicroService( 2139): "messageType" : 0,
03-28 20:22:24.694 I/MicroService( 2139): "methodName" : "syncTime",
03-28 20:22:24.694 I/MicroService( 2139): "parameters" : {
03-28 20:22:24.694 I/MicroService( 2139): "IDCM_Time_12_24" : "24",
03-28 20:22:24.694 I/MicroService( 2139): "IDCM_Timestamp" : 14000,
03-28 20:22:24.694 I/MicroService( 2139): "IDCM_Timezone" : "GMT+08:00"
03-28 20:22:24.694 I/MicroService( 2139): },
03-28 20:22:24.694 I/MicroService( 2139): "srcService" : "IDCM_HHServer",
03-28 20:22:24.694 I/MicroService( 2139): "uuid" : 14523258000
03-28 20:22:24.694 I/MicroService( 2139): }
03-28 20:22:24.694 I/MicroService( 2139): }
03-28 20:22:24.695 I/MicroService( 2139): dealMessage: 0
03-28 20:22:24.695 I/MicroService( 2139): onRequest(syncTime): {"IDCM_Time_12_24":"24","IDCM_Timestamp":14000,"IDCM_Timezone":"GMT+08:00"}
03-28 20:22:24.721 I/Perf ( 5265): Connecting to perf service.
03-28 20:22:24.726 V/GraphicsEnvironment( 5265): ANGLE Developer option for 'com.qiyi.video.pad' set to: 'default'
03-28 20:22:24.726 V/GraphicsEnvironment( 5265): ANGLE GameManagerService for com.qiyi.video.pad: false
03-28 20:22:24.727 V/GraphicsEnvironment( 5265): Updatable production driver is not supported on the device.
03-28 20:22:24.727 D/NetworkSecurityConfig( 5265): Using Network Security Config from resource unused_res_a debugBuild: false
03-28 20:22:24.728 D/NetworkSecurityConfig( 5265): Using Network Security Config from resource unused_res_a debugBuild: false
03-28 20:22:24.729 I/GMultiDex( 5265): VM has multidex support, MultiDex support library is disabled.
03-28 20:22:24.730 D/Tinker.TinkerLoader( 5265): tryLoad test test
