11-11 00:04:23.013 I/auditd ( 1236): type=1400 audit(0.0:209): avc: denied { write } for comm="sh" name="tcp_max_tw_buckets" dev="proc" ino=25254 scontext=u:r:ethernet:s0 tcontext=u:object_r:proc_net:s0 tclass=file permissive=0
11-11 00:04:23.013 I/auditd ( 1236): type=1400 audit(0.0:210): avc: denied { write } for comm="sh" name="tcp_retries2" dev="proc" ino=21138 scontext=u:r:ethernet:s0 tcontext=u:object_r:proc_net:s0 tclass=file permissive=0
11-11 00:04:23.013 I/auditd ( 1236): type=1400 audit(0.0:211): avc: denied { write } for comm="sh" name="icmp_echo_ignore_all" dev="proc" ino=25255 scontext=u:r:ethernet:s0 tcontext=u:object_r:proc_net:s0 tclass=file permissive=0
11-11 00:04:23.013 I/auditd ( 1236): type=1400 audit(0.0:212): avc: denied { write } for comm="sh" name="icmp_echo_ignore_broadcasts" dev="proc" ino=25256 scontext=u:r:ethernet:s0 tcontext=u:object_r:proc_net:s0 tclass=file permissive=0
11-11 00:04:23.013 I/auditd ( 1236): type=1400 audit(0.0:213): avc: denied { write } for comm="sh" name="tcp_window_scaling" dev="proc" ino=25257 scontext=u:r:ethernet:s0 tcontext=u:object_r:proc_net:s0 tclass=file permissive=0
11-11 00:04:23.013 I/auditd ( 1236): type=1400 audit(0.0:214): avc: denied { write } for comm="sh" name="drop_gratuitous_arp" dev="proc" ino=25258 scontext=u:r:ethernet:s0 tcontext=u:object_r:proc_net:s0 tclass=file permissive=0
11-11 00:04:23.013 I/auditd ( 1236): type=1400 audit(0.0:215): avc: denied { write } for comm="sh" name="arp_accept" dev="proc" ino=25259 scontext=u:r:ethernet:s0 tcontext=u:object_r:proc_net:s0 tclass=file permissive=0
11-11 00:04:23.013 I/auditd ( 1236): type=1400 audit(0.0:216): avc: denied { write } for comm="sh" name="arp_notify" dev="proc" ino=25260 scontext=u:r:ethernet:s0 tcontext=u:object_r:proc_net:s0 tclass=file permissive=0
11-11 00:04:23.013 I/auditd ( 1236): type=1400 audit(0.0:217): avc: denied { write } for comm="sh" name="arp_ignore" dev="proc" ino=25261 scontext=u:r:ethernet:s0 tcontext=u:object_r:proc_net:s0 tclass=file permissive=0
11-11 00:04:23.095 I/boot_progress_pms_system_scan_start( 1526): 8381
11-11 00:04:23.105 I/auditd ( 909): type=1400 audit(0.0:218): avc: denied { read write } for comm="sensors.qti" name="diag" dev="tmpfs" ino=11408 scontext=u:r:vendor_sensors_qti:s0 tcontext=u:object_r:vendor_diag_device:s0 tclass=chr_file permissive=0
11-11 00:04:23.305 I/auditd ( 909): type=1400 audit(0.0:219): avc: denied { read write } for comm="sensors.qti" name="diag" dev="tmpfs" ino=11408 scontext=u:r:vendor_sensors_qti:s0 tcontext=u:object_r:vendor_diag_device:s0 tclass=chr_file permissive=0
11-11 00:04:23.508 I/boot_progress_pms_data_scan_start( 1526): 8794
11-11 00:04:23.505 I/auditd ( 909): type=1400 audit(0.0:220): avc: denied { read write } for comm="sensors.qti" name="diag" dev="tmpfs" ino=11408 scontext=u:r:vendor_sensors_qti:s0 tcontext=u:object_r:vendor_diag_device:s0 tclass=chr_file permissive=0
11-11 00:04:23.571 I/boot_progress_pms_scan_end( 1526): 8857
11-11 00:04:23.625 I/commit_sys_config_file( 1526): [package-user-0,1]
11-11 00:04:23.625 I/commit_sys_config_file( 1526): [package,16]
11-11 00:04:23.625 I/boot_progress_pms_ready( 1526): 8911
11-11 00:04:23.636 I/am_uid_running( 1526): 1000
11-11 00:04:23.637 I/am_uid_active( 1526): 1000
11-11 00:04:23.655 I/commit_sys_config_file( 1526): [overlays,0]
11-11 00:04:23.661 I/battery_status( 1526): [1,1,0,0,]
11-11 00:04:23.661 I/auditd ( 1187): type=1400 audit(0.0:221): avc: denied { read } for comm="Binder:1187_3" name="persist" dev="tmpfs" ino=12333 scontext=u:r:installd:s0 tcontext=u:object_r:tmpfs:s0 tclass=lnk_file permissive=0
11-11 00:04:23.665 I/auditd ( 1187): type=1400 audit(0.0:222): avc: denied { read } for comm="Binder:1187_3" name="persist" dev="tmpfs" ino=12333 scontext=u:r:installd:s0 tcontext=u:object_r:tmpfs:s0 tclass=lnk_file permissive=0
11-11 00:04:23.705 I/auditd ( 909): type=1400 audit(0.0:223): avc: denied { read write } for comm="sensors.qti" name="diag" dev="tmpfs" ino=11408 scontext=u:r:vendor_sensors_qti:s0 tcontext=u:object_r:vendor_diag_device:s0 tclass=chr_file permissive=0
03-28 20:16:23.167 I/auditd ( 909): type=1400 audit(0.0:224): avc: denied { read write } for comm="sensors.qti" name="diag" dev="tmpfs" ino=11408 scontext=u:r:vendor_sensors_qti:s0 tcontext=u:object_r:vendor_diag_device:s0 tclass=chr_file permissive=0
03-28 20:16:23.367 I/auditd ( 909): type=1400 audit(0.0:225): avc: denied { read write } for comm="sensors.qti" name="diag" dev="tmpfs" ino=11408 scontext=u:r:vendor_sensors_qti:s0 tcontext=u:object_r:vendor_diag_device:s0 tclass=chr_file permissive=0
03-28 20:16:23.567 I/auditd ( 909): type=1400 audit(0.0:226): avc: denied { read write } for comm="sensors.qti" name="diag" dev="tmpfs" ino=11408 scontext=u:r:vendor_sensors_qti:s0 tcontext=u:object_r:vendor_diag_device:s0 tclass=chr_file permissive=0
03-28 20:16:23.737 I/wm_task_created( 1526): [1,-1]
03-28 20:16:23.740 I/sysui_multi_action( 1526): [757,1594,758,4,759,0,806,NULL]
03-28 20:16:23.743 I/auditd ( 1526): type=1400 audit(0.0:227): avc: denied { read } for comm="InputReader" name="virtualkeys.cyttsp7_mt" dev="sysfs" ino=63200 scontext=u:r:system_server:s0 tcontext=u:object_r:sysfs:s0 tclass=file permissive=0
03-28 20:16:23.756 I/configuration_changed( 1526): 536894968
03-28 20:16:23.757 I/sysui_multi_action( 1526): [757,1659,758,4,759,2,1660,0]
03-28 20:16:23.766 I/configuration_changed( 1526): 8
03-28 20:16:23.763 I/auditd ( 1187): type=1400 audit(0.0:228): avc: denied { read } for comm="Binder:1187_3" name="persist" dev="tmpfs" ino=12333 scontext=u:r:installd:s0 tcontext=u:object_r:tmpfs:s0 tclass=lnk_file permissive=0
03-28 20:16:23.763 I/auditd ( 1187): type=1400 audit(0.0:229): avc: denied { read } for comm="Binder:1187_3" name="persist" dev="tmpfs" ino=12333 scontext=u:r:installd:s0 tcontext=u:object_r:tmpfs:s0 tclass=lnk_file permissive=0
03-28 20:16:23.767 I/auditd ( 1187): type=1400 audit(0.0:230): avc: denied { read } for comm="Binder:1187_3" name="persist" dev="tmpfs" ino=12333 scontext=u:r:installd:s0 tcontext=u:object_r:tmpfs:s0 tclass=lnk_file permissive=0
03-28 20:16:23.767 I/auditd ( 1187): type=1400 audit(0.0:231): avc: denied { read } for comm="Binder:1187_3" name="persist" dev="tmpfs" ino=12333 scontext=u:r:installd:s0 tcontext=u:object_r:tmpfs:s0 tclass=lnk_file permissive=0
03-28 20:16:23.767 I/auditd ( 1187): type=1400 audit(0.0:232): avc: denied { read } for comm="Binder:1187_3" name="persist" dev="tmpfs" ino=12333 scontext=u:r:installd:s0 tcontext=u:object_r:tmpfs:s0 tclass=lnk_file permissive=0
03-28 20:16:23.767 I/auditd ( 1187): type=1400 audit(0.0:233): avc: denied { read } for comm="Binder:1187_3" name="persist" dev="tmpfs" ino=12333 scontext=u:r:installd:s0 tcontext=u:object_r:tmpfs:s0 tclass=lnk_file permissive=0
03-28 20:16:23.771 I/auditd ( 909): type=1400 audit(0.0:234): avc: denied { read write } for comm="sensors.qti" name="diag" dev="tmpfs" ino=11408 scontext=u:r:vendor_sensors_qti:s0 tcontext=u:object_r:vendor_diag_device:s0 tclass=chr_file permissive=0 --------- beginning of radio
03-28 20:16:23.882 D/TelephonyRegistry( 1526): listen oscl: mHasNotifySubscriptionInfoChangedOccurred==false no callback
03-28 20:16:23.928 I/storage_state( 1526): [41217664-9172-527a-b3d5-edabb50a7d69,0,0,103678423040,118610538496]
03-28 20:16:23.967 I/auditd ( 1526): type=1400 audit(0.0:235): avc: denied { read } for comm="system_server" name="u:object_r:vendor_default_prop:s0" dev="tmpfs" ino=12633 scontext=u:r:system_server:s0 tcontext=u:object_r:vendor_default_prop:s0 tclass=file permissive=0
03-28 20:16:23.971 I/auditd ( 909): type=1400 audit(0.0:236): avc: denied { read write } for comm="sensors.qti" name="diag" dev="tmpfs" ino=11408 scontext=u:r:vendor_sensors_qti:s0 tcontext=u:object_r:vendor_diag_device:s0 tclass=chr_file permissive=0
03-28 20:16:24.012 I/stream_devices_changed( 1526): [3,0,2]
03-28 20:16:24.017 I/am_wtf ( 1526): [0,1526,system_server,-1,LazyAlarmStore,Removed TIME_TICK alarm]
03-28 20:16:24.021 I/stream_devices_changed( 1526): [6,0,1]
03-28 20:16:24.023 I/configuration_changed( 1526): 512
03-28 20:16:24.073 I/commit_sys_config_file( 1526): [package-session,1]
03-28 20:16:24.083 I/auditd ( 1526): type=1400 audit(0.0:237): avc: denied { read } for comm="android.display" name="u:object_r:vendor_wfd_sys_debug_prop:s0" dev="tmpfs" ino=12700 scontext=u:r:system_server:s0 tcontext=u:object_r:vendor_wfd_sys_debug_prop:s0 tclass=file permissive=0
03-28 20:16:24.083 I/auditd ( 1526): type=1400 audit(0.0:238): avc: denied { read } for comm="android.display" name="u:object_r:vendor_wfd_sys_debug_prop:s0" dev="tmpfs" ino=12700 scontext=u:r:system_server:s0 tcontext=u:object_r:vendor_wfd_sys_debug_prop:s0 tclass=file permissive=0
03-28 20:16:24.098 I/boot_progress_ams_ready( 1526): 10124
03-28 20:16:24.101 I/configuration_changed( 1526): 268435456
03-28 20:16:24.123 I/commit_sys_config_file( 1526): [settings-2-0,1]
03-28 20:16:24.127 I/am_uid_running( 1526): 10078
03-28 20:16:24.141 I/am_proc_start( 1526): [0,2000,10078,com.android.systemui,service,{com.android.systemui/com.android.systemui.ImageWallpaper}]
03-28 20:16:24.144 I/am_proc_bound( 1526): [0,2000,com.android.systemui]
03-28 20:16:24.157 I/am_uid_active( 1526): 10078
03-28 20:16:24.161 I/am_uid_running( 1526): 1037
03-28 20:16:24.163 I/commit_sys_config_file( 1526): [net-policy,1]
03-28 20:16:24.172 D/TelephonyRegistry( 1526): listen oscl: mHasNotifySubscriptionInfoChangedOccurred==false no callback
03-28 20:16:24.171 I/auditd ( 909): type=1400 audit(0.0:239): avc: denied { read write } for comm="sensors.qti" name="diag" dev="tmpfs" ino=11408 scontext=u:r:vendor_sensors_qti:s0 tcontext=u:object_r:vendor_diag_device:s0 tclass=chr_file permissive=0
03-28 20:16:24.174 I/commit_sys_config_file( 1526): [notification-policy,1]
03-28 20:16:24.195 D/TelephonyRegistry( 1526): listen oscl: mHasNotifySubscriptionInfoChangedOccurred==false no callback
03-28 20:16:24.204 D/TelephonyRegistry( 1526): listen oscl: mHasNotifySubscriptionInfoChangedOccurred==false no callback
03-28 20:16:24.238 I/am_proc_start( 1526): [0,2046,1037,WebViewLoader-armeabi-v7a,NULL,]
03-28 20:16:24.240 D/TelephonyRegistry( 1526): listen oscl: mHasNotifySubscriptionInfoChangedOccurred==false no callback
03-28 20:16:24.242 I/am_proc_start( 1526): [0,2047,1037,WebViewLoader-arm64-v8a,NULL,]
03-28 20:16:24.250 W/CarrierConfigManager( 1526): Error getting config for subId -1 ICarrierConfigLoader is null
03-28 20:16:24.256 I/am_proc_bound( 1526): [0,2046,WebViewLoader-armeabi-v7a]
03-28 20:16:24.257 I/am_uid_active( 1526): 1037
03-28 20:16:24.258 I/am_proc_bound( 1526): [0,2047,WebViewLoader-arm64-v8a]
03-28 20:16:24.262 I/am_uid_running( 1526): 1073
03-28 20:16:24.267 I/configuration_changed( 1526): 16384
03-28 20:16:24.268 I/netstats_mobile_sample( 1526): [0,0,0,0,0,0,0,0,0,0,0,0,1680005784268]
03-28 20:16:24.268 I/netstats_wifi_sample( 1526): [0,0,0,0,0,0,0,0,0,0,0,0,1680005784268]
03-28 20:16:24.268 I/am_proc_start( 1526): [0,2080,1073,com.android.networkstack.process,service,{com.android.networkstack/com.android.server.NetworkStackService}]
03-28 20:16:24.281 D/TelephonyRegistry( 1526): systemRunning register for intents
03-28 20:16:24.282 I/ssm_user_starting( 1526): 0
03-28 20:16:24.289 I/netstats_mobile_sample( 1526): [0,0,0,0,0,0,0,0,0,0,0,0,1680005784289]
03-28 20:16:24.289 I/netstats_wifi_sample( 1526): [0,0,0,0,0,0,0,0,0,0,0,0,1680005784289]
03-28 20:16:24.300 I/netstats_mobile_sample( 1526): [0,0,0,0,0,0,0,0,0,0,0,0,1680005784300]
03-28 20:16:24.300 I/netstats_wifi_sample( 1526): [0,0,0,0,0,0,0,0,0,0,0,0,1680005784300]
03-28 20:16:24.301 I/am_uid_running( 1526): 1001
03-28 20:16:24.301 I/am_uid_running( 1526): 10056
03-28 20:16:24.304 I/am_uid_running( 1526): 10079
03-28 20:16:24.305 I/am_uid_running( 1526): 1068
03-28 20:16:24.308 I/am_uid_running( 1526): 10063
03-28 20:16:24.310 I/netstats_mobile_sample( 1526): [0,0,0,0,0,0,0,0,0,0,0,0,1680005784310]
03-28 20:16:24.310 I/netstats_wifi_sample( 1526): [0,0,0,0,0,0,0,0,0,0,0,0,1680005784310]
03-28 20:16:24.315 I/netstats_mobile_sample( 1526): [0,0,0,0,0,0,0,0,0,0,0,0,1680005784315]
03-28 20:16:24.315 I/netstats_wifi_sample( 1526): [0,0,0,0,0,0,0,0,0,0,0,0,1680005784315]
03-28 20:16:24.318 I/wm_task_created( 1526): [2,-1]
03-28 20:16:24.319 I/wm_task_moved( 1526): [2,1,2147483647]
03-28 20:16:24.320 I/wm_task_moved( 1526): [1,1,0]
03-28 20:16:24.320 I/wm_create_task( 1526): [0,2]
03-28 20:16:24.320 I/wm_create_activity( 1526): [0,63252756,2,com.android.settings/.FallbackHome,android.intent.action.MAIN,NULL,NULL,276824320]
03-28 20:16:24.320 I/wm_task_moved( 1526): [1,1,0]
03-28 20:16:24.320 I/wm_task_moved( 1526): [2,1,2147483647]
03-28 20:16:24.320 I/wm_task_to_front( 1526): [0,2]
03-28 20:16:24.321 I/netstats_mobile_sample( 1526): [0,0,0,0,0,0,0,0,0,0,0,0,1680005784321]
03-28 20:16:24.321 I/netstats_wifi_sample( 1526): [0,0,0,0,0,0,0,0,0,0,0,0,1680005784321]
03-28 20:16:24.324 I/netstats_mobile_sample( 1526): [0,0,0,0,0,0,0,0,0,0,0,0,1680005784324]
03-28 20:16:24.324 I/netstats_wifi_sample( 1526): [0,0,0,0,0,0,0,0,0,0,0,0,1680005784324]
03-28 20:16:24.327 I/netstats_mobile_sample( 1526): [0,0,0,0,0,0,0,0,0,0,0,0,1680005784327]
03-28 20:16:24.327 I/netstats_wifi_sample( 1526): [0,0,0,0,0,0,0,0,0,0,0,0,1680005784327]
03-28 20:16:24.331 I/netstats_mobile_sample( 1526): [0,0,0,0,0,0,0,0,0,0,0,0,1680005784331]
03-28 20:16:24.331 I/netstats_wifi_sample( 1526): [0,0,0,0,0,0,0,0,0,0,0,0,1680005784331]
03-28 20:16:24.335 I/netstats_mobile_sample( 1526): [0,0,0,0,0,0,0,0,0,0,0,0,1680005784335]
03-28 20:16:24.335 I/netstats_wifi_sample( 1526): [0,0,0,0,0,0,0,0,0,0,0,0,1680005784335]
03-28 20:16:24.342 I/netstats_mobile_sample( 1526): [0,0,0,0,0,0,0,0,0,0,0,0,1680005784342]
03-28 20:16:24.342 I/netstats_wifi_sample( 1526): [0,0,0,0,0,0,0,0,0,0,0,0,1680005784342]
03-28 20:16:24.350 I/netstats_mobile_sample( 1526): [0,0,0,0,0,0,0,0,0,0,0,0,1680005784350]
03-28 20:16:24.350 I/netstats_wifi_sample( 1526): [0,0,0,0,0,0,0,0,0,0,0,0,1680005784350]
03-28 20:16:24.353 I/uc_send_user_broadcast( 1526): [0,android.intent.action.USER_FOREGROUND]
03-28 20:16:24.353 I/uc_send_user_broadcast( 1526): [0,android.intent.action.USER_SWITCHED]
03-28 20:16:24.353 I/netstats_mobile_sample( 1526): [0,0,0,0,0,0,0,0,0,0,0,0,1680005784353]
03-28 20:16:24.353 I/netstats_wifi_sample( 1526): [0,0,0,0,0,0,0,0,0,0,0,0,1680005784353]
03-28 20:16:24.353 I/am_drop_process( 1526): 2080
03-28 20:16:24.354 I/am_proc_start( 1526): [0,2098,1000,com.thundercomm.gamemode,added application,com.thundercomm.gamemode]
03-28 20:16:24.355 I/netstats_mobile_sample( 1526): [0,0,0,0,0,0,0,0,0,0,0,0,1680005784355]
03-28 20:16:24.355 I/netstats_wifi_sample( 1526): [0,0,0,0,0,0,0,0,0,0,0,0,1680005784355]
03-28 20:16:24.358 I/netstats_mobile_sample( 1526): [0,0,0,0,0,0,0,0,0,0,0,0,1680005784358]
03-28 20:16:24.358 I/netstats_wifi_sample( 1526): [0,0,0,0,0,0,0,0,0,0,0,0,1680005784358]
03-28 20:16:24.360 D/TelephonyRegistry( 1526): listen oscl: mHasNotifySubscriptionInfoChangedOccurred==false no callback
03-28 20:16:24.360 I/am_proc_died( 1526): [0,2046,WebViewLoader-armeabi-v7a,-700,0]
03-28 20:16:24.362 I/am_low_memory( 1526): 3
03-28 20:16:24.362 I/am_proc_bound( 1526): [0,2098,com.thundercomm.gamemode]
03-28 20:16:24.363 I/wm_task_created( 1526): [3,-1]
03-28 20:16:24.364 I/wm_task_created( 1526): [4,-1]
03-28 20:16:24.370 I/am_proc_died( 1526): [0,2047,WebViewLoader-arm64-v8a,-700,0]
03-28 20:16:24.370 I/am_uid_stopped( 1526): 1037
03-28 20:16:24.370 I/am_low_memory( 1526): 3
03-28 20:16:24.371 I/am_proc_start( 1526): [0,2139,1000,com.thundercomm.microservice,added application,com.thundercomm.microservice]
03-28 20:16:24.371 I/auditd ( 909): type=1400 audit(0.0:240): avc: denied { read write } for comm="sensors.qti" name="diag" dev="tmpfs" ino=11408 scontext=u:r:vendor_sensors_qti:s0 tcontext=u:object_r:vendor_diag_device:s0 tclass=chr_file permissive=0
03-28 20:16:24.375 I/am_proc_start( 1526): [0,2156,1000,com.thundercomm.microsettings,added application,com.thundercomm.microsettings]
03-28 20:16:24.380 I/am_proc_start( 1526): [0,2160,1001,.dataservices,added application,.dataservices]
03-28 20:16:24.380 I/am_proc_bound( 1526): [0,2139,com.thundercomm.microservice]
03-28 20:16:24.384 I/wm_task_created( 1526): [5,-1]
03-28 20:16:24.385 I/wm_task_created( 1526): [6,-1]
03-28 20:16:24.386 I/notification_cancel_all( 1526): [1000,1526,android,0,0,0,20,NULL]
03-28 20:16:24.387 I/wm_task_created( 1526): [7,-1]
03-28 20:16:24.389 I/am_uid_running( 1526): 10092
03-28 20:16:24.390 I/am_proc_start( 1526): [0,2166,10056,.qtidataservices,added application,.qtidataservices]
03-28 20:16:24.402 I/am_proc_start( 1526): [0,2169,1000,com.thundercomm.tchttpserver,added application,com.thundercomm.tchttpserver]
03-28 20:16:24.409 I/am_proc_bound( 1526): [0,2160,.dataservices]
03-28 20:16:24.411 I/am_uid_active( 1526): 1001
03-28 20:16:24.415 I/am_proc_start( 1526): [0,2202,1000,com.tc.logclient,added application,com.tc.logclient]
03-28 20:16:24.415 I/am_proc_bound( 1526): [0,2156,com.thundercomm.microsettings]
03-28 20:16:24.418 I/am_proc_bound( 1526): [0,2166,.qtidataservices]
03-28 20:16:24.420 I/commit_sys_config_file( 1526): [settings-0-0,10]
03-28 20:16:24.423 I/am_uid_active( 1526): 10056
03-28 20:16:24.426 I/am_proc_start( 1526): [0,2216,1073,com.android.networkstack.process,added application,com.android.networkstack.process]
03-28 20:16:24.430 I/am_proc_bound( 1526): [0,2169,com.thundercomm.tchttpserver]
03-28 20:16:24.438 I/am_proc_start( 1526): [0,2238,1000,com.thundercomm.tcsetupwizard,added application,com.thundercomm.tcsetupwizard]
03-28 20:16:24.440 I/am_uid_running( 1526): 10062
03-28 20:16:24.443 I/am_proc_bound( 1526): [0,2202,com.tc.logclient]
03-28 20:16:24.446 I/am_proc_start( 1526): [0,2252,1000,vendor.qti.qesdk.sysservice,added application,vendor.qti.qesdk.sysservice]
03-28 20:16:24.454 I/am_proc_start( 1526): [0,2264,10079,com.qti.qualcomm.mstatssystemservice,added application,com.qti.qualcomm.mstatssystemservice]
03-28 20:16:24.459 I/am_proc_start( 1526): [0,2269,1068,com.android.se,added application,com.android.se]
03-28 20:16:24.461 I/am_proc_bound( 1526): [0,2216,com.android.networkstack.process]
03-28 20:16:24.462 I/am_uid_active( 1526): 1073
03-28 20:16:24.465 I/am_proc_start( 1526): [0,2281,1000,com.thundercomm.remotecontrolservice,added application,com.thundercomm.remotecontrolservice]
03-28 20:16:24.475 I/am_proc_start( 1526): [0,2304,1000,com.thundercomm.tcservice,added application,com.thundercomm.tcservice]
03-28 20:16:24.485 I/am_proc_bound( 1526): [0,2252,vendor.qti.qesdk.sysservice]
03-28 20:16:24.490 I/am_proc_start( 1526): [0,2321,10063,com.qualcomm.qti.devicestatisticsservice,added application,com.qualcomm.qti.devicestatisticsservice]
03-28 20:16:24.491 I/am_proc_bound( 1526): [0,2238,com.thundercomm.tcsetupwizard]
03-28 20:16:24.494 I/am_proc_bound( 1526): [0,2269,com.android.se]
03-28 20:16:24.497 I/am_uid_active( 1526): 1068
03-28 20:16:24.504 I/am_proc_bound( 1526): [0,2264,com.qti.qualcomm.mstatssystemservice]
03-28 20:16:24.509 I/am_uid_active( 1526): 10079
03-28 20:16:24.510 I/am_proc_start( 1526): [0,2361,1000,com.qualcomm.qti.qdma,added application,com.qualcomm.qti.qdma]
03-28 20:16:24.511 I/am_proc_bound( 1526): [0,2281,com.thundercomm.remotecontrolservice]
03-28 20:16:24.519 I/am_proc_bound( 1526): [0,2321,com.qualcomm.qti.devicestatisticsservice]
03-28 20:16:24.520 D/TelephonyRegistry( 1526): listen oscl: mHasNotifySubscriptionInfoChangedOccurred==false no callback
03-28 20:16:24.522 I/am_uid_active( 1526): 10063
03-28 20:16:24.528 I/am_proc_start( 1526): [0,2393,1000,com.android.settings,top-activity,{com.android.settings/com.android.settings.FallbackHome}]
03-28 20:16:24.534 I/am_proc_bound( 1526): [0,2304,com.thundercomm.tcservice]
03-28 20:16:24.541 I/am_proc_start( 1526): [0,2404,10092,android.ext.services,service,{android.ext.services/android.ext.services.autofill.InlineSuggestionRenderServiceImpl}]
03-28 20:16:24.542 I/am_proc_bound( 1526): [0,2361,com.qualcomm.qti.qdma]
03-28 20:16:24.554 I/am_proc_start( 1526): [0,2420,10062,com.thundercomm.gamemode.provider,content provider,{com.thundercomm.gamemode.provider/com.thundercomm.gamemode.provider.SettingsProvider}]
03-28 20:16:24.564 I/am_proc_bound( 1526): [0,2393,com.android.settings]
03-28 20:16:24.566 I/wm_restart_activity( 1526): [0,63252756,2,com.android.settings/.FallbackHome]
03-28 20:16:24.567 I/wm_set_resumed_activity( 1526): [0,com.android.settings/.FallbackHome,minimalResumeActivityLocked]
03-28 20:16:24.571 I/auditd ( 909): type=1400 audit(0.0:241): avc: denied { read write } for comm="sensors.qti" name="diag" dev="tmpfs" ino=11408 scontext=u:r:vendor_sensors_qti:s0 tcontext=u:object_r:vendor_diag_device:s0 tclass=chr_file permissive=0
03-28 20:16:24.577 I/am_proc_bound( 1526): [0,2420,com.thundercomm.gamemode.provider]
03-28 20:16:24.579 I/am_uid_active( 1526): 10062
03-28 20:16:24.586 I/am_proc_bound( 1526): [0,2404,android.ext.services]
03-28 20:16:24.587 I/am_uid_active( 1526): 10092
03-28 20:16:24.648 I/am_uid_running( 1526): 10077
03-28 20:16:24.651 I/wm_on_create_called( 2393): [63252756,com.android.settings.FallbackHome,performCreate]
03-28 20:16:24.652 I/wm_on_start_called( 2393): [63252756,com.android.settings.FallbackHome,handleStartActivity]
03-28 20:16:24.652 I/wm_on_resume_called( 2393): [63252756,com.android.settings.FallbackHome,RESUME_ACTIVITY]
03-28 20:16:24.654 I/am_proc_start( 1526): [0,2527,10077,com.android.launcher3,service,{com.android.launcher3/com.android.quickstep.TouchInteractionService}]
03-28 20:16:24.660 D/TelephonyRegistry( 1526): listen oscl: mHasNotifySubscriptionInfoChangedOccurred==false no callback
03-28 20:16:24.660 I/wm_on_top_resumed_gained_called( 2393): [63252756,com.android.settings.FallbackHome,topStateChangedWhenResumed]
03-28 20:16:24.665 I/input_focus( 1526): [Focus request 56344db com.android.settings/com.android.settings.FallbackHome,reason=UpdateInputWindows]
03-28 20:16:24.673 I/notification_enqueue( 1526): [10078,2000,com.android.systemui,1,empty_media,0,Notification(channel=empty_media_style_id shortcut=null contentView=null vibrate=null sound=null defaults=0x0 flags=0x20 color=0x00000000 category=transport groupKey=empty_media actions=5 vis=PRIVATE),0]
03-28 20:16:24.678 I/am_proc_bound( 1526): [0,2527,com.android.launcher3]
03-28 20:16:24.680 I/am_uid_active( 1526): 10077
03-28 20:16:24.681 D/TelephonyRegistry( 1526): notifyCellLocationForSubscriber: subId=2147483647 cellIdentity=null
03-28 20:16:24.681 I/notification_enqueue( 1526): [1000,1526,android,32,NULL,-1,Notification(channel=USB shortcut=null contentView=null vibrate=null sound=null tick defaults=0x0 flags=0x2 color=0x00000000 vis=PUBLIC),0]
03-28 20:16:24.681 I/notification_cancel_all( 1526): [1000,1526,com.android.systemui,0,0,0,20,NULL]
03-28 20:16:24.688 I/sysui_multi_action( 1526): [757,1501,758,1,793,83,794,0,795,83,796,1,797,empty_media,806,com.android.systemui,857,empty_media_style_id,858,4,946,empty_media,947,0,1500,0,1641,transport,1745,1043716538]
03-28 20:16:24.688 I/sysui_multi_action( 1526): [757,804,799,note_interruptive,801,0,802,1]
03-28 20:16:24.693 I/am_uid_running( 1526): 10080
03-28 20:16:24.701 I/sysui_multi_action( 1526): [757,1501,758,1,793,82,794,0,795,82,796,32,806,android,857,USB,858,1,947,0,1500,0]
03-28 20:16:24.701 I/sysui_multi_action( 1526): [757,804,799,note_interruptive,801,0,802,1]
03-28 20:16:24.705 I/am_proc_start( 1526): [0,2555,10080,com.qualcomm.qti.qccauthmgr,content provider,{com.qualcomm.qti.qccauthmgr/com.qualcomm.qti.qccauthmgr.providers.SMQContentProvider}]
03-28 20:16:24.707 I/sysui_multi_action( 2000): [757,213,758,4,759,-1]
03-28 20:16:24.708 I/boot_progress_enable_screen( 1526): 10734
03-28 20:16:24.710 I/screen_toggled( 1526): 1
03-28 20:16:24.735 W/CarrierConfigManager( 2000): Error getting config for subId -1 ICarrierConfigLoader is null
03-28 20:16:24.736 I/am_proc_bound( 1526): [0,2555,com.qualcomm.qti.qccauthmgr]
03-28 20:16:24.739 I/am_uid_active( 1526): 10080
03-28 20:16:24.747 D/TelephonyRegistry( 1526): listen oscl: mHasNotifySubscriptionInfoChangedOccurred==false no callback
03-28 20:16:24.771 I/auditd ( 909): type=1400 audit(0.0:242): avc: denied { read write } for comm="sensors.qti" name="diag" dev="tmpfs" ino=11408 scontext=u:r:vendor_sensors_qti:s0 tcontext=u:object_r:vendor_diag_device:s0 tclass=chr_file permissive=0
03-28 20:16:24.908 I/commit_sys_config_file( 1526): [settings-0-0,2]
03-28 20:16:24.936 I/commit_sys_config_file( 1526): [notification-policy,763]
03-28 20:16:24.971 I/auditd ( 909): type=1400 audit(0.0:243): avc: denied { read write } for comm="sensors.qti" name="diag" dev="tmpfs" ino=11408 scontext=u:r:vendor_sensors_qti:s0 tcontext=u:object_r:vendor_diag_device:s0 tclass=chr_file permissive=0
03-28 20:16:25.159 I/wm_boot_animation_done( 1526): 11186
03-28 20:16:25.171 I/auditd ( 909): type=1400 audit(0.0:244): avc: denied { read write } for comm="sensors.qti" name="diag" dev="tmpfs" ino=11408 scontext=u:r:vendor_sensors_qti:s0 tcontext=u:object_r:vendor_diag_device:s0 tclass=chr_file permissive=0
03-28 20:16:25.195 I/notification_enqueue( 1526): [1000,1526,android,26,NULL,-1,Notification(channel=DEVELOPER_IMPORTANT shortcut=null contentView=null vibrate=null sound=null tick defaults=0x0 flags=0x2 color=0x00000000 vis=PUBLIC),0]
03-28 20:16:25.202 I/uc_finish_user_boot( 1526): 0
03-28 20:16:25.202 I/am_user_state_changed( 1526): [0,1]
03-28 20:16:25.203 I/uc_send_user_broadcast( 1526): [0,android.intent.action.LOCKED_BOOT_COMPLETED]
03-28 20:16:25.219 I/uc_finish_user_unlocking( 1526): 0
03-28 20:16:25.224 I/am_uid_running( 1526): 10069
03-28 20:16:25.232 I/am_proc_start( 1526): [0,2639,10069,com.qualcomm.location,broadcast,{com.qualcomm.location/com.qualcomm.location.LocationServiceReceiver}]
03-28 20:16:25.231 I/auditd ( 2641): type=1400 audit(0.0:245): avc: denied { ptrace } for comm="crash_dump64" scontext=u:r:crash_dump:s0 tcontext=u:r:init:s0 tclass=process permissive=0
03-28 20:16:25.247 I/am_proc_bound( 1526): [0,2639,com.qualcomm.location]
03-28 20:16:25.249 I/am_uid_active( 1526): 10069
03-28 20:16:25.323 I/am_user_state_changed( 1526): [0,2]
03-28 20:16:25.324 I/ssm_user_unlocking( 1526): 0
03-28 20:16:25.357 I/uc_finish_user_unlocked( 1526): 0
03-28 20:16:25.357 I/am_user_state_changed( 1526): [0,3]
03-28 20:16:25.359 I/wm_task_created( 1526): [15,-1]
03-28 20:16:25.367 I/am_uid_running( 1526): 10086
03-28 20:16:25.367 I/am_uid_running( 1526): 10057
03-28 20:16:25.369 I/am_uid_running( 1526): 10053
03-28 20:16:25.370 I/am_uid_running( 1526): 10072
03-28 20:16:25.370 I/am_uid_running( 1526): 10081
03-28 20:16:25.371 I/am_uid_running( 1526): 10085
03-28 20:16:25.374 I/am_proc_start( 1526): [0,2696,10086,com.hht.lebocast,added application,com.hht.lebocast]
03-28 20:16:25.380 I/uc_send_user_broadcast( 1526): [0,android.intent.action.USER_UNLOCKED]
03-28 20:16:25.380 I/uc_finish_user_unlocked_completed( 1526): 0
03-28 20:16:25.386 I/wm_finish_activity( 1526): [0,63252756,2,com.android.settings/.FallbackHome,app-request]
03-28 20:16:25.386 I/ssm_user_unlocked( 1526): 0
03-28 20:16:25.387 I/wm_pause_activity( 1526): [0,63252756,com.android.settings/.FallbackHome,userLeaving=false,finish]
03-28 20:16:25.389 I/uc_send_user_broadcast( 1526): [0,android.intent.action.BOOT_COMPLETED]
03-28 20:16:25.389 I/wm_on_top_resumed_lost_called( 2393): [63252756,com.android.settings.FallbackHome,topStateChangedWhenResumed]
03-28 20:16:25.390 I/wm_on_paused_called( 2393): [63252756,com.android.settings.FallbackHome,performPause]
03-28 20:16:25.390 I/sysui_multi_action( 1526): [757,1144,758,7,806,com.android.settings,871,com.android.settings.FallbackHome]
03-28 20:16:25.409 I/wm_task_created( 1526): [16,-1]
03-28 20:16:25.411 I/wm_task_moved( 1526): [16,1,2147483647]
03-28 20:16:25.414 I/wm_task_moved( 1526): [1,1,5]
03-28 20:16:25.414 I/wm_create_task( 1526): [0,16]
03-28 20:16:25.414 I/wm_create_activity( 1526): [0,178627036,16,com.android.launcher3/.uioverrides.QuickstepLauncher,android.intent.action.MAIN,NULL,NULL,268435712]
03-28 20:16:25.414 I/wm_task_moved( 1526): [1,1,5]
03-28 20:16:25.414 I/wm_task_moved( 1526): [16,1,2147483647]
03-28 20:16:25.414 I/wm_task_to_front( 1526): [0,16]
03-28 20:16:25.419 I/wm_restart_activity( 1526): [0,178627036,16,com.android.launcher3/.uioverrides.QuickstepLauncher]
03-28 20:16:25.420 I/wm_set_resumed_activity( 1526): [0,com.android.launcher3/.uioverrides.QuickstepLauncher,minimalResumeActivityLocked]
03-28 20:16:25.434 I/am_proc_start( 1526): [0,2717,10057,ts.car.uart,added application,ts.car.uart]
03-28 20:16:25.434 I/am_proc_bound( 1526): [0,2696,com.hht.lebocast]
03-28 20:16:25.437 I/am_uid_active( 1526): 10086
03-28 20:16:25.438 I/am_uid_running( 1526): 10091
03-28 20:16:25.439 I/am_proc_bound( 1526): [0,2717,ts.car.uart]
03-28 20:16:25.444 I/am_uid_active( 1526): 10057
03-28 20:16:25.453 I/sysui_multi_action( 1526): [757,803,799,window_time_0,802,3]
03-28 20:16:25.457 I/am_proc_start( 1526): [0,2751,1000,com.hryt.hiphishowfsecontrol,added application,com.hryt.hiphishowfsecontrol]
03-28 20:16:25.463 I/auditd ( 809): type=1400 audit(0.0:246): avc: denied { read } for comm="Loc_hal_worker" name="u:object_r:vendor_pd_locater_dbg_prop:s0" dev="tmpfs" ino=12664 scontext=u:r:vendor_hal_gnss_qti:s0 tcontext=u:object_r:vendor_pd_locater_dbg_prop:s0 tclass=file permissive=0
03-28 20:16:25.485 I/am_uid_running( 1526): 10084
03-28 20:16:25.487 I/am_proc_start( 1526): [0,2780,10053,.pasr,added application,.pasr]
03-28 20:16:25.488 I/am_uid_running( 1526): 10070
03-28 20:16:25.489 I/am_proc_bound( 1526): [0,2751,com.hryt.hiphishowfsecontrol]
03-28 20:16:25.504 I/am_proc_start( 1526): [0,2788,10072,com.qualcomm.qti.services.systemhelper:systemhelper_service,added application,com.qualcomm.qti.services.systemhelper:systemhelper_service]
03-28 20:16:25.515 I/am_proc_start( 1526): [0,2803,10081,com.qualcomm.qti.qccnetstat,added application,com.qualcomm.qti.qccnetstat]
03-28 20:16:25.524 I/am_proc_bound( 1526): [0,2788,com.qualcomm.qti.services.systemhelper:systemhelper_service]
03-28 20:16:25.527 I/am_uid_active( 1526): 10072
03-28 20:16:25.528 I/am_proc_bound( 1526): [0,2780,.pasr]
03-28 20:16:25.533 I/am_uid_active( 1526): 10053
03-28 20:16:25.535 I/am_proc_start( 1526): [0,2827,10085,com.qualcomm.qti.workloadclassifier,added application,com.qualcomm.qti.workloadclassifier]
03-28 20:16:25.540 D/TelephonyRegistry( 1526): listen oscl: mHasNotifySubscriptionInfoChangedOccurred==false no callback
03-28 20:16:25.570 I/am_proc_start( 1526): [0,2842,10091,com.android.providers.media.module,service,{com.android.providers.media.module/com.android.providers.media.fuse.ExternalStorageServiceImpl}]
03-28 20:16:25.570 I/am_proc_bound( 1526): [0,2803,com.qualcomm.qti.qccnetstat]
03-28 20:16:25.577 I/service_manager_slow( 2751): [11,vendor.perfservice]
03-28 20:16:25.581 I/am_uid_active( 1526): 10081
03-28 20:16:25.583 I/am_proc_bound( 1526): [0,2827,com.qualcomm.qti.workloadclassifier]
03-28 20:16:25.589 I/am_uid_active( 1526): 10085
03-28 20:16:25.591 I/am_proc_bound( 1526): [0,2842,com.android.providers.media.module]
03-28 20:16:25.596 I/am_uid_active( 1526): 10091
03-28 20:16:25.601 I/am_proc_start( 1526): [0,2882,10084,com.qualcomm.qtil.aptxui,broadcast,{com.qualcomm.qtil.aptxui/com.qualcomm.qtil.aptxui.aptxuiBootReceiver}]
03-28 20:16:25.601 I/am_proc_bound( 1526): [0,2882,com.qualcomm.qtil.aptxui]
03-28 20:16:25.604 I/am_uid_active( 1526): 10084
03-28 20:16:25.617 I/am_proc_start( 1526): [0,2906,10070,com.qualcomm.location.XT,service,{com.qualcomm.location.XT/com.qualcomm.location.XT.XTSrv}]
03-28 20:16:25.627 I/am_proc_start( 1526): [0,2917,1000,com.android.keychain,service,{com.android.keychain/com.android.keychain.KeyChainService}]
03-28 20:16:25.632 I/am_wtf ( 1526): [0,1526,system_server,-1,ActivityManager,Sending non-protected broadcast android.location.HIGH_POWER_REQUEST_CHANGE from system 2639:com.qualcomm.location/u0a69 pkg com.qualcomm.location]
03-28 20:16:25.638 I/am_proc_bound( 1526): [0,2906,com.qualcomm.location.XT]
03-28 20:16:25.641 I/am_uid_active( 1526): 10070
03-28 20:16:25.642 I/am_proc_bound( 1526): [0,2917,com.android.keychain]
03-28 20:16:25.679 I/sysui_multi_action( 1526): [757,1501,758,1,793,484,794,0,795,484,796,26,806,android,857,DEVELOPER_IMPORTANT,858,4,947,0,1500,0]
03-28 20:16:25.679 I/sysui_multi_action( 1526): [757,804,799,note_interruptive,801,0,802,1]
03-28 20:16:25.712 I/am_uid_running( 1526): 10034
03-28 20:16:25.723 I/am_proc_start( 1526): [0,2982,10034,com.android.traceur,broadcast,{com.android.traceur/com.android.traceur.Receiver}]
03-28 20:16:25.739 I/am_proc_bound( 1526): [0,2982,com.android.traceur]
03-28 20:16:25.741 I/am_uid_active( 1526): 10034
03-28 20:16:25.759 I/wm_on_create_called( 2527): [178627036,com.android.launcher3.uioverrides.QuickstepLauncher,performCreate]
03-28 20:16:25.759 I/wm_on_start_called( 2527): [178627036,com.android.launcher3.uioverrides.QuickstepLauncher,handleStartActivity]
03-28 20:16:25.759 I/wm_on_resume_called( 2527): [178627036,com.android.launcher3.uioverrides.QuickstepLauncher,RESUME_ACTIVITY]
03-28 20:16:25.768 I/wm_on_top_resumed_gained_called( 2527): [178627036,com.android.launcher3.uioverrides.QuickstepLauncher,topStateChangedWhenResumed]
03-28 20:16:25.785 I/input_focus( 1526): [Focus request 576f893 com.android.launcher3/com.android.launcher3.uioverrides.QuickstepLauncher,reason=UpdateInputWindows]
03-28 20:16:25.813 I/sf_stop_bootanim( 896): 11839
03-28 20:16:25.836 I/input_focus( 1526): [Focus entering 576f893 com.android.launcher3/com.android.launcher3.uioverrides.QuickstepLauncher (server),reason=setFocusedWindow]
03-28 20:16:25.844 I/sysui_multi_action( 1526): [319,419,322,415,325,11,757,761,758,8,759,2,806,com.android.launcher3,871,com.android.launcher3.uioverrides.QuickstepLauncher,905,0,1320,8,1321,5]
03-28 20:16:25.845 I/wm_activity_launch_time( 1526): [0,178627036,com.android.launcher3/.uioverrides.QuickstepLauncher,415]
03-28 20:16:25.852 I/am_uid_running( 1526): 10035
03-28 20:16:25.858 I/wm_destroy_activity( 1526): [0,63252756,2,com.android.settings/.FallbackHome,finish-idle]
03-28 20:16:25.859 I/wm_on_stop_called( 2393): [63252756,com.android.settings.FallbackHome,LIFECYCLER_STOP_ACTIVITY]
03-28 20:16:25.862 I/am_proc_start( 1526): [0,3042,10035,com.baidu.input,service,{com.baidu.input/com.baidu.input.ImeService}]
03-28 20:16:25.866 I/wm_on_destroy_called( 2393): [63252756,com.android.settings.FallbackHome,performDestroy]
03-28 20:16:25.880 I/am_crash( 1526): [2321,0,com.qualcomm.qti.devicestatisticsservice,814235213,java.lang.ClassNotFoundException,android.hidl.manager.V1_0.IServiceNotification$Stub,DeviceStatisticsService.java,83]
03-28 20:16:25.884 I/sysui_multi_action( 1526): [757,316,758,4,759,-1]
03-28 20:16:25.885 I/am_proc_bound( 1526): [0,3042,com.baidu.input]
03-28 20:16:25.888 I/am_uid_active( 1526): 10035
03-28 20:16:25.899 I/am_proc_died( 1526): [0,2321,com.qualcomm.qti.devicestatisticsservice,-800,0]
03-28 20:16:25.900 I/am_schedule_service_restart( 1526): [0,com.qualcomm.qti.devicestatisticsservice/.DeviceStatisticsService,0]
03-28 20:16:25.901 I/am_uid_stopped( 1526): 10063
03-28 20:16:25.901 I/am_uid_running( 1526): 10063
03-28 20:16:25.903 I/am_uid_active( 1526): 10063
03-28 20:16:25.909 I/am_uid_running( 1526): 10018
03-28 20:16:25.910 I/am_proc_start( 1526): [0,3069,10063,com.qualcomm.qti.devicestatisticsservice,restart,com.qualcomm.qti.devicestatisticsservice]
03-28 20:16:25.919 I/am_proc_start( 1526): [0,3070,10018,android.process.media,broadcast,{com.android.mtp/com.android.mtp.MtpReceiver}]
03-28 20:16:25.915 I/auditd ( 3067): type=1400 audit(0.0:247): avc: denied { read } for comm="ip" name="rt_tables" dev="dm-10" ino=332 scontext=u:r:ethernet:s0 tcontext=u:object_r:net_data_file:s0 tclass=file permissive=0
03-28 20:16:25.932 I/am_proc_bound( 1526): [0,3070,android.process.media]
03-28 20:16:25.931 I/auditd ( 3071): type=1400 audit(0.0:248): avc: denied { read } for comm="ip" name="rt_tables" dev="dm-10" ino=332 scontext=u:r:ethernet:s0 tcontext=u:object_r:net_data_file:s0 tclass=file permissive=0
03-28 20:16:25.945 I/am_proc_bound( 1526): [0,3069,com.qualcomm.qti.devicestatisticsservice]
03-28 20:16:26.012 I/am_wtf ( 1526): [0,1526,system_server,-1,BootReceiver,open failed: ENOENT (No such file or directory)]
03-28 20:16:26.026 I/commit_sys_config_file( 1526): [log-files,1]
03-28 20:16:26.026 I/am_uid_active( 1526): 10018
03-28 20:16:26.047 D/TelephonyRegistry( 1526): listen oscl: mHasNotifySubscriptionInfoChangedOccurred==false no callback
03-28 20:16:26.060 I/am_proc_start( 1526): [0,3123,1000,com.qti.diagservices,broadcast,{com.qti.diagservices/com.qti.diagservices.Diag_OnBoot}]
03-28 20:16:26.073 I/am_proc_bound( 1526): [0,3123,com.qti.diagservices]
03-28 20:16:26.114 I/wm_task_removed( 1526): [2,cleanUpResourcesForDestroy]
03-28 20:16:26.115 I/wm_task_removed( 1526): [2,removeChild:removeChild last r=ActivityRecord{3c52914 u0 com.android.settings/.FallbackHome t-1 f}} in t=Task{ca1b581 #2 type=home A=1000:com.android.settings.FallbackHome U=0 visible=false mode=fullscreen translucent=true sz=0}]
03-28 20:16:26.115 I/wm_task_removed( 1526): [2,removeChild]
03-28 20:16:26.123 I/auditd ( 3123): type=1400 audit(0.0:249): avc: denied { read write } for comm="ti.diagservices" name="diag" dev="tmpfs" ino=11408 scontext=u:r:system_app:s0 tcontext=u:object_r:vendor_diag_device:s0 tclass=chr_file permissive=0
03-28 20:16:26.131 I/auditd ( 3188): type=1400 audit(0.0:250): avc: denied { read } for comm="ip" name="rt_tables" dev="dm-10" ino=332 scontext=u:r:ethernet:s0 tcontext=u:object_r:net_data_file:s0 tclass=file permissive=0
03-28 20:16:26.135 I/auditd ( 3193): type=1400 audit(0.0:251): avc: denied { read } for comm="ip" name="rt_tables" dev="dm-10" ino=332 scontext=u:r:ethernet:s0 tcontext=u:object_r:net_data_file:s0 tclass=file permissive=0
03-28 20:16:26.208 I/am_meminfo( 1526): [1006276608,4800196608,12288,306962432,596831232]
03-28 20:16:26.213 I/am_pss ( 1526): [2420,10062,com.thundercomm.gamemode.provider,8318976,5804032,0,95559680,2,5,5]
03-28 20:16:26.219 I/am_pss ( 1526): [2404,10092,android.ext.services,9880576,4771840,0,102043648,2,5,5]
03-28 20:16:26.225 I/am_pss ( 1526): [2361,1000,com.qualcomm.qti.qdma,11324416,7278592,0,105644032,2,0,5]
03-28 20:16:26.231 I/am_pss ( 1526): [2304,1000,com.thundercomm.tcservice,8291328,5926912,0,94801920,2,0,5]
03-28 20:16:26.237 I/am_pss ( 1526): [2281,1000,com.thundercomm.remotecontrolservice,9868288,6791168,0,100806656,2,0,5]
03-28 20:16:26.242 I/am_pss ( 1526): [2264,10079,com.qti.qualcomm.mstatssystemservice,5751808,3620864,0,89309184,2,0,4]
03-28 20:16:26.246 I/am_pss ( 1526): [2269,1068,com.android.se,6105088,3899392,0,91004928,2,0,4]
03-28 20:16:26.251 I/am_pss ( 1526): [2238,1000,com.thundercomm.tcsetupwizard,7067648,4952064,0,90746880,2,0,4]
03-28 20:16:26.256 I/am_pss ( 1526): [2252,1000,vendor.qti.qesdk.sysservice,5872640,3657728,0,90816512,2,0,5]
03-28 20:16:26.262 I/am_pss ( 1526): [2216,1073,com.android.networkstack.process,11378688,8335360,0,101646336,2,0,5]
03-28 20:16:26.268 I/am_pss ( 1526): [2202,1000,com.tc.logclient,6812672,4640768,0,90537984,2,0,4]
03-28 20:16:26.273 I/am_pss ( 1526): [2169,1000,com.thundercomm.tchttpserver,7439360,5324800,0,91131904,2,0,4]
03-28 20:16:26.279 I/am_pss ( 1526): [2166,10056,.qtidataservices,6220800,4046848,0,90955776,2,0,5]
03-28 20:16:26.285 I/am_pss ( 1526): [2156,1000,com.thundercomm.microsettings,29440000,24317952,0,119279616,2,0,5]
03-28 20:16:26.291 I/am_pss ( 1526): [2160,1001,.dataservices,8560640,6262784,0,93782016,2,0,5]
03-28 20:16:26.297 I/am_pss ( 1526): [2139,1000,com.thundercomm.microservice,9135104,6836224,0,94932992,2,0,5]
03-28 20:16:26.303 I/am_pss ( 1526): [2098,1000,com.thundercomm.gamemode,9776128,7532544,0,95019008,2,0,5]
03-28 20:16:26.314 I/am_pss ( 1526): [2000,10078,com.android.systemui,161342464,139538432,0,310718464,2,0,11]
03-28 20:16:26.332 I/am_pss ( 1526): [1526,1000,system,222967808,119545856,0,534396928,2,0,17]
03-28 20:16:26.347 I/auditd ( 3222): type=1400 audit(0.0:252): avc: denied { read } for comm="ip" name="rt_tables" dev="dm-10" ino=332 scontext=u:r:ethernet:s0 tcontext=u:object_r:net_data_file:s0 tclass=file permissive=0
03-28 20:16:26.363 I/auditd ( 3223): type=1400 audit(0.0:253): avc: denied { read } for comm="ip" name="rt_tables" dev="dm-10" ino=332 scontext=u:r:ethernet:s0 tcontext=u:object_r:net_data_file:s0 tclass=file permissive=0
03-28 20:16:26.547 I/auditd ( 3236): type=1400 audit(0.0:254): avc: denied { read } for comm="ip" name="rt_tables" dev="dm-10" ino=332 scontext=u:r:ethernet:s0 tcontext=u:object_r:net_data_file:s0 tclass=file permissive=0
03-28 20:16:26.563 I/auditd ( 3238): type=1400 audit(0.0:255): avc: denied { read } for comm="ip" name="rt_tables" dev="dm-10" ino=332 scontext=u:r:ethernet:s0 tcontext=u:object_r:net_data_file:s0 tclass=file permissive=0
03-28 20:16:27.155 I/auditd ( 3042): type=1400 audit(0.0:280): avc: denied { read } for comm="sec-1-thread-1" name="u:object_r:bluetooth_prop:s0" dev="tmpfs" ino=12394 scontext=u:r:priv_app:s0:c512,c768 tcontext=u:object_r:bluetooth_prop:s0 tclass=file permissive=0 app=com.baidu.input
03-28 20:16:27.155 I/auditd ( 3042): type=1400 audit(0.0:281): avc: denied { search } for comm="sec-1-thread-1" name="asound" dev="proc" ino=4026532151 scontext=u:r:priv_app:s0:c512,c768 tcontext=u:object_r:proc_asound:s0 tclass=dir permissive=0 app=com.baidu.input
03-28 20:16:27.155 I/auditd ( 3042): type=1400 audit(0.0:282): avc: denied { search } for comm="sec-1-thread-1" name="asound" dev="proc" ino=4026532151 scontext=u:r:priv_app:s0:c512,c768 tcontext=u:object_r:proc_asound:s0 tclass=dir permissive=0 app=com.baidu.input
03-28 20:16:27.155 I/auditd ( 3042): type=1400 audit(0.0:283): avc: denied { search } for comm="sec-1-thread-1" name="asound" dev="proc" ino=4026532151 scontext=u:r:priv_app:s0:c512,c768 tcontext=u:object_r:proc_asound:s0 tclass=dir permissive=0 app=com.baidu.input
03-28 20:16:27.155 I/auditd ( 3042): type=1400 audit(0.0:284): avc: denied { search } for comm="sec-1-thread-1" name="asound" dev="proc" ino=4026532151 scontext=u:r:priv_app:s0:c512,c768 tcontext=u:object_r:proc_asound:s0 tclass=dir permissive=0 app=com.baidu.input
03-28 20:16:27.340 I/commit_sys_config_file( 1526): [jobs,2]
03-28 20:16:27.668 I/service_manager_stats( 1526): [758,240,5467]
03-28 20:16:27.674 I/netstats_mobile_sample( 1526): [0,0,0,0,0,0,0,0,0,0,0,0,1680005787673]
03-28 20:16:27.674 I/netstats_wifi_sample( 1526): [0,0,0,0,0,0,0,0,0,0,0,0,1680005787673]
03-28 20:16:27.691 I/netstats_mobile_sample( 1526): [0,0,0,0,0,0,0,0,0,0,0,0,1680005787691]
03-28 20:16:27.691 I/netstats_wifi_sample( 1526): [0,0,0,0,0,0,0,0,0,0,0,0,1680005787691]
03-28 20:16:28.454 I/sysui_multi_action( 1526): [757,1717,758,1,759,0]
03-28 20:16:28.455 I/sysui_multi_action( 1526): [757,1717,758,2,759,0]
03-28 20:16:28.455 I/sysui_multi_action( 1526): [757,1717,758,3,759,0]
03-28 20:16:28.476 I/backup_transport_lifecycle( 1526): [com.android.localtransport/.LocalTransportService,1]
03-28 20:16:28.484 I/am_proc_start( 1526): [0,3402,1000,com.android.localtransport,service,{com.android.localtransport/com.android.localtransport.LocalTransportService}]
03-28 20:16:28.504 I/am_proc_bound( 1526): [0,3402,com.android.localtransport]
03-28 20:16:28.514 I/am_uid_running( 1526): 10019
03-28 20:16:28.526 I/am_proc_start( 1526): [0,3419,1000,com.android.dynsystem,broadcast,{com.android.dynsystem/com.android.dynsystem.BootCompletedReceiver}]
03-28 20:16:28.538 I/am_proc_start( 1526): [0,3432,10019,android.process.acore,content provider,{com.android.providers.contacts/com.android.providers.contacts.CallLogProvider}]
03-28 20:16:28.539 I/am_proc_bound( 1526): [0,3419,com.android.dynsystem]
03-28 20:16:28.549 I/backup_transport_connection( 1526): [com.android.localtransport/.LocalTransportService,1]
03-28 20:16:28.558 I/am_proc_bound( 1526): [0,3432,android.process.acore]
03-28 20:16:28.560 I/am_uid_active( 1526): 10019
03-28 20:16:28.562 I/backup_transport_lifecycle( 1526): [com.android.localtransport/.LocalTransportService,0]
03-28 20:16:28.562 I/backup_transport_connection( 1526): [com.android.localtransport/.LocalTransportService,0]
03-28 20:16:28.590 I/am_uid_running( 1526): 10066
03-28 20:16:28.596 I/am_proc_start( 1526): [0,3454,1000,com.android.dynsystem:dynsystem,service,{com.android.dynsystem/com.android.dynsystem.DynamicSystemInstallationService}]
03-28 20:16:28.603 I/am_proc_start( 1526): [0,3457,10066,com.android.inputmethod.latin,broadcast,{com.android.inputmethod.latin/com.android.inputmethod.latin.SystemBroadcastReceiver}]
03-28 20:16:28.617 I/am_proc_bound( 1526): [0,3457,com.android.inputmethod.latin]
03-28 20:16:28.622 I/am_uid_active( 1526): 10066
03-28 20:16:28.626 I/am_proc_bound( 1526): [0,3454,com.android.dynsystem:dynsystem]
03-28 20:16:28.638 I/sysui_multi_action( 2000): [757,803,799,note_peek,802,1]
03-28 20:16:28.640 I/sysui_multi_action( 1526): [757,127,758,1]
03-28 20:16:28.640 I/sysui_multi_action( 1526): [757,804,799,note_load,801,1,802,1]
03-28 20:16:28.640 I/notification_panel_revealed( 1526): 1
03-28 20:16:28.640 I/sysui_heads_up_status( 2000): [-1|android|26|null|1000,1]
03-28 20:16:28.711 I/am_proc_died( 1526): [0,3457,com.android.inputmethod.latin,0,11]
03-28 20:16:28.711 I/am_broadcast_discard_app( 1526): [0,214737059,android.intent.action.BOOT_COMPLETED,15,ResolveInfo{7f201e2 com.android.inputmethod.latin/.SystemBroadcastReceiver m=0x108000}]
03-28 20:16:28.712 I/am_uid_stopped( 1526): 10066
03-28 20:16:28.714 I/am_uid_running( 1526): 10032
03-28 20:16:28.720 I/am_proc_start( 1526): [0,3496,10032,com.android.managedprovisioning,broadcast,{com.android.managedprovisioning/com.android.managedprovisioning.BootReminder}]
03-28 20:16:28.744 I/am_proc_bound( 1526): [0,3496,com.android.managedprovisioning]
03-28 20:16:28.748 I/am_uid_active( 1526): 10032
03-28 20:16:28.831 I/am_uid_running( 1526): 10082
03-28 20:16:28.842 I/am_proc_start( 1526): [0,3511,10082,com.android.music,broadcast,{com.android.music/com.android.music.MediaPlaybackReceiver}]
03-28 20:16:28.864 I/am_proc_bound( 1526): [0,3511,com.android.music]
03-28 20:16:28.869 I/am_uid_active( 1526): 10082
03-28 20:16:28.943 I/am_uid_running( 1526): 10059
03-28 20:16:28.954 I/am_proc_start( 1526): [0,3527,10059,com.android.onetimeinitializer,broadcast,{com.android.onetimeinitializer/com.android.onetimeinitializer.OneTimeInitializerReceiver}]
03-28 20:16:28.981 I/am_proc_bound( 1526): [0,3527,com.android.onetimeinitializer]
03-28 20:16:28.985 I/am_uid_active( 1526): 10059
03-28 20:16:29.021 I/am_uid_running( 1526): 10025
03-28 20:16:29.033 I/am_proc_start( 1526): [0,3544,10025,com.android.packageinstaller,broadcast,{com.android.packageinstaller/com.android.packageinstaller.TemporaryFileManager}]
03-28 20:16:29.060 I/am_proc_bound( 1526): [0,3544,com.android.packageinstaller]
03-28 20:16:29.065 I/am_uid_active( 1526): 10025
03-28 20:16:29.121 I/am_uid_running( 1526): 10090
03-28 20:16:29.134 I/am_proc_start( 1526): [0,3560,10090,com.android.permissioncontroller,broadcast,{com.android.permissioncontroller/com.android.permissioncontroller.permission.service.LocationAccessCheck$SetupPeriodicBackgroundLocationAccessCheck}]
03-28 20:16:29.144 I/sysui_multi_action( 1526): [757,128,758,1,793,3948,794,0,795,3948,796,26,798,0,806,android,857,DEVELOPER_IMPORTANT,858,4,947,0,1395,2,1500,3464,1688,1]
03-28 20:16:29.144 I/sysui_multi_action( 1526): [757,804,799,note_freshness,801,3948,802,1]
03-28 20:16:29.144 I/notification_visibility( 1526): [-1|android|26|null|1000,1,3948,3948,0,0]
03-28 20:16:29.162 I/am_proc_bound( 1526): [0,3560,com.android.permissioncontroller]
03-28 20:16:29.170 I/am_uid_active( 1526): 10090
03-28 20:16:29.297 I/am_uid_running( 1526): 10027
03-28 20:16:29.310 I/am_proc_start( 1526): [0,3576,10027,com.android.providers.calendar,broadcast,{com.android.providers.calendar/com.android.providers.calendar.CalendarReceiver}]
03-28 20:16:29.339 I/am_proc_bound( 1526): [0,3576,com.android.providers.calendar]
03-28 20:16:29.344 I/am_uid_active( 1526): 10027
03-28 20:16:29.456 I/am_uid_running( 1526): 2000
03-28 20:16:29.470 I/am_proc_start( 1526): [0,3597,2000,com.android.shell,broadcast,{com.android.shell/com.android.shell.HeapDumpReceiver}]
03-28 20:16:29.493 I/am_proc_bound( 1526): [0,3597,com.android.shell]
03-28 20:16:29.497 I/am_uid_active( 1526): 2000
03-28 20:16:29.570 I/am_uid_running( 1526): 10071
03-28 20:16:29.579 I/am_proc_start( 1526): [0,3613,10071,com.qti.ltebc,broadcast,{com.qti.ltebc/com.qualcomm.ltebc.LTEBroadcastBootReceiver}]
03-28 20:16:29.596 I/am_proc_bound( 1526): [0,3613,com.qti.ltebc]
03-28 20:16:29.602 I/am_uid_active( 1526): 10071
03-28 20:16:29.666 I/liblog ( 1394): 48
03-28 20:16:29.666 I/liblog ( 1394): 2
03-28 20:16:29.666 I/liblog ( 1394): 1
03-28 20:16:29.863 I/auditd ( 3653): type=1400 audit(0.0:299): avc: denied { read } for comm="cat" name="address" dev="sysfs" ino=61794 scontext=u:r:platform_app:s0:c512,c768 tcontext=u:object_r:sysfs:s0 tclass=file permissive=0
03-28 20:16:30.060 I/am_uid_running( 1526): 10054
03-28 20:16:30.067 I/am_proc_died( 1526): [0,3613,com.qti.ltebc,905,19]
03-28 20:16:30.068 I/am_uid_stopped( 1526): 10071
03-28 20:16:30.070 I/am_uid_active( 1526): 10054
03-28 20:16:30.071 I/am_proc_start( 1526): [0,3660,10054,com.qualcomm.qti.qms.service.connectionsecurity,broadcast,{com.qualcomm.qti.qms.service.connectionsecurity/com.qualcomm.qti.qms.service.connectionsecurity.ConnSecBroadcastReceiver}]
03-28 20:16:30.090 I/am_proc_bound( 1526): [0,3660,com.qualcomm.qti.qms.service.connectionsecurity]
03-28 20:16:30.202 I/am_uid_running( 1526): 10023
03-28 20:16:30.211 I/am_proc_start( 1526): [0,3686,10023,com.android.externalstorage,broadcast,{com.android.externalstorage/com.android.externalstorage.MountReceiver}]
