11-11 00:00:48.918 I/GameModeConfig( 1526): isGameModeOn = false
11-11 00:00:48.920 V/MediaTimeout( 2000): processState 0|com.android.music|1|null|10082: PlaybackState {state=3, position=239449, buffered position=0, speed=1.0, updated=415393, actions=516, custom actions=[], active item id=-1, error=null}
11-11 00:00:48.920 V/MediaTimeout( 2000): media timeout cancelled for 0|com.android.music|1|null|10082, reason: playback started - PlaybackState {state=3, position=239449, buffered position=0, speed=1.0, updated=415393, actions=516, custom actions=[], active item id=-1, error=null}, 0|com.android.music|1|null|10082
11-11 00:00:48.921 I/EffectsFactory( 796): EffectCreate() create_effect
11-11 00:00:48.922 D/msm8974_platform( 796): platform_split_snd_device: snd_device(2) num devices(1) new_snd_devices(0)
11-11 00:00:48.922 D/ACDB-LOADER( 796): ACDB -> send_audvoltable
11-11 00:00:48.922 D/ACDB-LOADER( 796): ACDB -> ACDB_CMD_GET_AUDPROC_INSTANCE_GAIN_DEP_STEP_TABLE_SIZE
11-11 00:00:48.923 D/ACDB-LOADER( 796): ACDB -> ACDB_CMD_GET_AUDPROC_INSTANCE_GAIN_DEP_STEP_TABLE, vol index 5
11-11 00:00:48.923 D/ACDB-LOADER( 796): ACDB -> AUDIO_SET_VOL_CAL cal type = 40
11-11 00:00:48.923 W/AudioFlinger( 886): moveEffectChain_l() effect chain for session 0 not on source thread 0xb40000798a317010
11-11 00:00:48.925 D/msm8974_platform( 796): platform_split_snd_device: snd_device(2) num devices(1) new_snd_devices(0)
11-11 00:00:48.925 D/ACDB-LOADER( 796): ACDB -> send_audvoltable
11-11 00:00:48.925 D/ACDB-LOADER( 796): ACDB -> ACDB_CMD_GET_AUDPROC_INSTANCE_GAIN_DEP_STEP_TABLE_SIZE
11-11 00:00:48.925 D/ACDB-LOADER( 796): ACDB -> ACDB_CMD_GET_AUDPROC_INSTANCE_GAIN_DEP_STEP_TABLE, vol index 2
11-11 00:00:48.925 D/ACDB-LOADER( 796): ACDB -> AUDIO_SET_VOL_CAL cal type = 40
11-11 00:00:48.925 D/audio_hw_primary( 796): out_set_volume: called with left_vol=0.309030, right_vol=0.309030
11-11 00:00:48.926 E/audio_hw_primary( 796): out_set_compr_volume:ctl for mixer cmd - Compress Playback 7 Volume, left 0.309030, right 0.309030
11-11 00:00:48.927 D/audio_hw_primary( 796): copl(0xf280c970):resume compress driver
11-11 00:00:48.933 I/notification_enqueue( 1526): [10082,3511,com.android.music,1,NULL,0,Notification(channel=Channel-music shortcut=null contentView=null vibrate=null sound=null defaults=0x0 flags=0x2 color=0x00000000 category=transport actions=5 vis=PRIVATE),1]
11-11 00:00:48.934 V/MediaTimeout( 2000): processState 0|com.android.music|1|null|10082: PlaybackState {state=3, position=239507, buffered position=0, speed=1.0, updated=415412, actions=516, custom actions=[], active item id=-1, error=null}
11-11 00:00:48.934 V/MediaTimeout( 2000): processState 0|com.android.music|1|null|10082: PlaybackState {state=3, position=239508, buffered position=0, speed=1.0, updated=415414, actions=516, custom actions=[], active item id=-1, error=null}
11-11 00:00:48.936 D/AudioManager( 3511): dispatching onAudioFocusChange(1) to android.media.AudioManager@237515dcom.android.music.MediaPlaybackService$4@7462ad2
11-11 00:00:48.958 V/MediaPlaybackService( 3511): AudioFocus: received AUDIOFOCUS_GAIN
11-11 00:00:48.963 W/ActivityManager( 1526): Receiver with filter android.content.IntentFilter@a431418 already registered for pid 3511, callerPackage is com.android.music
11-11 00:00:49.086 I/am_pss ( 1526): [5265,10095,com.qiyi.video.pad,193678336,172175360,0,281231360,0,10,14]
11-11 00:00:49.135 I/GameModeConfig( 1526): isGameModeOn = false
11-11 00:00:49.139 D/InterruptionStateProvider( 2000): No alerting: filtered notification: 0|com.android.music|1|null|10082
11-11 00:00:49.139 D/InterruptionStateProvider( 2000): No alerting: filtered notification: 0|com.android.music|1|null|10082
11-11 00:00:49.145 D/PeopleSpaceWidgetMgr( 2000): Sbn doesn't contain valid PeopleTileKey: null/0/com.android.music
11-11 00:00:49.150 W/ConstraintSet( 2000): id unknown center_vertical_guideline
11-11 00:00:49.150 W/ConstraintSet( 2000): id unknown center_horizontal_guideline
11-11 00:00:49.150 W/ConstraintSet( 2000): id unknown media_action_barrier
11-11 00:00:49.150 W/ConstraintSet( 2000): id unknown remove_text
11-11 00:00:49.150 W/ConstraintSet( 2000): id unknown settings
11-11 00:00:49.150 W/ConstraintSet( 2000): id unknown cancel
11-11 00:00:49.151 W/ConstraintSet( 2000): id unknown dismiss
11-11 00:00:49.316 I/mpu_uart( 644): [MSG-P:RECV]:No message received in 1000 ms
11-11 00:00:49.546 I/auditd ( 2764): type=1400 audit(0.0:15288590): avc: denied { read } for comm="event_loop" lport=13400 scontext=u:r:hht_ota_mgr:s0 tcontext=u:r:hht_ota_mgr:s0 tclass=udp_socket permissive=0
11-11 00:00:49.546 W/event_loop( 2764): type=1400 audit(0.0:15288590): avc: denied { read } for lport=13400 scontext=u:r:hht_ota_mgr:s0 tcontext=u:r:hht_ota_mgr:s0 tclass=udp_socket permissive=0
11-11 00:11:10.749 W/audit ( 0): audit_lost=15288790 audit_rate_limit=5 audit_backlog_limit=64
11-11 00:11:10.749 E/audit ( 0): rate limit exceeded
11-11 00:00:49.546 I/auditd ( 2764): type=1400 audit(0.0:15288591): avc: denied { read } for comm="event_loop" lport=13400 scontext=u:r:hht_ota_mgr:s0 tcontext=u:r:hht_ota_mgr:s0 tclass=udp_socket permissive=0
11-11 00:00:49.546 W/event_loop( 2764): type=1400 audit(0.0:15288591): avc: denied { read } for lport=13400 scontext=u:r:hht_ota_mgr:s0 tcontext=u:r:hht_ota_mgr:s0 tclass=udp_socket permissive=0
11-11 00:00:49.546 I/auditd ( 2764): type=1400 audit(0.0:15288592): avc: denied { read } for comm="event_loop" lport=13400 scontext=u:r:hht_ota_mgr:s0 tcontext=u:r:hht_ota_mgr:s0 tclass=udp_socket permissive=0
11-11 00:00:49.546 W/event_loop( 2764): type=1400 audit(0.0:15288592): avc: denied { read } for lport=13400 scontext=u:r:hht_ota_mgr:s0 tcontext=u:r:hht_ota_mgr:s0 tclass=udp_socket permissive=0
11-11 00:00:49.546 I/auditd ( 2764): type=1400 audit(0.0:15288593): avc: denied { read } for comm="event_loop" lport=13400 scontext=u:r:hht_ota_mgr:s0 tcontext=u:r:hht_ota_mgr:s0 tclass=udp_socket permissive=0
11-11 00:00:49.546 W/event_loop( 2764): type=1400 audit(0.0:15288593): avc: denied { read } for lport=13400 scontext=u:r:hht_ota_mgr:s0 tcontext=u:r:hht_ota_mgr:s0 tclass=udp_socket permissive=0
11-11 00:00:49.546 I/auditd ( 2764): type=1400 audit(0.0:15288594): avc: denied { read } for comm="event_loop" lport=13400 scontext=u:r:hht_ota_mgr:s0 tcontext=u:r:hht_ota_mgr:s0 tclass=udp_socket permissive=0
11-11 00:00:49.546 W/event_loop( 2764): type=1400 audit(0.0:15288594): avc: denied { read } for lport=13400 scontext=u:r:hht_ota_mgr:s0 tcontext=u:r:hht_ota_mgr:s0 tclass=udp_socket permissive=0
11-11 00:00:49.606 W/kcp_info( 5265): HCDN_LOG: [T:5570]Update: udp kcp size[0], timeout kcp size[0]
11-11 00:00:50.305 I/OpenGLRenderer( 3511): Davey! duration=9223371620091ms; Flags=0, FrameTimelineVsyncId=4871, IntendedVsync=416763306332, Vsync=416763306332, InputEventId=0, HandleInputStart=416764220098, AnimationStart=416764223587, PerformTraversalsStart=416764226400, DrawStart=416765019160, FrameDeadline=416779972998, FrameInterval=416764211764, FrameStartTime=16666666, SyncQueued=416765608431, SyncStart=416765763275, IssueDrawCommandsStart=416766545202, SwapBuffers=416773395567, FrameCompleted=9223372036854775807, DequeueBufferDuration=40053, QueueBufferDuration=1173021, GpuCompleted=9223372036854775807, SwapBuffersCompleted=416775280619, DisplayPresentTime=0,
11-11 00:00:50.316 I/mpu_uart( 644): [MSG-P:RECV]:No message received in 1000 ms
11-11 00:00:50.454 I/OpenGLRenderer( 3511): Davey! duration=9223371619941ms; Flags=0, FrameTimelineVsyncId=4874, IntendedVsync=416913632688, Vsync=416913632688, InputEventId=0, HandleInputStart=416914849941, AnimationStart=416914853848, PerformTraversalsStart=416914856556, DrawStart=416915969941, FrameDeadline=416946966020, FrameInterval=416914839941, FrameStartTime=16666666, SyncQueued=416916724160, SyncStart=416916859889, IssueDrawCommandsStart=416917728691, SwapBuffers=416925131504, FrameCompleted=9223372036854775807, DequeueBufferDuration=41354, QueueBufferDuration=1130104, GpuCompleted=9223372036854775807, SwapBuffersCompleted=416926848535, DisplayPresentTime=0,
11-11 00:00:50.550 I/auditd ( 2764): type=1400 audit(0.0:15560945): avc: denied { read } for comm="event_loop" lport=13400 scontext=u:r:hht_ota_mgr:s0 tcontext=u:r:hht_ota_mgr:s0 tclass=udp_socket permissive=0
11-11 00:00:50.550 W/event_loop( 2764): type=1400 audit(0.0:15560945): avc: denied { read } for lport=13400 scontext=u:r:hht_ota_mgr:s0 tcontext=u:r:hht_ota_mgr:s0 tclass=udp_socket permissive=0
11-11 00:00:50.550 I/auditd ( 2764): type=1400 audit(0.0:15560946): avc: denied { read } for comm="event_loop" lport=13400 scontext=u:r:hht_ota_mgr:s0 tcontext=u:r:hht_ota_mgr:s0 tclass=udp_socket permissive=0
11-11 00:00:50.550 W/event_loop( 2764): type=1400 audit(0.0:15560946): avc: denied { read } for lport=13400 scontext=u:r:hht_ota_mgr:s0 tcontext=u:r:hht_ota_mgr:s0 tclass=udp_socket permissive=0
11-11 00:00:50.550 I/auditd ( 2764): type=1400 audit(0.0:15560947): avc: denied { read } for comm="event_loop" lport=13400 scontext=u:r:hht_ota_mgr:s0 tcontext=u:r:hht_ota_mgr:s0 tclass=udp_socket permissive=0
11-11 00:00:50.550 W/event_loop( 2764): type=1400 audit(0.0:15560947): avc: denied { read } for lport=13400 scontext=u:r:hht_ota_mgr:s0 tcontext=u:r:hht_ota_mgr:s0 tclass=udp_socket permissive=0
11-11 00:00:50.550 I/auditd ( 2764): type=1400 audit(0.0:15560948): avc: denied { read } for comm="event_loop" lport=13400 scontext=u:r:hht_ota_mgr:s0 tcontext=u:r:hht_ota_mgr:s0 tclass=udp_socket permissive=0
11-11 00:00:50.550 W/event_loop( 2764): type=1400 audit(0.0:15560948): avc: denied { read } for lport=13400 scontext=u:r:hht_ota_mgr:s0 tcontext=u:r:hht_ota_mgr:s0 tclass=udp_socket permissive=0
11-11 00:00:50.550 I/auditd ( 2764): type=1400 audit(0.0:15560949): avc: denied { read } for comm="event_loop" lport=13400 scontext=u:r:hht_ota_mgr:s0 tcontext=u:r:hht_ota_mgr:s0 tclass=udp_socket permissive=0
11-11 00:00:50.550 W/event_loop( 2764): type=1400 audit(0.0:15560949): avc: denied { read } for lport=13400 scontext=u:r:hht_ota_mgr:s0 tcontext=u:r:hht_ota_mgr:s0 tclass=udp_socket permissive=0
11-11 00:11:11.753 W/audit ( 0): audit_lost=15561148 audit_rate_limit=5 audit_backlog_limit=64
11-11 00:11:11.753 E/audit ( 0): rate limit exceeded
11-11 00:00:50.598 W/kcp_info( 5265): HCDN_LOG: [T:5570]Update: udp kcp size[0], timeout kcp size[0]
11-11 00:00:50.612 I/mpu_uart( 644): [MSG-P:R]:recv sync frame timeout
11-11 00:00:50.822 E/tlogd ( 1284): [TzLogger](isPathReadable) file /sys/kernel/debug/tzdbg/qsee_log isn't exist or no permission, err: No such file or directory
11-11 00:00:50.822 E/tlogd ( 1284): [TzLogger](saveTzlogAsync) /sys/kernel/debug/tzdbg/qsee_log can not read.
11-11 00:00:50.822 E/tlogd ( 1284): [TzLogger](isPathReadable) file /sys/kernel/debug/tzdbg/log isn't exist or no permission, err: No such file or directory
11-11 00:00:50.822 E/tlogd ( 1284): [TzLogger](saveTzlogAsync) /sys/kernel/debug/tzdbg/log can not read.
11-11 00:00:50.885 D/audio_hw_primary( 796): copl(0xf280c970):out of compress_wait
11-11 00:00:50.893 D/audio_hw_primary( 796): No space available in compress driver, post msg to cb thread
11-11 00:00:50.893 D/audio_hw_primary( 796): copl(0xf280c970):calling compress_wait
11-11 00:00:51.107 I/OpenGLRenderer( 3511): Davey! duration=9223371619289ms; Flags=0, FrameTimelineVsyncId=4914, IntendedVsync=417565164697, Vsync=417565164697, InputEventId=0, HandleInputStart=417565913900, AnimationStart=417565917754, PerformTraversalsStart=417565920358, DrawStart=417566804889, FrameDeadline=417598498029, FrameInterval=417565901868, FrameStartTime=16666666, SyncQueued=417567506243, SyncStart=417567663118, IssueDrawCommandsStart=417568612025, SwapBuffers=417576156712, FrameCompleted=9223372036854775807, DequeueBufferDuration=40521, QueueBufferDuration=1144167, GpuCompleted=9223372036854775807, SwapBuffersCompleted=417577939264, DisplayPresentTime=0,
11-11 00:00:51.112 D/CompatibilityInfo( 1526): mCompatibilityFlags - 4
11-11 00:00:51.112 D/CompatibilityInfo( 1526): applicationDensity - 240
11-11 00:00:51.112 D/CompatibilityInfo( 1526): applicationScale - 1.0
11-11 00:00:51.117 D/CompatibilityInfo( 1526): mCompatibilityFlags - 4
11-11 00:00:51.117 D/CompatibilityInfo( 1526): applicationDensity - 240
11-11 00:00:51.117 D/CompatibilityInfo( 1526): applicationScale - 1.0
11-11 00:00:51.316 I/mpu_uart( 644): [MSG-P:RECV]:No message received in 1000 ms
11-11 00:00:51.325 I/OpenGLRenderer( 3511): Davey! duration=9223371619072ms; Flags=0, FrameTimelineVsyncId=4917, IntendedVsync=417782296134, Vsync=417782296134, InputEventId=0, HandleInputStart=417782992337, AnimationStart=417782996191, PerformTraversalsStart=417782999212, DrawStart=417783876608, FrameDeadline=417815629466, FrameInterval=417782981608, FrameStartTime=16666666, SyncQueued=417784678587, SyncStart=417784860514, IssueDrawCommandsStart=417785799368, SwapBuffers=417792839004, FrameCompleted=9223372036854775807, DequeueBufferDuration=49219, QueueBufferDuration=1121041, GpuCompleted=9223372036854775807, SwapBuffersCompleted=417794619316, DisplayPresentTime=0,
11-11 00:00:51.554 I/auditd ( 2764): type=1400 audit(0.0:15833203): avc: denied { read } for comm="event_loop" lport=13400 scontext=u:r:hht_ota_mgr:s0 tcontext=u:r:hht_ota_mgr:s0 tclass=udp_socket permissive=0
11-11 00:00:51.554 W/event_loop( 2764): type=1400 audit(0.0:15833203): avc: denied { read } for lport=13400 scontext=u:r:hht_ota_mgr:s0 tcontext=u:r:hht_ota_mgr:s0 tclass=udp_socket permissive=0
11-11 00:00:51.554 I/auditd ( 2764): type=1400 audit(0.0:15833204): avc: denied { read } for comm="event_loop" lport=13400 scontext=u:r:hht_ota_mgr:s0 tcontext=u:r:hht_ota_mgr:s0 tclass=udp_socket permissive=0
11-11 00:00:51.554 W/event_loop( 2764): type=1400 audit(0.0:15833204): avc: denied { read } for lport=13400 scontext=u:r:hht_ota_mgr:s0 tcontext=u:r:hht_ota_mgr:s0 tclass=udp_socket permissive=0
11-11 00:00:51.554 I/auditd ( 2764): type=1400 audit(0.0:15833205): avc: denied { read } for comm="event_loop" lport=13400 scontext=u:r:hht_ota_mgr:s0 tcontext=u:r:hht_ota_mgr:s0 tclass=udp_socket permissive=0
11-11 00:00:51.554 W/event_loop( 2764): type=1400 audit(0.0:15833205): avc: denied { read } for lport=13400 scontext=u:r:hht_ota_mgr:s0 tcontext=u:r:hht_ota_mgr:s0 tclass=udp_socket permissive=0
11-11 00:00:51.554 I/auditd ( 2764): type=1400 audit(0.0:15833206): avc: denied { read } for comm="event_loop" lport=13400 scontext=u:r:hht_ota_mgr:s0 tcontext=u:r:hht_ota_mgr:s0 tclass=udp_socket permissive=0
11-11 00:00:51.554 W/event_loop( 2764): type=1400 audit(0.0:15833206): avc: denied { read } for lport=13400 scontext=u:r:hht_ota_mgr:s0 tcontext=u:r:hht_ota_mgr:s0 tclass=udp_socket permissive=0
11-11 00:00:51.554 I/auditd ( 2764): type=1400 audit(0.0:15833207): avc: denied { read } for comm="event_loop" lport=13400 scontext=u:r:hht_ota_mgr:s0 tcontext=u:r:hht_ota_mgr:s0 tclass=udp_socket permissive=0
11-11 00:00:51.554 W/event_loop( 2764): type=1400 audit(0.0:15833207): avc: denied { read } for lport=13400 scontext=u:r:hht_ota_mgr:s0 tcontext=u:r:hht_ota_mgr:s0 tclass=udp_socket permissive=0
11-11 00:11:12.757 W/audit ( 0): audit_lost=15833397 audit_rate_limit=5 audit_backlog_limit=64
11-11 00:11:12.757 E/audit ( 0): rate limit exceeded
11-11 00:00:51.633 W/kcp_info( 5265): HCDN_LOG: [T:5570]Update: udp kcp size[0], timeout kcp size[0]
11-11 00:00:51.675 I/OpenGLRenderer( 3511): Davey! duration=9223371618721ms; Flags=0, FrameTimelineVsyncId=4923, IntendedVsync=418133201403, Vsync=418133201403, InputEventId=0, HandleInputStart=418133822181, AnimationStart=418133825826, PerformTraversalsStart=418133828379, DrawStart=418134607389, FrameDeadline=418166534735, FrameInterval=418133813066, FrameStartTime=16666666, SyncQueued=418135215566, SyncStart=418135350410, IssueDrawCommandsStart=418136213691, SwapBuffers=418143343639, FrameCompleted=9223372036854775807, DequeueBufferDuration=50365, QueueBufferDuration=1311771, GpuCompleted=9223372036854775807, SwapBuffersCompleted=418145389941, DisplayPresentTime=0,
11-11 00:00:51.876 I/OpenGLRenderer( 3511): Davey! duration=9223371618520ms; Flags=0, FrameTimelineVsyncId=4926, IntendedVsync=418333675047, Vsync=418333675047, InputEventId=0, HandleInputStart=418334710566, AnimationStart=418334714212, PerformTraversalsStart=418334716764, DrawStart=418335515983, FrameDeadline=418367008379, FrameInterval=418334701608, FrameStartTime=16666666, SyncQueued=418336242493, SyncStart=418336379733, IssueDrawCommandsStart=418337192493, SwapBuffers=418343778587, FrameCompleted=9223372036854775807, DequeueBufferDuration=39219, QueueBufferDuration=1133907, GpuCompleted=9223372036854775807, SwapBuffersCompleted=418345659889, DisplayPresentTime=0,
11-11 00:00:52.217 I/am_uid_idle( 1526): 10062
11-11 00:00:52.294 I/OpenGLRenderer( 3511): Davey! duration=9223371618103ms; Flags=0, FrameTimelineVsyncId=4932, IntendedVsync=418751443714, Vsync=418751443714, InputEventId=0, HandleInputStart=418751953118, AnimationStart=418751956868, PerformTraversalsStart=418751959472, DrawStart=418752824941, FrameDeadline=418784777046, FrameInterval=418751943639, FrameStartTime=16666666, SyncQueued=418753459316, SyncStart=418753610149, IssueDrawCommandsStart=418754473014, SwapBuffers=418761101191, FrameCompleted=9223372036854775807, DequeueBufferDuration=45625, QueueBufferDuration=1340937, GpuCompleted=9223372036854775807, SwapBuffersCompleted=418763229055, DisplayPresentTime=0,
11-11 00:00:52.317 I/mpu_uart( 644): [MSG-P:RECV]:No message received in 1000 ms
11-11 00:00:52.460 I/OpenGLRenderer( 3511): Davey! duration=9223371617936ms; Flags=0, FrameTimelineVsyncId=4935, IntendedVsync=418918490395, Vsync=418918490395, InputEventId=0, HandleInputStart=418919398430, AnimationStart=418919401920, PerformTraversalsStart=418919404628, DrawStart=418920583430, FrameDeadline=418951823727, FrameInterval=418919389524, FrameStartTime=16666666, SyncQueued=418921225409, SyncStart=418921359212, IssueDrawCommandsStart=418922112545, SwapBuffers=418928755774, FrameCompleted=9223372036854775807, DequeueBufferDuration=38802, QueueBufferDuration=1081355, GpuCompleted=9223372036854775807, SwapBuffersCompleted=418930441712, DisplayPresentTime=0,
11-11 00:00:52.558 I/auditd ( 2764): type=1400 audit(0.0:16104451): avc: denied { read } for comm="event_loop" lport=13400 scontext=u:r:hht_ota_mgr:s0 tcontext=u:r:hht_ota_mgr:s0 tclass=udp_socket permissive=0
11-11 00:00:52.558 W/event_loop( 2764): type=1400 audit(0.0:16104451): avc: denied { read } for lport=13400 scontext=u:r:hht_ota_mgr:s0 tcontext=u:r:hht_ota_mgr:s0 tclass=udp_socket permissive=0
11-11 00:00:52.558 I/auditd ( 2764): type=1400 audit(0.0:16104452): avc: denied { read } for comm="event_loop" lport=13400 scontext=u:r:hht_ota_mgr:s0 tcontext=u:r:hht_ota_mgr:s0 tclass=udp_socket permissive=0
11-11 00:00:52.558 W/event_loop( 2764): type=1400 audit(0.0:16104452): avc: denied { read } for lport=13400 scontext=u:r:hht_ota_mgr:s0 tcontext=u:r:hht_ota_mgr:s0 tclass=udp_socket permissive=0
11-11 00:00:52.558 I/auditd ( 2764): type=1400 audit(0.0:16104453): avc: denied { read } for comm="event_loop" lport=13400 scontext=u:r:hht_ota_mgr:s0 tcontext=u:r:hht_ota_mgr:s0 tclass=udp_socket permissive=0
11-11 00:00:52.558 W/event_loop( 2764): type=1400 audit(0.0:16104453): avc: denied { read } for lport=13400 scontext=u:r:hht_ota_mgr:s0 tcontext=u:r:hht_ota_mgr:s0 tclass=udp_socket permissive=0
11-11 00:00:52.558 I/auditd ( 2764): type=1400 audit(0.0:16104454): avc: denied { read } for comm="event_loop" lport=13400 scontext=u:r:hht_ota_mgr:s0 tcontext=u:r:hht_ota_mgr:s0 tclass=udp_socket permissive=0
11-11 00:00:52.558 W/event_loop( 2764): type=1400 audit(0.0:16104454): avc: denied { read } for lport=13400 scontext=u:r:hht_ota_mgr:s0 tcontext=u:r:hht_ota_mgr:s0 tclass=udp_socket permissive=0
11-11 00:00:52.558 I/auditd ( 2764): type=1400 audit(0.0:16104455): avc: denied { read } for comm="event_loop" lport=13400 scontext=u:r:hht_ota_mgr:s0 tcontext=u:r:hht_ota_mgr:s0 tclass=udp_socket permissive=0
11-11 00:00:52.558 W/event_loop( 2764): type=1400 audit(0.0:16104455): avc: denied { read } for lport=13400 scontext=u:r:hht_ota_mgr:s0 tcontext=u:r:hht_ota_mgr:s0 tclass=udp_socket permissive=0
11-11 00:11:13.761 W/audit ( 0): audit_lost=16104640 audit_rate_limit=5 audit_backlog_limit=64
11-11 00:11:13.761 E/audit ( 0): rate limit exceeded
11-11 00:00:52.640 W/kcp_info( 5265): HCDN_LOG: [T:5570]Update: udp kcp size[0], timeout kcp size[0]
11-11 00:00:52.677 I/OpenGLRenderer( 3511): Davey! duration=9223371617718ms; Flags=0, FrameTimelineVsyncId=4938, IntendedVsync=419135665201, Vsync=419135665201, InputEventId=0, HandleInputStart=419136586399, AnimationStart=419136590514, PerformTraversalsStart=419136593170, DrawStart=419137448170, FrameDeadline=419168998533, FrameInterval=419136576086, FrameStartTime=16666666, SyncQueued=419138117545, SyncStart=419138273586, IssueDrawCommandsStart=419139131295, SwapBuffers=419146045461, FrameCompleted=9223372036854775807, DequeueBufferDuration=44740, QueueBufferDuration=1217761, GpuCompleted=9223372036854775807, SwapBuffersCompleted=419147891295, DisplayPresentTime=0,
11-11 00:00:52.945 D/audio_hw_primary( 796): copl(0xf280c970):out of compress_wait
11-11 00:00:52.948 D/audio_hw_primary( 796): No space available in compress driver, post msg to cb thread
11-11 00:00:52.948 D/audio_hw_primary( 796): copl(0xf280c970):calling compress_wait
11-11 00:00:53.096 I/OpenGLRenderer( 3511): Davey! duration=9223371617301ms; Flags=0, FrameTimelineVsyncId=4944, IntendedVsync=419553410020, Vsync=419553410020, InputEventId=0, HandleInputStart=419554394003, AnimationStart=419554397857, PerformTraversalsStart=419554400670, DrawStart=419555343222, FrameDeadline=419586743352, FrameInterval=419554383534, FrameStartTime=16666666, SyncQueued=419556105618, SyncStart=419556269003, IssueDrawCommandsStart=419557141243, SwapBuffers=419564084472, FrameCompleted=9223372036854775807, DequeueBufferDuration=44219, QueueBufferDuration=1332135, GpuCompleted=9223372036854775807, SwapBuffersCompleted=419566206972, DisplayPresentTime=0,
11-11 00:00:53.317 I/mpu_uart( 644): [MSG-P:RECV]:No message received in 1000 ms
11-11 00:00:53.562 I/auditd ( 2764): type=1400 audit(0.0:16376207): avc: denied { read } for comm="event_loop" lport=13400 scontext=u:r:hht_ota_mgr:s0 tcontext=u:r:hht_ota_mgr:s0 tclass=udp_socket permissive=0
11-11 00:00:53.562 W/event_loop( 2764): type=1400 audit(0.0:16376207): avc: denied { read } for lport=13400 scontext=u:r:hht_ota_mgr:s0 tcontext=u:r:hht_ota_mgr:s0 tclass=udp_socket permissive=0
11-11 00:00:53.562 I/auditd ( 2764): type=1400 audit(0.0:16376208): avc: denied { read } for comm="event_loop" lport=13400 scontext=u:r:hht_ota_mgr:s0 tcontext=u:r:hht_ota_mgr:s0 tclass=udp_socket permissive=0
11-11 00:00:53.562 W/event_loop( 2764): type=1400 audit(0.0:16376208): avc: denied { read } for lport=13400 scontext=u:r:hht_ota_mgr:s0 tcontext=u:r:hht_ota_mgr:s0 tclass=udp_socket permissive=0
11-11 00:00:53.562 I/auditd ( 2764): type=1400 audit(0.0:16376209): avc: denied { read } for comm="event_loop" lport=13400 scontext=u:r:hht_ota_mgr:s0 tcontext=u:r:hht_ota_mgr:s0 tclass=udp_socket permissive=0
11-11 00:00:53.562 W/event_loop( 2764): type=1400 audit(0.0:16376209): avc: denied { read } for lport=13400 scontext=u:r:hht_ota_mgr:s0 tcontext=u:r:hht_ota_mgr:s0 tclass=udp_socket permissive=0
11-11 00:00:53.562 I/auditd ( 2764): type=1400 audit(0.0:16376210): avc: denied { read } for comm="event_loop" lport=13400 scontext=u:r:hht_ota_mgr:s0 tcontext=u:r:hht_ota_mgr:s0 tclass=udp_socket permissive=0
11-11 00:00:53.562 W/event_loop( 2764): type=1400 audit(0.0:16376210): avc: denied { read } for lport=13400 scontext=u:r:hht_ota_mgr:s0 tcontext=u:r:hht_ota_mgr:s0 tclass=udp_socket permissive=0
11-11 00:00:53.562 I/auditd ( 2764): type=1400 audit(0.0:16376211): avc: denied { read } for comm="event_loop" lport=13400 scontext=u:r:hht_ota_mgr:s0 tcontext=u:r:hht_ota_mgr:s0 tclass=udp_socket permissive=0
11-11 00:00:53.562 W/event_loop( 2764): type=1400 audit(0.0:16376211): avc: denied { read } for lport=13400 scontext=u:r:hht_ota_mgr:s0 tcontext=u:r:hht_ota_mgr:s0 tclass=udp_socket permissive=0
11-11 00:11:14.765 W/audit ( 0): audit_lost=16376395 audit_rate_limit=5 audit_backlog_limit=64
11-11 00:11:14.765 E/audit ( 0): rate limit exceeded
11-11 00:00:53.612 I/mpu_uart( 644): [MSG-P:R]:recv sync frame timeout
11-11 00:00:53.663 I/OpenGLRenderer( 3511): Davey! duration=9223371616733ms; Flags=0, FrameTimelineVsyncId=4953, IntendedVsync=420121418583, Vsync=420121418583, InputEventId=0, HandleInputStart=420122340461, AnimationStart=420122344263, PerformTraversalsStart=420122346867, DrawStart=420123183117, FrameDeadline=420154751915, FrameInterval=420122331399, FrameStartTime=16666666, SyncQueued=420123845305, SyncStart=420124190357, IssueDrawCommandsStart=420125022805, SwapBuffers=420131663222, FrameCompleted=9223372036854775807, DequeueBufferDuration=45052, QueueBufferDuration=1101302, GpuCompleted=9223372036854775807, SwapBuffersCompleted=420133542961, DisplayPresentTime=0,
11-11 00:00:53.673 W/kcp_info( 5265): HCDN_LOG: [T:5570]Update: udp kcp size[0], timeout kcp size[0]
11-11 00:00:53.881 I/OpenGLRenderer( 3511): Davey! duration=9223371616516ms; Flags=0, FrameTimelineVsyncId=4956, IntendedVsync=420338597768, Vsync=420338597768, InputEventId=0, HandleInputStart=420339488221, AnimationStart=420339493274, PerformTraversalsStart=420339495930, DrawStart=420340467544, FrameDeadline=420371931100, FrameInterval=420339478169, FrameStartTime=16666666, SyncQueued=420341157544, SyncStart=420341312857, IssueDrawCommandsStart=420342207753, SwapBuffers=420349054107, FrameCompleted=9223372036854775807, DequeueBufferDuration=47032, QueueBufferDuration=1263437, GpuCompleted=9223372036854775807, SwapBuffersCompleted=420350961971, DisplayPresentTime=0,
11-11 00:00:54.081 I/OpenGLRenderer( 3511): Davey! duration=9223371616315ms; Flags=0, FrameTimelineVsyncId=4959, IntendedVsync=420539071512, Vsync=420539071512, InputEventId=0, HandleInputStart=420539919523, AnimationStart=420539923534, PerformTraversalsStart=420539926138, DrawStart=420540807284, FrameDeadline=420572404844, FrameInterval=420539910409, FrameStartTime=16666666, SyncQueued=420541437440, SyncStart=420541760357, IssueDrawCommandsStart=420542573378, SwapBuffers=420549110982, FrameCompleted=9223372036854775807, DequeueBufferDuration=44271, QueueBufferDuration=1021927, GpuCompleted=9223372036854775807, SwapBuffersCompleted=420550719680, DisplayPresentTime=0,
11-11 00:00:54.317 I/mpu_uart( 644): [MSG-P:RECV]:No message received in 1000 ms
11-11 00:00:54.566 I/auditd ( 2764): type=1400 audit(0.0:16648699): avc: denied { read } for comm="event_loop" lport=13400 scontext=u:r:hht_ota_mgr:s0 tcontext=u:r:hht_ota_mgr:s0 tclass=udp_socket permissive=0
11-11 00:00:54.566 W/event_loop( 2764): type=1400 audit(0.0:16648699): avc: denied { read } for lport=13400 scontext=u:r:hht_ota_mgr:s0 tcontext=u:r:hht_ota_mgr:s0 tclass=udp_socket permissive=0
11-11 00:00:54.566 I/auditd ( 2764): type=1400 audit(0.0:16648700): avc: denied { read } for comm="event_loop" lport=13400 scontext=u:r:hht_ota_mgr:s0 tcontext=u:r:hht_ota_mgr:s0 tclass=udp_socket permissive=0
11-11 00:00:54.566 W/event_loop( 2764): type=1400 audit(0.0:16648700): avc: denied { read } for lport=13400 scontext=u:r:hht_ota_mgr:s0 tcontext=u:r:hht_ota_mgr:s0 tclass=udp_socket permissive=0
11-11 00:00:54.566 I/auditd ( 2764): type=1400 audit(0.0:16648701): avc: denied { read } for comm="event_loop" lport=13400 scontext=u:r:hht_ota_mgr:s0 tcontext=u:r:hht_ota_mgr:s0 tclass=udp_socket permissive=0
11-11 00:00:54.566 W/event_loop( 2764): type=1400 audit(0.0:16648701): avc: denied { read } for lport=13400 scontext=u:r:hht_ota_mgr:s0 tcontext=u:r:hht_ota_mgr:s0 tclass=udp_socket permissive=0
11-11 00:00:54.566 I/auditd ( 2764): type=1400 audit(0.0:16648702): avc: denied { read } for comm="event_loop" lport=13400 scontext=u:r:hht_ota_mgr:s0 tcontext=u:r:hht_ota_mgr:s0 tclass=udp_socket permissive=0
11-11 00:00:54.566 W/event_loop( 2764): type=1400 audit(0.0:16648702): avc: denied { read } for lport=13400 scontext=u:r:hht_ota_mgr:s0 tcontext=u:r:hht_ota_mgr:s0 tclass=udp_socket permissive=0
11-11 00:00:54.566 I/auditd ( 2764): type=1400 audit(0.0:16648703): avc: denied { read } for comm="event_loop" lport=13400 scontext=u:r:hht_ota_mgr:s0 tcontext=u:r:hht_ota_mgr:s0 tclass=udp_socket permissive=0
11-11 00:00:54.566 W/event_loop( 2764): type=1400 audit(0.0:16648703): avc: denied { read } for lport=13400 scontext=u:r:hht_ota_mgr:s0 tcontext=u:r:hht_ota_mgr:s0 tclass=udp_socket permissive=0
11-11 00:11:15.769 W/audit ( 0): audit_lost=16648884 audit_rate_limit=5 audit_backlog_limit=64
11-11 00:11:15.769 E/audit ( 0): rate limit exceeded
11-11 00:00:54.709 W/kcp_info( 5265): HCDN_LOG: [T:5570]Update: udp kcp size[0], timeout kcp size[0]
11-11 00:00:54.985 D/audio_hw_primary( 796): copl(0xf280c970):out of compress_wait
11-11 00:00:54.987 D/audio_hw_primary( 796): No space available in compress driver, post msg to cb thread
11-11 00:00:54.987 D/audio_hw_primary( 796): copl(0xf280c970):calling compress_wait
11-11 00:00:55.317 I/mpu_uart( 644): [MSG-P:RECV]:No message received in 1000 ms
11-11 00:00:55.566 I/auditd ( 2764): type=1400 audit(0.0:16920790): avc: denied { read } for comm="event_loop" lport=13400 scontext=u:r:hht_ota_mgr:s0 tcontext=u:r:hht_ota_mgr:s0 tclass=udp_socket permissive=0
11-11 00:00:55.566 W/event_loop( 2764): type=1400 audit(0.0:16920790): avc: denied { read } for lport=13400 scontext=u:r:hht_ota_mgr:s0 tcontext=u:r:hht_ota_mgr:s0 tclass=udp_socket permissive=0
11-11 00:00:55.570 I/auditd ( 2764): type=1400 audit(0.0:16920791): avc: denied { read } for comm="event_loop" lport=13400 scontext=u:r:hht_ota_mgr:s0 tcontext=u:r:hht_ota_mgr:s0 tclass=udp_socket permissive=0
11-11 00:00:55.570 W/event_loop( 2764): type=1400 audit(0.0:16920791): avc: denied { read } for lport=13400 scontext=u:r:hht_ota_mgr:s0 tcontext=u:r:hht_ota_mgr:s0 tclass=udp_socket permissive=0
11-11 00:00:55.570 I/auditd ( 2764): type=1400 audit(0.0:16920792): avc: denied { read } for comm="event_loop" lport=13400 scontext=u:r:hht_ota_mgr:s0 tcontext=u:r:hht_ota_mgr:s0 tclass=udp_socket permissive=0
11-11 00:00:55.570 W/event_loop( 2764): type=1400 audit(0.0:16920792): avc: denied { read } for lport=13400 scontext=u:r:hht_ota_mgr:s0 tcontext=u:r:hht_ota_mgr:s0 tclass=udp_socket permissive=0
11-11 00:00:55.570 I/auditd ( 2764): type=1400 audit(0.0:16920793): avc: denied { read } for comm="event_loop" lport=13400 scontext=u:r:hht_ota_mgr:s0 tcontext=u:r:hht_ota_mgr:s0 tclass=udp_socket permissive=0
11-11 00:00:55.570 W/event_loop( 2764): type=1400 audit(0.0:16920793): avc: denied { read } for lport=13400 scontext=u:r:hht_ota_mgr:s0 tcontext=u:r:hht_ota_mgr:s0 tclass=udp_socket permissive=0
11-11 00:00:55.570 I/auditd ( 2764): type=1400 audit(0.0:16920794): avc: denied { read } for comm="event_loop" lport=13400 scontext=u:r:hht_ota_mgr:s0 tcontext=u:r:hht_ota_mgr:s0 tclass=udp_socket permissive=0
11-11 00:00:55.570 W/event_loop( 2764): type=1400 audit(0.0:16920794): avc: denied { read } for lport=13400 scontext=u:r:hht_ota_mgr:s0 tcontext=u:r:hht_ota_mgr:s0 tclass=udp_socket permissive=0
11-11 00:11:16.773 W/audit ( 0): audit_lost=16920970 audit_rate_limit=5 audit_backlog_limit=64
11-11 00:11:16.773 E/audit ( 0): rate limit exceeded
11-11 00:00:55.695 I/input_interaction( 1526): Interaction with: 3cc3abf StatusBar (server), edge-swipe (server), swipe-up (server), PointerEventDispatcher0 (server),
11-11 00:00:55.697 I/sysui_multi_action( 2000): [757,803,799,panel_open,802,1]
11-11 00:00:55.698 I/sysui_multi_action( 2000): [757,1328,758,4,1326,46,1327,2,1329,0]
11-11 00:00:55.729 D/StatusBar( 2000): disable disable2
11-11 00:00:55.729 I/sysui_multi_action( 1526): [757,127,758,1]
11-11 00:00:55.729 I/sysui_multi_action( 1526): [757,804,799,note_load,801,2,802,1]
11-11 00:00:55.729 I/notification_panel_revealed( 1526): 2
11-11 00:00:55.736 I/input_focus( 1526): [Focus request 7464592 NotificationShade,reason=UpdateInputWindows]
11-11 00:00:55.746 I/sysui_multi_action( 1526): [757,128,758,1,793,975172439,794,0,795,975172439,796,26,798,0,806,android,857,DEVELOPER_IMPORTANT,858,4,947,0,1395,2,1500,975171955,1688,1]
11-11 00:00:55.746 I/sysui_multi_action( 1526): [757,804,799,note_freshness,801,975172439,802,1]
11-11 00:00:55.747 I/notification_visibility( 1526): [-1|android|26|null|1000,1,975172439,975172439,0,0]
11-11 00:00:55.747 I/sysui_multi_action( 1526): [757,128,758,1,793,975173016,794,0,795,975173016,796,32,798,1,806,android,857,USB,858,1,947,0,1395,2,1500,975172934,1688,1]
11-11 00:00:55.747 I/sysui_multi_action( 1526): [757,804,799,note_freshness,801,975173016,802,1]
11-11 00:00:55.747 I/notification_visibility( 1526): [-1|android|32|null|1000,1,975173016,975173016,0,1]
11-11 00:00:55.755 W/kcp_info( 5265): HCDN_LOG: [T:5570]Update: udp kcp size[0], timeout kcp size[0]
11-11 00:00:55.762 I/input_focus( 1526): [Focus leaving 9022c10 com.android.music/com.android.music.MusicBrowserActivity (server),reason=setFocusedWindow]
11-11 00:00:55.762 I/input_focus( 1526): [Focus entering 7464592 NotificationShade (server),reason=setFocusedWindow]
11-11 00:00:55.793 I/sysui_multi_action( 2000): [757,111,758,1]
11-11 00:00:55.794 I/sysui_multi_action( 2000): [757,126,758,1,759,126,927,0,928,1,1593,0]
11-11 00:00:55.794 I/sysui_multi_action( 2000): [757,113,758,1,759,113,927,1,928,0,1593,0]
11-11 00:00:55.794 I/sysui_multi_action( 2000): [757,0,758,1,759,0,927,2,928,0,1593,0]
11-11 00:00:55.794 I/sysui_multi_action( 2000): [757,0,758,1,759,0,927,3,928,0,1593,0]
11-11 00:00:55.794 I/sysui_multi_action( 2000): [757,491,758,1,759,491,927,4,928,0,1311,-1,1593,0]
11-11 00:00:55.794 I/sysui_multi_action( 2000): [757,0,758,1,759,0,927,5,928,0,1593,0]
11-11 00:00:55.795 I/sysui_multi_action( 2000): [757,111,758,1]
11-11 00:00:55.795 I/sysui_multi_action( 2000): [757,126,758,1,759,126,927,0,928,1,1593,0]
11-11 00:00:55.795 I/sysui_multi_action( 2000): [757,113,758,1,759,113,927,1,928,0,1593,0]
11-11 00:00:55.795 I/sysui_multi_action( 2000): [757,0,758,1,759,0,927,2,928,0,1593,0]
11-11 00:00:55.795 I/sysui_multi_action( 2000): [757,0,758,1,759,0,927,3,928,0,1593,0]
11-11 00:00:55.822 E/tlogd ( 1284): [TzLogger](isPathReadable) file /sys/kernel/debug/tzdbg/qsee_log isn't exist or no permission, err: No such file or directory
11-11 00:00:55.822 E/tlogd ( 1284): [TzLogger](saveTzlogAsync) /sys/kernel/debug/tzdbg/qsee_log can not read.
11-11 00:00:55.822 E/tlogd ( 1284): [TzLogger](isPathReadable) file /sys/kernel/debug/tzdbg/log isn't exist or no permission, err: No such file or directory
11-11 00:00:55.822 E/tlogd ( 1284): [TzLogger](saveTzlogAsync) /sys/kernel/debug/tzdbg/log can not read.
11-11 00:00:56.318 I/mpu_uart( 644): [MSG-P:RECV]:No message received in 1000 ms
11-11 00:00:56.574 I/auditd ( 2764): type=1400 audit(0.0:17193415): avc: denied { read } for comm="event_loop" lport=13400 scontext=u:r:hht_ota_mgr:s0 tcontext=u:r:hht_ota_mgr:s0 tclass=udp_socket permissive=0
11-11 00:00:56.574 W/event_loop( 2764): type=1400 audit(0.0:17193415): avc: denied { read } for lport=13400 scontext=u:r:hht_ota_mgr:s0 tcontext=u:r:hht_ota_mgr:s0 tclass=udp_socket permissive=0
11-11 00:00:56.574 I/auditd ( 2764): type=1400 audit(0.0:17193416): avc: denied { read } for comm="event_loop" lport=13400 scontext=u:r:hht_ota_mgr:s0 tcontext=u:r:hht_ota_mgr:s0 tclass=udp_socket permissive=0
11-11 00:00:56.574 W/event_loop( 2764): type=1400 audit(0.0:17193416): avc: denied { read } for lport=13400 scontext=u:r:hht_ota_mgr:s0 tcontext=u:r:hht_ota_mgr:s0 tclass=udp_socket permissive=0
11-11 00:00:56.574 I/auditd ( 2764): type=1400 audit(0.0:17193417): avc: denied { read } for comm="event_loop" lport=13400 scontext=u:r:hht_ota_mgr:s0 tcontext=u:r:hht_ota_mgr:s0 tclass=udp_socket permissive=0
11-11 00:00:56.574 W/event_loop( 2764): type=1400 audit(0.0:17193417): avc: denied { read } for lport=13400 scontext=u:r:hht_ota_mgr:s0 tcontext=u:r:hht_ota_mgr:s0 tclass=udp_socket permissive=0
11-11 00:00:56.574 I/auditd ( 2764): type=1400 audit(0.0:17193418): avc: denied { read } for comm="event_loop" lport=13400 scontext=u:r:hht_ota_mgr:s0 tcontext=u:r:hht_ota_mgr:s0 tclass=udp_socket permissive=0
11-11 00:00:56.574 W/event_loop( 2764): type=1400 audit(0.0:17193418): avc: denied { read } for lport=13400 scontext=u:r:hht_ota_mgr:s0 tcontext=u:r:hht_ota_mgr:s0 tclass=udp_socket permissive=0
11-11 00:00:56.574 I/auditd ( 2764): type=1400 audit(0.0:17193419): avc: denied { read } for comm="event_loop" lport=13400 scontext=u:r:hht_ota_mgr:s0 tcontext=u:r:hht_ota_mgr:s0 tclass=udp_socket permissive=0
11-11 00:00:56.574 W/event_loop( 2764): type=1400 audit(0.0:17193419): avc: denied { read } for lport=13400 scontext=u:r:hht_ota_mgr:s0 tcontext=u:r:hht_ota_mgr:s0 tclass=udp_socket permissive=0
11-11 00:11:17.777 W/audit ( 0): audit_lost=17193581 audit_rate_limit=5 audit_backlog_limit=64
11-11 00:11:17.777 E/audit ( 0): rate limit exceeded
11-11 00:00:56.616 I/mpu_uart( 644): [MSG-P:R]:recv sync frame timeout
11-11 00:00:56.771 W/kcp_info( 5265): HCDN_LOG: [T:5570]Update: udp kcp size[0], timeout kcp size[0]
11-11 00:00:57.025 D/audio_hw_primary( 796): copl(0xf280c970):out of compress_wait
11-11 00:00:57.027 D/audio_hw_primary( 796): No space available in compress driver, post msg to cb thread
11-11 00:00:57.027 D/audio_hw_primary( 796): copl(0xf280c970):calling compress_wait
11-11 00:00:57.318 I/mpu_uart( 644): [MSG-P:RECV]:No message received in 1000 ms
11-11 00:00:57.578 I/auditd ( 2764): type=1400 audit(0.0:17466221): avc: denied { read } for comm="event_loop" lport=13400 scontext=u:r:hht_ota_mgr:s0 tcontext=u:r:hht_ota_mgr:s0 tclass=udp_socket permissive=0
11-11 00:00:57.578 W/event_loop( 2764): type=1400 audit(0.0:17466221): avc: denied { read } for lport=13400 scontext=u:r:hht_ota_mgr:s0 tcontext=u:r:hht_ota_mgr:s0 tclass=udp_socket permissive=0
11-11 00:00:57.578 I/auditd ( 2764): type=1400 audit(0.0:17466222): avc: denied { read } for comm="event_loop" lport=13400 scontext=u:r:hht_ota_mgr:s0 tcontext=u:r:hht_ota_mgr:s0 tclass=udp_socket permissive=0
11-11 00:00:57.578 W/event_loop( 2764): type=1400 audit(0.0:17466222): avc: denied { read } for lport=13400 scontext=u:r:hht_ota_mgr:s0 tcontext=u:r:hht_ota_mgr:s0 tclass=udp_socket permissive=0
11-11 00:00:57.578 I/auditd ( 2764): type=1400 audit(0.0:17466223): avc: denied { read } for comm="event_loop" lport=13400 scontext=u:r:hht_ota_mgr:s0 tcontext=u:r:hht_ota_mgr:s0 tclass=udp_socket permissive=0
11-11 00:00:57.578 W/event_loop( 2764): type=1400 audit(0.0:17466223): avc: denied { read } for lport=13400 scontext=u:r:hht_ota_mgr:s0 tcontext=u:r:hht_ota_mgr:s0 tclass=udp_socket permissive=0
11-11 00:00:57.578 I/auditd ( 2764): type=1400 audit(0.0:17466224): avc: denied { read } for comm="event_loop" lport=13400 scontext=u:r:hht_ota_mgr:s0 tcontext=u:r:hht_ota_mgr:s0 tclass=udp_socket permissive=0
11-11 00:00:57.578 W/event_loop( 2764): type=1400 audit(0.0:17466224): avc: denied { read } for lport=13400 scontext=u:r:hht_ota_mgr:s0 tcontext=u:r:hht_ota_mgr:s0 tclass=udp_socket permissive=0
11-11 00:00:57.578 I/auditd ( 2764): type=1400 audit(0.0:17466225): avc: denied { read } for comm="event_loop" lport=13400 scontext=u:r:hht_ota_mgr:s0 tcontext=u:r:hht_ota_mgr:s0 tclass=udp_socket permissive=0
11-11 00:00:57.578 W/event_loop( 2764): type=1400 audit(0.0:17466225): avc: denied { read } for lport=13400 scontext=u:r:hht_ota_mgr:s0 tcontext=u:r:hht_ota_mgr:s0 tclass=udp_socket permissive=0
11-11 00:11:18.781 W/audit ( 0): audit_lost=17466380 audit_rate_limit=5 audit_backlog_limit=64
11-11 00:11:18.781 E/audit ( 0): rate limit exceeded
11-11 00:00:57.772 W/kcp_info( 5265): HCDN_LOG: [T:5570]Update: udp kcp size[0], timeout kcp size[0]
11-11 00:00:58.060 I/input_interaction( 1526): Interaction with: 7464592 NotificationShade (server), edge-swipe (server), swipe-up (server), PointerEventDispatcher0 (server),
11-11 00:00:58.223 I/OpenGLRenderer( 2000): Davey! duration=9223371612162ms; Flags=0, FrameTimelineVsyncId=5306, IntendedVsync=424682296820, Vsync=424682296820, InputEventId=0, HandleInputStart=424682779678, AnimationStart=424682781293, PerformTraversalsStart=424682888897, DrawStart=424686808793, FrameDeadline=424698963486, FrameInterval=424682776814, FrameStartTime=16666666, SyncQueued=424686879782, SyncStart=424697277386, IssueDrawCommandsStart=424697354157, SwapBuffers=424697673480, FrameCompleted=9223372036854775807, DequeueBufferDuration=26510, QueueBufferDuration=752031, GpuCompleted=9223372036854775807, SwapBuffersCompleted=424699288168, DisplayPresentTime=72057628414509975,
11-11 00:00:58.318 I/mpu_uart( 644): [MSG-P:RECV]:No message received in 1000 ms
11-11 00:00:58.518 I/sysui_multi_action( 2000): [757,111,758,2]
11-11 00:00:58.520 I/sysui_multi_action( 2000): [757,111,758,2]
11-11 00:00:58.582 I/auditd ( 2764): type=1400 audit(0.0:17738363): avc: denied { read } for comm="event_loop" lport=13400 scontext=u:r:hht_ota_mgr:s0 tcontext=u:r:hht_ota_mgr:s0 tclass=udp_socket permissive=0
11-11 00:00:58.582 W/event_loop( 2764): type=1400 audit(0.0:17738363): avc: denied { read } for lport=13400 scontext=u:r:hht_ota_mgr:s0 tcontext=u:r:hht_ota_mgr:s0 tclass=udp_socket permissive=0
11-11 00:00:58.582 I/auditd ( 2764): type=1400 audit(0.0:17738364): avc: denied { read } for comm="event_loop" lport=13400 scontext=u:r:hht_ota_mgr:s0 tcontext=u:r:hht_ota_mgr:s0 tclass=udp_socket permissive=0
11-11 00:00:58.582 W/event_loop( 2764): type=1400 audit(0.0:17738364): avc: denied { read } for lport=13400 scontext=u:r:hht_ota_mgr:s0 tcontext=u:r:hht_ota_mgr:s0 tclass=udp_socket permissive=0
11-11 00:00:58.582 I/auditd ( 2764): type=1400 audit(0.0:17738365): avc: denied { read } for comm="event_loop" lport=13400 scontext=u:r:hht_ota_mgr:s0 tcontext=u:r:hht_ota_mgr:s0 tclass=udp_socket permissive=0
11-11 00:00:58.582 W/event_loop( 2764): type=1400 audit(0.0:17738365): avc: denied { read } for lport=13400 scontext=u:r:hht_ota_mgr:s0 tcontext=u:r:hht_ota_mgr:s0 tclass=udp_socket permissive=0
11-11 00:00:58.582 I/auditd ( 2764): type=1400 audit(0.0:17738366): avc: denied { read } for comm="event_loop" lport=13400 scontext=u:r:hht_ota_mgr:s0 tcontext=u:r:hht_ota_mgr:s0 tclass=udp_socket permissive=0
11-11 00:00:58.582 W/event_loop( 2764): type=1400 audit(0.0:17738366): avc: denied { read } for lport=13400 scontext=u:r:hht_ota_mgr:s0 tcontext=u:r:hht_ota_mgr:s0 tclass=udp_socket permissive=0
11-11 00:00:58.582 I/auditd ( 2764): type=1400 audit(0.0:17738367): avc: denied { read } for comm="event_loop" lport=13400 scontext=u:r:hht_ota_mgr:s0 tcontext=u:r:hht_ota_mgr:s0 tclass=udp_socket permissive=0
11-11 00:00:58.582 W/event_loop( 2764): type=1400 audit(0.0:17738367): avc: denied { read } for lport=13400 scontext=u:r:hht_ota_mgr:s0 tcontext=u:r:hht_ota_mgr:s0 tclass=udp_socket permissive=0
11-11 00:11:19.785 W/audit ( 0): audit_lost=17738525 audit_rate_limit=5 audit_backlog_limit=64
11-11 00:11:19.785 E/audit ( 0): rate limit exceeded
11-11 00:00:58.734 I/input_focus( 1526): [Focus request 9022c10 com.android.music/com.android.music.MusicBrowserActivity,reason=UpdateInputWindows]
11-11 00:00:58.738 I/sysui_multi_action( 1526): [757,128,758,2,793,975175431,794,2992,795,975175431,796,26,798,0,806,android,857,DEVELOPER_IMPORTANT,858,4,947,0,1395,2,1500,975174947,1688,1]
11-11 00:00:58.739 I/notification_visibility( 1526): [-1|android|26|null|1000,0,975175431,975175431,0,0]
11-11 00:00:58.739 I/sysui_multi_action( 1526): [757,128,758,2,793,975176008,794,2992,795,975176008,796,32,798,1,806,android,857,USB,858,1,947,0,1395,2,1500,975175926,1688,1]
11-11 00:00:58.739 I/notification_visibility( 1526): [-1|android|32|null|1000,0,975176008,975176008,0,1]
11-11 00:00:58.741 I/sysui_multi_action( 1526): [757,127,758,2]
11-11 00:00:58.741 I/notification_panel_hidden( 1526):
11-11 00:00:58.742 D/StatusBar( 2000): disable disable2
11-11 00:00:58.752 I/input_focus( 1526): [Focus leaving 7464592 NotificationShade (server),reason=NO_WINDOW]
11-11 00:00:58.752 I/input_focus( 1526): [Focus entering 9022c10 com.android.music/com.android.music.MusicBrowserActivity (server),reason=setFocusedWindow]
11-11 00:00:58.759 V/KeyguardUpdateMonitor( 2000): *** unregister callback for com.android.keyguard.CarrierTextManager$2@300b3f
11-11 00:00:58.809 W/kcp_info( 5265): HCDN_LOG: [T:5570]Update: udp kcp size[0], timeout kcp size[0]
11-11 00:00:59.089 D/audio_hw_primary( 796): copl(0xf280c970):out of compress_wait
11-11 00:00:59.092 D/audio_hw_primary( 796): No space available in compress driver, post msg to cb thread
11-11 00:00:59.092 D/audio_hw_primary( 796): copl(0xf280c970):calling compress_wait
11-11 00:00:59.295 I/OpenGLRenderer( 3511): Davey! duration=9223371611103ms; Flags=0, FrameTimelineVsyncId=5439, IntendedVsync=425751448637, Vsync=425751448637, InputEventId=0, HandleInputStart=425752206344, AnimationStart=425752209678, PerformTraversalsStart=425752212386, DrawStart=425753110667, FrameDeadline=425784781969, FrameInterval=425752195928, FrameStartTime=16666666, SyncQueued=425753830407, SyncStart=425753984417, IssueDrawCommandsStart=425754906865, SwapBuffers=425761459157, FrameCompleted=9223372036854775807, DequeueBufferDuration=46823, QueueBufferDuration=1173802, GpuCompleted=9223372036854775807, SwapBuffersCompleted=425763257438, DisplayPresentTime=0,
11-11 00:00:59.318 I/mpu_uart( 644): [MSG-P:RECV]:No message received in 1000 ms
11-11 00:00:59.461 I/OpenGLRenderer( 3511): Davey! duration=9223371610936ms; Flags=0, FrameTimelineVsyncId=5442, IntendedVsync=425918540026, Vsync=425918540026, InputEventId=0, HandleInputStart=425919725094, AnimationStart=425919729261, PerformTraversalsStart=425919732282, DrawStart=425920923115, FrameDeadline=425951873358, FrameInterval=425919715771, FrameStartTime=16666666, SyncQueued=425921427073, SyncStart=425921575094, IssueDrawCommandsStart=425922389678, SwapBuffers=425928796865, FrameCompleted=9223372036854775807, DequeueBufferDuration=43437, QueueBufferDuration=1061927, GpuCompleted=9223372036854775807, SwapBuffersCompleted=425930443688, DisplayPresentTime=0,
11-11 00:00:59.586 I/auditd ( 2764): type=1400 audit(0.0:18010154): avc: denied { read } for comm="event_loop" lport=13400 scontext=u:r:hht_ota_mgr:s0 tcontext=u:r:hht_ota_mgr:s0 tclass=udp_socket permissive=0
11-11 00:00:59.586 W/event_loop( 2764): type=1400 audit(0.0:18010154): avc: denied { read } for lport=13400 scontext=u:r:hht_ota_mgr:s0 tcontext=u:r:hht_ota_mgr:s0 tclass=udp_socket permissive=0
11-11 00:00:59.586 I/auditd ( 2764): type=1400 audit(0.0:18010155): avc: denied { read } for comm="event_loop" lport=13400 scontext=u:r:hht_ota_mgr:s0 tcontext=u:r:hht_ota_mgr:s0 tclass=udp_socket permissive=0
11-11 00:00:59.586 W/event_loop( 2764): type=1400 audit(0.0:18010155): avc: denied { read } for lport=13400 scontext=u:r:hht_ota_mgr:s0 tcontext=u:r:hht_ota_mgr:s0 tclass=udp_socket permissive=0
11-11 00:00:59.586 I/auditd ( 2764): type=1400 audit(0.0:18010156): avc: denied { read } for comm="event_loop" lport=13400 scontext=u:r:hht_ota_mgr:s0 tcontext=u:r:hht_ota_mgr:s0 tclass=udp_socket permissive=0
11-11 00:00:59.586 W/event_loop( 2764): type=1400 audit(0.0:18010156): avc: denied { read } for lport=13400 scontext=u:r:hht_ota_mgr:s0 tcontext=u:r:hht_ota_mgr:s0 tclass=udp_socket permissive=0
11-11 00:00:59.586 I/auditd ( 2764): type=1400 audit(0.0:18010157): avc: denied { read } for comm="event_loop" lport=13400 scontext=u:r:hht_ota_mgr:s0 tcontext=u:r:hht_ota_mgr:s0 tclass=udp_socket permissive=0
11-11 00:00:59.586 W/event_loop( 2764): type=1400 audit(0.0:18010157): avc: denied { read } for lport=13400 scontext=u:r:hht_ota_mgr:s0 tcontext=u:r:hht_ota_mgr:s0 tclass=udp_socket permissive=0
11-11 00:00:59.586 I/auditd ( 2764): type=1400 audit(0.0:18010158): avc: denied { read } for comm="event_loop" lport=13400 scontext=u:r:hht_ota_mgr:s0 tcontext=u:r:hht_ota_mgr:s0 tclass=udp_socket permissive=0
11-11 00:00:59.586 W/event_loop( 2764): type=1400 audit(0.0:18010158): avc: denied { read } for lport=13400 scontext=u:r:hht_ota_mgr:s0 tcontext=u:r:hht_ota_mgr:s0 tclass=udp_socket permissive=0
11-11 00:11:20.789 W/audit ( 0): audit_lost=18010316 audit_rate_limit=5 audit_backlog_limit=64
11-11 00:11:20.789 E/audit ( 0): rate limit exceeded
11-11 00:00:59.619 I/mpu_uart( 644): [MSG-P:R]:recv sync frame timeout
11-11 00:00:59.841 W/kcp_info( 5265): HCDN_LOG: [T:5570]Update: udp kcp size[0], timeout kcp size[0]
11-11 00:00:59.878 I/OpenGLRenderer( 3511): Davey! duration=9223371610518ms; Flags=0, FrameTimelineVsyncId=5448, IntendedVsync=426336269722, Vsync=426336269722, InputEventId=0, HandleInputStart=426337340094, AnimationStart=426337343896, PerformTraversalsStart=426337347177, DrawStart=426338191188, FrameDeadline=426369603054, FrameInterval=426337329625, FrameStartTime=16666666, SyncQueued=426338855198, SyncStart=426339011813, IssueDrawCommandsStart=426339830250, SwapBuffers=426346435042, FrameCompleted=9223372036854775807, DequeueBufferDuration=43854, QueueBufferDuration=1108750, GpuCompleted=9223372036854775807, SwapBuffersCompleted=426348259886, DisplayPresentTime=0,
11-11 00:01:00.004 D/KeyguardUpdateMonitor( 2000): received broadcast android.intent.action.TIME_TICK
11-11 00:01:00.004 D/KeyguardUpdateMonitor( 2000): handleTimeUpdate
11-11 00:01:00.318 I/mpu_uart( 644): [MSG-P:RECV]:No message received in 1000 ms
