11-11 00:00:27.539 W/event_loop( 2764): type=1400 audit(0.0:4140389): avc: denied { read } for lport=13400 scontext=u:r:hht_ota_mgr:s0 tcontext=u:r:hht_ota_mgr:s0 tclass=udp_socket permissive=0
11-11 00:10:29.585 W/audit ( 0): audit_lost=4140794 audit_rate_limit=5 audit_backlog_limit=64
11-11 00:10:29.585 E/audit ( 0): rate limit exceeded
11-11 00:00:27.727 I/mpu_uart( 644): [MSG-P:R]:recv sync frame timeout
11-11 00:00:27.946 I/OpenGLRenderer( 3511): Davey! duration=9223371661607ms; Flags=0, FrameTimelineVsyncId=3826, IntendedVsync=375246779905, Vsync=375246779905, InputEventId=0, HandleInputStart=375247624385, AnimationStart=375247628344, PerformTraversalsStart=375247631260, DrawStart=375248562771, FrameDeadline=375280113237, FrameInterval=375247613500, FrameStartTime=16666666, SyncQueued=375249078604, SyncStart=375249232719, IssueDrawCommandsStart=375250226364, SwapBuffers=375256747927, FrameCompleted=9223372036854775807, DequeueBufferDuration=43802, QueueBufferDuration=1093386, GpuCompleted=9223372036854775807, SwapBuffersCompleted=375258428604, DisplayPresentTime=0,
11-11 00:00:28.004 D/CompatibilityInfo( 1526): mCompatibilityFlags - 4
11-11 00:00:28.004 D/CompatibilityInfo( 1526): applicationDensity - 240
11-11 00:00:28.004 D/CompatibilityInfo( 1526): applicationScale - 1.0
11-11 00:00:28.008 D/CompatibilityInfo( 1526): mCompatibilityFlags - 4
11-11 00:00:28.008 D/CompatibilityInfo( 1526): applicationDensity - 240
11-11 00:00:28.008 D/CompatibilityInfo( 1526): applicationScale - 1.0
11-11 00:00:28.008 D/MicroSettings: SetTimeAction( 2156): current timestamp: 1668096028008
11-11 00:00:28.008 D/MicroSettings: SetTimeAction( 2156): setTime: 14000
11-11 00:00:28.009 D/AlarmManagerService( 1526): Setting time of day to sec=14
11-11 00:00:28.009 W/AlarmManagerService( 1526): Unable to set rtc to 14: Invalid argument
11-11 00:00:28.213 W/kcp_info( 5265): HCDN_LOG: [T:5570]Update: udp kcp size[0], timeout kcp size[0]
11-11 00:00:28.462 I/mpu_uart( 644): [MSG-P:RECV]:No message received in 1000 ms
11-11 00:00:28.531 I/OpenGLRenderer( 3511): Davey! duration=9223371661023ms; Flags=0, FrameTimelineVsyncId=3835, IntendedVsync=375831523039, Vsync=375831523039, InputEventId=0, HandleInputStart=375832499489, AnimationStart=375832503552, PerformTraversalsStart=375832506208, DrawStart=375833817979, FrameDeadline=375864856371, FrameInterval=375832487406, FrameStartTime=16666666, SyncQueued=375834372823, SyncStart=375834545010, IssueDrawCommandsStart=375835483448, SwapBuffers=375842199177, FrameCompleted=9223372036854775807, DequeueBufferDuration=52031, QueueBufferDuration=1301250, GpuCompleted=9223372036854775807, SwapBuffersCompleted=375844196677, DisplayPresentTime=0,
11-11 00:00:28.545 I/auditd ( 2764): type=1400 audit(0.0:4412832): avc: denied { read } for comm="event_loop" lport=13400 scontext=u:r:hht_ota_mgr:s0 tcontext=u:r:hht_ota_mgr:s0 tclass=udp_socket permissive=0
11-11 00:00:28.545 W/event_loop( 2764): type=1400 audit(0.0:4412832): avc: denied { read } for lport=13400 scontext=u:r:hht_ota_mgr:s0 tcontext=u:r:hht_ota_mgr:s0 tclass=udp_socket permissive=0
11-11 00:00:28.545 I/auditd ( 2764): type=1400 audit(0.0:4412833): avc: denied { read } for comm="event_loop" lport=13400 scontext=u:r:hht_ota_mgr:s0 tcontext=u:r:hht_ota_mgr:s0 tclass=udp_socket permissive=0
11-11 00:00:28.545 W/event_loop( 2764): type=1400 audit(0.0:4412833): avc: denied { read } for lport=13400 scontext=u:r:hht_ota_mgr:s0 tcontext=u:r:hht_ota_mgr:s0 tclass=udp_socket permissive=0
11-11 00:00:28.545 I/auditd ( 2764): type=1400 audit(0.0:4412834): avc: denied { read } for comm="event_loop" lport=13400 scontext=u:r:hht_ota_mgr:s0 tcontext=u:r:hht_ota_mgr:s0 tclass=udp_socket permissive=0
11-11 00:00:28.545 W/event_loop( 2764): type=1400 audit(0.0:4412834): avc: denied { read } for lport=13400 scontext=u:r:hht_ota_mgr:s0 tcontext=u:r:hht_ota_mgr:s0 tclass=udp_socket permissive=0
11-11 00:00:28.545 I/auditd ( 2764): type=1400 audit(0.0:4412835): avc: denied { read } for comm="event_loop" lport=13400 scontext=u:r:hht_ota_mgr:s0 tcontext=u:r:hht_ota_mgr:s0 tclass=udp_socket permissive=0
11-11 00:00:28.545 W/event_loop( 2764): type=1400 audit(0.0:4412835): avc: denied { read } for lport=13400 scontext=u:r:hht_ota_mgr:s0 tcontext=u:r:hht_ota_mgr:s0 tclass=udp_socket permissive=0
11-11 00:00:28.545 I/auditd ( 2764): type=1400 audit(0.0:4412836): avc: denied { read } for comm="event_loop" lport=13400 scontext=u:r:hht_ota_mgr:s0 tcontext=u:r:hht_ota_mgr:s0 tclass=udp_socket permissive=0
11-11 00:00:28.545 W/event_loop( 2764): type=1400 audit(0.0:4412836): avc: denied { read } for lport=13400 scontext=u:r:hht_ota_mgr:s0 tcontext=u:r:hht_ota_mgr:s0 tclass=udp_socket permissive=0
11-11 00:10:30.589 W/audit ( 0): audit_lost=4413237 audit_rate_limit=5 audit_backlog_limit=64
11-11 00:10:30.589 E/audit ( 0): rate limit exceeded
11-11 00:00:29.012 W/ContextImpl( 2156): Calling a method in the system process without a qualified user: android.app.ContextImpl.sendBroadcast:1173 android.content.ContextWrapper.sendBroadcast:479 com.thundercomm.microsettings.action.SetTimeAction.timeUpdated:212 com.thundercomm.microsettings.action.SetTimeAction.update24HourFormat:194 com.thundercomm.microsettings.action.SetTimeAction.doActualAction:154
11-11 00:00:29.018 D/MicroSettings: ITCMicroCommonCallback( 2156): get request method = syncTime parameters = {"IDCM_Time_12_24":"24","IDCM_Timestamp":14000,"IDCM_Timezone":"GMT+08:00"}
11-11 00:00:29.020 D/AlarmManagerService( 1526): Kernel timezone updated to -480 minutes west of GMT
11-11 00:00:29.020 D/MicroSettings: SetTimeAction( 2156): setTimezone: Asia/Shanghai
11-11 00:00:29.020 D/AlarmManagerService( 1526): Kernel timezone updated to -480 minutes west of GMT
11-11 00:00:29.022 D/DevicePolicyManager( 1526): updateSystemUpdateFreezePeriodsRecord
11-11 00:00:29.022 D/ConditionProviders.SCP( 1526): onReceive android.intent.action.TIME_SET
11-11 00:00:29.023 D/IconProvider( 2527): onReceive: android.intent.action.TIME_SET
11-11 00:00:29.023 D/IconProvider( 2527): onReceive: android.intent.action.TIME_SET
11-11 00:00:29.023 D/ConditionProviders.SCP( 1526): evaluateSubscriptionLocked cal=ScheduleCalendar[mDays={1, 2, 3, 4, 5, 6, 7}, mSchedule=ScheduleInfo{days=[1, 2, 3, 4, 5, 6, 7], startHour=22, startMinute=0, endHour=7, endMinute=0, exitAtAlarm=true, nextAlarm=Thu Jan 01 08:00:00 GMT+08:00 1970 (0)}], now=Fri Nov 11 00:00:29 GMT+08:00 2022 (1668096029022), nextUserAlarmTime=Thu Jan 01 08:00:00 GMT+08:00 1970 (0)
11-11 00:00:29.024 D/ConditionProviders.SCP( 1526): notifyCondition condition://android/schedule?days=1.2.3.4.5.6.7&start=22.0&end=7.0&exitAtAlarm=true STATE_TRUE reason=meetsSchedule
11-11 00:00:29.024 D/BaseModelUpdateTask( 2527): BaseModelUpdateTask constructor
11-11 00:00:29.024 D/BaseModelUpdateTask( 2527): java.lang.Exception
11-11 00:00:29.024 D/BaseModelUpdateTask( 2527): at com.android.launcher3.model.BaseModelUpdateTask.(BaseModelUpdateTask.java:57)
11-11 00:00:29.024 D/BaseModelUpdateTask( 2527): at com.android.launcher3.model.PackageUpdatedTask.(PackageUpdatedTask.java:88)
11-11 00:00:29.024 D/BaseModelUpdateTask( 2527): at com.android.launcher3.LauncherModel.onPackageChanged(LauncherModel.java:156)
11-11 00:00:29.024 D/BaseModelUpdateTask( 2527): at com.android.launcher3.LauncherModel.onAppIconChanged(LauncherModel.java:226)
11-11 00:00:29.024 D/BaseModelUpdateTask( 2527): at com.android.launcher3.LauncherAppState$IconObserver.onAppIconChanged(LauncherAppState.java:206)
11-11 00:00:29.024 D/BaseModelUpdateTask( 2527): at com.android.launcher3.icons.IconProvider$IconChangeReceiver.onReceive(IconProvider.java:371)
11-11 00:00:29.024 D/BaseModelUpdateTask( 2527): at android.app.LoadedApk$ReceiverDispatcher$Args.lambda$getRunnable$0$LoadedApk$ReceiverDispatcher$Args(LoadedApk.java:1679)
11-11 00:00:29.024 D/BaseModelUpdateTask( 2527): at android.app.LoadedApk$ReceiverDispatcher$Args$$ExternalSyntheticLambda0.run(Unknown Source:2)
11-11 00:00:29.024 D/BaseModelUpdateTask( 2527): at android.os.Handler.handleCallback(Handler.java:938)
11-11 00:00:29.024 D/BaseModelUpdateTask( 2527): at android.os.Handler.dispatchMessage(Handler.java:99)
11-11 00:00:29.024 D/BaseModelUpdateTask( 2527): at android.os.Looper.loopOnce(Looper.java:201)
11-11 00:00:29.024 D/BaseModelUpdateTask( 2527): at android.os.Looper.loop(Looper.java:288)
11-11 00:00:29.024 D/BaseModelUpdateTask( 2527): at android.os.HandlerThread.run(HandlerThread.java:67)
11-11 00:00:29.024 D/PackageUpdatedTask( 2527): PackageUpdatedTask constructor: op=2,user=UserHandle{0},packages=[com.android.calendar]
11-11 00:00:29.024 D/PackageUpdatedTask( 2527): java.lang.Exception
11-11 00:00:29.024 D/PackageUpdatedTask( 2527): at com.android.launcher3.model.PackageUpdatedTask.(PackageUpdatedTask.java:93)
11-11 00:00:29.024 D/PackageUpdatedTask( 2527): at com.android.launcher3.LauncherModel.onPackageChanged(LauncherModel.java:156)
11-11 00:00:29.024 D/PackageUpdatedTask( 2527): at com.android.launcher3.LauncherModel.onAppIconChanged(LauncherModel.java:226)
11-11 00:00:29.024 D/PackageUpdatedTask( 2527): at com.android.launcher3.LauncherAppState$IconObserver.onAppIconChanged(LauncherAppState.java:206)
11-11 00:00:29.024 D/PackageUpdatedTask( 2527): at com.android.launcher3.icons.IconProvider$IconChangeReceiver.onReceive(IconProvider.java:371)
11-11 00:00:29.024 D/PackageUpdatedTask( 2527): at android.app.LoadedApk$ReceiverDispatcher$Args.lambda$getRunnable$0$LoadedApk$ReceiverDispatcher$Args(LoadedApk.java:1679)
11-11 00:00:29.024 D/PackageUpdatedTask( 2527): at android.app.LoadedApk$ReceiverDispatcher$Args$$ExternalSyntheticLambda0.run(Unknown Source:2)
11-11 00:00:29.024 D/PackageUpdatedTask( 2527): at android.os.Handler.handleCallback(Handler.java:938)
11-11 00:00:29.024 D/PackageUpdatedTask( 2527): at android.os.Handler.dispatchMessage(Handler.java:99)
11-11 00:00:29.024 D/PackageUpdatedTask( 2527): at android.os.Looper.loopOnce(Looper.java:201)
11-11 00:00:29.024 D/PackageUpdatedTask( 2527): at android.os.Looper.loop(Looper.java:288)
11-11 00:00:29.024 D/PackageUpdatedTask( 2527): at android.os.HandlerThread.run(HandlerThread.java:67)
11-11 00:00:29.025 D/ConditionProviders.SCP( 1526): Scheduling evaluate for Fri Nov 11 07:00:00 GMT+08:00 2022 (1668121200000), in +6h59m30s978ms, now=Fri Nov 11 00:00:29 GMT+08:00 2022 (1668096029022)
11-11 00:00:29.025 D/KeyguardUpdateMonitor( 2000): received broadcast android.intent.action.TIME_SET
11-11 00:00:29.026 D/Launcher.IconCache( 2527): Package not found
11-11 00:00:29.026 D/Launcher.IconCache( 2527): android.content.pm.PackageManager$NameNotFoundException: com.android.calendar
11-11 00:00:29.026 D/Launcher.IconCache( 2527): at android.app.ApplicationPackageManager.getPackageInfoAsUser(ApplicationPackageManager.java:241)
11-11 00:00:29.026 D/Launcher.IconCache( 2527): at android.app.ApplicationPackageManager.getPackageInfo(ApplicationPackageManager.java:213)
11-11 00:00:29.026 D/Launcher.IconCache( 2527): at com.android.launcher3.icons.IconCache.updateIconsForPkg(IconCache.java:122)
11-11 00:00:29.026 D/Launcher.IconCache( 2527): at com.android.launcher3.model.PackageUpdatedTask.execute(PackageUpdatedTask.java:130)
11-11 00:00:29.026 D/Launcher.IconCache( 2527): at com.android.launcher3.model.BaseModelUpdateTask.run(BaseModelUpdateTask.java:80)
11-11 00:00:29.026 D/Launcher.IconCache( 2527): at com.android.launcher3.util.LooperExecutor.execute(LooperExecutor.java:45)
11-11 00:00:29.026 D/Launcher.IconCache( 2527): at com.android.launcher3.LauncherModel.enqueueModelUpdateTask(LauncherModel.java:555)
11-11 00:00:29.026 D/Launcher.IconCache( 2527): at com.android.launcher3.LauncherModel.onPackageChanged(LauncherModel.java:156)
11-11 00:00:29.026 D/Launcher.IconCache( 2527): at com.android.launcher3.LauncherModel.onAppIconChanged(LauncherModel.java:226)
11-11 00:00:29.026 D/Launcher.IconCache( 2527): at com.android.launcher3.LauncherAppState$IconObserver.onAppIconChanged(LauncherAppState.java:206)
11-11 00:00:29.026 D/Launcher.IconCache( 2527): at com.android.launcher3.icons.IconProvider$IconChangeReceiver.onReceive(IconProvider.java:371)
11-11 00:00:29.026 D/Launcher.IconCache( 2527): at android.app.LoadedApk$ReceiverDispatcher$Args.lambda$getRunnable$0$LoadedApk$ReceiverDispatcher$Args(LoadedApk.java:1679)
11-11 00:00:29.026 D/Launcher.IconCache( 2527): at android.app.LoadedApk$ReceiverDispatcher$Args$$ExternalSyntheticLambda0.run(Unknown Source:2)
11-11 00:00:29.026 D/Launcher.IconCache( 2527): at android.os.Handler.handleCallback(Handler.java:938)
11-11 00:00:29.026 D/Launcher.IconCache( 2527): at android.os.Handler.dispatchMessage(Handler.java:99)
11-11 00:00:29.026 D/Launcher.IconCache( 2527): at android.os.Looper.loopOnce(Looper.java:201)
11-11 00:00:29.026 D/Launcher.IconCache( 2527): at android.os.Looper.loop(Looper.java:288)
11-11 00:00:29.026 D/Launcher.IconCache( 2527): at android.os.HandlerThread.run(HandlerThread.java:67)
11-11 00:00:29.027 D/BaseModelUpdateTask( 2527): BaseModelUpdateTask constructor
11-11 00:00:29.027 D/BaseModelUpdateTask( 2527): java.lang.Exception
11-11 00:00:29.027 D/BaseModelUpdateTask( 2527): at com.android.launcher3.model.BaseModelUpdateTask.(BaseModelUpdateTask.java:57)
11-11 00:00:29.027 D/BaseModelUpdateTask( 2527): at com.android.launcher3.LauncherModel$6.(LauncherModel.java:605)
11-11 00:00:29.027 D/BaseModelUpdateTask( 2527): at com.android.launcher3.LauncherModel.refreshAndBindWidgetsAndShortcuts(LauncherModel.java:605)
11-11 00:00:29.027 D/BaseModelUpdateTask( 2527): at com.android.launcher3.Launcher.refreshAndBindWidgetsForPackageUser(Launcher.java:2878)
11-11 00:00:29.027 D/BaseModelUpdateTask( 2527): at com.android.launcher3.model.PackageUpdatedTask.execute(PackageUpdatedTask.java:139)
11-11 00:00:29.027 D/BaseModelUpdateTask( 2527): at com.android.launcher3.model.BaseModelUpdateTask.run(BaseModelUpdateTask.java:80)
11-11 00:00:29.027 D/BaseModelUpdateTask( 2527): at com.android.launcher3.util.LooperExecutor.execute(LooperExecutor.java:45)
11-11 00:00:29.027 D/BaseModelUpdateTask( 2527): at com.android.launcher3.LauncherModel.enqueueModelUpdateTask(LauncherModel.java:555)
11-11 00:00:29.027 D/BaseModelUpdateTask( 2527): at com.android.launcher3.LauncherModel.onPackageChanged(LauncherModel.java:156)
11-11 00:00:29.027 D/BaseModelUpdateTask( 2527): at com.android.launcher3.LauncherModel.onAppIconChanged(LauncherModel.java:226)
11-11 00:00:29.027 D/BaseModelUpdateTask( 2527): at com.android.launcher3.LauncherAppState$IconObserver.onAppIconChanged(LauncherAppState.java:206)
11-11 00:00:29.027 D/BaseModelUpdateTask( 2527): at com.android.launcher3.icons.IconProvider$IconChangeReceiver.onReceive(IconProvider.java:371)
11-11 00:00:29.027 D/BaseModelUpdateTask( 2527): at android.app.LoadedApk$ReceiverDispatcher$Args.lambda$getRunnable$0$LoadedApk$ReceiverDispatcher$Args(LoadedApk.java:1679)
11-11 00:00:29.027 D/BaseModelUpdateTask( 2527): at android.app.LoadedApk$ReceiverDispatcher$Args$$ExternalSyntheticLambda0.run(Unknown Source:2)
11-11 00:00:29.027 D/BaseModelUpdateTask( 2527): at android.os.Handler.handleCallback(Handler.java:938)
11-11 00:00:29.027 D/BaseModelUpdateTask( 2527): at android.os.Handler.dispatchMessage(Handler.java:99)
11-11 00:00:29.027 D/BaseModelUpdateTask( 2527): at android.os.Looper.loopOnce(Looper.java:201)
11-11 00:00:29.027 D/BaseModelUpdateTask( 2527): at android.os.Looper.loop(Looper.java:288)
11-11 00:00:29.027 D/BaseModelUpdateTask( 2527): at android.os.HandlerThread.run(HandlerThread.java:67)
11-11 00:00:29.028 D/CompatibilityInfo( 1526): mCompatibilityFlags - 4
11-11 00:00:29.028 D/CompatibilityInfo( 1526): applicationDensity - 240
11-11 00:00:29.028 D/CompatibilityInfo( 1526): applicationScale - 1.0
11-11 00:00:29.029 D/OsAgent ( 2639): [time_change_update][3164] [HC] =>> [HS]
11-11 00:00:29.030 D/KeyguardUpdateMonitor( 2000): handleTimeUpdate
11-11 00:00:29.030 V/LocSvc_HIDL_IzatSubscription( 809): [timeChangeUpdate][645] [HS] <<<<= [HC]
11-11 00:00:29.031 D/TimeService( 5248): Receivedandroid.intent.action.TIME_SET intent. Current Time is 1668096029031
11-11 00:00:29.031 W/kcp_info( 5265): HCDN_LOG: [T:5570]Update: udp kcp size[0], timeout kcp size[0]
11-11 00:00:29.033 D/QC-time-services( 642): Daemon: Connection accepted:time_genoff
11-11 00:00:29.035 D/QC-time-services( 642): Daemon:Received base = 2, unit = 1, operation = 0,value = 1668096029033
11-11 00:00:29.035 D/QC-time-services( 642): Daemon:genoff_opr: Base = 2, val = 1668096029033, operation = 0
11-11 00:00:29.035 D/QC-time-services( 642): Daemon:Value read from QTimer mseconds = 378587
11-11 00:00:29.035 D/QC-time-services( 642): Daemon:Value read from RTC mseconds on boot = 7137000
11-11 00:00:29.035 D/QC-time-services( 642): Daemon:Delta read on boot mseconds = 7128979
11-11 00:00:29.035 D/QC-time-services( 642): Daemon:new time 1668096029033
11-11 00:00:29.035 D/QC-time-services( 642): Daemon: delta 1668088521467 genoff 1668088521467
11-11 00:00:29.035 D/QC-time-services( 642): Daemon:genoff_persistent_update: Writing genoff = 1668088521467 to memory
11-11 00:00:29.035 D/QC-time-services( 642): Daemon:Opening File: /mnt/vendor/persist/time/ats_2 /data/vendor/time/ats_2
11-11 00:00:29.035 D/QC-time-services( 642): Daemon:time_persistent_memory_opr:Genoff write operation
11-11 00:00:29.038 I/WidgetsModel( 2527): found whitelist widget: com.android.settings, label: 璁剧疆蹇嵎鏂瑰紡, sectionName:S
11-11 00:00:29.038 D/QC-time-services( 642): Updating the TOD offset
11-11 00:00:29.038 D/QC-time-services( 642): Daemon:genoff_persistent_update: Writing genoff = 1668088521467 to memory
11-11 00:00:29.038 D/QC-time-services( 642): Daemon:Opening File: /mnt/vendor/persist/time/ats_1 /data/vendor/time/ats_1
11-11 00:00:29.038 D/QC-time-services( 642): Daemon:time_persistent_memory_opr:Genoff write operation
11-11 00:00:29.038 I/WidgetsModel( 2527): found whitelist widget: com.android.gallery3d, label: 鐓х墖, sectionName:T
11-11 00:00:29.038 I/WidgetsModel( 2527): found whitelist widget: com.android.systemui, label: 瀵硅瘽, sectionName:D
11-11 00:00:29.040 I/WidgetsModel( 2527): found whitelist widget: com.android.music, label: 闊充箰, sectionName:Y
11-11 00:00:29.040 D/QC-time-services( 642): Daemon:genoff_set: Updating the WLAN offset
11-11 00:00:29.040 D/QC-time-services( 642): Daemon:genoff_persistent_update: Writing genoff = 1668088521467 to memory
11-11 00:00:29.040 D/QC-time-services( 642): Daemon:Opening File: /mnt/vendor/persist/time/ats_16 /data/vendor/time/ats_16
11-11 00:00:29.040 D/QC-time-services( 642): Daemon:time_persistent_memory_opr:Genoff write operation
11-11 00:00:29.040 D/ModelWriter( 2527): removing items from db
11-11 00:00:29.040 D/ModelWriter( 2527): java.lang.Exception
11-11 00:00:29.040 D/ModelWriter( 2527): at com.android.launcher3.model.ModelWriter.deleteItemsFromDatabase(ModelWriter.java:280)
11-11 00:00:29.040 D/ModelWriter( 2527): at com.android.launcher3.model.ModelWriter.deleteItemsFromDatabase(ModelWriter.java:268)
11-11 00:00:29.040 D/ModelWriter( 2527): at com.android.launcher3.model.BaseModelUpdateTask.deleteAndBindComponentsRemoved(BaseModelUpdateTask.java:140)
11-11 00:00:29.040 D/ModelWriter( 2527): at com.android.launcher3.model.PackageUpdatedTask.execute(PackageUpdatedTask.java:353)
11-11 00:00:29.040 D/ModelWriter( 2527): at com.android.launcher3.model.BaseModelUpdateTask.run(BaseModelUpdateTask.java:80)
11-11 00:00:29.040 D/ModelWriter( 2527): at com.android.launcher3.util.LooperExecutor.execute(LooperExecutor.java:45)
11-11 00:00:29.040 D/ModelWriter( 2527): at com.android.launcher3.LauncherModel.enqueueModelUpdateTask(LauncherModel.java:555)
11-11 00:00:29.040 D/ModelWriter( 2527): at com.android.launcher3.LauncherModel.onPackageChanged(LauncherModel.java:156)
11-11 00:00:29.040 D/ModelWriter( 2527): at com.android.launcher3.LauncherModel.onAppIconChanged(LauncherModel.java:226)
11-11 00:00:29.040 D/ModelWriter( 2527): at com.android.launcher3.LauncherAppState$IconObserver.onAppIconChanged(LauncherAppState.java:206)
11-11 00:00:29.040 D/ModelWriter( 2527): at com.android.launcher3.icons.IconProvider$IconChangeReceiver.onReceive(IconProvider.java:371)
11-11 00:00:29.040 D/ModelWriter( 2527): at android.app.LoadedApk$ReceiverDispatcher$Args.lambda$getRunnable$0$LoadedApk$ReceiverDispatcher$Args(LoadedApk.java:1679)
11-11 00:00:29.040 D/ModelWriter( 2527): at android.app.LoadedApk$ReceiverDispatcher$Args$$ExternalSyntheticLambda0.run(Unknown Source:2)
11-11 00:00:29.040 D/ModelWriter( 2527): at android.os.Handler.handleCallback(Handler.java:938)
11-11 00:00:29.040 D/ModelWriter( 2527): at android.os.Handler.dispatchMessage(Handler.java:99)
11-11 00:00:29.040 D/ModelWriter( 2527): at android.os.Looper.loopOnce(Looper.java:201)
11-11 00:00:29.040 D/ModelWriter( 2527): at android.os.Looper.loop(Looper.java:288)
11-11 00:00:29.040 D/ModelWriter( 2527): at android.os.HandlerThread.run(HandlerThread.java:67)
11-11 00:00:29.043 D/TimeService( 5248): Set time successfully!
11-11 00:00:29.045 D/CompatibilityInfo( 1526): mCompatibilityFlags - 4
11-11 00:00:29.045 D/CompatibilityInfo( 1526): applicationDensity - 240
11-11 00:00:29.045 D/CompatibilityInfo( 1526): applicationScale - 1.0
11-11 00:00:29.046 E/QC-time-services( 642): Daemon: Time-services: Waiting to acceptconnection
11-11 00:00:29.049 D/BaseModelUpdateTask( 2527): BaseModelUpdateTask constructor
11-11 00:00:29.049 D/BaseModelUpdateTask( 2527): java.lang.Exception
11-11 00:00:29.049 D/BaseModelUpdateTask( 2527): at com.android.launcher3.model.BaseModelUpdateTask.(BaseModelUpdateTask.java:57)
11-11 00:00:29.049 D/BaseModelUpdateTask( 2527): at com.android.launcher3.model.AddWorkspaceItemsTask.(AddWorkspaceItemsTask.java:58)
11-11 00:00:29.049 D/BaseModelUpdateTask( 2527): at com.android.launcher3.LauncherModel.addAndBindAddedWorkspaceItems(LauncherModel.java:145)
11-11 00:00:29.049 D/BaseModelUpdateTask( 2527): at com.android.launcher3.model.PackageUpdatedTask.updateToWorkSpace(PackageUpdatedTask.java:406)
11-11 00:00:29.049 D/BaseModelUpdateTask( 2527): at com.android.launcher3.model.PackageUpdatedTask.execute(PackageUpdatedTask.java:370)
11-11 00:00:29.049 D/BaseModelUpdateTask( 2527): at com.android.launcher3.model.BaseModelUpdateTask.run(BaseModelUpdateTask.java:80)
11-11 00:00:29.049 D/BaseModelUpdateTask( 2527): at com.android.launcher3.util.LooperExecutor.execute(LooperExecutor.java:45)
11-11 00:00:29.049 D/BaseModelUpdateTask( 2527): at com.android.launcher3.LauncherModel.enqueueModelUpdateTask(LauncherModel.java:555)
11-11 00:00:29.049 D/BaseModelUpdateTask( 2527): at com.android.launcher3.LauncherModel.onPackageChanged(LauncherModel.java:156)
11-11 00:00:29.049 D/BaseModelUpdateTask( 2527): at com.android.launcher3.LauncherModel.onAppIconChanged(LauncherModel.java:226)
11-11 00:00:29.049 D/BaseModelUpdateTask( 2527): at com.android.launcher3.LauncherAppState$IconObserver.onAppIconChanged(LauncherAppState.java:206)
11-11 00:00:29.049 D/BaseModelUpdateTask( 2527): at com.android.launcher3.icons.IconProvider$IconChangeReceiver.onReceive(IconProvider.java:371)
11-11 00:00:29.049 D/BaseModelUpdateTask( 2527): at android.app.LoadedApk$ReceiverDispatcher$Args.lambda$getRunnable$0$LoadedApk$ReceiverDispatcher$Args(LoadedApk.java:1679)
11-11 00:00:29.049 D/BaseModelUpdateTask( 2527): at android.app.LoadedApk$ReceiverDispatcher$Args$$ExternalSyntheticLambda0.run(Unknown Source:2)
11-11 00:00:29.049 D/BaseModelUpdateTask( 2527): at android.os.Handler.handleCallback(Handler.java:938)
11-11 00:00:29.049 D/BaseModelUpdateTask( 2527): at android.os.Handler.dispatchMessage(Handler.java:99)
11-11 00:00:29.049 D/BaseModelUpdateTask( 2527): at android.os.Looper.loopOnce(Looper.java:201)
11-11 00:00:29.049 D/BaseModelUpdateTask( 2527): at android.os.Looper.loop(Looper.java:288)
11-11 00:00:29.049 D/BaseModelUpdateTask( 2527): at android.os.HandlerThread.run(HandlerThread.java:67)
11-11 00:00:29.050 D/audio_hw_primary( 796): copl(0xf280c970):out of compress_wait
11-11 00:00:29.053 D/audio_hw_primary( 796): No space available in compress driver, post msg to cb thread
11-11 00:00:29.053 D/audio_hw_primary( 796): copl(0xf280c970):calling compress_wait
11-11 00:00:29.366 I/OpenGLRenderer( 3511): Davey! duration=9223371660187ms; Flags=0, FrameTimelineVsyncId=3850, IntendedVsync=376666862782, Vsync=376666862782, InputEventId=0, HandleInputStart=376667423864, AnimationStart=376667427666, PerformTraversalsStart=376667430426, DrawStart=376668404228, FrameDeadline=376700196114, FrameInterval=376667412978, FrameStartTime=16666666, SyncQueued=376669090739, SyncStart=376669446624, IssueDrawCommandsStart=376670356103, SwapBuffers=376677030687, FrameCompleted=9223372036854775807, DequeueBufferDuration=51198, QueueBufferDuration=1300938, GpuCompleted=9223372036854775807, SwapBuffersCompleted=376679050791, DisplayPresentTime=0,
11-11 00:00:29.436 E/BaseActivityCancelHttpLifecycleCallbacks( 5265): putCall: https://api-t.iqiyi.com/feed/get_native_urls?playPlatform=10&agentversion=13.6.0&qypid=02022101010000000000&agenttype=115&qyid=02d0895d95e5daa992526a6df8ec42501103&appid=42&sign=d5309a4209959a01784c98928351364b×tamp=1668159242270
11-11 00:00:29.436 D/BaseActivityCancelHttpLifecycleCallbacks( 5265): 澧炲姞璇锋眰: https://api-t.iqiyi.com/feed/get_native_urls?playPlatform=10&agentversion=13.6.0&qypid=02022101010000000000&agenttype=115&qyid=02d0895d95e5daa992526a6df8ec42501103&appid=42&sign=d5309a4209959a01784c98928351364b×tamp=1668159242270
11-11 00:00:29.462 I/mpu_uart( 644): [MSG-P:RECV]:No message received in 1000 ms
11-11 00:00:29.533 I/OpenGLRenderer( 3511): Davey! duration=9223371660020ms; Flags=0, FrameTimelineVsyncId=3853, IntendedVsync=376833944499, Vsync=376833944499, InputEventId=0, HandleInputStart=376834695166, AnimationStart=376834699280, PerformTraversalsStart=376834702301, DrawStart=376835880374, FrameDeadline=376867277831, FrameInterval=376834683812, FrameStartTime=16666666, SyncQueued=376836512926, SyncStart=376836850062, IssueDrawCommandsStart=376837753551, SwapBuffers=376844194645, FrameCompleted=9223372036854775807, DequeueBufferDuration=51093, QueueBufferDuration=1308021, GpuCompleted=9223372036854775807, SwapBuffersCompleted=376846195426, DisplayPresentTime=0,
11-11 00:00:29.549 I/auditd ( 2764): type=1400 audit(0.0:4685289): avc: denied { read } for comm="event_loop" lport=13400 scontext=u:r:hht_ota_mgr:s0 tcontext=u:r:hht_ota_mgr:s0 tclass=udp_socket permissive=0
11-11 00:00:29.549 W/event_loop( 2764): type=1400 audit(0.0:4685289): avc: denied { read } for lport=13400 scontext=u:r:hht_ota_mgr:s0 tcontext=u:r:hht_ota_mgr:s0 tclass=udp_socket permissive=0
11-11 00:00:29.549 I/auditd ( 2764): type=1400 audit(0.0:4685290): avc: denied { read } for comm="event_loop" lport=13400 scontext=u:r:hht_ota_mgr:s0 tcontext=u:r:hht_ota_mgr:s0 tclass=udp_socket permissive=0
11-11 00:00:29.549 W/event_loop( 2764): type=1400 audit(0.0:4685290): avc: denied { read } for lport=13400 scontext=u:r:hht_ota_mgr:s0 tcontext=u:r:hht_ota_mgr:s0 tclass=udp_socket permissive=0
11-11 00:00:29.549 I/auditd ( 2764): type=1400 audit(0.0:4685291): avc: denied { read } for comm="event_loop" lport=13400 scontext=u:r:hht_ota_mgr:s0 tcontext=u:r:hht_ota_mgr:s0 tclass=udp_socket permissive=0
11-11 00:00:29.549 W/event_loop( 2764): type=1400 audit(0.0:4685291): avc: denied { read } for lport=13400 scontext=u:r:hht_ota_mgr:s0 tcontext=u:r:hht_ota_mgr:s0 tclass=udp_socket permissive=0
11-11 00:00:29.549 I/auditd ( 2764): type=1400 audit(0.0:4685292): avc: denied { read } for comm="event_loop" lport=13400 scontext=u:r:hht_ota_mgr:s0 tcontext=u:r:hht_ota_mgr:s0 tclass=udp_socket permissive=0
11-11 00:00:29.549 W/event_loop( 2764): type=1400 audit(0.0:4685292): avc: denied { read } for lport=13400 scontext=u:r:hht_ota_mgr:s0 tcontext=u:r:hht_ota_mgr:s0 tclass=udp_socket permissive=0
11-11 00:10:31.593 W/audit ( 0): audit_lost=4685695 audit_rate_limit=5 audit_backlog_limit=64
11-11 00:10:31.593 E/audit ( 0): rate limit exceeded
11-11 00:00:29.549 I/auditd ( 2764): type=1400 audit(0.0:4685293): avc: denied { read } for comm="event_loop" lport=13400 scontext=u:r:hht_ota_mgr:s0 tcontext=u:r:hht_ota_mgr:s0 tclass=udp_socket permissive=0
11-11 00:00:29.549 W/event_loop( 2764): type=1400 audit(0.0:4685293): avc: denied { read } for lport=13400 scontext=u:r:hht_ota_mgr:s0 tcontext=u:r:hht_ota_mgr:s0 tclass=udp_socket permissive=0
11-11 00:00:29.667 W/q_h_c_d ( 5265): HCDN_LOG: [T:5582]qtp_create_req:511,Creating qtp req(0xf578a1f0)
11-11 00:00:29.667 W/q_h_c_d ( 5265): HCDN_LOG: [T:5582]AsyncGet:1219,------> AsyncGet (reid: 64850020, requestUrl: http://msg.qy.net/b?t=11&ct=1502013_live&pf=2&p=22&p1=222&p2=1012&livenet=6.7.12.13&v=13.6.0&qtp=2.1.77.1&rn=1668096029&u=ca1df6bf99df4b1fa6fd07df2fd522fc&cfg_ver=1.0.0.89&lv_postretry=1&bussid=mobile_android_player, connect timeout: 1666, read timeout: 5000, qtp enable: 1)
11-11 00:00:29.667 W/q_h_c_d ( 5265): HCDN_LOG: [T:5582]SetState:1379,QTP State changed: QS_UNINIT =========> VP_START (reid: 64850020)
11-11 00:00:29.668 W/q_h_c_d ( 5265): HCDN_LOG: [T:5527]SetEasyOpt:1330,curl_easy_setopt CURLOPT_IPRESOLVE success (reid: 64850020, ipresolve: 1)
11-11 00:00:29.668 W/q_h_c_d ( 5265): HCDN_LOG: [T:5527]SetEasyOpt:1883,curl_easy_setopt CURLOPT_URL success: http://msg.qy.net/b?t=11&ct=1502013_live&pf=2&p=22&p1=222&p2=1012&livenet=6.7.12.13&v=13.6.0&qtp=2.1.77.1&rn=1668096029&u=ca1df6bf99df4b1fa6fd07df2fd522fc&cfg_ver=1.0.0.89&lv_postretry=1&bussid=mobile_android_player (reid: 64850020)
11-11 00:00:29.668 W/q_h_c_d ( 5265): HCDN_LOG: [T:5527]SetEasyOpt:2686,curl_easy_setopt CURLOPT_LOW_SPEED_LIMIT success for global (reid: 64850020, speed: 1)
11-11 00:00:29.668 W/q_h_c_d ( 5265): HCDN_LOG: [T:5527]SetEasyOpt:2698,curl_easy_setopt CURLOPT_LOW_SPEED_TIME success for global (reid: 64850020, time: 10)
11-11 00:00:29.668 W/q_h_c_d ( 5265): HCDN_LOG: [T:5527]SetEasyOpt:2903,curl_easy_setopt CURLOPT_CONNECTTIMEOUT_MS success (reid: 64850020, timeout: 1666)
11-11 00:00:29.668 W/q_h_c_d ( 5265): HCDN_LOG: [T:5527]SetEasyOpt:2954,curl_easy_setopt CURLOPT_TIMEOUT_MS success (reid: 64850020, timeout: 5000)
11-11 00:00:29.668 W/q_h_c_d ( 5265): HCDN_LOG: [T:5527]AddToMultiHandle:965,AddToMultiHandle: reid: 64850020, taskid(0), moduleId(2008), offset(0), length(-1) , CURL(0xb31033a0) , m_mapRun(1), m_mapReqId2EasyHandle(1), m_vecModuleRun(0,0,0,0,0,1,0,0,0)
11-11 00:00:29.680 W/Settings( 5265): Setting development_settings_enabled has moved from android.provider.Settings.Secure to android.provider.Settings.Global.
11-11 00:00:29.738 W/libc ( 5265): Access denied finding property "ro.serialno"
11-11 00:00:29.738 W/libc ( 5265): Access denied finding property "ro.boot.serialno"
11-11 00:00:29.738 W/libc ( 5265): Access denied finding property "net.dns1"
11-11 00:00:29.742 W/q_h_c_d ( 5265): HCDN_LOG: [T:5527]ProcessQtpStateWhenHttpDone:1511,Check QTP state, reid: 64850020, flags are isHijacked:0, isDataCallbacked:0, isHttpSockWorkable:0, isUproxyWorkable:0, isRange:0, isRangeLowSpeed:0
11-11 00:00:29.742 W/q_h_c_d ( 5265): HCDN_LOG: [T:5527]ExecuteCallback:2463,HTTP time information: reid: 64850020, reqScheduleTime: 1668096029667, reqBeginTime: 1668096029668, qtpDnsEndTime: 1668096029668, startRecvHeaderTime: 1668096029742, startRecvBodyTime: 0, reqEndTime: 1668096029742
11-11 00:00:29.743 W/q_h_c_d ( 5265): HCDN_LOG: [T:5527]ExecuteCallback:2669,HTTP finished, reid: 64850020, status: ownErrCode: 0 (MultiCurl HTTP request success), sysErrno: 0, transErrCode: 0, mCurlErrCode: 0, eCurlErrCode: 0, HTTP status code: 200, HTTP version: 1, trypath:ld
11-11 00:00:29.743 W/q_h_c_d ( 5265): HCDN_LOG: [T:5527]ProcessCurlMsg:620,ProcessCurlMsg: reid: 64850020, taskid(0), moduleId(2008), offset(0), length(-1) , CURL(0x0) , m_mapRun(0), m_mapReqId2EasyHandle(0), m_vecModuleRun(0,0,0,0,0,0,0,0,0)
11-11 00:00:29.786 W/libc ( 5265): Access denied finding property "ro.serialno"
11-11 00:00:29.786 W/libc ( 5265): Access denied finding property "ro.boot.serialno"
11-11 00:00:29.786 W/libc ( 5265): Access denied finding property "net.dns1"
11-11 00:00:29.961 W/kcp_info( 5265): HCDN_LOG: [T:5570]Update: udp kcp size[0], timeout kcp size[0]
11-11 00:00:29.975 E/tlogd ( 1284): [TzLogger](isPathReadable) file /sys/kernel/debug/tzdbg/qsee_log isn't exist or no permission, err: No such file or directory
11-11 00:00:29.975 E/tlogd ( 1284): [TzLogger](saveTzlogAsync) /sys/kernel/debug/tzdbg/qsee_log can not read.
11-11 00:00:29.975 E/tlogd ( 1284): [TzLogger](isPathReadable) file /sys/kernel/debug/tzdbg/log isn't exist or no permission, err: No such file or directory
11-11 00:00:29.975 E/tlogd ( 1284): [TzLogger](saveTzlogAsync) /sys/kernel/debug/tzdbg/log can not read.
11-11 00:00:30.021 D/MicroSettings: SetTimeAction( 2156): current timestamp: 1668096030021
11-11 00:00:30.021 D/MicroSettings: SetTimeAction( 2156): setTime: 14000
11-11 00:00:30.021 D/AlarmManagerService( 1526): Setting time of day to sec=14
11-11 00:00:30.022 W/AlarmManagerService( 1526): Unable to set rtc to 14: Invalid argument
11-11 00:00:30.165 E/diff: ( 5265): 376
11-11 00:00:30.170 W/Settings( 5265): Setting adb_enabled has moved from android.provider.Settings.Secure to android.provider.Settings.Global.
11-11 00:00:30.369 I/OpenGLRenderer( 3511): Davey! duration=9223371659185ms; Flags=0, FrameTimelineVsyncId=3865, IntendedVsync=377669284217, Vsync=377669284217, InputEventId=0, HandleInputStart=377670028186, AnimationStart=377670032405, PerformTraversalsStart=377670035322, DrawStart=377670972093, FrameDeadline=377702617549, FrameInterval=377670016520, FrameStartTime=16666666, SyncQueued=377671658916, SyncStart=377671847145, IssueDrawCommandsStart=377672853291, SwapBuffers=377679479228, FrameCompleted=9223372036854775807, DequeueBufferDuration=50312, QueueBufferDuration=1295208, GpuCompleted=9223372036854775807, SwapBuffersCompleted=377681612041, DisplayPresentTime=0,
11-11 00:00:30.444 E/ignored ( 5265): java.lang.NullPointerException: Attempt to invoke virtual method 'java.lang.Object android.content.Context.getSystemService(java.lang.String)' on a null object reference
11-11 00:00:30.447 W/System.err( 5265): java.io.FileNotFoundException: /data/user/0/com.qiyi.video.pad/files/pp_net_monitor_config: open failed: ENOENT (No such file or directory)
11-11 00:00:30.447 W/System.err( 5265): at libcore.io.IoBridge.open(IoBridge.java:575)
11-11 00:00:30.447 W/System.err( 5265): at java.io.FileInputStream.(FileInputStream.java:160)
11-11 00:00:30.447 W/System.err( 5265): at android.app.ContextImpl.openFileInput(ContextImpl.java:698)
11-11 00:00:30.447 W/System.err( 5265): at android.content.ContextWrapper.openFileInput(ContextWrapper.java:224)
11-11 00:00:30.447 W/System.err( 5265): at com.iqiyi.paopao.tool.uitls.u.a(Unknown Source:25)
11-11 00:00:30.447 W/System.err( 5265): at com.iqiyi.paopao.middlecommon.monitor.l$1.run(Unknown Source:20)
11-11 00:00:30.447 W/System.err( 5265): at org.qiyi.basecore.jobquequ.JobManagerUtils$1.onRun(Unknown Source:30)
11-11 00:00:30.447 W/System.err( 5265): at org.qiyi.basecore.jobquequ.BaseJob.safeRun(Unknown Source:38)
11-11 00:00:30.447 W/System.err( 5265): at org.qiyi.basecore.jobquequ.JobHolder.safeRun(Unknown Source:2)
11-11 00:00:30.447 W/System.err( 5265): at org.qiyi.basecore.jobquequ.JobConsumerExecutor$c.call(Unknown Source:8)
11-11 00:00:30.447 W/System.err( 5265): at java.util.concurrent.FutureTask.run(FutureTask.java:266)
11-11 00:00:30.447 W/System.err( 5265): at org.qiyi.basecore.jobquequ.JobConsumerExecutor$b.run(Unknown Source:115)
11-11 00:00:30.447 W/System.err( 5265): at java.lang.Thread.run(Thread.java:920)
11-11 00:00:30.448 W/System.err( 5265): Caused by: android.system.ErrnoException: open failed: ENOENT (No such file or directory)
11-11 00:00:30.448 W/System.err( 5265): at libcore.io.Linux.open(Native Method)
11-11 00:00:30.448 W/System.err( 5265): at libcore.io.ForwardingOs.open(ForwardingOs.java:567)
11-11 00:00:30.448 W/System.err( 5265): at libcore.io.BlockGuardOs.open(BlockGuardOs.java:273)
11-11 00:00:30.448 W/System.err( 5265): at libcore.io.ForwardingOs.open(ForwardingOs.java:567)
11-11 00:00:30.448 W/System.err( 5265): at android.app.ActivityThread$AndroidOs.open(ActivityThread.java:7766)
11-11 00:00:30.448 W/System.err( 5265): at libcore.io.IoBridge.open(IoBridge.java:561)
11-11 00:00:30.448 W/System.err( 5265): ... 12 more
11-11 00:00:30.463 I/mpu_uart( 644): [MSG-P:RECV]:No message received in 1000 ms
11-11 00:00:30.550 I/auditd ( 2764): type=1400 audit(0.0:4958677): avc: denied { read } for comm="event_loop" lport=13400 scontext=u:r:hht_ota_mgr:s0 tcontext=u:r:hht_ota_mgr:s0 tclass=udp_socket permissive=0
11-11 00:00:30.550 W/event_loop( 2764): type=1400 audit(0.0:4958677): avc: denied { read } for lport=13400 scontext=u:r:hht_ota_mgr:s0 tcontext=u:r:hht_ota_mgr:s0 tclass=udp_socket permissive=0
11-11 00:00:30.550 I/auditd ( 2764): type=1400 audit(0.0:4958678): avc: denied { read } for comm="event_loop" lport=13400 scontext=u:r:hht_ota_mgr:s0 tcontext=u:r:hht_ota_mgr:s0 tclass=udp_socket permissive=0
11-11 00:00:30.550 W/event_loop( 2764): type=1400 audit(0.0:4958678): avc: denied { read } for lport=13400 scontext=u:r:hht_ota_mgr:s0 tcontext=u:r:hht_ota_mgr:s0 tclass=udp_socket permissive=0
11-11 00:00:30.550 I/auditd ( 2764): type=1400 audit(0.0:4958679): avc: denied { read } for comm="event_loop" lport=13400 scontext=u:r:hht_ota_mgr:s0 tcontext=u:r:hht_ota_mgr:s0 tclass=udp_socket permissive=0
11-11 00:00:30.550 W/event_loop( 2764): type=1400 audit(0.0:4958679): avc: denied { read } for lport=13400 scontext=u:r:hht_ota_mgr:s0 tcontext=u:r:hht_ota_mgr:s0 tclass=udp_socket permissive=0
11-11 00:00:30.550 I/auditd ( 2764): type=1400 audit(0.0:4958680): avc: denied { read } for comm="event_loop" lport=13400 scontext=u:r:hht_ota_mgr:s0 tcontext=u:r:hht_ota_mgr:s0 tclass=udp_socket permissive=0
11-11 00:00:30.550 W/event_loop( 2764): type=1400 audit(0.0:4958680): avc: denied { read } for lport=13400 scontext=u:r:hht_ota_mgr:s0 tcontext=u:r:hht_ota_mgr:s0 tclass=udp_socket permissive=0
11-11 00:00:30.550 I/auditd ( 2764): type=1400 audit(0.0:4958681): avc: denied { read } for comm="event_loop" lport=13400 scontext=u:r:hht_ota_mgr:s0 tcontext=u:r:hht_ota_mgr:s0 tclass=udp_socket permissive=0
11-11 00:00:30.550 W/event_loop( 2764): type=1400 audit(0.0:4958681): avc: denied { read } for lport=13400 scontext=u:r:hht_ota_mgr:s0 tcontext=u:r:hht_ota_mgr:s0 tclass=udp_socket permissive=0
11-11 00:10:32.597 W/audit ( 0): audit_lost=4959068 audit_rate_limit=5 audit_backlog_limit=64
11-11 00:10:32.597 E/audit ( 0): rate limit exceeded
11-11 00:00:30.735 I/mpu_uart( 644): [MSG-P:R]:recv sync frame timeout
11-11 00:00:30.735 I/OpenGLRenderer( 3511): Davey! duration=9223371658817ms; Flags=0, FrameTimelineVsyncId=3871, IntendedVsync=378036826452, Vsync=378036826452, InputEventId=0, HandleInputStart=378037324957, AnimationStart=378037328811, PerformTraversalsStart=378037331468, DrawStart=378038123551, FrameDeadline=378070159784, FrameInterval=378037315478, FrameStartTime=16666666, SyncQueued=378038725634, SyncStart=378039027040, IssueDrawCommandsStart=378039838030, SwapBuffers=378046125218, FrameCompleted=9223372036854775807, DequeueBufferDuration=41875, QueueBufferDuration=1140781, GpuCompleted=9223372036854775807, SwapBuffersCompleted=378048149384, DisplayPresentTime=0,
11-11 00:00:30.953 I/OpenGLRenderer( 3511): Davey! duration=9223371658600ms; Flags=0, FrameTimelineVsyncId=3874, IntendedVsync=378254014559, Vsync=378254014559, InputEventId=0, HandleInputStart=378254713811, AnimationStart=378254717874, PerformTraversalsStart=378254720738, DrawStart=378255573082, FrameDeadline=378287347891, FrameInterval=378254703811, FrameStartTime=16666666, SyncQueued=378256156103, SyncStart=378256314957, IssueDrawCommandsStart=378257137509, SwapBuffers=378264097926, FrameCompleted=9223372036854775807, DequeueBufferDuration=43333, QueueBufferDuration=1456250, GpuCompleted=9223372036854775807, SwapBuffersCompleted=378266188551, DisplayPresentTime=0,
11-11 00:00:30.978 W/kcp_info( 5265): HCDN_LOG: [T:5570]Update: udp kcp size[0], timeout kcp size[0]
11-11 00:00:31.025 W/ContextImpl( 2156): Calling a method in the system process without a qualified user: android.app.ContextImpl.sendBroadcast:1173 android.content.ContextWrapper.sendBroadcast:479 com.thundercomm.microsettings.action.SetTimeAction.timeUpdated:212 com.thundercomm.microsettings.action.SetTimeAction.update24HourFormat:194 com.thundercomm.microsettings.action.SetTimeAction.doActualAction:154
11-11 00:00:31.030 D/MicroSettings: ITCMicroCommonCallback( 2156): get request method = syncTime parameters = {"IDCM_Time_12_24":"24","IDCM_Timestamp":14000,"IDCM_Timezone":"GMT+08:00"}
11-11 00:00:31.030 D/AlarmManagerService( 1526): Kernel timezone updated to -480 minutes west of GMT
11-11 00:00:31.031 D/MicroSettings: SetTimeAction( 2156): setTimezone: Asia/Shanghai
11-11 00:00:31.033 D/AlarmManagerService( 1526): Kernel timezone updated to -480 minutes west of GMT
11-11 00:00:31.035 D/DevicePolicyManager( 1526): updateSystemUpdateFreezePeriodsRecord
11-11 00:00:31.036 D/ConditionProviders.SCP( 1526): onReceive android.intent.action.TIME_SET
11-11 00:00:31.036 D/KeyguardUpdateMonitor( 2000): received broadcast android.intent.action.TIME_SET
11-11 00:00:31.036 D/KeyguardUpdateMonitor( 2000): handleTimeUpdate
11-11 00:00:31.036 D/ConditionProviders.SCP( 1526): evaluateSubscriptionLocked cal=ScheduleCalendar[mDays={1, 2, 3, 4, 5, 6, 7}, mSchedule=ScheduleInfo{days=[1, 2, 3, 4, 5, 6, 7], startHour=22, startMinute=0, endHour=7, endMinute=0, exitAtAlarm=true, nextAlarm=Thu Jan 01 08:00:00 GMT+08:00 1970 (0)}], now=Fri Nov 11 00:00:31 GMT+08:00 2022 (1668096031036), nextUserAlarmTime=Thu Jan 01 08:00:00 GMT+08:00 1970 (0)
11-11 00:00:31.036 D/ConditionProviders.SCP( 1526): notifyCondition condition://android/schedule?days=1.2.3.4.5.6.7&start=22.0&end=7.0&exitAtAlarm=true STATE_TRUE reason=meetsSchedule
11-11 00:00:31.037 D/ConditionProviders.SCP( 1526): Scheduling evaluate for Fri Nov 11 07:00:00 GMT+08:00 2022 (1668121200000), in +6h59m28s964ms, now=Fri Nov 11 00:00:31 GMT+08:00 2022 (1668096031036)
11-11 00:00:31.039 D/OsAgent ( 2639): [time_change_update][3164] [HC] =>> [HS]
11-11 00:00:31.039 V/LocSvc_HIDL_IzatSubscription( 809): [timeChangeUpdate][645] [HS] <<<<= [HC]
11-11 00:00:31.042 D/IconProvider( 2527): onReceive: android.intent.action.TIME_SET
11-11 00:00:31.042 D/IconProvider( 2527): onReceive: android.intent.action.TIME_SET
11-11 00:00:31.042 D/BaseModelUpdateTask( 2527): BaseModelUpdateTask constructor
11-11 00:00:31.042 D/BaseModelUpdateTask( 2527): java.lang.Exception
11-11 00:00:31.042 D/BaseModelUpdateTask( 2527): at com.android.launcher3.model.BaseModelUpdateTask.(BaseModelUpdateTask.java:57)
11-11 00:00:31.042 D/BaseModelUpdateTask( 2527): at com.android.launcher3.model.PackageUpdatedTask.(PackageUpdatedTask.java:88)
11-11 00:00:31.042 D/BaseModelUpdateTask( 2527): at com.android.launcher3.LauncherModel.onPackageChanged(LauncherModel.java:156)
11-11 00:00:31.042 D/BaseModelUpdateTask( 2527): at com.android.launcher3.LauncherModel.onAppIconChanged(LauncherModel.java:226)
11-11 00:00:31.042 D/BaseModelUpdateTask( 2527): at com.android.launcher3.LauncherAppState$IconObserver.onAppIconChanged(LauncherAppState.java:206)
11-11 00:00:31.042 D/BaseModelUpdateTask( 2527): at com.android.launcher3.icons.IconProvider$IconChangeReceiver.onReceive(IconProvider.java:371)
11-11 00:00:31.042 D/BaseModelUpdateTask( 2527): at android.app.LoadedApk$ReceiverDispatcher$Args.lambda$getRunnable$0$LoadedApk$ReceiverDispatcher$Args(LoadedApk.java:1679)
11-11 00:00:31.042 D/BaseModelUpdateTask( 2527): at android.app.LoadedApk$ReceiverDispatcher$Args$$ExternalSyntheticLambda0.run(Unknown Source:2)
11-11 00:00:31.042 D/BaseModelUpdateTask( 2527): at android.os.Handler.handleCallback(Handler.java:938)
11-11 00:00:31.042 D/BaseModelUpdateTask( 2527): at android.os.Handler.dispatchMessage(Handler.java:99)
11-11 00:00:31.042 D/BaseModelUpdateTask( 2527): at android.os.Looper.loopOnce(Looper.java:201)
11-11 00:00:31.042 D/BaseModelUpdateTask( 2527): at android.os.Looper.loop(Looper.java:288)
11-11 00:00:31.042 D/BaseModelUpdateTask( 2527): at android.os.HandlerThread.run(HandlerThread.java:67)
11-11 00:00:31.043 D/PackageUpdatedTask( 2527): PackageUpdatedTask constructor: op=2,user=UserHandle{0},packages=[com.android.calendar]
11-11 00:00:31.043 D/PackageUpdatedTask( 2527): java.lang.Exception
11-11 00:00:31.043 D/PackageUpdatedTask( 2527): at com.android.launcher3.model.PackageUpdatedTask.(PackageUpdatedTask.java:93)
11-11 00:00:31.043 D/PackageUpdatedTask( 2527): at com.android.launcher3.LauncherModel.onPackageChanged(LauncherModel.java:156)
11-11 00:00:31.043 D/PackageUpdatedTask( 2527): at com.android.launcher3.LauncherModel.onAppIconChanged(LauncherModel.java:226)
11-11 00:00:31.043 D/PackageUpdatedTask( 2527): at com.android.launcher3.LauncherAppState$IconObserver.onAppIconChanged(LauncherAppState.java:206)
11-11 00:00:31.043 D/PackageUpdatedTask( 2527): at com.android.launcher3.icons.IconProvider$IconChangeReceiver.onReceive(IconProvider.java:371)
11-11 00:00:31.043 D/PackageUpdatedTask( 2527): at android.app.LoadedApk$ReceiverDispatcher$Args.lambda$getRunnable$0$LoadedApk$ReceiverDispatcher$Args(LoadedApk.java:1679)
11-11 00:00:31.043 D/PackageUpdatedTask( 2527): at android.app.LoadedApk$ReceiverDispatcher$Args$$ExternalSyntheticLambda0.run(Unknown Source:2)
11-11 00:00:31.043 D/PackageUpdatedTask( 2527): at android.os.Handler.handleCallback(Handler.java:938)
11-11 00:00:31.043 D/PackageUpdatedTask( 2527): at android.os.Handler.dispatchMessage(Handler.java:99)
11-11 00:00:31.043 D/PackageUpdatedTask( 2527): at android.os.Looper.loopOnce(Looper.java:201)
11-11 00:00:31.043 D/PackageUpdatedTask( 2527): at android.os.Looper.loop(Looper.java:288)
11-11 00:00:31.043 D/PackageUpdatedTask( 2527): at android.os.HandlerThread.run(HandlerThread.java:67)
11-11 00:00:31.044 D/Launcher.IconCache( 2527): Package not found
11-11 00:00:31.044 D/Launcher.IconCache( 2527): android.content.pm.PackageManager$NameNotFoundException: com.android.calendar
11-11 00:00:31.044 D/Launcher.IconCache( 2527): at android.app.ApplicationPackageManager.getPackageInfoAsUser(ApplicationPackageManager.java:241)
11-11 00:00:31.044 D/Launcher.IconCache( 2527): at android.app.ApplicationPackageManager.getPackageInfo(ApplicationPackageManager.java:213)
11-11 00:00:31.044 D/Launcher.IconCache( 2527): at com.android.launcher3.icons.IconCache.updateIconsForPkg(IconCache.java:122)
11-11 00:00:31.044 D/Launcher.IconCache( 2527): at com.android.launcher3.model.PackageUpdatedTask.execute(PackageUpdatedTask.java:130)
11-11 00:00:31.044 D/Launcher.IconCache( 2527): at com.android.launcher3.model.BaseModelUpdateTask.run(BaseModelUpdateTask.java:80)
11-11 00:00:31.044 D/Launcher.IconCache( 2527): at com.android.launcher3.util.LooperExecutor.execute(LooperExecutor.java:45)
11-11 00:00:31.044 D/Launcher.IconCache( 2527): at com.android.launcher3.LauncherModel.enqueueModelUpdateTask(LauncherModel.java:555)
11-11 00:00:31.044 D/Launcher.IconCache( 2527): at com.android.launcher3.LauncherModel.onPackageChanged(LauncherModel.java:156)
11-11 00:00:31.044 D/Launcher.IconCache( 2527): at com.android.launcher3.LauncherModel.onAppIconChanged(LauncherModel.java:226)
11-11 00:00:31.044 D/Launcher.IconCache( 2527): at com.android.launcher3.LauncherAppState$IconObserver.onAppIconChanged(LauncherAppState.java:206)
11-11 00:00:31.044 D/Launcher.IconCache( 2527): at com.android.launcher3.icons.IconProvider$IconChangeReceiver.onReceive(IconProvider.java:371)
11-11 00:00:31.044 D/Launcher.IconCache( 2527): at android.app.LoadedApk$ReceiverDispatcher$Args.lambda$getRunnable$0$LoadedApk$ReceiverDispatcher$Args(LoadedApk.java:1679)
11-11 00:00:31.044 D/Launcher.IconCache( 2527): at android.app.LoadedApk$ReceiverDispatcher$Args$$ExternalSyntheticLambda0.run(Unknown Source:2)
11-11 00:00:31.044 D/Launcher.IconCache( 2527): at android.os.Handler.handleCallback(Handler.java:938)
11-11 00:00:31.044 D/Launcher.IconCache( 2527): at android.os.Handler.dispatchMessage(Handler.java:99)
11-11 00:00:31.044 D/Launcher.IconCache( 2527): at android.os.Looper.loopOnce(Looper.java:201)
11-11 00:00:31.044 D/Launcher.IconCache( 2527): at android.os.Looper.loop(Looper.java:288)
11-11 00:00:31.044 D/Launcher.IconCache( 2527): at android.os.HandlerThread.run(HandlerThread.java:67)
11-11 00:00:31.045 D/BaseModelUpdateTask( 2527): BaseModelUpdateTask constructor
11-11 00:00:31.045 D/BaseModelUpdateTask( 2527): java.lang.Exception
11-11 00:00:31.045 D/BaseModelUpdateTask( 2527): at com.android.launcher3.model.BaseModelUpdateTask.(BaseModelUpdateTask.java:57)
11-11 00:00:31.045 D/BaseModelUpdateTask( 2527): at com.android.launcher3.LauncherModel$6.(LauncherModel.java:605)
11-11 00:00:31.045 D/BaseModelUpdateTask( 2527): at com.android.launcher3.LauncherModel.refreshAndBindWidgetsAndShortcuts(LauncherModel.java:605)
11-11 00:00:31.045 D/BaseModelUpdateTask( 2527): at com.android.launcher3.Launcher.refreshAndBindWidgetsForPackageUser(Launcher.java:2878)
11-11 00:00:31.045 D/BaseModelUpdateTask( 2527): at com.android.launcher3.model.PackageUpdatedTask.execute(PackageUpdatedTask.java:139)
11-11 00:00:31.045 D/BaseModelUpdateTask( 2527): at com.android.launcher3.model.BaseModelUpdateTask.run(BaseModelUpdateTask.java:80)
11-11 00:00:31.045 D/BaseModelUpdateTask( 2527): at com.android.launcher3.util.LooperExecutor.execute(LooperExecutor.java:45)
11-11 00:00:31.045 D/BaseModelUpdateTask( 2527): at com.android.launcher3.LauncherModel.enqueueModelUpdateTask(LauncherModel.java:555)
11-11 00:00:31.045 D/BaseModelUpdateTask( 2527): at com.android.launcher3.LauncherModel.onPackageChanged(LauncherModel.java:156)
11-11 00:00:31.045 D/BaseModelUpdateTask( 2527): at com.android.launcher3.LauncherModel.onAppIconChanged(LauncherModel.java:226)
