11-11 00:00:42.111 D/ModelWriter( 2527): at com.android.launcher3.model.ModelWriter.deleteItemsFromDatabase(ModelWriter.java:280)
11-11 00:00:42.111 D/ModelWriter( 2527): at com.android.launcher3.model.ModelWriter.deleteItemsFromDatabase(ModelWriter.java:268)
11-11 00:00:42.111 D/ModelWriter( 2527): at com.android.launcher3.model.BaseModelUpdateTask.deleteAndBindComponentsRemoved(BaseModelUpdateTask.java:140)
11-11 00:00:42.111 D/ModelWriter( 2527): at com.android.launcher3.model.PackageUpdatedTask.execute(PackageUpdatedTask.java:353)
11-11 00:00:42.111 D/ModelWriter( 2527): at com.android.launcher3.model.BaseModelUpdateTask.run(BaseModelUpdateTask.java:80)
11-11 00:00:42.111 D/ModelWriter( 2527): at com.android.launcher3.util.LooperExecutor.execute(LooperExecutor.java:45)
11-11 00:00:42.111 D/ModelWriter( 2527): at com.android.launcher3.LauncherModel.enqueueModelUpdateTask(LauncherModel.java:555)
11-11 00:00:42.111 D/ModelWriter( 2527): at com.android.launcher3.LauncherModel.onPackageChanged(LauncherModel.java:156)
11-11 00:00:42.111 D/ModelWriter( 2527): at com.android.launcher3.LauncherModel.onAppIconChanged(LauncherModel.java:226)
11-11 00:00:42.111 D/ModelWriter( 2527): at com.android.launcher3.LauncherAppState$IconObserver.onAppIconChanged(LauncherAppState.java:206)
11-11 00:00:42.111 D/ModelWriter( 2527): at com.android.launcher3.icons.IconProvider$IconChangeReceiver.onReceive(IconProvider.java:371)
11-11 00:00:42.111 D/ModelWriter( 2527): at android.app.LoadedApk$ReceiverDispatcher$Args.lambda$getRunnable$0$LoadedApk$ReceiverDispatcher$Args(LoadedApk.java:1679)
11-11 00:00:42.111 D/ModelWriter( 2527): at android.app.LoadedApk$ReceiverDispatcher$Args$$ExternalSyntheticLambda0.run(Unknown Source:2)
11-11 00:00:42.111 D/ModelWriter( 2527): at android.os.Handler.handleCallback(Handler.java:938)
11-11 00:00:42.111 D/ModelWriter( 2527): at android.os.Handler.dispatchMessage(Handler.java:99)
11-11 00:00:42.111 D/ModelWriter( 2527): at android.os.Looper.loopOnce(Looper.java:201)
11-11 00:00:42.111 D/ModelWriter( 2527): at android.os.Looper.loop(Looper.java:288)
11-11 00:00:42.111 D/ModelWriter( 2527): at android.os.HandlerThread.run(HandlerThread.java:67)
11-11 00:00:42.118 D/BaseModelUpdateTask( 2527): BaseModelUpdateTask constructor
11-11 00:00:42.118 D/BaseModelUpdateTask( 2527): java.lang.Exception
11-11 00:00:42.118 D/BaseModelUpdateTask( 2527): at com.android.launcher3.model.BaseModelUpdateTask.(BaseModelUpdateTask.java:57)
11-11 00:00:42.118 D/BaseModelUpdateTask( 2527): at com.android.launcher3.model.AddWorkspaceItemsTask.(AddWorkspaceItemsTask.java:58)
11-11 00:00:42.118 D/BaseModelUpdateTask( 2527): at com.android.launcher3.LauncherModel.addAndBindAddedWorkspaceItems(LauncherModel.java:145)
11-11 00:00:42.118 D/BaseModelUpdateTask( 2527): at com.android.launcher3.model.PackageUpdatedTask.updateToWorkSpace(PackageUpdatedTask.java:406)
11-11 00:00:42.118 D/BaseModelUpdateTask( 2527): at com.android.launcher3.model.PackageUpdatedTask.execute(PackageUpdatedTask.java:370)
11-11 00:00:42.118 D/BaseModelUpdateTask( 2527): at com.android.launcher3.model.BaseModelUpdateTask.run(BaseModelUpdateTask.java:80)
11-11 00:00:42.118 D/BaseModelUpdateTask( 2527): at com.android.launcher3.util.LooperExecutor.execute(LooperExecutor.java:45)
11-11 00:00:42.118 D/BaseModelUpdateTask( 2527): at com.android.launcher3.LauncherModel.enqueueModelUpdateTask(LauncherModel.java:555)
11-11 00:00:42.118 D/BaseModelUpdateTask( 2527): at com.android.launcher3.LauncherModel.onPackageChanged(LauncherModel.java:156)
11-11 00:00:42.118 D/BaseModelUpdateTask( 2527): at com.android.launcher3.LauncherModel.onAppIconChanged(LauncherModel.java:226)
11-11 00:00:42.118 D/BaseModelUpdateTask( 2527): at com.android.launcher3.LauncherAppState$IconObserver.onAppIconChanged(LauncherAppState.java:206)
11-11 00:00:42.118 D/BaseModelUpdateTask( 2527): at com.android.launcher3.icons.IconProvider$IconChangeReceiver.onReceive(IconProvider.java:371)
11-11 00:00:42.118 D/BaseModelUpdateTask( 2527): at android.app.LoadedApk$ReceiverDispatcher$Args.lambda$getRunnable$0$LoadedApk$ReceiverDispatcher$Args(LoadedApk.java:1679)
11-11 00:00:42.118 D/BaseModelUpdateTask( 2527): at android.app.LoadedApk$ReceiverDispatcher$Args$$ExternalSyntheticLambda0.run(Unknown Source:2)
11-11 00:00:42.118 D/BaseModelUpdateTask( 2527): at android.os.Handler.handleCallback(Handler.java:938)
11-11 00:00:42.118 D/BaseModelUpdateTask( 2527): at android.os.Handler.dispatchMessage(Handler.java:99)
11-11 00:00:42.118 D/BaseModelUpdateTask( 2527): at android.os.Looper.loopOnce(Looper.java:201)
11-11 00:00:42.118 D/BaseModelUpdateTask( 2527): at android.os.Looper.loop(Looper.java:288)
11-11 00:00:42.118 D/BaseModelUpdateTask( 2527): at android.os.HandlerThread.run(HandlerThread.java:67)
11-11 00:00:42.314 I/mpu_uart( 644): [MSG-P:RECV]:No message received in 1000 ms
11-11 00:00:42.405 W/kcp_info( 5265): HCDN_LOG: [T:5570]Update: udp kcp size[0], timeout kcp size[0]
11-11 00:00:42.427 I/CNSS ( 1176): cnss_open_log_file: directory /data/vendor/wifi/wlan_logs/ created
11-11 00:00:42.513 I/auditd ( 2764): type=1400 audit(0.0:13386082): avc: denied { read } for comm="event_loop" lport=13400 scontext=u:r:hht_ota_mgr:s0 tcontext=u:r:hht_ota_mgr:s0 tclass=udp_socket permissive=0
11-11 00:00:42.513 W/event_loop( 2764): type=1400 audit(0.0:13386082): avc: denied { read } for lport=13400 scontext=u:r:hht_ota_mgr:s0 tcontext=u:r:hht_ota_mgr:s0 tclass=udp_socket permissive=0
11-11 00:00:42.517 I/auditd ( 2764): type=1400 audit(0.0:13386083): avc: denied { read } for comm="event_loop" lport=13400 scontext=u:r:hht_ota_mgr:s0 tcontext=u:r:hht_ota_mgr:s0 tclass=udp_socket permissive=0
11-11 00:00:42.517 W/event_loop( 2764): type=1400 audit(0.0:13386083): avc: denied { read } for lport=13400 scontext=u:r:hht_ota_mgr:s0 tcontext=u:r:hht_ota_mgr:s0 tclass=udp_socket permissive=0
11-11 00:00:42.517 I/auditd ( 2764): type=1400 audit(0.0:13386084): avc: denied { read } for comm="event_loop" lport=13400 scontext=u:r:hht_ota_mgr:s0 tcontext=u:r:hht_ota_mgr:s0 tclass=udp_socket permissive=0
11-11 00:00:42.517 W/event_loop( 2764): type=1400 audit(0.0:13386084): avc: denied { read } for lport=13400 scontext=u:r:hht_ota_mgr:s0 tcontext=u:r:hht_ota_mgr:s0 tclass=udp_socket permissive=0
11-11 00:00:42.517 I/auditd ( 2764): type=1400 audit(0.0:13386085): avc: denied { read } for comm="event_loop" lport=13400 scontext=u:r:hht_ota_mgr:s0 tcontext=u:r:hht_ota_mgr:s0 tclass=udp_socket permissive=0
11-11 00:00:42.517 W/event_loop( 2764): type=1400 audit(0.0:13386085): avc: denied { read } for lport=13400 scontext=u:r:hht_ota_mgr:s0 tcontext=u:r:hht_ota_mgr:s0 tclass=udp_socket permissive=0
11-11 00:00:42.517 I/auditd ( 2764): type=1400 audit(0.0:13386086): avc: denied { read } for comm="event_loop" lport=13400 scontext=u:r:hht_ota_mgr:s0 tcontext=u:r:hht_ota_mgr:s0 tclass=udp_socket permissive=0
11-11 00:00:42.517 W/event_loop( 2764): type=1400 audit(0.0:13386086): avc: denied { read } for lport=13400 scontext=u:r:hht_ota_mgr:s0 tcontext=u:r:hht_ota_mgr:s0 tclass=udp_socket permissive=0
11-11 00:11:03.721 W/audit ( 0): audit_lost=13386326 audit_rate_limit=5 audit_backlog_limit=64
11-11 00:11:03.721 E/audit ( 0): rate limit exceeded
11-11 00:00:42.587 I/OpenGLRenderer( 3511): Davey! duration=9223371627809ms; Flags=0, FrameTimelineVsyncId=4433, IntendedVsync=409044719250, Vsync=409044719250, InputEventId=0, HandleInputStart=409045453017, AnimationStart=409045456872, PerformTraversalsStart=409045459997, DrawStart=409046381559, FrameDeadline=409078052582, FrameInterval=409045442653, FrameStartTime=16666666, SyncQueued=409046921559, SyncStart=409047108747, IssueDrawCommandsStart=409047976924, SwapBuffers=409054562236, FrameCompleted=9223372036854775807, DequeueBufferDuration=47188, QueueBufferDuration=1489479, GpuCompleted=9223372036854775807, SwapBuffersCompleted=409056797184, DisplayPresentTime=0,
11-11 00:00:42.655 D/audio_hw_primary( 796): copl(0xf280c970):out of compress_wait
11-11 00:00:42.658 D/audio_hw_primary( 796): No space available in compress driver, post msg to cb thread
11-11 00:00:42.658 D/audio_hw_primary( 796): copl(0xf280c970):calling compress_wait
11-11 00:00:42.787 I/OpenGLRenderer( 3511): Davey! duration=9223371627609ms; Flags=0, FrameTimelineVsyncId=4436, IntendedVsync=409245195212, Vsync=409245195212, InputEventId=0, HandleInputStart=409245742392, AnimationStart=409245746507, PerformTraversalsStart=409245749528, DrawStart=409246604476, FrameDeadline=409278528544, FrameInterval=409245732757, FrameStartTime=16666666, SyncQueued=409247266663, SyncStart=409247423903, IssueDrawCommandsStart=409248407028, SwapBuffers=409255108694, FrameCompleted=9223372036854775807, DequeueBufferDuration=46666, QueueBufferDuration=1417448, GpuCompleted=9223372036854775807, SwapBuffersCompleted=409257234580, DisplayPresentTime=0,
11-11 00:00:43.005 I/OpenGLRenderer( 3511): Davey! duration=9223371627392ms; Flags=0, FrameTimelineVsyncId=4439, IntendedVsync=409462373187, Vsync=409462373187, InputEventId=0, HandleInputStart=409463279163, AnimationStart=409463283069, PerformTraversalsStart=409463285830, DrawStart=409464188278, FrameDeadline=409495706519, FrameInterval=409463268121, FrameStartTime=16666666, SyncQueued=409464815569, SyncStart=409464988486, IssueDrawCommandsStart=409465751976, SwapBuffers=409471992809, FrameCompleted=9223372036854775807, DequeueBufferDuration=39948, QueueBufferDuration=1058489, GpuCompleted=9223372036854775807, SwapBuffersCompleted=409473853017, DisplayPresentTime=0,
11-11 00:00:43.077 D/MicroSettings: SetTimeAction( 2156): current timestamp: 1668096043077
11-11 00:00:43.077 D/MicroSettings: SetTimeAction( 2156): setTime: 14000
11-11 00:00:43.078 D/AlarmManagerService( 1526): Setting time of day to sec=14
11-11 00:00:43.078 W/AlarmManagerService( 1526): Unable to set rtc to 14: Invalid argument
11-11 00:00:43.205 I/OpenGLRenderer( 3511): Davey! duration=9223371627191ms; Flags=0, FrameTimelineVsyncId=4442, IntendedVsync=409662845892, Vsync=409662845892, InputEventId=0, HandleInputStart=409663719319, AnimationStart=409663723278, PerformTraversalsStart=409663725986, DrawStart=409664750882, FrameDeadline=409696179224, FrameInterval=409663707965, FrameStartTime=16666666, SyncQueued=409665411767, SyncStart=409665576194, IssueDrawCommandsStart=409666427132, SwapBuffers=409672883330, FrameCompleted=9223372036854775807, DequeueBufferDuration=42916, QueueBufferDuration=1125625, GpuCompleted=9223372036854775807, SwapBuffersCompleted=409674623642, DisplayPresentTime=0,
11-11 00:00:43.314 I/mpu_uart( 644): [MSG-P:RECV]:No message received in 1000 ms
11-11 00:00:43.372 I/OpenGLRenderer( 3511): Davey! duration=9223371627024ms; Flags=0, FrameTimelineVsyncId=4445, IntendedVsync=409829925689, Vsync=409829925689, InputEventId=0, HandleInputStart=409831066975, AnimationStart=409831070830, PerformTraversalsStart=409831073434, DrawStart=409832254944, FrameDeadline=409863259021, FrameInterval=409831056038, FrameStartTime=16666666, SyncQueued=409832776611, SyncStart=409832961090, IssueDrawCommandsStart=409833780569, SwapBuffers=409840219892, FrameCompleted=9223372036854775807, DequeueBufferDuration=44323, QueueBufferDuration=1108438, GpuCompleted=9223372036854775807, SwapBuffersCompleted=409841982548, DisplayPresentTime=0,
11-11 00:00:43.428 W/kcp_info( 5265): HCDN_LOG: [T:5570]Update: udp kcp size[0], timeout kcp size[0]
11-11 00:00:43.522 I/auditd ( 2764): type=1400 audit(0.0:13657828): avc: denied { read } for comm="event_loop" lport=13400 scontext=u:r:hht_ota_mgr:s0 tcontext=u:r:hht_ota_mgr:s0 tclass=udp_socket permissive=0
11-11 00:00:43.522 W/event_loop( 2764): type=1400 audit(0.0:13657828): avc: denied { read } for lport=13400 scontext=u:r:hht_ota_mgr:s0 tcontext=u:r:hht_ota_mgr:s0 tclass=udp_socket permissive=0
11-11 00:00:43.522 I/auditd ( 2764): type=1400 audit(0.0:13657829): avc: denied { read } for comm="event_loop" lport=13400 scontext=u:r:hht_ota_mgr:s0 tcontext=u:r:hht_ota_mgr:s0 tclass=udp_socket permissive=0
11-11 00:00:43.522 W/event_loop( 2764): type=1400 audit(0.0:13657829): avc: denied { read } for lport=13400 scontext=u:r:hht_ota_mgr:s0 tcontext=u:r:hht_ota_mgr:s0 tclass=udp_socket permissive=0
11-11 00:00:43.522 I/auditd ( 2764): type=1400 audit(0.0:13657830): avc: denied { read } for comm="event_loop" lport=13400 scontext=u:r:hht_ota_mgr:s0 tcontext=u:r:hht_ota_mgr:s0 tclass=udp_socket permissive=0
11-11 00:00:43.522 W/event_loop( 2764): type=1400 audit(0.0:13657830): avc: denied { read } for lport=13400 scontext=u:r:hht_ota_mgr:s0 tcontext=u:r:hht_ota_mgr:s0 tclass=udp_socket permissive=0
11-11 00:00:43.522 I/auditd ( 2764): type=1400 audit(0.0:13657831): avc: denied { read } for comm="event_loop" lport=13400 scontext=u:r:hht_ota_mgr:s0 tcontext=u:r:hht_ota_mgr:s0 tclass=udp_socket permissive=0
11-11 00:00:43.522 W/event_loop( 2764): type=1400 audit(0.0:13657831): avc: denied { read } for lport=13400 scontext=u:r:hht_ota_mgr:s0 tcontext=u:r:hht_ota_mgr:s0 tclass=udp_socket permissive=0
11-11 00:00:43.522 I/auditd ( 2764): type=1400 audit(0.0:13657832): avc: denied { read } for comm="event_loop" lport=13400 scontext=u:r:hht_ota_mgr:s0 tcontext=u:r:hht_ota_mgr:s0 tclass=udp_socket permissive=0
11-11 00:00:43.522 W/event_loop( 2764): type=1400 audit(0.0:13657832): avc: denied { read } for lport=13400 scontext=u:r:hht_ota_mgr:s0 tcontext=u:r:hht_ota_mgr:s0 tclass=udp_socket permissive=0
11-11 00:11:04.725 W/audit ( 0): audit_lost=13658053 audit_rate_limit=5 audit_backlog_limit=64
11-11 00:11:04.725 E/audit ( 0): rate limit exceeded
11-11 00:00:43.588 I/OpenGLRenderer( 3511): Davey! duration=9223371626807ms; Flags=0, FrameTimelineVsyncId=4448, IntendedVsync=410047110671, Vsync=410047110671, InputEventId=0, HandleInputStart=410048089319, AnimationStart=410048092965, PerformTraversalsStart=410048095621, DrawStart=410048984475, FrameDeadline=410080444003, FrameInterval=410048079319, FrameStartTime=16666666, SyncQueued=410049636402, SyncStart=410049816715, IssueDrawCommandsStart=410050643798, SwapBuffers=410057313746, FrameCompleted=9223372036854775807, DequeueBufferDuration=43021, QueueBufferDuration=1137344, GpuCompleted=9223372036854775807, SwapBuffersCompleted=410059985882, DisplayPresentTime=0,
11-11 00:00:44.081 W/ContextImpl( 2156): Calling a method in the system process without a qualified user: android.app.ContextImpl.sendBroadcast:1173 android.content.ContextWrapper.sendBroadcast:479 com.thundercomm.microsettings.action.SetTimeAction.timeUpdated:212 com.thundercomm.microsettings.action.SetTimeAction.update24HourFormat:194 com.thundercomm.microsettings.action.SetTimeAction.doActualAction:154
11-11 00:00:44.087 D/MicroSettings: ITCMicroCommonCallback( 2156): get request method = syncTime parameters = {"IDCM_Time_12_24":"24","IDCM_Timestamp":14000,"IDCM_Timezone":"GMT+08:00"}
11-11 00:00:44.088 D/AlarmManagerService( 1526): Kernel timezone updated to -480 minutes west of GMT
11-11 00:00:44.088 D/MicroSettings: SetTimeAction( 2156): setTimezone: Asia/Shanghai
11-11 00:00:44.089 D/AlarmManagerService( 1526): Kernel timezone updated to -480 minutes west of GMT
11-11 00:00:44.092 D/DevicePolicyManager( 1526): updateSystemUpdateFreezePeriodsRecord
11-11 00:00:44.092 D/ConditionProviders.SCP( 1526): onReceive android.intent.action.TIME_SET
11-11 00:00:44.093 D/ConditionProviders.SCP( 1526): evaluateSubscriptionLocked cal=ScheduleCalendar[mDays={1, 2, 3, 4, 5, 6, 7}, mSchedule=ScheduleInfo{days=[1, 2, 3, 4, 5, 6, 7], startHour=22, startMinute=0, endHour=7, endMinute=0, exitAtAlarm=true, nextAlarm=Thu Jan 01 08:00:00 GMT+08:00 1970 (0)}], now=Fri Nov 11 00:00:44 GMT+08:00 2022 (1668096044092), nextUserAlarmTime=Thu Jan 01 08:00:00 GMT+08:00 1970 (0)
11-11 00:00:44.093 D/ConditionProviders.SCP( 1526): notifyCondition condition://android/schedule?days=1.2.3.4.5.6.7&start=22.0&end=7.0&exitAtAlarm=true STATE_TRUE reason=meetsSchedule
11-11 00:00:44.094 D/IconProvider( 2527): onReceive: android.intent.action.TIME_SET
11-11 00:00:44.094 D/BaseModelUpdateTask( 2527): BaseModelUpdateTask constructor
11-11 00:00:44.094 D/BaseModelUpdateTask( 2527): java.lang.Exception
11-11 00:00:44.094 D/BaseModelUpdateTask( 2527): at com.android.launcher3.model.BaseModelUpdateTask.(BaseModelUpdateTask.java:57)
11-11 00:00:44.094 D/BaseModelUpdateTask( 2527): at com.android.launcher3.model.PackageUpdatedTask.(PackageUpdatedTask.java:88)
11-11 00:00:44.094 D/BaseModelUpdateTask( 2527): at com.android.launcher3.LauncherModel.onPackageChanged(LauncherModel.java:156)
11-11 00:00:44.094 D/BaseModelUpdateTask( 2527): at com.android.launcher3.LauncherModel.onAppIconChanged(LauncherModel.java:226)
11-11 00:00:44.094 D/BaseModelUpdateTask( 2527): at com.android.launcher3.LauncherAppState$IconObserver.onAppIconChanged(LauncherAppState.java:206)
11-11 00:00:44.094 D/BaseModelUpdateTask( 2527): at com.android.launcher3.icons.IconProvider$IconChangeReceiver.onReceive(IconProvider.java:371)
11-11 00:00:44.094 D/BaseModelUpdateTask( 2527): at android.app.LoadedApk$ReceiverDispatcher$Args.lambda$getRunnable$0$LoadedApk$ReceiverDispatcher$Args(LoadedApk.java:1679)
11-11 00:00:44.094 D/BaseModelUpdateTask( 2527): at android.app.LoadedApk$ReceiverDispatcher$Args$$ExternalSyntheticLambda0.run(Unknown Source:2)
11-11 00:00:44.094 D/BaseModelUpdateTask( 2527): at android.os.Handler.handleCallback(Handler.java:938)
11-11 00:00:44.094 D/BaseModelUpdateTask( 2527): at android.os.Handler.dispatchMessage(Handler.java:99)
11-11 00:00:44.094 D/BaseModelUpdateTask( 2527): at android.os.Looper.loopOnce(Looper.java:201)
11-11 00:00:44.094 D/BaseModelUpdateTask( 2527): at android.os.Looper.loop(Looper.java:288)
11-11 00:00:44.094 D/BaseModelUpdateTask( 2527): at android.os.HandlerThread.run(HandlerThread.java:67)
11-11 00:00:44.094 D/ConditionProviders.SCP( 1526): Scheduling evaluate for Fri Nov 11 07:00:00 GMT+08:00 2022 (1668121200000), in +6h59m15s908ms, now=Fri Nov 11 00:00:44 GMT+08:00 2022 (1668096044092)
11-11 00:00:44.094 D/PackageUpdatedTask( 2527): PackageUpdatedTask constructor: op=2,user=UserHandle{0},packages=[com.android.calendar]
11-11 00:00:44.094 D/PackageUpdatedTask( 2527): java.lang.Exception
11-11 00:00:44.094 D/PackageUpdatedTask( 2527): at com.android.launcher3.model.PackageUpdatedTask.(PackageUpdatedTask.java:93)
11-11 00:00:44.094 D/PackageUpdatedTask( 2527): at com.android.launcher3.LauncherModel.onPackageChanged(LauncherModel.java:156)
11-11 00:00:44.094 D/PackageUpdatedTask( 2527): at com.android.launcher3.LauncherModel.onAppIconChanged(LauncherModel.java:226)
11-11 00:00:44.094 D/PackageUpdatedTask( 2527): at com.android.launcher3.LauncherAppState$IconObserver.onAppIconChanged(LauncherAppState.java:206)
11-11 00:00:44.094 D/PackageUpdatedTask( 2527): at com.android.launcher3.icons.IconProvider$IconChangeReceiver.onReceive(IconProvider.java:371)
11-11 00:00:44.094 D/PackageUpdatedTask( 2527): at android.app.LoadedApk$ReceiverDispatcher$Args.lambda$getRunnable$0$LoadedApk$ReceiverDispatcher$Args(LoadedApk.java:1679)
11-11 00:00:44.094 D/PackageUpdatedTask( 2527): at android.app.LoadedApk$ReceiverDispatcher$Args$$ExternalSyntheticLambda0.run(Unknown Source:2)
11-11 00:00:44.094 D/PackageUpdatedTask( 2527): at android.os.Handler.handleCallback(Handler.java:938)
11-11 00:00:44.094 D/PackageUpdatedTask( 2527): at android.os.Handler.dispatchMessage(Handler.java:99)
11-11 00:00:44.094 D/PackageUpdatedTask( 2527): at android.os.Looper.loopOnce(Looper.java:201)
11-11 00:00:44.094 D/PackageUpdatedTask( 2527): at android.os.Looper.loop(Looper.java:288)
11-11 00:00:44.094 D/PackageUpdatedTask( 2527): at android.os.HandlerThread.run(HandlerThread.java:67)
11-11 00:00:44.095 D/IconProvider( 2527): onReceive: android.intent.action.TIME_SET
11-11 00:00:44.095 D/Launcher.IconCache( 2527): Package not found
11-11 00:00:44.095 D/Launcher.IconCache( 2527): android.content.pm.PackageManager$NameNotFoundException: com.android.calendar
11-11 00:00:44.095 D/Launcher.IconCache( 2527): at android.app.ApplicationPackageManager.getPackageInfoAsUser(ApplicationPackageManager.java:241)
11-11 00:00:44.095 D/Launcher.IconCache( 2527): at android.app.ApplicationPackageManager.getPackageInfo(ApplicationPackageManager.java:213)
11-11 00:00:44.095 D/Launcher.IconCache( 2527): at com.android.launcher3.icons.IconCache.updateIconsForPkg(IconCache.java:122)
11-11 00:00:44.095 D/Launcher.IconCache( 2527): at com.android.launcher3.model.PackageUpdatedTask.execute(PackageUpdatedTask.java:130)
11-11 00:00:44.095 D/Launcher.IconCache( 2527): at com.android.launcher3.model.BaseModelUpdateTask.run(BaseModelUpdateTask.java:80)
11-11 00:00:44.095 D/Launcher.IconCache( 2527): at com.android.launcher3.util.LooperExecutor.execute(LooperExecutor.java:45)
11-11 00:00:44.095 D/Launcher.IconCache( 2527): at com.android.launcher3.LauncherModel.enqueueModelUpdateTask(LauncherModel.java:555)
11-11 00:00:44.095 D/Launcher.IconCache( 2527): at com.android.launcher3.LauncherModel.onPackageChanged(LauncherModel.java:156)
11-11 00:00:44.095 D/Launcher.IconCache( 2527): at com.android.launcher3.LauncherModel.onAppIconChanged(LauncherModel.java:226)
11-11 00:00:44.095 D/Launcher.IconCache( 2527): at com.android.launcher3.LauncherAppState$IconObserver.onAppIconChanged(LauncherAppState.java:206)
11-11 00:00:44.095 D/Launcher.IconCache( 2527): at com.android.launcher3.icons.IconProvider$IconChangeReceiver.onReceive(IconProvider.java:371)
11-11 00:00:44.095 D/Launcher.IconCache( 2527): at android.app.LoadedApk$ReceiverDispatcher$Args.lambda$getRunnable$0$LoadedApk$ReceiverDispatcher$Args(LoadedApk.java:1679)
11-11 00:00:44.095 D/Launcher.IconCache( 2527): at android.app.LoadedApk$ReceiverDispatcher$Args$$ExternalSyntheticLambda0.run(Unknown Source:2)
11-11 00:00:44.095 D/Launcher.IconCache( 2527): at android.os.Handler.handleCallback(Handler.java:938)
11-11 00:00:44.095 D/Launcher.IconCache( 2527): at android.os.Handler.dispatchMessage(Handler.java:99)
11-11 00:00:44.095 D/Launcher.IconCache( 2527): at android.os.Looper.loopOnce(Looper.java:201)
11-11 00:00:44.095 D/Launcher.IconCache( 2527): at android.os.Looper.loop(Looper.java:288)
11-11 00:00:44.095 D/Launcher.IconCache( 2527): at android.os.HandlerThread.run(HandlerThread.java:67)
11-11 00:00:44.096 D/CompatibilityInfo( 1526): mCompatibilityFlags - 4
11-11 00:00:44.096 D/CompatibilityInfo( 1526): applicationDensity - 240
11-11 00:00:44.096 D/CompatibilityInfo( 1526): applicationScale - 1.0
11-11 00:00:44.096 D/BaseModelUpdateTask( 2527): BaseModelUpdateTask constructor
11-11 00:00:44.096 D/BaseModelUpdateTask( 2527): java.lang.Exception
11-11 00:00:44.096 D/BaseModelUpdateTask( 2527): at com.android.launcher3.model.BaseModelUpdateTask.(BaseModelUpdateTask.java:57)
11-11 00:00:44.096 D/BaseModelUpdateTask( 2527): at com.android.launcher3.LauncherModel$6.(LauncherModel.java:605)
11-11 00:00:44.096 D/BaseModelUpdateTask( 2527): at com.android.launcher3.LauncherModel.refreshAndBindWidgetsAndShortcuts(LauncherModel.java:605)
11-11 00:00:44.096 D/BaseModelUpdateTask( 2527): at com.android.launcher3.Launcher.refreshAndBindWidgetsForPackageUser(Launcher.java:2878)
11-11 00:00:44.096 D/BaseModelUpdateTask( 2527): at com.android.launcher3.model.PackageUpdatedTask.execute(PackageUpdatedTask.java:139)
11-11 00:00:44.096 D/BaseModelUpdateTask( 2527): at com.android.launcher3.model.BaseModelUpdateTask.run(BaseModelUpdateTask.java:80)
11-11 00:00:44.096 D/BaseModelUpdateTask( 2527): at com.android.launcher3.util.LooperExecutor.execute(LooperExecutor.java:45)
11-11 00:00:44.096 D/BaseModelUpdateTask( 2527): at com.android.launcher3.LauncherModel.enqueueModelUpdateTask(LauncherModel.java:555)
11-11 00:00:44.096 D/BaseModelUpdateTask( 2527): at com.android.launcher3.LauncherModel.onPackageChanged(LauncherModel.java:156)
11-11 00:00:44.096 D/BaseModelUpdateTask( 2527): at com.android.launcher3.LauncherModel.onAppIconChanged(LauncherModel.java:226)
11-11 00:00:44.096 D/BaseModelUpdateTask( 2527): at com.android.launcher3.LauncherAppState$IconObserver.onAppIconChanged(LauncherAppState.java:206)
11-11 00:00:44.096 D/BaseModelUpdateTask( 2527): at com.android.launcher3.icons.IconProvider$IconChangeReceiver.onReceive(IconProvider.java:371)
11-11 00:00:44.096 D/BaseModelUpdateTask( 2527): at android.app.LoadedApk$ReceiverDispatcher$Args.lambda$getRunnable$0$LoadedApk$ReceiverDispatcher$Args(LoadedApk.java:1679)
11-11 00:00:44.096 D/BaseModelUpdateTask( 2527): at android.app.LoadedApk$ReceiverDispatcher$Args$$ExternalSyntheticLambda0.run(Unknown Source:2)
11-11 00:00:44.096 D/BaseModelUpdateTask( 2527): at android.os.Handler.handleCallback(Handler.java:938)
11-11 00:00:44.096 D/BaseModelUpdateTask( 2527): at android.os.Handler.dispatchMessage(Handler.java:99)
11-11 00:00:44.096 D/BaseModelUpdateTask( 2527): at android.os.Looper.loopOnce(Looper.java:201)
11-11 00:00:44.096 D/BaseModelUpdateTask( 2527): at android.os.Looper.loop(Looper.java:288)
11-11 00:00:44.096 D/BaseModelUpdateTask( 2527): at android.os.HandlerThread.run(HandlerThread.java:67)
11-11 00:00:44.097 D/OsAgent ( 2639): [time_change_update][3164] [HC] =>> [HS]
11-11 00:00:44.097 D/KeyguardUpdateMonitor( 2000): received broadcast android.intent.action.TIME_SET
11-11 00:00:44.097 D/KeyguardUpdateMonitor( 2000): handleTimeUpdate
11-11 00:00:44.098 V/LocSvc_HIDL_IzatSubscription( 809): [timeChangeUpdate][645] [HS] <<<<= [HC]
11-11 00:00:44.098 D/TimeService( 5248): Receivedandroid.intent.action.TIME_SET intent. Current Time is 1668096044098
11-11 00:00:44.100 D/QC-time-services( 642): Daemon: Connection accepted:time_genoff
11-11 00:00:44.101 D/QC-time-services( 642): Daemon:Received base = 2, unit = 1, operation = 0,value = 1668096044100
11-11 00:00:44.101 D/QC-time-services( 642): Daemon:genoff_opr: Base = 2, val = 1668096044100, operation = 0
11-11 00:00:44.101 D/QC-time-services( 642): Daemon:Value read from QTimer mseconds = 412809
11-11 00:00:44.101 D/QC-time-services( 642): Daemon:Value read from RTC mseconds on boot = 7137000
11-11 00:00:44.101 D/QC-time-services( 642): Daemon:Delta read on boot mseconds = 7128979
11-11 00:00:44.101 D/QC-time-services( 642): Daemon:new time 1668096044100
11-11 00:00:44.101 D/QC-time-services( 642): Daemon: delta 1668088502312 genoff 1668088502312
11-11 00:00:44.101 D/QC-time-services( 642): Daemon:genoff_persistent_update: Writing genoff = 1668088502312 to memory
11-11 00:00:44.101 D/QC-time-services( 642): Daemon:Opening File: /mnt/vendor/persist/time/ats_2 /data/vendor/time/ats_2
11-11 00:00:44.101 D/QC-time-services( 642): Daemon:time_persistent_memory_opr:Genoff write operation
11-11 00:00:44.101 I/WidgetsModel( 2527): found whitelist widget: com.android.settings, label: 璁剧疆蹇嵎鏂瑰紡, sectionName:S
11-11 00:00:44.101 I/WidgetsModel( 2527): found whitelist widget: com.android.gallery3d, label: 鐓х墖, sectionName:T
11-11 00:00:44.101 I/WidgetsModel( 2527): found whitelist widget: com.android.systemui, label: 瀵硅瘽, sectionName:D
11-11 00:00:44.102 I/WidgetsModel( 2527): found whitelist widget: com.android.music, label: 闊充箰, sectionName:Y
11-11 00:00:44.102 D/ModelWriter( 2527): removing items from db
11-11 00:00:44.102 D/ModelWriter( 2527): java.lang.Exception
11-11 00:00:44.102 D/ModelWriter( 2527): at com.android.launcher3.model.ModelWriter.deleteItemsFromDatabase(ModelWriter.java:280)
11-11 00:00:44.102 D/ModelWriter( 2527): at com.android.launcher3.model.ModelWriter.deleteItemsFromDatabase(ModelWriter.java:268)
11-11 00:00:44.102 D/ModelWriter( 2527): at com.android.launcher3.model.BaseModelUpdateTask.deleteAndBindComponentsRemoved(BaseModelUpdateTask.java:140)
11-11 00:00:44.102 D/ModelWriter( 2527): at com.android.launcher3.model.PackageUpdatedTask.execute(PackageUpdatedTask.java:353)
11-11 00:00:44.102 D/ModelWriter( 2527): at com.android.launcher3.model.BaseModelUpdateTask.run(BaseModelUpdateTask.java:80)
11-11 00:00:44.102 D/ModelWriter( 2527): at com.android.launcher3.util.LooperExecutor.execute(LooperExecutor.java:45)
11-11 00:00:44.102 D/ModelWriter( 2527): at com.android.launcher3.LauncherModel.enqueueModelUpdateTask(LauncherModel.java:555)
11-11 00:00:44.102 D/ModelWriter( 2527): at com.android.launcher3.LauncherModel.onPackageChanged(LauncherModel.java:156)
11-11 00:00:44.102 D/ModelWriter( 2527): at com.android.launcher3.LauncherModel.onAppIconChanged(LauncherModel.java:226)
11-11 00:00:44.102 D/ModelWriter( 2527): at com.android.launcher3.LauncherAppState$IconObserver.onAppIconChanged(LauncherAppState.java:206)
11-11 00:00:44.102 D/ModelWriter( 2527): at com.android.launcher3.icons.IconProvider$IconChangeReceiver.onReceive(IconProvider.java:371)
11-11 00:00:44.102 D/ModelWriter( 2527): at android.app.LoadedApk$ReceiverDispatcher$Args.lambda$getRunnable$0$LoadedApk$ReceiverDispatcher$Args(LoadedApk.java:1679)
11-11 00:00:44.102 D/ModelWriter( 2527): at android.app.LoadedApk$ReceiverDispatcher$Args$$ExternalSyntheticLambda0.run(Unknown Source:2)
11-11 00:00:44.102 D/ModelWriter( 2527): at android.os.Handler.handleCallback(Handler.java:938)
11-11 00:00:44.102 D/ModelWriter( 2527): at android.os.Handler.dispatchMessage(Handler.java:99)
11-11 00:00:44.102 D/ModelWriter( 2527): at android.os.Looper.loopOnce(Looper.java:201)
11-11 00:00:44.102 D/ModelWriter( 2527): at android.os.Looper.loop(Looper.java:288)
11-11 00:00:44.102 D/ModelWriter( 2527): at android.os.HandlerThread.run(HandlerThread.java:67)
11-11 00:00:44.105 D/QC-time-services( 642): Updating the TOD offset
11-11 00:00:44.105 D/QC-time-services( 642): Daemon:genoff_persistent_update: Writing genoff = 1668088502312 to memory
11-11 00:00:44.105 D/QC-time-services( 642): Daemon:Opening File: /mnt/vendor/persist/time/ats_1 /data/vendor/time/ats_1
11-11 00:00:44.105 D/QC-time-services( 642): Daemon:time_persistent_memory_opr:Genoff write operation
11-11 00:00:44.106 D/QC-time-services( 642): Daemon:genoff_set: Updating the WLAN offset
11-11 00:00:44.106 D/QC-time-services( 642): Daemon:genoff_persistent_update: Writing genoff = 1668088502312 to memory
11-11 00:00:44.106 D/QC-time-services( 642): Daemon:Opening File: /mnt/vendor/persist/time/ats_16 /data/vendor/time/ats_16
11-11 00:00:44.106 D/QC-time-services( 642): Daemon:time_persistent_memory_opr:Genoff write operation
11-11 00:00:44.109 D/TimeService( 5248): Set time successfully!
11-11 00:00:44.110 E/QC-time-services( 642): Daemon: Time-services: Waiting to acceptconnection
11-11 00:00:44.111 D/CompatibilityInfo( 1526): mCompatibilityFlags - 4
11-11 00:00:44.111 D/CompatibilityInfo( 1526): applicationDensity - 240
11-11 00:00:44.111 D/CompatibilityInfo( 1526): applicationScale - 1.0
11-11 00:00:44.111 D/BaseModelUpdateTask( 2527): BaseModelUpdateTask constructor
11-11 00:00:44.111 D/BaseModelUpdateTask( 2527): java.lang.Exception
11-11 00:00:44.111 D/BaseModelUpdateTask( 2527): at com.android.launcher3.model.BaseModelUpdateTask.(BaseModelUpdateTask.java:57)
11-11 00:00:44.111 D/BaseModelUpdateTask( 2527): at com.android.launcher3.model.AddWorkspaceItemsTask.(AddWorkspaceItemsTask.java:58)
11-11 00:00:44.111 D/BaseModelUpdateTask( 2527): at com.android.launcher3.LauncherModel.addAndBindAddedWorkspaceItems(LauncherModel.java:145)
11-11 00:00:44.111 D/BaseModelUpdateTask( 2527): at com.android.launcher3.model.PackageUpdatedTask.updateToWorkSpace(PackageUpdatedTask.java:406)
11-11 00:00:44.111 D/BaseModelUpdateTask( 2527): at com.android.launcher3.model.PackageUpdatedTask.execute(PackageUpdatedTask.java:370)
11-11 00:00:44.111 D/BaseModelUpdateTask( 2527): at com.android.launcher3.model.BaseModelUpdateTask.run(BaseModelUpdateTask.java:80)
11-11 00:00:44.111 D/BaseModelUpdateTask( 2527): at com.android.launcher3.util.LooperExecutor.execute(LooperExecutor.java:45)
11-11 00:00:44.111 D/BaseModelUpdateTask( 2527): at com.android.launcher3.LauncherModel.enqueueModelUpdateTask(LauncherModel.java:555)
11-11 00:00:44.111 D/BaseModelUpdateTask( 2527): at com.android.launcher3.LauncherModel.onPackageChanged(LauncherModel.java:156)
11-11 00:00:44.111 D/BaseModelUpdateTask( 2527): at com.android.launcher3.LauncherModel.onAppIconChanged(LauncherModel.java:226)
11-11 00:00:44.111 D/BaseModelUpdateTask( 2527): at com.android.launcher3.LauncherAppState$IconObserver.onAppIconChanged(LauncherAppState.java:206)
11-11 00:00:44.111 D/BaseModelUpdateTask( 2527): at com.android.launcher3.icons.IconProvider$IconChangeReceiver.onReceive(IconProvider.java:371)
11-11 00:00:44.111 D/BaseModelUpdateTask( 2527): at android.app.LoadedApk$ReceiverDispatcher$Args.lambda$getRunnable$0$LoadedApk$ReceiverDispatcher$Args(LoadedApk.java:1679)
11-11 00:00:44.111 D/BaseModelUpdateTask( 2527): at android.app.LoadedApk$ReceiverDispatcher$Args$$ExternalSyntheticLambda0.run(Unknown Source:2)
11-11 00:00:44.111 D/BaseModelUpdateTask( 2527): at android.os.Handler.handleCallback(Handler.java:938)
11-11 00:00:44.111 D/BaseModelUpdateTask( 2527): at android.os.Handler.dispatchMessage(Handler.java:99)
11-11 00:00:44.111 D/BaseModelUpdateTask( 2527): at android.os.Looper.loopOnce(Looper.java:201)
11-11 00:00:44.111 D/BaseModelUpdateTask( 2527): at android.os.Looper.loop(Looper.java:288)
11-11 00:00:44.111 D/BaseModelUpdateTask( 2527): at android.os.HandlerThread.run(HandlerThread.java:67)
11-11 00:00:44.315 I/mpu_uart( 644): [MSG-P:RECV]:No message received in 1000 ms
11-11 00:00:44.374 I/OpenGLRenderer( 3511): Davey! duration=9223371626022ms; Flags=0, FrameTimelineVsyncId=4464, IntendedVsync=410832350939, Vsync=410832350939, InputEventId=0, HandleInputStart=410833181402, AnimationStart=410833185673, PerformTraversalsStart=410833188277, DrawStart=410834322235, FrameDeadline=410865684271, FrameInterval=410833170881, FrameStartTime=16666666, SyncQueued=410834968954, SyncStart=410835134735, IssueDrawCommandsStart=410836129944, SwapBuffers=410842159319, FrameCompleted=9223372036854775807, DequeueBufferDuration=41041, QueueBufferDuration=1057343, GpuCompleted=9223372036854775807, SwapBuffersCompleted=410843803954, DisplayPresentTime=0,
11-11 00:00:44.473 W/kcp_info( 5265): HCDN_LOG: [T:5570]Update: udp kcp size[0], timeout kcp size[0]
11-11 00:00:44.526 I/auditd ( 2764): type=1400 audit(0.0:13928887): avc: denied { read } for comm="event_loop" lport=13400 scontext=u:r:hht_ota_mgr:s0 tcontext=u:r:hht_ota_mgr:s0 tclass=udp_socket permissive=0
11-11 00:00:44.526 W/event_loop( 2764): type=1400 audit(0.0:13928887): avc: denied { read } for lport=13400 scontext=u:r:hht_ota_mgr:s0 tcontext=u:r:hht_ota_mgr:s0 tclass=udp_socket permissive=0
11-11 00:00:44.526 I/auditd ( 2764): type=1400 audit(0.0:13928888): avc: denied { read } for comm="event_loop" lport=13400 scontext=u:r:hht_ota_mgr:s0 tcontext=u:r:hht_ota_mgr:s0 tclass=udp_socket permissive=0
11-11 00:00:44.526 W/event_loop( 2764): type=1400 audit(0.0:13928888): avc: denied { read } for lport=13400 scontext=u:r:hht_ota_mgr:s0 tcontext=u:r:hht_ota_mgr:s0 tclass=udp_socket permissive=0
11-11 00:00:44.526 I/auditd ( 2764): type=1400 audit(0.0:13928889): avc: denied { read } for comm="event_loop" lport=13400 scontext=u:r:hht_ota_mgr:s0 tcontext=u:r:hht_ota_mgr:s0 tclass=udp_socket permissive=0
11-11 00:00:44.526 W/event_loop( 2764): type=1400 audit(0.0:13928889): avc: denied { read } for lport=13400 scontext=u:r:hht_ota_mgr:s0 tcontext=u:r:hht_ota_mgr:s0 tclass=udp_socket permissive=0
11-11 00:00:44.526 I/auditd ( 2764): type=1400 audit(0.0:13928890): avc: denied { read } for comm="event_loop" lport=13400 scontext=u:r:hht_ota_mgr:s0 tcontext=u:r:hht_ota_mgr:s0 tclass=udp_socket permissive=0
11-11 00:00:44.526 W/event_loop( 2764): type=1400 audit(0.0:13928890): avc: denied { read } for lport=13400 scontext=u:r:hht_ota_mgr:s0 tcontext=u:r:hht_ota_mgr:s0 tclass=udp_socket permissive=0
11-11 00:00:44.526 I/auditd ( 2764): type=1400 audit(0.0:13928891): avc: denied { read } for comm="event_loop" lport=13400 scontext=u:r:hht_ota_mgr:s0 tcontext=u:r:hht_ota_mgr:s0 tclass=udp_socket permissive=0
11-11 00:00:44.526 W/event_loop( 2764): type=1400 audit(0.0:13928891): avc: denied { read } for lport=13400 scontext=u:r:hht_ota_mgr:s0 tcontext=u:r:hht_ota_mgr:s0 tclass=udp_socket permissive=0
11-11 00:11:05.729 W/audit ( 0): audit_lost=13929116 audit_rate_limit=5 audit_backlog_limit=64
11-11 00:11:05.729 E/audit ( 0): rate limit exceeded
11-11 00:00:44.576 I/OpenGLRenderer( 3511): Davey! duration=9223371625821ms; Flags=0, FrameTimelineVsyncId=4467, IntendedVsync=411032854009, Vsync=411032854009, InputEventId=0, HandleInputStart=411033740569, AnimationStart=411033744579, PerformTraversalsStart=411033747287, DrawStart=411034591975, FrameDeadline=411066187341, FrameInterval=411033730360, FrameStartTime=16666666, SyncQueued=411035241454, SyncStart=411035382287, IssueDrawCommandsStart=411036220673, SwapBuffers=411042317392, FrameCompleted=9223372036854775807, DequeueBufferDuration=42187, QueueBufferDuration=1146093, GpuCompleted=9223372036854775807, SwapBuffersCompleted=411044115152, DisplayPresentTime=0,
11-11 00:00:44.607 I/mpu_uart( 644): [MSG-P:R]:recv sync frame timeout
11-11 00:00:44.695 D/audio_hw_primary( 796): copl(0xf280c970):out of compress_wait
11-11 00:00:44.698 D/audio_hw_primary( 796): No space available in compress driver, post msg to cb thread
11-11 00:00:44.699 D/audio_hw_primary( 796): copl(0xf280c970):calling compress_wait
11-11 00:00:44.950 I/input_interaction( 1526): Interaction with: 9022c10 com.android.music/com.android.music.MusicBrowserActivity (server), edge-swipe (server), swipe-up (server), PointerEventDispatcher0 (server),
11-11 00:00:44.953 V/DisplayPowerController[0]( 1526): Brightness [1.0] reason changing to: 'manual', previous reason: 'manual [ dim ]'.
11-11 00:00:44.953 I/sysui_multi_action( 1526): [757,1696,758,6,759,3]
11-11 00:00:44.968 E/DisplayDeviceConfig( 1526): requesting nits when no mapping exists.
11-11 00:00:44.968 E/DisplayDeviceConfig( 1526): requesting nits when no mapping exists.
11-11 00:00:44.968 I/am_wtf ( 1526): [0,1526,system_server,-1,DisplayDeviceConfig,requesting nits when no mapping exists.]
11-11 00:00:44.969 I/am_wtf ( 1526): [0,1526,system_server,-1,DisplayDeviceConfig,requesting nits when no mapping exists.]
11-11 00:00:44.984 E/DisplayDeviceConfig( 1526): requesting nits when no mapping exists.
11-11 00:00:44.984 E/DisplayDeviceConfig( 1526): requesting nits when no mapping exists.
11-11 00:00:44.985 I/am_wtf ( 1526): [0,1526,system_server,-1,DisplayDeviceConfig,requesting nits when no mapping exists.]
11-11 00:00:44.986 I/am_wtf ( 1526): [0,1526,system_server,-1,DisplayDeviceConfig,requesting nits when no mapping exists.]
11-11 00:00:45.001 E/DisplayDeviceConfig( 1526): requesting nits when no mapping exists.
11-11 00:00:45.001 E/DisplayDeviceConfig( 1526): requesting nits when no mapping exists.
11-11 00:00:45.001 I/am_wtf ( 1526): [0,1526,system_server,-1,DisplayDeviceConfig,requesting nits when no mapping exists.]
11-11 00:00:45.002 I/am_wtf ( 1526): [0,1526,system_server,-1,DisplayDeviceConfig,requesting nits when no mapping exists.]
11-11 00:00:45.018 E/DisplayDeviceConfig( 1526): requesting nits when no mapping exists.
11-11 00:00:45.018 E/DisplayDeviceConfig( 1526): requesting nits when no mapping exists.
11-11 00:00:45.018 I/am_wtf ( 1526): [0,1526,system_server,-1,DisplayDeviceConfig,requesting nits when no mapping exists.]
11-11 00:00:45.019 I/am_wtf ( 1526): [0,1526,system_server,-1,DisplayDeviceConfig,requesting nits when no mapping exists.]
11-11 00:00:45.034 E/DisplayDeviceConfig( 1526): requesting nits when no mapping exists.
11-11 00:00:45.035 E/DisplayDeviceConfig( 1526): requesting nits when no mapping exists.
11-11 00:00:45.035 I/am_wtf ( 1526): [0,1526,system_server,-1,DisplayDeviceConfig,requesting nits when no mapping exists.]
11-11 00:00:45.036 I/am_wtf ( 1526): [0,1526,system_server,-1,DisplayDeviceConfig,requesting nits when no mapping exists.]
11-11 00:00:45.051 E/DisplayDeviceConfig( 1526): requesting nits when no mapping exists.
11-11 00:00:45.052 E/DisplayDeviceConfig( 1526): requesting nits when no mapping exists.
11-11 00:00:45.052 I/am_wtf ( 1526): [0,1526,system_server,-1,DisplayDeviceConfig,requesting nits when no mapping exists.]
11-11 00:00:45.053 I/am_wtf ( 1526): [0,1526,system_server,-1,DisplayDeviceConfig,requesting nits when no mapping exists.]
11-11 00:00:45.068 E/DisplayDeviceConfig( 1526): requesting nits when no mapping exists.
11-11 00:00:45.068 E/DisplayDeviceConfig( 1526): requesting nits when no mapping exists.
11-11 00:00:45.068 I/am_wtf ( 1526): [0,1526,system_server,-1,DisplayDeviceConfig,requesting nits when no mapping exists.]
11-11 00:00:45.069 I/am_wtf ( 1526): [0,1526,system_server,-1,DisplayDeviceConfig,requesting nits when no mapping exists.]
11-11 00:00:45.085 E/DisplayDeviceConfig( 1526): requesting nits when no mapping exists.
11-11 00:00:45.085 E/DisplayDeviceConfig( 1526): requesting nits when no mapping exists.
11-11 00:00:45.086 I/am_wtf ( 1526): [0,1526,system_server,-1,DisplayDeviceConfig,requesting nits when no mapping exists.]
11-11 00:00:45.086 I/am_wtf ( 1526): [0,1526,system_server,-1,DisplayDeviceConfig,requesting nits when no mapping exists.]
11-11 00:00:45.089 I/OpenGLRenderer( 3511): Davey! duration=9223371625303ms; Flags=0, FrameTimelineVsyncId=4481, IntendedVsync=411550760461, Vsync=411550760461, InputEventId=758754112, HandleInputStart=411551045829, AnimationStart=411551505412, PerformTraversalsStart=411551507444, DrawStart=411551586714, FrameDeadline=411584093793, FrameInterval=411551042912, FrameStartTime=16666666, SyncQueued=411555729266, SyncStart=411555858329, IssueDrawCommandsStart=411556665152, SwapBuffers=411565866454, FrameCompleted=9223372036854775807, DequeueBufferDuration=35937, QueueBufferDuration=857083, GpuCompleted=9223372036854775807, SwapBuffersCompleted=411567227235, DisplayPresentTime=0,
11-11 00:00:45.089 D/MicroSettings: SetTimeAction( 2156): current timestamp: 1668096045089
11-11 00:00:45.089 D/MicroSettings: SetTimeAction( 2156): setTime: 14000
11-11 00:00:45.090 D/AlarmManagerService( 1526): Setting time of day to sec=14
11-11 00:00:45.090 W/AlarmManagerService( 1526): Unable to set rtc to 14: Invalid argument
11-11 00:00:45.092 D/CompatibilityInfo( 1526): mCompatibilityFlags - 4
11-11 00:00:45.092 D/CompatibilityInfo( 1526): applicationDensity - 240
11-11 00:00:45.092 D/CompatibilityInfo( 1526): applicationScale - 1.0
11-11 00:00:45.094 D/CompatibilityInfo( 1526): mCompatibilityFlags - 4
11-11 00:00:45.094 D/CompatibilityInfo( 1526): applicationDensity - 240
11-11 00:00:45.094 D/CompatibilityInfo( 1526): applicationScale - 1.0
11-11 00:00:45.102 E/DisplayDeviceConfig( 1526): requesting nits when no mapping exists.
11-11 00:00:45.102 E/DisplayDeviceConfig( 1526): requesting nits when no mapping exists.
11-11 00:00:45.102 I/am_wtf ( 1526): [0,1526,system_server,-1,DisplayDeviceConfig,requesting nits when no mapping exists.]
11-11 00:00:45.105 I/am_wtf ( 1526): [0,1526,system_server,-1,DisplayDeviceConfig,requesting nits when no mapping exists.]
11-11 00:00:45.118 E/DisplayDeviceConfig( 1526): requesting nits when no mapping exists.
11-11 00:00:45.118 E/DisplayDeviceConfig( 1526): requesting nits when no mapping exists.
11-11 00:00:45.121 I/am_wtf ( 1526): [0,1526,system_server,-1,DisplayDeviceConfig,requesting nits when no mapping exists.]
11-11 00:00:45.122 I/am_wtf ( 1526): [0,1526,system_server,-1,DisplayDeviceConfig,requesting nits when no mapping exists.]
11-11 00:00:45.134 E/DisplayDeviceConfig( 1526): requesting nits when no mapping exists.
11-11 00:00:45.135 E/DisplayDeviceConfig( 1526): requesting nits when no mapping exists.
11-11 00:00:45.135 I/am_wtf ( 1526): [0,1526,system_server,-1,DisplayDeviceConfig,requesting nits when no mapping exists.]
11-11 00:00:45.139 I/am_wtf ( 1526): [0,1526,system_server,-1,DisplayDeviceConfig,requesting nits when no mapping exists.]
11-11 00:00:45.151 E/DisplayDeviceConfig( 1526): requesting nits when no mapping exists.
11-11 00:00:45.152 E/DisplayDeviceConfig( 1526): requesting nits when no mapping exists.
11-11 00:00:45.155 I/am_wtf ( 1526): [0,1526,system_server,-1,DisplayDeviceConfig,requesting nits when no mapping exists.]
11-11 00:00:45.156 I/am_wtf ( 1526): [0,1526,system_server,-1,DisplayDeviceConfig,requesting nits when no mapping exists.]
11-11 00:00:45.168 E/DisplayDeviceConfig( 1526): requesting nits when no mapping exists.
11-11 00:00:45.168 E/DisplayDeviceConfig( 1526): requesting nits when no mapping exists.
11-11 00:00:45.168 I/am_wtf ( 1526): [0,1526,system_server,-1,DisplayDeviceConfig,requesting nits when no mapping exists.]
11-11 00:00:45.172 I/am_wtf ( 1526): [0,1526,system_server,-1,DisplayDeviceConfig,requesting nits when no mapping exists.]
11-11 00:00:45.185 E/DisplayDeviceConfig( 1526): requesting nits when no mapping exists.
11-11 00:00:45.185 E/DisplayDeviceConfig( 1526): requesting nits when no mapping exists.
11-11 00:00:45.185 I/am_wtf ( 1526): [0,1526,system_server,-1,DisplayDeviceConfig,requesting nits when no mapping exists.]
11-11 00:00:45.186 I/am_wtf ( 1526): [0,1526,system_server,-1,DisplayDeviceConfig,requesting nits when no mapping exists.]
11-11 00:00:45.201 E/DisplayDeviceConfig( 1526): requesting nits when no mapping exists.
11-11 00:00:45.202 E/DisplayDeviceConfig( 1526): requesting nits when no mapping exists.
11-11 00:00:45.202 I/am_wtf ( 1526): [0,1526,system_server,-1,DisplayDeviceConfig,requesting nits when no mapping exists.]
11-11 00:00:45.203 I/am_wtf ( 1526): [0,1526,system_server,-1,DisplayDeviceConfig,requesting nits when no mapping exists.]
11-11 00:00:45.218 E/DisplayDeviceConfig( 1526): requesting nits when no mapping exists.
11-11 00:00:45.219 E/DisplayDeviceConfig( 1526): requesting nits when no mapping exists.
11-11 00:00:45.219 I/am_wtf ( 1526): [0,1526,system_server,-1,DisplayDeviceConfig,requesting nits when no mapping exists.]
11-11 00:00:45.219 I/am_wtf ( 1526): [0,1526,system_server,-1,DisplayDeviceConfig,requesting nits when no mapping exists.]
11-11 00:00:45.235 E/DisplayDeviceConfig( 1526): requesting nits when no mapping exists.
11-11 00:00:45.235 E/DisplayDeviceConfig( 1526): requesting nits when no mapping exists.
11-11 00:00:45.236 I/am_wtf ( 1526): [0,1526,system_server,-1,DisplayDeviceConfig,requesting nits when no mapping exists.]
11-11 00:00:45.236 I/am_wtf ( 1526): [0,1526,system_server,-1,DisplayDeviceConfig,requesting nits when no mapping exists.]
11-11 00:00:45.252 E/DisplayDeviceConfig( 1526): requesting nits when no mapping exists.
11-11 00:00:45.253 E/DisplayDeviceConfig( 1526): requesting nits when no mapping exists.
11-11 00:00:45.253 I/am_wtf ( 1526): [0,1526,system_server,-1,DisplayDeviceConfig,requesting nits when no mapping exists.]
11-11 00:00:45.254 I/am_wtf ( 1526): [0,1526,system_server,-1,DisplayDeviceConfig,requesting nits when no mapping exists.]
11-11 00:00:45.274 E/DisplayDeviceConfig( 1526): requesting nits when no mapping exists.
11-11 00:00:45.274 E/DisplayDeviceConfig( 1526): requesting nits when no mapping exists.
11-11 00:00:45.274 I/am_wtf ( 1526): [0,1526,system_server,-1,DisplayDeviceConfig,requesting nits when no mapping exists.]
11-11 00:00:45.276 I/am_wtf ( 1526): [0,1526,system_server,-1,DisplayDeviceConfig,requesting nits when no mapping exists.]
11-11 00:00:45.285 E/DisplayDeviceConfig( 1526): requesting nits when no mapping exists.
11-11 00:00:45.286 I/am_wtf ( 1526): [0,1526,system_server,-1,DisplayDeviceConfig,requesting nits when no mapping exists.]
11-11 00:00:45.286 E/DisplayDeviceConfig( 1526): requesting nits when no mapping exists.
11-11 00:00:45.286 I/am_wtf ( 1526): [0,1526,system_server,-1,DisplayDeviceConfig,requesting nits when no mapping exists.]
11-11 00:00:45.302 E/DisplayDeviceConfig( 1526): requesting nits when no mapping exists.
11-11 00:00:45.302 E/DisplayDeviceConfig( 1526): requesting nits when no mapping exists.
11-11 00:00:45.302 I/am_wtf ( 1526): [0,1526,system_server,-1,DisplayDeviceConfig,requesting nits when no mapping exists.]
11-11 00:00:45.303 I/am_wtf ( 1526): [0,1526,system_server,-1,DisplayDeviceConfig,requesting nits when no mapping exists.]
11-11 00:00:45.315 I/mpu_uart( 644): [MSG-P:RECV]:No message received in 1000 ms
11-11 00:00:45.318 E/DisplayDeviceConfig( 1526): requesting nits when no mapping exists.
11-11 00:00:45.319 E/DisplayDeviceConfig( 1526): requesting nits when no mapping exists.
11-11 00:00:45.321 I/am_wtf ( 1526): [0,1526,system_server,-1,DisplayDeviceConfig,requesting nits when no mapping exists.]
11-11 00:00:45.323 I/am_wtf ( 1526): [0,1526,system_server,-1,DisplayDeviceConfig,requesting nits when no mapping exists.]
11-11 00:00:45.335 E/DisplayDeviceConfig( 1526): requesting nits when no mapping exists.
11-11 00:00:45.336 E/DisplayDeviceConfig( 1526): requesting nits when no mapping exists.
11-11 00:00:45.337 I/am_wtf ( 1526): [0,1526,system_server,-1,DisplayDeviceConfig,requesting nits when no mapping exists.]
11-11 00:00:45.337 I/am_wtf ( 1526): [0,1526,system_server,-1,DisplayDeviceConfig,requesting nits when no mapping exists.]
11-11 00:00:45.352 E/DisplayDeviceConfig( 1526): requesting nits when no mapping exists.
11-11 00:00:45.352 I/am_wtf ( 1526): [0,1526,system_server,-1,DisplayDeviceConfig,requesting nits when no mapping exists.]
11-11 00:00:45.352 E/DisplayDeviceConfig( 1526): requesting nits when no mapping exists.
11-11 00:00:45.353 I/am_wtf ( 1526): [0,1526,system_server,-1,DisplayDeviceConfig,requesting nits when no mapping exists.]
11-11 00:00:45.369 E/DisplayDeviceConfig( 1526): requesting nits when no mapping exists.
11-11 00:00:45.369 I/am_wtf ( 1526): [0,1526,system_server,-1,DisplayDeviceConfig,requesting nits when no mapping exists.]
11-11 00:00:45.370 E/DisplayDeviceConfig( 1526): requesting nits when no mapping exists.
11-11 00:00:45.371 I/am_wtf ( 1526): [0,1526,system_server,-1,DisplayDeviceConfig,requesting nits when no mapping exists.]
11-11 00:00:45.387 E/DisplayDeviceConfig( 1526): requesting nits when no mapping exists.
11-11 00:00:45.388 E/DisplayDeviceConfig( 1526): requesting nits when no mapping exists.
