03-28 20:22:25.682 W/System.err( 5265): at org.qiyi.video.y.g.startService(Unknown Source:5)
03-28 20:22:25.682 W/System.err( 5265): at org.qiyi.android.plugin.utils.b.a(Unknown Source:4)
03-28 20:22:25.682 W/System.err( 5265): at org.qiyi.android.plugin.ipc.IPCPlugNative.a(Unknown Source:85)
03-28 20:22:25.682 W/System.err( 5265): at org.qiyi.android.plugin.ipc.IPCPlugNative.a(Unknown Source:48)
03-28 20:22:25.682 W/System.err( 5265): at org.qiyi.android.plugin.ipc.IPCPlugNative.b(Unknown Source:74)
03-28 20:22:25.682 W/System.err( 5265): at org.qiyi.android.plugin.b.a.startPlugin(Unknown Source:98)
03-28 20:22:25.682 W/System.err( 5265): at org.qiyi.android.plugin.plugins.g.a.startPlugin(Unknown Source:12)
03-28 20:22:25.682 W/System.err( 5265): at org.qiyi.android.plugin.d.k.b(Unknown Source:85)
03-28 20:22:25.682 W/System.err( 5265): at org.qiyi.android.plugin.d.k.d(Unknown Source:306)
03-28 20:22:25.682 W/System.err( 5265): at org.qiyi.android.plugin.d.k.b(Unknown Source:35)
03-28 20:22:25.682 W/System.err( 5265): at org.qiyi.android.plugin.module.c.c(Unknown Source:63)
03-28 20:22:25.682 W/System.err( 5265): at org.qiyi.android.plugin.module.c.b(Unknown Source:0)
03-28 20:22:25.682 W/System.err( 5265): at org.qiyi.android.plugin.module.c$10.a(Unknown Source:9)
03-28 20:22:25.683 W/System.err( 5265): at org.qiyi.android.plugin.d.f.b(Unknown Source:21)
03-28 20:22:25.683 W/System.err( 5265): at com.qiyi.xplugin.b.b.a.b(Unknown Source:19)
03-28 20:22:25.683 W/System.err( 5265): at org.qiyi.android.plugin.d.e.b(Unknown Source:164)
03-28 20:22:25.683 W/System.err( 5265): at org.qiyi.android.plugin.d.e.a(Unknown Source:0)
03-28 20:22:25.683 W/System.err( 5265): at org.qiyi.android.plugin.d.e$1.run(Unknown Source:4)
03-28 20:22:25.683 W/System.err( 5265): at android.os.Handler.handleCallback(Handler.java:938)
03-28 20:22:25.683 W/System.err( 5265): at android.os.Handler.dispatchMessage(Handler.java:99)
03-28 20:22:25.683 W/System.err( 5265): at android.os.Looper.loopOnce(Looper.java:201)
03-28 20:22:25.683 W/System.err( 5265): at android.os.Looper.loop(Looper.java:288)
03-28 20:22:25.683 W/System.err( 5265): at android.os.HandlerThread.run(HandlerThread.java:67)
03-28 20:22:25.684 W/Keva ( 5265): have already did init, builder is invalid now!
03-28 20:22:25.685 D/CompatibilityInfo( 1526): mCompatibilityFlags - 4
03-28 20:22:25.685 D/CompatibilityInfo( 1526): applicationDensity - 240
03-28 20:22:25.685 D/CompatibilityInfo( 1526): applicationScale - 1.0
03-28 20:22:25.687 E/.qiyi.video.pa( 5265): No implementation found for void com.mcto.cupid.CupidJni.jniSetSdkStatus(java.lang.String) (tried Java_com_mcto_cupid_CupidJni_jniSetSdkStatus and Java_com_mcto_cupid_CupidJni_jniSetSdkStatus__Ljava_lang_String_2)
03-28 20:22:25.687 E/[CUPID]014( 5265): setSdkStatus called failed.
03-28 20:22:25.690 D/ConnectivityService( 1526): NetReassign [no changes]
03-28 20:22:25.692 I/GameModeConfig( 1526): isGameModeOn = false
03-28 20:22:25.692 I/GameModeConfig( 1526): isGameModeOn = false
03-28 20:22:25.693 I/GameModeConfig( 1526): isGameModeOn = false
03-28 20:22:25.700 D/IM_PS ( 5265): [KPush] push init versionName: v2.8.12 buildDate: 220124-1840
03-28 20:22:25.700 I/IM ( 5265): [HCSDK] init, ver: v4.2.5(220124-1733)
03-28 20:22:25.700 I/IM ( 5265): [HCSDK] init, process name: null
03-28 20:22:25.700 I/IM-PAD ( 5265): [HCSDK] init, config: {"serviceName":"sns","clientVersion":"13.6.0","senderQueueTimeout":300000,"resource":"phone","AuthType":"passport_authcookie","hostmap":"hotchat-im.iqiyi.com"}
03-28 20:22:25.701 I/IM_PS ( 5265): [KPush] enableNotification isEnabled = true
03-28 20:22:25.702 I/IM_PS ( 5265): KPush-Init start running.
03-28 20:22:25.702 I/IM_PS ( 5265): [KPush] {"appId":1000,"appVer":"13.6.0","platform":3,"channel":"2049210209f6435aa01cb94575187681","osVersion":"12","ua":"figure","osPlatform":10,"deviceIdentifier":true}
03-28 20:22:25.729 D/[CUPID]014( 5265): loadAllLibCupid: {libc++_shared.so=/data/app/~~iE79wVvzow8I_bcoNh6ZNA==/com.qiyi.video.pad-kvpTxmfeLYAQ4MOXTunL9Q==/lib/arm/libc++_shared.so, libqtpclient.so=/data/app/~~iE79wVvzow8I_bcoNh6ZNA==/com.qiyi.video.pad-kvpTxmfeLYAQ4MOXTunL9Q==/lib/arm/libqtpclient.so, libcupid.so=/data/app/~~iE79wVvzow8I_bcoNh6ZNA==/com.qiyi.video.pad-kvpTxmfeLYAQ4MOXTunL9Q==/lib/arm/libcupid.so, libmctocurl.so=/data/app/~~iE79wVvzow8I_bcoNh6ZNA==/com.qiyi.video.pad-kvpTxmfeLYAQ4MOXTunL9Q==/lib/arm/libmctocurl.so, libgnustl_shared.so=}
03-28 20:22:25.748 D/PerformanceTrace( 5265): requestLayout, msg id=0
03-28 20:22:25.749 D/PerformanceTrace( 5265): requestLayout, msg id=0
03-28 20:22:25.749 D/PerformanceTrace( 5265): requestLayout, msg id=0
03-28 20:22:25.750 D/PerformanceTrace( 5265): requestLayout, msg id=0
03-28 20:22:25.750 D/PerformanceTrace( 5265): requestLayout, msg id=0
03-28 20:22:25.750 D/PerformanceTrace( 5265): requestLayout, msg id=0
03-28 20:22:25.750 D/PerformanceTrace( 5265): requestLayout, msg id=0
03-28 20:22:25.751 D/PerformanceTrace( 5265): requestLayout, msg id=0
03-28 20:22:25.751 D/PerformanceTrace( 5265): requestLayout, msg id=0
03-28 20:22:25.751 D/PerformanceTrace( 5265): requestLayout, msg id=0
03-28 20:22:25.751 D/PerformanceTrace( 5265): requestLayout, msg id=0
03-28 20:22:25.751 D/PerformanceTrace( 5265): requestLayout, msg id=0
03-28 20:22:25.751 D/PerformanceTrace( 5265): requestLayout, msg id=0
03-28 20:22:25.751 D/PerformanceTrace( 5265): requestLayout, msg id=0
03-28 20:22:25.751 D/PerformanceTrace( 5265): requestLayout, msg id=0
03-28 20:22:25.753 D/PerformanceTrace( 5265): requestLayout, msg id=0
03-28 20:22:25.753 D/PerformanceTrace( 5265): requestLayout, msg id=0
03-28 20:22:25.757 W/.qiyi.video.pa( 5265): Class ms.bd.c.Pgl.m0 failed lock verification and will run slower.
03-28 20:22:25.757 W/.qiyi.video.pa( 5265): Common causes for lock verification issues are non-optimized dex code
03-28 20:22:25.757 W/.qiyi.video.pa( 5265): and incorrect proguard optimizations.
03-28 20:22:25.762 I/mpu_uart( 644): [MSG-P:RECV]:No message received in 1000 ms
03-28 20:22:25.786 I/IM_PS ( 5265): [KPush] enableDebugMode startWork
03-28 20:22:25.786 I/IM-PAD ( 5265): NexusConfiguration init, domain: sns
03-28 20:22:25.786 I/IM_PS ( 5265): [QiyiPrefUtils] set kepler_push_region error context = null || value = null
03-28 20:22:25.786 I/IM-PAD ( 5265): [HCSDK] start imservice: , 5265 - 5429
03-28 20:22:25.787 I/IM_PS ( 5265): [KPush] gStartWork
03-28 20:22:25.788 W/ActivityManager( 1526): Background start not allowed: service Intent { cmp=com.qiyi.video.pad/com.iqiyi.hcim.service.IMService } to com.qiyi.video.pad/com.iqiyi.hcim.service.IMService from pid=5265 uid=10095 pkg=com.qiyi.video.pad startFg?=false
03-28 20:22:25.788 I/IM_PS ( 5265): [ImPushServiceManager] startWork
03-28 20:22:25.788 I/IM_PS ( 5265): [ImPushServiceManager] startWork error mContext = null
03-28 20:22:25.788 I/IM-PAD ( 5265): [HCSDK] IMService isn't registered in androidManifest.
03-28 20:22:25.788 W/System.err( 5265): android.app.BackgroundServiceStartNotAllowedException: Not allowed to start service Intent { cmp=com.qiyi.video.pad/com.iqiyi.hcim.service.IMService }: app is in background uid UidRecord{532e007 u0a95 CEM idle change:cached procs:0 seq(0,0,0)}
03-28 20:22:25.788 W/System.err( 5265): at android.app.ContextImpl.startServiceCommon(ContextImpl.java:1861)
03-28 20:22:25.788 W/System.err( 5265): at android.app.ContextImpl.startService(ContextImpl.java:1817)
03-28 20:22:25.788 W/System.err( 5265): at android.content.ContextWrapper.startService(ContextWrapper.java:774)
03-28 20:22:25.788 W/System.err( 5265): at org.qiyi.video.y.g.startService(Unknown Source:5)
03-28 20:22:25.788 W/System.err( 5265): at com.iqiyi.hcim.core.im.f.startImService(Unknown Source:40)
03-28 20:22:25.788 W/System.err( 5265): at com.iqiyi.hcim.core.im.f.access$400(Unknown Source:0)
03-28 20:22:25.788 W/System.err( 5265): at com.iqiyi.hcim.core.im.f$1.run(Unknown Source:118)
03-28 20:22:25.788 W/System.err( 5265): at org.qiyi.basecore.j.j.doTask(Unknown Source:2)
03-28 20:22:25.788 W/System.err( 5265): at org.qiyi.basecore.j.t.a(Unknown Source:21)
03-28 20:22:25.788 W/System.err( 5265): at org.qiyi.basecore.j.t.run(Unknown Source:7)
03-28 20:22:25.788 W/System.err( 5265): at org.qiyi.basecore.j.i.f.run(Unknown Source:182)
03-28 20:22:25.790 D/PerformanceTrace( 5265): requestLayout, msg id=0
03-28 20:22:25.793 E/LogRecoder( 5265): start init LogRecoder.
03-28 20:22:25.794 E/LogRecoder( 5265): finish init LogRecoder instance.
03-28 20:22:25.794 I/IM_PS ( 5265): KPush-Init start im-push.
03-28 20:22:25.794 I/IM_PS ( 5265): [ImPushServiceManager] setPushCallback
03-28 20:22:25.794 I/IM_PS ( 5265): KPush-Init end run.
03-28 20:22:25.827 I/auditd ( 2764): type=1400 audit(0.0:3322315): avc: denied { read } for comm="event_loop" lport=13400 scontext=u:r:hht_ota_mgr:s0 tcontext=u:r:hht_ota_mgr:s0 tclass=udp_socket permissive=0
03-28 20:22:25.827 W/event_loop( 2764): type=1400 audit(0.0:3322315): avc: denied { read } for lport=13400 scontext=u:r:hht_ota_mgr:s0 tcontext=u:r:hht_ota_mgr:s0 tclass=udp_socket permissive=0
03-28 20:22:25.827 I/auditd ( 2764): type=1400 audit(0.0:3322316): avc: denied { read } for comm="event_loop" lport=13400 scontext=u:r:hht_ota_mgr:s0 tcontext=u:r:hht_ota_mgr:s0 tclass=udp_socket permissive=0
03-28 20:22:25.827 W/event_loop( 2764): type=1400 audit(0.0:3322316): avc: denied { read } for lport=13400 scontext=u:r:hht_ota_mgr:s0 tcontext=u:r:hht_ota_mgr:s0 tclass=udp_socket permissive=0
03-28 20:22:25.827 I/auditd ( 2764): type=1400 audit(0.0:3322317): avc: denied { read } for comm="event_loop" lport=13400 scontext=u:r:hht_ota_mgr:s0 tcontext=u:r:hht_ota_mgr:s0 tclass=udp_socket permissive=0
03-28 20:22:25.827 W/event_loop( 2764): type=1400 audit(0.0:3322317): avc: denied { read } for lport=13400 scontext=u:r:hht_ota_mgr:s0 tcontext=u:r:hht_ota_mgr:s0 tclass=udp_socket permissive=0
03-28 20:22:25.827 I/auditd ( 2764): type=1400 audit(0.0:3322318): avc: denied { read } for comm="event_loop" lport=13400 scontext=u:r:hht_ota_mgr:s0 tcontext=u:r:hht_ota_mgr:s0 tclass=udp_socket permissive=0
03-28 20:22:25.827 W/event_loop( 2764): type=1400 audit(0.0:3322318): avc: denied { read } for lport=13400 scontext=u:r:hht_ota_mgr:s0 tcontext=u:r:hht_ota_mgr:s0 tclass=udp_socket permissive=0
03-28 20:22:25.827 I/auditd ( 2764): type=1400 audit(0.0:3322319): avc: denied { read } for comm="event_loop" lport=13400 scontext=u:r:hht_ota_mgr:s0 tcontext=u:r:hht_ota_mgr:s0 tclass=udp_socket permissive=0
03-28 20:22:25.827 W/event_loop( 2764): type=1400 audit(0.0:3322319): avc: denied { read } for lport=13400 scontext=u:r:hht_ota_mgr:s0 tcontext=u:r:hht_ota_mgr:s0 tclass=udp_socket permissive=0
11-11 00:10:26.573 W/audit ( 0): audit_lost=3322745 audit_rate_limit=5 audit_backlog_limit=64
11-11 00:10:26.573 E/audit ( 0): rate limit exceeded
03-28 20:22:25.833 I/NetClientAdapter( 5265): set useOkHttp:true
03-28 20:22:25.834 D/cupid_union( 5265): tt sdk init success: true
03-28 20:22:25.853 D/CompatibilityChangeReporter( 5265): Compat change id reported: 171228096; UID 10095; state: ENABLED
03-28 20:22:25.875 I/NetClientAdapter( 5265): set useOkHttp:true
03-28 20:22:25.878 I/NetClientAdapter( 5265): useOkNet build OkHttpClient
03-28 20:22:25.880 E/ThemeUtils( 5265): View class com.airbnb.lottie.LottieAnimationView is an AppCompat widget that can only be used with a Theme.AppCompat theme (or descendant).
03-28 20:22:25.881 E/ThemeUtils( 5265): View class com.airbnb.lottie.LottieAnimationView is an AppCompat widget that can only be used with a Theme.AppCompat theme (or descendant).
03-28 20:22:25.883 W/ActivityManager( 1526): Unable to start service Intent { act=com.bun.msa.action.start.service cmp=com.mdid.msa/.service.MsaKlService (has extras) } U=0: not found
03-28 20:22:25.886 W/ActivityManager( 1526): Unable to start service Intent { act=com.bun.msa.action.bindto.service cmp=com.mdid.msa/.service.MsaIdService (has extras) } U=0: not found
03-28 20:22:25.888 I/TeaLog ( 5265): Inited
03-28 20:22:25.901 D/MicroService( 2139): getEvent: clientSocket = Socket[address=/192.168.4.4,port=58114,localPort=9999]
03-28 20:22:25.901 D/MicroService( 2139): run: called
03-28 20:22:25.901 D/MicroService( 2139): getEvent: start waiting...
03-28 20:22:25.902 I/MicroService( 2139): getStringByData(noZero): IDCM_HHServer
03-28 20:22:25.902 I/MicroService( 2139): getStringByData(noZero): FSEM_SettingService
03-28 20:22:25.902 I/MicroService( 2139): getStringByData: {
03-28 20:22:25.902 I/MicroService( 2139): "dstService" : "FSEM_SettingService",
03-28 20:22:25.902 I/MicroService( 2139): "messageType" : 0,
03-28 20:22:25.902 I/MicroService( 2139): "methodName" : "syncTime",
03-28 20:22:25.902 I/MicroService( 2139): "parameters" : {
03-28 20:22:25.902 I/MicroService( 2139): "IDCM_Time_12_24" : "24",
03-28 20:22:25.902 I/MicroService( 2139): "IDCM_Timestamp" : 14000,
03-28 20:22:25.902 I/MicroService( 2139): "IDCM_Timezone" : "GMT+08:00"
03-28 20:22:25.902 I/MicroService( 2139): },
03-28 20:22:25.902 I/MicroService( 2139): "srcService" : "IDCM_HHServer",
03-28 20:22:25.902 I/MicroService( 2139): "uuid" : 14523258000
03-28 20:22:25.902 I/MicroService( 2139): }
03-28 20:22:25.902 I/MicroService( 2139): Receive message: SocketMessageBean{businessData='21930', srcService='IDCM_HHServer', destService='FSEM_SettingService', messageType='0', uuid='14523258000', payloadData={
03-28 20:22:25.902 I/MicroService( 2139): "dstService" : "FSEM_SettingService",
03-28 20:22:25.902 I/MicroService( 2139): "messageType" : 0,
03-28 20:22:25.902 I/MicroService( 2139): "methodName" : "syncTime",
03-28 20:22:25.902 I/MicroService( 2139): "parameters" : {
03-28 20:22:25.902 I/MicroService( 2139): "IDCM_Time_12_24" : "24",
03-28 20:22:25.902 I/MicroService( 2139): "IDCM_Timestamp" : 14000,
03-28 20:22:25.902 I/MicroService( 2139): "IDCM_Timezone" : "GMT+08:00"
03-28 20:22:25.902 I/MicroService( 2139): },
03-28 20:22:25.902 I/MicroService( 2139): "srcService" : "IDCM_HHServer",
03-28 20:22:25.902 I/MicroService( 2139): "uuid" : 14523258000
03-28 20:22:25.902 I/MicroService( 2139): }
03-28 20:22:25.902 I/MicroService( 2139): }
03-28 20:22:25.902 I/MicroService( 2139): dealMessage: 0
03-28 20:22:25.903 I/MicroService( 2139): onRequest(syncTime): {"IDCM_Time_12_24":"24","IDCM_Timestamp":14000,"IDCM_Timezone":"GMT+08:00"}
03-28 20:22:25.909 E/ThemeUtils( 5265): View class com.airbnb.lottie.LottieAnimationView is an AppCompat widget that can only be used with a Theme.AppCompat theme (or descendant).
03-28 20:22:25.938 I/commit_sys_config_file( 1526): [notification-policy,361765]
03-28 20:22:26.003 E/ThemeUtils( 5265): View class com.iqiyi.videoview.widgets.QYVideoViewSeekBar is an AppCompat widget that can only be used with a Theme.AppCompat theme (or descendant).
03-28 20:22:26.020 I/mpu_uart( 644): [MSG-P:R]:recv sync frame timeout
03-28 20:22:26.044 I/TeaLog ( 5265): loadHeader, true, 0
03-28 20:22:26.063 I/TeaLog ( 5265): net|worker start
03-28 20:22:26.080 E/.qiyi.video.pa( 5265): No implementation found for java.lang.Object ms.bd.c.Pgl.pblk.a(int, int, long, java.lang.String, java.lang.Object) (tried Java_ms_bd_c_Pgl_pblk_a and Java_ms_bd_c_Pgl_pblk_a__IIJLjava_lang_String_2Ljava_lang_Object_2)
03-28 20:22:26.093 E/ThemeUtils( 5265): View class com.iqiyi.video.adview.view.download.DownloadButtonView is an AppCompat widget that can only be used with a Theme.AppCompat theme (or descendant).
03-28 20:22:26.100 D/TTPlayerLibLoader( 5265): load ttmplayer_lite done
03-28 20:22:26.101 I/OAIDSDK ( 5265): [MainMdidSdk] OnInit: manufacturer: TC
03-28 20:22:26.104 W/ttmn ( 5265): <0x0,av_thread_factory.cpp,~AVThreadFactory,33>thread pool close end: ref: 1
03-28 20:22:26.122 W/libc ( 5265): Access denied finding property "ro.odm.manufacturer"
03-28 20:22:26.123 W/OAIDSDK ( 5265): [MainMdidSdk] OnInit: manufacturer not support
03-28 20:22:26.124 I/OAIDSDK ( 5265): [MainMdidSdk] initResult: infoCode:1008611
03-28 20:22:26.132 I/c ( 5265): getIds value:1008611 msg:INIT_ERROR_MANUFACTURER_NOSUPPORT time:28
03-28 20:22:26.134 E/ThemeUtils( 5265): View class com.iqiyi.video.adview.view.download.DownloadButtonView is an AppCompat widget that can only be used with a Theme.AppCompat theme (or descendant).
03-28 20:22:26.145 E/ThemeUtils( 5265): View class com.airbnb.lottie.LottieAnimationView is an AppCompat widget that can only be used with a Theme.AppCompat theme (or descendant).
03-28 20:22:26.147 E/ThemeUtils( 5265): View class com.iqiyi.video.adview.view.download.DownloadButtonView is an AppCompat widget that can only be used with a Theme.AppCompat theme (or descendant).
03-28 20:22:26.152 E/ThemeUtils( 5265): View class com.airbnb.lottie.LottieAnimationView is an AppCompat widget that can only be used with a Theme.AppCompat theme (or descendant).
03-28 20:22:26.152 E/ThemeUtils( 5265): View class org.qiyi.context.font.FontSizeTextView is an AppCompat widget that can only be used with a Theme.AppCompat theme (or descendant).
03-28 20:22:26.153 E/ThemeUtils( 5265): View class com.airbnb.lottie.LottieAnimationView is an AppCompat widget that can only be used with a Theme.AppCompat theme (or descendant).
03-28 20:22:26.154 E/ThemeUtils( 5265): View class org.qiyi.context.font.FontSizeTextView is an AppCompat widget that can only be used with a Theme.AppCompat theme (or descendant).
03-28 20:22:26.154 E/ThemeUtils( 5265): View class com.airbnb.lottie.LottieAnimationView is an AppCompat widget that can only be used with a Theme.AppCompat theme (or descendant).
03-28 20:22:26.155 E/ThemeUtils( 5265): View class org.qiyi.context.font.FontSizeTextView is an AppCompat widget that can only be used with a Theme.AppCompat theme (or descendant).
03-28 20:22:26.156 E/ThemeUtils( 5265): View class com.airbnb.lottie.LottieAnimationView is an AppCompat widget that can only be used with a Theme.AppCompat theme (or descendant).
03-28 20:22:26.156 E/ThemeUtils( 5265): View class org.qiyi.context.font.FontSizeTextView is an AppCompat widget that can only be used with a Theme.AppCompat theme (or descendant).
03-28 20:22:26.157 E/ThemeUtils( 5265): View class org.qiyi.context.font.FontSizeTextView is an AppCompat widget that can only be used with a Theme.AppCompat theme (or descendant).
03-28 20:22:26.158 D/muses ( 5265): LoadHighLevelModelAction fetchNewVersion:
03-28 20:22:26.160 D/muses ( 5265): LoadHighLevelModelAction No new version
03-28 20:22:26.176 E/ThemeUtils( 5265): View class com.airbnb.lottie.LottieAnimationView is an AppCompat widget that can only be used with a Theme.AppCompat theme (or descendant).
03-28 20:22:26.178 E/ThemeUtils( 5265): View class org.qiyi.context.font.FontSizeTextView is an AppCompat widget that can only be used with a Theme.AppCompat theme (or descendant).
03-28 20:22:26.187 E/ThemeUtils( 5265): View class org.qiyi.basecore.widget.SpinLoadingView is an AppCompat widget that can only be used with a Theme.AppCompat theme (or descendant).
03-28 20:22:26.189 E/ThemeUtils( 5265): View class com.airbnb.lottie.LottieAnimationView is an AppCompat widget that can only be used with a Theme.AppCompat theme (or descendant).
03-28 20:22:26.190 E/METASEC ( 5265): MSHttpInterceptorImpl:Bind fail
03-28 20:22:26.192 E/ThemeUtils( 5265): View class org.iqiyi.video.view.FrameImageView is an AppCompat widget that can only be used with a Theme.AppCompat theme (or descendant).
03-28 20:22:26.196 D/MicroService( 2139): getEvent: clientSocket = Socket[address=/192.168.4.4,port=58116,localPort=9999]
03-28 20:22:26.196 D/MicroService( 2139): run: called
03-28 20:22:26.196 D/MicroService( 2139): getEvent: start waiting...
03-28 20:22:26.201 I/MicroService( 2139): getStringByData(noZero): IDCM_HHServer
03-28 20:22:26.201 I/MicroService( 2139): getStringByData(noZero): FSEM_SettingService
03-28 20:22:26.202 I/MicroService( 2139): getStringByData: {
03-28 20:22:26.202 I/MicroService( 2139): "dstService" : "FSEM_SettingService",
03-28 20:22:26.202 I/MicroService( 2139): "messageType" : 0,
03-28 20:22:26.202 I/MicroService( 2139): "methodName" : "syncTime",
03-28 20:22:26.202 I/MicroService( 2139): "parameters" : {
03-28 20:22:26.202 I/MicroService( 2139): "IDCM_Time_12_24" : "24",
03-28 20:22:26.202 I/MicroService( 2139): "IDCM_Timestamp" : 14000,
03-28 20:22:26.202 I/MicroService( 2139): "IDCM_Timezone" : "GMT+08:00"
03-28 20:22:26.202 I/MicroService( 2139): },
03-28 20:22:26.202 I/MicroService( 2139): "srcService" : "IDCM_HHServer",
03-28 20:22:26.202 I/MicroService( 2139): "uuid" : 14523258000
03-28 20:22:26.202 I/MicroService( 2139): }
03-28 20:22:26.202 I/MicroService( 2139): Receive message: SocketMessageBean{businessData='21930', srcService='IDCM_HHServer', destService='FSEM_SettingService', messageType='0', uuid='14523258000', payloadData={
03-28 20:22:26.202 I/MicroService( 2139): "dstService" : "FSEM_SettingService",
03-28 20:22:26.202 I/MicroService( 2139): "messageType" : 0,
03-28 20:22:26.202 I/MicroService( 2139): "methodName" : "syncTime",
03-28 20:22:26.202 I/MicroService( 2139): "parameters" : {
03-28 20:22:26.202 I/MicroService( 2139): "IDCM_Time_12_24" : "24",
03-28 20:22:26.202 I/MicroService( 2139): "IDCM_Timestamp" : 14000,
03-28 20:22:26.202 I/MicroService( 2139): "IDCM_Timezone" : "GMT+08:00"
03-28 20:22:26.202 I/MicroService( 2139): },
03-28 20:22:26.202 I/MicroService( 2139): "srcService" : "IDCM_HHServer",
03-28 20:22:26.202 I/MicroService( 2139): "uuid" : 14523258000
03-28 20:22:26.202 I/MicroService( 2139): }
03-28 20:22:26.202 I/MicroService( 2139): }
03-28 20:22:26.202 I/MicroService( 2139): dealMessage: 0
03-28 20:22:26.202 I/MicroService( 2139): onRequest(syncTime): {"IDCM_Time_12_24":"24","IDCM_Timestamp":14000,"IDCM_Timezone":"GMT+08:00"}
03-28 20:22:26.206 I/Zeus/receiver( 5265): plugin-receiver:j,action=android.intent.action.BATTERY_CHANGED[娉ㄥ唽瀹屾垚]
03-28 20:22:26.208 I/Zeus/receiver( 5265): action[android.intent.action.BATTERY_CHANGED] match success 锛?invoke onReceiver
03-28 20:22:26.211 I/Zeus/receiver( 5265): plugin-receiver:g,action=android.intent.action.SCREEN_ON[娉ㄥ唽瀹屾垚]
03-28 20:22:26.211 I/Zeus/receiver( 5265): plugin-receiver:g,action=android.intent.action.SCREEN_OFF[娉ㄥ唽瀹屾垚]
03-28 20:22:26.211 I/Zeus/receiver( 5265): plugin-receiver:g,action=android.intent.action.USER_PRESENT[娉ㄥ唽瀹屾垚]
03-28 20:22:26.212 I/Zeus/receiver( 5265): plugin-receiver:q,action=android.intent.action.PACKAGE_REMOVED[娉ㄥ唽瀹屾垚]
03-28 20:22:26.213 I/Zeus/receiver( 5265): plugin-receiver:j,action=android.intent.action.BATTERY_CHANGED[娉ㄥ唽瀹屾垚]
03-28 20:22:26.213 I/Zeus/receiver( 5265): plugin-receiver:zx,action=android.net.conn.CONNECTIVITY_CHANGE[娉ㄥ唽瀹屾垚]
03-28 20:22:26.218 I/Zeus/receiver( 5265): action[android.intent.action.BATTERY_CHANGED] match success 锛?invoke onReceiver
03-28 20:22:26.218 I/Zeus/receiver( 5265): action[android.net.conn.CONNECTIVITY_CHANGE] match success 锛?invoke onReceiver
03-28 20:22:26.235 E/ThemeUtils( 5265): View class org.iqiyi.video.view.FrameImageView is an AppCompat widget that can only be used with a Theme.AppCompat theme (or descendant).
03-28 20:22:26.235 E/ThemeUtils( 5265): View class org.iqiyi.video.view.FrameImageView is an AppCompat widget that can only be used with a Theme.AppCompat theme (or descendant).
03-28 20:22:26.235 E/ThemeUtils( 5265): View class org.iqiyi.video.view.FrameImageView is an AppCompat widget that can only be used with a Theme.AppCompat theme (or descendant).
03-28 20:22:26.251 D/audio_hw_primary( 796): copl(0xf280c970):out of compress_wait
03-28 20:22:26.253 D/audio_hw_primary( 796): No space available in compress driver, post msg to cb thread
03-28 20:22:26.253 D/audio_hw_primary( 796): copl(0xf280c970):calling compress_wait
03-28 20:22:26.275 E/tlogd ( 1284): [TzLogger](isPathReadable) file /sys/kernel/debug/tzdbg/qsee_log isn't exist or no permission, err: No such file or directory
03-28 20:22:26.275 E/tlogd ( 1284): [TzLogger](saveTzlogAsync) /sys/kernel/debug/tzdbg/qsee_log can not read.
03-28 20:22:26.275 E/tlogd ( 1284): [TzLogger](isPathReadable) file /sys/kernel/debug/tzdbg/log isn't exist or no permission, err: No such file or directory
03-28 20:22:26.275 E/tlogd ( 1284): [TzLogger](saveTzlogAsync) /sys/kernel/debug/tzdbg/log can not read.
03-28 20:22:26.290 E/ThemeUtils( 5265): View class com.airbnb.lottie.LottieAnimationView is an AppCompat widget that can only be used with a Theme.AppCompat theme (or descendant).
03-28 20:22:26.293 E/ThemeUtils( 5265): View class com.airbnb.lottie.LottieAnimationView is an AppCompat widget that can only be used with a Theme.AppCompat theme (or descendant).
03-28 20:22:26.295 D/muses ( 5265): LoadFileDiffAction prepareLocalFileInfo, 41 valid files
03-28 20:22:26.295 D/muses ( 5265): LoadFileDiffAction fetchDiffInfo, resourceTypes: [ANALYSIS_MODE, SO_32]
03-28 20:22:26.295 W/ActivityManager( 1526): Background start not allowed: service Intent { cmp=com.qiyi.video.pad/org.qiyi.video.nativelib.pm.LibraryManagerService } to com.qiyi.video.pad/org.qiyi.video.nativelib.pm.LibraryManagerService from pid=5265 uid=10095 pkg=com.qiyi.video.pad startFg?=false
03-28 20:22:26.295 W/ContextImpl( 2156): Calling a method in the system process without a qualified user: android.app.ContextImpl.sendBroadcast:1173 android.content.ContextWrapper.sendBroadcast:479 com.thundercomm.microsettings.action.SetTimeAction.timeUpdated:212 com.thundercomm.microsettings.action.SetTimeAction.update24HourFormat:194 com.thundercomm.microsettings.action.SetTimeAction.doActualAction:154
03-28 20:22:26.296 W/System.err( 5265): android.app.BackgroundServiceStartNotAllowedException: Not allowed to start service Intent { cmp=com.qiyi.video.pad/org.qiyi.video.nativelib.pm.LibraryManagerService }: app is in background uid UidRecord{532e007 u0a95 CEM idle change:cached procs:0 seq(0,0,0)}
03-28 20:22:26.296 W/System.err( 5265): at android.app.ContextImpl.startServiceCommon(ContextImpl.java:1861)
03-28 20:22:26.296 W/System.err( 5265): at android.app.ContextImpl.startService(ContextImpl.java:1817)
03-28 20:22:26.296 W/System.err( 5265): at android.content.ContextWrapper.startService(ContextWrapper.java:774)
03-28 20:22:26.296 W/System.err( 5265): at org.qiyi.video.y.g.startService(Unknown Source:5)
03-28 20:22:26.296 W/System.err( 5265): at org.qiyi.video.nativelib.pm.a.a(Unknown Source:11)
03-28 20:22:26.296 W/System.err( 5265): at org.qiyi.video.nativelib.pm.a.(Unknown Source:21)
03-28 20:22:26.296 W/System.err( 5265): at org.qiyi.video.nativelib.pm.a.a(Unknown Source:13)
03-28 20:22:26.296 W/System.err( 5265): at org.qiyi.video.nativelib.b.c.(Unknown Source:5)
03-28 20:22:26.296 W/System.err( 5265): at org.qiyi.video.nativelib.b.d.b(Unknown Source:86)
03-28 20:22:26.296 W/System.err( 5265): at org.qiyi.video.nativelib.b.d.a(Unknown Source:0)
03-28 20:22:26.296 W/System.err( 5265): at org.qiyi.video.nativelib.b.d$2.run(Unknown Source:8)
03-28 20:22:26.296 W/System.err( 5265): at android.os.Handler.handleCallback(Handler.java:938)
03-28 20:22:26.296 W/System.err( 5265): at android.os.Handler.dispatchMessage(Handler.java:99)
03-28 20:22:26.296 W/System.err( 5265): at android.os.Looper.loopOnce(Looper.java:201)
03-28 20:22:26.296 W/System.err( 5265): at android.os.Looper.loop(Looper.java:288)
03-28 20:22:26.297 W/System.err( 5265): at android.os.HandlerThread.run(HandlerThread.java:67)
03-28 20:22:26.298 D/MicroSettings: ITCMicroCommonCallback( 2156): get request method = syncTime parameters = {"IDCM_Time_12_24":"24","IDCM_Timestamp":1668096026000,"IDCM_Timezone":"GMT+08:00"}
03-28 20:22:26.298 D/AlarmManagerService( 1526): Kernel timezone updated to -480 minutes west of GMT
03-28 20:22:26.298 D/MicroSettings: SetTimeAction( 2156): setTimezone: Asia/Shanghai
03-28 20:22:26.298 D/AlarmManagerService( 1526): Kernel timezone updated to -480 minutes west of GMT
03-28 20:22:26.300 D/DevicePolicyManager( 1526): updateSystemUpdateFreezePeriodsRecord
03-28 20:22:26.300 D/ConditionProviders.SCP( 1526): onReceive android.intent.action.TIME_SET
03-28 20:22:26.300 D/IconProvider( 2527): onReceive: android.intent.action.TIME_SET
03-28 20:22:26.300 D/ConditionProviders.SCP( 1526): evaluateSubscriptionLocked cal=ScheduleCalendar[mDays={1, 2, 3, 4, 5, 6, 7}, mSchedule=ScheduleInfo{days=[1, 2, 3, 4, 5, 6, 7], startHour=22, startMinute=0, endHour=7, endMinute=0, exitAtAlarm=true, nextAlarm=Thu Jan 01 08:00:00 GMT+08:00 1970 (0)}], now=Tue Mar 28 20:22:26 GMT+08:00 2023 (1680006146300), nextUserAlarmTime=Thu Jan 01 08:00:00 GMT+08:00 1970 (0)
03-28 20:22:26.300 D/ConditionProviders.SCP( 1526): notifyCondition condition://android/schedule?days=1.2.3.4.5.6.7&start=22.0&end=7.0&exitAtAlarm=true STATE_FALSE reason=!meetsSchedule
03-28 20:22:26.300 D/KeyguardUpdateMonitor( 2000): received broadcast android.intent.action.TIME_SET
03-28 20:22:26.300 D/KeyguardUpdateMonitor( 2000): handleTimeUpdate
03-28 20:22:26.301 D/BaseModelUpdateTask( 2527): BaseModelUpdateTask constructor
03-28 20:22:26.301 D/BaseModelUpdateTask( 2527): java.lang.Exception
03-28 20:22:26.301 D/BaseModelUpdateTask( 2527): at com.android.launcher3.model.BaseModelUpdateTask.(BaseModelUpdateTask.java:57)
03-28 20:22:26.301 D/BaseModelUpdateTask( 2527): at com.android.launcher3.model.PackageUpdatedTask.(PackageUpdatedTask.java:88)
03-28 20:22:26.301 D/BaseModelUpdateTask( 2527): at com.android.launcher3.LauncherModel.onPackageChanged(LauncherModel.java:156)
03-28 20:22:26.301 D/BaseModelUpdateTask( 2527): at com.android.launcher3.LauncherModel.onAppIconChanged(LauncherModel.java:226)
03-28 20:22:26.301 D/BaseModelUpdateTask( 2527): at com.android.launcher3.LauncherAppState$IconObserver.onAppIconChanged(LauncherAppState.java:206)
03-28 20:22:26.301 D/BaseModelUpdateTask( 2527): at com.android.launcher3.icons.IconProvider$IconChangeReceiver.onReceive(IconProvider.java:371)
03-28 20:22:26.301 D/BaseModelUpdateTask( 2527): at android.app.LoadedApk$ReceiverDispatcher$Args.lambda$getRunnable$0$LoadedApk$ReceiverDispatcher$Args(LoadedApk.java:1679)
03-28 20:22:26.301 D/BaseModelUpdateTask( 2527): at android.app.LoadedApk$ReceiverDispatcher$Args$$ExternalSyntheticLambda0.run(Unknown Source:2)
03-28 20:22:26.301 D/BaseModelUpdateTask( 2527): at android.os.Handler.handleCallback(Handler.java:938)
03-28 20:22:26.301 D/BaseModelUpdateTask( 2527): at android.os.Handler.dispatchMessage(Handler.java:99)
03-28 20:22:26.301 D/BaseModelUpdateTask( 2527): at android.os.Looper.loopOnce(Looper.java:201)
03-28 20:22:26.301 D/BaseModelUpdateTask( 2527): at android.os.Looper.loop(Looper.java:288)
03-28 20:22:26.301 D/BaseModelUpdateTask( 2527): at android.os.HandlerThread.run(HandlerThread.java:67)
03-28 20:22:26.301 D/OsAgent ( 2639): [time_change_update][3164] [HC] =>> [HS]
03-28 20:22:26.301 D/ConditionProviders.SCP( 1526): Scheduling evaluate for Tue Mar 28 22:00:00 GMT+08:00 2023 (1680012000000), in +1h37m33s700ms, now=Tue Mar 28 20:22:26 GMT+08:00 2023 (1680006146300)
03-28 20:22:26.301 D/PackageUpdatedTask( 2527): PackageUpdatedTask constructor: op=2,user=UserHandle{0},packages=[com.android.calendar]
03-28 20:22:26.301 D/PackageUpdatedTask( 2527): java.lang.Exception
03-28 20:22:26.301 D/PackageUpdatedTask( 2527): at com.android.launcher3.model.PackageUpdatedTask.(PackageUpdatedTask.java:93)
03-28 20:22:26.301 D/PackageUpdatedTask( 2527): at com.android.launcher3.LauncherModel.onPackageChanged(LauncherModel.java:156)
03-28 20:22:26.301 D/PackageUpdatedTask( 2527): at com.android.launcher3.LauncherModel.onAppIconChanged(LauncherModel.java:226)
03-28 20:22:26.301 D/PackageUpdatedTask( 2527): at com.android.launcher3.LauncherAppState$IconObserver.onAppIconChanged(LauncherAppState.java:206)
03-28 20:22:26.301 D/PackageUpdatedTask( 2527): at com.android.launcher3.icons.IconProvider$IconChangeReceiver.onReceive(IconProvider.java:371)
03-28 20:22:26.301 D/PackageUpdatedTask( 2527): at android.app.LoadedApk$ReceiverDispatcher$Args.lambda$getRunnable$0$LoadedApk$ReceiverDispatcher$Args(LoadedApk.java:1679)
03-28 20:22:26.301 D/PackageUpdatedTask( 2527): at android.app.LoadedApk$ReceiverDispatcher$Args$$ExternalSyntheticLambda0.run(Unknown Source:2)
03-28 20:22:26.301 D/PackageUpdatedTask( 2527): at android.os.Handler.handleCallback(Handler.java:938)
03-28 20:22:26.301 D/PackageUpdatedTask( 2527): at android.os.Handler.dispatchMessage(Handler.java:99)
03-28 20:22:26.301 D/PackageUpdatedTask( 2527): at android.os.Looper.loopOnce(Looper.java:201)
03-28 20:22:26.301 D/PackageUpdatedTask( 2527): at android.os.Looper.loop(Looper.java:288)
03-28 20:22:26.301 D/PackageUpdatedTask( 2527): at android.os.HandlerThread.run(HandlerThread.java:67)
03-28 20:22:26.301 V/LocSvc_HIDL_IzatSubscription( 809): [timeChangeUpdate][645] [HS] <<<<= [HC]
03-28 20:22:26.302 D/Launcher.IconCache( 2527): Package not found
03-28 20:22:26.302 D/Launcher.IconCache( 2527): android.content.pm.PackageManager$NameNotFoundException: com.android.calendar
03-28 20:22:26.302 D/Launcher.IconCache( 2527): at android.app.ApplicationPackageManager.getPackageInfoAsUser(ApplicationPackageManager.java:241)
03-28 20:22:26.302 D/Launcher.IconCache( 2527): at android.app.ApplicationPackageManager.getPackageInfo(ApplicationPackageManager.java:213)
03-28 20:22:26.302 D/Launcher.IconCache( 2527): at com.android.launcher3.icons.IconCache.updateIconsForPkg(IconCache.java:122)
03-28 20:22:26.302 D/Launcher.IconCache( 2527): at com.android.launcher3.model.PackageUpdatedTask.execute(PackageUpdatedTask.java:130)
03-28 20:22:26.302 D/Launcher.IconCache( 2527): at com.android.launcher3.model.BaseModelUpdateTask.run(BaseModelUpdateTask.java:80)
03-28 20:22:26.302 D/Launcher.IconCache( 2527): at com.android.launcher3.util.LooperExecutor.execute(LooperExecutor.java:45)
03-28 20:22:26.302 D/Launcher.IconCache( 2527): at com.android.launcher3.LauncherModel.enqueueModelUpdateTask(LauncherModel.java:555)
03-28 20:22:26.302 D/Launcher.IconCache( 2527): at com.android.launcher3.LauncherModel.onPackageChanged(LauncherModel.java:156)
03-28 20:22:26.302 D/Launcher.IconCache( 2527): at com.android.launcher3.LauncherModel.onAppIconChanged(LauncherModel.java:226)
03-28 20:22:26.302 D/Launcher.IconCache( 2527): at com.android.launcher3.LauncherAppState$IconObserver.onAppIconChanged(LauncherAppState.java:206)
03-28 20:22:26.302 D/Launcher.IconCache( 2527): at com.android.launcher3.icons.IconProvider$IconChangeReceiver.onReceive(IconProvider.java:371)
03-28 20:22:26.302 D/Launcher.IconCache( 2527): at android.app.LoadedApk$ReceiverDispatcher$Args.lambda$getRunnable$0$LoadedApk$ReceiverDispatcher$Args(LoadedApk.java:1679)
03-28 20:22:26.302 D/Launcher.IconCache( 2527): at android.app.LoadedApk$ReceiverDispatcher$Args$$ExternalSyntheticLambda0.run(Unknown Source:2)
03-28 20:22:26.302 D/Launcher.IconCache( 2527): at android.os.Handler.handleCallback(Handler.java:938)
03-28 20:22:26.302 D/Launcher.IconCache( 2527): at android.os.Handler.dispatchMessage(Handler.java:99)
03-28 20:22:26.302 D/Launcher.IconCache( 2527): at android.os.Looper.loopOnce(Looper.java:201)
03-28 20:22:26.302 D/Launcher.IconCache( 2527): at android.os.Looper.loop(Looper.java:288)
03-28 20:22:26.302 D/Launcher.IconCache( 2527): at android.os.HandlerThread.run(HandlerThread.java:67)
03-28 20:22:26.302 D/IconProvider( 2527): onReceive: android.intent.action.TIME_SET
03-28 20:22:26.302 D/BaseModelUpdateTask( 2527): BaseModelUpdateTask constructor
03-28 20:22:26.302 D/BaseModelUpdateTask( 2527): java.lang.Exception
03-28 20:22:26.302 D/BaseModelUpdateTask( 2527): at com.android.launcher3.model.BaseModelUpdateTask.(BaseModelUpdateTask.java:57)
03-28 20:22:26.302 D/BaseModelUpdateTask( 2527): at com.android.launcher3.LauncherModel$6.(LauncherModel.java:605)
03-28 20:22:26.302 D/BaseModelUpdateTask( 2527): at com.android.launcher3.LauncherModel.refreshAndBindWidgetsAndShortcuts(LauncherModel.java:605)
03-28 20:22:26.302 D/BaseModelUpdateTask( 2527): at com.android.launcher3.Launcher.refreshAndBindWidgetsForPackageUser(Launcher.java:2878)
03-28 20:22:26.302 D/BaseModelUpdateTask( 2527): at com.android.launcher3.model.PackageUpdatedTask.execute(PackageUpdatedTask.java:139)
03-28 20:22:26.302 D/BaseModelUpdateTask( 2527): at com.android.launcher3.model.BaseModelUpdateTask.run(BaseModelUpdateTask.java:80)
03-28 20:22:26.302 D/BaseModelUpdateTask( 2527): at com.android.launcher3.util.LooperExecutor.execute(LooperExecutor.java:45)
03-28 20:22:26.302 D/BaseModelUpdateTask( 2527): at com.android.launcher3.LauncherModel.enqueueModelUpdateTask(LauncherModel.java:555)
03-28 20:22:26.302 D/BaseModelUpdateTask( 2527): at com.android.launcher3.LauncherModel.onPackageChanged(LauncherModel.java:156)
03-28 20:22:26.302 D/BaseModelUpdateTask( 2527): at com.android.launcher3.LauncherModel.onAppIconChanged(LauncherModel.java:226)
03-28 20:22:26.302 D/BaseModelUpdateTask( 2527): at com.android.launcher3.LauncherAppState$IconObserver.onAppIconChanged(LauncherAppState.java:206)
03-28 20:22:26.302 D/BaseModelUpdateTask( 2527): at com.android.launcher3.icons.IconProvider$IconChangeReceiver.onReceive(IconProvider.java:371)
03-28 20:22:26.302 D/BaseModelUpdateTask( 2527): at android.app.LoadedApk$ReceiverDispatcher$Args.lambda$getRunnable$0$LoadedApk$ReceiverDispatcher$Args(LoadedApk.java:1679)
03-28 20:22:26.302 D/BaseModelUpdateTask( 2527): at android.app.LoadedApk$ReceiverDispatcher$Args$$ExternalSyntheticLambda0.run(Unknown Source:2)
03-28 20:22:26.302 D/BaseModelUpdateTask( 2527): at android.os.Handler.handleCallback(Handler.java:938)
03-28 20:22:26.302 D/BaseModelUpdateTask( 2527): at android.os.Handler.dispatchMessage(Handler.java:99)
03-28 20:22:26.302 D/BaseModelUpdateTask( 2527): at android.os.Looper.loopOnce(Looper.java:201)
03-28 20:22:26.302 D/BaseModelUpdateTask( 2527): at android.os.Looper.loop(Looper.java:288)
03-28 20:22:26.302 D/BaseModelUpdateTask( 2527): at android.os.HandlerThread.run(HandlerThread.java:67)
03-28 20:22:26.305 D/CompatibilityInfo( 1526): mCompatibilityFlags - 4
03-28 20:22:26.305 D/CompatibilityInfo( 1526): applicationDensity - 240
03-28 20:22:26.305 D/CompatibilityInfo( 1526): applicationScale - 1.0
03-28 20:22:26.306 D/TimeService( 5248): Receivedandroid.intent.action.TIME_SET intent. Current Time is 1680006146306
03-28 20:22:26.308 D/QC-time-services( 642): Daemon: Connection accepted:time_genoff
03-28 20:22:26.308 D/QC-time-services( 642): Daemon:Received base = 2, unit = 1, operation = 0,value = 1680006146308
03-28 20:22:26.308 I/WidgetsModel( 2527): found whitelist widget: com.android.settings, label: 璁剧疆蹇嵎鏂瑰紡, sectionName:S
03-28 20:22:26.308 D/QC-time-services( 642): Daemon:genoff_opr: Base = 2, val = 1680006146308, operation = 0
03-28 20:22:26.308 D/QC-time-services( 642): Daemon:Value read from QTimer mseconds = 374559
03-28 20:22:26.308 D/QC-time-services( 642): Daemon:Value read from RTC mseconds on boot = 7137000
03-28 20:22:26.308 D/QC-time-services( 642): Daemon:Delta read on boot mseconds = 7128979
03-28 20:22:26.308 D/QC-time-services( 642): Daemon:new time 1680006146308
03-28 20:22:26.308 D/QC-time-services( 642): Daemon: delta 1679998642770 genoff 1679998642770
03-28 20:22:26.308 D/QC-time-services( 642): Daemon:genoff_persistent_update: Writing genoff = 1679998642770 to memory
03-28 20:22:26.308 D/QC-time-services( 642): Daemon:Opening File: /mnt/vendor/persist/time/ats_2 /data/vendor/time/ats_2
03-28 20:22:26.308 D/QC-time-services( 642): Daemon:time_persistent_memory_opr:Genoff write operation
03-28 20:22:26.308 I/WidgetsModel( 2527): found whitelist widget: com.android.gallery3d, label: 鐓х墖, sectionName:T
03-28 20:22:26.308 I/WidgetsModel( 2527): found whitelist widget: com.android.systemui, label: 瀵硅瘽, sectionName:D
03-28 20:22:26.309 I/WidgetsModel( 2527): found whitelist widget: com.android.music, label: 闊充箰, sectionName:Y
03-28 20:22:26.309 D/ModelWriter( 2527): removing items from db
03-28 20:22:26.309 D/ModelWriter( 2527): java.lang.Exception
03-28 20:22:26.309 D/ModelWriter( 2527): at com.android.launcher3.model.ModelWriter.deleteItemsFromDatabase(ModelWriter.java:280)
03-28 20:22:26.309 D/ModelWriter( 2527): at com.android.launcher3.model.ModelWriter.deleteItemsFromDatabase(ModelWriter.java:268)
03-28 20:22:26.309 D/ModelWriter( 2527): at com.android.launcher3.model.BaseModelUpdateTask.deleteAndBindComponentsRemoved(BaseModelUpdateTask.java:140)
03-28 20:22:26.309 D/ModelWriter( 2527): at com.android.launcher3.model.PackageUpdatedTask.execute(PackageUpdatedTask.java:353)
03-28 20:22:26.309 D/ModelWriter( 2527): at com.android.launcher3.model.BaseModelUpdateTask.run(BaseModelUpdateTask.java:80)
03-28 20:22:26.309 D/ModelWriter( 2527): at com.android.launcher3.util.LooperExecutor.execute(LooperExecutor.java:45)
03-28 20:22:26.309 D/ModelWriter( 2527): at com.android.launcher3.LauncherModel.enqueueModelUpdateTask(LauncherModel.java:555)
03-28 20:22:26.309 D/ModelWriter( 2527): at com.android.launcher3.LauncherModel.onPackageChanged(LauncherModel.java:156)
03-28 20:22:26.309 D/ModelWriter( 2527): at com.android.launcher3.LauncherModel.onAppIconChanged(LauncherModel.java:226)
03-28 20:22:26.309 D/ModelWriter( 2527): at com.android.launcher3.LauncherAppState$IconObserver.onAppIconChanged(LauncherAppState.java:206)
03-28 20:22:26.309 D/ModelWriter( 2527): at com.android.launcher3.icons.IconProvider$IconChangeReceiver.onReceive(IconProvider.java:371)
03-28 20:22:26.309 D/ModelWriter( 2527): at android.app.LoadedApk$ReceiverDispatcher$Args.lambda$getRunnable$0$LoadedApk$ReceiverDispatcher$Args(LoadedApk.java:1679)
03-28 20:22:26.309 D/ModelWriter( 2527): at android.app.LoadedApk$ReceiverDispatcher$Args$$ExternalSyntheticLambda0.run(Unknown Source:2)
03-28 20:22:26.309 D/ModelWriter( 2527): at android.os.Handler.handleCallback(Handler.java:938)
03-28 20:22:26.309 D/ModelWriter( 2527): at android.os.Handler.dispatchMessage(Handler.java:99)
03-28 20:22:26.309 D/ModelWriter( 2527): at android.os.Looper.loopOnce(Looper.java:201)
03-28 20:22:26.309 D/ModelWriter( 2527): at android.os.Looper.loop(Looper.java:288)
03-28 20:22:26.309 D/ModelWriter( 2527): at android.os.HandlerThread.run(HandlerThread.java:67)
03-28 20:22:26.311 D/QC-time-services( 642): Updating the TOD offset
03-28 20:22:26.311 D/QC-time-services( 642): Daemon:genoff_persistent_update: Writing genoff = 1679998642770 to memory
03-28 20:22:26.311 D/QC-time-services( 642): Daemon:Opening File: /mnt/vendor/persist/time/ats_1 /data/vendor/time/ats_1
03-28 20:22:26.311 D/QC-time-services( 642): Daemon:time_persistent_memory_opr:Genoff write operation
03-28 20:22:26.312 D/QC-time-services( 642): Daemon:genoff_set: Updating the WLAN offset
03-28 20:22:26.312 D/QC-time-services( 642): Daemon:genoff_persistent_update: Writing genoff = 1679998642770 to memory
03-28 20:22:26.312 D/QC-time-services( 642): Daemon:Opening File: /mnt/vendor/persist/time/ats_16 /data/vendor/time/ats_16
03-28 20:22:26.312 D/QC-time-services( 642): Daemon:time_persistent_memory_opr:Genoff write operation
03-28 20:22:26.313 D/TimeService( 5248): Set time successfully!
03-28 20:22:26.313 E/QC-time-services( 642): Daemon: Time-services: Waiting to acceptconnection
03-28 20:22:26.316 D/CompatibilityInfo( 1526): mCompatibilityFlags - 4
03-28 20:22:26.316 D/CompatibilityInfo( 1526): applicationDensity - 240
03-28 20:22:26.317 D/CompatibilityInfo( 1526): applicationScale - 1.0
03-28 20:22:26.317 D/BaseModelUpdateTask( 2527): BaseModelUpdateTask constructor
03-28 20:22:26.317 D/BaseModelUpdateTask( 2527): java.lang.Exception
03-28 20:22:26.317 D/BaseModelUpdateTask( 2527): at com.android.launcher3.model.BaseModelUpdateTask.(BaseModelUpdateTask.java:57)
03-28 20:22:26.317 D/BaseModelUpdateTask( 2527): at com.android.launcher3.model.AddWorkspaceItemsTask.(AddWorkspaceItemsTask.java:58)
03-28 20:22:26.317 D/BaseModelUpdateTask( 2527): at com.android.launcher3.LauncherModel.addAndBindAddedWorkspaceItems(LauncherModel.java:145)
03-28 20:22:26.317 D/BaseModelUpdateTask( 2527): at com.android.launcher3.model.PackageUpdatedTask.updateToWorkSpace(PackageUpdatedTask.java:406)
03-28 20:22:26.317 D/BaseModelUpdateTask( 2527): at com.android.launcher3.model.PackageUpdatedTask.execute(PackageUpdatedTask.java:370)
03-28 20:22:26.317 D/BaseModelUpdateTask( 2527): at com.android.launcher3.model.BaseModelUpdateTask.run(BaseModelUpdateTask.java:80)
03-28 20:22:26.317 D/BaseModelUpdateTask( 2527): at com.android.launcher3.util.LooperExecutor.execute(LooperExecutor.java:45)
03-28 20:22:26.317 D/BaseModelUpdateTask( 2527): at com.android.launcher3.LauncherModel.enqueueModelUpdateTask(LauncherModel.java:555)
03-28 20:22:26.317 D/BaseModelUpdateTask( 2527): at com.android.launcher3.LauncherModel.onPackageChanged(LauncherModel.java:156)
03-28 20:22:26.317 D/BaseModelUpdateTask( 2527): at com.android.launcher3.LauncherModel.onAppIconChanged(LauncherModel.java:226)
03-28 20:22:26.317 D/BaseModelUpdateTask( 2527): at com.android.launcher3.LauncherAppState$IconObserver.onAppIconChanged(LauncherAppState.java:206)
03-28 20:22:26.317 D/BaseModelUpdateTask( 2527): at com.android.launcher3.icons.IconProvider$IconChangeReceiver.onReceive(IconProvider.java:371)
03-28 20:22:26.317 D/BaseModelUpdateTask( 2527): at android.app.LoadedApk$ReceiverDispatcher$Args.lambda$getRunnable$0$LoadedApk$ReceiverDispatcher$Args(LoadedApk.java:1679)
03-28 20:22:26.317 D/BaseModelUpdateTask( 2527): at android.app.LoadedApk$ReceiverDispatcher$Args$$ExternalSyntheticLambda0.run(Unknown Source:2)
03-28 20:22:26.317 D/BaseModelUpdateTask( 2527): at android.os.Handler.handleCallback(Handler.java:938)
03-28 20:22:26.317 D/BaseModelUpdateTask( 2527): at android.os.Handler.dispatchMessage(Handler.java:99)
03-28 20:22:26.317 D/BaseModelUpdateTask( 2527): at android.os.Looper.loopOnce(Looper.java:201)
03-28 20:22:26.317 D/BaseModelUpdateTask( 2527): at android.os.Looper.loop(Looper.java:288)
03-28 20:22:26.317 D/BaseModelUpdateTask( 2527): at android.os.HandlerThread.run(HandlerThread.java:67)
03-28 20:22:26.338 D/[CUPID]014( 5265): createCupid
03-28 20:22:26.340 W/ttmn ( 5265): <0x0,AVMDLJniBase.cpp,JNI_OnLoad,76>-----compiled native library Feb 6 2023 10:45:26-----
03-28 20:22:26.340 W/ttmn ( 5265): <0x0,AVMDLJniBase.cpp,JNI_OnLoad,86> JNI_OnLoad (result=65540)
03-28 20:22:26.340 W/ttmn ( 5265): <0x0,AVMDLManagerBridge.cpp,native_create,41>start create mdl
03-28 20:22:26.340 W/ttmn ( 5265): <0x0,AVMDLJniBase.cpp,init_avmdl_app_wrapper,350>register getStringValueByStrkey suc
03-28 20:22:26.340 W/ttmn ( 5265): <0x0,AVMDLJniBase.cpp,init_avmdl_app_wrapper,358>cls:8374
03-28 20:22:26.340 W/ttmn ( 5265): <0x0,AVMDLManagerBridge.cpp,register_native_methods,895>register other native methods ok
03-28 20:22:26.340 W/ttmn ( 5265): <0x0,AVMDLManagerBridge.cpp,init_dns_info,918>lite not need init dns info
03-28 20:22:26.340 W/ttmn ( 5265): <0x0,AVMDLManagerBridge.cpp,init_fetcher_info,988>lite not need init fetcher info
03-28 20:22:26.340 W/ttmn ( 5265): <0x0,AVMDLManagerBridge.cpp,init_hashMap_info,1080>init hashMap suc
03-28 20:22:26.341 W/q_h_c_d ( 5265): HCDN_LOG: [T:5434]Start:968,First start QtpHttpClient...(QTP version: 2.1.77.1)
03-28 20:22:26.342 W/ttmn ( 5265): <0x0,AVMDLManagerBridge.cpp,init_downloader_info,1134>init downloader info suc
03-28 20:22:26.342 W/ttmn ( 5265): <0x0,AVMDLManagerBridge.cpp,init_downloader_info,1142>init downloader info native methods ok
03-28 20:22:26.342 W/ttmn ( 5265): <0x0,AVMDLManagerBridge.cpp,native_create,55>register end
03-28 20:22:26.343 W/ttmn ( 5265): <0x0,AVMDLJniBase.cpp,create_thread_env,48>get java vm is:0xefb002e0
03-28 20:22:26.343 W/ttmn ( 5265): <0x0,AVMDLManagerBridge.cpp,native_create,57>mdl version is AVMDL-1.1.37.41-boringssl-lite-ANDROID
03-28 20:22:26.343 W/ttmn ( 5265): <0x0,AVMDLog.cpp,set_alog_notifyer,32>set_alog_enable, 0x0:0x0
03-28 20:22:26.343 W/ttmn ( 5265): <0x0,AVMDLManagerBridge.cpp,native_create,59>create mdl:0xf5811ec0,size:488
03-28 20:22:26.345 W/ttmn ( 5265): <0x0,AVMDLManagerBridge.cpp,native_setStringValue,328>set loader factory cache dir
03-28 20:22:26.345 W/ttmn ( 5265): <0x0,AVMDLManagerBridge.cpp,native_setStringValue,356>set key:9 valuestr:/data/user/0/com.qiyi.video.pad/cache/pangle_com.byted.pangle/com.qiyi.video.pad-tt_ad/tt_video_default/loaderFactory
03-28 20:22:26.345 W/ttmn ( 5265): <0x0,AVMDLManagerBridge.cpp,native_setStringValue,324>set cache dir
03-28 20:22:26.345 W/ttmn ( 5265): <0x0,AVMDLManagerBridge.cpp,native_setStringValue,356>set key:0 valuestr:/data/user/0/com.qiyi.video.pad/cache/pangle_com.byted.pangle/com.qiyi.video.pad-tt_ad/tt_video_default
03-28 20:22:26.345 W/ttmn ( 5265): <0x0,AVMDLManagerBridge.cpp,native_setStringValue,332>set cache dir
03-28 20:22:26.345 W/ttmn ( 5265): <0x0,AVMDLManagerBridge.cpp,native_setStringValue,356>set key:5510 valuestr:/data/user/0/com.qiyi.video.pad/cache/pangle_com.byted.pangle/com.qiyi.video.pad-tt_ad/tt_video_default/netCache
03-28 20:22:26.345 W/ttmn ( 5265): <0x0,AVMDLManagerBridge.cpp,native_setIntValue,664>set key:-10000 value:0
03-28 20:22:26.345 W/ttmn ( 5265): <0x0,AVMDLManagerBridge.cpp,native_setIntValue,664>set key:-10000 value:10000
03-28 20:22:26.346 W/ttmn ( 5265): <0x0,AVMDLManagerBridge.cpp,native_setIntValue,664>set key:-10000 value:20000
03-28 20:22:26.346 W/ttmn ( 5265): <0x0,AVMDLManagerBridge.cpp,native_setIntValue,664>set key:-10000 value:3500
03-28 20:22:26.346 W/ttmn ( 5265): <0x0,AVMDLManagerBridge.cpp,native_setIntValue,664>set key:-10000 value:1000
03-28 20:22:26.346 W/ttmn ( 5265): <0x0,AVMDLManagerBridge.cpp,native_setIntValue,664>set key:-10000 value:3
03-28 20:22:26.346 W/ttmn ( 5265): <0x0,AVMDLManagerBridge.cpp,native_setIntValue,664>set key:-10000 value:60000
03-28 20:22:26.346 W/ttmn ( 5265): <0x0,AVMDLManagerBridge.cpp,native_setIntValue,664>set key:-10000 value:0
03-28 20:22:26.346 W/ttmn ( 5265): <0x0,AVMDLManagerBridge.cpp,native_setIntValue,664>set key:-10000 value:0
03-28 20:22:26.346 W/ttmn ( 5265): <0x0,AVMDLManagerBridge.cpp,native_setIntValue,664>set key:-10000 value:5000
03-28 20:22:26.346 W/ttmn ( 5265): <0x0,AVMDLManagerBridge.cpp,native_setIntValue,664>set key:1 value:52428800
