11-11 00:00:47.467 I/mpu_uart( 644): [MSG-P:RECV]:No message received in 1000 ms
11-11 00:00:47.471 D/audio_hw_primary( 796): copl(0xf280c970):out of compress_wait
11-11 00:00:47.474 D/audio_hw_primary( 796): No space available in compress driver, post msg to cb thread
11-11 00:00:47.475 D/audio_hw_primary( 796): copl(0xf280c970):calling compress_wait
11-11 00:00:47.526 I/OpenGLRenderer( 3511): Davey! duration=9223371642027ms; Flags=0, FrameTimelineVsyncId=4148, IntendedVsync=394827244382, Vsync=394827244382, InputEventId=0, HandleInputStart=394827770263, AnimationStart=394827774690, PerformTraversalsStart=394827777867, DrawStart=394828979742, FrameDeadline=394860577714, FrameInterval=394827758597, FrameStartTime=16666666, SyncQueued=394829629899, SyncStart=394829787034, IssueDrawCommandsStart=394830655315, SwapBuffers=394837165940, FrameCompleted=9223372036854775807, DequeueBufferDuration=44167, QueueBufferDuration=1073489, GpuCompleted=9223372036854775807, SwapBuffersCompleted=394838849430, DisplayPresentTime=0,
11-11 00:00:47.618 I/auditd ( 2764): type=1400 audit(0.0:9581314): avc: denied { read } for comm="event_loop" lport=13400 scontext=u:r:hht_ota_mgr:s0 tcontext=u:r:hht_ota_mgr:s0 tclass=udp_socket permissive=0
11-11 00:00:47.618 W/event_loop( 2764): type=1400 audit(0.0:9581314): avc: denied { read } for lport=13400 scontext=u:r:hht_ota_mgr:s0 tcontext=u:r:hht_ota_mgr:s0 tclass=udp_socket permissive=0
11-11 00:00:47.618 I/auditd ( 2764): type=1400 audit(0.0:9581315): avc: denied { read } for comm="event_loop" lport=13400 scontext=u:r:hht_ota_mgr:s0 tcontext=u:r:hht_ota_mgr:s0 tclass=udp_socket permissive=0
11-11 00:00:47.618 W/event_loop( 2764): type=1400 audit(0.0:9581315): avc: denied { read } for lport=13400 scontext=u:r:hht_ota_mgr:s0 tcontext=u:r:hht_ota_mgr:s0 tclass=udp_socket permissive=0
11-11 00:00:47.618 I/auditd ( 2764): type=1400 audit(0.0:9581316): avc: denied { read } for comm="event_loop" lport=13400 scontext=u:r:hht_ota_mgr:s0 tcontext=u:r:hht_ota_mgr:s0 tclass=udp_socket permissive=0
11-11 00:00:47.618 W/event_loop( 2764): type=1400 audit(0.0:9581316): avc: denied { read } for lport=13400 scontext=u:r:hht_ota_mgr:s0 tcontext=u:r:hht_ota_mgr:s0 tclass=udp_socket permissive=0
11-11 00:00:47.618 I/auditd ( 2764): type=1400 audit(0.0:9581317): avc: denied { read } for comm="event_loop" lport=13400 scontext=u:r:hht_ota_mgr:s0 tcontext=u:r:hht_ota_mgr:s0 tclass=udp_socket permissive=0
11-11 00:00:47.618 W/event_loop( 2764): type=1400 audit(0.0:9581317): avc: denied { read } for lport=13400 scontext=u:r:hht_ota_mgr:s0 tcontext=u:r:hht_ota_mgr:s0 tclass=udp_socket permissive=0
11-11 00:00:47.618 I/auditd ( 2764): type=1400 audit(0.0:9581318): avc: denied { read } for comm="event_loop" lport=13400 scontext=u:r:hht_ota_mgr:s0 tcontext=u:r:hht_ota_mgr:s0 tclass=udp_socket permissive=0
11-11 00:00:47.618 W/event_loop( 2764): type=1400 audit(0.0:9581318): avc: denied { read } for lport=13400 scontext=u:r:hht_ota_mgr:s0 tcontext=u:r:hht_ota_mgr:s0 tclass=udp_socket permissive=0
11-11 00:10:49.665 W/audit ( 0): audit_lost=9581621 audit_rate_limit=5 audit_backlog_limit=64
11-11 00:10:49.665 E/audit ( 0): rate limit exceeded
11-11 00:00:48.155 D/MicroSettings: SetTimeAction( 2156): current timestamp: 1668096048155
11-11 00:00:48.156 D/MicroSettings: SetTimeAction( 2156): setTime: 1668096029000
11-11 00:00:48.156 D/AlarmManagerService( 1526): Setting time of day to sec=1668096029
11-11 00:00:29.000 W/AlarmManagerService( 1526): Unable to set rtc to 1668096029: Permission denied
11-11 00:00:29.001 E/LazyAlarmStore( 1526): Removed TIME_TICK alarm
11-11 00:00:29.002 I/am_wtf ( 1526): [0,1526,system_server,-1,LazyAlarmStore,Removed TIME_TICK alarm]
11-11 00:00:29.005 I/DropBoxManagerService( 1526): add tag=system_server_wtf isTagEnabled=true flags=0x2
11-11 00:00:29.012 D/KeyguardUpdateMonitor( 2000): received broadcast android.intent.action.TIME_SET
11-11 00:00:29.012 D/KeyguardUpdateMonitor( 2000): handleTimeUpdate
11-11 00:00:29.014 D/OsAgent ( 2639): [time_change_update][3164] [HC] =>> [HS]
11-11 00:00:29.014 D/IconProvider( 2527): onReceive: android.intent.action.TIME_SET
11-11 00:00:29.014 D/IconProvider( 2527): onReceive: android.intent.action.TIME_SET
11-11 00:00:29.014 V/LocSvc_HIDL_IzatSubscription( 809): [timeChangeUpdate][645] [HS] <<<<= [HC]
11-11 00:00:29.014 D/BaseModelUpdateTask( 2527): BaseModelUpdateTask constructor
11-11 00:00:29.014 D/BaseModelUpdateTask( 2527): java.lang.Exception
11-11 00:00:29.014 D/BaseModelUpdateTask( 2527): at com.android.launcher3.model.BaseModelUpdateTask.(BaseModelUpdateTask.java:57)
11-11 00:00:29.014 D/BaseModelUpdateTask( 2527): at com.android.launcher3.model.PackageUpdatedTask.(PackageUpdatedTask.java:88)
11-11 00:00:29.014 D/BaseModelUpdateTask( 2527): at com.android.launcher3.LauncherModel.onPackageChanged(LauncherModel.java:156)
11-11 00:00:29.014 D/BaseModelUpdateTask( 2527): at com.android.launcher3.LauncherModel.onAppIconChanged(LauncherModel.java:226)
11-11 00:00:29.014 D/BaseModelUpdateTask( 2527): at com.android.launcher3.LauncherAppState$IconObserver.onAppIconChanged(LauncherAppState.java:206)
11-11 00:00:29.014 D/BaseModelUpdateTask( 2527): at com.android.launcher3.icons.IconProvider$IconChangeReceiver.onReceive(IconProvider.java:371)
11-11 00:00:29.014 D/BaseModelUpdateTask( 2527): at android.app.LoadedApk$ReceiverDispatcher$Args.lambda$getRunnable$0$LoadedApk$ReceiverDispatcher$Args(LoadedApk.java:1679)
11-11 00:00:29.014 D/BaseModelUpdateTask( 2527): at android.app.LoadedApk$ReceiverDispatcher$Args$$ExternalSyntheticLambda0.run(Unknown Source:2)
11-11 00:00:29.014 D/BaseModelUpdateTask( 2527): at android.os.Handler.handleCallback(Handler.java:938)
11-11 00:00:29.014 D/BaseModelUpdateTask( 2527): at android.os.Handler.dispatchMessage(Handler.java:99)
11-11 00:00:29.014 D/BaseModelUpdateTask( 2527): at android.os.Looper.loopOnce(Looper.java:201)
11-11 00:00:29.014 D/BaseModelUpdateTask( 2527): at android.os.Looper.loop(Looper.java:288)
11-11 00:00:29.014 D/BaseModelUpdateTask( 2527): at android.os.HandlerThread.run(HandlerThread.java:67)
11-11 00:00:29.015 D/PackageUpdatedTask( 2527): PackageUpdatedTask constructor: op=2,user=UserHandle{0},packages=[com.android.calendar]
11-11 00:00:29.015 D/PackageUpdatedTask( 2527): java.lang.Exception
11-11 00:00:29.015 D/PackageUpdatedTask( 2527): at com.android.launcher3.model.PackageUpdatedTask.(PackageUpdatedTask.java:93)
11-11 00:00:29.015 D/PackageUpdatedTask( 2527): at com.android.launcher3.LauncherModel.onPackageChanged(LauncherModel.java:156)
11-11 00:00:29.015 D/PackageUpdatedTask( 2527): at com.android.launcher3.LauncherModel.onAppIconChanged(LauncherModel.java:226)
11-11 00:00:29.015 D/PackageUpdatedTask( 2527): at com.android.launcher3.LauncherAppState$IconObserver.onAppIconChanged(LauncherAppState.java:206)
11-11 00:00:29.015 D/PackageUpdatedTask( 2527): at com.android.launcher3.icons.IconProvider$IconChangeReceiver.onReceive(IconProvider.java:371)
11-11 00:00:29.015 D/PackageUpdatedTask( 2527): at android.app.LoadedApk$ReceiverDispatcher$Args.lambda$getRunnable$0$LoadedApk$ReceiverDispatcher$Args(LoadedApk.java:1679)
11-11 00:00:29.015 D/PackageUpdatedTask( 2527): at android.app.LoadedApk$ReceiverDispatcher$Args$$ExternalSyntheticLambda0.run(Unknown Source:2)
11-11 00:00:29.015 D/PackageUpdatedTask( 2527): at android.os.Handler.handleCallback(Handler.java:938)
11-11 00:00:29.015 D/PackageUpdatedTask( 2527): at android.os.Handler.dispatchMessage(Handler.java:99)
11-11 00:00:29.015 D/PackageUpdatedTask( 2527): at android.os.Looper.loopOnce(Looper.java:201)
11-11 00:00:29.015 D/PackageUpdatedTask( 2527): at android.os.Looper.loop(Looper.java:288)
11-11 00:00:29.015 D/PackageUpdatedTask( 2527): at android.os.HandlerThread.run(HandlerThread.java:67)
11-11 00:00:29.017 D/CompatibilityInfo( 1526): mCompatibilityFlags - 4
11-11 00:00:29.017 D/CompatibilityInfo( 1526): applicationDensity - 240
11-11 00:00:29.017 D/Launcher.IconCache( 2527): Package not found
11-11 00:00:29.017 D/Launcher.IconCache( 2527): android.content.pm.PackageManager$NameNotFoundException: com.android.calendar
11-11 00:00:29.017 D/Launcher.IconCache( 2527): at android.app.ApplicationPackageManager.getPackageInfoAsUser(ApplicationPackageManager.java:241)
11-11 00:00:29.017 D/Launcher.IconCache( 2527): at android.app.ApplicationPackageManager.getPackageInfo(ApplicationPackageManager.java:213)
11-11 00:00:29.017 D/Launcher.IconCache( 2527): at com.android.launcher3.icons.IconCache.updateIconsForPkg(IconCache.java:122)
11-11 00:00:29.017 D/Launcher.IconCache( 2527): at com.android.launcher3.model.PackageUpdatedTask.execute(PackageUpdatedTask.java:130)
11-11 00:00:29.017 D/Launcher.IconCache( 2527): at com.android.launcher3.model.BaseModelUpdateTask.run(BaseModelUpdateTask.java:80)
11-11 00:00:29.017 D/Launcher.IconCache( 2527): at com.android.launcher3.util.LooperExecutor.execute(LooperExecutor.java:45)
11-11 00:00:29.017 D/Launcher.IconCache( 2527): at com.android.launcher3.LauncherModel.enqueueModelUpdateTask(LauncherModel.java:555)
11-11 00:00:29.017 D/Launcher.IconCache( 2527): at com.android.launcher3.LauncherModel.onPackageChanged(LauncherModel.java:156)
11-11 00:00:29.017 D/Launcher.IconCache( 2527): at com.android.launcher3.LauncherModel.onAppIconChanged(LauncherModel.java:226)
11-11 00:00:29.017 D/Launcher.IconCache( 2527): at com.android.launcher3.LauncherAppState$IconObserver.onAppIconChanged(LauncherAppState.java:206)
11-11 00:00:29.017 D/Launcher.IconCache( 2527): at com.android.launcher3.icons.IconProvider$IconChangeReceiver.onReceive(IconProvider.java:371)
11-11 00:00:29.017 D/Launcher.IconCache( 2527): at android.app.LoadedApk$ReceiverDispatcher$Args.lambda$getRunnable$0$LoadedApk$ReceiverDispatcher$Args(LoadedApk.java:1679)
11-11 00:00:29.017 D/Launcher.IconCache( 2527): at android.app.LoadedApk$ReceiverDispatcher$Args$$ExternalSyntheticLambda0.run(Unknown Source:2)
11-11 00:00:29.017 D/Launcher.IconCache( 2527): at android.os.Handler.handleCallback(Handler.java:938)
11-11 00:00:29.017 D/Launcher.IconCache( 2527): at android.os.Handler.dispatchMessage(Handler.java:99)
11-11 00:00:29.017 D/Launcher.IconCache( 2527): at android.os.Looper.loopOnce(Looper.java:201)
11-11 00:00:29.017 D/Launcher.IconCache( 2527): at android.os.Looper.loop(Looper.java:288)
11-11 00:00:29.017 D/Launcher.IconCache( 2527): at android.os.HandlerThread.run(HandlerThread.java:67)
11-11 00:00:29.017 D/CompatibilityInfo( 1526): applicationScale - 1.0
11-11 00:00:29.018 D/DevicePolicyManager( 1526): updateSystemUpdateFreezePeriodsRecord
11-11 00:00:29.018 D/TimeService( 5248): Receivedandroid.intent.action.TIME_SET intent. Current Time is 1668096029018
11-11 00:00:29.018 D/ConditionProviders.SCP( 1526): onReceive android.intent.action.TIME_SET
11-11 00:00:29.018 D/BaseModelUpdateTask( 2527): BaseModelUpdateTask constructor
11-11 00:00:29.018 D/BaseModelUpdateTask( 2527): java.lang.Exception
11-11 00:00:29.018 D/BaseModelUpdateTask( 2527): at com.android.launcher3.model.BaseModelUpdateTask.(BaseModelUpdateTask.java:57)
11-11 00:00:29.018 D/BaseModelUpdateTask( 2527): at com.android.launcher3.LauncherModel$6.(LauncherModel.java:605)
11-11 00:00:29.018 D/BaseModelUpdateTask( 2527): at com.android.launcher3.LauncherModel.refreshAndBindWidgetsAndShortcuts(LauncherModel.java:605)
11-11 00:00:29.018 D/BaseModelUpdateTask( 2527): at com.android.launcher3.Launcher.refreshAndBindWidgetsForPackageUser(Launcher.java:2878)
11-11 00:00:29.018 D/BaseModelUpdateTask( 2527): at com.android.launcher3.model.PackageUpdatedTask.execute(PackageUpdatedTask.java:139)
11-11 00:00:29.018 D/BaseModelUpdateTask( 2527): at com.android.launcher3.model.BaseModelUpdateTask.run(BaseModelUpdateTask.java:80)
11-11 00:00:29.018 D/BaseModelUpdateTask( 2527): at com.android.launcher3.util.LooperExecutor.execute(LooperExecutor.java:45)
11-11 00:00:29.018 D/BaseModelUpdateTask( 2527): at com.android.launcher3.LauncherModel.enqueueModelUpdateTask(LauncherModel.java:555)
11-11 00:00:29.018 D/BaseModelUpdateTask( 2527): at com.android.launcher3.LauncherModel.onPackageChanged(LauncherModel.java:156)
11-11 00:00:29.018 D/BaseModelUpdateTask( 2527): at com.android.launcher3.LauncherModel.onAppIconChanged(LauncherModel.java:226)
11-11 00:00:29.018 D/BaseModelUpdateTask( 2527): at com.android.launcher3.LauncherAppState$IconObserver.onAppIconChanged(LauncherAppState.java:206)
11-11 00:00:29.018 D/BaseModelUpdateTask( 2527): at com.android.launcher3.icons.IconProvider$IconChangeReceiver.onReceive(IconProvider.java:371)
11-11 00:00:29.018 D/BaseModelUpdateTask( 2527): at android.app.LoadedApk$ReceiverDispatcher$Args.lambda$getRunnable$0$LoadedApk$ReceiverDispatcher$Args(LoadedApk.java:1679)
11-11 00:00:29.018 D/BaseModelUpdateTask( 2527): at android.app.LoadedApk$ReceiverDispatcher$Args$$ExternalSyntheticLambda0.run(Unknown Source:2)
11-11 00:00:29.018 D/BaseModelUpdateTask( 2527): at android.os.Handler.handleCallback(Handler.java:938)
11-11 00:00:29.018 D/BaseModelUpdateTask( 2527): at android.os.Handler.dispatchMessage(Handler.java:99)
11-11 00:00:29.018 D/BaseModelUpdateTask( 2527): at android.os.Looper.loopOnce(Looper.java:201)
11-11 00:00:29.018 D/BaseModelUpdateTask( 2527): at android.os.Looper.loop(Looper.java:288)
11-11 00:00:29.018 D/BaseModelUpdateTask( 2527): at android.os.HandlerThread.run(HandlerThread.java:67)
11-11 00:00:29.018 D/ConditionProviders.SCP( 1526): evaluateSubscriptionLocked cal=ScheduleCalendar[mDays={1, 2, 3, 4, 5, 6, 7}, mSchedule=ScheduleInfo{days=[1, 2, 3, 4, 5, 6, 7], startHour=22, startMinute=0, endHour=7, endMinute=0, exitAtAlarm=true, nextAlarm=Thu Jan 01 08:00:00 GMT+08:00 1970 (0)}], now=Fri Nov 11 00:00:29 GMT+08:00 2022 (1668096029018), nextUserAlarmTime=Thu Jan 01 08:00:00 GMT+08:00 1970 (0)
11-11 00:00:29.018 D/ConditionProviders.SCP( 1526): notifyCondition condition://android/schedule?days=1.2.3.4.5.6.7&start=22.0&end=7.0&exitAtAlarm=true STATE_TRUE reason=meetsSchedule
11-11 00:00:29.019 D/ConditionProviders.SCP( 1526): Scheduling evaluate for Fri Nov 11 07:00:00 GMT+08:00 2022 (1668121200000), in +6h59m30s982ms, now=Fri Nov 11 00:00:29 GMT+08:00 2022 (1668096029018)
11-11 00:00:29.020 D/QC-time-services( 642): Daemon: Connection accepted:time_genoff
11-11 00:00:29.020 D/QC-time-services( 642): Daemon:Received base = 2, unit = 1, operation = 0,value = 1668096029020
11-11 00:00:29.020 D/QC-time-services( 642): Daemon:genoff_opr: Base = 2, val = 1668096029020, operation = 0
11-11 00:00:29.020 D/QC-time-services( 642): Daemon:Value read from QTimer mseconds = 397729
11-11 00:00:29.020 D/QC-time-services( 642): Daemon:Value read from RTC mseconds on boot = 7137000
11-11 00:00:29.020 D/QC-time-services( 642): Daemon:Delta read on boot mseconds = 7128979
11-11 00:00:29.020 D/QC-time-services( 642): Daemon:new time 1668096029020
11-11 00:00:29.020 D/QC-time-services( 642): Daemon: delta 1668088502312 genoff 1668088502312
11-11 00:00:29.020 D/QC-time-services( 642): Daemon:genoff_persistent_update: Writing genoff = 1668088502312 to memory
11-11 00:00:29.020 D/QC-time-services( 642): Daemon:Opening File: /mnt/vendor/persist/time/ats_2 /data/vendor/time/ats_2
11-11 00:00:29.020 D/QC-time-services( 642): Daemon:time_persistent_memory_opr:Genoff write operation
11-11 00:00:29.023 D/QC-time-services( 642): Updating the TOD offset
11-11 00:00:29.023 D/QC-time-services( 642): Daemon:genoff_persistent_update: Writing genoff = 1668088502312 to memory
11-11 00:00:29.023 D/QC-time-services( 642): Daemon:Opening File: /mnt/vendor/persist/time/ats_1 /data/vendor/time/ats_1
11-11 00:00:29.023 D/QC-time-services( 642): Daemon:time_persistent_memory_opr:Genoff write operation
11-11 00:00:29.024 D/QC-time-services( 642): Daemon:genoff_set: Updating the WLAN offset
11-11 00:00:29.024 D/QC-time-services( 642): Daemon:genoff_persistent_update: Writing genoff = 1668088502312 to memory
11-11 00:00:29.024 D/QC-time-services( 642): Daemon:Opening File: /mnt/vendor/persist/time/ats_16 /data/vendor/time/ats_16
11-11 00:00:29.024 D/QC-time-services( 642): Daemon:time_persistent_memory_opr:Genoff write operation
11-11 00:00:29.026 D/TimeService( 5248): Set time successfully!
11-11 00:00:29.027 E/QC-time-services( 642): Daemon: Time-services: Waiting to acceptconnection
11-11 00:00:29.029 D/CompatibilityInfo( 1526): mCompatibilityFlags - 4
11-11 00:00:29.029 D/CompatibilityInfo( 1526): applicationDensity - 240
11-11 00:00:29.029 D/CompatibilityInfo( 1526): applicationScale - 1.0
11-11 00:00:29.032 I/WidgetsModel( 2527): found whitelist widget: com.android.settings, label: 璁剧疆蹇嵎鏂瑰紡, sectionName:S
11-11 00:00:29.032 I/WidgetsModel( 2527): found whitelist widget: com.android.gallery3d, label: 鐓х墖, sectionName:T
11-11 00:00:29.032 I/WidgetsModel( 2527): found whitelist widget: com.android.systemui, label: 瀵硅瘽, sectionName:D
11-11 00:00:29.033 I/WidgetsModel( 2527): found whitelist widget: com.android.music, label: 闊充箰, sectionName:Y
11-11 00:00:29.034 D/ModelWriter( 2527): removing items from db
11-11 00:00:29.034 D/ModelWriter( 2527): java.lang.Exception
11-11 00:00:29.034 D/ModelWriter( 2527): at com.android.launcher3.model.ModelWriter.deleteItemsFromDatabase(ModelWriter.java:280)
11-11 00:00:29.034 D/ModelWriter( 2527): at com.android.launcher3.model.ModelWriter.deleteItemsFromDatabase(ModelWriter.java:268)
11-11 00:00:29.034 D/ModelWriter( 2527): at com.android.launcher3.model.BaseModelUpdateTask.deleteAndBindComponentsRemoved(BaseModelUpdateTask.java:140)
11-11 00:00:29.034 D/ModelWriter( 2527): at com.android.launcher3.model.PackageUpdatedTask.execute(PackageUpdatedTask.java:353)
11-11 00:00:29.034 D/ModelWriter( 2527): at com.android.launcher3.model.BaseModelUpdateTask.run(BaseModelUpdateTask.java:80)
11-11 00:00:29.034 D/ModelWriter( 2527): at com.android.launcher3.util.LooperExecutor.execute(LooperExecutor.java:45)
11-11 00:00:29.034 D/ModelWriter( 2527): at com.android.launcher3.LauncherModel.enqueueModelUpdateTask(LauncherModel.java:555)
11-11 00:00:29.034 D/ModelWriter( 2527): at com.android.launcher3.LauncherModel.onPackageChanged(LauncherModel.java:156)
11-11 00:00:29.034 D/ModelWriter( 2527): at com.android.launcher3.LauncherModel.onAppIconChanged(LauncherModel.java:226)
11-11 00:00:29.034 D/ModelWriter( 2527): at com.android.launcher3.LauncherAppState$IconObserver.onAppIconChanged(LauncherAppState.java:206)
11-11 00:00:29.034 D/ModelWriter( 2527): at com.android.launcher3.icons.IconProvider$IconChangeReceiver.onReceive(IconProvider.java:371)
11-11 00:00:29.034 D/ModelWriter( 2527): at android.app.LoadedApk$ReceiverDispatcher$Args.lambda$getRunnable$0$LoadedApk$ReceiverDispatcher$Args(LoadedApk.java:1679)
11-11 00:00:29.034 D/ModelWriter( 2527): at android.app.LoadedApk$ReceiverDispatcher$Args$$ExternalSyntheticLambda0.run(Unknown Source:2)
11-11 00:00:29.034 D/ModelWriter( 2527): at android.os.Handler.handleCallback(Handler.java:938)
11-11 00:00:29.034 D/ModelWriter( 2527): at android.os.Handler.dispatchMessage(Handler.java:99)
11-11 00:00:29.034 D/ModelWriter( 2527): at android.os.Looper.loopOnce(Looper.java:201)
11-11 00:00:29.034 D/ModelWriter( 2527): at android.os.Looper.loop(Looper.java:288)
11-11 00:00:29.034 D/ModelWriter( 2527): at android.os.HandlerThread.run(HandlerThread.java:67)
11-11 00:00:29.043 D/BaseModelUpdateTask( 2527): BaseModelUpdateTask constructor
11-11 00:00:29.043 D/BaseModelUpdateTask( 2527): java.lang.Exception
11-11 00:00:29.043 D/BaseModelUpdateTask( 2527): at com.android.launcher3.model.BaseModelUpdateTask.(BaseModelUpdateTask.java:57)
11-11 00:00:29.043 D/BaseModelUpdateTask( 2527): at com.android.launcher3.model.AddWorkspaceItemsTask.(AddWorkspaceItemsTask.java:58)
11-11 00:00:29.043 D/BaseModelUpdateTask( 2527): at com.android.launcher3.LauncherModel.addAndBindAddedWorkspaceItems(LauncherModel.java:145)
11-11 00:00:29.043 D/BaseModelUpdateTask( 2527): at com.android.launcher3.model.PackageUpdatedTask.updateToWorkSpace(PackageUpdatedTask.java:406)
11-11 00:00:29.043 D/BaseModelUpdateTask( 2527): at com.android.launcher3.model.PackageUpdatedTask.execute(PackageUpdatedTask.java:370)
11-11 00:00:29.043 D/BaseModelUpdateTask( 2527): at com.android.launcher3.model.BaseModelUpdateTask.run(BaseModelUpdateTask.java:80)
11-11 00:00:29.043 D/BaseModelUpdateTask( 2527): at com.android.launcher3.util.LooperExecutor.execute(LooperExecutor.java:45)
11-11 00:00:29.043 D/BaseModelUpdateTask( 2527): at com.android.launcher3.LauncherModel.enqueueModelUpdateTask(LauncherModel.java:555)
11-11 00:00:29.043 D/BaseModelUpdateTask( 2527): at com.android.launcher3.LauncherModel.onPackageChanged(LauncherModel.java:156)
11-11 00:00:29.043 D/BaseModelUpdateTask( 2527): at com.android.launcher3.LauncherModel.onAppIconChanged(LauncherModel.java:226)
11-11 00:00:29.043 D/BaseModelUpdateTask( 2527): at com.android.launcher3.LauncherAppState$IconObserver.onAppIconChanged(LauncherAppState.java:206)
11-11 00:00:29.043 D/BaseModelUpdateTask( 2527): at com.android.launcher3.icons.IconProvider$IconChangeReceiver.onReceive(IconProvider.java:371)
11-11 00:00:29.043 D/BaseModelUpdateTask( 2527): at android.app.LoadedApk$ReceiverDispatcher$Args.lambda$getRunnable$0$LoadedApk$ReceiverDispatcher$Args(LoadedApk.java:1679)
11-11 00:00:29.043 D/BaseModelUpdateTask( 2527): at android.app.LoadedApk$ReceiverDispatcher$Args$$ExternalSyntheticLambda0.run(Unknown Source:2)
11-11 00:00:29.043 D/BaseModelUpdateTask( 2527): at android.os.Handler.handleCallback(Handler.java:938)
11-11 00:00:29.043 D/BaseModelUpdateTask( 2527): at android.os.Handler.dispatchMessage(Handler.java:99)
11-11 00:00:29.043 D/BaseModelUpdateTask( 2527): at android.os.Looper.loopOnce(Looper.java:201)
11-11 00:00:29.043 D/BaseModelUpdateTask( 2527): at android.os.Looper.loop(Looper.java:288)
11-11 00:00:29.043 D/BaseModelUpdateTask( 2527): at android.os.HandlerThread.run(HandlerThread.java:67)
11-11 00:00:29.106 W/kcp_info( 5265): HCDN_LOG: [T:5570]Update: udp kcp size[0], timeout kcp size[0]
11-11 00:00:29.204 I/OpenGLRenderer( 3511): Davey! duration=9223371641192ms; Flags=0, FrameTimelineVsyncId=4163, IntendedVsync=395662573884, Vsync=395662573884, InputEventId=0, HandleInputStart=395663271616, AnimationStart=395663275887, PerformTraversalsStart=395663278908, DrawStart=395664262085, FrameDeadline=395695907216, FrameInterval=395663260575, FrameStartTime=16666666, SyncQueued=395664948335, SyncStart=395665109741, IssueDrawCommandsStart=395666005314, SwapBuffers=395672808439, FrameCompleted=9223372036854775807, DequeueBufferDuration=46667, QueueBufferDuration=1084062, GpuCompleted=9223372036854775807, SwapBuffersCompleted=395674482137, DisplayPresentTime=0,
11-11 00:00:29.311 I/mpu_uart( 644): [MSG-P:RECV]:No message received in 1000 ms
11-11 00:00:29.467 I/auditd ( 2764): type=1400 audit(0.0:9853687): avc: denied { read } for comm="event_loop" lport=13400 scontext=u:r:hht_ota_mgr:s0 tcontext=u:r:hht_ota_mgr:s0 tclass=udp_socket permissive=0
11-11 00:00:29.467 W/event_loop( 2764): type=1400 audit(0.0:9853687): avc: denied { read } for lport=13400 scontext=u:r:hht_ota_mgr:s0 tcontext=u:r:hht_ota_mgr:s0 tclass=udp_socket permissive=0
11-11 00:00:29.467 I/auditd ( 2764): type=1400 audit(0.0:9853688): avc: denied { read } for comm="event_loop" lport=13400 scontext=u:r:hht_ota_mgr:s0 tcontext=u:r:hht_ota_mgr:s0 tclass=udp_socket permissive=0
11-11 00:00:29.467 W/event_loop( 2764): type=1400 audit(0.0:9853688): avc: denied { read } for lport=13400 scontext=u:r:hht_ota_mgr:s0 tcontext=u:r:hht_ota_mgr:s0 tclass=udp_socket permissive=0
11-11 00:00:29.467 I/auditd ( 2764): type=1400 audit(0.0:9853689): avc: denied { read } for comm="event_loop" lport=13400 scontext=u:r:hht_ota_mgr:s0 tcontext=u:r:hht_ota_mgr:s0 tclass=udp_socket permissive=0
11-11 00:00:29.467 W/event_loop( 2764): type=1400 audit(0.0:9853689): avc: denied { read } for lport=13400 scontext=u:r:hht_ota_mgr:s0 tcontext=u:r:hht_ota_mgr:s0 tclass=udp_socket permissive=0
11-11 00:00:29.467 I/auditd ( 2764): type=1400 audit(0.0:9853690): avc: denied { read } for comm="event_loop" lport=13400 scontext=u:r:hht_ota_mgr:s0 tcontext=u:r:hht_ota_mgr:s0 tclass=udp_socket permissive=0
11-11 00:00:29.467 W/event_loop( 2764): type=1400 audit(0.0:9853690): avc: denied { read } for lport=13400 scontext=u:r:hht_ota_mgr:s0 tcontext=u:r:hht_ota_mgr:s0 tclass=udp_socket permissive=0
11-11 00:00:29.467 I/auditd ( 2764): type=1400 audit(0.0:9853691): avc: denied { read } for comm="event_loop" lport=13400 scontext=u:r:hht_ota_mgr:s0 tcontext=u:r:hht_ota_mgr:s0 tclass=udp_socket permissive=0
11-11 00:00:29.467 W/event_loop( 2764): type=1400 audit(0.0:9853691): avc: denied { read } for lport=13400 scontext=u:r:hht_ota_mgr:s0 tcontext=u:r:hht_ota_mgr:s0 tclass=udp_socket permissive=0
11-11 00:10:50.669 W/audit ( 0): audit_lost=9853990 audit_rate_limit=5 audit_backlog_limit=64
11-11 00:10:50.669 E/audit ( 0): rate limit exceeded
11-11 00:00:29.571 I/OpenGLRenderer( 3511): Davey! duration=9223371640824ms; Flags=0, FrameTimelineVsyncId=4169, IntendedVsync=396030108003, Vsync=396030108003, InputEventId=0, HandleInputStart=396030985627, AnimationStart=396030989637, PerformTraversalsStart=396030992866, DrawStart=396031854637, FrameDeadline=396063441335, FrameInterval=396030975002, FrameStartTime=16666666, SyncQueued=396032666408, SyncStart=396032995574, IssueDrawCommandsStart=396033835783, SwapBuffers=396040301877, FrameCompleted=9223372036854775807, DequeueBufferDuration=45573, QueueBufferDuration=1037708, GpuCompleted=9223372036854775807, SwapBuffersCompleted=396041972502, DisplayPresentTime=0,
11-11 00:00:29.592 I/mpu_uart( 644): [MSG-P:R]:recv sync frame timeout
11-11 00:00:29.789 I/OpenGLRenderer( 3511): Davey! duration=9223371640607ms; Flags=0, FrameTimelineVsyncId=4172, IntendedVsync=396247277581, Vsync=396247277581, InputEventId=0, HandleInputStart=396248401251, AnimationStart=396248405106, PerformTraversalsStart=396248407814, DrawStart=396249267345, FrameDeadline=396280610913, FrameInterval=396248391356, FrameStartTime=16666666, SyncQueued=396249917345, SyncStart=396250245262, IssueDrawCommandsStart=396251051408, SwapBuffers=396259034533, FrameCompleted=9223372036854775807, DequeueBufferDuration=43333, QueueBufferDuration=1183385, GpuCompleted=9223372036854775807, SwapBuffersCompleted=396260887137, DisplayPresentTime=0,
11-11 00:00:30.002 W/ContextImpl( 2156): Calling a method in the system process without a qualified user: android.app.ContextImpl.sendBroadcast:1173 android.content.ContextWrapper.sendBroadcast:479 com.thundercomm.microsettings.action.SetTimeAction.timeUpdated:212 com.thundercomm.microsettings.action.SetTimeAction.update24HourFormat:194 com.thundercomm.microsettings.action.SetTimeAction.doActualAction:154
11-11 00:00:30.009 D/MicroSettings: ITCMicroCommonCallback( 2156): get request method = syncTime parameters = {"IDCM_Time_12_24":"24","IDCM_Timestamp":14000,"IDCM_Timezone":"GMT+08:00"}
11-11 00:00:30.010 D/AlarmManagerService( 1526): Kernel timezone updated to -480 minutes west of GMT
11-11 00:00:30.010 D/MicroSettings: SetTimeAction( 2156): setTimezone: Asia/Shanghai
11-11 00:00:30.010 D/DevicePolicyManager( 1526): updateSystemUpdateFreezePeriodsRecord
11-11 00:00:30.010 D/AlarmManagerService( 1526): Kernel timezone updated to -480 minutes west of GMT
11-11 00:00:30.010 D/KeyguardUpdateMonitor( 2000): received broadcast android.intent.action.TIME_SET
11-11 00:00:30.011 D/KeyguardUpdateMonitor( 2000): handleTimeUpdate
11-11 00:00:30.011 D/ConditionProviders.SCP( 1526): onReceive android.intent.action.TIME_SET
11-11 00:00:30.011 D/ConditionProviders.SCP( 1526): evaluateSubscriptionLocked cal=ScheduleCalendar[mDays={1, 2, 3, 4, 5, 6, 7}, mSchedule=ScheduleInfo{days=[1, 2, 3, 4, 5, 6, 7], startHour=22, startMinute=0, endHour=7, endMinute=0, exitAtAlarm=true, nextAlarm=Thu Jan 01 08:00:00 GMT+08:00 1970 (0)}], now=Fri Nov 11 00:00:30 GMT+08:00 2022 (1668096030011), nextUserAlarmTime=Thu Jan 01 08:00:00 GMT+08:00 1970 (0)
11-11 00:00:30.011 D/ConditionProviders.SCP( 1526): notifyCondition condition://android/schedule?days=1.2.3.4.5.6.7&start=22.0&end=7.0&exitAtAlarm=true STATE_TRUE reason=meetsSchedule
11-11 00:00:30.012 D/ConditionProviders.SCP( 1526): Scheduling evaluate for Fri Nov 11 07:00:00 GMT+08:00 2022 (1668121200000), in +6h59m29s989ms, now=Fri Nov 11 00:00:30 GMT+08:00 2022 (1668096030011)
11-11 00:00:30.012 D/OsAgent ( 2639): [time_change_update][3164] [HC] =>> [HS]
11-11 00:00:30.012 V/LocSvc_HIDL_IzatSubscription( 809): [timeChangeUpdate][645] [HS] <<<<= [HC]
11-11 00:00:30.013 D/IconProvider( 2527): onReceive: android.intent.action.TIME_SET
11-11 00:00:30.014 D/IconProvider( 2527): onReceive: android.intent.action.TIME_SET
11-11 00:00:30.014 D/BaseModelUpdateTask( 2527): BaseModelUpdateTask constructor
11-11 00:00:30.014 D/BaseModelUpdateTask( 2527): java.lang.Exception
11-11 00:00:30.014 D/BaseModelUpdateTask( 2527): at com.android.launcher3.model.BaseModelUpdateTask.(BaseModelUpdateTask.java:57)
11-11 00:00:30.014 D/BaseModelUpdateTask( 2527): at com.android.launcher3.model.PackageUpdatedTask.(PackageUpdatedTask.java:88)
11-11 00:00:30.014 D/BaseModelUpdateTask( 2527): at com.android.launcher3.LauncherModel.onPackageChanged(LauncherModel.java:156)
11-11 00:00:30.014 D/BaseModelUpdateTask( 2527): at com.android.launcher3.LauncherModel.onAppIconChanged(LauncherModel.java:226)
11-11 00:00:30.014 D/BaseModelUpdateTask( 2527): at com.android.launcher3.LauncherAppState$IconObserver.onAppIconChanged(LauncherAppState.java:206)
11-11 00:00:30.014 D/BaseModelUpdateTask( 2527): at com.android.launcher3.icons.IconProvider$IconChangeReceiver.onReceive(IconProvider.java:371)
11-11 00:00:30.014 D/BaseModelUpdateTask( 2527): at android.app.LoadedApk$ReceiverDispatcher$Args.lambda$getRunnable$0$LoadedApk$ReceiverDispatcher$Args(LoadedApk.java:1679)
11-11 00:00:30.014 D/BaseModelUpdateTask( 2527): at android.app.LoadedApk$ReceiverDispatcher$Args$$ExternalSyntheticLambda0.run(Unknown Source:2)
11-11 00:00:30.014 D/BaseModelUpdateTask( 2527): at android.os.Handler.handleCallback(Handler.java:938)
11-11 00:00:30.014 D/BaseModelUpdateTask( 2527): at android.os.Handler.dispatchMessage(Handler.java:99)
11-11 00:00:30.014 D/BaseModelUpdateTask( 2527): at android.os.Looper.loopOnce(Looper.java:201)
11-11 00:00:30.014 D/BaseModelUpdateTask( 2527): at android.os.Looper.loop(Looper.java:288)
11-11 00:00:30.014 D/BaseModelUpdateTask( 2527): at android.os.HandlerThread.run(HandlerThread.java:67)
11-11 00:00:30.016 D/PackageUpdatedTask( 2527): PackageUpdatedTask constructor: op=2,user=UserHandle{0},packages=[com.android.calendar]
11-11 00:00:30.016 D/PackageUpdatedTask( 2527): java.lang.Exception
11-11 00:00:30.016 D/PackageUpdatedTask( 2527): at com.android.launcher3.model.PackageUpdatedTask.(PackageUpdatedTask.java:93)
11-11 00:00:30.016 D/PackageUpdatedTask( 2527): at com.android.launcher3.LauncherModel.onPackageChanged(LauncherModel.java:156)
11-11 00:00:30.016 D/PackageUpdatedTask( 2527): at com.android.launcher3.LauncherModel.onAppIconChanged(LauncherModel.java:226)
11-11 00:00:30.016 D/PackageUpdatedTask( 2527): at com.android.launcher3.LauncherAppState$IconObserver.onAppIconChanged(LauncherAppState.java:206)
11-11 00:00:30.016 D/PackageUpdatedTask( 2527): at com.android.launcher3.icons.IconProvider$IconChangeReceiver.onReceive(IconProvider.java:371)
11-11 00:00:30.016 D/PackageUpdatedTask( 2527): at android.app.LoadedApk$ReceiverDispatcher$Args.lambda$getRunnable$0$LoadedApk$ReceiverDispatcher$Args(LoadedApk.java:1679)
11-11 00:00:30.016 D/PackageUpdatedTask( 2527): at android.app.LoadedApk$ReceiverDispatcher$Args$$ExternalSyntheticLambda0.run(Unknown Source:2)
11-11 00:00:30.016 D/PackageUpdatedTask( 2527): at android.os.Handler.handleCallback(Handler.java:938)
11-11 00:00:30.016 D/PackageUpdatedTask( 2527): at android.os.Handler.dispatchMessage(Handler.java:99)
11-11 00:00:30.016 D/PackageUpdatedTask( 2527): at android.os.Looper.loopOnce(Looper.java:201)
11-11 00:00:30.016 D/PackageUpdatedTask( 2527): at android.os.Looper.loop(Looper.java:288)
11-11 00:00:30.016 D/PackageUpdatedTask( 2527): at android.os.HandlerThread.run(HandlerThread.java:67)
11-11 00:00:30.017 D/CompatibilityInfo( 1526): mCompatibilityFlags - 4
11-11 00:00:30.017 D/CompatibilityInfo( 1526): applicationDensity - 240
11-11 00:00:30.017 D/CompatibilityInfo( 1526): applicationScale - 1.0
11-11 00:00:30.018 D/Launcher.IconCache( 2527): Package not found
11-11 00:00:30.018 D/Launcher.IconCache( 2527): android.content.pm.PackageManager$NameNotFoundException: com.android.calendar
11-11 00:00:30.018 D/Launcher.IconCache( 2527): at android.app.ApplicationPackageManager.getPackageInfoAsUser(ApplicationPackageManager.java:241)
11-11 00:00:30.018 D/Launcher.IconCache( 2527): at android.app.ApplicationPackageManager.getPackageInfo(ApplicationPackageManager.java:213)
11-11 00:00:30.018 D/Launcher.IconCache( 2527): at com.android.launcher3.icons.IconCache.updateIconsForPkg(IconCache.java:122)
11-11 00:00:30.018 D/Launcher.IconCache( 2527): at com.android.launcher3.model.PackageUpdatedTask.execute(PackageUpdatedTask.java:130)
11-11 00:00:30.018 D/Launcher.IconCache( 2527): at com.android.launcher3.model.BaseModelUpdateTask.run(BaseModelUpdateTask.java:80)
11-11 00:00:30.018 D/Launcher.IconCache( 2527): at com.android.launcher3.util.LooperExecutor.execute(LooperExecutor.java:45)
11-11 00:00:30.018 D/Launcher.IconCache( 2527): at com.android.launcher3.LauncherModel.enqueueModelUpdateTask(LauncherModel.java:555)
11-11 00:00:30.018 D/Launcher.IconCache( 2527): at com.android.launcher3.LauncherModel.onPackageChanged(LauncherModel.java:156)
11-11 00:00:30.018 D/Launcher.IconCache( 2527): at com.android.launcher3.LauncherModel.onAppIconChanged(LauncherModel.java:226)
11-11 00:00:30.018 D/Launcher.IconCache( 2527): at com.android.launcher3.LauncherAppState$IconObserver.onAppIconChanged(LauncherAppState.java:206)
11-11 00:00:30.018 D/Launcher.IconCache( 2527): at com.android.launcher3.icons.IconProvider$IconChangeReceiver.onReceive(IconProvider.java:371)
11-11 00:00:30.018 D/Launcher.IconCache( 2527): at android.app.LoadedApk$ReceiverDispatcher$Args.lambda$getRunnable$0$LoadedApk$ReceiverDispatcher$Args(LoadedApk.java:1679)
11-11 00:00:30.018 D/Launcher.IconCache( 2527): at android.app.LoadedApk$ReceiverDispatcher$Args$$ExternalSyntheticLambda0.run(Unknown Source:2)
11-11 00:00:30.018 D/Launcher.IconCache( 2527): at android.os.Handler.handleCallback(Handler.java:938)
11-11 00:00:30.018 D/Launcher.IconCache( 2527): at android.os.Handler.dispatchMessage(Handler.java:99)
11-11 00:00:30.018 D/Launcher.IconCache( 2527): at android.os.Looper.loopOnce(Looper.java:201)
11-11 00:00:30.018 D/Launcher.IconCache( 2527): at android.os.Looper.loop(Looper.java:288)
11-11 00:00:30.018 D/Launcher.IconCache( 2527): at android.os.HandlerThread.run(HandlerThread.java:67)
11-11 00:00:30.018 D/TimeService( 5248): Receivedandroid.intent.action.TIME_SET intent. Current Time is 1668096030018
11-11 00:00:30.018 D/BaseModelUpdateTask( 2527): BaseModelUpdateTask constructor
11-11 00:00:30.018 D/BaseModelUpdateTask( 2527): java.lang.Exception
11-11 00:00:30.018 D/BaseModelUpdateTask( 2527): at com.android.launcher3.model.BaseModelUpdateTask.(BaseModelUpdateTask.java:57)
11-11 00:00:30.018 D/BaseModelUpdateTask( 2527): at com.android.launcher3.LauncherModel$6.(LauncherModel.java:605)
11-11 00:00:30.018 D/BaseModelUpdateTask( 2527): at com.android.launcher3.LauncherModel.refreshAndBindWidgetsAndShortcuts(LauncherModel.java:605)
11-11 00:00:30.018 D/BaseModelUpdateTask( 2527): at com.android.launcher3.Launcher.refreshAndBindWidgetsForPackageUser(Launcher.java:2878)
11-11 00:00:30.018 D/BaseModelUpdateTask( 2527): at com.android.launcher3.model.PackageUpdatedTask.execute(PackageUpdatedTask.java:139)
11-11 00:00:30.018 D/BaseModelUpdateTask( 2527): at com.android.launcher3.model.BaseModelUpdateTask.run(BaseModelUpdateTask.java:80)
11-11 00:00:30.018 D/BaseModelUpdateTask( 2527): at com.android.launcher3.util.LooperExecutor.execute(LooperExecutor.java:45)
11-11 00:00:30.018 D/BaseModelUpdateTask( 2527): at com.android.launcher3.LauncherModel.enqueueModelUpdateTask(LauncherModel.java:555)
11-11 00:00:30.018 D/BaseModelUpdateTask( 2527): at com.android.launcher3.LauncherModel.onPackageChanged(LauncherModel.java:156)
11-11 00:00:30.018 D/BaseModelUpdateTask( 2527): at com.android.launcher3.LauncherModel.onAppIconChanged(LauncherModel.java:226)
11-11 00:00:30.018 D/BaseModelUpdateTask( 2527): at com.android.launcher3.LauncherAppState$IconObserver.onAppIconChanged(LauncherAppState.java:206)
11-11 00:00:30.018 D/BaseModelUpdateTask( 2527): at com.android.launcher3.icons.IconProvider$IconChangeReceiver.onReceive(IconProvider.java:371)
11-11 00:00:30.018 D/BaseModelUpdateTask( 2527): at android.app.LoadedApk$ReceiverDispatcher$Args.lambda$getRunnable$0$LoadedApk$ReceiverDispatcher$Args(LoadedApk.java:1679)
11-11 00:00:30.018 D/BaseModelUpdateTask( 2527): at android.app.LoadedApk$ReceiverDispatcher$Args$$ExternalSyntheticLambda0.run(Unknown Source:2)
11-11 00:00:30.018 D/BaseModelUpdateTask( 2527): at android.os.Handler.handleCallback(Handler.java:938)
11-11 00:00:30.018 D/BaseModelUpdateTask( 2527): at android.os.Handler.dispatchMessage(Handler.java:99)
11-11 00:00:30.018 D/BaseModelUpdateTask( 2527): at android.os.Looper.loopOnce(Looper.java:201)
11-11 00:00:30.018 D/BaseModelUpdateTask( 2527): at android.os.Looper.loop(Looper.java:288)
11-11 00:00:30.018 D/BaseModelUpdateTask( 2527): at android.os.HandlerThread.run(HandlerThread.java:67)
11-11 00:00:30.020 D/QC-time-services( 642): Daemon: Connection accepted:time_genoff
11-11 00:00:30.021 D/QC-time-services( 642): Daemon:Received base = 2, unit = 1, operation = 0,value = 1668096030020
11-11 00:00:30.021 D/QC-time-services( 642): Daemon:genoff_opr: Base = 2, val = 1668096030020, operation = 0
11-11 00:00:30.021 D/QC-time-services( 642): Daemon:Value read from QTimer mseconds = 398730
11-11 00:00:30.021 D/QC-time-services( 642): Daemon:Value read from RTC mseconds on boot = 7137000
11-11 00:00:30.021 D/QC-time-services( 642): Daemon:Delta read on boot mseconds = 7128979
11-11 00:00:30.021 D/QC-time-services( 642): Daemon:new time 1668096030020
11-11 00:00:30.021 D/QC-time-services( 642): Daemon: delta 1668088502311 genoff 1668088502311
11-11 00:00:30.021 D/QC-time-services( 642): Daemon:genoff_persistent_update: Writing genoff = 1668088502311 to memory
11-11 00:00:30.021 D/QC-time-services( 642): Daemon:Opening File: /mnt/vendor/persist/time/ats_2 /data/vendor/time/ats_2
11-11 00:00:30.021 D/QC-time-services( 642): Daemon:time_persistent_memory_opr:Genoff write operation
11-11 00:00:30.024 D/QC-time-services( 642): Updating the TOD offset
11-11 00:00:30.024 D/QC-time-services( 642): Daemon:genoff_persistent_update: Writing genoff = 1668088502311 to memory
11-11 00:00:30.024 D/QC-time-services( 642): Daemon:Opening File: /mnt/vendor/persist/time/ats_1 /data/vendor/time/ats_1
11-11 00:00:30.024 D/QC-time-services( 642): Daemon:time_persistent_memory_opr:Genoff write operation
11-11 00:00:30.026 D/QC-time-services( 642): Daemon:genoff_set: Updating the WLAN offset
11-11 00:00:30.026 D/QC-time-services( 642): Daemon:genoff_persistent_update: Writing genoff = 1668088502311 to memory
11-11 00:00:30.026 D/QC-time-services( 642): Daemon:Opening File: /mnt/vendor/persist/time/ats_16 /data/vendor/time/ats_16
11-11 00:00:30.026 D/QC-time-services( 642): Daemon:time_persistent_memory_opr:Genoff write operation
11-11 00:00:30.028 D/TimeService( 5248): Set time successfully!
11-11 00:00:30.030 D/CompatibilityInfo( 1526): mCompatibilityFlags - 4
11-11 00:00:30.030 D/CompatibilityInfo( 1526): applicationDensity - 240
11-11 00:00:30.030 D/CompatibilityInfo( 1526): applicationScale - 1.0
11-11 00:00:30.031 E/QC-time-services( 642): Daemon: Time-services: Waiting to acceptconnection
11-11 00:00:30.033 I/WidgetsModel( 2527): found whitelist widget: com.android.settings, label: 璁剧疆蹇嵎鏂瑰紡, sectionName:S
11-11 00:00:30.033 I/WidgetsModel( 2527): found whitelist widget: com.android.gallery3d, label: 鐓х墖, sectionName:T
11-11 00:00:30.033 I/WidgetsModel( 2527): found whitelist widget: com.android.systemui, label: 瀵硅瘽, sectionName:D
11-11 00:00:30.035 I/WidgetsModel( 2527): found whitelist widget: com.android.music, label: 闊充箰, sectionName:Y
11-11 00:00:30.036 D/ModelWriter( 2527): removing items from db
11-11 00:00:30.036 D/ModelWriter( 2527): java.lang.Exception
11-11 00:00:30.036 D/ModelWriter( 2527): at com.android.launcher3.model.ModelWriter.deleteItemsFromDatabase(ModelWriter.java:280)
11-11 00:00:30.036 D/ModelWriter( 2527): at com.android.launcher3.model.ModelWriter.deleteItemsFromDatabase(ModelWriter.java:268)
11-11 00:00:30.036 D/ModelWriter( 2527): at com.android.launcher3.model.BaseModelUpdateTask.deleteAndBindComponentsRemoved(BaseModelUpdateTask.java:140)
11-11 00:00:30.036 D/ModelWriter( 2527): at com.android.launcher3.model.PackageUpdatedTask.execute(PackageUpdatedTask.java:353)
11-11 00:00:30.036 D/ModelWriter( 2527): at com.android.launcher3.model.BaseModelUpdateTask.run(BaseModelUpdateTask.java:80)
11-11 00:00:30.036 D/ModelWriter( 2527): at com.android.launcher3.util.LooperExecutor.execute(LooperExecutor.java:45)
11-11 00:00:30.036 D/ModelWriter( 2527): at com.android.launcher3.LauncherModel.enqueueModelUpdateTask(LauncherModel.java:555)
11-11 00:00:30.036 D/ModelWriter( 2527): at com.android.launcher3.LauncherModel.onPackageChanged(LauncherModel.java:156)
11-11 00:00:30.036 D/ModelWriter( 2527): at com.android.launcher3.LauncherModel.onAppIconChanged(LauncherModel.java:226)
11-11 00:00:30.036 D/ModelWriter( 2527): at com.android.launcher3.LauncherAppState$IconObserver.onAppIconChanged(LauncherAppState.java:206)
11-11 00:00:30.036 D/ModelWriter( 2527): at com.android.launcher3.icons.IconProvider$IconChangeReceiver.onReceive(IconProvider.java:371)
11-11 00:00:30.036 D/ModelWriter( 2527): at android.app.LoadedApk$ReceiverDispatcher$Args.lambda$getRunnable$0$LoadedApk$ReceiverDispatcher$Args(LoadedApk.java:1679)
11-11 00:00:30.036 D/ModelWriter( 2527): at android.app.LoadedApk$ReceiverDispatcher$Args$$ExternalSyntheticLambda0.run(Unknown Source:2)
11-11 00:00:30.036 D/ModelWriter( 2527): at android.os.Handler.handleCallback(Handler.java:938)
11-11 00:00:30.036 D/ModelWriter( 2527): at android.os.Handler.dispatchMessage(Handler.java:99)
11-11 00:00:30.036 D/ModelWriter( 2527): at android.os.Looper.loopOnce(Looper.java:201)
11-11 00:00:30.036 D/ModelWriter( 2527): at android.os.Looper.loop(Looper.java:288)
11-11 00:00:30.036 D/ModelWriter( 2527): at android.os.HandlerThread.run(HandlerThread.java:67)
11-11 00:00:30.047 D/BaseModelUpdateTask( 2527): BaseModelUpdateTask constructor
11-11 00:00:30.047 D/BaseModelUpdateTask( 2527): java.lang.Exception
11-11 00:00:30.047 D/BaseModelUpdateTask( 2527): at com.android.launcher3.model.BaseModelUpdateTask.(BaseModelUpdateTask.java:57)
11-11 00:00:30.047 D/BaseModelUpdateTask( 2527): at com.android.launcher3.model.AddWorkspaceItemsTask.(AddWorkspaceItemsTask.java:58)
11-11 00:00:30.047 D/BaseModelUpdateTask( 2527): at com.android.launcher3.LauncherModel.addAndBindAddedWorkspaceItems(LauncherModel.java:145)
11-11 00:00:30.047 D/BaseModelUpdateTask( 2527): at com.android.launcher3.model.PackageUpdatedTask.updateToWorkSpace(PackageUpdatedTask.java:406)
11-11 00:00:30.047 D/BaseModelUpdateTask( 2527): at com.android.launcher3.model.PackageUpdatedTask.execute(PackageUpdatedTask.java:370)
11-11 00:00:30.047 D/BaseModelUpdateTask( 2527): at com.android.launcher3.model.BaseModelUpdateTask.run(BaseModelUpdateTask.java:80)
11-11 00:00:30.047 D/BaseModelUpdateTask( 2527): at com.android.launcher3.util.LooperExecutor.execute(LooperExecutor.java:45)
11-11 00:00:30.047 D/BaseModelUpdateTask( 2527): at com.android.launcher3.LauncherModel.enqueueModelUpdateTask(LauncherModel.java:555)
11-11 00:00:30.047 D/BaseModelUpdateTask( 2527): at com.android.launcher3.LauncherModel.onPackageChanged(LauncherModel.java:156)
11-11 00:00:30.047 D/BaseModelUpdateTask( 2527): at com.android.launcher3.LauncherModel.onAppIconChanged(LauncherModel.java:226)
11-11 00:00:30.047 D/BaseModelUpdateTask( 2527): at com.android.launcher3.LauncherAppState$IconObserver.onAppIconChanged(LauncherAppState.java:206)
11-11 00:00:30.047 D/BaseModelUpdateTask( 2527): at com.android.launcher3.icons.IconProvider$IconChangeReceiver.onReceive(IconProvider.java:371)
11-11 00:00:30.047 D/BaseModelUpdateTask( 2527): at android.app.LoadedApk$ReceiverDispatcher$Args.lambda$getRunnable$0$LoadedApk$ReceiverDispatcher$Args(LoadedApk.java:1679)
11-11 00:00:30.047 D/BaseModelUpdateTask( 2527): at android.app.LoadedApk$ReceiverDispatcher$Args$$ExternalSyntheticLambda0.run(Unknown Source:2)
11-11 00:00:30.047 D/BaseModelUpdateTask( 2527): at android.os.Handler.handleCallback(Handler.java:938)
11-11 00:00:30.047 D/BaseModelUpdateTask( 2527): at android.os.Handler.dispatchMessage(Handler.java:99)
11-11 00:00:30.047 D/BaseModelUpdateTask( 2527): at android.os.Looper.loopOnce(Looper.java:201)
11-11 00:00:30.047 D/BaseModelUpdateTask( 2527): at android.os.Looper.loop(Looper.java:288)
11-11 00:00:30.047 D/BaseModelUpdateTask( 2527): at android.os.HandlerThread.run(HandlerThread.java:67)
11-11 00:00:30.130 W/kcp_info( 5265): HCDN_LOG: [T:5570]Update: udp kcp size[0], timeout kcp size[0]
11-11 00:00:30.208 I/OpenGLRenderer( 3511): Davey! duration=9223371640189ms; Flags=0, FrameTimelineVsyncId=4181, IntendedVsync=396664956127, Vsync=396664956127, InputEventId=0, HandleInputStart=396665866043, AnimationStart=396665869741, PerformTraversalsStart=396665872866, DrawStart=396666832501, FrameDeadline=396698289459, FrameInterval=396665854897, FrameStartTime=16666666, SyncQueued=396667387866, SyncStart=396667546199, IssueDrawCommandsStart=396668517605, SwapBuffers=396675102814, FrameCompleted=9223372036854775807, DequeueBufferDuration=48542, QueueBufferDuration=1275625, GpuCompleted=9223372036854775807, SwapBuffersCompleted=396677037241, DisplayPresentTime=0,
11-11 00:00:30.311 I/mpu_uart( 644): [MSG-P:RECV]:No message received in 1000 ms
11-11 00:00:30.373 I/OpenGLRenderer( 3511): Davey! duration=9223371640022ms; Flags=0, FrameTimelineVsyncId=4184, IntendedVsync=396832031916, Vsync=396832031916, InputEventId=0, HandleInputStart=396832581720, AnimationStart=396832585366, PerformTraversalsStart=396832588126, DrawStart=396833661043, FrameDeadline=396865365248, FrameInterval=396832570626, FrameStartTime=16666666, SyncQueued=396834318335, SyncStart=396834466147, IssueDrawCommandsStart=396835305574, SwapBuffers=396841847137, FrameCompleted=9223372036854775807, DequeueBufferDuration=42344, QueueBufferDuration=1415833, GpuCompleted=9223372036854775807, SwapBuffersCompleted=396843989897, DisplayPresentTime=0,
11-11 00:00:30.374 D/audio_hw_primary( 796): copl(0xf280c970):out of compress_wait
11-11 00:00:30.378 D/audio_hw_primary( 796): No space available in compress driver, post msg to cb thread
11-11 00:00:30.378 D/audio_hw_primary( 796): copl(0xf280c970):calling compress_wait
11-11 00:00:30.471 I/auditd ( 2764): type=1400 audit(0.0:10125766): avc: denied { read } for comm="event_loop" lport=13400 scontext=u:r:hht_ota_mgr:s0 tcontext=u:r:hht_ota_mgr:s0 tclass=udp_socket permissive=0
11-11 00:00:30.471 W/event_loop( 2764): type=1400 audit(0.0:10125766): avc: denied { read } for lport=13400 scontext=u:r:hht_ota_mgr:s0 tcontext=u:r:hht_ota_mgr:s0 tclass=udp_socket permissive=0
11-11 00:00:30.471 I/auditd ( 2764): type=1400 audit(0.0:10125767): avc: denied { read } for comm="event_loop" lport=13400 scontext=u:r:hht_ota_mgr:s0 tcontext=u:r:hht_ota_mgr:s0 tclass=udp_socket permissive=0
11-11 00:00:30.471 W/event_loop( 2764): type=1400 audit(0.0:10125767): avc: denied { read } for lport=13400 scontext=u:r:hht_ota_mgr:s0 tcontext=u:r:hht_ota_mgr:s0 tclass=udp_socket permissive=0
11-11 00:00:30.471 I/auditd ( 2764): type=1400 audit(0.0:10125768): avc: denied { read } for comm="event_loop" lport=13400 scontext=u:r:hht_ota_mgr:s0 tcontext=u:r:hht_ota_mgr:s0 tclass=udp_socket permissive=0
11-11 00:00:30.471 W/event_loop( 2764): type=1400 audit(0.0:10125768): avc: denied { read } for lport=13400 scontext=u:r:hht_ota_mgr:s0 tcontext=u:r:hht_ota_mgr:s0 tclass=udp_socket permissive=0
11-11 00:00:30.471 I/auditd ( 2764): type=1400 audit(0.0:10125769): avc: denied { read } for comm="event_loop" lport=13400 scontext=u:r:hht_ota_mgr:s0 tcontext=u:r:hht_ota_mgr:s0 tclass=udp_socket permissive=0
11-11 00:00:30.471 W/event_loop( 2764): type=1400 audit(0.0:10125769): avc: denied { read } for lport=13400 scontext=u:r:hht_ota_mgr:s0 tcontext=u:r:hht_ota_mgr:s0 tclass=udp_socket permissive=0
11-11 00:00:30.471 I/auditd ( 2764): type=1400 audit(0.0:10125770): avc: denied { read } for comm="event_loop" lport=13400 scontext=u:r:hht_ota_mgr:s0 tcontext=u:r:hht_ota_mgr:s0 tclass=udp_socket permissive=0
11-11 00:00:30.471 W/event_loop( 2764): type=1400 audit(0.0:10125770): avc: denied { read } for lport=13400 scontext=u:r:hht_ota_mgr:s0 tcontext=u:r:hht_ota_mgr:s0 tclass=udp_socket permissive=0
11-11 00:10:51.673 W/audit ( 0): audit_lost=10126067 audit_rate_limit=5 audit_backlog_limit=64
11-11 00:10:51.673 E/audit ( 0): rate limit exceeded
11-11 00:00:30.820 E/tlogd ( 1284): [TzLogger](isPathReadable) file /sys/kernel/debug/tzdbg/qsee_log isn't exist or no permission, err: No such file or directory
11-11 00:00:30.820 E/tlogd ( 1284): [TzLogger](saveTzlogAsync) /sys/kernel/debug/tzdbg/qsee_log can not read.
11-11 00:00:30.820 E/tlogd ( 1284): [TzLogger](isPathReadable) file /sys/kernel/debug/tzdbg/log isn't exist or no permission, err: No such file or directory
11-11 00:00:30.821 E/tlogd ( 1284): [TzLogger](saveTzlogAsync) /sys/kernel/debug/tzdbg/log can not read.
