11-11 00:00:36.496 I/auditd ( 2764): type=1400 audit(0.0:11755945): avc: denied { read } for comm="event_loop" lport=13400 scontext=u:r:hht_ota_mgr:s0 tcontext=u:r:hht_ota_mgr:s0 tclass=udp_socket permissive=0
11-11 00:00:36.496 W/event_loop( 2764): type=1400 audit(0.0:11755945): avc: denied { read } for lport=13400 scontext=u:r:hht_ota_mgr:s0 tcontext=u:r:hht_ota_mgr:s0 tclass=udp_socket permissive=0
11-11 00:00:36.496 I/auditd ( 2764): type=1400 audit(0.0:11755946): avc: denied { read } for comm="event_loop" lport=13400 scontext=u:r:hht_ota_mgr:s0 tcontext=u:r:hht_ota_mgr:s0 tclass=udp_socket permissive=0
11-11 00:00:36.496 W/event_loop( 2764): type=1400 audit(0.0:11755946): avc: denied { read } for lport=13400 scontext=u:r:hht_ota_mgr:s0 tcontext=u:r:hht_ota_mgr:s0 tclass=udp_socket permissive=0
11-11 00:00:36.496 I/auditd ( 2764): type=1400 audit(0.0:11755947): avc: denied { read } for comm="event_loop" lport=13400 scontext=u:r:hht_ota_mgr:s0 tcontext=u:r:hht_ota_mgr:s0 tclass=udp_socket permissive=0
11-11 00:00:36.496 W/event_loop( 2764): type=1400 audit(0.0:11755947): avc: denied { read } for lport=13400 scontext=u:r:hht_ota_mgr:s0 tcontext=u:r:hht_ota_mgr:s0 tclass=udp_socket permissive=0
11-11 00:10:57.697 W/audit ( 0): audit_lost=11756209 audit_rate_limit=5 audit_backlog_limit=64
11-11 00:10:57.697 E/audit ( 0): rate limit exceeded
11-11 00:00:36.514 D/audio_hw_primary( 796): copl(0xf280c970):out of compress_wait
11-11 00:00:36.519 D/audio_hw_primary( 796): No space available in compress driver, post msg to cb thread
11-11 00:00:36.519 D/audio_hw_primary( 796): copl(0xf280c970):calling compress_wait
11-11 00:00:36.572 I/OpenGLRenderer( 3511): Davey! duration=9223371633824ms; Flags=0, FrameTimelineVsyncId=4286, IntendedVsync=403030255210, Vsync=403030255210, InputEventId=0, HandleInputStart=403031133436, AnimationStart=403031137343, PerformTraversalsStart=403031139999, DrawStart=403032065416, FrameDeadline=403063588542, FrameInterval=403031122863, FrameStartTime=16666666, SyncQueued=403032733228, SyncStart=403033063072, IssueDrawCommandsStart=403033918020, SwapBuffers=403040322811, FrameCompleted=9223372036854775807, DequeueBufferDuration=45520, QueueBufferDuration=1210885, GpuCompleted=9223372036854775807, SwapBuffersCompleted=403042295676, DisplayPresentTime=0,
11-11 00:00:36.938 W/multisource( 5265): HCDN_LOG: [T:5575]UpdateMaxSpeed TOTAL => play speed:0[len:0, tm:0], offline speed:0[len:0, tm:0], predeploy speed:0[len:0, tm:0], m_maxDownloadSpeed:0
11-11 00:00:37.042 D/MicroSettings: SetTimeAction( 2156): current timestamp: 1668096037042
11-11 00:00:37.042 D/MicroSettings: SetTimeAction( 2156): setTime: 14000
11-11 00:00:37.043 D/AlarmManagerService( 1526): Setting time of day to sec=14
11-11 00:00:37.044 W/AlarmManagerService( 1526): Unable to set rtc to 14: Invalid argument
11-11 00:00:37.207 I/OpenGLRenderer( 3511): Davey! duration=9223371633189ms; Flags=0, FrameTimelineVsyncId=4295, IntendedVsync=403665108257, Vsync=403665108257, InputEventId=0, HandleInputStart=403666071197, AnimationStart=403666075207, PerformTraversalsStart=403666077863, DrawStart=403666982394, FrameDeadline=403698441589, FrameInterval=403666059322, FrameStartTime=16666666, SyncQueued=403667654999, SyncStart=403667811353, IssueDrawCommandsStart=403668747967, SwapBuffers=403675207915, FrameCompleted=9223372036854775807, DequeueBufferDuration=45209, QueueBufferDuration=1322708, GpuCompleted=9223372036854775807, SwapBuffersCompleted=403677237707, DisplayPresentTime=0,
11-11 00:00:37.313 I/mpu_uart( 644): [MSG-P:RECV]:No message received in 1000 ms
11-11 00:00:37.313 W/kcp_info( 5265): HCDN_LOG: [T:5570]Update: udp kcp size[0], timeout kcp size[0]
11-11 00:00:37.375 I/OpenGLRenderer( 3511): Davey! duration=9223371633022ms; Flags=0, FrameTimelineVsyncId=4298, IntendedVsync=403832199950, Vsync=403832199950, InputEventId=0, HandleInputStart=403833009634, AnimationStart=403833013332, PerformTraversalsStart=403833015988, DrawStart=403834091040, FrameDeadline=403865533282, FrameInterval=403833000155, FrameStartTime=16666666, SyncQueued=403834616405, SyncStart=403834968176, IssueDrawCommandsStart=403835796301, SwapBuffers=403842310467, FrameCompleted=9223372036854775807, DequeueBufferDuration=43958, QueueBufferDuration=1386928, GpuCompleted=9223372036854775807, SwapBuffersCompleted=403844398905, DisplayPresentTime=0,
11-11 00:00:37.495 I/auditd ( 2764): type=1400 audit(0.0:12027794): avc: denied { read } for comm="event_loop" lport=13400 scontext=u:r:hht_ota_mgr:s0 tcontext=u:r:hht_ota_mgr:s0 tclass=udp_socket permissive=0
11-11 00:00:37.495 W/event_loop( 2764): type=1400 audit(0.0:12027794): avc: denied { read } for lport=13400 scontext=u:r:hht_ota_mgr:s0 tcontext=u:r:hht_ota_mgr:s0 tclass=udp_socket permissive=0
11-11 00:00:37.499 I/auditd ( 2764): type=1400 audit(0.0:12027795): avc: denied { read } for comm="event_loop" lport=13400 scontext=u:r:hht_ota_mgr:s0 tcontext=u:r:hht_ota_mgr:s0 tclass=udp_socket permissive=0
11-11 00:00:37.499 W/event_loop( 2764): type=1400 audit(0.0:12027795): avc: denied { read } for lport=13400 scontext=u:r:hht_ota_mgr:s0 tcontext=u:r:hht_ota_mgr:s0 tclass=udp_socket permissive=0
11-11 00:00:37.499 I/auditd ( 2764): type=1400 audit(0.0:12027796): avc: denied { read } for comm="event_loop" lport=13400 scontext=u:r:hht_ota_mgr:s0 tcontext=u:r:hht_ota_mgr:s0 tclass=udp_socket permissive=0
11-11 00:00:37.499 W/event_loop( 2764): type=1400 audit(0.0:12027796): avc: denied { read } for lport=13400 scontext=u:r:hht_ota_mgr:s0 tcontext=u:r:hht_ota_mgr:s0 tclass=udp_socket permissive=0
11-11 00:00:37.499 I/auditd ( 2764): type=1400 audit(0.0:12027797): avc: denied { read } for comm="event_loop" lport=13400 scontext=u:r:hht_ota_mgr:s0 tcontext=u:r:hht_ota_mgr:s0 tclass=udp_socket permissive=0
11-11 00:00:37.499 W/event_loop( 2764): type=1400 audit(0.0:12027797): avc: denied { read } for lport=13400 scontext=u:r:hht_ota_mgr:s0 tcontext=u:r:hht_ota_mgr:s0 tclass=udp_socket permissive=0
11-11 00:00:37.499 I/auditd ( 2764): type=1400 audit(0.0:12027798): avc: denied { read } for comm="event_loop" lport=13400 scontext=u:r:hht_ota_mgr:s0 tcontext=u:r:hht_ota_mgr:s0 tclass=udp_socket permissive=0
11-11 00:00:37.499 W/event_loop( 2764): type=1400 audit(0.0:12027798): avc: denied { read } for lport=13400 scontext=u:r:hht_ota_mgr:s0 tcontext=u:r:hht_ota_mgr:s0 tclass=udp_socket permissive=0
11-11 00:10:58.701 W/audit ( 0): audit_lost=12028065 audit_rate_limit=5 audit_backlog_limit=64
11-11 00:10:58.701 E/audit ( 0): rate limit exceeded
11-11 00:00:38.047 W/ContextImpl( 2156): Calling a method in the system process without a qualified user: android.app.ContextImpl.sendBroadcast:1173 android.content.ContextWrapper.sendBroadcast:479 com.thundercomm.microsettings.action.SetTimeAction.timeUpdated:212 com.thundercomm.microsettings.action.SetTimeAction.update24HourFormat:194 com.thundercomm.microsettings.action.SetTimeAction.doActualAction:154
11-11 00:00:38.051 D/MicroSettings: ITCMicroCommonCallback( 2156): get request method = syncTime parameters = {"IDCM_Time_12_24":"24","IDCM_Timestamp":14000,"IDCM_Timezone":"GMT+08:00"}
11-11 00:00:38.052 D/AlarmManagerService( 1526): Kernel timezone updated to -480 minutes west of GMT
11-11 00:00:38.052 D/MicroSettings: SetTimeAction( 2156): setTimezone: Asia/Shanghai
11-11 00:00:38.053 D/AlarmManagerService( 1526): Kernel timezone updated to -480 minutes west of GMT
11-11 00:00:38.055 D/DevicePolicyManager( 1526): updateSystemUpdateFreezePeriodsRecord
11-11 00:00:38.056 D/ConditionProviders.SCP( 1526): onReceive android.intent.action.TIME_SET
11-11 00:00:38.057 D/ConditionProviders.SCP( 1526): evaluateSubscriptionLocked cal=ScheduleCalendar[mDays={1, 2, 3, 4, 5, 6, 7}, mSchedule=ScheduleInfo{days=[1, 2, 3, 4, 5, 6, 7], startHour=22, startMinute=0, endHour=7, endMinute=0, exitAtAlarm=true, nextAlarm=Thu Jan 01 08:00:00 GMT+08:00 1970 (0)}], now=Fri Nov 11 00:00:38 GMT+08:00 2022 (1668096038056), nextUserAlarmTime=Thu Jan 01 08:00:00 GMT+08:00 1970 (0)
11-11 00:00:38.057 D/IconProvider( 2527): onReceive: android.intent.action.TIME_SET
11-11 00:00:38.057 D/ConditionProviders.SCP( 1526): notifyCondition condition://android/schedule?days=1.2.3.4.5.6.7&start=22.0&end=7.0&exitAtAlarm=true STATE_TRUE reason=meetsSchedule
11-11 00:00:38.057 D/IconProvider( 2527): onReceive: android.intent.action.TIME_SET
11-11 00:00:38.058 D/ConditionProviders.SCP( 1526): Scheduling evaluate for Fri Nov 11 07:00:00 GMT+08:00 2022 (1668121200000), in +6h59m21s944ms, now=Fri Nov 11 00:00:38 GMT+08:00 2022 (1668096038056)
11-11 00:00:38.058 D/BaseModelUpdateTask( 2527): BaseModelUpdateTask constructor
11-11 00:00:38.058 D/BaseModelUpdateTask( 2527): java.lang.Exception
11-11 00:00:38.058 D/BaseModelUpdateTask( 2527): at com.android.launcher3.model.BaseModelUpdateTask.(BaseModelUpdateTask.java:57)
11-11 00:00:38.058 D/BaseModelUpdateTask( 2527): at com.android.launcher3.model.PackageUpdatedTask.(PackageUpdatedTask.java:88)
11-11 00:00:38.058 D/BaseModelUpdateTask( 2527): at com.android.launcher3.LauncherModel.onPackageChanged(LauncherModel.java:156)
11-11 00:00:38.058 D/BaseModelUpdateTask( 2527): at com.android.launcher3.LauncherModel.onAppIconChanged(LauncherModel.java:226)
11-11 00:00:38.058 D/BaseModelUpdateTask( 2527): at com.android.launcher3.LauncherAppState$IconObserver.onAppIconChanged(LauncherAppState.java:206)
11-11 00:00:38.058 D/BaseModelUpdateTask( 2527): at com.android.launcher3.icons.IconProvider$IconChangeReceiver.onReceive(IconProvider.java:371)
11-11 00:00:38.058 D/BaseModelUpdateTask( 2527): at android.app.LoadedApk$ReceiverDispatcher$Args.lambda$getRunnable$0$LoadedApk$ReceiverDispatcher$Args(LoadedApk.java:1679)
11-11 00:00:38.058 D/BaseModelUpdateTask( 2527): at android.app.LoadedApk$ReceiverDispatcher$Args$$ExternalSyntheticLambda0.run(Unknown Source:2)
11-11 00:00:38.058 D/BaseModelUpdateTask( 2527): at android.os.Handler.handleCallback(Handler.java:938)
11-11 00:00:38.058 D/BaseModelUpdateTask( 2527): at android.os.Handler.dispatchMessage(Handler.java:99)
11-11 00:00:38.058 D/BaseModelUpdateTask( 2527): at android.os.Looper.loopOnce(Looper.java:201)
11-11 00:00:38.058 D/BaseModelUpdateTask( 2527): at android.os.Looper.loop(Looper.java:288)
11-11 00:00:38.058 D/BaseModelUpdateTask( 2527): at android.os.HandlerThread.run(HandlerThread.java:67)
11-11 00:00:38.059 D/OsAgent ( 2639): [time_change_update][3164] [HC] =>> [HS]
11-11 00:00:38.059 D/PackageUpdatedTask( 2527): PackageUpdatedTask constructor: op=2,user=UserHandle{0},packages=[com.android.calendar]
11-11 00:00:38.059 D/PackageUpdatedTask( 2527): java.lang.Exception
11-11 00:00:38.059 D/PackageUpdatedTask( 2527): at com.android.launcher3.model.PackageUpdatedTask.(PackageUpdatedTask.java:93)
11-11 00:00:38.059 D/PackageUpdatedTask( 2527): at com.android.launcher3.LauncherModel.onPackageChanged(LauncherModel.java:156)
11-11 00:00:38.059 D/PackageUpdatedTask( 2527): at com.android.launcher3.LauncherModel.onAppIconChanged(LauncherModel.java:226)
11-11 00:00:38.059 D/PackageUpdatedTask( 2527): at com.android.launcher3.LauncherAppState$IconObserver.onAppIconChanged(LauncherAppState.java:206)
11-11 00:00:38.059 D/PackageUpdatedTask( 2527): at com.android.launcher3.icons.IconProvider$IconChangeReceiver.onReceive(IconProvider.java:371)
11-11 00:00:38.059 D/PackageUpdatedTask( 2527): at android.app.LoadedApk$ReceiverDispatcher$Args.lambda$getRunnable$0$LoadedApk$ReceiverDispatcher$Args(LoadedApk.java:1679)
11-11 00:00:38.059 D/PackageUpdatedTask( 2527): at android.app.LoadedApk$ReceiverDispatcher$Args$$ExternalSyntheticLambda0.run(Unknown Source:2)
11-11 00:00:38.059 D/PackageUpdatedTask( 2527): at android.os.Handler.handleCallback(Handler.java:938)
11-11 00:00:38.059 D/PackageUpdatedTask( 2527): at android.os.Handler.dispatchMessage(Handler.java:99)
11-11 00:00:38.059 D/PackageUpdatedTask( 2527): at android.os.Looper.loopOnce(Looper.java:201)
11-11 00:00:38.059 D/PackageUpdatedTask( 2527): at android.os.Looper.loop(Looper.java:288)
11-11 00:00:38.059 D/PackageUpdatedTask( 2527): at android.os.HandlerThread.run(HandlerThread.java:67)
11-11 00:00:38.059 D/CompatibilityInfo( 1526): mCompatibilityFlags - 4
11-11 00:00:38.059 D/CompatibilityInfo( 1526): applicationDensity - 240
11-11 00:00:38.059 D/CompatibilityInfo( 1526): applicationScale - 1.0
11-11 00:00:38.059 V/LocSvc_HIDL_IzatSubscription( 809): [timeChangeUpdate][645] [HS] <<<<= [HC]
11-11 00:00:38.060 D/KeyguardUpdateMonitor( 2000): received broadcast android.intent.action.TIME_SET
11-11 00:00:38.060 D/KeyguardUpdateMonitor( 2000): handleTimeUpdate
11-11 00:00:38.060 D/TimeService( 5248): Receivedandroid.intent.action.TIME_SET intent. Current Time is 1668096038060
11-11 00:00:38.061 D/Launcher.IconCache( 2527): Package not found
11-11 00:00:38.061 D/Launcher.IconCache( 2527): android.content.pm.PackageManager$NameNotFoundException: com.android.calendar
11-11 00:00:38.061 D/Launcher.IconCache( 2527): at android.app.ApplicationPackageManager.getPackageInfoAsUser(ApplicationPackageManager.java:241)
11-11 00:00:38.061 D/Launcher.IconCache( 2527): at android.app.ApplicationPackageManager.getPackageInfo(ApplicationPackageManager.java:213)
11-11 00:00:38.061 D/Launcher.IconCache( 2527): at com.android.launcher3.icons.IconCache.updateIconsForPkg(IconCache.java:122)
11-11 00:00:38.061 D/Launcher.IconCache( 2527): at com.android.launcher3.model.PackageUpdatedTask.execute(PackageUpdatedTask.java:130)
11-11 00:00:38.061 D/Launcher.IconCache( 2527): at com.android.launcher3.model.BaseModelUpdateTask.run(BaseModelUpdateTask.java:80)
11-11 00:00:38.061 D/Launcher.IconCache( 2527): at com.android.launcher3.util.LooperExecutor.execute(LooperExecutor.java:45)
11-11 00:00:38.061 D/Launcher.IconCache( 2527): at com.android.launcher3.LauncherModel.enqueueModelUpdateTask(LauncherModel.java:555)
11-11 00:00:38.061 D/Launcher.IconCache( 2527): at com.android.launcher3.LauncherModel.onPackageChanged(LauncherModel.java:156)
11-11 00:00:38.061 D/Launcher.IconCache( 2527): at com.android.launcher3.LauncherModel.onAppIconChanged(LauncherModel.java:226)
11-11 00:00:38.061 D/Launcher.IconCache( 2527): at com.android.launcher3.LauncherAppState$IconObserver.onAppIconChanged(LauncherAppState.java:206)
11-11 00:00:38.061 D/Launcher.IconCache( 2527): at com.android.launcher3.icons.IconProvider$IconChangeReceiver.onReceive(IconProvider.java:371)
11-11 00:00:38.061 D/Launcher.IconCache( 2527): at android.app.LoadedApk$ReceiverDispatcher$Args.lambda$getRunnable$0$LoadedApk$ReceiverDispatcher$Args(LoadedApk.java:1679)
11-11 00:00:38.061 D/Launcher.IconCache( 2527): at android.app.LoadedApk$ReceiverDispatcher$Args$$ExternalSyntheticLambda0.run(Unknown Source:2)
11-11 00:00:38.061 D/Launcher.IconCache( 2527): at android.os.Handler.handleCallback(Handler.java:938)
11-11 00:00:38.061 D/Launcher.IconCache( 2527): at android.os.Handler.dispatchMessage(Handler.java:99)
11-11 00:00:38.061 D/Launcher.IconCache( 2527): at android.os.Looper.loopOnce(Looper.java:201)
11-11 00:00:38.061 D/Launcher.IconCache( 2527): at android.os.Looper.loop(Looper.java:288)
11-11 00:00:38.061 D/Launcher.IconCache( 2527): at android.os.HandlerThread.run(HandlerThread.java:67)
11-11 00:00:38.062 D/QC-time-services( 642): Daemon: Connection accepted:time_genoff
11-11 00:00:38.062 D/QC-time-services( 642): Daemon:Received base = 2, unit = 1, operation = 0,value = 1668096038061
11-11 00:00:38.062 D/QC-time-services( 642): Daemon:genoff_opr: Base = 2, val = 1668096038061, operation = 0
11-11 00:00:38.062 D/QC-time-services( 642): Daemon:Value read from QTimer mseconds = 406770
11-11 00:00:38.062 D/QC-time-services( 642): Daemon:Value read from RTC mseconds on boot = 7137000
11-11 00:00:38.062 D/QC-time-services( 642): Daemon:Delta read on boot mseconds = 7128979
11-11 00:00:38.062 D/QC-time-services( 642): Daemon:new time 1668096038061
11-11 00:00:38.062 D/QC-time-services( 642): Daemon: delta 1668088502312 genoff 1668088502312
11-11 00:00:38.062 D/QC-time-services( 642): Daemon:genoff_persistent_update: Writing genoff = 1668088502312 to memory
11-11 00:00:38.062 D/QC-time-services( 642): Daemon:Opening File: /mnt/vendor/persist/time/ats_2 /data/vendor/time/ats_2
11-11 00:00:38.062 D/QC-time-services( 642): Daemon:time_persistent_memory_opr:Genoff write operation
11-11 00:00:38.062 D/BaseModelUpdateTask( 2527): BaseModelUpdateTask constructor
11-11 00:00:38.062 D/BaseModelUpdateTask( 2527): java.lang.Exception
11-11 00:00:38.062 D/BaseModelUpdateTask( 2527): at com.android.launcher3.model.BaseModelUpdateTask.(BaseModelUpdateTask.java:57)
11-11 00:00:38.062 D/BaseModelUpdateTask( 2527): at com.android.launcher3.LauncherModel$6.(LauncherModel.java:605)
11-11 00:00:38.062 D/BaseModelUpdateTask( 2527): at com.android.launcher3.LauncherModel.refreshAndBindWidgetsAndShortcuts(LauncherModel.java:605)
11-11 00:00:38.062 D/BaseModelUpdateTask( 2527): at com.android.launcher3.Launcher.refreshAndBindWidgetsForPackageUser(Launcher.java:2878)
11-11 00:00:38.062 D/BaseModelUpdateTask( 2527): at com.android.launcher3.model.PackageUpdatedTask.execute(PackageUpdatedTask.java:139)
11-11 00:00:38.062 D/BaseModelUpdateTask( 2527): at com.android.launcher3.model.BaseModelUpdateTask.run(BaseModelUpdateTask.java:80)
11-11 00:00:38.062 D/BaseModelUpdateTask( 2527): at com.android.launcher3.util.LooperExecutor.execute(LooperExecutor.java:45)
11-11 00:00:38.062 D/BaseModelUpdateTask( 2527): at com.android.launcher3.LauncherModel.enqueueModelUpdateTask(LauncherModel.java:555)
11-11 00:00:38.062 D/BaseModelUpdateTask( 2527): at com.android.launcher3.LauncherModel.onPackageChanged(LauncherModel.java:156)
11-11 00:00:38.062 D/BaseModelUpdateTask( 2527): at com.android.launcher3.LauncherModel.onAppIconChanged(LauncherModel.java:226)
11-11 00:00:38.062 D/BaseModelUpdateTask( 2527): at com.android.launcher3.LauncherAppState$IconObserver.onAppIconChanged(LauncherAppState.java:206)
11-11 00:00:38.062 D/BaseModelUpdateTask( 2527): at com.android.launcher3.icons.IconProvider$IconChangeReceiver.onReceive(IconProvider.java:371)
11-11 00:00:38.062 D/BaseModelUpdateTask( 2527): at android.app.LoadedApk$ReceiverDispatcher$Args.lambda$getRunnable$0$LoadedApk$ReceiverDispatcher$Args(LoadedApk.java:1679)
11-11 00:00:38.062 D/BaseModelUpdateTask( 2527): at android.app.LoadedApk$ReceiverDispatcher$Args$$ExternalSyntheticLambda0.run(Unknown Source:2)
11-11 00:00:38.062 D/BaseModelUpdateTask( 2527): at android.os.Handler.handleCallback(Handler.java:938)
11-11 00:00:38.062 D/BaseModelUpdateTask( 2527): at android.os.Handler.dispatchMessage(Handler.java:99)
11-11 00:00:38.062 D/BaseModelUpdateTask( 2527): at android.os.Looper.loopOnce(Looper.java:201)
11-11 00:00:38.062 D/BaseModelUpdateTask( 2527): at android.os.Looper.loop(Looper.java:288)
11-11 00:00:38.062 D/BaseModelUpdateTask( 2527): at android.os.HandlerThread.run(HandlerThread.java:67)
11-11 00:00:38.070 D/QC-time-services( 642): Updating the TOD offset
11-11 00:00:38.071 D/QC-time-services( 642): Daemon:genoff_persistent_update: Writing genoff = 1668088502312 to memory
11-11 00:00:38.071 D/QC-time-services( 642): Daemon:Opening File: /mnt/vendor/persist/time/ats_1 /data/vendor/time/ats_1
11-11 00:00:38.071 D/QC-time-services( 642): Daemon:time_persistent_memory_opr:Genoff write operation
11-11 00:00:38.073 D/QC-time-services( 642): Daemon:genoff_set: Updating the WLAN offset
11-11 00:00:38.073 D/QC-time-services( 642): Daemon:genoff_persistent_update: Writing genoff = 1668088502312 to memory
11-11 00:00:38.073 D/QC-time-services( 642): Daemon:Opening File: /mnt/vendor/persist/time/ats_16 /data/vendor/time/ats_16
11-11 00:00:38.073 D/QC-time-services( 642): Daemon:time_persistent_memory_opr:Genoff write operation
11-11 00:00:38.075 D/TimeService( 5248): Set time successfully!
11-11 00:00:38.077 E/QC-time-services( 642): Daemon: Time-services: Waiting to acceptconnection
11-11 00:00:38.078 D/CompatibilityInfo( 1526): mCompatibilityFlags - 4
11-11 00:00:38.078 D/CompatibilityInfo( 1526): applicationDensity - 240
11-11 00:00:38.078 D/CompatibilityInfo( 1526): applicationScale - 1.0
11-11 00:00:38.083 I/WidgetsModel( 2527): found whitelist widget: com.android.settings, label: 璁剧疆蹇嵎鏂瑰紡, sectionName:S
11-11 00:00:38.084 I/WidgetsModel( 2527): found whitelist widget: com.android.gallery3d, label: 鐓х墖, sectionName:T
11-11 00:00:38.084 I/WidgetsModel( 2527): found whitelist widget: com.android.systemui, label: 瀵硅瘽, sectionName:D
11-11 00:00:38.085 I/WidgetsModel( 2527): found whitelist widget: com.android.music, label: 闊充箰, sectionName:Y
11-11 00:00:38.086 D/ModelWriter( 2527): removing items from db
11-11 00:00:38.086 D/ModelWriter( 2527): java.lang.Exception
11-11 00:00:38.086 D/ModelWriter( 2527): at com.android.launcher3.model.ModelWriter.deleteItemsFromDatabase(ModelWriter.java:280)
11-11 00:00:38.086 D/ModelWriter( 2527): at com.android.launcher3.model.ModelWriter.deleteItemsFromDatabase(ModelWriter.java:268)
11-11 00:00:38.086 D/ModelWriter( 2527): at com.android.launcher3.model.BaseModelUpdateTask.deleteAndBindComponentsRemoved(BaseModelUpdateTask.java:140)
11-11 00:00:38.086 D/ModelWriter( 2527): at com.android.launcher3.model.PackageUpdatedTask.execute(PackageUpdatedTask.java:353)
11-11 00:00:38.086 D/ModelWriter( 2527): at com.android.launcher3.model.BaseModelUpdateTask.run(BaseModelUpdateTask.java:80)
11-11 00:00:38.086 D/ModelWriter( 2527): at com.android.launcher3.util.LooperExecutor.execute(LooperExecutor.java:45)
11-11 00:00:38.086 D/ModelWriter( 2527): at com.android.launcher3.LauncherModel.enqueueModelUpdateTask(LauncherModel.java:555)
11-11 00:00:38.086 D/ModelWriter( 2527): at com.android.launcher3.LauncherModel.onPackageChanged(LauncherModel.java:156)
11-11 00:00:38.086 D/ModelWriter( 2527): at com.android.launcher3.LauncherModel.onAppIconChanged(LauncherModel.java:226)
11-11 00:00:38.086 D/ModelWriter( 2527): at com.android.launcher3.LauncherAppState$IconObserver.onAppIconChanged(LauncherAppState.java:206)
11-11 00:00:38.086 D/ModelWriter( 2527): at com.android.launcher3.icons.IconProvider$IconChangeReceiver.onReceive(IconProvider.java:371)
11-11 00:00:38.086 D/ModelWriter( 2527): at android.app.LoadedApk$ReceiverDispatcher$Args.lambda$getRunnable$0$LoadedApk$ReceiverDispatcher$Args(LoadedApk.java:1679)
11-11 00:00:38.086 D/ModelWriter( 2527): at android.app.LoadedApk$ReceiverDispatcher$Args$$ExternalSyntheticLambda0.run(Unknown Source:2)
11-11 00:00:38.086 D/ModelWriter( 2527): at android.os.Handler.handleCallback(Handler.java:938)
11-11 00:00:38.086 D/ModelWriter( 2527): at android.os.Handler.dispatchMessage(Handler.java:99)
11-11 00:00:38.086 D/ModelWriter( 2527): at android.os.Looper.loopOnce(Looper.java:201)
11-11 00:00:38.086 D/ModelWriter( 2527): at android.os.Looper.loop(Looper.java:288)
11-11 00:00:38.086 D/ModelWriter( 2527): at android.os.HandlerThread.run(HandlerThread.java:67)
11-11 00:00:38.098 D/BaseModelUpdateTask( 2527): BaseModelUpdateTask constructor
11-11 00:00:38.098 D/BaseModelUpdateTask( 2527): java.lang.Exception
11-11 00:00:38.098 D/BaseModelUpdateTask( 2527): at com.android.launcher3.model.BaseModelUpdateTask.(BaseModelUpdateTask.java:57)
11-11 00:00:38.098 D/BaseModelUpdateTask( 2527): at com.android.launcher3.model.AddWorkspaceItemsTask.(AddWorkspaceItemsTask.java:58)
11-11 00:00:38.098 D/BaseModelUpdateTask( 2527): at com.android.launcher3.LauncherModel.addAndBindAddedWorkspaceItems(LauncherModel.java:145)
11-11 00:00:38.098 D/BaseModelUpdateTask( 2527): at com.android.launcher3.model.PackageUpdatedTask.updateToWorkSpace(PackageUpdatedTask.java:406)
11-11 00:00:38.098 D/BaseModelUpdateTask( 2527): at com.android.launcher3.model.PackageUpdatedTask.execute(PackageUpdatedTask.java:370)
11-11 00:00:38.098 D/BaseModelUpdateTask( 2527): at com.android.launcher3.model.BaseModelUpdateTask.run(BaseModelUpdateTask.java:80)
11-11 00:00:38.098 D/BaseModelUpdateTask( 2527): at com.android.launcher3.util.LooperExecutor.execute(LooperExecutor.java:45)
11-11 00:00:38.098 D/BaseModelUpdateTask( 2527): at com.android.launcher3.LauncherModel.enqueueModelUpdateTask(LauncherModel.java:555)
11-11 00:00:38.098 D/BaseModelUpdateTask( 2527): at com.android.launcher3.LauncherModel.onPackageChanged(LauncherModel.java:156)
11-11 00:00:38.098 D/BaseModelUpdateTask( 2527): at com.android.launcher3.LauncherModel.onAppIconChanged(LauncherModel.java:226)
11-11 00:00:38.098 D/BaseModelUpdateTask( 2527): at com.android.launcher3.LauncherAppState$IconObserver.onAppIconChanged(LauncherAppState.java:206)
11-11 00:00:38.098 D/BaseModelUpdateTask( 2527): at com.android.launcher3.icons.IconProvider$IconChangeReceiver.onReceive(IconProvider.java:371)
11-11 00:00:38.098 D/BaseModelUpdateTask( 2527): at android.app.LoadedApk$ReceiverDispatcher$Args.lambda$getRunnable$0$LoadedApk$ReceiverDispatcher$Args(LoadedApk.java:1679)
11-11 00:00:38.098 D/BaseModelUpdateTask( 2527): at android.app.LoadedApk$ReceiverDispatcher$Args$$ExternalSyntheticLambda0.run(Unknown Source:2)
11-11 00:00:38.098 D/BaseModelUpdateTask( 2527): at android.os.Handler.handleCallback(Handler.java:938)
11-11 00:00:38.098 D/BaseModelUpdateTask( 2527): at android.os.Handler.dispatchMessage(Handler.java:99)
11-11 00:00:38.098 D/BaseModelUpdateTask( 2527): at android.os.Looper.loopOnce(Looper.java:201)
11-11 00:00:38.098 D/BaseModelUpdateTask( 2527): at android.os.Looper.loop(Looper.java:288)
11-11 00:00:38.098 D/BaseModelUpdateTask( 2527): at android.os.HandlerThread.run(HandlerThread.java:67)
11-11 00:00:38.211 I/OpenGLRenderer( 3511): Davey! duration=9223371632187ms; Flags=0, FrameTimelineVsyncId=4313, IntendedVsync=404667550736, Vsync=404667550736, InputEventId=0, HandleInputStart=404668301404, AnimationStart=404668305207, PerformTraversalsStart=404668307811, DrawStart=404669228384, FrameDeadline=404700884068, FrameInterval=404668289217, FrameStartTime=16666666, SyncQueued=404669918904, SyncStart=404670093592, IssueDrawCommandsStart=404671004217, SwapBuffers=404677720154, FrameCompleted=9223372036854775807, DequeueBufferDuration=49635, QueueBufferDuration=1361250, GpuCompleted=9223372036854775807, SwapBuffersCompleted=404679730154, DisplayPresentTime=0,
11-11 00:00:38.313 I/mpu_uart( 644): [MSG-P:RECV]:No message received in 1000 ms
11-11 00:00:38.333 W/kcp_info( 5265): HCDN_LOG: [T:5570]Update: udp kcp size[0], timeout kcp size[0]
11-11 00:00:38.377 I/OpenGLRenderer( 3511): Davey! duration=9223371632020ms; Flags=0, FrameTimelineVsyncId=4316, IntendedVsync=404834607405, Vsync=404834607405, InputEventId=0, HandleInputStart=404835704790, AnimationStart=404835708175, PerformTraversalsStart=404835710884, DrawStart=404836865467, FrameDeadline=404867940737, FrameInterval=404835693957, FrameStartTime=16666666, SyncQueued=404837375519, SyncStart=404837527394, IssueDrawCommandsStart=404838355571, SwapBuffers=404844841717, FrameCompleted=9223372036854775807, DequeueBufferDuration=45104, QueueBufferDuration=1185989, GpuCompleted=9223372036854775807, SwapBuffersCompleted=404846796665, DisplayPresentTime=0,
11-11 00:00:38.503 I/auditd ( 2764): type=1400 audit(0.0:12299544): avc: denied { read } for comm="event_loop" lport=13400 scontext=u:r:hht_ota_mgr:s0 tcontext=u:r:hht_ota_mgr:s0 tclass=udp_socket permissive=0
11-11 00:00:38.503 W/event_loop( 2764): type=1400 audit(0.0:12299544): avc: denied { read } for lport=13400 scontext=u:r:hht_ota_mgr:s0 tcontext=u:r:hht_ota_mgr:s0 tclass=udp_socket permissive=0
11-11 00:00:38.503 I/auditd ( 2764): type=1400 audit(0.0:12299545): avc: denied { read } for comm="event_loop" lport=13400 scontext=u:r:hht_ota_mgr:s0 tcontext=u:r:hht_ota_mgr:s0 tclass=udp_socket permissive=0
11-11 00:00:38.503 W/event_loop( 2764): type=1400 audit(0.0:12299545): avc: denied { read } for lport=13400 scontext=u:r:hht_ota_mgr:s0 tcontext=u:r:hht_ota_mgr:s0 tclass=udp_socket permissive=0
11-11 00:00:38.503 I/auditd ( 2764): type=1400 audit(0.0:12299546): avc: denied { read } for comm="event_loop" lport=13400 scontext=u:r:hht_ota_mgr:s0 tcontext=u:r:hht_ota_mgr:s0 tclass=udp_socket permissive=0
11-11 00:00:38.503 W/event_loop( 2764): type=1400 audit(0.0:12299546): avc: denied { read } for lport=13400 scontext=u:r:hht_ota_mgr:s0 tcontext=u:r:hht_ota_mgr:s0 tclass=udp_socket permissive=0
11-11 00:00:38.503 I/auditd ( 2764): type=1400 audit(0.0:12299547): avc: denied { read } for comm="event_loop" lport=13400 scontext=u:r:hht_ota_mgr:s0 tcontext=u:r:hht_ota_mgr:s0 tclass=udp_socket permissive=0
11-11 00:00:38.503 W/event_loop( 2764): type=1400 audit(0.0:12299547): avc: denied { read } for lport=13400 scontext=u:r:hht_ota_mgr:s0 tcontext=u:r:hht_ota_mgr:s0 tclass=udp_socket permissive=0
11-11 00:00:38.503 I/auditd ( 2764): type=1400 audit(0.0:12299548): avc: denied { read } for comm="event_loop" lport=13400 scontext=u:r:hht_ota_mgr:s0 tcontext=u:r:hht_ota_mgr:s0 tclass=udp_socket permissive=0
11-11 00:00:38.503 W/event_loop( 2764): type=1400 audit(0.0:12299548): avc: denied { read } for lport=13400 scontext=u:r:hht_ota_mgr:s0 tcontext=u:r:hht_ota_mgr:s0 tclass=udp_socket permissive=0
11-11 00:10:59.705 W/audit ( 0): audit_lost=12299801 audit_rate_limit=5 audit_backlog_limit=64
11-11 00:10:59.705 E/audit ( 0): rate limit exceeded
11-11 00:00:38.554 D/audio_hw_primary( 796): copl(0xf280c970):out of compress_wait
11-11 00:00:38.559 D/audio_hw_primary( 796): No space available in compress driver, post msg to cb thread
11-11 00:00:38.561 D/audio_hw_primary( 796): copl(0xf280c970):calling compress_wait
11-11 00:00:38.575 I/OpenGLRenderer( 3511): Davey! duration=9223371631819ms; Flags=0, FrameTimelineVsyncId=4319, IntendedVsync=405035083048, Vsync=405035083048, InputEventId=0, HandleInputStart=405036337967, AnimationStart=405036346300, PerformTraversalsStart=405036349581, DrawStart=405037168852, FrameDeadline=405068416380, FrameInterval=405036325415, FrameStartTime=16666666, SyncQueued=405037788436, SyncStart=405037968019, IssueDrawCommandsStart=405039031873, SwapBuffers=405049177290, FrameCompleted=9223372036854775807, DequeueBufferDuration=45156, QueueBufferDuration=1199636, GpuCompleted=9223372036854775807, SwapBuffersCompleted=405051142550, DisplayPresentTime=0,
11-11 00:00:38.600 I/mpu_uart( 644): [MSG-P:R]:recv sync frame timeout
11-11 00:00:39.041 D/CompatibilityInfo( 1526): mCompatibilityFlags - 4
11-11 00:00:39.041 D/CompatibilityInfo( 1526): applicationDensity - 240
11-11 00:00:39.041 D/CompatibilityInfo( 1526): applicationScale - 1.0
11-11 00:00:39.047 D/CompatibilityInfo( 1526): mCompatibilityFlags - 4
11-11 00:00:39.047 D/CompatibilityInfo( 1526): applicationDensity - 240
11-11 00:00:39.047 D/CompatibilityInfo( 1526): applicationScale - 1.0
11-11 00:00:39.053 D/MicroSettings: SetTimeAction( 2156): current timestamp: 1668096039053
11-11 00:00:39.053 D/MicroSettings: SetTimeAction( 2156): setTime: 14000
11-11 00:00:39.054 D/AlarmManagerService( 1526): Setting time of day to sec=14
11-11 00:00:39.055 W/AlarmManagerService( 1526): Unable to set rtc to 14: Invalid argument
11-11 00:00:39.128 V/DisplayPowerController[0]( 1526): Brightness [0.05] reason changing to: 'manual [ dim ]', previous reason: 'manual'.
11-11 00:00:39.128 I/sysui_multi_action( 1526): [757,1696,758,6,759,2]
11-11 00:00:39.128 W/PowerManagerService( 1526): Screen on took 58308 ms
11-11 00:00:39.138 E/DisplayDeviceConfig( 1526): requesting nits when no mapping exists.
11-11 00:00:39.138 E/DisplayDeviceConfig( 1526): requesting nits when no mapping exists.
11-11 00:00:39.138 I/am_wtf ( 1526): [0,1526,system_server,-1,DisplayDeviceConfig,requesting nits when no mapping exists.]
11-11 00:00:39.139 I/DropBoxManagerService( 1526): add tag=system_server_wtf isTagEnabled=true flags=0x2
11-11 00:00:39.141 I/am_wtf ( 1526): [0,1526,system_server,-1,DisplayDeviceConfig,requesting nits when no mapping exists.]
11-11 00:00:39.142 I/DropBoxManagerService( 1526): add tag=system_server_wtf isTagEnabled=true flags=0x2
11-11 00:00:39.154 E/DisplayDeviceConfig( 1526): requesting nits when no mapping exists.
11-11 00:00:39.154 E/DisplayDeviceConfig( 1526): requesting nits when no mapping exists.
11-11 00:00:39.154 I/am_wtf ( 1526): [0,1526,system_server,-1,DisplayDeviceConfig,requesting nits when no mapping exists.]
11-11 00:00:39.155 I/DropBoxManagerService( 1526): add tag=system_server_wtf isTagEnabled=true flags=0x2
11-11 00:00:39.156 I/am_wtf ( 1526): [0,1526,system_server,-1,DisplayDeviceConfig,requesting nits when no mapping exists.]
11-11 00:00:39.157 I/DropBoxManagerService( 1526): add tag=system_server_wtf isTagEnabled=true flags=0x2
11-11 00:00:39.170 E/DisplayDeviceConfig( 1526): requesting nits when no mapping exists.
11-11 00:00:39.171 E/DisplayDeviceConfig( 1526): requesting nits when no mapping exists.
11-11 00:00:39.171 I/am_wtf ( 1526): [0,1526,system_server,-1,DisplayDeviceConfig,requesting nits when no mapping exists.]
11-11 00:00:39.172 I/DropBoxManagerService( 1526): add tag=system_server_wtf isTagEnabled=true flags=0x2
11-11 00:00:39.172 I/am_wtf ( 1526): [0,1526,system_server,-1,DisplayDeviceConfig,requesting nits when no mapping exists.]
11-11 00:00:39.187 E/DisplayDeviceConfig( 1526): requesting nits when no mapping exists.
11-11 00:00:39.188 E/DisplayDeviceConfig( 1526): requesting nits when no mapping exists.
11-11 00:00:39.188 I/am_wtf ( 1526): [0,1526,system_server,-1,DisplayDeviceConfig,requesting nits when no mapping exists.]
11-11 00:00:39.190 I/am_wtf ( 1526): [0,1526,system_server,-1,DisplayDeviceConfig,requesting nits when no mapping exists.]
11-11 00:00:39.204 E/DisplayDeviceConfig( 1526): requesting nits when no mapping exists.
11-11 00:00:39.205 E/DisplayDeviceConfig( 1526): requesting nits when no mapping exists.
11-11 00:00:39.205 I/am_wtf ( 1526): [0,1526,system_server,-1,DisplayDeviceConfig,requesting nits when no mapping exists.]
11-11 00:00:39.206 I/am_wtf ( 1526): [0,1526,system_server,-1,DisplayDeviceConfig,requesting nits when no mapping exists.]
11-11 00:00:39.220 E/DisplayDeviceConfig( 1526): requesting nits when no mapping exists.
11-11 00:00:39.221 E/DisplayDeviceConfig( 1526): requesting nits when no mapping exists.
11-11 00:00:39.221 I/am_wtf ( 1526): [0,1526,system_server,-1,DisplayDeviceConfig,requesting nits when no mapping exists.]
11-11 00:00:39.222 I/am_wtf ( 1526): [0,1526,system_server,-1,DisplayDeviceConfig,requesting nits when no mapping exists.]
11-11 00:00:39.237 E/DisplayDeviceConfig( 1526): requesting nits when no mapping exists.
11-11 00:00:39.238 E/DisplayDeviceConfig( 1526): requesting nits when no mapping exists.
11-11 00:00:39.238 I/am_wtf ( 1526): [0,1526,system_server,-1,DisplayDeviceConfig,requesting nits when no mapping exists.]
11-11 00:00:39.238 I/am_wtf ( 1526): [0,1526,system_server,-1,DisplayDeviceConfig,requesting nits when no mapping exists.]
11-11 00:00:39.254 E/DisplayDeviceConfig( 1526): requesting nits when no mapping exists.
11-11 00:00:39.255 E/DisplayDeviceConfig( 1526): requesting nits when no mapping exists.
11-11 00:00:39.255 I/am_wtf ( 1526): [0,1526,system_server,-1,DisplayDeviceConfig,requesting nits when no mapping exists.]
11-11 00:00:39.256 I/am_wtf ( 1526): [0,1526,system_server,-1,DisplayDeviceConfig,requesting nits when no mapping exists.]
11-11 00:00:39.271 E/DisplayDeviceConfig( 1526): requesting nits when no mapping exists.
11-11 00:00:39.271 I/am_wtf ( 1526): [0,1526,system_server,-1,DisplayDeviceConfig,requesting nits when no mapping exists.]
11-11 00:00:39.271 E/DisplayDeviceConfig( 1526): requesting nits when no mapping exists.
11-11 00:00:39.272 I/am_wtf ( 1526): [0,1526,system_server,-1,DisplayDeviceConfig,requesting nits when no mapping exists.]
11-11 00:00:39.287 E/DisplayDeviceConfig( 1526): requesting nits when no mapping exists.
11-11 00:00:39.288 E/DisplayDeviceConfig( 1526): requesting nits when no mapping exists.
11-11 00:00:39.288 I/am_wtf ( 1526): [0,1526,system_server,-1,DisplayDeviceConfig,requesting nits when no mapping exists.]
11-11 00:00:39.289 I/am_wtf ( 1526): [0,1526,system_server,-1,DisplayDeviceConfig,requesting nits when no mapping exists.]
11-11 00:00:39.304 E/DisplayDeviceConfig( 1526): requesting nits when no mapping exists.
11-11 00:00:39.305 E/DisplayDeviceConfig( 1526): requesting nits when no mapping exists.
11-11 00:00:39.305 I/am_wtf ( 1526): [0,1526,system_server,-1,DisplayDeviceConfig,requesting nits when no mapping exists.]
11-11 00:00:39.306 I/am_wtf ( 1526): [0,1526,system_server,-1,DisplayDeviceConfig,requesting nits when no mapping exists.]
11-11 00:00:39.313 I/mpu_uart( 644): [MSG-P:RECV]:No message received in 1000 ms
11-11 00:00:39.321 E/DisplayDeviceConfig( 1526): requesting nits when no mapping exists.
11-11 00:00:39.321 I/am_wtf ( 1526): [0,1526,system_server,-1,DisplayDeviceConfig,requesting nits when no mapping exists.]
11-11 00:00:39.321 E/DisplayDeviceConfig( 1526): requesting nits when no mapping exists.
11-11 00:00:39.322 I/am_wtf ( 1526): [0,1526,system_server,-1,DisplayDeviceConfig,requesting nits when no mapping exists.]
11-11 00:00:39.332 W/kcp_info( 5265): HCDN_LOG: [T:5570]Update: udp kcp size[0], timeout kcp size[0]
11-11 00:00:39.337 E/DisplayDeviceConfig( 1526): requesting nits when no mapping exists.
11-11 00:00:39.338 E/DisplayDeviceConfig( 1526): requesting nits when no mapping exists.
11-11 00:00:39.338 I/am_wtf ( 1526): [0,1526,system_server,-1,DisplayDeviceConfig,requesting nits when no mapping exists.]
11-11 00:00:39.339 I/am_wtf ( 1526): [0,1526,system_server,-1,DisplayDeviceConfig,requesting nits when no mapping exists.]
11-11 00:00:39.354 E/DisplayDeviceConfig( 1526): requesting nits when no mapping exists.
11-11 00:00:39.354 E/DisplayDeviceConfig( 1526): requesting nits when no mapping exists.
11-11 00:00:39.355 I/am_wtf ( 1526): [0,1526,system_server,-1,DisplayDeviceConfig,requesting nits when no mapping exists.]
11-11 00:00:39.355 I/am_wtf ( 1526): [0,1526,system_server,-1,DisplayDeviceConfig,requesting nits when no mapping exists.]
11-11 00:00:39.371 E/DisplayDeviceConfig( 1526): requesting nits when no mapping exists.
11-11 00:00:39.371 E/DisplayDeviceConfig( 1526): requesting nits when no mapping exists.
11-11 00:00:39.371 I/am_wtf ( 1526): [0,1526,system_server,-1,DisplayDeviceConfig,requesting nits when no mapping exists.]
11-11 00:00:39.372 I/am_wtf ( 1526): [0,1526,system_server,-1,DisplayDeviceConfig,requesting nits when no mapping exists.]
11-11 00:00:39.387 E/DisplayDeviceConfig( 1526): requesting nits when no mapping exists.
11-11 00:00:39.388 I/am_wtf ( 1526): [0,1526,system_server,-1,DisplayDeviceConfig,requesting nits when no mapping exists.]
11-11 00:00:39.388 E/DisplayDeviceConfig( 1526): requesting nits when no mapping exists.
11-11 00:00:39.388 I/am_wtf ( 1526): [0,1526,system_server,-1,DisplayDeviceConfig,requesting nits when no mapping exists.]
11-11 00:00:39.404 E/DisplayDeviceConfig( 1526): requesting nits when no mapping exists.
11-11 00:00:39.405 E/DisplayDeviceConfig( 1526): requesting nits when no mapping exists.
11-11 00:00:39.406 I/am_wtf ( 1526): [0,1526,system_server,-1,DisplayDeviceConfig,requesting nits when no mapping exists.]
11-11 00:00:39.407 I/am_wtf ( 1526): [0,1526,system_server,-1,DisplayDeviceConfig,requesting nits when no mapping exists.]
11-11 00:00:39.421 E/DisplayDeviceConfig( 1526): requesting nits when no mapping exists.
11-11 00:00:39.422 E/DisplayDeviceConfig( 1526): requesting nits when no mapping exists.
11-11 00:00:39.422 I/am_wtf ( 1526): [0,1526,system_server,-1,DisplayDeviceConfig,requesting nits when no mapping exists.]
11-11 00:00:39.423 I/am_wtf ( 1526): [0,1526,system_server,-1,DisplayDeviceConfig,requesting nits when no mapping exists.]
11-11 00:00:39.438 E/DisplayDeviceConfig( 1526): requesting nits when no mapping exists.
11-11 00:00:39.438 E/DisplayDeviceConfig( 1526): requesting nits when no mapping exists.
11-11 00:00:39.438 I/am_wtf ( 1526): [0,1526,system_server,-1,DisplayDeviceConfig,requesting nits when no mapping exists.]
11-11 00:00:39.439 I/am_wtf ( 1526): [0,1526,system_server,-1,DisplayDeviceConfig,requesting nits when no mapping exists.]
11-11 00:00:39.455 E/DisplayDeviceConfig( 1526): requesting nits when no mapping exists.
11-11 00:00:39.455 E/DisplayDeviceConfig( 1526): requesting nits when no mapping exists.
11-11 00:00:39.456 I/am_wtf ( 1526): [0,1526,system_server,-1,DisplayDeviceConfig,requesting nits when no mapping exists.]
11-11 00:00:39.457 I/am_wtf ( 1526): [0,1526,system_server,-1,DisplayDeviceConfig,requesting nits when no mapping exists.]
11-11 00:00:39.471 E/DisplayDeviceConfig( 1526): requesting nits when no mapping exists.
11-11 00:00:39.472 E/DisplayDeviceConfig( 1526): requesting nits when no mapping exists.
11-11 00:00:39.472 I/am_wtf ( 1526): [0,1526,system_server,-1,DisplayDeviceConfig,requesting nits when no mapping exists.]
11-11 00:00:39.473 I/am_wtf ( 1526): [0,1526,system_server,-1,DisplayDeviceConfig,requesting nits when no mapping exists.]
11-11 00:00:39.488 E/DisplayDeviceConfig( 1526): requesting nits when no mapping exists.
11-11 00:00:39.488 E/DisplayDeviceConfig( 1526): requesting nits when no mapping exists.
11-11 00:00:39.490 I/am_wtf ( 1526): [0,1526,system_server,-1,DisplayDeviceConfig,requesting nits when no mapping exists.]
11-11 00:00:39.491 I/am_wtf ( 1526): [0,1526,system_server,-1,DisplayDeviceConfig,requesting nits when no mapping exists.]
11-11 00:00:39.505 E/DisplayDeviceConfig( 1526): requesting nits when no mapping exists.
11-11 00:00:39.505 E/DisplayDeviceConfig( 1526): requesting nits when no mapping exists.
11-11 00:00:39.506 I/am_wtf ( 1526): [0,1526,system_server,-1,DisplayDeviceConfig,requesting nits when no mapping exists.]
11-11 00:00:39.507 I/am_wtf ( 1526): [0,1526,system_server,-1,DisplayDeviceConfig,requesting nits when no mapping exists.]
11-11 00:00:39.502 I/auditd ( 2764): type=1400 audit(0.0:12571301): avc: denied { read } for comm="event_loop" lport=13400 scontext=u:r:hht_ota_mgr:s0 tcontext=u:r:hht_ota_mgr:s0 tclass=udp_socket permissive=0
11-11 00:00:39.502 W/event_loop( 2764): type=1400 audit(0.0:12571301): avc: denied { read } for lport=13400 scontext=u:r:hht_ota_mgr:s0 tcontext=u:r:hht_ota_mgr:s0 tclass=udp_socket permissive=0
11-11 00:00:39.506 I/auditd ( 2764): type=1400 audit(0.0:12571302): avc: denied { read } for comm="event_loop" lport=13400 scontext=u:r:hht_ota_mgr:s0 tcontext=u:r:hht_ota_mgr:s0 tclass=udp_socket permissive=0
11-11 00:00:39.506 W/event_loop( 2764): type=1400 audit(0.0:12571302): avc: denied { read } for lport=13400 scontext=u:r:hht_ota_mgr:s0 tcontext=u:r:hht_ota_mgr:s0 tclass=udp_socket permissive=0
11-11 00:00:39.506 I/auditd ( 2764): type=1400 audit(0.0:12571303): avc: denied { read } for comm="event_loop" lport=13400 scontext=u:r:hht_ota_mgr:s0 tcontext=u:r:hht_ota_mgr:s0 tclass=udp_socket permissive=0
11-11 00:00:39.506 W/event_loop( 2764): type=1400 audit(0.0:12571303): avc: denied { read } for lport=13400 scontext=u:r:hht_ota_mgr:s0 tcontext=u:r:hht_ota_mgr:s0 tclass=udp_socket permissive=0
11-11 00:00:39.506 I/auditd ( 2764): type=1400 audit(0.0:12571304): avc: denied { read } for comm="event_loop" lport=13400 scontext=u:r:hht_ota_mgr:s0 tcontext=u:r:hht_ota_mgr:s0 tclass=udp_socket permissive=0
11-11 00:00:39.506 W/event_loop( 2764): type=1400 audit(0.0:12571304): avc: denied { read } for lport=13400 scontext=u:r:hht_ota_mgr:s0 tcontext=u:r:hht_ota_mgr:s0 tclass=udp_socket permissive=0
11-11 00:00:39.506 I/auditd ( 2764): type=1400 audit(0.0:12571305): avc: denied { read } for comm="event_loop" lport=13400 scontext=u:r:hht_ota_mgr:s0 tcontext=u:r:hht_ota_mgr:s0 tclass=udp_socket permissive=0
11-11 00:00:39.506 W/event_loop( 2764): type=1400 audit(0.0:12571305): avc: denied { read } for lport=13400 scontext=u:r:hht_ota_mgr:s0 tcontext=u:r:hht_ota_mgr:s0 tclass=udp_socket permissive=0
11-11 00:11:00.709 W/audit ( 0): audit_lost=12571553 audit_rate_limit=5 audit_backlog_limit=64
11-11 00:11:00.709 E/audit ( 0): rate limit exceeded
11-11 00:00:39.521 E/DisplayDeviceConfig( 1526): requesting nits when no mapping exists.
11-11 00:00:39.522 I/am_wtf ( 1526): [0,1526,system_server,-1,DisplayDeviceConfig,requesting nits when no mapping exists.]
11-11 00:00:39.522 E/DisplayDeviceConfig( 1526): requesting nits when no mapping exists.
11-11 00:00:39.523 I/am_wtf ( 1526): [0,1526,system_server,-1,DisplayDeviceConfig,requesting nits when no mapping exists.]
11-11 00:00:39.538 E/DisplayDeviceConfig( 1526): requesting nits when no mapping exists.
11-11 00:00:39.538 I/am_wtf ( 1526): [0,1526,system_server,-1,DisplayDeviceConfig,requesting nits when no mapping exists.]
11-11 00:00:39.538 E/DisplayDeviceConfig( 1526): requesting nits when no mapping exists.
11-11 00:00:39.539 I/am_wtf ( 1526): [0,1526,system_server,-1,DisplayDeviceConfig,requesting nits when no mapping exists.]
11-11 00:00:39.555 E/DisplayDeviceConfig( 1526): requesting nits when no mapping exists.
11-11 00:00:39.555 E/DisplayDeviceConfig( 1526): requesting nits when no mapping exists.
11-11 00:00:39.556 I/am_wtf ( 1526): [0,1526,system_server,-1,DisplayDeviceConfig,requesting nits when no mapping exists.]
11-11 00:00:39.556 I/am_wtf ( 1526): [0,1526,system_server,-1,DisplayDeviceConfig,requesting nits when no mapping exists.]
11-11 00:00:39.571 E/DisplayDeviceConfig( 1526): requesting nits when no mapping exists.
11-11 00:00:39.572 E/DisplayDeviceConfig( 1526): requesting nits when no mapping exists.
11-11 00:00:39.578 I/am_wtf ( 1526): [0,1526,system_server,-1,DisplayDeviceConfig,requesting nits when no mapping exists.]
11-11 00:00:39.580 I/am_wtf ( 1526): [0,1526,system_server,-1,DisplayDeviceConfig,requesting nits when no mapping exists.]
11-11 00:00:39.588 E/DisplayDeviceConfig( 1526): requesting nits when no mapping exists.
11-11 00:00:39.589 I/am_wtf ( 1526): [0,1526,system_server,-1,DisplayDeviceConfig,requesting nits when no mapping exists.]
11-11 00:00:39.589 E/DisplayDeviceConfig( 1526): requesting nits when no mapping exists.
11-11 00:00:39.590 I/am_wtf ( 1526): [0,1526,system_server,-1,DisplayDeviceConfig,requesting nits when no mapping exists.]
11-11 00:00:39.605 E/DisplayDeviceConfig( 1526): requesting nits when no mapping exists.
11-11 00:00:39.605 I/am_wtf ( 1526): [0,1526,system_server,-1,DisplayDeviceConfig,requesting nits when no mapping exists.]
11-11 00:00:39.605 E/DisplayDeviceConfig( 1526): requesting nits when no mapping exists.
11-11 00:00:39.606 I/am_wtf ( 1526): [0,1526,system_server,-1,DisplayDeviceConfig,requesting nits when no mapping exists.]
11-11 00:00:39.622 E/DisplayDeviceConfig( 1526): requesting nits when no mapping exists.
11-11 00:00:39.622 E/DisplayDeviceConfig( 1526): requesting nits when no mapping exists.
11-11 00:00:39.623 I/am_wtf ( 1526): [0,1526,system_server,-1,DisplayDeviceConfig,requesting nits when no mapping exists.]
11-11 00:00:39.623 I/am_wtf ( 1526): [0,1526,system_server,-1,DisplayDeviceConfig,requesting nits when no mapping exists.]
11-11 00:00:39.638 E/DisplayDeviceConfig( 1526): requesting nits when no mapping exists.
11-11 00:00:39.639 E/DisplayDeviceConfig( 1526): requesting nits when no mapping exists.
11-11 00:00:39.639 I/am_wtf ( 1526): [0,1526,system_server,-1,DisplayDeviceConfig,requesting nits when no mapping exists.]
11-11 00:00:39.640 I/am_wtf ( 1526): [0,1526,system_server,-1,DisplayDeviceConfig,requesting nits when no mapping exists.]
11-11 00:00:39.656 E/DisplayDeviceConfig( 1526): requesting nits when no mapping exists.
11-11 00:00:39.656 E/DisplayDeviceConfig( 1526): requesting nits when no mapping exists.
11-11 00:00:39.656 I/am_wtf ( 1526): [0,1526,system_server,-1,DisplayDeviceConfig,requesting nits when no mapping exists.]
11-11 00:00:39.657 I/am_wtf ( 1526): [0,1526,system_server,-1,DisplayDeviceConfig,requesting nits when no mapping exists.]
11-11 00:00:39.672 E/DisplayDeviceConfig( 1526): requesting nits when no mapping exists.
11-11 00:00:39.672 E/DisplayDeviceConfig( 1526): requesting nits when no mapping exists.
11-11 00:00:39.672 I/am_wtf ( 1526): [0,1526,system_server,-1,DisplayDeviceConfig,requesting nits when no mapping exists.]
11-11 00:00:39.673 I/am_wtf ( 1526): [0,1526,system_server,-1,DisplayDeviceConfig,requesting nits when no mapping exists.]
11-11 00:00:39.688 E/DisplayDeviceConfig( 1526): requesting nits when no mapping exists.
11-11 00:00:39.689 E/DisplayDeviceConfig( 1526): requesting nits when no mapping exists.
11-11 00:00:39.689 I/am_wtf ( 1526): [0,1526,system_server,-1,DisplayDeviceConfig,requesting nits when no mapping exists.]
11-11 00:00:39.690 I/am_wtf ( 1526): [0,1526,system_server,-1,DisplayDeviceConfig,requesting nits when no mapping exists.]
11-11 00:00:39.705 E/DisplayDeviceConfig( 1526): requesting nits when no mapping exists.
11-11 00:00:39.705 E/DisplayDeviceConfig( 1526): requesting nits when no mapping exists.
11-11 00:00:39.706 I/am_wtf ( 1526): [0,1526,system_server,-1,DisplayDeviceConfig,requesting nits when no mapping exists.]
11-11 00:00:39.706 I/service_manager_stats( 1526): [100,63,58961]
11-11 00:00:39.707 I/am_wtf ( 1526): [0,1526,system_server,-1,DisplayDeviceConfig,requesting nits when no mapping exists.]
11-11 00:00:39.722 E/DisplayDeviceConfig( 1526): requesting nits when no mapping exists.
11-11 00:00:39.722 E/DisplayDeviceConfig( 1526): requesting nits when no mapping exists.
11-11 00:00:39.722 I/am_wtf ( 1526): [0,1526,system_server,-1,DisplayDeviceConfig,requesting nits when no mapping exists.]
11-11 00:00:39.723 I/am_wtf ( 1526): [0,1526,system_server,-1,DisplayDeviceConfig,requesting nits when no mapping exists.]
11-11 00:00:39.739 E/DisplayDeviceConfig( 1526): requesting nits when no mapping exists.
11-11 00:00:39.739 E/DisplayDeviceConfig( 1526): requesting nits when no mapping exists.
11-11 00:00:39.739 I/am_wtf ( 1526): [0,1526,system_server,-1,DisplayDeviceConfig,requesting nits when no mapping exists.]
11-11 00:00:39.740 I/am_wtf ( 1526): [0,1526,system_server,-1,DisplayDeviceConfig,requesting nits when no mapping exists.]
11-11 00:00:39.756 E/DisplayDeviceConfig( 1526): requesting nits when no mapping exists.
