11-11 01:31:25.494 I/notification_enqueue( 1491): [10086,6893,com.android.music,1,NULL,0,Notification(channel=Channel-music shortcut=null contentView=null vibrate=null sound=null defaults=0x0 flags=0x40 color=0x00000000 category=transport actions=5 vis=PRIVATE),1]
11-11 01:31:25.999 I/wm_destroy_activity( 1491): [0,190790783,107,com.thundercomm.screensaver/android.service.dreams.DreamActivity,finish-imm:idle]
11-11 01:31:26.017 I/wm_on_stop_called( 5521): [190790783,android.service.dreams.DreamActivity,LIFECYCLER_STOP_ACTIVITY]
11-11 01:31:26.019 I/wm_on_destroy_called( 5521): [190790783,android.service.dreams.DreamActivity,performDestroy]
11-11 01:31:26.020 I/sysui_multi_action( 1491): [757,222,758,2]
11-11 01:31:26.021 I/sysui_multi_action( 1491): [757,804,799,dreaming_minutes,801,4,802,1]
11-11 01:31:26.032 I/wm_task_removed( 1491): [107,removeChild:removeChild last r=ActivityRecord{b5f3c7f u0 com.thundercomm.screensaver/android.service.dreams.DreamActivity t-1 f}} in t=Task{9334c02 #107 type=dream A=10051:android:com.thundercomm.screensaver/dream U=0 visible=false mode=fullscreen translucent=true sz=0}]
11-11 01:31:26.032 I/wm_task_removed( 1491): [107,removeChild]
11-11 01:31:26.295 I/auditd ( 0): type=1400 audit(0.0:6059): avc: denied { kill } for comm="swapper/1" capability=5 scontext=u:r:kernel:s0 tcontext=u:r:kernel:s0 tclass=capability permissive=0
11-11 01:31:27.274 I/am_uid_idle( 1491): 10095
11-11 01:31:27.295 I/auditd ( 0): type=1400 audit(0.0:6060): avc: denied { kill } for comm="swapper/1" capability=5 scontext=u:r:kernel:s0 tcontext=u:r:kernel:s0 tclass=capability permissive=0
11-11 01:31:28.295 I/auditd ( 0): type=1400 audit(0.0:6061): avc: denied { kill } for comm="swapper/1" capability=5 scontext=u:r:kernel:s0 tcontext=u:r:kernel:s0 tclass=capability permissive=0
11-11 01:31:29.295 I/auditd ( 0): type=1400 audit(0.0:6062): avc: denied { kill } for comm="swapper/1" capability=5 scontext=u:r:kernel:s0 tcontext=u:r:kernel:s0 tclass=capability permissive=0
11-11 01:31:30.295 I/auditd ( 0): type=1400 audit(0.0:6063): avc: denied { kill } for comm="swapper/1" capability=5 scontext=u:r:kernel:s0 tcontext=u:r:kernel:s0 tclass=capability permissive=0
11-11 01:31:31.299 I/auditd ( 0): type=1400 audit(0.0:6064): avc: denied { kill } for comm="swapper/1" capability=5 scontext=u:r:kernel:s0 tcontext=u:r:kernel:s0 tclass=capability permissive=0
11-11 01:31:32.295 I/auditd ( 0): type=1400 audit(0.0:6065): avc: denied { kill } for comm="swapper/1" capability=5 scontext=u:r:kernel:s0 tcontext=u:r:kernel:s0 tclass=capability permissive=0
11-11 01:31:32.703 I/input_interaction( 1491): Interaction with: 73ec57 com.android.music/com.android.music.MusicBrowserActivity (server), edge-swipe (server), swipe-up (server), PointerEventDispatcher0 (server),
11-11 01:31:32.857 I/notification_enqueue( 1491): [10086,6893,com.android.music,1,NULL,0,Notification(channel=Channel-music shortcut=null contentView=null vibrate=null sound=null defaults=0x0 flags=0x42 color=0x00000000 category=transport actions=5 vis=PRIVATE),1]
11-11 01:31:33.295 I/auditd ( 0): type=1400 audit(0.0:6066): avc: denied { kill } for comm="swapper/1" capability=5 scontext=u:r:kernel:s0 tcontext=u:r:kernel:s0 tclass=capability permissive=0
11-11 01:31:34.295 I/auditd ( 0): type=1400 audit(0.0:6067): avc: denied { kill } for comm="swapper/1" capability=5 scontext=u:r:kernel:s0 tcontext=u:r:kernel:s0 tclass=capability permissive=0
11-11 01:31:36.295 I/auditd ( 0): type=1400 audit(0.0:6068): avc: denied { kill } for comm="swapper/1" capability=5 scontext=u:r:kernel:s0 tcontext=u:r:kernel:s0 tclass=capability permissive=0
11-11 01:31:37.299 I/auditd ( 0): type=1400 audit(0.0:6069): avc: denied { kill } for comm="swapper/1" capability=5 scontext=u:r:kernel:s0 tcontext=u:r:kernel:s0 tclass=capability permissive=0
11-11 01:31:38.295 I/auditd ( 0): type=1400 audit(0.0:6070): avc: denied { kill } for comm="swapper/1" capability=5 scontext=u:r:kernel:s0 tcontext=u:r:kernel:s0 tclass=capability permissive=0
11-11 01:31:39.299 I/auditd ( 0): type=1400 audit(0.0:6071): avc: denied { kill } for comm="swapper/1" capability=5 scontext=u:r:kernel:s0 tcontext=u:r:kernel:s0 tclass=capability permissive=0
11-11 01:31:41.295 I/auditd ( 0): type=1400 audit(0.0:6072): avc: denied { kill } for comm="swapper/1" capability=5 scontext=u:r:kernel:s0 tcontext=u:r:kernel:s0 tclass=capability permissive=0
11-11 01:31:42.295 I/auditd ( 0): type=1400 audit(0.0:6073): avc: denied { kill } for comm="swapper/1" capability=5 scontext=u:r:kernel:s0 tcontext=u:r:kernel:s0 tclass=capability permissive=0
11-11 01:31:43.295 I/auditd ( 0): type=1400 audit(0.0:6074): avc: denied { kill } for comm="swapper/1" capability=5 scontext=u:r:kernel:s0 tcontext=u:r:kernel:s0 tclass=capability permissive=0
11-11 01:31:44.295 I/auditd ( 0): type=1400 audit(0.0:6075): avc: denied { kill } for comm="swapper/1" capability=5 scontext=u:r:kernel:s0 tcontext=u:r:kernel:s0 tclass=capability permissive=0
11-11 01:31:45.295 I/auditd ( 0): type=1400 audit(0.0:6076): avc: denied { kill } for comm="swapper/1" capability=5 scontext=u:r:kernel:s0 tcontext=u:r:kernel:s0 tclass=capability permissive=0
11-11 01:31:46.295 I/auditd ( 6506): type=1400 audit(0.0:6077): avc: denied { kill } for comm="kworker/u16:8" capability=5 scontext=u:r:kernel:s0 tcontext=u:r:kernel:s0 tclass=capability permissive=0
11-11 01:31:47.295 I/auditd ( 0): type=1400 audit(0.0:6078): avc: denied { kill } for comm="swapper/1" capability=5 scontext=u:r:kernel:s0 tcontext=u:r:kernel:s0 tclass=capability permissive=0
11-11 01:31:48.295 I/auditd ( 0): type=1400 audit(0.0:6079): avc: denied { kill } for comm="swapper/1" capability=5 scontext=u:r:kernel:s0 tcontext=u:r:kernel:s0 tclass=capability permissive=0
11-11 01:31:49.295 I/auditd ( 0): type=1400 audit(0.0:6080): avc: denied { kill } for comm="swapper/1" capability=5 scontext=u:r:kernel:s0 tcontext=u:r:kernel:s0 tclass=capability permissive=0
11-11 01:31:51.299 I/auditd ( 0): type=1400 audit(0.0:6081): avc: denied { kill } for comm="swapper/1" capability=5 scontext=u:r:kernel:s0 tcontext=u:r:kernel:s0 tclass=capability permissive=0
11-11 01:31:52.295 I/auditd ( 0): type=1400 audit(0.0:6082): avc: denied { kill } for comm="swapper/1" capability=5 scontext=u:r:kernel:s0 tcontext=u:r:kernel:s0 tclass=capability permissive=0
11-11 01:31:53.295 I/auditd ( 0): type=1400 audit(0.0:6083): avc: denied { kill } for comm="swapper/1" capability=5 scontext=u:r:kernel:s0 tcontext=u:r:kernel:s0 tclass=capability permissive=0
11-11 01:31:54.295 I/auditd ( 0): type=1400 audit(0.0:6084): avc: denied { kill } for comm="swapper/1" capability=5 scontext=u:r:kernel:s0 tcontext=u:r:kernel:s0 tclass=capability permissive=0
11-11 01:31:54.748 I/wm_task_moved( 1491): [1,0,0]
11-11 01:31:54.748 I/wm_task_moved( 1491): [1,0,6]
11-11 01:31:54.760 I/wm_on_restart_called( 2490): [146330618,com.android.launcher3.uioverrides.QuickstepLauncher,performRestartActivity]
11-11 01:31:54.786 I/wm_on_start_called( 2490): [146330618,com.android.launcher3.uioverrides.QuickstepLauncher,handleStartActivity]
11-11 01:31:54.787 I/view_enqueue_input_event( 6893): [Motion - Cancel,com.android.music/com.android.music.MusicBrowserActivity]
11-11 01:31:54.788 I/input_focus( 1491): [Focus request recents_animation_input_consumer,reason=UpdateInputWindows]
11-11 01:31:54.790 I/input_interaction( 1491): Interaction with: edge-swipe (server), swipe-up (server), PointerEventDispatcher0 (server),
11-11 01:31:54.792 I/sysui_latency( 2490): [1,54]
11-11 01:31:54.794 I/input_focus( 1491): [Focus leaving 73ec57 com.android.music/com.android.music.MusicBrowserActivity (server),reason=NOT_FOCUSABLE]
11-11 01:31:54.794 I/input_focus( 1491): [Focus entering recents_animation_input_consumer (server),reason=setFocusedWindow]
11-11 01:31:54.808 I/sysui_multi_action( 1491): [319,7,322,54,325,5495,757,761,758,9,759,5,806,com.android.launcher3,871,com.android.launcher3.uioverrides.QuickstepLauncher,905,0,1320,8,1321,5]
11-11 01:31:54.990 I/commit_sys_config_file( 1491): [settings-1-0,4]
11-11 01:31:55.104 I/sysui_latency( 1491): [8,60]
11-11 01:31:55.548 I/wm_task_moved( 1491): [1,1,7]
11-11 01:31:55.548 I/wm_task_moved( 1491): [90,1,2147483647]
11-11 01:31:55.548 I/wm_task_to_front( 1491): [0,90]
11-11 01:31:55.549 I/wm_focused_root_task( 1491): [0,0,1,103,RecentsAnimation.onAnimationFinished()]
11-11 01:31:55.549 I/wm_on_top_resumed_lost_called( 6893): [33114549,com.android.music.MusicBrowserActivity,topStateChangedWhenResumed]
11-11 01:31:55.549 I/wm_set_resumed_activity( 1491): [0,com.android.launcher3/.uioverrides.QuickstepLauncher,RecentsAnimation.onAnimationFinished()]
11-11 01:31:55.551 I/wm_pause_activity( 1491): [0,33114549,com.android.music/.MusicBrowserActivity,userLeaving=true,pauseBackTasks]
11-11 01:31:55.552 I/wm_add_to_stopping( 1491): [0,33114549,com.android.music/.MusicBrowserActivity,makeInvisible]
11-11 01:31:55.553 I/wm_set_resumed_activity( 1491): [0,com.android.launcher3/.uioverrides.QuickstepLauncher,resumeTopActivityInnerLocked]
11-11 01:31:55.555 I/wm_resume_activity( 1491): [0,146330618,90,com.android.launcher3/.uioverrides.QuickstepLauncher]
11-11 01:31:55.556 I/wm_on_resume_called( 2490): [146330618,com.android.launcher3.uioverrides.QuickstepLauncher,RESUME_ACTIVITY]
11-11 01:31:55.560 I/input_focus( 1491): [Focus request 61dc244 com.android.launcher3/com.android.launcher3.uioverrides.QuickstepLauncher,reason=UpdateInputWindows]
11-11 01:31:55.562 I/wm_on_paused_called( 6893): [33114549,com.android.music.MusicBrowserActivity,performPause]
11-11 01:31:55.564 I/input_focus( 1491): [Focus leaving recents_animation_input_consumer (server),reason=NOT_VISIBLE]
11-11 01:31:55.569 I/wm_on_top_resumed_gained_called( 2490): [146330618,com.android.launcher3.uioverrides.QuickstepLauncher,topStateChangedWhenResumed]
11-11 01:31:55.573 I/wm_stop_activity( 1491): [0,33114549,com.android.music/.MusicBrowserActivity]
11-11 01:31:55.579 I/input_focus( 1491): [Focus entering 61dc244 com.android.launcher3/com.android.launcher3.uioverrides.QuickstepLauncher (server),reason=setFocusedWindow]
11-11 01:31:55.586 I/sysui_multi_action( 1491): [757,803,799,window_time_0,802,30]
11-11 01:31:55.588 I/am_uid_running( 1491): 10065
11-11 01:31:55.589 I/sysui_multi_action( 1491): [757,803,799,window_time_0,802,0]
11-11 01:31:55.592 I/wm_on_stop_called( 6893): [33114549,com.android.music.MusicBrowserActivity,STOP_ACTIVITY_ITEM]
11-11 01:31:55.595 I/am_proc_start( 1491): [0,7415,10065,com.android.gallery3d,NULL,]
11-11 01:31:55.606 I/am_proc_bound( 1491): [0,7415,com.android.gallery3d]
11-11 01:31:56.295 I/auditd ( 0): type=1400 audit(0.0:6085): avc: denied { kill } for comm="swapper/0" capability=5 scontext=u:r:kernel:s0 tcontext=u:r:kernel:s0 tclass=capability permissive=0
11-11 01:31:56.365 I/input_interaction( 1491): Interaction with: 61dc244 com.android.launcher3/com.android.launcher3.uioverrides.QuickstepLauncher (server), c2fbbf0 com.android.systemui.ImageWallpaper (server), edge-swipe (server), swipe-up (server), PointerEventDispatcher0 (server),
11-11 01:31:56.518 I/wm_task_moved( 1491): [104,1,7]
11-11 01:31:56.518 I/wm_task_to_front( 1491): [0,104]
11-11 01:31:56.519 I/wm_focused_root_task( 1491): [0,0,104,1,bringingFoundTaskToFront]
11-11 01:31:56.520 I/wm_set_resumed_activity( 1491): [0,com.android.settings/.Settings,bringingFoundTaskToFront]
11-11 01:31:56.520 I/wm_new_intent( 1491): [0,43572815,104,com.android.settings/.Settings,android.intent.action.MAIN,NULL,NULL,270532608]
11-11 01:31:56.522 I/wm_pause_activity( 1491): [0,146330618,com.android.launcher3/.uioverrides.QuickstepLauncher,userLeaving=true,pauseBackTasks]
11-11 01:31:56.530 I/wm_on_top_resumed_lost_called( 2490): [146330618,com.android.launcher3.uioverrides.QuickstepLauncher,topStateChangedWhenResumed]
11-11 01:31:56.535 I/wm_on_paused_called( 2490): [146330618,com.android.launcher3.uioverrides.QuickstepLauncher,performPause]
11-11 01:31:56.538 I/wm_set_resumed_activity( 1491): [0,com.android.settings/.Settings,resumeTopActivityInnerLocked]
11-11 01:31:56.539 I/wm_add_to_stopping( 1491): [0,146330618,com.android.launcher3/.uioverrides.QuickstepLauncher,makeInvisible]
11-11 01:31:56.541 I/wm_resume_activity( 1491): [0,43572815,104,com.android.settings/.Settings]
11-11 01:31:56.553 I/sysui_multi_action( 1491): [757,803,799,window_time_0,802,1]
11-11 01:31:56.565 I/input_focus( 1491): [Focus leaving 61dc244 com.android.launcher3/com.android.launcher3.uioverrides.QuickstepLauncher (server),reason=NO_WINDOW]
11-11 01:31:56.566 I/wm_on_restart_called( 7010): [43572815,com.android.settings.Settings,performRestartActivity]
11-11 01:31:56.571 I/wm_on_start_called( 7010): [43572815,com.android.settings.Settings,handleStartActivity]
11-11 01:31:56.571 I/snet_event_log( 7010): [120484087,-1,]
11-11 01:31:56.571 I/wm_on_resume_called( 7010): [43572815,com.android.settings.Settings,RESUME_ACTIVITY]
11-11 01:31:56.572 I/sysui_multi_action( 7010): [757,35,758,1,833,0,1089,0]
11-11 01:31:56.573 I/sysui_multi_action( 7010): [757,336,758,1,833,0,1089,0]
11-11 01:31:56.578 I/wm_on_top_resumed_gained_called( 7010): [43572815,com.android.settings.Settings,topWhenResuming]
11-11 01:31:56.585 I/input_focus( 1491): [Focus request 5a2b23b com.android.settings/com.android.settings.Settings,reason=UpdateInputWindows]
11-11 01:31:56.611 I/sysui_multi_action( 1491): [319,29,321,25,322,88,325,5497,757,761,758,9,759,4,806,com.android.settings,871,com.android.settings.Settings,904,com.android.launcher3,905,0,1320,21,1321,5]
11-11 01:31:56.615 I/input_focus( 1491): [Focus entering 5a2b23b com.android.settings/com.android.settings.Settings (server),reason=setFocusedWindow]
11-11 01:31:57.090 I/wm_stop_activity( 1491): [0,146330618,com.android.launcher3/.uioverrides.QuickstepLauncher]
11-11 01:31:57.110 I/wm_on_stop_called( 2490): [146330618,com.android.launcher3.uioverrides.QuickstepLauncher,STOP_ACTIVITY_ITEM]
11-11 01:31:57.295 I/auditd ( 0): type=1400 audit(0.0:6086): avc: denied { kill } for comm="swapper/0" capability=5 scontext=u:r:kernel:s0 tcontext=u:r:kernel:s0 tclass=capability permissive=0
11-11 01:31:57.730 I/input_interaction( 1491): Interaction with: 5a2b23b com.android.settings/com.android.settings.Settings (server), edge-swipe (server), swipe-up (server), PointerEventDispatcher0 (server),
11-11 01:31:57.867 I/sysui_multi_action( 7010): [757,830,758,4,833,0,854,top_level_sound,1089,0]
11-11 01:31:57.975 I/sysui_multi_action( 7010): [757,336,758,2,1089,1401]
11-11 01:31:58.019 I/sysui_multi_action( 7010): [757,336,758,1,833,0,1089,34]
11-11 01:31:58.029 I/sysui_multi_action( 7010): [757,1729,758,4,854,isParalleledControllers:false,1089,45]
11-11 01:31:58.295 I/auditd ( 0): type=1400 audit(0.0:6087): avc: denied { kill } for comm="swapper/0" capability=5 scontext=u:r:kernel:s0 tcontext=u:r:kernel:s0 tclass=capability permissive=0
11-11 01:31:59.299 I/auditd ( 0): type=1400 audit(0.0:6088): avc: denied { kill } for comm="swapper/0" capability=5 scontext=u:r:kernel:s0 tcontext=u:r:kernel:s0 tclass=capability permissive=0
11-11 01:32:00.295 I/auditd ( 0): type=1400 audit(0.0:6089): avc: denied { kill } for comm="swapper/0" capability=5 scontext=u:r:kernel:s0 tcontext=u:r:kernel:s0 tclass=capability permissive=0
11-11 01:32:01.299 I/auditd ( 0): type=1400 audit(0.0:6090): avc: denied { kill } for comm="swapper/0" capability=5 scontext=u:r:kernel:s0 tcontext=u:r:kernel:s0 tclass=capability permissive=0
11-11 01:32:02.295 I/auditd ( 0): type=1400 audit(0.0:6091): avc: denied { kill } for comm="swapper/0" capability=5 scontext=u:r:kernel:s0 tcontext=u:r:kernel:s0 tclass=capability permissive=0
11-11 01:32:03.299 I/auditd ( 0): type=1400 audit(0.0:6092): avc: denied { kill } for comm="swapper/0" capability=5 scontext=u:r:kernel:s0 tcontext=u:r:kernel:s0 tclass=capability permissive=0
11-11 01:32:04.295 I/auditd ( 0): type=1400 audit(0.0:6093): avc: denied { kill } for comm="swapper/0" capability=5 scontext=u:r:kernel:s0 tcontext=u:r:kernel:s0 tclass=capability permissive=0
11-11 01:32:05.160 I/am_wtf ( 1491): [0,1491,system_server,-1,ActivityManager,Sending non-protected broadcast com.android.systemui.action.LAUNCH_MEDIA_OUTPUT_DIALOG from system 7010:com.android.settings/1000 pkg com.android.settings]
11-11 01:32:05.161 I/sysui_multi_action( 7010): [757,830,758,4,833,0,854,media_output,1089,0]
11-11 01:32:05.226 I/input_focus( 1491): [Focus request e6cb06 MediaOutputDialog,reason=UpdateInputWindows]
11-11 01:32:05.256 I/input_focus( 1491): [Focus leaving 5a2b23b com.android.settings/com.android.settings.Settings (server),reason=Waiting for window because NOT_VISIBLE]
11-11 01:32:05.304 I/input_focus( 1491): [Focus entering e6cb06 MediaOutputDialog (server),reason=Window became focusable. Previous reason: NOT_VISIBLE]
11-11 01:32:06.299 I/auditd ( 0): type=1400 audit(0.0:6094): avc: denied { kill } for comm="swapper/0" capability=5 scontext=u:r:kernel:s0 tcontext=u:r:kernel:s0 tclass=capability permissive=0
11-11 01:32:07.299 I/auditd ( 0): type=1400 audit(0.0:6095): avc: denied { kill } for comm="swapper/0" capability=5 scontext=u:r:kernel:s0 tcontext=u:r:kernel:s0 tclass=capability permissive=0
11-11 01:32:08.295 I/auditd ( 0): type=1400 audit(0.0:6096): avc: denied { kill } for comm="swapper/0" capability=5 scontext=u:r:kernel:s0 tcontext=u:r:kernel:s0 tclass=capability permissive=0
11-11 01:32:09.295 I/auditd ( 0): type=1400 audit(0.0:6097): avc: denied { kill } for comm="swapper/0" capability=5 scontext=u:r:kernel:s0 tcontext=u:r:kernel:s0 tclass=capability permissive=0
11-11 01:32:10.299 I/auditd ( 0): type=1400 audit(0.0:6098): avc: denied { kill } for comm="swapper/0" capability=5 scontext=u:r:kernel:s0 tcontext=u:r:kernel:s0 tclass=capability permissive=0
11-11 01:32:11.295 I/auditd ( 0): type=1400 audit(0.0:6099): avc: denied { kill } for comm="swapper/0" capability=5 scontext=u:r:kernel:s0 tcontext=u:r:kernel:s0 tclass=capability permissive=0
11-11 01:32:12.078 I/input_interaction( 1491): Interaction with: e6cb06 MediaOutputDialog (server), edge-swipe (server), swipe-up (server), PointerEventDispatcher0 (server),
11-11 01:32:12.268 I/input_focus( 1491): [Focus request 5a2b23b com.android.settings/com.android.settings.Settings,reason=UpdateInputWindows]
11-11 01:32:12.286 I/input_focus( 1491): [Focus entering 5a2b23b com.android.settings/com.android.settings.Settings (server),reason=setFocusedWindow]
11-11 01:32:12.295 I/auditd ( 0): type=1400 audit(0.0:6100): avc: denied { kill } for comm="swapper/0" capability=5 scontext=u:r:kernel:s0 tcontext=u:r:kernel:s0 tclass=capability permissive=0
11-11 01:32:13.295 I/auditd ( 0): type=1400 audit(0.0:6101): avc: denied { kill } for comm="swapper/0" capability=5 scontext=u:r:kernel:s0 tcontext=u:r:kernel:s0 tclass=capability permissive=0
11-11 01:32:13.537 I/input_interaction( 1491): Interaction with: 5a2b23b com.android.settings/com.android.settings.Settings (server), edge-swipe (server), swipe-up (server), PointerEventDispatcher0 (server),
11-11 01:32:13.680 I/am_wtf ( 1491): [0,1491,system_server,-1,ActivityManager,Sending non-protected broadcast com.android.systemui.action.LAUNCH_MEDIA_OUTPUT_DIALOG from system 7010:com.android.settings/1000 pkg com.android.settings]
11-11 01:32:13.682 I/sysui_multi_action( 7010): [757,830,758,4,833,0,854,media_output,1089,0]
11-11 01:32:13.743 I/input_focus( 1491): [Focus request bec85ec MediaOutputDialog,reason=UpdateInputWindows]
11-11 01:32:13.774 I/input_focus( 1491): [Focus leaving 5a2b23b com.android.settings/com.android.settings.Settings (server),reason=setFocusedWindow]
11-11 01:32:13.774 I/input_focus( 1491): [Focus entering bec85ec MediaOutputDialog (server),reason=setFocusedWindow]
11-11 01:32:14.295 I/auditd ( 0): type=1400 audit(0.0:6102): avc: denied { kill } for comm="swapper/0" capability=5 scontext=u:r:kernel:s0 tcontext=u:r:kernel:s0 tclass=capability permissive=0
11-11 01:32:15.295 I/auditd ( 0): type=1400 audit(0.0:6103): avc: denied { kill } for comm="swapper/0" capability=5 scontext=u:r:kernel:s0 tcontext=u:r:kernel:s0 tclass=capability permissive=0
11-11 01:32:16.295 I/auditd ( 0): type=1400 audit(0.0:6104): avc: denied { kill } for comm="swapper/0" capability=5 scontext=u:r:kernel:s0 tcontext=u:r:kernel:s0 tclass=capability permissive=0
11-11 01:32:17.268 I/input_interaction( 1491): Interaction with: bec85ec MediaOutputDialog (server), edge-swipe (server), swipe-up (server), PointerEventDispatcher0 (server),
11-11 01:32:17.295 I/auditd ( 0): type=1400 audit(0.0:6105): avc: denied { kill } for comm="swapper/2" capability=5 scontext=u:r:kernel:s0 tcontext=u:r:kernel:s0 tclass=capability permissive=0
11-11 01:32:17.446 I/input_focus( 1491): [Focus request 5a2b23b com.android.settings/com.android.settings.Settings,reason=UpdateInputWindows]
11-11 01:32:17.466 I/input_focus( 1491): [Focus entering 5a2b23b com.android.settings/com.android.settings.Settings (server),reason=setFocusedWindow]
11-11 01:32:17.477 I/wm_task_created( 1491): [108,-1]
11-11 01:32:17.479 I/wm_task_moved( 1491): [108,1,8]
11-11 01:32:17.479 I/wm_task_to_front( 1491): [0,108]
11-11 01:32:17.479 I/wm_create_task( 1491): [0,108]
11-11 01:32:17.479 I/wm_create_activity( 1491): [0,178100885,108,com.android.settings/.SubSettings,android.intent.action.MAIN,NULL,NULL,268468224]
11-11 01:32:17.479 I/wm_task_moved( 1491): [108,1,8]
11-11 01:32:17.480 I/wm_pause_activity( 1491): [0,43572815,com.android.settings/.Settings,userLeaving=true,pauseBackTasks]
11-11 01:32:17.481 I/wm_on_top_resumed_lost_called( 7010): [43572815,com.android.settings.Settings,topStateChangedWhenResumed]
11-11 01:32:17.483 I/sysui_multi_action( 7010): [757,35,758,2,1089,20912]
11-11 01:32:17.484 I/sysui_multi_action( 7010): [757,336,758,2,1089,19466]
11-11 01:32:17.484 I/wm_on_paused_called( 7010): [43572815,com.android.settings.Settings,performPause]
11-11 01:32:17.485 I/wm_add_to_stopping( 1491): [0,43572815,com.android.settings/.Settings,makeInvisible]
11-11 01:32:17.486 I/wm_restart_activity( 1491): [0,178100885,108,com.android.settings/.SubSettings]
11-11 01:32:17.486 I/wm_set_resumed_activity( 1491): [0,com.android.settings/.SubSettings,minimalResumeActivityLocked]
11-11 01:32:17.489 I/sysui_multi_action( 1491): [757,803,799,window_time_0,802,21]
11-11 01:32:17.494 I/am_pss ( 1491): [7415,10065,com.android.gallery3d,7899136,5230592,0,93360128,0,19,4]
11-11 01:32:17.496 I/am_uid_running( 1491): 10080
11-11 01:32:17.505 I/am_proc_start( 1491): [0,7458,10080,com.qualcomm.qti.qccauthmgr,content provider,{com.qualcomm.qti.qccauthmgr/com.qualcomm.qti.qccauthmgr.providers.SMQContentProvider}]
11-11 01:32:17.511 I/wm_task_moved( 1491): [104,1,8]
11-11 01:32:17.511 I/wm_task_to_front( 1491): [0,104]
11-11 01:32:17.511 I/wm_focused_root_task( 1491): [0,0,104,108,bringingFoundTaskToFront]
11-11 01:32:17.511 I/wm_set_resumed_activity( 1491): [0,com.android.settings/.Settings,bringingFoundTaskToFront]
11-11 01:32:17.511 I/wm_finish_activity( 1491): [0,43572815,104,com.android.settings/.Settings,clear-task-all]
11-11 01:32:17.513 I/wm_task_moved( 1491): [104,1,8]
11-11 01:32:17.513 I/wm_create_activity( 1491): [0,75700865,104,com.android.settings/.homepage.SettingsHomepageActivity,android.intent.action.MAIN,NULL,NULL,272662528]
11-11 01:32:17.515 I/wm_pause_activity( 1491): [0,178100885,com.android.settings/.SubSettings,userLeaving=true,pauseBackTasks]
11-11 01:32:17.516 I/input_focus( 1491): [Focus leaving 5a2b23b com.android.settings/com.android.settings.Settings (server),reason=NO_WINDOW]
11-11 01:32:17.516 I/wm_finish_activity( 1491): [0,178100885,108,com.android.settings/.SubSettings,app-request]
11-11 01:32:17.516 I/wm_on_create_called( 7010): [178100885,com.android.settings.SubSettings,performCreate]
11-11 01:32:17.520 I/wm_add_to_stopping( 1491): [0,178100885,com.android.settings/.SubSettings,completeFinishing]
11-11 01:32:17.521 I/am_proc_bound( 1491): [0,7458,com.qualcomm.qti.qccauthmgr]
11-11 01:32:17.522 I/wm_restart_activity( 1491): [0,75700865,104,com.android.settings/.homepage.SettingsHomepageActivity]
11-11 01:32:17.522 I/wm_set_resumed_activity( 1491): [0,com.android.settings/.homepage.SettingsHomepageActivity,minimalResumeActivityLocked]
11-11 01:32:17.526 I/am_uid_active( 1491): 10080
11-11 01:32:17.526 I/sysui_multi_action( 1491): [757,803,799,window_time_0,802,0]
11-11 01:32:17.539 I/service_manager_stats( 7010): [100,28,5518434]
11-11 01:32:17.543 I/wm_on_create_called( 7010): [75700865,com.android.settings.homepage.SettingsHomepageActivity,performCreate]
11-11 01:32:17.555 I/wm_on_start_called( 7010): [75700865,com.android.settings.homepage.SettingsHomepageActivity,handleStartActivity]
11-11 01:32:17.555 I/snet_event_log( 7010): [120484087,-1,]
11-11 01:32:17.555 I/wm_on_resume_called( 7010): [75700865,com.android.settings.homepage.SettingsHomepageActivity,RESUME_ACTIVITY]
11-11 01:32:17.556 I/sysui_multi_action( 7010): [757,35,758,1,833,1851,1089,11]
11-11 01:32:17.558 I/sysui_multi_action( 7010): [757,1729,758,4,854,isParalleledControllers:false,1089,14]
11-11 01:32:17.566 I/wm_on_top_resumed_gained_called( 7010): [75700865,com.android.settings.homepage.SettingsHomepageActivity,topStateChangedWhenResumed]
11-11 01:32:17.579 I/input_focus( 1491): [Focus request 8f66f12 com.android.settings/com.android.settings.homepage.SettingsHomepageActivity,reason=UpdateInputWindows]
11-11 01:32:17.588 I/wm_activity_launch_time( 1491): [0,75700865,com.android.settings/.homepage.SettingsHomepageActivity,115]
11-11 01:32:17.599 I/input_focus( 1491): [Focus entering 8f66f12 com.android.settings/com.android.settings.homepage.SettingsHomepageActivity (server),reason=setFocusedWindow]
11-11 01:32:17.750 I/am_uid_running( 1491): 1002
11-11 01:32:17.751 I/sysui_multi_action( 7010): [757,1018,758,1,833,1851,1089,7]
11-11 01:32:17.751 I/sysui_multi_action( 7010): [757,1729,758,4,854,isParalleledControllers:false,1089,7]
11-11 01:32:17.756 I/am_proc_start( 1491): [0,7489,1002,com.android.bluetooth,service,{com.android.bluetooth/com.android.bluetooth.btservice.AdapterService}]
11-11 01:32:17.765 I/am_proc_bound( 1491): [0,7489,com.android.bluetooth]
11-11 01:32:17.766 I/am_uid_active( 1491): 1002
11-11 01:32:17.844 I/bt_config_source( 7489): 1
11-11 01:32:17.844 I/bt_config_source( 7489): 1
11-11 01:32:18.051 I/wm_destroy_activity( 1491): [0,178100885,108,com.android.settings/.SubSettings,finish-imm:idle]
11-11 01:32:18.052 I/wm_destroy_activity( 1491): [0,43572815,104,com.android.settings/.Settings,finish-imm:idle]
11-11 01:32:18.068 I/wm_on_destroy_called( 7010): [178100885,com.android.settings.SubSettings,performDestroy]
11-11 01:32:18.068 I/wm_task_removed( 1491): [108,removeChild:removeChild last r=ActivityRecord{a9d9a95 u0 com.android.settings/.SubSettings t-1 f}} in t=Task{bff1a77 #108 type=standard A=1000:com.android.settings U=0 visible=false mode=fullscreen translucent=true sz=0}]
11-11 01:32:18.068 I/wm_task_removed( 1491): [108,removeChild]
11-11 01:32:18.071 I/wm_on_stop_called( 7010): [43572815,com.android.settings.Settings,LIFECYCLER_STOP_ACTIVITY]
11-11 01:32:18.073 I/wm_on_destroy_called( 7010): [43572815,com.android.settings.Settings,performDestroy]
11-11 01:32:18.295 I/auditd ( 0): type=1400 audit(0.0:6106): avc: denied { kill } for comm="swapper/2" capability=5 scontext=u:r:kernel:s0 tcontext=u:r:kernel:s0 tclass=capability permissive=0
11-11 01:32:19.067 I/auditd ( 808): type=1400 audit(0.0:6107): avc: denied { read write } for comm="bluetooth@1.0-s" name="diag" dev="tmpfs" ino=2148 scontext=u:r:hal_bluetooth_default:s0 tcontext=u:object_r:vendor_diag_device:s0 tclass=chr_file permissive=0
11-11 01:32:19.111 D/TelephonyRegistry( 1491): listen oscl: mHasNotifySubscriptionInfoChangedOccurred==false no callback
11-11 01:32:19.117 I/sysui_multi_action( 1491): [757,856,758,1,806,com.android.bluetooth,857,avrcp_notification,858,3]
11-11 01:32:19.135 I/liblog ( 7489): 87
11-11 01:32:19.135 I/liblog ( 7489): 1
11-11 01:32:19.135 I/liblog ( 7489): 1
11-11 01:32:19.135 I/liblog ( 7489): 1
11-11 01:32:19.135 I/liblog ( 7489): 1
11-11 01:32:19.135 I/liblog ( 7489): 3
11-11 01:32:19.135 I/liblog ( 7489): 1
11-11 01:32:19.135 I/liblog ( 7489): 1
11-11 01:32:19.135 I/liblog ( 7489): 1
11-11 01:32:19.135 I/liblog ( 7489): 2
11-11 01:32:19.135 I/liblog ( 7489): 1
11-11 01:32:19.135 I/liblog ( 7489): 1
11-11 01:32:19.135 I/liblog ( 7489): 1
11-11 01:32:19.135 I/liblog ( 7489): 2
11-11 01:32:19.135 I/liblog ( 7489): 1
11-11 01:32:19.135 I/liblog ( 7489): 1
11-11 01:32:19.135 I/liblog ( 7489): 1
11-11 01:32:19.135 I/liblog ( 7489): 1
11-11 01:32:19.149 I/am_uid_running( 1491): 10021
11-11 01:32:19.154 I/notification_cancel_all( 1491): [1002,7489,com.android.bluetooth,0,0,64,9,NULL]
11-11 01:32:19.158 I/am_proc_start( 1491): [0,7570,10021,android.process.acore,content provider,{com.android.providers.contacts/com.android.providers.contacts.ContactsProvider2}]
11-11 01:32:19.171 I/am_proc_bound( 1491): [0,7570,android.process.acore]
11-11 01:32:19.173 I/am_uid_active( 1491): 10021
11-11 01:32:19.295 I/auditd ( 0): type=1400 audit(0.0:6108): avc: denied { kill } for comm="swapper/2" capability=5 scontext=u:r:kernel:s0 tcontext=u:r:kernel:s0 tclass=capability permissive=0
11-11 01:32:19.307 I/commit_sys_config_file( 1491): [settings-0-0,2]
11-11 01:32:19.371 I/commit_sys_config_file( 1491): [notification-policy,5511097]
11-11 01:32:20.084 I/netstats_mobile_sample( 1491): [0,0,0,0,0,0,0,0,0,0,0,0,1668087140083]
11-11 01:32:20.084 I/netstats_wifi_sample( 1491): [97048040,213383,61991731,140097,97048040,213383,61991731,140097,158700953,341244,31635149,71719,1668087140083]
11-11 01:32:20.180 I/am_uid_running( 1491): 10090
11-11 01:32:20.191 I/am_proc_start( 1491): [0,7614,10090,com.android.permissioncontroller,service,{com.android.permissioncontroller/com.android.permissioncontroller.role.service.RoleControllerServiceImpl}]
11-11 01:32:20.211 I/am_proc_bound( 1491): [0,7614,com.android.permissioncontroller]
11-11 01:32:20.213 I/am_uid_active( 1491): 10090
11-11 01:32:20.295 I/auditd ( 0): type=1400 audit(0.0:6109): avc: denied { kill } for comm="swapper/2" capability=5 scontext=u:r:kernel:s0 tcontext=u:r:kernel:s0 tclass=capability permissive=0
11-11 01:32:21.295 I/auditd ( 0): type=1400 audit(0.0:6110): avc: denied { kill } for comm="swapper/2" capability=5 scontext=u:r:kernel:s0 tcontext=u:r:kernel:s0 tclass=capability permissive=0
11-11 01:32:21.597 I/input_interaction( 1491): Interaction with: 8f66f12 com.android.settings/com.android.settings.homepage.SettingsHomepageActivity (server), edge-swipe (server), swipe-up (server), PointerEventDispatcher0 (server),
11-11 01:32:21.680 I/view_enqueue_input_event( 7010): [Motion - Cancel,com.android.settings/com.android.settings.homepage.SettingsHomepageActivity]
11-11 01:32:21.690 I/input_interaction( 1491): Interaction with: edge-swipe (server), swipe-up (server), PointerEventDispatcher0 (server),
11-11 01:32:22.295 I/auditd ( 0): type=1400 audit(0.0:6111): avc: denied { kill } for comm="swapper/2" capability=5 scontext=u:r:kernel:s0 tcontext=u:r:kernel:s0 tclass=capability permissive=0
11-11 01:32:23.190 I/input_interaction( 1491): Interaction with: 8f66f12 com.android.settings/com.android.settings.homepage.SettingsHomepageActivity (server), edge-swipe (server), swipe-up (server), PointerEventDispatcher0 (server),
11-11 01:32:23.216 I/view_enqueue_input_event( 7010): [Motion - Cancel,com.android.settings/com.android.settings.homepage.SettingsHomepageActivity]
11-11 01:32:23.227 I/input_interaction( 1491): Interaction with: edge-swipe (server), swipe-up (server), PointerEventDispatcher0 (server),
11-11 01:32:23.295 I/auditd ( 0): type=1400 audit(0.0:6112): avc: denied { kill } for comm="swapper/2" capability=5 scontext=u:r:kernel:s0 tcontext=u:r:kernel:s0 tclass=capability permissive=0
11-11 01:32:23.407 I/sysui_multi_action( 1491): [757,803,799,key_back_press,802,1]
11-11 01:32:23.410 I/input_interaction( 1491): Interaction with: 8f66f12 com.android.settings/com.android.settings.homepage.SettingsHomepageActivity (server), PointerEventDispatcher0 (server),
11-11 01:32:23.414 I/wm_task_moved( 1491): [104,0,0]
11-11 01:32:23.418 I/wm_focused_root_task( 1491): [0,0,1,104,moveTaskToBackLocked]
11-11 01:32:23.421 I/wm_add_to_stopping( 1491): [0,75700865,com.android.settings/.homepage.SettingsHomepageActivity,makeInvisible]
11-11 01:32:23.422 I/wm_pause_activity( 1491): [0,75700865,com.android.settings/.homepage.SettingsHomepageActivity,userLeaving=false,pauseBackTasks]
11-11 01:32:23.425 I/wm_set_resumed_activity( 1491): [0,com.android.launcher3/.uioverrides.QuickstepLauncher,resumeTopActivityInnerLocked]
11-11 01:32:23.427 I/wm_resume_activity( 1491): [0,146330618,90,com.android.launcher3/.uioverrides.QuickstepLauncher]
11-11 01:32:23.428 I/wm_on_top_resumed_lost_called( 7010): [75700865,com.android.settings.homepage.SettingsHomepageActivity,topStateChangedWhenResumed]
11-11 01:32:23.435 I/sysui_multi_action( 7010): [757,35,758,2,1089,5878]
11-11 01:32:23.436 I/sysui_multi_action( 7010): [757,1018,758,2,1089,5684]
11-11 01:32:23.436 I/wm_on_paused_called( 7010): [75700865,com.android.settings.homepage.SettingsHomepageActivity,performPause]
11-11 01:32:23.437 I/wm_on_restart_called( 2490): [146330618,com.android.launcher3.uioverrides.QuickstepLauncher,performRestartActivity]
11-11 01:32:23.437 I/wm_on_start_called( 2490): [146330618,com.android.launcher3.uioverrides.QuickstepLauncher,handleStartActivity]
11-11 01:32:23.439 I/sysui_multi_action( 1491): [757,803,799,window_time_0,802,6]
11-11 01:32:23.442 I/wm_on_resume_called( 2490): [146330618,com.android.launcher3.uioverrides.QuickstepLauncher,RESUME_ACTIVITY]
11-11 01:32:23.443 I/wm_on_top_resumed_gained_called( 2490): [146330618,com.android.launcher3.uioverrides.QuickstepLauncher,topStateChangedWhenResumed]
11-11 01:32:23.447 I/input_focus( 1491): [Focus leaving 8f66f12 com.android.settings/com.android.settings.homepage.SettingsHomepageActivity (server),reason=NO_WINDOW]
11-11 01:32:23.451 I/input_focus( 1491): [Focus request 61dc244 com.android.launcher3/com.android.launcher3.uioverrides.QuickstepLauncher,reason=UpdateInputWindows]
11-11 01:32:23.480 I/input_focus( 1491): [Focus entering 61dc244 com.android.launcher3/com.android.launcher3.uioverrides.QuickstepLauncher (server),reason=Window became focusable. Previous reason: NOT_VISIBLE]
11-11 01:32:23.836 I/wm_stop_activity( 1491): [0,75700865,com.android.settings/.homepage.SettingsHomepageActivity]
11-11 01:32:23.871 I/wm_on_stop_called( 7010): [75700865,com.android.settings.homepage.SettingsHomepageActivity,STOP_ACTIVITY_ITEM]
11-11 01:32:25.295 I/auditd ( 0): type=1400 audit(0.0:6113): avc: denied { kill } for comm="swapper/2" capability=5 scontext=u:r:kernel:s0 tcontext=u:r:kernel:s0 tclass=capability permissive=0
11-11 01:32:26.025 I/am_uid_idle( 1491): 10051
11-11 01:32:26.295 I/auditd ( 0): type=1400 audit(0.0:6114): avc: denied { kill } for comm="swapper/2" capability=5 scontext=u:r:kernel:s0 tcontext=u:r:kernel:s0 tclass=capability permissive=0
11-11 01:32:26.483 I/input_interaction( 1491): Interaction with: 61dc244 com.android.launcher3/com.android.launcher3.uioverrides.QuickstepLauncher (server), c2fbbf0 com.android.systemui.ImageWallpaper (server), edge-swipe (server), swipe-up (server), PointerEventDispatcher0 (server),
11-11 01:32:26.653 I/wm_task_moved( 1491): [103,1,7]
11-11 01:32:26.653 I/wm_task_to_front( 1491): [0,103]
11-11 01:32:26.654 I/wm_focused_root_task( 1491): [0,0,103,1,bringingFoundTaskToFront]
11-11 01:32:26.654 I/wm_set_resumed_activity( 1491): [0,com.android.music/.MusicBrowserActivity,bringingFoundTaskToFront]
11-11 01:32:26.654 I/wm_new_intent( 1491): [0,33114549,103,com.android.music/.MusicBrowserActivity,android.intent.action.MAIN,NULL,NULL,270532608]
11-11 01:32:26.656 I/wm_pause_activity( 1491): [0,146330618,com.android.launcher3/.uioverrides.QuickstepLauncher,userLeaving=true,pauseBackTasks]
11-11 01:32:26.661 I/wm_on_top_resumed_lost_called( 2490): [146330618,com.android.launcher3.uioverrides.QuickstepLauncher,topStateChangedWhenResumed]
11-11 01:32:26.662 I/wm_on_paused_called( 2490): [146330618,com.android.launcher3.uioverrides.QuickstepLauncher,performPause]
11-11 01:32:26.665 I/wm_set_resumed_activity( 1491): [0,com.android.music/.MusicBrowserActivity,resumeTopActivityInnerLocked]
11-11 01:32:26.665 I/wm_add_to_stopping( 1491): [0,146330618,com.android.launcher3/.uioverrides.QuickstepLauncher,makeInvisible]
11-11 01:32:26.667 I/service_manager_stats( 1491): [100,62,230657]
11-11 01:32:26.668 I/wm_resume_activity( 1491): [0,33114549,103,com.android.music/.MusicBrowserActivity]
11-11 01:32:26.676 I/wm_on_restart_called( 6893): [33114549,com.android.music.MusicBrowserActivity,performRestartActivity]
11-11 01:32:26.677 I/sysui_multi_action( 1491): [757,803,799,window_time_0,802,3]
11-11 01:32:26.685 I/wm_on_start_called( 6893): [33114549,com.android.music.MusicBrowserActivity,handleStartActivity]
11-11 01:32:26.687 I/wm_on_resume_called( 6893): [33114549,com.android.music.MusicBrowserActivity,RESUME_ACTIVITY]
11-11 01:32:26.688 I/input_focus( 1491): [Focus leaving 61dc244 com.android.launcher3/com.android.launcher3.uioverrides.QuickstepLauncher (server),reason=NO_WINDOW]
11-11 01:32:26.692 I/wm_on_top_resumed_gained_called( 6893): [33114549,com.android.music.MusicBrowserActivity,topWhenResuming]
11-11 01:32:26.697 I/input_focus( 1491): [Focus request 73ec57 com.android.music/com.android.music.MusicBrowserActivity,reason=UpdateInputWindows]
11-11 01:32:26.713 I/sysui_multi_action( 1491): [319,29,321,28,322,58,325,5527,757,761,758,9,759,4,806,com.android.music,871,com.android.music.MusicBrowserActivity,904,com.android.launcher3,905,0,1320,4,1321,1]
11-11 01:32:26.722 I/input_focus( 1491): [Focus entering 73ec57 com.android.music/com.android.music.MusicBrowserActivity (server),reason=setFocusedWindow]
11-11 01:32:26.722 I/notification_enqueue( 1491): [10086,6893,com.android.music,1,NULL,0,Notification(channel=Channel-music shortcut=null contentView=null vibrate=null sound=null defaults=0x0 flags=0x42 color=0x00000000 category=transport actions=5 vis=PRIVATE),1]
11-11 01:32:26.724 I/notification_enqueue( 1491): [10086,6893,com.android.music,1,NULL,0,Notification(channel=Channel-music shortcut=null contentView=null vibrate=null sound=null defaults=0x0 flags=0x42 color=0x00000000 category=transport actions=5 vis=PRIVATE),1]
11-11 01:32:27.209 I/wm_stop_activity( 1491): [0,146330618,com.android.launcher3/.uioverrides.QuickstepLauncher]
11-11 01:32:27.232 I/wm_on_stop_called( 2490): [146330618,com.android.launcher3.uioverrides.QuickstepLauncher,STOP_ACTIVITY_ITEM]
11-11 01:32:27.299 I/auditd ( 0): type=1400 audit(0.0:6115): avc: denied { kill } for comm="swapper/2" capability=5 scontext=u:r:kernel:s0 tcontext=u:r:kernel:s0 tclass=capability permissive=0
11-11 01:32:29.214 I/commit_sys_config_file( 1491): [package-user-0,7]
11-11 01:32:29.295 I/auditd ( 0): type=1400 audit(0.0:6116): avc: denied { kill } for comm="swapper/2" capability=5 scontext=u:r:kernel:s0 tcontext=u:r:kernel:s0 tclass=capability permissive=0
11-11 01:32:30.295 I/auditd ( 0): type=1400 audit(0.0:6117): avc: denied { kill } for comm="swapper/2" capability=5 scontext=u:r:kernel:s0 tcontext=u:r:kernel:s0 tclass=capability permissive=0
11-11 01:32:31.295 I/auditd ( 0): type=1400 audit(0.0:6118): avc: denied { kill } for comm="swapper/2" capability=5 scontext=u:r:kernel:s0 tcontext=u:r:kernel:s0 tclass=capability permissive=0
11-11 01:32:32.295 I/auditd ( 0): type=1400 audit(0.0:6119): avc: denied { kill } for comm="swapper/2" capability=5 scontext=u:r:kernel:s0 tcontext=u:r:kernel:s0 tclass=capability permissive=0
11-11 01:32:33.299 I/auditd ( 0): type=1400 audit(0.0:6120): avc: denied { kill } for comm="swapper/2" capability=5 scontext=u:r:kernel:s0 tcontext=u:r:kernel:s0 tclass=capability permissive=0
11-11 01:32:34.295 I/auditd ( 0): type=1400 audit(0.0:6121): avc: denied { kill } for comm="swapper/2" capability=5 scontext=u:r:kernel:s0 tcontext=u:r:kernel:s0 tclass=capability permissive=0
11-11 01:32:35.295 I/auditd ( 0): type=1400 audit(0.0:6122): avc: denied { kill } for comm="swapper/2" capability=5 scontext=u:r:kernel:s0 tcontext=u:r:kernel:s0 tclass=capability permissive=0
11-11 01:32:36.295 I/auditd ( 0): type=1400 audit(0.0:6123): avc: denied { kill } for comm="swapper/2" capability=5 scontext=u:r:kernel:s0 tcontext=u:r:kernel:s0 tclass=capability permissive=0
11-11 01:32:37.295 I/auditd ( 0): type=1400 audit(0.0:6124): avc: denied { kill } for comm="swapper/2" capability=5 scontext=u:r:kernel:s0 tcontext=u:r:kernel:s0 tclass=capability permissive=0
11-11 01:32:38.295 I/auditd ( 0): type=1400 audit(0.0:6125): avc: denied { kill } for comm="swapper/2" capability=5 scontext=u:r:kernel:s0 tcontext=u:r:kernel:s0 tclass=capability permissive=0
11-11 01:32:39.295 I/auditd ( 0): type=1400 audit(0.0:6126): avc: denied { kill } for comm="swapper/2" capability=5 scontext=u:r:kernel:s0 tcontext=u:r:kernel:s0 tclass=capability permissive=0
11-11 01:32:40.295 I/auditd ( 0): type=1400 audit(0.0:6127): avc: denied { kill } for comm="swapper/2" capability=5 scontext=u:r:kernel:s0 tcontext=u:r:kernel:s0 tclass=capability permissive=0
11-11 01:32:41.295 I/auditd ( 0): type=1400 audit(0.0:6128): avc: denied { kill } for comm="swapper/2" capability=5 scontext=u:r:kernel:s0 tcontext=u:r:kernel:s0 tclass=capability permissive=0
11-11 01:32:42.295 I/auditd ( 0): type=1400 audit(0.0:6129): avc: denied { kill } for comm="swapper/2" capability=5 scontext=u:r:kernel:s0 tcontext=u:r:kernel:s0 tclass=capability permissive=0
11-11 01:32:43.295 I/auditd ( 0): type=1400 audit(0.0:6130): avc: denied { kill } for comm="swapper/2" capability=5 scontext=u:r:kernel:s0 tcontext=u:r:kernel:s0 tclass=capability permissive=0
11-11 01:32:44.295 I/auditd ( 0): type=1400 audit(0.0:6131): avc: denied { kill } for comm="swapper/2" capability=5 scontext=u:r:kernel:s0 tcontext=u:r:kernel:s0 tclass=capability permissive=0
11-11 01:32:45.295 I/auditd ( 0): type=1400 audit(0.0:6132): avc: denied { kill } for comm="swapper/2" capability=5 scontext=u:r:kernel:s0 tcontext=u:r:kernel:s0 tclass=capability permissive=0
11-11 01:32:46.299 I/auditd ( 0): type=1400 audit(0.0:6133): avc: denied { kill } for comm="swapper/2" capability=5 scontext=u:r:kernel:s0 tcontext=u:r:kernel:s0 tclass=capability permissive=0
11-11 01:32:48.295 I/auditd ( 0): type=1400 audit(0.0:6134): avc: denied { kill } for comm="swapper/2" capability=5 scontext=u:r:kernel:s0 tcontext=u:r:kernel:s0 tclass=capability permissive=0
11-11 01:32:49.295 I/auditd ( 0): type=1400 audit(0.0:6135): avc: denied { kill } for comm="swapper/2" capability=5 scontext=u:r:kernel:s0 tcontext=u:r:kernel:s0 tclass=capability permissive=0
11-11 01:32:50.295 I/auditd ( 0): type=1400 audit(0.0:6136): avc: denied { kill } for comm="swapper/2" capability=5 scontext=u:r:kernel:s0 tcontext=u:r:kernel:s0 tclass=capability permissive=0
11-11 01:32:52.295 I/auditd ( 0): type=1400 audit(0.0:6137): avc: denied { kill } for comm="swapper/2" capability=5 scontext=u:r:kernel:s0 tcontext=u:r:kernel:s0 tclass=capability permissive=0
11-11 01:32:53.299 I/auditd ( 0): type=1400 audit(0.0:6138): avc: denied { kill } for comm="swapper/2" capability=5 scontext=u:r:kernel:s0 tcontext=u:r:kernel:s0 tclass=capability permissive=0
11-11 01:32:55.295 I/auditd ( 0): type=1400 audit(0.0:6139): avc: denied { kill } for comm="swapper/2" capability=5 scontext=u:r:kernel:s0 tcontext=u:r:kernel:s0 tclass=capability permissive=0
11-11 01:32:56.299 I/auditd ( 0): type=1400 audit(0.0:6140): avc: denied { kill } for comm="swapper/2" capability=5 scontext=u:r:kernel:s0 tcontext=u:r:kernel:s0 tclass=capability permissive=0
11-11 01:32:56.781 I/am_pss ( 1491): [7489,1002,com.android.bluetooth,27183104,22888448,0,134565888,0,0,14]
11-11 01:32:56.792 I/am_pss ( 1491): [7614,10090,com.android.permissioncontroller,13568000,11296768,0,101683200,0,19,9]
11-11 01:32:56.801 I/am_pss ( 1491): [7570,10021,android.process.acore,14588928,10981376,0,117219328,0,19,9]
11-11 01:32:56.808 I/am_pss ( 1491): [7458,10080,com.qualcomm.qti.qccauthmgr,6377472,4272128,0,94461952,0,19,6]
11-11 01:32:56.814 I/am_pss ( 1491): [7415,10065,com.android.gallery3d,7727104,5230592,0,93360128,0,19,5]
11-11 01:32:59.295 I/auditd ( 0): type=1400 audit(0.0:6141): avc: denied { kill } for comm="swapper/3" capability=5 scontext=u:r:kernel:s0 tcontext=u:r:kernel:s0 tclass=capability permissive=0
11-11 01:33:00.295 I/auditd ( 0): type=1400 audit(0.0:6142): avc: denied { kill } for comm="swapper/3" capability=5 scontext=u:r:kernel:s0 tcontext=u:r:kernel:s0 tclass=capability permissive=0
11-11 01:33:01.295 I/auditd ( 0): type=1400 audit(0.0:6143): avc: denied { kill } for comm="swapper/3" capability=5 scontext=u:r:kernel:s0 tcontext=u:r:kernel:s0 tclass=capability permissive=0
11-11 01:33:02.295 I/auditd ( 0): type=1400 audit(0.0:6144): avc: denied { kill } for comm="swapper/3" capability=5 scontext=u:r:kernel:s0 tcontext=u:r:kernel:s0 tclass=capability permissive=0
11-11 01:33:03.295 I/auditd ( 0): type=1400 audit(0.0:6145): avc: denied { kill } for comm="swapper/3" capability=5 scontext=u:r:kernel:s0 tcontext=u:r:kernel:s0 tclass=capability permissive=0
11-11 01:33:05.295 I/auditd ( 0): type=1400 audit(0.0:6146): avc: denied { kill } for comm="swapper/3" capability=5 scontext=u:r:kernel:s0 tcontext=u:r:kernel:s0 tclass=capability permissive=0
11-11 01:33:06.295 I/auditd ( 0): type=1400 audit(0.0:6147): avc: denied { kill } for comm="swapper/3" capability=5 scontext=u:r:kernel:s0 tcontext=u:r:kernel:s0 tclass=capability permissive=0
11-11 01:33:07.299 I/auditd ( 0): type=1400 audit(0.0:6148): avc: denied { kill } for comm="swapper/3" capability=5 scontext=u:r:kernel:s0 tcontext=u:r:kernel:s0 tclass=capability permissive=0
11-11 01:33:08.295 I/auditd ( 0): type=1400 audit(0.0:6149): avc: denied { kill } for comm="swapper/3" capability=5 scontext=u:r:kernel:s0 tcontext=u:r:kernel:s0 tclass=capability permissive=0
11-11 01:33:09.295 I/auditd ( 0): type=1400 audit(0.0:6150): avc: denied { kill } for comm="swapper/3" capability=5 scontext=u:r:kernel:s0 tcontext=u:r:kernel:s0 tclass=capability permissive=0
11-11 01:33:10.299 I/auditd ( 0): type=1400 audit(0.0:6151): avc: denied { kill } for comm="swapper/3" capability=5 scontext=u:r:kernel:s0 tcontext=u:r:kernel:s0 tclass=capability permissive=0
11-11 01:33:11.299 I/auditd ( 0): type=1400 audit(0.0:6152): avc: denied { kill } for comm="swapper/3" capability=5 scontext=u:r:kernel:s0 tcontext=u:r:kernel:s0 tclass=capability permissive=0
11-11 01:33:12.295 I/auditd ( 0): type=1400 audit(0.0:6153): avc: denied { kill } for comm="swapper/3" capability=5 scontext=u:r:kernel:s0 tcontext=u:r:kernel:s0 tclass=capability permissive=0
11-11 01:33:13.295 I/auditd ( 0): type=1400 audit(0.0:6154): avc: denied { kill } for comm="swapper/3" capability=5 scontext=u:r:kernel:s0 tcontext=u:r:kernel:s0 tclass=capability permissive=0
11-11 01:33:14.299 I/auditd ( 0): type=1400 audit(0.0:6155): avc: denied { kill } for comm="swapper/3" capability=5 scontext=u:r:kernel:s0 tcontext=u:r:kernel:s0 tclass=capability permissive=0
11-11 01:33:15.295 I/auditd ( 0): type=1400 audit(0.0:6156): avc: denied { kill } for comm="swapper/3" capability=5 scontext=u:r:kernel:s0 tcontext=u:r:kernel:s0 tclass=capability permissive=0
11-11 01:33:16.295 I/auditd ( 0): type=1400 audit(0.0:6157): avc: denied { kill } for comm="swapper/3" capability=5 scontext=u:r:kernel:s0 tcontext=u:r:kernel:s0 tclass=capability permissive=0
11-11 01:33:18.299 I/auditd ( 0): type=1400 audit(0.0:6158): avc: denied { kill } for comm="swapper/3" capability=5 scontext=u:r:kernel:s0 tcontext=u:r:kernel:s0 tclass=capability permissive=0
11-11 01:33:19.236 I/input_interaction( 1491): Interaction with: 73ec57 com.android.music/com.android.music.MusicBrowserActivity (server), edge-swipe (server), swipe-up (server), PointerEventDispatcher0 (server),
11-11 01:33:19.247 I/wm_task_moved( 1491): [1,0,0]
11-11 01:33:19.247 I/wm_task_moved( 1491): [1,0,6]
11-11 01:33:19.264 I/view_enqueue_input_event( 6893): [Motion - Cancel,com.android.music/com.android.music.MusicBrowserActivity]
11-11 01:33:19.269 I/input_focus( 1491): [Focus request recents_animation_input_consumer,reason=UpdateInputWindows]
11-11 01:33:19.269 I/wm_on_restart_called( 2490): [146330618,com.android.launcher3.uioverrides.QuickstepLauncher,performRestartActivity]
11-11 01:33:19.274 I/input_interaction( 1491): Interaction with: edge-swipe (server), swipe-up (server), PointerEventDispatcher0 (server),
11-11 01:33:19.297 I/input_focus( 1491): [Focus leaving 73ec57 com.android.music/com.android.music.MusicBrowserActivity (server),reason=NOT_FOCUSABLE]
11-11 01:33:19.297 I/input_focus( 1491): [Focus entering recents_animation_input_consumer (server),reason=setFocusedWindow]
11-11 01:33:19.298 I/wm_on_start_called( 2490): [146330618,com.android.launcher3.uioverrides.QuickstepLauncher,handleStartActivity]
11-11 01:33:19.304 I/sysui_latency( 2490): [1,68]
11-11 01:33:19.326 I/sysui_multi_action( 1491): [319,13,322,67,325,5580,757,761,758,9,759,5,806,com.android.launcher3,871,com.android.launcher3.uioverrides.QuickstepLauncher,905,0,1320,8,1321,5]
11-11 01:33:19.503 I/commit_sys_config_file( 1491): [settings-1-0,6]
11-11 01:33:19.616 I/sysui_latency( 1491): [8,73]
11-11 01:33:19.825 I/input_interaction( 1491): Interaction with: 892079 StatusBar (server), edge-swipe (server), swipe-up (server), PointerEventDispatcher0 (server),
11-11 01:33:19.828 I/sysui_multi_action( 1971): [757,803,799,panel_open,802,1]
11-11 01:33:19.829 I/sysui_multi_action( 1971): [757,1328,758,4,1326,42,1327,3,1329,0]
11-11 01:33:19.886 I/sysui_multi_action( 1491): [757,127,758,1]
11-11 01:33:19.887 I/sysui_multi_action( 1491): [757,804,799,note_load,801,2,802,1]
11-11 01:33:19.887 I/notification_panel_revealed( 1491): 2
