11-11 00:10:13.299 I/auditd ( 0): type=1400 audit(0.0:986): avc: denied { kill } for comm="swapper/0" capability=5 scontext=u:r:kernel:s0 tcontext=u:r:kernel:s0 tclass=capability permissive=0
11-11 00:10:14.295 I/auditd ( 0): type=1400 audit(0.0:987): avc: denied { kill } for comm="swapper/0" capability=5 scontext=u:r:kernel:s0 tcontext=u:r:kernel:s0 tclass=capability permissive=0
11-11 00:10:15.295 I/auditd ( 0): type=1400 audit(0.0:988): avc: denied { kill } for comm="swapper/0" capability=5 scontext=u:r:kernel:s0 tcontext=u:r:kernel:s0 tclass=capability permissive=0
11-11 00:10:16.299 I/auditd ( 0): type=1400 audit(0.0:989): avc: denied { kill } for comm="swapper/0" capability=5 scontext=u:r:kernel:s0 tcontext=u:r:kernel:s0 tclass=capability permissive=0
11-11 00:10:17.295 I/auditd ( 0): type=1400 audit(0.0:990): avc: denied { kill } for comm="swapper/0" capability=5 scontext=u:r:kernel:s0 tcontext=u:r:kernel:s0 tclass=capability permissive=0
11-11 00:10:18.299 I/auditd ( 0): type=1400 audit(0.0:991): avc: denied { kill } for comm="swapper/0" capability=5 scontext=u:r:kernel:s0 tcontext=u:r:kernel:s0 tclass=capability permissive=0
11-11 00:10:19.299 I/auditd ( 0): type=1400 audit(0.0:992): avc: denied { kill } for comm="swapper/0" capability=5 scontext=u:r:kernel:s0 tcontext=u:r:kernel:s0 tclass=capability permissive=0
11-11 00:10:20.295 I/auditd ( 0): type=1400 audit(0.0:993): avc: denied { kill } for comm="swapper/0" capability=5 scontext=u:r:kernel:s0 tcontext=u:r:kernel:s0 tclass=capability permissive=0
11-11 00:10:21.299 I/auditd ( 0): type=1400 audit(0.0:994): avc: denied { kill } for comm="swapper/0" capability=5 scontext=u:r:kernel:s0 tcontext=u:r:kernel:s0 tclass=capability permissive=0
11-11 00:10:22.299 I/auditd ( 0): type=1400 audit(0.0:995): avc: denied { kill } for comm="swapper/0" capability=5 scontext=u:r:kernel:s0 tcontext=u:r:kernel:s0 tclass=capability permissive=0
11-11 00:10:23.295 I/auditd ( 0): type=1400 audit(0.0:996): avc: denied { kill } for comm="swapper/0" capability=5 scontext=u:r:kernel:s0 tcontext=u:r:kernel:s0 tclass=capability permissive=0
11-11 00:10:24.299 I/auditd ( 0): type=1400 audit(0.0:997): avc: denied { kill } for comm="swapper/0" capability=5 scontext=u:r:kernel:s0 tcontext=u:r:kernel:s0 tclass=capability permissive=0
11-11 00:10:25.299 I/auditd ( 0): type=1400 audit(0.0:998): avc: denied { kill } for comm="swapper/0" capability=5 scontext=u:r:kernel:s0 tcontext=u:r:kernel:s0 tclass=capability permissive=0
11-11 00:10:26.295 I/auditd ( 0): type=1400 audit(0.0:999): avc: denied { kill } for comm="swapper/0" capability=5 scontext=u:r:kernel:s0 tcontext=u:r:kernel:s0 tclass=capability permissive=0
11-11 00:10:30.299 I/auditd ( 0): type=1400 audit(0.0:1000): avc: denied { kill } for comm="swapper/0" capability=5 scontext=u:r:kernel:s0 tcontext=u:r:kernel:s0 tclass=capability permissive=0
11-11 00:10:30.765 I/am_freeze( 1491): [3016,com.android.traceur]
11-11 00:10:30.767 I/am_kill ( 1491): [0,3016,com.android.traceur,975,Unable to freeze binder interface]
11-11 00:10:30.800 I/am_proc_died( 1491): [0,3016,com.android.traceur,975,19]
11-11 00:10:30.800 I/am_uid_stopped( 1491): 10026
11-11 00:10:31.299 I/auditd ( 0): type=1400 audit(0.0:1001): avc: denied { kill } for comm="swapper/0" capability=5 scontext=u:r:kernel:s0 tcontext=u:r:kernel:s0 tclass=capability permissive=0
11-11 00:10:32.163 I/auditd ( 6038): type=1400 audit(0.0:1002): avc: denied { read } for comm="top" name="pid_max" dev="proc" ino=66173 scontext=u:r:untrusted_app_27:s0:c512,c768 tcontext=u:object_r:proc_pid_max:s0 tclass=file permissive=0 app=com.tencent.mobileqq
11-11 00:10:32.299 I/auditd ( 0): type=1400 audit(0.0:1003): avc: denied { kill } for comm="swapper/0" capability=5 scontext=u:r:kernel:s0 tcontext=u:r:kernel:s0 tclass=capability permissive=0
11-11 00:10:33.463 I/am_freeze( 1491): [2977,com.android.keychain]
11-11 00:10:33.465 I/am_freeze( 1491): [3500,com.android.dynsystem]
11-11 00:10:33.467 I/am_kill ( 1491): [0,2977,com.android.keychain,965,Unable to freeze binder interface]
11-11 00:10:33.469 I/am_kill ( 1491): [0,3500,com.android.dynsystem,975,Unable to freeze binder interface]
11-11 00:10:33.491 I/am_proc_died( 1491): [0,2977,com.android.keychain,965,19]
11-11 00:10:33.499 I/am_proc_died( 1491): [0,3500,com.android.dynsystem,975,19]
11-11 00:10:33.500 I/am_pss ( 1491): [3386,10062,com.qualcomm.qti.devicestatisticsservice,5108736,3538944,0,88551424,0,0,5]
11-11 00:10:33.520 I/am_freeze( 1491): [3517,com.android.localtransport]
11-11 00:10:33.522 I/am_freeze( 1491): [3529,com.android.dynsystem:dynsystem]
11-11 00:10:33.523 I/am_kill ( 1491): [0,3517,com.android.localtransport,965,Unable to freeze binder interface]
11-11 00:10:33.524 I/am_kill ( 1491): [0,3529,com.android.dynsystem:dynsystem,955,Unable to freeze binder interface]
11-11 00:10:33.543 I/am_proc_died( 1491): [0,3517,com.android.localtransport,965,19]
11-11 00:10:33.547 I/am_proc_died( 1491): [0,3529,com.android.dynsystem:dynsystem,955,19]
11-11 00:10:33.739 I/am_freeze( 1491): [3568,com.android.music]
11-11 00:10:33.740 I/am_kill ( 1491): [0,3568,com.android.music,985,Unable to freeze binder interface]
11-11 00:10:33.759 I/am_proc_died( 1491): [0,3568,com.android.music,985,19]
11-11 00:10:33.760 I/am_uid_stopped( 1491): 10086
11-11 00:10:33.812 I/am_freeze( 1491): [3585,com.android.onetimeinitializer]
11-11 00:10:33.814 I/am_kill ( 1491): [0,3585,com.android.onetimeinitializer,975,Unable to freeze binder interface]
11-11 00:10:33.844 I/am_proc_died( 1491): [0,3585,com.android.onetimeinitializer,975,19]
11-11 00:10:33.844 I/am_uid_stopped( 1491): 10059
11-11 00:10:34.353 I/am_freeze( 1491): [2355,com.android.settings]
11-11 00:10:34.354 I/am_kill ( 1491): [0,2355,com.android.settings,965,Unable to freeze binder interface]
11-11 00:10:34.384 I/am_proc_died( 1491): [0,2355,com.android.settings,965,19]
11-11 00:10:35.133 I/am_freeze( 1491): [3726,com.qualcomm.qti.qms.service.connectionsecurity]
11-11 00:10:35.136 I/am_freeze( 1491): [2899,com.qualcomm.qtil.aptxui]
11-11 00:10:35.138 I/am_kill ( 1491): [0,3726,com.qualcomm.qti.qms.service.connectionsecurity,955,Unable to freeze binder interface]
11-11 00:10:35.141 I/am_kill ( 1491): [0,2899,com.qualcomm.qtil.aptxui,945,Unable to freeze binder interface]
11-11 00:10:35.168 I/am_proc_died( 1491): [0,3726,com.qualcomm.qti.qms.service.connectionsecurity,955,19]
11-11 00:10:35.169 I/am_uid_stopped( 1491): 10054
11-11 00:10:35.172 I/am_proc_died( 1491): [0,2899,com.qualcomm.qtil.aptxui,945,19]
11-11 00:10:35.173 I/am_uid_stopped( 1491): 10079
11-11 00:10:35.295 I/auditd ( 0): type=1400 audit(0.0:1004): avc: denied { kill } for comm="swapper/1" capability=5 scontext=u:r:kernel:s0 tcontext=u:r:kernel:s0 tclass=capability permissive=0
11-11 00:10:35.665 I/am_freeze( 1491): [3756,com.android.externalstorage]
11-11 00:10:35.667 I/am_kill ( 1491): [0,3756,com.android.externalstorage,945,Unable to freeze binder interface]
11-11 00:10:35.694 I/am_proc_died( 1491): [0,3756,com.android.externalstorage,945,19]
11-11 00:10:35.694 I/am_uid_stopped( 1491): 10027
11-11 00:10:36.299 I/auditd ( 0): type=1400 audit(0.0:1005): avc: denied { kill } for comm="swapper/1" capability=5 scontext=u:r:kernel:s0 tcontext=u:r:kernel:s0 tclass=capability permissive=0
11-11 00:10:37.295 I/auditd ( 0): type=1400 audit(0.0:1006): avc: denied { kill } for comm="swapper/1" capability=5 scontext=u:r:kernel:s0 tcontext=u:r:kernel:s0 tclass=capability permissive=0
11-11 00:10:38.295 I/auditd ( 0): type=1400 audit(0.0:1007): avc: denied { kill } for comm="swapper/1" capability=5 scontext=u:r:kernel:s0 tcontext=u:r:kernel:s0 tclass=capability permissive=0
11-11 00:10:39.295 I/auditd ( 0): type=1400 audit(0.0:1008): avc: denied { kill } for comm="swapper/1" capability=5 scontext=u:r:kernel:s0 tcontext=u:r:kernel:s0 tclass=capability permissive=0
11-11 00:10:40.519 I/am_freeze( 1491): [4093,com.qualcomm.qti.qms.service.trustzoneaccess]
11-11 00:10:40.522 I/am_kill ( 1491): [0,4093,com.qualcomm.qti.qms.service.trustzoneaccess,935,Unable to freeze binder interface]
11-11 00:10:40.550 I/am_proc_died( 1491): [0,4093,com.qualcomm.qti.qms.service.trustzoneaccess,935,19]
11-11 00:10:40.551 I/am_uid_stopped( 1491): 10056
11-11 00:10:41.299 I/auditd ( 0): type=1400 audit(0.0:1009): avc: denied { kill } for comm="swapper/1" capability=5 scontext=u:r:kernel:s0 tcontext=u:r:kernel:s0 tclass=capability permissive=0
11-11 00:10:42.295 I/auditd ( 0): type=1400 audit(0.0:1010): avc: denied { kill } for comm="swapper/1" capability=5 scontext=u:r:kernel:s0 tcontext=u:r:kernel:s0 tclass=capability permissive=0
11-11 00:10:43.295 I/auditd ( 0): type=1400 audit(0.0:1011): avc: denied { kill } for comm="swapper/1" capability=5 scontext=u:r:kernel:s0 tcontext=u:r:kernel:s0 tclass=capability permissive=0
11-11 00:10:44.299 I/auditd ( 0): type=1400 audit(0.0:1012): avc: denied { kill } for comm="swapper/1" capability=5 scontext=u:r:kernel:s0 tcontext=u:r:kernel:s0 tclass=capability permissive=0
11-11 00:10:45.295 I/auditd ( 0): type=1400 audit(0.0:1013): avc: denied { kill } for comm="swapper/1" capability=5 scontext=u:r:kernel:s0 tcontext=u:r:kernel:s0 tclass=capability permissive=0
11-11 00:10:46.295 I/auditd ( 0): type=1400 audit(0.0:1014): avc: denied { kill } for comm="swapper/1" capability=5 scontext=u:r:kernel:s0 tcontext=u:r:kernel:s0 tclass=capability permissive=0
11-11 00:10:47.299 I/auditd ( 0): type=1400 audit(0.0:1015): avc: denied { kill } for comm="swapper/1" capability=5 scontext=u:r:kernel:s0 tcontext=u:r:kernel:s0 tclass=capability permissive=0
11-11 00:10:48.299 I/auditd ( 0): type=1400 audit(0.0:1016): avc: denied { kill } for comm="swapper/1" capability=5 scontext=u:r:kernel:s0 tcontext=u:r:kernel:s0 tclass=capability permissive=0
11-11 00:10:49.295 I/auditd ( 0): type=1400 audit(0.0:1017): avc: denied { kill } for comm="swapper/1" capability=5 scontext=u:r:kernel:s0 tcontext=u:r:kernel:s0 tclass=capability permissive=0
11-11 00:10:50.299 I/auditd ( 0): type=1400 audit(0.0:1018): avc: denied { kill } for comm="swapper/1" capability=5 scontext=u:r:kernel:s0 tcontext=u:r:kernel:s0 tclass=capability permissive=0
11-11 00:10:51.295 I/auditd ( 0): type=1400 audit(0.0:1019): avc: denied { kill } for comm="swapper/1" capability=5 scontext=u:r:kernel:s0 tcontext=u:r:kernel:s0 tclass=capability permissive=0
11-11 00:10:52.295 I/auditd ( 0): type=1400 audit(0.0:1020): avc: denied { kill } for comm="swapper/1" capability=5 scontext=u:r:kernel:s0 tcontext=u:r:kernel:s0 tclass=capability permissive=0
11-11 00:10:53.299 I/auditd ( 0): type=1400 audit(0.0:1021): avc: denied { kill } for comm="swapper/1" capability=5 scontext=u:r:kernel:s0 tcontext=u:r:kernel:s0 tclass=capability permissive=0
11-11 00:10:54.299 I/auditd ( 0): type=1400 audit(0.0:1022): avc: denied { kill } for comm="swapper/1" capability=5 scontext=u:r:kernel:s0 tcontext=u:r:kernel:s0 tclass=capability permissive=0
11-11 00:10:55.299 I/auditd ( 0): type=1400 audit(0.0:1023): avc: denied { kill } for comm="swapper/1" capability=5 scontext=u:r:kernel:s0 tcontext=u:r:kernel:s0 tclass=capability permissive=0
11-11 00:10:56.086 I/am_freeze( 1491): [4320,com.qualcomm.timeservice]
11-11 00:10:56.088 I/am_kill ( 1491): [0,4320,com.qualcomm.timeservice,925,Unable to freeze binder interface]
11-11 00:10:56.111 I/am_proc_died( 1491): [0,4320,com.qualcomm.timeservice,925,19]
11-11 00:10:56.111 I/am_uid_stopped( 1491): 10052
11-11 00:10:56.119 I/am_pss ( 1491): [2378,10092,android.ext.services,7441408,5160960,0,96075776,0,5,6]
11-11 00:10:56.299 I/auditd ( 0): type=1400 audit(0.0:1024): avc: denied { kill } for comm="swapper/1" capability=5 scontext=u:r:kernel:s0 tcontext=u:r:kernel:s0 tclass=capability permissive=0
11-11 00:10:57.295 I/auditd ( 0): type=1400 audit(0.0:1025): avc: denied { kill } for comm="swapper/1" capability=5 scontext=u:r:kernel:s0 tcontext=u:r:kernel:s0 tclass=capability permissive=0
11-11 00:10:58.299 I/auditd ( 0): type=1400 audit(0.0:1026): avc: denied { kill } for comm="swapper/1" capability=5 scontext=u:r:kernel:s0 tcontext=u:r:kernel:s0 tclass=capability permissive=0
11-11 00:10:59.295 I/auditd ( 0): type=1400 audit(0.0:1027): avc: denied { kill } for comm="swapper/1" capability=5 scontext=u:r:kernel:s0 tcontext=u:r:kernel:s0 tclass=capability permissive=0
11-11 00:11:00.299 I/auditd ( 0): type=1400 audit(0.0:1028): avc: denied { kill } for comm="swapper/1" capability=5 scontext=u:r:kernel:s0 tcontext=u:r:kernel:s0 tclass=capability permissive=0
11-11 00:11:01.295 I/auditd ( 0): type=1400 audit(0.0:1029): avc: denied { kill } for comm="swapper/1" capability=5 scontext=u:r:kernel:s0 tcontext=u:r:kernel:s0 tclass=capability permissive=0
11-11 00:11:02.057 I/am_uid_idle( 1491): 10095
11-11 00:11:02.295 I/auditd ( 0): type=1400 audit(0.0:1030): avc: denied { kill } for comm="swapper/1" capability=5 scontext=u:r:kernel:s0 tcontext=u:r:kernel:s0 tclass=capability permissive=0
11-11 00:11:03.295 I/auditd ( 0): type=1400 audit(0.0:1031): avc: denied { kill } for comm="swapper/1" capability=5 scontext=u:r:kernel:s0 tcontext=u:r:kernel:s0 tclass=capability permissive=0
11-11 00:11:04.295 I/auditd ( 0): type=1400 audit(0.0:1032): avc: denied { kill } for comm="swapper/1" capability=5 scontext=u:r:kernel:s0 tcontext=u:r:kernel:s0 tclass=capability permissive=0
11-11 00:11:04.671 I/netstats_mobile_sample( 1491): [0,0,0,0,0,0,0,0,0,0,0,0,1668082264671]
11-11 00:11:04.671 I/netstats_wifi_sample( 1491): [8555135,20150,7009828,16491,8555135,20150,7009828,16491,14525847,33210,4060338,9517,1668082264671]
11-11 00:11:05.295 I/auditd ( 0): type=1400 audit(0.0:1033): avc: denied { kill } for comm="swapper/1" capability=5 scontext=u:r:kernel:s0 tcontext=u:r:kernel:s0 tclass=capability permissive=0
11-11 00:11:05.856 I/am_pss ( 1491): [2154,1001,.dataservices,8780800,6647808,0,94916608,0,0,10]
11-11 00:11:05.867 I/am_pss ( 1491): [2043,1073,com.android.networkstack.process,25478144,22757376,0,119054336,0,0,8]
11-11 00:11:05.882 I/am_pss ( 1491): [1971,10078,com.android.systemui,172945408,151605248,0,325214208,0,0,13]
11-11 00:11:05.902 I/am_pss ( 1491): [1491,1000,system,221685760,132100096,0,532238336,0,0,19]
11-11 00:11:06.295 I/auditd ( 0): type=1400 audit(0.0:1034): avc: denied { kill } for comm="swapper/1" capability=5 scontext=u:r:kernel:s0 tcontext=u:r:kernel:s0 tclass=capability permissive=0
11-11 00:11:07.295 I/auditd ( 0): type=1400 audit(0.0:1035): avc: denied { kill } for comm="swapper/1" capability=5 scontext=u:r:kernel:s0 tcontext=u:r:kernel:s0 tclass=capability permissive=0
11-11 00:11:08.299 I/auditd ( 0): type=1400 audit(0.0:1036): avc: denied { kill } for comm="swapper/1" capability=5 scontext=u:r:kernel:s0 tcontext=u:r:kernel:s0 tclass=capability permissive=0
11-11 00:11:10.299 I/auditd ( 0): type=1400 audit(0.0:1037): avc: denied { kill } for comm="swapper/1" capability=5 scontext=u:r:kernel:s0 tcontext=u:r:kernel:s0 tclass=capability permissive=0
11-11 00:11:11.299 I/auditd ( 0): type=1400 audit(0.0:1038): avc: denied { kill } for comm="swapper/1" capability=5 scontext=u:r:kernel:s0 tcontext=u:r:kernel:s0 tclass=capability permissive=0
11-11 00:11:12.295 I/auditd ( 0): type=1400 audit(0.0:1039): avc: denied { kill } for comm="swapper/1" capability=5 scontext=u:r:kernel:s0 tcontext=u:r:kernel:s0 tclass=capability permissive=0
11-11 00:11:13.295 I/auditd ( 0): type=1400 audit(0.0:1040): avc: denied { kill } for comm="swapper/1" capability=5 scontext=u:r:kernel:s0 tcontext=u:r:kernel:s0 tclass=capability permissive=0
11-11 00:11:14.062 I/am_freeze( 1491): [2936,android.process.media]
11-11 00:11:14.067 I/am_freeze( 1491): [2506,com.qualcomm.qti.qccauthmgr]
11-11 00:11:14.072 I/am_freeze( 1491): [3118,android.process.acore]
11-11 00:11:14.074 I/am_kill ( 1491): [0,2936,android.process.media,925,Unable to freeze binder interface]
11-11 00:11:14.077 I/am_kill ( 1491): [0,2506,com.qualcomm.qti.qccauthmgr,935,Unable to freeze binder interface]
11-11 00:11:14.078 I/am_kill ( 1491): [0,3118,android.process.acore,955,Unable to freeze binder interface]
11-11 00:11:14.103 I/am_proc_died( 1491): [0,2936,android.process.media,925,19]
11-11 00:11:14.104 I/am_uid_stopped( 1491): 10018
11-11 00:11:14.107 I/am_proc_died( 1491): [0,2506,com.qualcomm.qti.qccauthmgr,935,19]
11-11 00:11:14.108 I/am_uid_stopped( 1491): 10080
11-11 00:11:14.109 I/am_proc_died( 1491): [0,3118,android.process.acore,955,19]
11-11 00:11:14.109 I/am_uid_stopped( 1491): 10021
11-11 00:11:14.113 I/am_pss ( 1491): [2884,10074,com.qualcomm.location.XT,6710272,4521984,0,92897280,0,6,5]
11-11 00:11:14.118 I/am_pss ( 1491): [3602,10029,com.android.packageinstaller,7548928,5550080,0,90484736,0,19,4]
11-11 00:11:14.123 I/am_pss ( 1491): [3544,10019,com.android.managedprovisioning,9140224,7061504,0,93618176,0,19,4]
11-11 00:11:14.128 I/am_pss ( 1491): [3069,10067,com.android.inputmethod.latin,14434304,10887168,0,113008640,0,7,5]
11-11 00:11:14.133 I/am_pss ( 1491): [2278,1000,com.thundercomm.remotecontrolservice,9005056,6127616,0,99942400,0,0,5]
11-11 00:11:14.138 I/am_pss ( 1491): [2318,1000,com.qualcomm.qti.qdma,10091520,6475776,0,105869312,0,0,4]
11-11 00:11:14.143 I/am_pss ( 1491): [2300,1000,com.thundercomm.tcservice,8597504,6352896,0,95821824,0,0,5]
11-11 00:11:14.147 I/am_pss ( 1491): [2267,1068,com.android.se,6046720,3944448,0,90955776,0,0,4]
11-11 00:11:14.152 I/am_pss ( 1491): [2251,10083,com.qti.qualcomm.mstatssystemservice,5722112,3678208,0,89419776,0,0,4]
11-11 00:11:14.157 I/am_pss ( 1491): [2234,1000,vendor.qti.qesdk.sysservice,5792768,3670016,0,91049984,0,0,4]
11-11 00:11:14.161 I/am_pss ( 1491): [2216,1000,com.thundercomm.tcsetupwizard,7041024,5009408,0,90849280,0,0,4]
11-11 00:11:14.167 I/am_pss ( 1491): [2213,1000,com.tc.logclient,7913472,5365760,0,98668544,0,0,4]
11-11 00:11:14.171 I/am_pss ( 1491): [2186,1000,com.thundercomm.tchttpserver,8065024,5902336,0,93814784,0,0,4]
11-11 00:11:14.176 I/am_pss ( 1491): [2164,10053,.qtidataservices,6225920,4128768,0,90927104,0,0,4]
11-11 00:11:14.182 I/am_pss ( 1491): [2145,1000,com.thundercomm.microsettings,29454336,26275840,0,118476800,0,0,5]
11-11 00:11:14.187 I/am_pss ( 1491): [2135,1000,com.thundercomm.microservice,9347072,7155712,0,95596544,0,0,4]
11-11 00:11:14.193 I/am_pss ( 1491): [2083,1000,com.thundercomm.gamemode,30215168,25350144,0,133836800,0,0,6]
11-11 00:11:14.295 I/auditd ( 0): type=1400 audit(0.0:1041): avc: denied { kill } for comm="swapper/1" capability=5 scontext=u:r:kernel:s0 tcontext=u:r:kernel:s0 tclass=capability permissive=0
11-11 00:11:15.295 I/auditd ( 0): type=1400 audit(0.0:1042): avc: denied { kill } for comm="swapper/1" capability=5 scontext=u:r:kernel:s0 tcontext=u:r:kernel:s0 tclass=capability permissive=0
11-11 00:11:16.295 I/auditd ( 0): type=1400 audit(0.0:1043): avc: denied { kill } for comm="swapper/1" capability=5 scontext=u:r:kernel:s0 tcontext=u:r:kernel:s0 tclass=capability permissive=0
11-11 00:11:17.295 I/auditd ( 0): type=1400 audit(0.0:1044): avc: denied { kill } for comm="swapper/1" capability=5 scontext=u:r:kernel:s0 tcontext=u:r:kernel:s0 tclass=capability permissive=0
11-11 00:11:18.299 I/auditd ( 0): type=1400 audit(0.0:1045): avc: denied { kill } for comm="swapper/1" capability=5 scontext=u:r:kernel:s0 tcontext=u:r:kernel:s0 tclass=capability permissive=0
11-11 00:11:19.299 I/auditd ( 0): type=1400 audit(0.0:1046): avc: denied { kill } for comm="swapper/1" capability=5 scontext=u:r:kernel:s0 tcontext=u:r:kernel:s0 tclass=capability permissive=0
11-11 00:11:20.295 I/auditd ( 0): type=1400 audit(0.0:1047): avc: denied { kill } for comm="swapper/1" capability=5 scontext=u:r:kernel:s0 tcontext=u:r:kernel:s0 tclass=capability permissive=0
11-11 00:11:21.299 I/auditd ( 0): type=1400 audit(0.0:1048): avc: denied { kill } for comm="swapper/1" capability=5 scontext=u:r:kernel:s0 tcontext=u:r:kernel:s0 tclass=capability permissive=0
11-11 00:11:22.295 I/auditd ( 0): type=1400 audit(0.0:1049): avc: denied { kill } for comm="swapper/1" capability=5 scontext=u:r:kernel:s0 tcontext=u:r:kernel:s0 tclass=capability permissive=0
11-11 00:11:23.299 I/auditd ( 0): type=1400 audit(0.0:1050): avc: denied { kill } for comm="swapper/1" capability=5 scontext=u:r:kernel:s0 tcontext=u:r:kernel:s0 tclass=capability permissive=0
11-11 00:11:24.295 I/auditd ( 0): type=1400 audit(0.0:1051): avc: denied { kill } for comm="swapper/1" capability=5 scontext=u:r:kernel:s0 tcontext=u:r:kernel:s0 tclass=capability permissive=0
11-11 00:11:25.299 I/auditd ( 0): type=1400 audit(0.0:1052): avc: denied { kill } for comm="swapper/1" capability=5 scontext=u:r:kernel:s0 tcontext=u:r:kernel:s0 tclass=capability permissive=0
11-11 00:11:26.295 I/auditd ( 0): type=1400 audit(0.0:1053): avc: denied { kill } for comm="swapper/1" capability=5 scontext=u:r:kernel:s0 tcontext=u:r:kernel:s0 tclass=capability permissive=0
11-11 00:11:27.299 I/auditd ( 0): type=1400 audit(0.0:1054): avc: denied { kill } for comm="swapper/1" capability=5 scontext=u:r:kernel:s0 tcontext=u:r:kernel:s0 tclass=capability permissive=0
11-11 00:11:28.295 I/auditd ( 0): type=1400 audit(0.0:1055): avc: denied { kill } for comm="swapper/1" capability=5 scontext=u:r:kernel:s0 tcontext=u:r:kernel:s0 tclass=capability permissive=0
11-11 00:11:29.299 I/auditd ( 0): type=1400 audit(0.0:1056): avc: denied { kill } for comm="swapper/1" capability=5 scontext=u:r:kernel:s0 tcontext=u:r:kernel:s0 tclass=capability permissive=0
11-11 00:11:30.299 I/auditd ( 0): type=1400 audit(0.0:1057): avc: denied { kill } for comm="swapper/1" capability=5 scontext=u:r:kernel:s0 tcontext=u:r:kernel:s0 tclass=capability permissive=0
11-11 00:11:31.295 I/auditd ( 0): type=1400 audit(0.0:1058): avc: denied { kill } for comm="swapper/1" capability=5 scontext=u:r:kernel:s0 tcontext=u:r:kernel:s0 tclass=capability permissive=0
11-11 00:11:32.295 I/auditd ( 0): type=1400 audit(0.0:1059): avc: denied { kill } for comm="swapper/1" capability=5 scontext=u:r:kernel:s0 tcontext=u:r:kernel:s0 tclass=capability permissive=0
11-11 00:11:33.299 I/auditd ( 0): type=1400 audit(0.0:1060): avc: denied { kill } for comm="swapper/1" capability=5 scontext=u:r:kernel:s0 tcontext=u:r:kernel:s0 tclass=capability permissive=0
11-11 00:11:34.295 I/auditd ( 0): type=1400 audit(0.0:1061): avc: denied { kill } for comm="swapper/1" capability=5 scontext=u:r:kernel:s0 tcontext=u:r:kernel:s0 tclass=capability permissive=0
11-11 00:11:35.299 I/auditd ( 0): type=1400 audit(0.0:1062): avc: denied { kill } for comm="swapper/1" capability=5 scontext=u:r:kernel:s0 tcontext=u:r:kernel:s0 tclass=capability permissive=0
11-11 00:11:36.295 I/auditd ( 0): type=1400 audit(0.0:1063): avc: denied { kill } for comm="swapper/1" capability=5 scontext=u:r:kernel:s0 tcontext=u:r:kernel:s0 tclass=capability permissive=0
11-11 00:11:37.299 I/auditd ( 0): type=1400 audit(0.0:1064): avc: denied { kill } for comm="swapper/1" capability=5 scontext=u:r:kernel:s0 tcontext=u:r:kernel:s0 tclass=capability permissive=0
11-11 00:11:38.299 I/auditd ( 0): type=1400 audit(0.0:1065): avc: denied { kill } for comm="swapper/1" capability=5 scontext=u:r:kernel:s0 tcontext=u:r:kernel:s0 tclass=capability permissive=0
11-11 00:11:38.717 I/am_freeze( 1491): [3619,com.android.permissioncontroller]
11-11 00:11:38.720 I/am_kill ( 1491): [0,3619,com.android.permissioncontroller,925,Unable to freeze binder interface]
11-11 00:11:38.750 I/am_proc_died( 1491): [0,3619,com.android.permissioncontroller,925,19]
11-11 00:11:38.750 I/am_uid_stopped( 1491): 10090
11-11 00:11:38.761 I/am_pss ( 1491): [5521,10051,com.thundercomm.screensaver,48635904,41844736,0,160264192,0,2,7]
11-11 00:11:38.767 I/am_pss ( 1491): [2872,10091,com.android.providers.media.module,18278400,14221312,0,118439936,0,0,6]
11-11 00:11:38.773 I/am_pss ( 1491): [2649,10076,com.qualcomm.location,10762240,7794688,0,102268928,0,0,4]
11-11 00:11:39.295 I/auditd ( 0): type=1400 audit(0.0:1066): avc: denied { kill } for comm="swapper/1" capability=5 scontext=u:r:kernel:s0 tcontext=u:r:kernel:s0 tclass=capability permissive=0
11-11 00:11:40.295 I/auditd ( 0): type=1400 audit(0.0:1067): avc: denied { kill } for comm="swapper/1" capability=5 scontext=u:r:kernel:s0 tcontext=u:r:kernel:s0 tclass=capability permissive=0
11-11 00:11:41.299 I/auditd ( 0): type=1400 audit(0.0:1068): avc: denied { kill } for comm="swapper/1" capability=5 scontext=u:r:kernel:s0 tcontext=u:r:kernel:s0 tclass=capability permissive=0
11-11 00:11:42.299 I/auditd ( 0): type=1400 audit(0.0:1069): avc: denied { kill } for comm="swapper/1" capability=5 scontext=u:r:kernel:s0 tcontext=u:r:kernel:s0 tclass=capability permissive=0
11-11 00:11:43.295 I/auditd ( 0): type=1400 audit(0.0:1070): avc: denied { kill } for comm="swapper/1" capability=5 scontext=u:r:kernel:s0 tcontext=u:r:kernel:s0 tclass=capability permissive=0
11-11 00:11:44.295 I/auditd ( 0): type=1400 audit(0.0:1071): avc: denied { kill } for comm="swapper/1" capability=5 scontext=u:r:kernel:s0 tcontext=u:r:kernel:s0 tclass=capability permissive=0
11-11 00:11:45.295 I/auditd ( 0): type=1400 audit(0.0:1072): avc: denied { kill } for comm="swapper/1" capability=5 scontext=u:r:kernel:s0 tcontext=u:r:kernel:s0 tclass=capability permissive=0
11-11 00:11:46.299 I/auditd ( 0): type=1400 audit(0.0:1073): avc: denied { kill } for comm="swapper/1" capability=5 scontext=u:r:kernel:s0 tcontext=u:r:kernel:s0 tclass=capability permissive=0
11-11 00:11:47.295 I/auditd ( 0): type=1400 audit(0.0:1074): avc: denied { kill } for comm="swapper/1" capability=5 scontext=u:r:kernel:s0 tcontext=u:r:kernel:s0 tclass=capability permissive=0
11-11 00:11:48.295 I/auditd ( 0): type=1400 audit(0.0:1075): avc: denied { kill } for comm="swapper/1" capability=5 scontext=u:r:kernel:s0 tcontext=u:r:kernel:s0 tclass=capability permissive=0
11-11 00:11:49.299 I/auditd ( 0): type=1400 audit(0.0:1076): avc: denied { kill } for comm="swapper/1" capability=5 scontext=u:r:kernel:s0 tcontext=u:r:kernel:s0 tclass=capability permissive=0
11-11 00:11:50.299 I/auditd ( 0): type=1400 audit(0.0:1077): avc: denied { kill } for comm="swapper/1" capability=5 scontext=u:r:kernel:s0 tcontext=u:r:kernel:s0 tclass=capability permissive=0
11-11 00:11:51.295 I/auditd ( 0): type=1400 audit(0.0:1078): avc: denied { kill } for comm="swapper/1" capability=5 scontext=u:r:kernel:s0 tcontext=u:r:kernel:s0 tclass=capability permissive=0
11-11 00:11:52.295 I/auditd ( 0): type=1400 audit(0.0:1079): avc: denied { kill } for comm="swapper/1" capability=5 scontext=u:r:kernel:s0 tcontext=u:r:kernel:s0 tclass=capability permissive=0
11-11 00:11:53.295 I/auditd ( 0): type=1400 audit(0.0:1080): avc: denied { kill } for comm="swapper/1" capability=5 scontext=u:r:kernel:s0 tcontext=u:r:kernel:s0 tclass=capability permissive=0
11-11 00:11:54.295 I/auditd ( 0): type=1400 audit(0.0:1081): avc: denied { kill } for comm="swapper/1" capability=5 scontext=u:r:kernel:s0 tcontext=u:r:kernel:s0 tclass=capability permissive=0
11-11 00:11:55.295 I/auditd ( 0): type=1400 audit(0.0:1082): avc: denied { kill } for comm="swapper/1" capability=5 scontext=u:r:kernel:s0 tcontext=u:r:kernel:s0 tclass=capability permissive=0
11-11 00:11:56.295 I/auditd ( 0): type=1400 audit(0.0:1083): avc: denied { kill } for comm="swapper/1" capability=5 scontext=u:r:kernel:s0 tcontext=u:r:kernel:s0 tclass=capability permissive=0
11-11 00:11:57.295 I/auditd ( 0): type=1400 audit(0.0:1084): avc: denied { kill } for comm="swapper/1" capability=5 scontext=u:r:kernel:s0 tcontext=u:r:kernel:s0 tclass=capability permissive=0
11-11 00:11:58.299 I/auditd ( 0): type=1400 audit(0.0:1085): avc: denied { kill } for comm="swapper/1" capability=5 scontext=u:r:kernel:s0 tcontext=u:r:kernel:s0 tclass=capability permissive=0
11-11 00:11:59.299 I/auditd ( 0): type=1400 audit(0.0:1086): avc: denied { kill } for comm="swapper/1" capability=5 scontext=u:r:kernel:s0 tcontext=u:r:kernel:s0 tclass=capability permissive=0
11-11 00:12:00.295 I/auditd ( 0): type=1400 audit(0.0:1087): avc: denied { kill } for comm="swapper/1" capability=5 scontext=u:r:kernel:s0 tcontext=u:r:kernel:s0 tclass=capability permissive=0
11-11 00:12:01.295 I/auditd ( 0): type=1400 audit(0.0:1088): avc: denied { kill } for comm="swapper/1" capability=5 scontext=u:r:kernel:s0 tcontext=u:r:kernel:s0 tclass=capability permissive=0
11-11 00:12:02.299 I/auditd ( 0): type=1400 audit(0.0:1089): avc: denied { kill } for comm="swapper/1" capability=5 scontext=u:r:kernel:s0 tcontext=u:r:kernel:s0 tclass=capability permissive=0
11-11 00:12:03.299 I/auditd ( 0): type=1400 audit(0.0:1090): avc: denied { kill } for comm="swapper/1" capability=5 scontext=u:r:kernel:s0 tcontext=u:r:kernel:s0 tclass=capability permissive=0
11-11 00:12:05.295 I/auditd ( 0): type=1400 audit(0.0:1091): avc: denied { kill } for comm="swapper/1" capability=5 scontext=u:r:kernel:s0 tcontext=u:r:kernel:s0 tclass=capability permissive=0
11-11 00:12:06.295 I/auditd ( 0): type=1400 audit(0.0:1092): avc: denied { kill } for comm="swapper/1" capability=5 scontext=u:r:kernel:s0 tcontext=u:r:kernel:s0 tclass=capability permissive=0
11-11 00:12:07.295 I/auditd ( 0): type=1400 audit(0.0:1093): avc: denied { kill } for comm="swapper/1" capability=5 scontext=u:r:kernel:s0 tcontext=u:r:kernel:s0 tclass=capability permissive=0
11-11 00:12:08.295 I/auditd ( 0): type=1400 audit(0.0:1094): avc: denied { kill } for comm="swapper/1" capability=5 scontext=u:r:kernel:s0 tcontext=u:r:kernel:s0 tclass=capability permissive=0
11-11 00:12:09.295 I/auditd ( 0): type=1400 audit(0.0:1095): avc: denied { kill } for comm="swapper/1" capability=5 scontext=u:r:kernel:s0 tcontext=u:r:kernel:s0 tclass=capability permissive=0
11-11 00:12:10.299 I/auditd ( 0): type=1400 audit(0.0:1096): avc: denied { kill } for comm="swapper/1" capability=5 scontext=u:r:kernel:s0 tcontext=u:r:kernel:s0 tclass=capability permissive=0
11-11 00:12:11.295 I/auditd ( 0): type=1400 audit(0.0:1097): avc: denied { kill } for comm="swapper/1" capability=5 scontext=u:r:kernel:s0 tcontext=u:r:kernel:s0 tclass=capability permissive=0
11-11 00:12:12.295 I/auditd ( 0): type=1400 audit(0.0:1098): avc: denied { kill } for comm="swapper/1" capability=5 scontext=u:r:kernel:s0 tcontext=u:r:kernel:s0 tclass=capability permissive=0
11-11 00:12:13.295 I/auditd ( 0): type=1400 audit(0.0:1099): avc: denied { kill } for comm="swapper/1" capability=5 scontext=u:r:kernel:s0 tcontext=u:r:kernel:s0 tclass=capability permissive=0
11-11 00:12:14.299 I/auditd ( 0): type=1400 audit(0.0:1100): avc: denied { kill } for comm="swapper/1" capability=5 scontext=u:r:kernel:s0 tcontext=u:r:kernel:s0 tclass=capability permissive=0
11-11 00:12:15.295 I/auditd ( 0): type=1400 audit(0.0:1101): avc: denied { kill } for comm="swapper/1" capability=5 scontext=u:r:kernel:s0 tcontext=u:r:kernel:s0 tclass=capability permissive=0
11-11 00:12:16.295 I/auditd ( 0): type=1400 audit(0.0:1102): avc: denied { kill } for comm="swapper/1" capability=5 scontext=u:r:kernel:s0 tcontext=u:r:kernel:s0 tclass=capability permissive=0
11-11 00:12:17.295 I/auditd ( 0): type=1400 audit(0.0:1103): avc: denied { kill } for comm="swapper/1" capability=5 scontext=u:r:kernel:s0 tcontext=u:r:kernel:s0 tclass=capability permissive=0
11-11 00:12:18.299 I/auditd ( 0): type=1400 audit(0.0:1104): avc: denied { kill } for comm="swapper/1" capability=5 scontext=u:r:kernel:s0 tcontext=u:r:kernel:s0 tclass=capability permissive=0
11-11 00:12:19.295 I/auditd ( 0): type=1400 audit(0.0:1105): avc: denied { kill } for comm="swapper/1" capability=5 scontext=u:r:kernel:s0 tcontext=u:r:kernel:s0 tclass=capability permissive=0
11-11 00:12:20.295 I/auditd ( 0): type=1400 audit(0.0:1106): avc: denied { kill } for comm="swapper/1" capability=5 scontext=u:r:kernel:s0 tcontext=u:r:kernel:s0 tclass=capability permissive=0
11-11 00:12:21.299 I/auditd ( 0): type=1400 audit(0.0:1107): avc: denied { kill } for comm="swapper/1" capability=5 scontext=u:r:kernel:s0 tcontext=u:r:kernel:s0 tclass=capability permissive=0
11-11 00:12:22.299 I/auditd ( 0): type=1400 audit(0.0:1108): avc: denied { kill } for comm="swapper/1" capability=5 scontext=u:r:kernel:s0 tcontext=u:r:kernel:s0 tclass=capability permissive=0
11-11 00:12:23.299 I/auditd ( 0): type=1400 audit(0.0:1109): avc: denied { kill } for comm="swapper/1" capability=5 scontext=u:r:kernel:s0 tcontext=u:r:kernel:s0 tclass=capability permissive=0
11-11 00:12:24.299 I/auditd ( 0): type=1400 audit(0.0:1110): avc: denied { kill } for comm="swapper/1" capability=5 scontext=u:r:kernel:s0 tcontext=u:r:kernel:s0 tclass=capability permissive=0
11-11 00:12:25.299 I/auditd ( 0): type=1400 audit(0.0:1111): avc: denied { kill } for comm="swapper/1" capability=5 scontext=u:r:kernel:s0 tcontext=u:r:kernel:s0 tclass=capability permissive=0
11-11 00:12:26.299 I/auditd ( 0): type=1400 audit(0.0:1112): avc: denied { kill } for comm="swapper/1" capability=5 scontext=u:r:kernel:s0 tcontext=u:r:kernel:s0 tclass=capability permissive=0
11-11 00:12:27.102 I/am_freeze( 1491): [3635,com.android.providers.calendar]
11-11 00:12:27.104 I/am_kill ( 1491): [0,3635,com.android.providers.calendar,935,Unable to freeze binder interface]
11-11 00:12:27.133 I/am_proc_died( 1491): [0,3635,com.android.providers.calendar,935,19]
11-11 00:12:27.134 I/am_uid_stopped( 1491): 10030
11-11 00:12:27.141 I/am_pss ( 1491): [3656,2000,com.android.shell,6536192,4296704,0,91627520,0,19,5]
11-11 00:12:27.146 I/am_pss ( 1491): [2834,10081,com.qualcomm.qti.workloadclassifier,8880128,6684672,0,93085696,0,0,5]
11-11 00:12:27.151 I/am_pss ( 1491): [2809,10085,com.qualcomm.qti.qccnetstat,6493184,4243456,0,91197440,0,0,4]
11-11 00:12:27.155 I/am_pss ( 1491): [2803,10068,com.qualcomm.qti.services.systemhelper:systemhelper_service,6786048,4460544,0,93335552,0,0,4]
11-11 00:12:27.160 I/am_pss ( 1491): [2779,10058,.pasr,5718016,3588096,0,88719360,0,0,4]
11-11 00:12:27.165 I/am_pss ( 1491): [2743,1000,com.hryt.hiphishowfsecontrol,14681088,11997184,0,105545728,0,0,5]
11-11 00:12:27.169 I/am_pss ( 1491): [2723,10055,ts.car.uart,6518784,4390912,0,89858048,0,0,4]
11-11 00:12:27.176 I/am_pss ( 1491): [2722,10084,com.hht.lebocast,42044416,20221952,0,106496000,0,0,6]
11-11 00:12:27.295 I/auditd ( 0): type=1400 audit(0.0:1113): avc: denied { kill } for comm="swapper/1" capability=5 scontext=u:r:kernel:s0 tcontext=u:r:kernel:s0 tclass=capability permissive=0
11-11 00:12:28.295 I/auditd ( 0): type=1400 audit(0.0:1114): avc: denied { kill } for comm="swapper/1" capability=5 scontext=u:r:kernel:s0 tcontext=u:r:kernel:s0 tclass=capability permissive=0
11-11 00:12:29.295 I/auditd ( 0): type=1400 audit(0.0:1115): avc: denied { kill } for comm="swapper/1" capability=5 scontext=u:r:kernel:s0 tcontext=u:r:kernel:s0 tclass=capability permissive=0
11-11 00:12:30.299 I/auditd ( 0): type=1400 audit(0.0:1116): avc: denied { kill } for comm="swapper/1" capability=5 scontext=u:r:kernel:s0 tcontext=u:r:kernel:s0 tclass=capability permissive=0
11-11 00:12:31.295 I/auditd ( 0): type=1400 audit(0.0:1117): avc: denied { kill } for comm="swapper/1" capability=5 scontext=u:r:kernel:s0 tcontext=u:r:kernel:s0 tclass=capability permissive=0
11-11 00:12:32.295 I/auditd ( 0): type=1400 audit(0.0:1118): avc: denied { kill } for comm="swapper/1" capability=5 scontext=u:r:kernel:s0 tcontext=u:r:kernel:s0 tclass=capability permissive=0
11-11 00:12:33.295 I/auditd ( 0): type=1400 audit(0.0:1119): avc: denied { kill } for comm="swapper/1" capability=5 scontext=u:r:kernel:s0 tcontext=u:r:kernel:s0 tclass=capability permissive=0
11-11 00:12:34.295 I/auditd ( 0): type=1400 audit(0.0:1120): avc: denied { kill } for comm="swapper/1" capability=5 scontext=u:r:kernel:s0 tcontext=u:r:kernel:s0 tclass=capability permissive=0
11-11 00:12:35.299 I/auditd ( 0): type=1400 audit(0.0:1121): avc: denied { kill } for comm="swapper/1" capability=5 scontext=u:r:kernel:s0 tcontext=u:r:kernel:s0 tclass=capability permissive=0
11-11 00:12:36.295 I/auditd ( 0): type=1400 audit(0.0:1122): avc: denied { kill } for comm="swapper/1" capability=5 scontext=u:r:kernel:s0 tcontext=u:r:kernel:s0 tclass=capability permissive=0
11-11 00:12:37.295 I/auditd ( 0): type=1400 audit(0.0:1123): avc: denied { kill } for comm="swapper/1" capability=5 scontext=u:r:kernel:s0 tcontext=u:r:kernel:s0 tclass=capability permissive=0
11-11 00:12:38.299 I/auditd ( 0): type=1400 audit(0.0:1124): avc: denied { kill } for comm="swapper/1" capability=5 scontext=u:r:kernel:s0 tcontext=u:r:kernel:s0 tclass=capability permissive=0
11-11 00:12:39.295 I/auditd ( 0): type=1400 audit(0.0:1125): avc: denied { kill } for comm="swapper/1" capability=5 scontext=u:r:kernel:s0 tcontext=u:r:kernel:s0 tclass=capability permissive=0
11-11 00:12:40.299 I/auditd ( 0): type=1400 audit(0.0:1126): avc: denied { kill } for comm="swapper/1" capability=5 scontext=u:r:kernel:s0 tcontext=u:r:kernel:s0 tclass=capability permissive=0
11-11 00:12:41.295 I/auditd ( 0): type=1400 audit(0.0:1127): avc: denied { kill } for comm="swapper/1" capability=5 scontext=u:r:kernel:s0 tcontext=u:r:kernel:s0 tclass=capability permissive=0
11-11 00:12:42.295 I/auditd ( 0): type=1400 audit(0.0:1128): avc: denied { kill } for comm="swapper/1" capability=5 scontext=u:r:kernel:s0 tcontext=u:r:kernel:s0 tclass=capability permissive=0
11-11 00:12:43.295 I/auditd ( 0): type=1400 audit(0.0:1129): avc: denied { kill } for comm="swapper/1" capability=5 scontext=u:r:kernel:s0 tcontext=u:r:kernel:s0 tclass=capability permissive=0
11-11 00:12:44.295 I/auditd ( 0): type=1400 audit(0.0:1130): avc: denied { kill } for comm="swapper/1" capability=5 scontext=u:r:kernel:s0 tcontext=u:r:kernel:s0 tclass=capability permissive=0
11-11 00:12:45.299 I/auditd ( 0): type=1400 audit(0.0:1131): avc: denied { kill } for comm="swapper/1" capability=5 scontext=u:r:kernel:s0 tcontext=u:r:kernel:s0 tclass=capability permissive=0
11-11 00:12:46.299 I/auditd ( 0): type=1400 audit(0.0:1132): avc: denied { kill } for comm="swapper/1" capability=5 scontext=u:r:kernel:s0 tcontext=u:r:kernel:s0 tclass=capability permissive=0
11-11 00:12:47.295 I/auditd ( 0): type=1400 audit(0.0:1133): avc: denied { kill } for comm="swapper/1" capability=5 scontext=u:r:kernel:s0 tcontext=u:r:kernel:s0 tclass=capability permissive=0
11-11 00:12:48.295 I/auditd ( 0): type=1400 audit(0.0:1134): avc: denied { kill } for comm="swapper/1" capability=5 scontext=u:r:kernel:s0 tcontext=u:r:kernel:s0 tclass=capability permissive=0
11-11 00:12:49.299 I/auditd ( 0): type=1400 audit(0.0:1135): avc: denied { kill } for comm="swapper/1" capability=5 scontext=u:r:kernel:s0 tcontext=u:r:kernel:s0 tclass=capability permissive=0
11-11 00:12:49.617 I/netstats_mobile_sample( 1491): [0,0,0,0,0,0,0,0,0,0,0,0,1668082369616]
11-11 00:12:49.617 I/netstats_wifi_sample( 1491): [9993176,23273,8190514,19142,9993176,23273,8190514,19142,16891401,37990,4651166,10848,1668082369616]
11-11 00:12:50.295 I/auditd ( 0): type=1400 audit(0.0:1136): avc: denied { kill } for comm="swapper/1" capability=5 scontext=u:r:kernel:s0 tcontext=u:r:kernel:s0 tclass=capability permissive=0
11-11 00:12:51.295 I/auditd ( 0): type=1400 audit(0.0:1137): avc: denied { kill } for comm="swapper/1" capability=5 scontext=u:r:kernel:s0 tcontext=u:r:kernel:s0 tclass=capability permissive=0
11-11 00:12:52.295 I/auditd ( 0): type=1400 audit(0.0:1138): avc: denied { kill } for comm="swapper/1" capability=5 scontext=u:r:kernel:s0 tcontext=u:r:kernel:s0 tclass=capability permissive=0
11-11 00:12:53.295 I/auditd ( 0): type=1400 audit(0.0:1139): avc: denied { kill } for comm="swapper/1" capability=5 scontext=u:r:kernel:s0 tcontext=u:r:kernel:s0 tclass=capability permissive=0
11-11 00:12:54.295 I/auditd ( 0): type=1400 audit(0.0:1140): avc: denied { kill } for comm="swapper/1" capability=5 scontext=u:r:kernel:s0 tcontext=u:r:kernel:s0 tclass=capability permissive=0
11-11 00:12:55.295 I/auditd ( 0): type=1400 audit(0.0:1141): avc: denied { kill } for comm="swapper/1" capability=5 scontext=u:r:kernel:s0 tcontext=u:r:kernel:s0 tclass=capability permissive=0
11-11 00:12:56.295 I/auditd ( 0): type=1400 audit(0.0:1142): avc: denied { kill } for comm="swapper/1" capability=5 scontext=u:r:kernel:s0 tcontext=u:r:kernel:s0 tclass=capability permissive=0
11-11 00:12:57.299 I/auditd ( 0): type=1400 audit(0.0:1143): avc: denied { kill } for comm="swapper/1" capability=5 scontext=u:r:kernel:s0 tcontext=u:r:kernel:s0 tclass=capability permissive=0
11-11 00:12:58.299 I/auditd ( 0): type=1400 audit(0.0:1144): avc: denied { kill } for comm="swapper/1" capability=5 scontext=u:r:kernel:s0 tcontext=u:r:kernel:s0 tclass=capability permissive=0
11-11 00:12:59.299 I/auditd ( 0): type=1400 audit(0.0:1145): avc: denied { kill } for comm="swapper/1" capability=5 scontext=u:r:kernel:s0 tcontext=u:r:kernel:s0 tclass=capability permissive=0
11-11 00:13:00.295 I/auditd ( 0): type=1400 audit(0.0:1146): avc: denied { kill } for comm="swapper/1" capability=5 scontext=u:r:kernel:s0 tcontext=u:r:kernel:s0 tclass=capability permissive=0
11-11 00:13:01.299 I/auditd ( 0): type=1400 audit(0.0:1147): avc: denied { kill } for comm="swapper/1" capability=5 scontext=u:r:kernel:s0 tcontext=u:r:kernel:s0 tclass=capability permissive=0
11-11 00:13:02.299 I/auditd ( 0): type=1400 audit(0.0:1148): avc: denied { kill } for comm="swapper/1" capability=5 scontext=u:r:kernel:s0 tcontext=u:r:kernel:s0 tclass=capability permissive=0
11-11 00:13:03.295 I/auditd ( 0): type=1400 audit(0.0:1149): avc: denied { kill } for comm="swapper/1" capability=5 scontext=u:r:kernel:s0 tcontext=u:r:kernel:s0 tclass=capability permissive=0
11-11 00:13:04.299 I/auditd ( 0): type=1400 audit(0.0:1150): avc: denied { kill } for comm="swapper/1" capability=5 scontext=u:r:kernel:s0 tcontext=u:r:kernel:s0 tclass=capability permissive=0
11-11 00:13:05.299 I/auditd ( 0): type=1400 audit(0.0:1151): avc: denied { kill } for comm="swapper/1" capability=5 scontext=u:r:kernel:s0 tcontext=u:r:kernel:s0 tclass=capability permissive=0
11-11 00:13:06.299 I/auditd ( 0): type=1400 audit(0.0:1152): avc: denied { kill } for comm="swapper/1" capability=5 scontext=u:r:kernel:s0 tcontext=u:r:kernel:s0 tclass=capability permissive=0
11-11 00:13:07.299 I/auditd ( 0): type=1400 audit(0.0:1153): avc: denied { kill } for comm="swapper/1" capability=5 scontext=u:r:kernel:s0 tcontext=u:r:kernel:s0 tclass=capability permissive=0
11-11 00:13:08.295 I/auditd ( 0): type=1400 audit(0.0:1154): avc: denied { kill } for comm="swapper/1" capability=5 scontext=u:r:kernel:s0 tcontext=u:r:kernel:s0 tclass=capability permissive=0
11-11 00:13:09.295 I/auditd ( 0): type=1400 audit(0.0:1155): avc: denied { kill } for comm="swapper/1" capability=5 scontext=u:r:kernel:s0 tcontext=u:r:kernel:s0 tclass=capability permissive=0
11-11 00:13:10.295 I/auditd ( 0): type=1400 audit(0.0:1156): avc: denied { kill } for comm="swapper/1" capability=5 scontext=u:r:kernel:s0 tcontext=u:r:kernel:s0 tclass=capability permissive=0
11-11 00:13:11.299 I/auditd ( 0): type=1400 audit(0.0:1157): avc: denied { kill } for comm="swapper/1" capability=5 scontext=u:r:kernel:s0 tcontext=u:r:kernel:s0 tclass=capability permissive=0
11-11 00:13:12.299 I/auditd ( 0): type=1400 audit(0.0:1158): avc: denied { kill } for comm="swapper/1" capability=5 scontext=u:r:kernel:s0 tcontext=u:r:kernel:s0 tclass=capability permissive=0
11-11 00:13:13.299 I/auditd ( 0): type=1400 audit(0.0:1159): avc: denied { kill } for comm="swapper/1" capability=5 scontext=u:r:kernel:s0 tcontext=u:r:kernel:s0 tclass=capability permissive=0
11-11 00:13:14.295 I/auditd ( 0): type=1400 audit(0.0:1160): avc: denied { kill } for comm="swapper/1" capability=5 scontext=u:r:kernel:s0 tcontext=u:r:kernel:s0 tclass=capability permissive=0
11-11 00:13:15.295 I/auditd ( 0): type=1400 audit(0.0:1161): avc: denied { kill } for comm="swapper/1" capability=5 scontext=u:r:kernel:s0 tcontext=u:r:kernel:s0 tclass=capability permissive=0
11-11 00:13:16.295 I/auditd ( 0): type=1400 audit(0.0:1162): avc: denied { kill } for comm="swapper/1" capability=5 scontext=u:r:kernel:s0 tcontext=u:r:kernel:s0 tclass=capability permissive=0
11-11 00:13:17.295 I/auditd ( 0): type=1400 audit(0.0:1163): avc: denied { kill } for comm="swapper/1" capability=5 scontext=u:r:kernel:s0 tcontext=u:r:kernel:s0 tclass=capability permissive=0
11-11 00:13:18.295 I/auditd ( 0): type=1400 audit(0.0:1164): avc: denied { kill } for comm="swapper/1" capability=5 scontext=u:r:kernel:s0 tcontext=u:r:kernel:s0 tclass=capability permissive=0
11-11 00:13:19.299 I/auditd ( 0): type=1400 audit(0.0:1165): avc: denied { kill } for comm="swapper/1" capability=5 scontext=u:r:kernel:s0 tcontext=u:r:kernel:s0 tclass=capability permissive=0
11-11 00:13:20.299 I/auditd ( 0): type=1400 audit(0.0:1166): avc: denied { kill } for comm="swapper/1" capability=5 scontext=u:r:kernel:s0 tcontext=u:r:kernel:s0 tclass=capability permissive=0
11-11 00:13:21.295 I/auditd ( 0): type=1400 audit(0.0:1167): avc: denied { kill } for comm="swapper/1" capability=5 scontext=u:r:kernel:s0 tcontext=u:r:kernel:s0 tclass=capability permissive=0
11-11 00:13:22.295 I/auditd ( 0): type=1400 audit(0.0:1168): avc: denied { kill } for comm="swapper/1" capability=5 scontext=u:r:kernel:s0 tcontext=u:r:kernel:s0 tclass=capability permissive=0
11-11 00:13:23.295 I/auditd ( 0): type=1400 audit(0.0:1169): avc: denied { kill } for comm="swapper/1" capability=5 scontext=u:r:kernel:s0 tcontext=u:r:kernel:s0 tclass=capability permissive=0
11-11 00:13:24.295 I/auditd ( 0): type=1400 audit(0.0:1170): avc: denied { kill } for comm="swapper/1" capability=5 scontext=u:r:kernel:s0 tcontext=u:r:kernel:s0 tclass=capability permissive=0
11-11 00:13:25.299 I/auditd ( 0): type=1400 audit(0.0:1171): avc: denied { kill } for comm="swapper/1" capability=5 scontext=u:r:kernel:s0 tcontext=u:r:kernel:s0 tclass=capability permissive=0
11-11 00:13:26.299 I/auditd ( 0): type=1400 audit(0.0:1172): avc: denied { kill } for comm="swapper/1" capability=5 scontext=u:r:kernel:s0 tcontext=u:r:kernel:s0 tclass=capability permissive=0
11-11 00:13:27.295 I/auditd ( 0): type=1400 audit(0.0:1173): avc: denied { kill } for comm="swapper/1" capability=5 scontext=u:r:kernel:s0 tcontext=u:r:kernel:s0 tclass=capability permissive=0
11-11 00:13:28.295 I/auditd ( 0): type=1400 audit(0.0:1174): avc: denied { kill } for comm="swapper/1" capability=5 scontext=u:r:kernel:s0 tcontext=u:r:kernel:s0 tclass=capability permissive=0
11-11 00:13:29.295 I/auditd ( 0): type=1400 audit(0.0:1175): avc: denied { kill } for comm="swapper/1" capability=5 scontext=u:r:kernel:s0 tcontext=u:r:kernel:s0 tclass=capability permissive=0
11-11 00:13:30.299 I/auditd ( 0): type=1400 audit(0.0:1176): avc: denied { kill } for comm="swapper/1" capability=5 scontext=u:r:kernel:s0 tcontext=u:r:kernel:s0 tclass=capability permissive=0
11-11 00:13:31.295 I/auditd ( 0): type=1400 audit(0.0:1177): avc: denied { kill } for comm="swapper/1" capability=5 scontext=u:r:kernel:s0 tcontext=u:r:kernel:s0 tclass=capability permissive=0
11-11 00:13:32.299 I/auditd ( 0): type=1400 audit(0.0:1178): avc: denied { kill } for comm="swapper/1" capability=5 scontext=u:r:kernel:s0 tcontext=u:r:kernel:s0 tclass=capability permissive=0
11-11 00:13:33.295 I/auditd ( 0): type=1400 audit(0.0:1179): avc: denied { kill } for comm="swapper/1" capability=5 scontext=u:r:kernel:s0 tcontext=u:r:kernel:s0 tclass=capability permissive=0
11-11 00:13:34.299 I/auditd ( 0): type=1400 audit(0.0:1180): avc: denied { kill } for comm="swapper/1" capability=5 scontext=u:r:kernel:s0 tcontext=u:r:kernel:s0 tclass=capability permissive=0
11-11 00:13:35.299 I/auditd ( 0): type=1400 audit(0.0:1181): avc: denied { kill } for comm="swapper/1" capability=5 scontext=u:r:kernel:s0 tcontext=u:r:kernel:s0 tclass=capability permissive=0
11-11 00:13:36.295 I/auditd ( 0): type=1400 audit(0.0:1182): avc: denied { kill } for comm="swapper/1" capability=5 scontext=u:r:kernel:s0 tcontext=u:r:kernel:s0 tclass=capability permissive=0
11-11 00:13:37.299 I/auditd ( 0): type=1400 audit(0.0:1183): avc: denied { kill } for comm="swapper/1" capability=5 scontext=u:r:kernel:s0 tcontext=u:r:kernel:s0 tclass=capability permissive=0
11-11 00:13:38.295 I/auditd ( 0): type=1400 audit(0.0:1184): avc: denied { kill } for comm="swapper/1" capability=5 scontext=u:r:kernel:s0 tcontext=u:r:kernel:s0 tclass=capability permissive=0
11-11 00:13:39.295 I/auditd ( 0): type=1400 audit(0.0:1185): avc: denied { kill } for comm="swapper/1" capability=5 scontext=u:r:kernel:s0 tcontext=u:r:kernel:s0 tclass=capability permissive=0
11-11 00:13:40.299 I/auditd ( 0): type=1400 audit(0.0:1186): avc: denied { kill } for comm="swapper/1" capability=5 scontext=u:r:kernel:s0 tcontext=u:r:kernel:s0 tclass=capability permissive=0
11-11 00:13:41.295 I/auditd ( 0): type=1400 audit(0.0:1187): avc: denied { kill } for comm="swapper/1" capability=5 scontext=u:r:kernel:s0 tcontext=u:r:kernel:s0 tclass=capability permissive=0
11-11 00:13:42.295 I/auditd ( 0): type=1400 audit(0.0:1188): avc: denied { kill } for comm="swapper/1" capability=5 scontext=u:r:kernel:s0 tcontext=u:r:kernel:s0 tclass=capability permissive=0
11-11 00:13:43.295 I/auditd ( 0): type=1400 audit(0.0:1189): avc: denied { kill } for comm="swapper/1" capability=5 scontext=u:r:kernel:s0 tcontext=u:r:kernel:s0 tclass=capability permissive=0
11-11 00:13:44.295 I/auditd ( 0): type=1400 audit(0.0:1190): avc: denied { kill } for comm="swapper/1" capability=5 scontext=u:r:kernel:s0 tcontext=u:r:kernel:s0 tclass=capability permissive=0
11-11 00:13:45.295 I/auditd ( 0): type=1400 audit(0.0:1191): avc: denied { kill } for comm="swapper/1" capability=5 scontext=u:r:kernel:s0 tcontext=u:r:kernel:s0 tclass=capability permissive=0
11-11 00:13:46.295 I/auditd ( 0): type=1400 audit(0.0:1192): avc: denied { kill } for comm="swapper/1" capability=5 scontext=u:r:kernel:s0 tcontext=u:r:kernel:s0 tclass=capability permissive=0
