11-11 01:22:23.837 I/am_wtf ( 1491): [0,1491,system_server,-1,DisplayDeviceConfig,requesting nits when no mapping exists.]
11-11 01:22:23.837 I/am_wtf ( 1491): [0,1491,system_server,-1,DisplayDeviceConfig,requesting nits when no mapping exists.]
11-11 01:22:23.854 I/am_wtf ( 1491): [0,1491,system_server,-1,DisplayDeviceConfig,requesting nits when no mapping exists.]
11-11 01:22:23.854 I/am_wtf ( 1491): [0,1491,system_server,-1,DisplayDeviceConfig,requesting nits when no mapping exists.]
11-11 01:22:23.870 I/am_wtf ( 1491): [0,1491,system_server,-1,DisplayDeviceConfig,requesting nits when no mapping exists.]
11-11 01:22:23.871 I/am_wtf ( 1491): [0,1491,system_server,-1,DisplayDeviceConfig,requesting nits when no mapping exists.]
11-11 01:22:24.295 I/auditd ( 0): type=1400 audit(0.0:5523): avc: denied { kill } for comm="swapper/0" capability=5 scontext=u:r:kernel:s0 tcontext=u:r:kernel:s0 tclass=capability permissive=0
11-11 01:22:25.295 I/auditd ( 0): type=1400 audit(0.0:5524): avc: denied { kill } for comm="swapper/0" capability=5 scontext=u:r:kernel:s0 tcontext=u:r:kernel:s0 tclass=capability permissive=0
11-11 01:22:26.295 I/auditd ( 0): type=1400 audit(0.0:5525): avc: denied { kill } for comm="swapper/0" capability=5 scontext=u:r:kernel:s0 tcontext=u:r:kernel:s0 tclass=capability permissive=0
11-11 01:22:27.299 I/auditd ( 0): type=1400 audit(0.0:5526): avc: denied { kill } for comm="swapper/7" capability=5 scontext=u:r:kernel:s0 tcontext=u:r:kernel:s0 tclass=capability permissive=0
11-11 01:22:28.299 I/auditd ( 0): type=1400 audit(0.0:5527): avc: denied { kill } for comm="swapper/7" capability=5 scontext=u:r:kernel:s0 tcontext=u:r:kernel:s0 tclass=capability permissive=0
11-11 01:22:29.295 I/auditd ( 0): type=1400 audit(0.0:5528): avc: denied { kill } for comm="swapper/7" capability=5 scontext=u:r:kernel:s0 tcontext=u:r:kernel:s0 tclass=capability permissive=0
11-11 01:22:30.299 I/auditd ( 0): type=1400 audit(0.0:5529): avc: denied { kill } for comm="swapper/7" capability=5 scontext=u:r:kernel:s0 tcontext=u:r:kernel:s0 tclass=capability permissive=0
11-11 01:22:31.295 I/auditd ( 0): type=1400 audit(0.0:5530): avc: denied { kill } for comm="swapper/7" capability=5 scontext=u:r:kernel:s0 tcontext=u:r:kernel:s0 tclass=capability permissive=0
11-11 01:22:32.295 I/auditd ( 0): type=1400 audit(0.0:5531): avc: denied { kill } for comm="swapper/7" capability=5 scontext=u:r:kernel:s0 tcontext=u:r:kernel:s0 tclass=capability permissive=0
11-11 01:22:33.295 I/auditd ( 0): type=1400 audit(0.0:5532): avc: denied { kill } for comm="swapper/7" capability=5 scontext=u:r:kernel:s0 tcontext=u:r:kernel:s0 tclass=capability permissive=0
11-11 01:22:34.295 I/auditd ( 0): type=1400 audit(0.0:5533): avc: denied { kill } for comm="swapper/7" capability=5 scontext=u:r:kernel:s0 tcontext=u:r:kernel:s0 tclass=capability permissive=0
11-11 01:22:35.299 I/auditd ( 0): type=1400 audit(0.0:5534): avc: denied { kill } for comm="swapper/7" capability=5 scontext=u:r:kernel:s0 tcontext=u:r:kernel:s0 tclass=capability permissive=0
11-11 01:22:36.299 I/auditd ( 0): type=1400 audit(0.0:5535): avc: denied { kill } for comm="swapper/7" capability=5 scontext=u:r:kernel:s0 tcontext=u:r:kernel:s0 tclass=capability permissive=0
11-11 01:22:37.295 I/auditd ( 0): type=1400 audit(0.0:5536): avc: denied { kill } for comm="swapper/7" capability=5 scontext=u:r:kernel:s0 tcontext=u:r:kernel:s0 tclass=capability permissive=0
11-11 01:22:38.295 I/auditd ( 0): type=1400 audit(0.0:5537): avc: denied { kill } for comm="swapper/3" capability=5 scontext=u:r:kernel:s0 tcontext=u:r:kernel:s0 tclass=capability permissive=0
11-11 01:22:39.299 I/auditd ( 0): type=1400 audit(0.0:5538): avc: denied { kill } for comm="swapper/3" capability=5 scontext=u:r:kernel:s0 tcontext=u:r:kernel:s0 tclass=capability permissive=0
11-11 01:22:40.295 I/auditd ( 0): type=1400 audit(0.0:5539): avc: denied { kill } for comm="swapper/3" capability=5 scontext=u:r:kernel:s0 tcontext=u:r:kernel:s0 tclass=capability permissive=0
11-11 01:22:41.299 I/auditd ( 0): type=1400 audit(0.0:5540): avc: denied { kill } for comm="swapper/3" capability=5 scontext=u:r:kernel:s0 tcontext=u:r:kernel:s0 tclass=capability permissive=0
11-11 01:22:42.299 I/auditd ( 0): type=1400 audit(0.0:5541): avc: denied { kill } for comm="swapper/3" capability=5 scontext=u:r:kernel:s0 tcontext=u:r:kernel:s0 tclass=capability permissive=0
11-11 01:22:43.299 I/auditd ( 0): type=1400 audit(0.0:5542): avc: denied { kill } for comm="swapper/3" capability=5 scontext=u:r:kernel:s0 tcontext=u:r:kernel:s0 tclass=capability permissive=0
11-11 01:22:44.295 I/auditd ( 0): type=1400 audit(0.0:5543): avc: denied { kill } for comm="swapper/3" capability=5 scontext=u:r:kernel:s0 tcontext=u:r:kernel:s0 tclass=capability permissive=0
11-11 01:22:45.295 I/auditd ( 0): type=1400 audit(0.0:5544): avc: denied { kill } for comm="swapper/3" capability=5 scontext=u:r:kernel:s0 tcontext=u:r:kernel:s0 tclass=capability permissive=0
11-11 01:22:46.295 I/auditd ( 0): type=1400 audit(0.0:5545): avc: denied { kill } for comm="swapper/3" capability=5 scontext=u:r:kernel:s0 tcontext=u:r:kernel:s0 tclass=capability permissive=0
11-11 01:22:47.299 I/auditd ( 0): type=1400 audit(0.0:5546): avc: denied { kill } for comm="swapper/3" capability=5 scontext=u:r:kernel:s0 tcontext=u:r:kernel:s0 tclass=capability permissive=0
11-11 01:22:48.295 I/auditd ( 0): type=1400 audit(0.0:5547): avc: denied { kill } for comm="swapper/3" capability=5 scontext=u:r:kernel:s0 tcontext=u:r:kernel:s0 tclass=capability permissive=0
11-11 01:22:49.299 I/auditd ( 0): type=1400 audit(0.0:5548): avc: denied { kill } for comm="swapper/3" capability=5 scontext=u:r:kernel:s0 tcontext=u:r:kernel:s0 tclass=capability permissive=0
11-11 01:22:50.299 I/auditd ( 0): type=1400 audit(0.0:5549): avc: denied { kill } for comm="swapper/3" capability=5 scontext=u:r:kernel:s0 tcontext=u:r:kernel:s0 tclass=capability permissive=0
11-11 01:22:51.299 I/auditd ( 0): type=1400 audit(0.0:5550): avc: denied { kill } for comm="swapper/3" capability=5 scontext=u:r:kernel:s0 tcontext=u:r:kernel:s0 tclass=capability permissive=0
11-11 01:22:52.299 I/auditd ( 0): type=1400 audit(0.0:5551): avc: denied { kill } for comm="swapper/3" capability=5 scontext=u:r:kernel:s0 tcontext=u:r:kernel:s0 tclass=capability permissive=0
11-11 01:22:53.295 I/auditd ( 0): type=1400 audit(0.0:5552): avc: denied { kill } for comm="swapper/3" capability=5 scontext=u:r:kernel:s0 tcontext=u:r:kernel:s0 tclass=capability permissive=0
11-11 01:22:54.295 I/auditd ( 0): type=1400 audit(0.0:5553): avc: denied { kill } for comm="swapper/3" capability=5 scontext=u:r:kernel:s0 tcontext=u:r:kernel:s0 tclass=capability permissive=0
11-11 01:22:55.295 I/auditd ( 0): type=1400 audit(0.0:5554): avc: denied { kill } for comm="swapper/3" capability=5 scontext=u:r:kernel:s0 tcontext=u:r:kernel:s0 tclass=capability permissive=0
11-11 01:22:56.295 I/auditd ( 0): type=1400 audit(0.0:5555): avc: denied { kill } for comm="swapper/3" capability=5 scontext=u:r:kernel:s0 tcontext=u:r:kernel:s0 tclass=capability permissive=0
11-11 01:22:57.295 I/auditd ( 0): type=1400 audit(0.0:5556): avc: denied { kill } for comm="swapper/3" capability=5 scontext=u:r:kernel:s0 tcontext=u:r:kernel:s0 tclass=capability permissive=0
11-11 01:22:58.295 I/auditd ( 0): type=1400 audit(0.0:5557): avc: denied { kill } for comm="swapper/3" capability=5 scontext=u:r:kernel:s0 tcontext=u:r:kernel:s0 tclass=capability permissive=0
11-11 01:22:59.295 I/auditd ( 0): type=1400 audit(0.0:5558): avc: denied { kill } for comm="swapper/3" capability=5 scontext=u:r:kernel:s0 tcontext=u:r:kernel:s0 tclass=capability permissive=0
11-11 01:23:00.295 I/auditd ( 0): type=1400 audit(0.0:5559): avc: denied { kill } for comm="swapper/3" capability=5 scontext=u:r:kernel:s0 tcontext=u:r:kernel:s0 tclass=capability permissive=0
11-11 01:23:01.299 I/auditd ( 0): type=1400 audit(0.0:5560): avc: denied { kill } for comm="swapper/3" capability=5 scontext=u:r:kernel:s0 tcontext=u:r:kernel:s0 tclass=capability permissive=0
11-11 01:23:02.295 I/auditd ( 0): type=1400 audit(0.0:5561): avc: denied { kill } for comm="swapper/3" capability=5 scontext=u:r:kernel:s0 tcontext=u:r:kernel:s0 tclass=capability permissive=0
11-11 01:23:03.295 I/auditd ( 0): type=1400 audit(0.0:5562): avc: denied { kill } for comm="swapper/3" capability=5 scontext=u:r:kernel:s0 tcontext=u:r:kernel:s0 tclass=capability permissive=0
11-11 01:23:04.295 I/auditd ( 0): type=1400 audit(0.0:5563): avc: denied { kill } for comm="swapper/3" capability=5 scontext=u:r:kernel:s0 tcontext=u:r:kernel:s0 tclass=capability permissive=0
11-11 01:23:05.147 I/input_interaction( 1491): Interaction with: d2844af com.thundercomm.screensaver/android.service.dreams.DreamActivity (server), edge-swipe (server), swipe-up (server), PointerEventDispatcher0 (server),
11-11 01:23:05.150 I/wm_finish_activity( 1491): [0,16029267,106,com.thundercomm.screensaver/android.service.dreams.DreamActivity,finish-activity]
11-11 01:23:05.150 I/wm_task_moved( 1491): [1,1,7]
11-11 01:23:05.151 I/wm_task_moved( 1491): [90,1,2147483647]
11-11 01:23:05.151 I/wm_task_to_front( 1491): [0,90]
11-11 01:23:05.151 I/wm_focused_root_task( 1491): [0,0,1,106,finish-top adjustFocusToNextFocusableTask]
11-11 01:23:05.151 I/wm_set_resumed_activity( 1491): [0,com.android.launcher3/.uioverrides.QuickstepLauncher,finish-top adjustFocusToNextFocusableTask]
11-11 01:23:05.152 I/wm_pause_activity( 1491): [0,16029267,com.thundercomm.screensaver/android.service.dreams.DreamActivity,userLeaving=false,finish]
11-11 01:23:05.158 I/sysui_multi_action( 1491): [757,803,799,window_time_0,802,43]
11-11 01:23:05.159 I/wm_on_top_resumed_lost_called( 5521): [16029267,android.service.dreams.DreamActivity,topStateChangedWhenResumed]
11-11 01:23:05.163 I/wm_on_paused_called( 5521): [16029267,android.service.dreams.DreamActivity,performPause]
11-11 01:23:05.163 I/wm_add_to_stopping( 1491): [0,16029267,com.thundercomm.screensaver/android.service.dreams.DreamActivity,completeFinishing]
11-11 01:23:05.166 I/wm_set_resumed_activity( 1491): [0,com.android.launcher3/.uioverrides.QuickstepLauncher,resumeTopActivityInnerLocked]
11-11 01:23:05.168 I/wm_resume_activity( 1491): [0,146330618,90,com.android.launcher3/.uioverrides.QuickstepLauncher]
11-11 01:23:05.174 I/sysui_multi_action( 1491): [757,803,799,window_time_0,802,0]
11-11 01:23:05.175 I/view_enqueue_input_event( 5521): [Motion - Cancel,com.thundercomm.screensaver/android.service.dreams.DreamActivity]
11-11 01:23:05.179 I/input_focus( 1491): [Focus leaving d2844af com.thundercomm.screensaver/android.service.dreams.DreamActivity (server),reason=NO_WINDOW]
11-11 01:23:05.183 I/wm_on_restart_called( 2490): [146330618,com.android.launcher3.uioverrides.QuickstepLauncher,performRestartActivity]
11-11 01:23:05.183 I/wm_on_start_called( 2490): [146330618,com.android.launcher3.uioverrides.QuickstepLauncher,handleStartActivity]
11-11 01:23:05.183 I/input_interaction( 1491): Interaction with: edge-swipe (server), swipe-up (server), PointerEventDispatcher0 (server),
11-11 01:23:05.183 I/wm_on_resume_called( 2490): [146330618,com.android.launcher3.uioverrides.QuickstepLauncher,RESUME_ACTIVITY]
11-11 01:23:05.183 I/wm_on_top_resumed_gained_called( 2490): [146330618,com.android.launcher3.uioverrides.QuickstepLauncher,topWhenResuming]
11-11 01:23:05.188 I/am_pss ( 1491): [6893,10086,com.android.music,38252544,31035392,0,159928320,0,4,8]
11-11 01:23:05.192 I/input_focus( 1491): [Focus request 61dc244 com.android.launcher3/com.android.launcher3.uioverrides.QuickstepLauncher,reason=UpdateInputWindows]
11-11 01:23:05.205 I/input_focus( 1491): [Focus entering 61dc244 com.android.launcher3/com.android.launcher3.uioverrides.QuickstepLauncher (server),reason=setFocusedWindow]
11-11 01:23:05.295 I/auditd ( 0): type=1400 audit(0.0:5564): avc: denied { kill } for comm="swapper/3" capability=5 scontext=u:r:kernel:s0 tcontext=u:r:kernel:s0 tclass=capability permissive=0
11-11 01:23:05.442 I/wm_destroy_activity( 1491): [0,16029267,106,com.thundercomm.screensaver/android.service.dreams.DreamActivity,finish-imm:idle]
11-11 01:23:05.460 I/wm_on_stop_called( 5521): [16029267,android.service.dreams.DreamActivity,LIFECYCLER_STOP_ACTIVITY]
11-11 01:23:05.461 I/wm_on_destroy_called( 5521): [16029267,android.service.dreams.DreamActivity,performDestroy]
11-11 01:23:05.463 I/sysui_multi_action( 1491): [757,222,758,2]
11-11 01:23:05.463 I/sysui_multi_action( 1491): [757,804,799,dreaming_minutes,801,0,802,1]
11-11 01:23:05.469 I/wm_task_removed( 1491): [106,removeChild:removeChild last r=ActivityRecord{f49653 u0 com.thundercomm.screensaver/android.service.dreams.DreamActivity t-1 f}} in t=Task{10563c1 #106 type=dream A=10051:android:com.thundercomm.screensaver/dream U=0 visible=false mode=fullscreen translucent=true sz=0}]
11-11 01:23:05.469 I/wm_task_removed( 1491): [106,removeChild]
11-11 01:23:05.749 I/input_interaction( 1491): Interaction with: 892079 StatusBar (server), edge-swipe (server), swipe-up (server), PointerEventDispatcher0 (server),
11-11 01:23:05.751 I/sysui_multi_action( 1971): [757,803,799,panel_open,802,1]
11-11 01:23:05.752 I/sysui_multi_action( 1971): [757,1328,758,4,1326,40,1327,2,1329,0]
11-11 01:23:05.828 I/sysui_multi_action( 1491): [757,127,758,1]
11-11 01:23:05.828 I/sysui_multi_action( 1491): [757,804,799,note_load,801,2,802,1]
11-11 01:23:05.828 I/notification_panel_revealed( 1491): 2
11-11 01:23:05.838 I/input_focus( 1491): [Focus request 4ae03d4 NotificationShade,reason=UpdateInputWindows]
11-11 01:23:05.848 I/sysui_multi_action( 1491): [757,128,758,1,793,417374555,794,0,795,417374555,796,26,798,0,806,android,857,DEVELOPER_IMPORTANT,858,4,947,0,1395,2,1500,417374306,1688,1]
11-11 01:23:05.848 I/sysui_multi_action( 1491): [757,804,799,note_freshness,801,417374555,802,1]
11-11 01:23:05.848 I/notification_visibility( 1491): [-1|android|26|null|1000,1,417374555,417374555,0,0]
11-11 01:23:05.848 I/sysui_multi_action( 1491): [757,128,758,1,793,417375136,794,0,795,417375136,796,32,798,1,806,android,857,USB,858,1,947,0,1395,2,1500,417374877,1688,1]
11-11 01:23:05.848 I/sysui_multi_action( 1491): [757,804,799,note_freshness,801,417375136,802,1]
11-11 01:23:05.848 I/notification_visibility( 1491): [-1|android|32|null|1000,1,417375136,417375136,0,1]
11-11 01:23:05.863 I/input_focus( 1491): [Focus leaving 61dc244 com.android.launcher3/com.android.launcher3.uioverrides.QuickstepLauncher (server),reason=setFocusedWindow]
11-11 01:23:05.863 I/input_focus( 1491): [Focus entering 4ae03d4 NotificationShade (server),reason=setFocusedWindow]
11-11 01:23:05.905 I/sysui_multi_action( 1971): [757,111,758,1]
11-11 01:23:05.906 I/sysui_multi_action( 1971): [757,126,758,1,759,126,927,0,928,1,1593,0]
11-11 01:23:05.906 I/sysui_multi_action( 1971): [757,113,758,1,759,113,927,1,928,0,1593,0]
11-11 01:23:05.906 I/sysui_multi_action( 1971): [757,0,758,1,759,0,927,2,928,0,1593,0]
11-11 01:23:05.906 I/sysui_multi_action( 1971): [757,0,758,1,759,0,927,3,928,0,1593,0]
11-11 01:23:05.906 I/sysui_multi_action( 1971): [757,491,758,1,759,491,927,4,928,0,1311,-1,1593,0]
11-11 01:23:05.907 I/sysui_multi_action( 1971): [757,0,758,1,759,0,927,5,928,0,1593,0]
11-11 01:23:05.907 I/sysui_multi_action( 1971): [757,111,758,1]
11-11 01:23:05.907 I/sysui_multi_action( 1971): [757,126,758,1,759,126,927,0,928,1,1593,0]
11-11 01:23:05.907 I/sysui_multi_action( 1971): [757,113,758,1,759,113,927,1,928,0,1593,0]
11-11 01:23:05.907 I/sysui_multi_action( 1971): [757,0,758,1,759,0,927,2,928,0,1593,0]
11-11 01:23:05.907 I/sysui_multi_action( 1971): [757,0,758,1,759,0,927,3,928,0,1593,0]
11-11 01:23:06.295 I/auditd ( 0): type=1400 audit(0.0:5565): avc: denied { kill } for comm="swapper/3" capability=5 scontext=u:r:kernel:s0 tcontext=u:r:kernel:s0 tclass=capability permissive=0
11-11 01:23:06.459 I/am_freeze( 1491): [6202,com.qti.diagservices]
11-11 01:23:06.460 I/am_kill ( 1491): [0,6202,com.qti.diagservices,945,Unable to freeze binder interface]
11-11 01:23:06.466 I/am_freeze( 1491): [6761,com.android.gallery3d]
11-11 01:23:06.467 I/am_kill ( 1491): [0,6761,com.android.gallery3d,935,Unable to freeze binder interface]
11-11 01:23:06.490 I/am_proc_died( 1491): [0,6202,com.qti.diagservices,945,10]
11-11 01:23:06.490 I/am_schedule_service_restart( 1491): [0,com.qti.diagservices/.QTIDiagServices,1000]
11-11 01:23:06.493 I/am_proc_died( 1491): [0,6761,com.android.gallery3d,935,19]
11-11 01:23:06.493 I/am_uid_stopped( 1491): 10065
11-11 01:23:07.295 I/auditd ( 0): type=1400 audit(0.0:5566): avc: denied { kill } for comm="swapper/3" capability=5 scontext=u:r:kernel:s0 tcontext=u:r:kernel:s0 tclass=capability permissive=0
11-11 01:23:07.504 I/am_proc_start( 1491): [0,7272,1000,com.qti.diagservices,service,{com.qti.diagservices/com.qti.diagservices.QTIDiagServices}]
11-11 01:23:07.524 I/am_proc_bound( 1491): [0,7272,com.qti.diagservices]
11-11 01:23:07.559 I/auditd ( 7272): type=1400 audit(0.0:5567): avc: denied { read write } for comm="ti.diagservices" name="diag" dev="tmpfs" ino=2148 scontext=u:r:system_app:s0 tcontext=u:object_r:vendor_diag_device:s0 tclass=chr_file permissive=0
11-11 01:23:08.272 I/input_interaction( 1491): Interaction with: 4ae03d4 NotificationShade (server), edge-swipe (server), swipe-up (server), PointerEventDispatcher0 (server),
11-11 01:23:08.696 I/sysui_multi_action( 1971): [757,111,758,2]
11-11 01:23:08.696 I/sysui_multi_action( 1971): [757,111,758,2]
11-11 01:23:08.842 I/input_focus( 1491): [Focus request 61dc244 com.android.launcher3/com.android.launcher3.uioverrides.QuickstepLauncher,reason=UpdateInputWindows]
11-11 01:23:08.847 I/sysui_multi_action( 1491): [757,128,758,2,793,417377553,794,2998,795,417377553,796,26,798,0,806,android,857,DEVELOPER_IMPORTANT,858,4,947,0,1395,2,1500,417377304,1688,1]
11-11 01:23:08.849 I/notification_visibility( 1491): [-1|android|26|null|1000,0,417377553,417377553,0,0]
11-11 01:23:08.850 I/sysui_multi_action( 1491): [757,128,758,2,793,417378138,794,3002,795,417378138,796,32,798,1,806,android,857,USB,858,1,947,0,1395,2,1500,417377879,1688,1]
11-11 01:23:08.851 I/notification_visibility( 1491): [-1|android|32|null|1000,0,417378138,417378138,0,1]
11-11 01:23:08.851 I/sysui_multi_action( 1491): [757,127,758,2]
11-11 01:23:08.852 I/notification_panel_hidden( 1491):
11-11 01:23:08.865 I/input_focus( 1491): [Focus leaving 4ae03d4 NotificationShade (server),reason=NO_WINDOW]
11-11 01:23:08.865 I/input_focus( 1491): [Focus entering 61dc244 com.android.launcher3/com.android.launcher3.uioverrides.QuickstepLauncher (server),reason=setFocusedWindow]
11-11 01:23:09.138 I/input_interaction( 1491): Interaction with: 61dc244 com.android.launcher3/com.android.launcher3.uioverrides.QuickstepLauncher (server), c2fbbf0 com.android.systemui.ImageWallpaper (server), edge-swipe (server), swipe-up (server), PointerEventDispatcher0 (server),
11-11 01:23:09.183 I/sysui_multi_action( 1491): [757,127,758,1]
11-11 01:23:09.183 I/sysui_multi_action( 1491): [757,804,799,note_load,801,2,802,1]
11-11 01:23:09.183 I/notification_panel_revealed( 1491): 2
11-11 01:23:09.185 I/sysui_multi_action( 1491): [757,128,758,1,793,417377892,794,0,795,417377892,796,26,798,0,806,android,857,DEVELOPER_IMPORTANT,858,4,947,0,1395,2,1500,417377643,1688,1]
11-11 01:23:09.185 I/sysui_multi_action( 1491): [757,804,799,note_freshness,801,417377892,802,1]
11-11 01:23:09.185 I/notification_visibility( 1491): [-1|android|26|null|1000,1,417377892,417377892,0,0]
11-11 01:23:09.186 I/sysui_multi_action( 1491): [757,128,758,1,793,417378473,794,0,795,417378473,796,32,798,1,806,android,857,USB,858,1,947,0,1395,2,1500,417378214,1688,1]
11-11 01:23:09.186 I/sysui_multi_action( 1491): [757,804,799,note_freshness,801,417378473,802,1]
11-11 01:23:09.186 I/notification_visibility( 1491): [-1|android|32|null|1000,1,417378473,417378473,0,1]
11-11 01:23:09.202 I/input_focus( 1491): [Focus request 4ae03d4 NotificationShade,reason=UpdateInputWindows]
11-11 01:23:09.232 I/input_focus( 1491): [Focus leaving 61dc244 com.android.launcher3/com.android.launcher3.uioverrides.QuickstepLauncher (server),reason=setFocusedWindow]
11-11 01:23:09.232 I/input_focus( 1491): [Focus entering 4ae03d4 NotificationShade (server),reason=setFocusedWindow]
11-11 01:23:09.244 I/input_interaction( 1491): Interaction with: 61dc244 com.android.launcher3/com.android.launcher3.uioverrides.QuickstepLauncher (server), c2fbbf0 com.android.systemui.ImageWallpaper (server), 4ae03d4 NotificationShade (server), edge-swipe (server), swipe-up (server), PointerEventDispatcher0 (server),
11-11 01:23:09.244 I/view_enqueue_input_event( 2490): [Motion - Cancel,com.android.launcher3/com.android.launcher3.uioverrides.QuickstepLauncher]
11-11 01:23:09.258 I/input_interaction( 1491): Interaction with: c2fbbf0 com.android.systemui.ImageWallpaper (server), 4ae03d4 NotificationShade (server), edge-swipe (server), swipe-up (server), PointerEventDispatcher0 (server),
11-11 01:23:09.268 I/input_focus( 1491): [Focus request 61dc244 com.android.launcher3/com.android.launcher3.uioverrides.QuickstepLauncher,reason=UpdateInputWindows]
11-11 01:23:09.291 I/input_focus( 1491): [Focus request 4ae03d4 NotificationShade,reason=UpdateInputWindows]
11-11 01:23:09.299 I/input_focus( 1491): [Focus leaving 4ae03d4 NotificationShade (server),reason=NOT_FOCUSABLE]
11-11 01:23:09.299 I/input_focus( 1491): [Focus entering 61dc244 com.android.launcher3/com.android.launcher3.uioverrides.QuickstepLauncher (server),reason=setFocusedWindow]
11-11 01:23:09.314 I/sysui_multi_action( 1971): [757,111,758,1]
11-11 01:23:09.314 I/sysui_multi_action( 1971): [757,126,758,1,759,126,927,0,928,1,1593,0]
11-11 01:23:09.315 I/sysui_multi_action( 1971): [757,113,758,1,759,113,927,1,928,0,1593,0]
11-11 01:23:09.315 I/sysui_multi_action( 1971): [757,0,758,1,759,0,927,2,928,0,1593,0]
11-11 01:23:09.315 I/sysui_multi_action( 1971): [757,0,758,1,759,0,927,3,928,0,1593,0]
11-11 01:23:09.315 I/sysui_multi_action( 1971): [757,491,758,1,759,491,927,4,928,0,1311,-1,1593,0]
11-11 01:23:09.315 I/input_focus( 1491): [Focus leaving 61dc244 com.android.launcher3/com.android.launcher3.uioverrides.QuickstepLauncher (server),reason=setFocusedWindow]
11-11 01:23:09.315 I/sysui_multi_action( 1971): [757,0,758,1,759,0,927,5,928,0,1593,0]
11-11 01:23:09.315 I/input_focus( 1491): [Focus entering 4ae03d4 NotificationShade (server),reason=setFocusedWindow]
11-11 01:23:09.315 I/sysui_multi_action( 1971): [757,111,758,1]
11-11 01:23:09.315 I/sysui_multi_action( 1971): [757,126,758,1,759,126,927,0,928,1,1593,0]
11-11 01:23:09.315 I/sysui_multi_action( 1971): [757,113,758,1,759,113,927,1,928,0,1593,0]
11-11 01:23:09.316 I/sysui_multi_action( 1971): [757,0,758,1,759,0,927,2,928,0,1593,0]
11-11 01:23:09.316 I/sysui_multi_action( 1971): [757,0,758,1,759,0,927,3,928,0,1593,0]
11-11 01:23:10.236 I/input_interaction( 1491): Interaction with: 4ae03d4 NotificationShade (server), edge-swipe (server), swipe-up (server), PointerEventDispatcher0 (server),
11-11 01:23:10.584 I/sysui_multi_action( 1971): [757,111,758,2]
11-11 01:23:10.584 I/sysui_multi_action( 1971): [757,111,758,2]
11-11 01:23:10.675 I/input_focus( 1491): [Focus request 61dc244 com.android.launcher3/com.android.launcher3.uioverrides.QuickstepLauncher,reason=UpdateInputWindows]
11-11 01:23:10.678 I/sysui_multi_action( 1491): [757,128,758,2,793,417379384,794,1492,795,417379384,796,26,798,0,806,android,857,DEVELOPER_IMPORTANT,858,4,947,0,1395,2,1500,417379135,1688,1]
11-11 01:23:10.678 I/notification_visibility( 1491): [-1|android|26|null|1000,0,417379384,417379384,0,0]
11-11 01:23:10.678 I/sysui_multi_action( 1491): [757,128,758,2,793,417379966,794,1493,795,417379966,796,32,798,1,806,android,857,USB,858,1,947,0,1395,2,1500,417379707,1688,1]
11-11 01:23:10.678 I/notification_visibility( 1491): [-1|android|32|null|1000,0,417379966,417379966,0,1]
11-11 01:23:10.679 I/sysui_multi_action( 1491): [757,127,758,2]
11-11 01:23:10.679 I/notification_panel_hidden( 1491):
11-11 01:23:10.702 I/input_focus( 1491): [Focus leaving 4ae03d4 NotificationShade (server),reason=NO_WINDOW]
11-11 01:23:10.702 I/input_focus( 1491): [Focus entering 61dc244 com.android.launcher3/com.android.launcher3.uioverrides.QuickstepLauncher (server),reason=setFocusedWindow]
11-11 01:23:11.237 I/input_interaction( 1491): Interaction with: 61dc244 com.android.launcher3/com.android.launcher3.uioverrides.QuickstepLauncher (server), c2fbbf0 com.android.systemui.ImageWallpaper (server), edge-swipe (server), swipe-up (server), PointerEventDispatcher0 (server),
11-11 01:23:11.295 I/auditd ( 0): type=1400 audit(0.0:5568): avc: denied { kill } for comm="swapper/3" capability=5 scontext=u:r:kernel:s0 tcontext=u:r:kernel:s0 tclass=capability permissive=0
11-11 01:23:11.376 I/service_manager_stats( 1491): [100,24,48172]
11-11 01:23:11.405 I/wm_task_moved( 1491): [103,1,7]
11-11 01:23:11.405 I/wm_task_to_front( 1491): [0,103]
11-11 01:23:11.406 I/wm_focused_root_task( 1491): [0,0,103,1,bringingFoundTaskToFront]
11-11 01:23:11.406 I/wm_set_resumed_activity( 1491): [0,com.android.music/.MusicBrowserActivity,bringingFoundTaskToFront]
11-11 01:23:11.407 I/wm_new_intent( 1491): [0,33114549,103,com.android.music/.MusicBrowserActivity,android.intent.action.MAIN,NULL,NULL,270532608]
11-11 01:23:11.409 I/wm_pause_activity( 1491): [0,146330618,com.android.launcher3/.uioverrides.QuickstepLauncher,userLeaving=true,pauseBackTasks]
11-11 01:23:11.415 I/wm_on_top_resumed_lost_called( 2490): [146330618,com.android.launcher3.uioverrides.QuickstepLauncher,topStateChangedWhenResumed]
11-11 01:23:11.421 I/wm_on_paused_called( 2490): [146330618,com.android.launcher3.uioverrides.QuickstepLauncher,performPause]
11-11 01:23:11.424 I/wm_set_resumed_activity( 1491): [0,com.android.music/.MusicBrowserActivity,resumeTopActivityInnerLocked]
11-11 01:23:11.424 I/wm_add_to_stopping( 1491): [0,146330618,com.android.launcher3/.uioverrides.QuickstepLauncher,makeInvisible]
11-11 01:23:11.427 I/wm_resume_activity( 1491): [0,33114549,103,com.android.music/.MusicBrowserActivity]
11-11 01:23:11.445 I/wm_on_restart_called( 6893): [33114549,com.android.music.MusicBrowserActivity,performRestartActivity]
11-11 01:23:11.445 I/sysui_multi_action( 1491): [757,803,799,window_time_0,802,6]
11-11 01:23:11.447 I/wm_on_start_called( 6893): [33114549,com.android.music.MusicBrowserActivity,handleStartActivity]
11-11 01:23:11.449 I/wm_on_resume_called( 6893): [33114549,com.android.music.MusicBrowserActivity,RESUME_ACTIVITY]
11-11 01:23:11.453 I/input_focus( 1491): [Focus leaving 61dc244 com.android.launcher3/com.android.launcher3.uioverrides.QuickstepLauncher (server),reason=NO_WINDOW]
11-11 01:23:11.455 I/wm_on_top_resumed_gained_called( 6893): [33114549,com.android.music.MusicBrowserActivity,topWhenResuming]
11-11 01:23:11.461 I/input_focus( 1491): [Focus request 73ec57 com.android.music/com.android.music.MusicBrowserActivity,reason=UpdateInputWindows]
11-11 01:23:11.474 I/sysui_multi_action( 1491): [319,29,321,25,322,68,325,4972,757,761,758,9,759,4,806,com.android.music,871,com.android.music.MusicBrowserActivity,904,com.android.launcher3,905,0,1320,4,1321,1]
11-11 01:23:11.484 I/notification_enqueue( 1491): [10086,6893,com.android.music,1,NULL,0,Notification(channel=Channel-music shortcut=null contentView=null vibrate=null sound=null defaults=0x0 flags=0x40 color=0x00000000 category=transport actions=5 vis=PRIVATE),1]
11-11 01:23:11.486 I/notification_enqueue( 1491): [10086,6893,com.android.music,1,NULL,0,Notification(channel=Channel-music shortcut=null contentView=null vibrate=null sound=null defaults=0x0 flags=0x40 color=0x00000000 category=transport actions=5 vis=PRIVATE),1]
11-11 01:23:11.487 I/input_focus( 1491): [Focus entering 73ec57 com.android.music/com.android.music.MusicBrowserActivity (server),reason=setFocusedWindow]
11-11 01:23:11.980 I/wm_stop_activity( 1491): [0,146330618,com.android.launcher3/.uioverrides.QuickstepLauncher]
11-11 01:23:12.007 I/wm_on_stop_called( 2490): [146330618,com.android.launcher3.uioverrides.QuickstepLauncher,STOP_ACTIVITY_ITEM]
11-11 01:23:12.079 I/netstats_mobile_sample( 1491): [0,0,0,0,0,0,0,0,0,0,0,0,1668086592079]
11-11 01:23:12.079 I/netstats_wifi_sample( 1491): [86579730,190479,55827636,126261,86579730,190479,55827636,126261,142802901,305980,28550322,64769,1668086592079]
11-11 01:23:12.299 I/auditd ( 0): type=1400 audit(0.0:5569): avc: denied { kill } for comm="swapper/3" capability=5 scontext=u:r:kernel:s0 tcontext=u:r:kernel:s0 tclass=capability permissive=0
11-11 01:23:13.198 I/input_interaction( 1491): Interaction with: 73ec57 com.android.music/com.android.music.MusicBrowserActivity (server), edge-swipe (server), swipe-up (server), PointerEventDispatcher0 (server),
11-11 01:23:13.295 I/auditd ( 0): type=1400 audit(0.0:5570): avc: denied { kill } for comm="swapper/3" capability=5 scontext=u:r:kernel:s0 tcontext=u:r:kernel:s0 tclass=capability permissive=0
11-11 01:23:14.295 I/auditd ( 0): type=1400 audit(0.0:5571): avc: denied { kill } for comm="swapper/3" capability=5 scontext=u:r:kernel:s0 tcontext=u:r:kernel:s0 tclass=capability permissive=0
11-11 01:23:15.295 I/auditd ( 0): type=1400 audit(0.0:5572): avc: denied { kill } for comm="swapper/3" capability=5 scontext=u:r:kernel:s0 tcontext=u:r:kernel:s0 tclass=capability permissive=0
11-11 01:23:17.299 I/auditd ( 0): type=1400 audit(0.0:5573): avc: denied { kill } for comm="swapper/3" capability=5 scontext=u:r:kernel:s0 tcontext=u:r:kernel:s0 tclass=capability permissive=0
11-11 01:23:18.299 I/auditd ( 0): type=1400 audit(0.0:5574): avc: denied { kill } for comm="swapper/3" capability=5 scontext=u:r:kernel:s0 tcontext=u:r:kernel:s0 tclass=capability permissive=0
11-11 01:23:19.299 I/auditd ( 0): type=1400 audit(0.0:5575): avc: denied { kill } for comm="swapper/3" capability=5 scontext=u:r:kernel:s0 tcontext=u:r:kernel:s0 tclass=capability permissive=0
11-11 01:23:20.204 I/notification_enqueue( 1491): [10086,6893,com.android.music,1,NULL,0,Notification(channel=Channel-music shortcut=null contentView=null vibrate=null sound=null defaults=0x0 flags=0x42 color=0x00000000 category=transport actions=5 vis=PRIVATE),1]
11-11 01:23:20.295 I/auditd ( 0): type=1400 audit(0.0:5576): avc: denied { kill } for comm="swapper/3" capability=5 scontext=u:r:kernel:s0 tcontext=u:r:kernel:s0 tclass=capability permissive=0
11-11 01:23:21.295 I/auditd ( 0): type=1400 audit(0.0:5577): avc: denied { kill } for comm="swapper/3" capability=5 scontext=u:r:kernel:s0 tcontext=u:r:kernel:s0 tclass=capability permissive=0
11-11 01:23:22.295 I/auditd ( 0): type=1400 audit(0.0:5578): avc: denied { kill } for comm="swapper/3" capability=5 scontext=u:r:kernel:s0 tcontext=u:r:kernel:s0 tclass=capability permissive=0
11-11 01:23:23.299 I/auditd ( 0): type=1400 audit(0.0:5579): avc: denied { kill } for comm="swapper/3" capability=5 scontext=u:r:kernel:s0 tcontext=u:r:kernel:s0 tclass=capability permissive=0
11-11 01:23:24.295 I/auditd ( 0): type=1400 audit(0.0:5580): avc: denied { kill } for comm="swapper/3" capability=5 scontext=u:r:kernel:s0 tcontext=u:r:kernel:s0 tclass=capability permissive=0
11-11 01:23:25.295 I/auditd ( 0): type=1400 audit(0.0:5581): avc: denied { kill } for comm="swapper/3" capability=5 scontext=u:r:kernel:s0 tcontext=u:r:kernel:s0 tclass=capability permissive=0
11-11 01:23:26.299 I/auditd ( 0): type=1400 audit(0.0:5582): avc: denied { kill } for comm="swapper/3" capability=5 scontext=u:r:kernel:s0 tcontext=u:r:kernel:s0 tclass=capability permissive=0
11-11 01:23:27.295 I/auditd ( 0): type=1400 audit(0.0:5583): avc: denied { kill } for comm="swapper/3" capability=5 scontext=u:r:kernel:s0 tcontext=u:r:kernel:s0 tclass=capability permissive=0
11-11 01:23:28.295 I/auditd ( 0): type=1400 audit(0.0:5584): avc: denied { kill } for comm="swapper/3" capability=5 scontext=u:r:kernel:s0 tcontext=u:r:kernel:s0 tclass=capability permissive=0
11-11 01:23:29.299 I/auditd ( 0): type=1400 audit(0.0:5585): avc: denied { kill } for comm="swapper/3" capability=5 scontext=u:r:kernel:s0 tcontext=u:r:kernel:s0 tclass=capability permissive=0
11-11 01:23:30.299 I/auditd ( 0): type=1400 audit(0.0:5586): avc: denied { kill } for comm="swapper/3" capability=5 scontext=u:r:kernel:s0 tcontext=u:r:kernel:s0 tclass=capability permissive=0
11-11 01:23:31.295 I/auditd ( 0): type=1400 audit(0.0:5587): avc: denied { kill } for comm="swapper/3" capability=5 scontext=u:r:kernel:s0 tcontext=u:r:kernel:s0 tclass=capability permissive=0
11-11 01:23:32.295 I/auditd ( 0): type=1400 audit(0.0:5588): avc: denied { kill } for comm="swapper/3" capability=5 scontext=u:r:kernel:s0 tcontext=u:r:kernel:s0 tclass=capability permissive=0
11-11 01:23:33.295 I/auditd ( 0): type=1400 audit(0.0:5589): avc: denied { kill } for comm="swapper/3" capability=5 scontext=u:r:kernel:s0 tcontext=u:r:kernel:s0 tclass=capability permissive=0
11-11 01:23:34.295 I/auditd ( 0): type=1400 audit(0.0:5590): avc: denied { kill } for comm="swapper/3" capability=5 scontext=u:r:kernel:s0 tcontext=u:r:kernel:s0 tclass=capability permissive=0
11-11 01:23:35.295 I/auditd ( 0): type=1400 audit(0.0:5591): avc: denied { kill } for comm="swapper/3" capability=5 scontext=u:r:kernel:s0 tcontext=u:r:kernel:s0 tclass=capability permissive=0
11-11 01:23:37.295 I/auditd ( 0): type=1400 audit(0.0:5592): avc: denied { kill } for comm="swapper/3" capability=5 scontext=u:r:kernel:s0 tcontext=u:r:kernel:s0 tclass=capability permissive=0
11-11 01:23:38.295 I/auditd ( 0): type=1400 audit(0.0:5593): avc: denied { kill } for comm="swapper/3" capability=5 scontext=u:r:kernel:s0 tcontext=u:r:kernel:s0 tclass=capability permissive=0
11-11 01:23:39.295 I/auditd ( 0): type=1400 audit(0.0:5594): avc: denied { kill } for comm="swapper/3" capability=5 scontext=u:r:kernel:s0 tcontext=u:r:kernel:s0 tclass=capability permissive=0
11-11 01:23:40.295 I/auditd ( 0): type=1400 audit(0.0:5595): avc: denied { kill } for comm="swapper/3" capability=5 scontext=u:r:kernel:s0 tcontext=u:r:kernel:s0 tclass=capability permissive=0
11-11 01:23:41.295 I/auditd ( 0): type=1400 audit(0.0:5596): avc: denied { kill } for comm="swapper/3" capability=5 scontext=u:r:kernel:s0 tcontext=u:r:kernel:s0 tclass=capability permissive=0
11-11 01:23:42.295 I/auditd ( 0): type=1400 audit(0.0:5597): avc: denied { kill } for comm="swapper/3" capability=5 scontext=u:r:kernel:s0 tcontext=u:r:kernel:s0 tclass=capability permissive=0
11-11 01:23:43.295 I/auditd ( 0): type=1400 audit(0.0:5598): avc: denied { kill } for comm="swapper/3" capability=5 scontext=u:r:kernel:s0 tcontext=u:r:kernel:s0 tclass=capability permissive=0
11-11 01:23:44.295 I/auditd ( 0): type=1400 audit(0.0:5599): avc: denied { kill } for comm="swapper/3" capability=5 scontext=u:r:kernel:s0 tcontext=u:r:kernel:s0 tclass=capability permissive=0
11-11 01:23:45.295 I/auditd ( 0): type=1400 audit(0.0:5600): avc: denied { kill } for comm="swapper/3" capability=5 scontext=u:r:kernel:s0 tcontext=u:r:kernel:s0 tclass=capability permissive=0
11-11 01:23:46.299 I/auditd ( 0): type=1400 audit(0.0:5601): avc: denied { kill } for comm="swapper/3" capability=5 scontext=u:r:kernel:s0 tcontext=u:r:kernel:s0 tclass=capability permissive=0
11-11 01:23:47.295 I/auditd ( 0): type=1400 audit(0.0:5602): avc: denied { kill } for comm="swapper/3" capability=5 scontext=u:r:kernel:s0 tcontext=u:r:kernel:s0 tclass=capability permissive=0
11-11 01:23:48.295 I/auditd ( 0): type=1400 audit(0.0:5603): avc: denied { kill } for comm="swapper/3" capability=5 scontext=u:r:kernel:s0 tcontext=u:r:kernel:s0 tclass=capability permissive=0
11-11 01:23:49.299 I/auditd ( 0): type=1400 audit(0.0:5604): avc: denied { kill } for comm="swapper/3" capability=5 scontext=u:r:kernel:s0 tcontext=u:r:kernel:s0 tclass=capability permissive=0
11-11 01:23:50.295 I/auditd ( 0): type=1400 audit(0.0:5605): avc: denied { kill } for comm="swapper/3" capability=5 scontext=u:r:kernel:s0 tcontext=u:r:kernel:s0 tclass=capability permissive=0
11-11 01:23:51.299 I/auditd ( 0): type=1400 audit(0.0:5606): avc: denied { kill } for comm="swapper/3" capability=5 scontext=u:r:kernel:s0 tcontext=u:r:kernel:s0 tclass=capability permissive=0
11-11 01:23:52.299 I/auditd ( 0): type=1400 audit(0.0:5607): avc: denied { kill } for comm="swapper/3" capability=5 scontext=u:r:kernel:s0 tcontext=u:r:kernel:s0 tclass=capability permissive=0
11-11 01:23:53.295 I/auditd ( 0): type=1400 audit(0.0:5608): avc: denied { kill } for comm="swapper/3" capability=5 scontext=u:r:kernel:s0 tcontext=u:r:kernel:s0 tclass=capability permissive=0
11-11 01:23:54.295 I/auditd ( 0): type=1400 audit(0.0:5609): avc: denied { kill } for comm="swapper/3" capability=5 scontext=u:r:kernel:s0 tcontext=u:r:kernel:s0 tclass=capability permissive=0
11-11 01:23:55.295 I/auditd ( 0): type=1400 audit(0.0:5610): avc: denied { kill } for comm="swapper/3" capability=5 scontext=u:r:kernel:s0 tcontext=u:r:kernel:s0 tclass=capability permissive=0
11-11 01:23:56.299 I/auditd ( 0): type=1400 audit(0.0:5611): avc: denied { kill } for comm="swapper/3" capability=5 scontext=u:r:kernel:s0 tcontext=u:r:kernel:s0 tclass=capability permissive=0
11-11 01:23:57.295 I/auditd ( 0): type=1400 audit(0.0:5612): avc: denied { kill } for comm="swapper/3" capability=5 scontext=u:r:kernel:s0 tcontext=u:r:kernel:s0 tclass=capability permissive=0
11-11 01:23:58.295 I/auditd ( 0): type=1400 audit(0.0:5613): avc: denied { kill } for comm="swapper/3" capability=5 scontext=u:r:kernel:s0 tcontext=u:r:kernel:s0 tclass=capability permissive=0
11-11 01:23:59.295 I/auditd ( 0): type=1400 audit(0.0:5614): avc: denied { kill } for comm="swapper/3" capability=5 scontext=u:r:kernel:s0 tcontext=u:r:kernel:s0 tclass=capability permissive=0
11-11 01:24:00.295 I/auditd ( 0): type=1400 audit(0.0:5615): avc: denied { kill } for comm="swapper/3" capability=5 scontext=u:r:kernel:s0 tcontext=u:r:kernel:s0 tclass=capability permissive=0
11-11 01:24:01.295 I/auditd ( 0): type=1400 audit(0.0:5616): avc: denied { kill } for comm="swapper/3" capability=5 scontext=u:r:kernel:s0 tcontext=u:r:kernel:s0 tclass=capability permissive=0
11-11 01:24:02.295 I/auditd ( 0): type=1400 audit(0.0:5617): avc: denied { kill } for comm="swapper/3" capability=5 scontext=u:r:kernel:s0 tcontext=u:r:kernel:s0 tclass=capability permissive=0
11-11 01:24:03.295 I/auditd ( 0): type=1400 audit(0.0:5618): avc: denied { kill } for comm="swapper/3" capability=5 scontext=u:r:kernel:s0 tcontext=u:r:kernel:s0 tclass=capability permissive=0
11-11 01:24:04.295 I/auditd ( 0): type=1400 audit(0.0:5619): avc: denied { kill } for comm="swapper/3" capability=5 scontext=u:r:kernel:s0 tcontext=u:r:kernel:s0 tclass=capability permissive=0
11-11 01:24:05.295 I/auditd ( 0): type=1400 audit(0.0:5620): avc: denied { kill } for comm="swapper/3" capability=5 scontext=u:r:kernel:s0 tcontext=u:r:kernel:s0 tclass=capability permissive=0
11-11 01:24:05.470 I/am_uid_idle( 1491): 10051
11-11 01:24:07.295 I/auditd ( 0): type=1400 audit(0.0:5621): avc: denied { kill } for comm="swapper/3" capability=5 scontext=u:r:kernel:s0 tcontext=u:r:kernel:s0 tclass=capability permissive=0
11-11 01:24:08.295 I/auditd ( 0): type=1400 audit(0.0:5622): avc: denied { kill } for comm="swapper/3" capability=5 scontext=u:r:kernel:s0 tcontext=u:r:kernel:s0 tclass=capability permissive=0
11-11 01:24:09.295 I/auditd ( 0): type=1400 audit(0.0:5623): avc: denied { kill } for comm="swapper/3" capability=5 scontext=u:r:kernel:s0 tcontext=u:r:kernel:s0 tclass=capability permissive=0
11-11 01:24:10.299 I/auditd ( 0): type=1400 audit(0.0:5624): avc: denied { kill } for comm="swapper/3" capability=5 scontext=u:r:kernel:s0 tcontext=u:r:kernel:s0 tclass=capability permissive=0
11-11 01:24:11.295 I/auditd ( 0): type=1400 audit(0.0:5625): avc: denied { kill } for comm="swapper/3" capability=5 scontext=u:r:kernel:s0 tcontext=u:r:kernel:s0 tclass=capability permissive=0
11-11 01:24:13.150 I/sysui_multi_action( 1491): [757,1696,758,6,759,2]
11-11 01:24:13.152 I/am_wtf ( 1491): [0,1491,system_server,-1,DisplayDeviceConfig,requesting nits when no mapping exists.]
11-11 01:24:13.155 I/am_wtf ( 1491): [0,1491,system_server,-1,DisplayDeviceConfig,requesting nits when no mapping exists.]
11-11 01:24:13.168 I/am_wtf ( 1491): [0,1491,system_server,-1,DisplayDeviceConfig,requesting nits when no mapping exists.]
11-11 01:24:13.170 I/am_wtf ( 1491): [0,1491,system_server,-1,DisplayDeviceConfig,requesting nits when no mapping exists.]
11-11 01:24:13.185 I/am_wtf ( 1491): [0,1491,system_server,-1,DisplayDeviceConfig,requesting nits when no mapping exists.]
11-11 01:24:13.187 I/am_wtf ( 1491): [0,1491,system_server,-1,DisplayDeviceConfig,requesting nits when no mapping exists.]
11-11 01:24:13.201 I/am_wtf ( 1491): [0,1491,system_server,-1,DisplayDeviceConfig,requesting nits when no mapping exists.]
11-11 01:24:13.202 I/am_wtf ( 1491): [0,1491,system_server,-1,DisplayDeviceConfig,requesting nits when no mapping exists.]
11-11 01:24:13.219 I/am_wtf ( 1491): [0,1491,system_server,-1,DisplayDeviceConfig,requesting nits when no mapping exists.]
11-11 01:24:13.220 I/am_wtf ( 1491): [0,1491,system_server,-1,DisplayDeviceConfig,requesting nits when no mapping exists.]
11-11 01:24:13.235 I/am_wtf ( 1491): [0,1491,system_server,-1,DisplayDeviceConfig,requesting nits when no mapping exists.]
11-11 01:24:13.236 I/am_wtf ( 1491): [0,1491,system_server,-1,DisplayDeviceConfig,requesting nits when no mapping exists.]
11-11 01:24:13.251 I/am_wtf ( 1491): [0,1491,system_server,-1,DisplayDeviceConfig,requesting nits when no mapping exists.]
11-11 01:24:13.252 I/am_wtf ( 1491): [0,1491,system_server,-1,DisplayDeviceConfig,requesting nits when no mapping exists.]
11-11 01:24:13.268 I/am_wtf ( 1491): [0,1491,system_server,-1,DisplayDeviceConfig,requesting nits when no mapping exists.]
11-11 01:24:13.269 I/am_wtf ( 1491): [0,1491,system_server,-1,DisplayDeviceConfig,requesting nits when no mapping exists.]
11-11 01:24:13.285 I/am_wtf ( 1491): [0,1491,system_server,-1,DisplayDeviceConfig,requesting nits when no mapping exists.]
11-11 01:24:13.286 I/am_wtf ( 1491): [0,1491,system_server,-1,DisplayDeviceConfig,requesting nits when no mapping exists.]
11-11 01:24:13.295 I/auditd ( 0): type=1400 audit(0.0:5626): avc: denied { kill } for comm="swapper/3" capability=5 scontext=u:r:kernel:s0 tcontext=u:r:kernel:s0 tclass=capability permissive=0
11-11 01:24:13.301 I/am_wtf ( 1491): [0,1491,system_server,-1,DisplayDeviceConfig,requesting nits when no mapping exists.]
11-11 01:24:13.302 I/am_wtf ( 1491): [0,1491,system_server,-1,DisplayDeviceConfig,requesting nits when no mapping exists.]
11-11 01:24:13.318 I/am_wtf ( 1491): [0,1491,system_server,-1,DisplayDeviceConfig,requesting nits when no mapping exists.]
11-11 01:24:13.319 I/am_wtf ( 1491): [0,1491,system_server,-1,DisplayDeviceConfig,requesting nits when no mapping exists.]
11-11 01:24:13.335 I/am_wtf ( 1491): [0,1491,system_server,-1,DisplayDeviceConfig,requesting nits when no mapping exists.]
11-11 01:24:13.336 I/am_wtf ( 1491): [0,1491,system_server,-1,DisplayDeviceConfig,requesting nits when no mapping exists.]
11-11 01:24:13.360 I/am_wtf ( 1491): [0,1491,system_server,-1,DisplayDeviceConfig,requesting nits when no mapping exists.]
11-11 01:24:13.361 I/am_wtf ( 1491): [0,1491,system_server,-1,DisplayDeviceConfig,requesting nits when no mapping exists.]
11-11 01:24:13.369 I/am_wtf ( 1491): [0,1491,system_server,-1,DisplayDeviceConfig,requesting nits when no mapping exists.]
11-11 01:24:13.370 I/am_wtf ( 1491): [0,1491,system_server,-1,DisplayDeviceConfig,requesting nits when no mapping exists.]
11-11 01:24:13.385 I/am_wtf ( 1491): [0,1491,system_server,-1,DisplayDeviceConfig,requesting nits when no mapping exists.]
11-11 01:24:13.385 I/am_wtf ( 1491): [0,1491,system_server,-1,DisplayDeviceConfig,requesting nits when no mapping exists.]
11-11 01:24:13.402 I/am_wtf ( 1491): [0,1491,system_server,-1,DisplayDeviceConfig,requesting nits when no mapping exists.]
11-11 01:24:13.402 I/am_wtf ( 1491): [0,1491,system_server,-1,DisplayDeviceConfig,requesting nits when no mapping exists.]
11-11 01:24:13.419 I/am_wtf ( 1491): [0,1491,system_server,-1,DisplayDeviceConfig,requesting nits when no mapping exists.]
11-11 01:24:13.420 I/am_wtf ( 1491): [0,1491,system_server,-1,DisplayDeviceConfig,requesting nits when no mapping exists.]
11-11 01:24:13.435 I/am_wtf ( 1491): [0,1491,system_server,-1,DisplayDeviceConfig,requesting nits when no mapping exists.]
11-11 01:24:13.436 I/am_wtf ( 1491): [0,1491,system_server,-1,DisplayDeviceConfig,requesting nits when no mapping exists.]
11-11 01:24:13.452 I/am_wtf ( 1491): [0,1491,system_server,-1,DisplayDeviceConfig,requesting nits when no mapping exists.]
11-11 01:24:13.453 I/am_wtf ( 1491): [0,1491,system_server,-1,DisplayDeviceConfig,requesting nits when no mapping exists.]
11-11 01:24:13.468 I/am_wtf ( 1491): [0,1491,system_server,-1,DisplayDeviceConfig,requesting nits when no mapping exists.]
11-11 01:24:13.469 I/am_wtf ( 1491): [0,1491,system_server,-1,DisplayDeviceConfig,requesting nits when no mapping exists.]
11-11 01:24:13.486 I/am_wtf ( 1491): [0,1491,system_server,-1,DisplayDeviceConfig,requesting nits when no mapping exists.]
11-11 01:24:13.486 I/am_wtf ( 1491): [0,1491,system_server,-1,DisplayDeviceConfig,requesting nits when no mapping exists.]
11-11 01:24:13.502 I/am_wtf ( 1491): [0,1491,system_server,-1,DisplayDeviceConfig,requesting nits when no mapping exists.]
11-11 01:24:13.503 I/am_wtf ( 1491): [0,1491,system_server,-1,DisplayDeviceConfig,requesting nits when no mapping exists.]
11-11 01:24:13.518 I/am_wtf ( 1491): [0,1491,system_server,-1,DisplayDeviceConfig,requesting nits when no mapping exists.]
11-11 01:24:13.519 I/am_wtf ( 1491): [0,1491,system_server,-1,DisplayDeviceConfig,requesting nits when no mapping exists.]
11-11 01:24:13.535 I/am_wtf ( 1491): [0,1491,system_server,-1,DisplayDeviceConfig,requesting nits when no mapping exists.]
11-11 01:24:13.536 I/am_wtf ( 1491): [0,1491,system_server,-1,DisplayDeviceConfig,requesting nits when no mapping exists.]
11-11 01:24:13.552 I/am_wtf ( 1491): [0,1491,system_server,-1,DisplayDeviceConfig,requesting nits when no mapping exists.]
11-11 01:24:13.552 I/am_wtf ( 1491): [0,1491,system_server,-1,DisplayDeviceConfig,requesting nits when no mapping exists.]
11-11 01:24:13.569 I/am_wtf ( 1491): [0,1491,system_server,-1,DisplayDeviceConfig,requesting nits when no mapping exists.]
11-11 01:24:13.570 I/am_wtf ( 1491): [0,1491,system_server,-1,DisplayDeviceConfig,requesting nits when no mapping exists.]
11-11 01:24:13.586 I/am_wtf ( 1491): [0,1491,system_server,-1,DisplayDeviceConfig,requesting nits when no mapping exists.]
11-11 01:24:13.586 I/am_wtf ( 1491): [0,1491,system_server,-1,DisplayDeviceConfig,requesting nits when no mapping exists.]
11-11 01:24:13.602 I/am_wtf ( 1491): [0,1491,system_server,-1,DisplayDeviceConfig,requesting nits when no mapping exists.]
11-11 01:24:13.603 I/am_wtf ( 1491): [0,1491,system_server,-1,DisplayDeviceConfig,requesting nits when no mapping exists.]
11-11 01:24:13.619 I/am_wtf ( 1491): [0,1491,system_server,-1,DisplayDeviceConfig,requesting nits when no mapping exists.]
11-11 01:24:13.620 I/am_wtf ( 1491): [0,1491,system_server,-1,DisplayDeviceConfig,requesting nits when no mapping exists.]
11-11 01:24:13.636 I/am_wtf ( 1491): [0,1491,system_server,-1,DisplayDeviceConfig,requesting nits when no mapping exists.]
11-11 01:24:13.637 I/am_wtf ( 1491): [0,1491,system_server,-1,DisplayDeviceConfig,requesting nits when no mapping exists.]
11-11 01:24:13.654 I/am_wtf ( 1491): [0,1491,system_server,-1,DisplayDeviceConfig,requesting nits when no mapping exists.]
11-11 01:24:13.655 I/am_wtf ( 1491): [0,1491,system_server,-1,DisplayDeviceConfig,requesting nits when no mapping exists.]
11-11 01:24:13.669 I/am_wtf ( 1491): [0,1491,system_server,-1,DisplayDeviceConfig,requesting nits when no mapping exists.]
11-11 01:24:13.670 I/am_wtf ( 1491): [0,1491,system_server,-1,DisplayDeviceConfig,requesting nits when no mapping exists.]
11-11 01:24:13.686 I/am_wtf ( 1491): [0,1491,system_server,-1,DisplayDeviceConfig,requesting nits when no mapping exists.]
11-11 01:24:13.686 I/am_wtf ( 1491): [0,1491,system_server,-1,DisplayDeviceConfig,requesting nits when no mapping exists.]
11-11 01:24:13.703 I/am_wtf ( 1491): [0,1491,system_server,-1,DisplayDeviceConfig,requesting nits when no mapping exists.]
11-11 01:24:13.703 I/am_wtf ( 1491): [0,1491,system_server,-1,DisplayDeviceConfig,requesting nits when no mapping exists.]
11-11 01:24:13.719 I/am_wtf ( 1491): [0,1491,system_server,-1,DisplayDeviceConfig,requesting nits when no mapping exists.]
11-11 01:24:13.720 I/am_wtf ( 1491): [0,1491,system_server,-1,DisplayDeviceConfig,requesting nits when no mapping exists.]
11-11 01:24:13.736 I/am_wtf ( 1491): [0,1491,system_server,-1,DisplayDeviceConfig,requesting nits when no mapping exists.]
11-11 01:24:13.736 I/service_manager_stats( 1491): [100,49,62361]
11-11 01:24:13.737 I/am_wtf ( 1491): [0,1491,system_server,-1,DisplayDeviceConfig,requesting nits when no mapping exists.]
11-11 01:24:13.753 I/am_wtf ( 1491): [0,1491,system_server,-1,DisplayDeviceConfig,requesting nits when no mapping exists.]
11-11 01:24:13.754 I/am_wtf ( 1491): [0,1491,system_server,-1,DisplayDeviceConfig,requesting nits when no mapping exists.]
11-11 01:24:13.769 I/am_wtf ( 1491): [0,1491,system_server,-1,DisplayDeviceConfig,requesting nits when no mapping exists.]
11-11 01:24:13.770 I/am_wtf ( 1491): [0,1491,system_server,-1,DisplayDeviceConfig,requesting nits when no mapping exists.]
11-11 01:24:13.787 I/am_wtf ( 1491): [0,1491,system_server,-1,DisplayDeviceConfig,requesting nits when no mapping exists.]
11-11 01:24:13.788 I/am_wtf ( 1491): [0,1491,system_server,-1,DisplayDeviceConfig,requesting nits when no mapping exists.]
11-11 01:24:13.803 I/am_wtf ( 1491): [0,1491,system_server,-1,DisplayDeviceConfig,requesting nits when no mapping exists.]
