11-11 00:04:17.299 I/auditd ( 0): type=1400 audit(0.0:644): avc: denied { kill } for comm="swapper/0" capability=5 scontext=u:r:kernel:s0 tcontext=u:r:kernel:s0 tclass=capability permissive=0
11-11 00:04:18.295 I/auditd ( 0): type=1400 audit(0.0:645): avc: denied { kill } for comm="swapper/0" capability=5 scontext=u:r:kernel:s0 tcontext=u:r:kernel:s0 tclass=capability permissive=0
11-11 00:04:19.295 I/auditd ( 0): type=1400 audit(0.0:646): avc: denied { kill } for comm="swapper/0" capability=5 scontext=u:r:kernel:s0 tcontext=u:r:kernel:s0 tclass=capability permissive=0
11-11 00:04:20.299 I/auditd ( 0): type=1400 audit(0.0:647): avc: denied { kill } for comm="swapper/0" capability=5 scontext=u:r:kernel:s0 tcontext=u:r:kernel:s0 tclass=capability permissive=0
11-11 00:04:21.299 I/auditd ( 0): type=1400 audit(0.0:648): avc: denied { kill } for comm="swapper/0" capability=5 scontext=u:r:kernel:s0 tcontext=u:r:kernel:s0 tclass=capability permissive=0
11-11 00:04:22.299 I/auditd ( 0): type=1400 audit(0.0:649): avc: denied { kill } for comm="swapper/0" capability=5 scontext=u:r:kernel:s0 tcontext=u:r:kernel:s0 tclass=capability permissive=0
11-11 00:04:23.272 I/sysui_multi_action( 1491): [757,1696,758,6,759,2]
11-11 00:04:23.282 I/am_wtf ( 1491): [0,1491,system_server,-1,DisplayDeviceConfig,requesting nits when no mapping exists.]
11-11 00:04:23.284 I/service_manager_stats( 1491): [100,17,115726]
11-11 00:04:23.286 I/am_wtf ( 1491): [0,1491,system_server,-1,DisplayDeviceConfig,requesting nits when no mapping exists.]
11-11 00:04:23.298 I/am_wtf ( 1491): [0,1491,system_server,-1,DisplayDeviceConfig,requesting nits when no mapping exists.]
11-11 00:04:23.301 I/am_wtf ( 1491): [0,1491,system_server,-1,DisplayDeviceConfig,requesting nits when no mapping exists.]
11-11 00:04:23.315 I/am_wtf ( 1491): [0,1491,system_server,-1,DisplayDeviceConfig,requesting nits when no mapping exists.]
11-11 00:04:23.318 I/am_wtf ( 1491): [0,1491,system_server,-1,DisplayDeviceConfig,requesting nits when no mapping exists.]
11-11 00:04:23.321 I/am_wtf ( 1491): [0,1491,system_server,-1,DisplayDeviceConfig,requesting nits when no mapping exists.]
11-11 00:04:23.322 I/am_wtf ( 1491): [0,1491,system_server,-1,DisplayDeviceConfig,requesting nits when no mapping exists.]
11-11 00:04:23.337 I/am_wtf ( 1491): [0,1491,system_server,-1,DisplayDeviceConfig,requesting nits when no mapping exists.]
11-11 00:04:23.338 I/am_wtf ( 1491): [0,1491,system_server,-1,DisplayDeviceConfig,requesting nits when no mapping exists.]
11-11 00:04:23.354 I/am_wtf ( 1491): [0,1491,system_server,-1,DisplayDeviceConfig,requesting nits when no mapping exists.]
11-11 00:04:23.355 I/am_wtf ( 1491): [0,1491,system_server,-1,DisplayDeviceConfig,requesting nits when no mapping exists.]
11-11 00:04:23.370 I/am_wtf ( 1491): [0,1491,system_server,-1,DisplayDeviceConfig,requesting nits when no mapping exists.]
11-11 00:04:23.371 I/am_wtf ( 1491): [0,1491,system_server,-1,DisplayDeviceConfig,requesting nits when no mapping exists.]
11-11 00:04:23.388 I/am_wtf ( 1491): [0,1491,system_server,-1,DisplayDeviceConfig,requesting nits when no mapping exists.]
11-11 00:04:23.388 I/am_wtf ( 1491): [0,1491,system_server,-1,DisplayDeviceConfig,requesting nits when no mapping exists.]
11-11 00:04:23.404 I/am_wtf ( 1491): [0,1491,system_server,-1,DisplayDeviceConfig,requesting nits when no mapping exists.]
11-11 00:04:23.405 I/am_wtf ( 1491): [0,1491,system_server,-1,DisplayDeviceConfig,requesting nits when no mapping exists.]
11-11 00:04:23.421 I/am_wtf ( 1491): [0,1491,system_server,-1,DisplayDeviceConfig,requesting nits when no mapping exists.]
11-11 00:04:23.422 I/am_wtf ( 1491): [0,1491,system_server,-1,DisplayDeviceConfig,requesting nits when no mapping exists.]
11-11 00:04:23.438 I/am_wtf ( 1491): [0,1491,system_server,-1,DisplayDeviceConfig,requesting nits when no mapping exists.]
11-11 00:04:23.439 I/am_wtf ( 1491): [0,1491,system_server,-1,DisplayDeviceConfig,requesting nits when no mapping exists.]
11-11 00:04:23.455 I/am_wtf ( 1491): [0,1491,system_server,-1,DisplayDeviceConfig,requesting nits when no mapping exists.]
11-11 00:04:23.455 I/am_wtf ( 1491): [0,1491,system_server,-1,DisplayDeviceConfig,requesting nits when no mapping exists.]
11-11 00:04:23.471 I/am_wtf ( 1491): [0,1491,system_server,-1,DisplayDeviceConfig,requesting nits when no mapping exists.]
11-11 00:04:23.472 I/am_wtf ( 1491): [0,1491,system_server,-1,DisplayDeviceConfig,requesting nits when no mapping exists.]
11-11 00:04:23.488 I/am_wtf ( 1491): [0,1491,system_server,-1,DisplayDeviceConfig,requesting nits when no mapping exists.]
11-11 00:04:23.489 I/am_wtf ( 1491): [0,1491,system_server,-1,DisplayDeviceConfig,requesting nits when no mapping exists.]
11-11 00:04:23.505 I/am_wtf ( 1491): [0,1491,system_server,-1,DisplayDeviceConfig,requesting nits when no mapping exists.]
11-11 00:04:23.506 I/am_wtf ( 1491): [0,1491,system_server,-1,DisplayDeviceConfig,requesting nits when no mapping exists.]
11-11 00:04:23.521 I/am_wtf ( 1491): [0,1491,system_server,-1,DisplayDeviceConfig,requesting nits when no mapping exists.]
11-11 00:04:23.522 I/am_wtf ( 1491): [0,1491,system_server,-1,DisplayDeviceConfig,requesting nits when no mapping exists.]
11-11 00:04:23.538 I/am_wtf ( 1491): [0,1491,system_server,-1,DisplayDeviceConfig,requesting nits when no mapping exists.]
11-11 00:04:23.539 I/am_wtf ( 1491): [0,1491,system_server,-1,DisplayDeviceConfig,requesting nits when no mapping exists.]
11-11 00:04:23.555 I/am_wtf ( 1491): [0,1491,system_server,-1,DisplayDeviceConfig,requesting nits when no mapping exists.]
11-11 00:04:23.555 I/am_wtf ( 1491): [0,1491,system_server,-1,DisplayDeviceConfig,requesting nits when no mapping exists.]
11-11 00:04:23.571 I/am_wtf ( 1491): [0,1491,system_server,-1,DisplayDeviceConfig,requesting nits when no mapping exists.]
11-11 00:04:23.572 I/am_wtf ( 1491): [0,1491,system_server,-1,DisplayDeviceConfig,requesting nits when no mapping exists.]
11-11 00:04:23.588 I/am_wtf ( 1491): [0,1491,system_server,-1,DisplayDeviceConfig,requesting nits when no mapping exists.]
11-11 00:04:23.590 I/am_wtf ( 1491): [0,1491,system_server,-1,DisplayDeviceConfig,requesting nits when no mapping exists.]
11-11 00:04:23.605 I/am_wtf ( 1491): [0,1491,system_server,-1,DisplayDeviceConfig,requesting nits when no mapping exists.]
11-11 00:04:23.605 I/am_wtf ( 1491): [0,1491,system_server,-1,DisplayDeviceConfig,requesting nits when no mapping exists.]
11-11 00:04:23.621 I/am_wtf ( 1491): [0,1491,system_server,-1,DisplayDeviceConfig,requesting nits when no mapping exists.]
11-11 00:04:23.623 I/am_wtf ( 1491): [0,1491,system_server,-1,DisplayDeviceConfig,requesting nits when no mapping exists.]
11-11 00:04:23.638 I/am_wtf ( 1491): [0,1491,system_server,-1,DisplayDeviceConfig,requesting nits when no mapping exists.]
11-11 00:04:23.639 I/am_wtf ( 1491): [0,1491,system_server,-1,DisplayDeviceConfig,requesting nits when no mapping exists.]
11-11 00:04:23.655 I/am_wtf ( 1491): [0,1491,system_server,-1,DisplayDeviceConfig,requesting nits when no mapping exists.]
11-11 00:04:23.656 I/am_wtf ( 1491): [0,1491,system_server,-1,DisplayDeviceConfig,requesting nits when no mapping exists.]
11-11 00:04:23.671 I/am_wtf ( 1491): [0,1491,system_server,-1,DisplayDeviceConfig,requesting nits when no mapping exists.]
11-11 00:04:23.672 I/am_wtf ( 1491): [0,1491,system_server,-1,DisplayDeviceConfig,requesting nits when no mapping exists.]
11-11 00:04:23.688 I/am_wtf ( 1491): [0,1491,system_server,-1,DisplayDeviceConfig,requesting nits when no mapping exists.]
11-11 00:04:23.689 I/am_wtf ( 1491): [0,1491,system_server,-1,DisplayDeviceConfig,requesting nits when no mapping exists.]
11-11 00:04:23.705 I/am_wtf ( 1491): [0,1491,system_server,-1,DisplayDeviceConfig,requesting nits when no mapping exists.]
11-11 00:04:23.705 I/am_wtf ( 1491): [0,1491,system_server,-1,DisplayDeviceConfig,requesting nits when no mapping exists.]
11-11 00:04:23.721 I/am_wtf ( 1491): [0,1491,system_server,-1,DisplayDeviceConfig,requesting nits when no mapping exists.]
11-11 00:04:23.722 I/am_wtf ( 1491): [0,1491,system_server,-1,DisplayDeviceConfig,requesting nits when no mapping exists.]
11-11 00:04:23.738 I/am_wtf ( 1491): [0,1491,system_server,-1,DisplayDeviceConfig,requesting nits when no mapping exists.]
11-11 00:04:23.738 I/am_wtf ( 1491): [0,1491,system_server,-1,DisplayDeviceConfig,requesting nits when no mapping exists.]
11-11 00:04:23.755 I/am_wtf ( 1491): [0,1491,system_server,-1,DisplayDeviceConfig,requesting nits when no mapping exists.]
11-11 00:04:23.756 I/am_wtf ( 1491): [0,1491,system_server,-1,DisplayDeviceConfig,requesting nits when no mapping exists.]
11-11 00:04:23.771 I/am_wtf ( 1491): [0,1491,system_server,-1,DisplayDeviceConfig,requesting nits when no mapping exists.]
11-11 00:04:23.772 I/am_wtf ( 1491): [0,1491,system_server,-1,DisplayDeviceConfig,requesting nits when no mapping exists.]
11-11 00:04:23.789 I/am_wtf ( 1491): [0,1491,system_server,-1,DisplayDeviceConfig,requesting nits when no mapping exists.]
11-11 00:04:23.790 I/am_wtf ( 1491): [0,1491,system_server,-1,DisplayDeviceConfig,requesting nits when no mapping exists.]
11-11 00:04:23.805 I/am_wtf ( 1491): [0,1491,system_server,-1,DisplayDeviceConfig,requesting nits when no mapping exists.]
11-11 00:04:23.806 I/am_wtf ( 1491): [0,1491,system_server,-1,DisplayDeviceConfig,requesting nits when no mapping exists.]
11-11 00:04:23.821 I/am_wtf ( 1491): [0,1491,system_server,-1,DisplayDeviceConfig,requesting nits when no mapping exists.]
11-11 00:04:23.822 I/am_wtf ( 1491): [0,1491,system_server,-1,DisplayDeviceConfig,requesting nits when no mapping exists.]
11-11 00:04:23.839 I/am_wtf ( 1491): [0,1491,system_server,-1,DisplayDeviceConfig,requesting nits when no mapping exists.]
11-11 00:04:23.840 I/am_wtf ( 1491): [0,1491,system_server,-1,DisplayDeviceConfig,requesting nits when no mapping exists.]
11-11 00:04:23.855 I/am_wtf ( 1491): [0,1491,system_server,-1,DisplayDeviceConfig,requesting nits when no mapping exists.]
11-11 00:04:23.856 I/am_wtf ( 1491): [0,1491,system_server,-1,DisplayDeviceConfig,requesting nits when no mapping exists.]
11-11 00:04:23.872 I/am_wtf ( 1491): [0,1491,system_server,-1,DisplayDeviceConfig,requesting nits when no mapping exists.]
11-11 00:04:23.873 I/am_wtf ( 1491): [0,1491,system_server,-1,DisplayDeviceConfig,requesting nits when no mapping exists.]
11-11 00:04:23.889 I/am_wtf ( 1491): [0,1491,system_server,-1,DisplayDeviceConfig,requesting nits when no mapping exists.]
11-11 00:04:23.890 I/am_wtf ( 1491): [0,1491,system_server,-1,DisplayDeviceConfig,requesting nits when no mapping exists.]
11-11 00:04:23.905 I/am_wtf ( 1491): [0,1491,system_server,-1,DisplayDeviceConfig,requesting nits when no mapping exists.]
11-11 00:04:23.906 I/am_wtf ( 1491): [0,1491,system_server,-1,DisplayDeviceConfig,requesting nits when no mapping exists.]
11-11 00:04:23.922 I/am_wtf ( 1491): [0,1491,system_server,-1,DisplayDeviceConfig,requesting nits when no mapping exists.]
11-11 00:04:23.923 I/am_wtf ( 1491): [0,1491,system_server,-1,DisplayDeviceConfig,requesting nits when no mapping exists.]
11-11 00:04:23.938 I/am_wtf ( 1491): [0,1491,system_server,-1,DisplayDeviceConfig,requesting nits when no mapping exists.]
11-11 00:04:23.939 I/am_wtf ( 1491): [0,1491,system_server,-1,DisplayDeviceConfig,requesting nits when no mapping exists.]
11-11 00:04:23.955 I/am_wtf ( 1491): [0,1491,system_server,-1,DisplayDeviceConfig,requesting nits when no mapping exists.]
11-11 00:04:23.956 I/am_wtf ( 1491): [0,1491,system_server,-1,DisplayDeviceConfig,requesting nits when no mapping exists.]
11-11 00:04:23.972 I/am_wtf ( 1491): [0,1491,system_server,-1,DisplayDeviceConfig,requesting nits when no mapping exists.]
11-11 00:04:23.973 I/am_wtf ( 1491): [0,1491,system_server,-1,DisplayDeviceConfig,requesting nits when no mapping exists.]
11-11 00:04:23.989 I/am_wtf ( 1491): [0,1491,system_server,-1,DisplayDeviceConfig,requesting nits when no mapping exists.]
11-11 00:04:23.990 I/am_wtf ( 1491): [0,1491,system_server,-1,DisplayDeviceConfig,requesting nits when no mapping exists.]
11-11 00:04:24.006 I/am_wtf ( 1491): [0,1491,system_server,-1,DisplayDeviceConfig,requesting nits when no mapping exists.]
11-11 00:04:24.007 I/am_wtf ( 1491): [0,1491,system_server,-1,DisplayDeviceConfig,requesting nits when no mapping exists.]
11-11 00:04:24.022 I/am_wtf ( 1491): [0,1491,system_server,-1,DisplayDeviceConfig,requesting nits when no mapping exists.]
11-11 00:04:24.023 I/am_wtf ( 1491): [0,1491,system_server,-1,DisplayDeviceConfig,requesting nits when no mapping exists.]
11-11 00:04:24.039 I/am_wtf ( 1491): [0,1491,system_server,-1,DisplayDeviceConfig,requesting nits when no mapping exists.]
11-11 00:04:24.040 I/am_wtf ( 1491): [0,1491,system_server,-1,DisplayDeviceConfig,requesting nits when no mapping exists.]
11-11 00:04:24.056 I/am_wtf ( 1491): [0,1491,system_server,-1,DisplayDeviceConfig,requesting nits when no mapping exists.]
11-11 00:04:24.056 I/am_wtf ( 1491): [0,1491,system_server,-1,DisplayDeviceConfig,requesting nits when no mapping exists.]
11-11 00:04:24.072 I/am_wtf ( 1491): [0,1491,system_server,-1,DisplayDeviceConfig,requesting nits when no mapping exists.]
11-11 00:04:24.073 I/am_wtf ( 1491): [0,1491,system_server,-1,DisplayDeviceConfig,requesting nits when no mapping exists.]
11-11 00:04:24.089 I/am_wtf ( 1491): [0,1491,system_server,-1,DisplayDeviceConfig,requesting nits when no mapping exists.]
11-11 00:04:24.090 I/am_wtf ( 1491): [0,1491,system_server,-1,DisplayDeviceConfig,requesting nits when no mapping exists.]
11-11 00:04:24.106 I/am_wtf ( 1491): [0,1491,system_server,-1,DisplayDeviceConfig,requesting nits when no mapping exists.]
11-11 00:04:24.107 I/am_wtf ( 1491): [0,1491,system_server,-1,DisplayDeviceConfig,requesting nits when no mapping exists.]
11-11 00:04:24.123 I/am_wtf ( 1491): [0,1491,system_server,-1,DisplayDeviceConfig,requesting nits when no mapping exists.]
11-11 00:04:24.123 I/am_wtf ( 1491): [0,1491,system_server,-1,DisplayDeviceConfig,requesting nits when no mapping exists.]
11-11 00:04:24.139 I/am_wtf ( 1491): [0,1491,system_server,-1,DisplayDeviceConfig,requesting nits when no mapping exists.]
11-11 00:04:24.140 I/am_wtf ( 1491): [0,1491,system_server,-1,DisplayDeviceConfig,requesting nits when no mapping exists.]
11-11 00:04:24.155 I/am_wtf ( 1491): [0,1491,system_server,-1,DisplayDeviceConfig,requesting nits when no mapping exists.]
11-11 00:04:24.156 I/am_wtf ( 1491): [0,1491,system_server,-1,DisplayDeviceConfig,requesting nits when no mapping exists.]
11-11 00:04:24.172 I/am_wtf ( 1491): [0,1491,system_server,-1,DisplayDeviceConfig,requesting nits when no mapping exists.]
11-11 00:04:24.173 I/am_wtf ( 1491): [0,1491,system_server,-1,DisplayDeviceConfig,requesting nits when no mapping exists.]
11-11 00:04:24.189 I/am_wtf ( 1491): [0,1491,system_server,-1,DisplayDeviceConfig,requesting nits when no mapping exists.]
11-11 00:04:24.190 I/am_wtf ( 1491): [0,1491,system_server,-1,DisplayDeviceConfig,requesting nits when no mapping exists.]
11-11 00:04:24.206 I/am_wtf ( 1491): [0,1491,system_server,-1,DisplayDeviceConfig,requesting nits when no mapping exists.]
11-11 00:04:24.207 I/am_wtf ( 1491): [0,1491,system_server,-1,DisplayDeviceConfig,requesting nits when no mapping exists.]
11-11 00:04:24.222 I/am_wtf ( 1491): [0,1491,system_server,-1,DisplayDeviceConfig,requesting nits when no mapping exists.]
11-11 00:04:24.223 I/am_wtf ( 1491): [0,1491,system_server,-1,DisplayDeviceConfig,requesting nits when no mapping exists.]
11-11 00:04:24.299 I/auditd ( 0): type=1400 audit(0.0:650): avc: denied { kill } for comm="swapper/0" capability=5 scontext=u:r:kernel:s0 tcontext=u:r:kernel:s0 tclass=capability permissive=0
11-11 00:04:25.299 I/auditd ( 0): type=1400 audit(0.0:651): avc: denied { kill } for comm="swapper/0" capability=5 scontext=u:r:kernel:s0 tcontext=u:r:kernel:s0 tclass=capability permissive=0
11-11 00:04:26.295 I/auditd ( 0): type=1400 audit(0.0:652): avc: denied { kill } for comm="swapper/0" capability=5 scontext=u:r:kernel:s0 tcontext=u:r:kernel:s0 tclass=capability permissive=0
11-11 00:04:27.295 I/auditd ( 0): type=1400 audit(0.0:653): avc: denied { kill } for comm="swapper/0" capability=5 scontext=u:r:kernel:s0 tcontext=u:r:kernel:s0 tclass=capability permissive=0
11-11 00:04:28.295 I/auditd ( 0): type=1400 audit(0.0:654): avc: denied { kill } for comm="swapper/0" capability=5 scontext=u:r:kernel:s0 tcontext=u:r:kernel:s0 tclass=capability permissive=0
11-11 00:04:29.299 I/auditd ( 0): type=1400 audit(0.0:655): avc: denied { kill } for comm="swapper/0" capability=5 scontext=u:r:kernel:s0 tcontext=u:r:kernel:s0 tclass=capability permissive=0
11-11 00:04:30.295 I/auditd ( 0): type=1400 audit(0.0:656): avc: denied { kill } for comm="swapper/0" capability=5 scontext=u:r:kernel:s0 tcontext=u:r:kernel:s0 tclass=capability permissive=0
11-11 00:04:30.511 I/sysui_multi_action( 1491): [757,222,758,1]
11-11 00:04:30.524 I/wm_task_created( 1491): [92,-1]
11-11 00:04:30.529 I/wm_task_moved( 1491): [92,1,6]
11-11 00:04:30.529 I/wm_task_to_front( 1491): [0,92]
11-11 00:04:30.529 I/wm_create_task( 1491): [0,92]
11-11 00:04:30.529 I/wm_create_activity( 1491): [0,121439501,92,com.thundercomm.screensaver/android.service.dreams.DreamActivity,NULL,NULL,NULL,276824064]
11-11 00:04:30.529 I/wm_task_moved( 1491): [92,1,6]
11-11 00:04:30.529 I/wm_on_top_resumed_lost_called( 2490): [146330618,com.android.launcher3.uioverrides.QuickstepLauncher,topStateChangedWhenResumed]
11-11 00:04:30.530 I/wm_pause_activity( 1491): [0,146330618,com.android.launcher3/.uioverrides.QuickstepLauncher,userLeaving=true,pauseBackTasks]
11-11 00:04:30.531 I/wm_on_paused_called( 2490): [146330618,com.android.launcher3.uioverrides.QuickstepLauncher,performPause]
11-11 00:04:30.533 I/wm_add_to_stopping( 1491): [0,146330618,com.android.launcher3/.uioverrides.QuickstepLauncher,makeInvisible]
11-11 00:04:30.534 I/wm_restart_activity( 1491): [0,121439501,92,com.thundercomm.screensaver/android.service.dreams.DreamActivity]
11-11 00:04:30.534 I/wm_set_resumed_activity( 1491): [0,com.thundercomm.screensaver/android.service.dreams.DreamActivity,minimalResumeActivityLocked]
11-11 00:04:30.537 I/sysui_multi_action( 1491): [757,803,799,window_time_0,802,60]
11-11 00:04:30.537 I/am_pss ( 1491): [3269,10095,com.tencent.mobileqq,261884928,204664832,0,431771648,0,19,17]
11-11 00:04:30.538 I/wm_on_create_called( 5521): [121439501,android.service.dreams.DreamActivity,performCreate]
11-11 00:04:30.538 I/wm_on_start_called( 5521): [121439501,android.service.dreams.DreamActivity,handleStartActivity]
11-11 00:04:30.539 I/wm_on_resume_called( 5521): [121439501,android.service.dreams.DreamActivity,RESUME_ACTIVITY]
11-11 00:04:30.541 I/wm_on_top_resumed_gained_called( 5521): [121439501,android.service.dreams.DreamActivity,topStateChangedWhenResumed]
11-11 00:04:30.547 I/am_pss ( 1491): [3088,10095,com.tencent.mobileqq:MSF,101165056,47009792,0,254115840,0,19,9]
11-11 00:04:30.554 I/input_focus( 1491): [Focus leaving 61dc244 com.android.launcher3/com.android.launcher3.uioverrides.QuickstepLauncher (server),reason=NO_WINDOW]
11-11 00:04:30.558 I/input_focus( 1491): [Focus request c374610 com.thundercomm.screensaver/android.service.dreams.DreamActivity,reason=UpdateInputWindows]
11-11 00:04:30.565 I/sysui_multi_action( 1491): [319,42,322,41,325,251,757,761,758,8,759,2,806,com.thundercomm.screensaver,871,android.service.dreams.DreamActivity,904,com.thundercomm.screensaver,905,0,1320,4,1321,2]
11-11 00:04:30.565 I/wm_activity_launch_time( 1491): [0,121439501,com.thundercomm.screensaver/android.service.dreams.DreamActivity,41]
11-11 00:04:30.565 I/sysui_multi_action( 1491): [757,1696,758,6,759,3]
11-11 00:04:30.570 I/am_wtf ( 1491): [0,1491,system_server,-1,DisplayDeviceConfig,requesting nits when no mapping exists.]
11-11 00:04:30.571 I/service_manager_stats( 1491): [116,65,7287]
11-11 00:04:30.571 I/am_wtf ( 1491): [0,1491,system_server,-1,DisplayDeviceConfig,requesting nits when no mapping exists.]
11-11 00:04:30.587 I/am_wtf ( 1491): [0,1491,system_server,-1,DisplayDeviceConfig,requesting nits when no mapping exists.]
11-11 00:04:30.587 I/input_focus( 1491): [Focus entering c374610 com.thundercomm.screensaver/android.service.dreams.DreamActivity (server),reason=Window became focusable. Previous reason: NOT_VISIBLE]
11-11 00:04:30.587 I/am_wtf ( 1491): [0,1491,system_server,-1,DisplayDeviceConfig,requesting nits when no mapping exists.]
11-11 00:04:30.603 I/am_wtf ( 1491): [0,1491,system_server,-1,DisplayDeviceConfig,requesting nits when no mapping exists.]
11-11 00:04:30.603 I/am_wtf ( 1491): [0,1491,system_server,-1,DisplayDeviceConfig,requesting nits when no mapping exists.]
11-11 00:04:30.620 I/am_wtf ( 1491): [0,1491,system_server,-1,DisplayDeviceConfig,requesting nits when no mapping exists.]
11-11 00:04:30.620 I/am_wtf ( 1491): [0,1491,system_server,-1,DisplayDeviceConfig,requesting nits when no mapping exists.]
11-11 00:04:30.638 I/am_wtf ( 1491): [0,1491,system_server,-1,DisplayDeviceConfig,requesting nits when no mapping exists.]
11-11 00:04:30.638 I/am_wtf ( 1491): [0,1491,system_server,-1,DisplayDeviceConfig,requesting nits when no mapping exists.]
11-11 00:04:30.654 I/am_wtf ( 1491): [0,1491,system_server,-1,DisplayDeviceConfig,requesting nits when no mapping exists.]
11-11 00:04:30.654 I/am_wtf ( 1491): [0,1491,system_server,-1,DisplayDeviceConfig,requesting nits when no mapping exists.]
11-11 00:04:30.671 I/am_wtf ( 1491): [0,1491,system_server,-1,DisplayDeviceConfig,requesting nits when no mapping exists.]
11-11 00:04:30.671 I/am_wtf ( 1491): [0,1491,system_server,-1,DisplayDeviceConfig,requesting nits when no mapping exists.]
11-11 00:04:30.687 I/am_wtf ( 1491): [0,1491,system_server,-1,DisplayDeviceConfig,requesting nits when no mapping exists.]
11-11 00:04:30.687 I/am_wtf ( 1491): [0,1491,system_server,-1,DisplayDeviceConfig,requesting nits when no mapping exists.]
11-11 00:04:30.704 I/am_wtf ( 1491): [0,1491,system_server,-1,DisplayDeviceConfig,requesting nits when no mapping exists.]
11-11 00:04:30.705 I/am_wtf ( 1491): [0,1491,system_server,-1,DisplayDeviceConfig,requesting nits when no mapping exists.]
11-11 00:04:30.721 I/am_wtf ( 1491): [0,1491,system_server,-1,DisplayDeviceConfig,requesting nits when no mapping exists.]
11-11 00:04:30.721 I/am_wtf ( 1491): [0,1491,system_server,-1,DisplayDeviceConfig,requesting nits when no mapping exists.]
11-11 00:04:30.737 I/am_wtf ( 1491): [0,1491,system_server,-1,DisplayDeviceConfig,requesting nits when no mapping exists.]
11-11 00:04:30.737 I/am_wtf ( 1491): [0,1491,system_server,-1,DisplayDeviceConfig,requesting nits when no mapping exists.]
11-11 00:04:30.754 I/am_wtf ( 1491): [0,1491,system_server,-1,DisplayDeviceConfig,requesting nits when no mapping exists.]
11-11 00:04:30.755 I/am_wtf ( 1491): [0,1491,system_server,-1,DisplayDeviceConfig,requesting nits when no mapping exists.]
11-11 00:04:30.770 I/am_wtf ( 1491): [0,1491,system_server,-1,DisplayDeviceConfig,requesting nits when no mapping exists.]
11-11 00:04:30.771 I/am_wtf ( 1491): [0,1491,system_server,-1,DisplayDeviceConfig,requesting nits when no mapping exists.]
11-11 00:04:30.787 I/am_wtf ( 1491): [0,1491,system_server,-1,DisplayDeviceConfig,requesting nits when no mapping exists.]
11-11 00:04:30.787 I/am_wtf ( 1491): [0,1491,system_server,-1,DisplayDeviceConfig,requesting nits when no mapping exists.]
11-11 00:04:30.804 I/am_wtf ( 1491): [0,1491,system_server,-1,DisplayDeviceConfig,requesting nits when no mapping exists.]
11-11 00:04:30.804 I/am_wtf ( 1491): [0,1491,system_server,-1,DisplayDeviceConfig,requesting nits when no mapping exists.]
11-11 00:04:30.821 I/am_wtf ( 1491): [0,1491,system_server,-1,DisplayDeviceConfig,requesting nits when no mapping exists.]
11-11 00:04:30.821 I/am_wtf ( 1491): [0,1491,system_server,-1,DisplayDeviceConfig,requesting nits when no mapping exists.]
11-11 00:04:30.837 I/am_wtf ( 1491): [0,1491,system_server,-1,DisplayDeviceConfig,requesting nits when no mapping exists.]
11-11 00:04:30.837 I/am_wtf ( 1491): [0,1491,system_server,-1,DisplayDeviceConfig,requesting nits when no mapping exists.]
11-11 00:04:30.854 I/wm_stop_activity( 1491): [0,146330618,com.android.launcher3/.uioverrides.QuickstepLauncher]
11-11 00:04:30.854 I/am_wtf ( 1491): [0,1491,system_server,-1,DisplayDeviceConfig,requesting nits when no mapping exists.]
11-11 00:04:30.855 I/am_wtf ( 1491): [0,1491,system_server,-1,DisplayDeviceConfig,requesting nits when no mapping exists.]
11-11 00:04:30.871 I/am_wtf ( 1491): [0,1491,system_server,-1,DisplayDeviceConfig,requesting nits when no mapping exists.]
11-11 00:04:30.871 I/am_wtf ( 1491): [0,1491,system_server,-1,DisplayDeviceConfig,requesting nits when no mapping exists.]
11-11 00:04:30.873 I/wm_on_stop_called( 2490): [146330618,com.android.launcher3.uioverrides.QuickstepLauncher,STOP_ACTIVITY_ITEM]
11-11 00:04:30.887 I/am_wtf ( 1491): [0,1491,system_server,-1,DisplayDeviceConfig,requesting nits when no mapping exists.]
11-11 00:04:30.888 I/am_wtf ( 1491): [0,1491,system_server,-1,DisplayDeviceConfig,requesting nits when no mapping exists.]
11-11 00:04:30.904 I/am_wtf ( 1491): [0,1491,system_server,-1,DisplayDeviceConfig,requesting nits when no mapping exists.]
11-11 00:04:30.904 I/am_wtf ( 1491): [0,1491,system_server,-1,DisplayDeviceConfig,requesting nits when no mapping exists.]
11-11 00:04:30.921 I/am_wtf ( 1491): [0,1491,system_server,-1,DisplayDeviceConfig,requesting nits when no mapping exists.]
11-11 00:04:30.921 I/am_wtf ( 1491): [0,1491,system_server,-1,DisplayDeviceConfig,requesting nits when no mapping exists.]
11-11 00:04:30.938 I/am_wtf ( 1491): [0,1491,system_server,-1,DisplayDeviceConfig,requesting nits when no mapping exists.]
11-11 00:04:30.938 I/am_wtf ( 1491): [0,1491,system_server,-1,DisplayDeviceConfig,requesting nits when no mapping exists.]
11-11 00:04:30.955 I/am_wtf ( 1491): [0,1491,system_server,-1,DisplayDeviceConfig,requesting nits when no mapping exists.]
11-11 00:04:30.955 I/am_wtf ( 1491): [0,1491,system_server,-1,DisplayDeviceConfig,requesting nits when no mapping exists.]
11-11 00:04:30.971 I/am_wtf ( 1491): [0,1491,system_server,-1,DisplayDeviceConfig,requesting nits when no mapping exists.]
11-11 00:04:30.971 I/am_wtf ( 1491): [0,1491,system_server,-1,DisplayDeviceConfig,requesting nits when no mapping exists.]
11-11 00:04:30.988 I/am_wtf ( 1491): [0,1491,system_server,-1,DisplayDeviceConfig,requesting nits when no mapping exists.]
11-11 00:04:30.988 I/am_wtf ( 1491): [0,1491,system_server,-1,DisplayDeviceConfig,requesting nits when no mapping exists.]
11-11 00:04:31.005 I/am_wtf ( 1491): [0,1491,system_server,-1,DisplayDeviceConfig,requesting nits when no mapping exists.]
11-11 00:04:31.005 I/am_wtf ( 1491): [0,1491,system_server,-1,DisplayDeviceConfig,requesting nits when no mapping exists.]
11-11 00:04:31.021 I/am_wtf ( 1491): [0,1491,system_server,-1,DisplayDeviceConfig,requesting nits when no mapping exists.]
11-11 00:04:31.021 I/am_wtf ( 1491): [0,1491,system_server,-1,DisplayDeviceConfig,requesting nits when no mapping exists.]
11-11 00:04:31.038 I/am_wtf ( 1491): [0,1491,system_server,-1,DisplayDeviceConfig,requesting nits when no mapping exists.]
11-11 00:04:31.038 I/am_wtf ( 1491): [0,1491,system_server,-1,DisplayDeviceConfig,requesting nits when no mapping exists.]
11-11 00:04:31.055 I/am_wtf ( 1491): [0,1491,system_server,-1,DisplayDeviceConfig,requesting nits when no mapping exists.]
11-11 00:04:31.055 I/am_wtf ( 1491): [0,1491,system_server,-1,DisplayDeviceConfig,requesting nits when no mapping exists.]
11-11 00:04:31.071 I/am_wtf ( 1491): [0,1491,system_server,-1,DisplayDeviceConfig,requesting nits when no mapping exists.]
11-11 00:04:31.072 I/am_wtf ( 1491): [0,1491,system_server,-1,DisplayDeviceConfig,requesting nits when no mapping exists.]
11-11 00:04:31.088 I/am_wtf ( 1491): [0,1491,system_server,-1,DisplayDeviceConfig,requesting nits when no mapping exists.]
11-11 00:04:31.088 I/am_wtf ( 1491): [0,1491,system_server,-1,DisplayDeviceConfig,requesting nits when no mapping exists.]
11-11 00:04:31.105 I/am_wtf ( 1491): [0,1491,system_server,-1,DisplayDeviceConfig,requesting nits when no mapping exists.]
11-11 00:04:31.105 I/am_wtf ( 1491): [0,1491,system_server,-1,DisplayDeviceConfig,requesting nits when no mapping exists.]
11-11 00:04:31.122 I/am_wtf ( 1491): [0,1491,system_server,-1,DisplayDeviceConfig,requesting nits when no mapping exists.]
11-11 00:04:31.122 I/am_wtf ( 1491): [0,1491,system_server,-1,DisplayDeviceConfig,requesting nits when no mapping exists.]
11-11 00:04:31.138 I/am_wtf ( 1491): [0,1491,system_server,-1,DisplayDeviceConfig,requesting nits when no mapping exists.]
11-11 00:04:31.138 I/am_wtf ( 1491): [0,1491,system_server,-1,DisplayDeviceConfig,requesting nits when no mapping exists.]
11-11 00:04:31.155 I/am_wtf ( 1491): [0,1491,system_server,-1,DisplayDeviceConfig,requesting nits when no mapping exists.]
11-11 00:04:31.155 I/am_wtf ( 1491): [0,1491,system_server,-1,DisplayDeviceConfig,requesting nits when no mapping exists.]
11-11 00:04:31.172 I/am_wtf ( 1491): [0,1491,system_server,-1,DisplayDeviceConfig,requesting nits when no mapping exists.]
11-11 00:04:31.172 I/am_wtf ( 1491): [0,1491,system_server,-1,DisplayDeviceConfig,requesting nits when no mapping exists.]
11-11 00:04:31.188 I/am_wtf ( 1491): [0,1491,system_server,-1,DisplayDeviceConfig,requesting nits when no mapping exists.]
11-11 00:04:31.189 I/am_wtf ( 1491): [0,1491,system_server,-1,DisplayDeviceConfig,requesting nits when no mapping exists.]
11-11 00:04:31.205 I/am_wtf ( 1491): [0,1491,system_server,-1,DisplayDeviceConfig,requesting nits when no mapping exists.]
11-11 00:04:31.205 I/am_wtf ( 1491): [0,1491,system_server,-1,DisplayDeviceConfig,requesting nits when no mapping exists.]
11-11 00:04:31.222 I/am_wtf ( 1491): [0,1491,system_server,-1,DisplayDeviceConfig,requesting nits when no mapping exists.]
11-11 00:04:31.222 I/am_wtf ( 1491): [0,1491,system_server,-1,DisplayDeviceConfig,requesting nits when no mapping exists.]
11-11 00:04:31.238 I/am_wtf ( 1491): [0,1491,system_server,-1,DisplayDeviceConfig,requesting nits when no mapping exists.]
11-11 00:04:31.239 I/am_wtf ( 1491): [0,1491,system_server,-1,DisplayDeviceConfig,requesting nits when no mapping exists.]
11-11 00:04:31.255 I/am_wtf ( 1491): [0,1491,system_server,-1,DisplayDeviceConfig,requesting nits when no mapping exists.]
11-11 00:04:31.255 I/am_wtf ( 1491): [0,1491,system_server,-1,DisplayDeviceConfig,requesting nits when no mapping exists.]
11-11 00:04:31.272 I/am_wtf ( 1491): [0,1491,system_server,-1,DisplayDeviceConfig,requesting nits when no mapping exists.]
11-11 00:04:31.272 I/am_wtf ( 1491): [0,1491,system_server,-1,DisplayDeviceConfig,requesting nits when no mapping exists.]
11-11 00:04:31.289 I/am_wtf ( 1491): [0,1491,system_server,-1,DisplayDeviceConfig,requesting nits when no mapping exists.]
11-11 00:04:31.289 I/am_wtf ( 1491): [0,1491,system_server,-1,DisplayDeviceConfig,requesting nits when no mapping exists.]
11-11 00:04:31.295 I/auditd ( 0): type=1400 audit(0.0:657): avc: denied { kill } for comm="swapper/0" capability=5 scontext=u:r:kernel:s0 tcontext=u:r:kernel:s0 tclass=capability permissive=0
11-11 00:04:31.305 I/am_wtf ( 1491): [0,1491,system_server,-1,DisplayDeviceConfig,requesting nits when no mapping exists.]
11-11 00:04:31.305 I/am_wtf ( 1491): [0,1491,system_server,-1,DisplayDeviceConfig,requesting nits when no mapping exists.]
11-11 00:04:31.322 I/am_wtf ( 1491): [0,1491,system_server,-1,DisplayDeviceConfig,requesting nits when no mapping exists.]
11-11 00:04:31.322 I/am_wtf ( 1491): [0,1491,system_server,-1,DisplayDeviceConfig,requesting nits when no mapping exists.]
11-11 00:04:31.339 I/am_wtf ( 1491): [0,1491,system_server,-1,DisplayDeviceConfig,requesting nits when no mapping exists.]
11-11 00:04:31.339 I/am_wtf ( 1491): [0,1491,system_server,-1,DisplayDeviceConfig,requesting nits when no mapping exists.]
11-11 00:04:31.355 I/am_wtf ( 1491): [0,1491,system_server,-1,DisplayDeviceConfig,requesting nits when no mapping exists.]
11-11 00:04:31.356 I/am_wtf ( 1491): [0,1491,system_server,-1,DisplayDeviceConfig,requesting nits when no mapping exists.]
11-11 00:04:31.372 I/am_wtf ( 1491): [0,1491,system_server,-1,DisplayDeviceConfig,requesting nits when no mapping exists.]
11-11 00:04:31.372 I/am_wtf ( 1491): [0,1491,system_server,-1,DisplayDeviceConfig,requesting nits when no mapping exists.]
11-11 00:04:31.389 I/am_wtf ( 1491): [0,1491,system_server,-1,DisplayDeviceConfig,requesting nits when no mapping exists.]
11-11 00:04:31.389 I/am_wtf ( 1491): [0,1491,system_server,-1,DisplayDeviceConfig,requesting nits when no mapping exists.]
11-11 00:04:31.406 I/am_wtf ( 1491): [0,1491,system_server,-1,DisplayDeviceConfig,requesting nits when no mapping exists.]
11-11 00:04:31.406 I/am_wtf ( 1491): [0,1491,system_server,-1,DisplayDeviceConfig,requesting nits when no mapping exists.]
11-11 00:04:31.422 I/am_wtf ( 1491): [0,1491,system_server,-1,DisplayDeviceConfig,requesting nits when no mapping exists.]
11-11 00:04:31.422 I/am_wtf ( 1491): [0,1491,system_server,-1,DisplayDeviceConfig,requesting nits when no mapping exists.]
11-11 00:04:31.439 I/am_wtf ( 1491): [0,1491,system_server,-1,DisplayDeviceConfig,requesting nits when no mapping exists.]
11-11 00:04:31.439 I/am_wtf ( 1491): [0,1491,system_server,-1,DisplayDeviceConfig,requesting nits when no mapping exists.]
11-11 00:04:31.456 I/am_wtf ( 1491): [0,1491,system_server,-1,DisplayDeviceConfig,requesting nits when no mapping exists.]
11-11 00:04:31.456 I/am_wtf ( 1491): [0,1491,system_server,-1,DisplayDeviceConfig,requesting nits when no mapping exists.]
11-11 00:04:31.472 I/am_wtf ( 1491): [0,1491,system_server,-1,DisplayDeviceConfig,requesting nits when no mapping exists.]
11-11 00:04:31.473 I/am_wtf ( 1491): [0,1491,system_server,-1,DisplayDeviceConfig,requesting nits when no mapping exists.]
11-11 00:04:31.489 I/am_wtf ( 1491): [0,1491,system_server,-1,DisplayDeviceConfig,requesting nits when no mapping exists.]
11-11 00:04:31.489 I/am_wtf ( 1491): [0,1491,system_server,-1,DisplayDeviceConfig,requesting nits when no mapping exists.]
11-11 00:04:31.506 I/am_wtf ( 1491): [0,1491,system_server,-1,DisplayDeviceConfig,requesting nits when no mapping exists.]
11-11 00:04:31.506 I/am_wtf ( 1491): [0,1491,system_server,-1,DisplayDeviceConfig,requesting nits when no mapping exists.]
11-11 00:04:31.522 I/am_wtf ( 1491): [0,1491,system_server,-1,DisplayDeviceConfig,requesting nits when no mapping exists.]
11-11 00:04:31.523 I/am_wtf ( 1491): [0,1491,system_server,-1,DisplayDeviceConfig,requesting nits when no mapping exists.]
11-11 00:04:32.299 I/auditd ( 0): type=1400 audit(0.0:658): avc: denied { kill } for comm="swapper/0" capability=5 scontext=u:r:kernel:s0 tcontext=u:r:kernel:s0 tclass=capability permissive=0
11-11 00:04:33.299 I/auditd ( 0): type=1400 audit(0.0:659): avc: denied { kill } for comm="swapper/0" capability=5 scontext=u:r:kernel:s0 tcontext=u:r:kernel:s0 tclass=capability permissive=0
11-11 00:04:34.299 I/auditd ( 0): type=1400 audit(0.0:660): avc: denied { kill } for comm="swapper/0" capability=5 scontext=u:r:kernel:s0 tcontext=u:r:kernel:s0 tclass=capability permissive=0
11-11 00:04:35.295 I/auditd ( 0): type=1400 audit(0.0:661): avc: denied { kill } for comm="swapper/0" capability=5 scontext=u:r:kernel:s0 tcontext=u:r:kernel:s0 tclass=capability permissive=0
11-11 00:04:36.299 I/auditd ( 0): type=1400 audit(0.0:662): avc: denied { kill } for comm="swapper/0" capability=5 scontext=u:r:kernel:s0 tcontext=u:r:kernel:s0 tclass=capability permissive=0
11-11 00:04:37.295 I/auditd ( 0): type=1400 audit(0.0:663): avc: denied { kill } for comm="swapper/0" capability=5 scontext=u:r:kernel:s0 tcontext=u:r:kernel:s0 tclass=capability permissive=0
11-11 00:04:38.299 I/auditd ( 0): type=1400 audit(0.0:664): avc: denied { kill } for comm="swapper/0" capability=5 scontext=u:r:kernel:s0 tcontext=u:r:kernel:s0 tclass=capability permissive=0
11-11 00:04:39.299 I/auditd ( 0): type=1400 audit(0.0:665): avc: denied { kill } for comm="swapper/0" capability=5 scontext=u:r:kernel:s0 tcontext=u:r:kernel:s0 tclass=capability permissive=0
11-11 00:04:40.295 I/auditd ( 0): type=1400 audit(0.0:666): avc: denied { kill } for comm="swapper/0" capability=5 scontext=u:r:kernel:s0 tcontext=u:r:kernel:s0 tclass=capability permissive=0
11-11 00:04:41.299 I/auditd ( 0): type=1400 audit(0.0:667): avc: denied { kill } for comm="swapper/0" capability=5 scontext=u:r:kernel:s0 tcontext=u:r:kernel:s0 tclass=capability permissive=0
11-11 00:04:42.299 I/auditd ( 0): type=1400 audit(0.0:668): avc: denied { kill } for comm="swapper/0" capability=5 scontext=u:r:kernel:s0 tcontext=u:r:kernel:s0 tclass=capability permissive=0
11-11 00:04:43.295 I/auditd ( 0): type=1400 audit(0.0:669): avc: denied { kill } for comm="swapper/0" capability=5 scontext=u:r:kernel:s0 tcontext=u:r:kernel:s0 tclass=capability permissive=0
11-11 00:04:45.299 I/auditd ( 0): type=1400 audit(0.0:670): avc: denied { kill } for comm="swapper/0" capability=5 scontext=u:r:kernel:s0 tcontext=u:r:kernel:s0 tclass=capability permissive=0
11-11 00:04:46.295 I/auditd ( 0): type=1400 audit(0.0:671): avc: denied { kill } for comm="swapper/0" capability=5 scontext=u:r:kernel:s0 tcontext=u:r:kernel:s0 tclass=capability permissive=0
11-11 00:04:47.295 I/auditd ( 0): type=1400 audit(0.0:672): avc: denied { kill } for comm="swapper/0" capability=5 scontext=u:r:kernel:s0 tcontext=u:r:kernel:s0 tclass=capability permissive=0
11-11 00:04:48.295 I/auditd ( 0): type=1400 audit(0.0:673): avc: denied { kill } for comm="swapper/0" capability=5 scontext=u:r:kernel:s0 tcontext=u:r:kernel:s0 tclass=capability permissive=0
11-11 00:04:49.295 I/auditd ( 0): type=1400 audit(0.0:674): avc: denied { kill } for comm="swapper/0" capability=5 scontext=u:r:kernel:s0 tcontext=u:r:kernel:s0 tclass=capability permissive=0
11-11 00:04:50.295 I/auditd ( 0): type=1400 audit(0.0:675): avc: denied { kill } for comm="swapper/0" capability=5 scontext=u:r:kernel:s0 tcontext=u:r:kernel:s0 tclass=capability permissive=0
11-11 00:04:51.299 I/auditd ( 0): type=1400 audit(0.0:676): avc: denied { kill } for comm="swapper/0" capability=5 scontext=u:r:kernel:s0 tcontext=u:r:kernel:s0 tclass=capability permissive=0
11-11 00:04:52.295 I/auditd ( 0): type=1400 audit(0.0:677): avc: denied { kill } for comm="swapper/0" capability=5 scontext=u:r:kernel:s0 tcontext=u:r:kernel:s0 tclass=capability permissive=0
11-11 00:04:53.299 I/auditd ( 0): type=1400 audit(0.0:678): avc: denied { kill } for comm="swapper/0" capability=5 scontext=u:r:kernel:s0 tcontext=u:r:kernel:s0 tclass=capability permissive=0
11-11 00:04:54.295 I/auditd ( 0): type=1400 audit(0.0:679): avc: denied { kill } for comm="swapper/0" capability=5 scontext=u:r:kernel:s0 tcontext=u:r:kernel:s0 tclass=capability permissive=0
11-11 00:04:55.295 I/auditd ( 0): type=1400 audit(0.0:680): avc: denied { kill } for comm="swapper/0" capability=5 scontext=u:r:kernel:s0 tcontext=u:r:kernel:s0 tclass=capability permissive=0
11-11 00:04:56.299 I/auditd ( 0): type=1400 audit(0.0:681): avc: denied { kill } for comm="swapper/0" capability=5 scontext=u:r:kernel:s0 tcontext=u:r:kernel:s0 tclass=capability permissive=0
11-11 00:04:57.299 I/auditd ( 0): type=1400 audit(0.0:682): avc: denied { kill } for comm="swapper/0" capability=5 scontext=u:r:kernel:s0 tcontext=u:r:kernel:s0 tclass=capability permissive=0
11-11 00:04:58.295 I/auditd ( 0): type=1400 audit(0.0:683): avc: denied { kill } for comm="swapper/0" capability=5 scontext=u:r:kernel:s0 tcontext=u:r:kernel:s0 tclass=capability permissive=0
11-11 00:04:59.295 I/auditd ( 0): type=1400 audit(0.0:684): avc: denied { kill } for comm="swapper/0" capability=5 scontext=u:r:kernel:s0 tcontext=u:r:kernel:s0 tclass=capability permissive=0
11-11 00:05:00.295 I/auditd ( 0): type=1400 audit(0.0:685): avc: denied { kill } for comm="swapper/0" capability=5 scontext=u:r:kernel:s0 tcontext=u:r:kernel:s0 tclass=capability permissive=0
11-11 00:05:01.295 I/auditd ( 0): type=1400 audit(0.0:686): avc: denied { kill } for comm="swapper/0" capability=5 scontext=u:r:kernel:s0 tcontext=u:r:kernel:s0 tclass=capability permissive=0
11-11 00:05:02.295 I/auditd ( 0): type=1400 audit(0.0:687): avc: denied { kill } for comm="swapper/0" capability=5 scontext=u:r:kernel:s0 tcontext=u:r:kernel:s0 tclass=capability permissive=0
11-11 00:05:03.299 I/auditd ( 0): type=1400 audit(0.0:688): avc: denied { kill } for comm="swapper/0" capability=5 scontext=u:r:kernel:s0 tcontext=u:r:kernel:s0 tclass=capability permissive=0
11-11 00:05:04.299 I/auditd ( 0): type=1400 audit(0.0:689): avc: denied { kill } for comm="swapper/0" capability=5 scontext=u:r:kernel:s0 tcontext=u:r:kernel:s0 tclass=capability permissive=0
11-11 00:05:05.295 I/auditd ( 0): type=1400 audit(0.0:690): avc: denied { kill } for comm="swapper/0" capability=5 scontext=u:r:kernel:s0 tcontext=u:r:kernel:s0 tclass=capability permissive=0
11-11 00:05:06.295 I/auditd ( 0): type=1400 audit(0.0:691): avc: denied { kill } for comm="swapper/0" capability=5 scontext=u:r:kernel:s0 tcontext=u:r:kernel:s0 tclass=capability permissive=0
11-11 00:05:07.295 I/auditd ( 0): type=1400 audit(0.0:692): avc: denied { kill } for comm="swapper/0" capability=5 scontext=u:r:kernel:s0 tcontext=u:r:kernel:s0 tclass=capability permissive=0
11-11 00:05:08.295 I/auditd ( 0): type=1400 audit(0.0:693): avc: denied { kill } for comm="swapper/0" capability=5 scontext=u:r:kernel:s0 tcontext=u:r:kernel:s0 tclass=capability permissive=0
11-11 00:05:09.295 I/auditd ( 0): type=1400 audit(0.0:694): avc: denied { kill } for comm="swapper/0" capability=5 scontext=u:r:kernel:s0 tcontext=u:r:kernel:s0 tclass=capability permissive=0
11-11 00:05:10.295 I/auditd ( 0): type=1400 audit(0.0:695): avc: denied { kill } for comm="swapper/0" capability=5 scontext=u:r:kernel:s0 tcontext=u:r:kernel:s0 tclass=capability permissive=0
11-11 00:05:11.299 I/auditd ( 0): type=1400 audit(0.0:696): avc: denied { kill } for comm="swapper/0" capability=5 scontext=u:r:kernel:s0 tcontext=u:r:kernel:s0 tclass=capability permissive=0
11-11 00:05:12.295 I/auditd ( 0): type=1400 audit(0.0:697): avc: denied { kill } for comm="swapper/0" capability=5 scontext=u:r:kernel:s0 tcontext=u:r:kernel:s0 tclass=capability permissive=0
11-11 00:05:13.299 I/auditd ( 0): type=1400 audit(0.0:698): avc: denied { kill } for comm="swapper/0" capability=5 scontext=u:r:kernel:s0 tcontext=u:r:kernel:s0 tclass=capability permissive=0
11-11 00:05:14.295 I/auditd ( 0): type=1400 audit(0.0:699): avc: denied { kill } for comm="swapper/0" capability=5 scontext=u:r:kernel:s0 tcontext=u:r:kernel:s0 tclass=capability permissive=0
11-11 00:05:15.295 I/auditd ( 0): type=1400 audit(0.0:700): avc: denied { kill } for comm="swapper/0" capability=5 scontext=u:r:kernel:s0 tcontext=u:r:kernel:s0 tclass=capability permissive=0
11-11 00:05:16.295 I/auditd ( 0): type=1400 audit(0.0:701): avc: denied { kill } for comm="swapper/0" capability=5 scontext=u:r:kernel:s0 tcontext=u:r:kernel:s0 tclass=capability permissive=0
11-11 00:05:17.299 I/auditd ( 0): type=1400 audit(0.0:702): avc: denied { kill } for comm="swapper/0" capability=5 scontext=u:r:kernel:s0 tcontext=u:r:kernel:s0 tclass=capability permissive=0
11-11 00:05:18.295 I/auditd ( 0): type=1400 audit(0.0:703): avc: denied { kill } for comm="swapper/0" capability=5 scontext=u:r:kernel:s0 tcontext=u:r:kernel:s0 tclass=capability permissive=0
11-11 00:05:20.295 I/auditd ( 0): type=1400 audit(0.0:704): avc: denied { kill } for comm="swapper/3" capability=5 scontext=u:r:kernel:s0 tcontext=u:r:kernel:s0 tclass=capability permissive=0
11-11 00:05:21.295 I/auditd ( 0): type=1400 audit(0.0:705): avc: denied { kill } for comm="swapper/3" capability=5 scontext=u:r:kernel:s0 tcontext=u:r:kernel:s0 tclass=capability permissive=0
11-11 00:05:22.295 I/auditd ( 0): type=1400 audit(0.0:706): avc: denied { kill } for comm="swapper/3" capability=5 scontext=u:r:kernel:s0 tcontext=u:r:kernel:s0 tclass=capability permissive=0
11-11 00:05:23.299 I/auditd ( 0): type=1400 audit(0.0:707): avc: denied { kill } for comm="swapper/3" capability=5 scontext=u:r:kernel:s0 tcontext=u:r:kernel:s0 tclass=capability permissive=0
11-11 00:05:24.299 I/auditd ( 0): type=1400 audit(0.0:708): avc: denied { kill } for comm="swapper/3" capability=5 scontext=u:r:kernel:s0 tcontext=u:r:kernel:s0 tclass=capability permissive=0
11-11 00:05:25.295 I/auditd ( 0): type=1400 audit(0.0:709): avc: denied { kill } for comm="swapper/3" capability=5 scontext=u:r:kernel:s0 tcontext=u:r:kernel:s0 tclass=capability permissive=0
11-11 00:05:26.295 I/auditd ( 0): type=1400 audit(0.0:710): avc: denied { kill } for comm="swapper/3" capability=5 scontext=u:r:kernel:s0 tcontext=u:r:kernel:s0 tclass=capability permissive=0
11-11 00:05:27.295 I/auditd ( 347): type=1400 audit(0.0:711): avc: denied { kill } for comm="kworker/u16:15" capability=5 scontext=u:r:kernel:s0 tcontext=u:r:kernel:s0 tclass=capability permissive=0
11-11 00:05:28.295 I/auditd ( 0): type=1400 audit(0.0:712): avc: denied { kill } for comm="swapper/3" capability=5 scontext=u:r:kernel:s0 tcontext=u:r:kernel:s0 tclass=capability permissive=0
11-11 00:05:29.299 I/auditd ( 0): type=1400 audit(0.0:713): avc: denied { kill } for comm="swapper/3" capability=5 scontext=u:r:kernel:s0 tcontext=u:r:kernel:s0 tclass=capability permissive=0
11-11 00:05:30.295 I/auditd ( 0): type=1400 audit(0.0:714): avc: denied { kill } for comm="swapper/3" capability=5 scontext=u:r:kernel:s0 tcontext=u:r:kernel:s0 tclass=capability permissive=0
11-11 00:05:31.295 I/auditd ( 0): type=1400 audit(0.0:715): avc: denied { kill } for comm="swapper/3" capability=5 scontext=u:r:kernel:s0 tcontext=u:r:kernel:s0 tclass=capability permissive=0
11-11 00:05:32.323 I/auditd ( 5943): type=1400 audit(0.0:716): avc: denied { read } for comm="top" name="pid_max" dev="proc" ino=66173 scontext=u:r:untrusted_app_27:s0:c512,c768 tcontext=u:object_r:proc_pid_max:s0 tclass=file permissive=0 app=com.tencent.mobileqq
11-11 00:05:33.295 I/auditd ( 0): type=1400 audit(0.0:717): avc: denied { kill } for comm="swapper/3" capability=5 scontext=u:r:kernel:s0 tcontext=u:r:kernel:s0 tclass=capability permissive=0
11-11 00:05:34.299 I/auditd ( 0): type=1400 audit(0.0:718): avc: denied { kill } for comm="swapper/3" capability=5 scontext=u:r:kernel:s0 tcontext=u:r:kernel:s0 tclass=capability permissive=0
11-11 00:05:35.295 I/auditd ( 0): type=1400 audit(0.0:719): avc: denied { kill } for comm="swapper/3" capability=5 scontext=u:r:kernel:s0 tcontext=u:r:kernel:s0 tclass=capability permissive=0
11-11 00:05:36.299 I/auditd ( 0): type=1400 audit(0.0:720): avc: denied { kill } for comm="swapper/3" capability=5 scontext=u:r:kernel:s0 tcontext=u:r:kernel:s0 tclass=capability permissive=0
11-11 00:05:36.558 I/am_uid_idle( 1491): 10064
11-11 00:05:37.295 I/auditd ( 0): type=1400 audit(0.0:721): avc: denied { kill } for comm="swapper/3" capability=5 scontext=u:r:kernel:s0 tcontext=u:r:kernel:s0 tclass=capability permissive=0
11-11 00:05:38.295 I/auditd ( 0): type=1400 audit(0.0:722): avc: denied { kill } for comm="swapper/3" capability=5 scontext=u:r:kernel:s0 tcontext=u:r:kernel:s0 tclass=capability permissive=0
11-11 00:05:39.295 I/auditd ( 0): type=1400 audit(0.0:723): avc: denied { kill } for comm="swapper/3" capability=5 scontext=u:r:kernel:s0 tcontext=u:r:kernel:s0 tclass=capability permissive=0
11-11 00:05:40.295 I/auditd ( 0): type=1400 audit(0.0:724): avc: denied { kill } for comm="swapper/3" capability=5 scontext=u:r:kernel:s0 tcontext=u:r:kernel:s0 tclass=capability permissive=0
11-11 00:05:41.295 I/auditd ( 0): type=1400 audit(0.0:725): avc: denied { kill } for comm="swapper/3" capability=5 scontext=u:r:kernel:s0 tcontext=u:r:kernel:s0 tclass=capability permissive=0
11-11 00:05:42.295 I/auditd ( 0): type=1400 audit(0.0:726): avc: denied { kill } for comm="swapper/3" capability=5 scontext=u:r:kernel:s0 tcontext=u:r:kernel:s0 tclass=capability permissive=0
11-11 00:05:43.295 I/auditd ( 0): type=1400 audit(0.0:727): avc: denied { kill } for comm="swapper/3" capability=5 scontext=u:r:kernel:s0 tcontext=u:r:kernel:s0 tclass=capability permissive=0
11-11 00:05:44.295 I/auditd ( 0): type=1400 audit(0.0:728): avc: denied { kill } for comm="swapper/3" capability=5 scontext=u:r:kernel:s0 tcontext=u:r:kernel:s0 tclass=capability permissive=0
11-11 00:05:45.295 I/auditd ( 0): type=1400 audit(0.0:729): avc: denied { kill } for comm="swapper/3" capability=5 scontext=u:r:kernel:s0 tcontext=u:r:kernel:s0 tclass=capability permissive=0
11-11 00:05:46.299 I/auditd ( 0): type=1400 audit(0.0:730): avc: denied { kill } for comm="swapper/3" capability=5 scontext=u:r:kernel:s0 tcontext=u:r:kernel:s0 tclass=capability permissive=0
11-11 00:05:46.988 I/am_pss ( 1491): [5521,10051,com.thundercomm.screensaver,47679488,41844736,0,160264192,0,2,13]
11-11 00:05:47.001 I/am_pss ( 1491): [2490,10070,com.android.launcher3,56142848,47742976,0,178794496,0,6,11]
11-11 00:05:47.295 I/auditd ( 0): type=1400 audit(0.0:731): avc: denied { kill } for comm="swapper/3" capability=5 scontext=u:r:kernel:s0 tcontext=u:r:kernel:s0 tclass=capability permissive=0
11-11 00:05:48.295 I/auditd ( 3389): type=1400 audit(0.0:732): avc: denied { kill } for comm="dp_rx_thread_0" capability=5 scontext=u:r:kernel:s0 tcontext=u:r:kernel:s0 tclass=capability permissive=0
11-11 00:05:48.676 I/service_manager_stats( 1491): [116,15,78105]
11-11 00:05:48.697 I/netstats_mobile_sample( 1491): [0,0,0,0,0,0,0,0,0,0,0,0,1668081948697]
11-11 00:05:48.698 I/netstats_wifi_sample( 1491): [4290778,10867,3426710,8461,4290778,10867,3426710,8461,7617900,19474,2252516,5457,1668081948697]
11-11 00:05:49.299 I/auditd ( 0): type=1400 audit(0.0:733): avc: denied { kill } for comm="swapper/3" capability=5 scontext=u:r:kernel:s0 tcontext=u:r:kernel:s0 tclass=capability permissive=0
