11-11 00:55:01.295 I/auditd ( 0): type=1400 audit(0.0:3634): avc: denied { kill } for comm="swapper/2" capability=5 scontext=u:r:kernel:s0 tcontext=u:r:kernel:s0 tclass=capability permissive=0
11-11 00:55:02.295 I/auditd ( 0): type=1400 audit(0.0:3635): avc: denied { kill } for comm="swapper/2" capability=5 scontext=u:r:kernel:s0 tcontext=u:r:kernel:s0 tclass=capability permissive=0
11-11 00:55:03.295 I/auditd ( 0): type=1400 audit(0.0:3636): avc: denied { kill } for comm="swapper/2" capability=5 scontext=u:r:kernel:s0 tcontext=u:r:kernel:s0 tclass=capability permissive=0
11-11 00:55:04.295 I/auditd ( 0): type=1400 audit(0.0:3637): avc: denied { kill } for comm="swapper/2" capability=5 scontext=u:r:kernel:s0 tcontext=u:r:kernel:s0 tclass=capability permissive=0
11-11 00:55:06.295 I/auditd ( 0): type=1400 audit(0.0:3638): avc: denied { kill } for comm="swapper/2" capability=5 scontext=u:r:kernel:s0 tcontext=u:r:kernel:s0 tclass=capability permissive=0
11-11 00:55:07.295 I/auditd ( 0): type=1400 audit(0.0:3639): avc: denied { kill } for comm="swapper/2" capability=5 scontext=u:r:kernel:s0 tcontext=u:r:kernel:s0 tclass=capability permissive=0
11-11 00:55:08.295 I/auditd ( 0): type=1400 audit(0.0:3640): avc: denied { kill } for comm="swapper/2" capability=5 scontext=u:r:kernel:s0 tcontext=u:r:kernel:s0 tclass=capability permissive=0
11-11 00:55:09.295 I/auditd ( 0): type=1400 audit(0.0:3641): avc: denied { kill } for comm="swapper/2" capability=5 scontext=u:r:kernel:s0 tcontext=u:r:kernel:s0 tclass=capability permissive=0
11-11 00:55:10.295 I/auditd ( 0): type=1400 audit(0.0:3642): avc: denied { kill } for comm="swapper/2" capability=5 scontext=u:r:kernel:s0 tcontext=u:r:kernel:s0 tclass=capability permissive=0
11-11 00:55:12.295 I/auditd ( 0): type=1400 audit(0.0:3643): avc: denied { kill } for comm="swapper/2" capability=5 scontext=u:r:kernel:s0 tcontext=u:r:kernel:s0 tclass=capability permissive=0
11-11 00:55:13.295 I/auditd ( 0): type=1400 audit(0.0:3644): avc: denied { kill } for comm="swapper/2" capability=5 scontext=u:r:kernel:s0 tcontext=u:r:kernel:s0 tclass=capability permissive=0
11-11 00:55:14.299 I/auditd ( 0): type=1400 audit(0.0:3645): avc: denied { kill } for comm="swapper/2" capability=5 scontext=u:r:kernel:s0 tcontext=u:r:kernel:s0 tclass=capability permissive=0
11-11 00:55:15.295 I/auditd ( 0): type=1400 audit(0.0:3646): avc: denied { kill } for comm="swapper/2" capability=5 scontext=u:r:kernel:s0 tcontext=u:r:kernel:s0 tclass=capability permissive=0
11-11 00:55:16.295 I/auditd ( 0): type=1400 audit(0.0:3647): avc: denied { kill } for comm="swapper/2" capability=5 scontext=u:r:kernel:s0 tcontext=u:r:kernel:s0 tclass=capability permissive=0
11-11 00:55:17.295 I/auditd ( 0): type=1400 audit(0.0:3648): avc: denied { kill } for comm="swapper/2" capability=5 scontext=u:r:kernel:s0 tcontext=u:r:kernel:s0 tclass=capability permissive=0
11-11 00:55:18.295 I/auditd ( 0): type=1400 audit(0.0:3649): avc: denied { kill } for comm="swapper/2" capability=5 scontext=u:r:kernel:s0 tcontext=u:r:kernel:s0 tclass=capability permissive=0
11-11 00:55:19.295 I/auditd ( 0): type=1400 audit(0.0:3650): avc: denied { kill } for comm="swapper/2" capability=5 scontext=u:r:kernel:s0 tcontext=u:r:kernel:s0 tclass=capability permissive=0
11-11 00:55:20.295 I/auditd ( 0): type=1400 audit(0.0:3651): avc: denied { kill } for comm="swapper/2" capability=5 scontext=u:r:kernel:s0 tcontext=u:r:kernel:s0 tclass=capability permissive=0
11-11 00:55:21.295 I/auditd ( 0): type=1400 audit(0.0:3652): avc: denied { kill } for comm="swapper/2" capability=5 scontext=u:r:kernel:s0 tcontext=u:r:kernel:s0 tclass=capability permissive=0
11-11 00:55:23.299 I/auditd ( 0): type=1400 audit(0.0:3653): avc: denied { kill } for comm="swapper/2" capability=5 scontext=u:r:kernel:s0 tcontext=u:r:kernel:s0 tclass=capability permissive=0
11-11 00:55:24.295 I/auditd ( 0): type=1400 audit(0.0:3654): avc: denied { kill } for comm="swapper/2" capability=5 scontext=u:r:kernel:s0 tcontext=u:r:kernel:s0 tclass=capability permissive=0
11-11 00:55:25.295 I/auditd ( 0): type=1400 audit(0.0:3655): avc: denied { kill } for comm="swapper/2" capability=5 scontext=u:r:kernel:s0 tcontext=u:r:kernel:s0 tclass=capability permissive=0
11-11 00:55:26.295 I/auditd ( 0): type=1400 audit(0.0:3656): avc: denied { kill } for comm="swapper/2" capability=5 scontext=u:r:kernel:s0 tcontext=u:r:kernel:s0 tclass=capability permissive=0
11-11 00:55:27.295 I/auditd ( 0): type=1400 audit(0.0:3657): avc: denied { kill } for comm="swapper/2" capability=5 scontext=u:r:kernel:s0 tcontext=u:r:kernel:s0 tclass=capability permissive=0
11-11 00:55:28.295 I/auditd ( 0): type=1400 audit(0.0:3658): avc: denied { kill } for comm="swapper/2" capability=5 scontext=u:r:kernel:s0 tcontext=u:r:kernel:s0 tclass=capability permissive=0
11-11 00:55:29.295 I/auditd ( 0): type=1400 audit(0.0:3659): avc: denied { kill } for comm="swapper/2" capability=5 scontext=u:r:kernel:s0 tcontext=u:r:kernel:s0 tclass=capability permissive=0
11-11 00:55:29.306 I/input_interaction( 1491): Interaction with: d869a1f systemui.screen.recording (server), edge-swipe (server), swipe-up (server), PointerEventDispatcher0 (server),
11-11 00:55:31.295 I/auditd ( 0): type=1400 audit(0.0:3660): avc: denied { kill } for comm="swapper/2" capability=5 scontext=u:r:kernel:s0 tcontext=u:r:kernel:s0 tclass=capability permissive=0
11-11 00:55:32.295 I/auditd ( 0): type=1400 audit(0.0:3661): avc: denied { kill } for comm="swapper/2" capability=5 scontext=u:r:kernel:s0 tcontext=u:r:kernel:s0 tclass=capability permissive=0
11-11 00:55:32.393 I/notification_enqueue( 1491): [10078,1971,com.android.systemui,4275,NULL,0,Notification(channel=screen_record shortcut=null contentView=null vibrate=null sound=null defaults=0x0 flags=0x0 color=0x00000000 vis=PRIVATE),0]
11-11 00:55:32.395 I/am_wtf ( 1491): [0,1491,system_server,-1,ActivityManager,Sending non-protected broadcast com.android.systemui.screenrecord.UPDATE_STATE_OUTSIDE from system 1971:com.android.systemui/u0a78 pkg com.android.systemui]
11-11 00:55:32.399 I/am_wtf ( 1491): [0,1491,system_server,-1,ActivityManager,Sending non-protected broadcast com.android.systemui.screenrecord.UPDATE_STATE_OUTSIDE from system 1971:com.android.systemui/u0a78 pkg com.android.systemui]
11-11 00:55:32.406 I/sysui_multi_action( 1491): [757,128,758,5,759,8,793,51533,794,0,795,51533,796,4274,806,com.android.systemui,857,screen_record,858,3,947,0,1500,51329,1688,1]
11-11 00:55:32.406 I/notification_canceled( 1491): [0|com.android.systemui|4274|null|10078,8,51533,51533,0,-1,-1,NULL]
11-11 00:55:32.423 I/am_pss ( 1491): [2490,10070,com.android.launcher3,197898240,184963072,0,323379200,0,2,9]
11-11 00:55:32.594 I/sysui_multi_action( 1491): [757,1501,758,1,793,203,794,0,795,203,796,4275,806,com.android.systemui,857,screen_record,858,3,947,0,1500,0,1688,1]
11-11 00:55:32.595 I/sysui_multi_action( 1491): [757,804,799,note_interruptive,801,0,802,1]
11-11 00:55:32.596 I/sysui_multi_action( 1491): [757,1501,758,1,793,205,794,0,795,205,796,4275,806,com.android.systemui,857,screen_record,858,3,947,0,1500,0,1688,1]
11-11 00:55:32.596 I/sysui_multi_action( 1491): [757,804,799,note_interruptive,801,0,802,1]
11-11 00:55:32.597 I/sysui_multi_action( 1491): [757,199,758,1,759,1,793,206,794,0,795,206,796,4275,806,com.android.systemui,857,screen_record,858,3,947,0,1500,1,1688,1]
11-11 00:55:32.597 I/notification_alert( 1491): [0|com.android.systemui|4275|null|10078,1,0,0]
11-11 00:55:33.258 I/auditd ( 509): avc: denied { find } for interface=vendor.qti.qspmhal::IQspmhal sid=u:r:mediaserver:s0 pid=1200 scontext=u:r:mediaserver:s0 tcontext=u:object_r:vendor_hal_qspmhal_hwservice:s0 tclass=hwservice_manager permissive=0
11-11 00:55:33.295 I/auditd ( 0): type=1400 audit(0.0:3662): avc: denied { kill } for comm="swapper/2" capability=5 scontext=u:r:kernel:s0 tcontext=u:r:kernel:s0 tclass=capability permissive=0
11-11 00:55:33.472 I/notification_enqueue( 1491): [10078,1971,com.android.systemui,4273,NULL,0,Notification(channel=screen_record shortcut=null contentView=null vibrate=null sound=null defaults=0x0 flags=0x10 color=0x00000000 actions=1 vis=PRIVATE),0]
11-11 00:55:33.474 I/sysui_multi_action( 1491): [757,128,758,5,759,8,793,1083,794,0,795,1083,796,4275,806,com.android.systemui,857,screen_record,858,3,947,0,1500,878,1688,1]
11-11 00:55:33.474 I/notification_canceled( 1491): [0|com.android.systemui|4275|null|10078,8,1083,1083,0,-1,-1,NULL]
11-11 00:55:33.674 I/sysui_multi_action( 1491): [757,1501,758,1,793,203,794,0,795,203,796,4273,806,com.android.systemui,857,screen_record,858,3,947,0,1500,0,1688,1,1745,680407814]
11-11 00:55:33.675 I/sysui_multi_action( 1491): [757,804,799,note_interruptive,801,0,802,1]
11-11 00:55:33.676 I/sysui_multi_action( 1491): [757,1501,758,1,793,205,794,0,795,205,796,4273,806,com.android.systemui,857,screen_record,858,3,947,0,1500,0,1688,1,1745,680407814]
11-11 00:55:33.676 I/sysui_multi_action( 1491): [757,804,799,note_interruptive,801,0,802,1]
11-11 00:55:33.677 I/sysui_multi_action( 1491): [757,199,758,1,759,1,793,206,794,0,795,206,796,4273,806,com.android.systemui,857,screen_record,858,3,947,0,1500,1,1688,1,1745,680407814]
11-11 00:55:33.677 I/notification_alert( 1491): [0|com.android.systemui|4273|null|10078,1,0,0]
11-11 00:55:33.940 I/input_interaction( 1491): Interaction with: 892079 StatusBar (server), edge-swipe (server), swipe-up (server), PointerEventDispatcher0 (server),
11-11 00:55:33.944 I/sysui_multi_action( 1971): [757,803,799,panel_open,802,1]
11-11 00:55:33.945 I/sysui_multi_action( 1971): [757,1328,758,4,1326,25,1327,1,1329,0]
11-11 00:55:33.989 I/sysui_multi_action( 1491): [757,127,758,1]
11-11 00:55:33.990 I/sysui_multi_action( 1491): [757,804,799,note_load,801,3,802,1]
11-11 00:55:33.990 I/notification_panel_revealed( 1491): 3
11-11 00:55:34.003 I/input_focus( 1491): [Focus request 4ae03d4 NotificationShade,reason=UpdateInputWindows]
11-11 00:55:34.011 I/sysui_multi_action( 1491): [757,128,758,1,793,415722717,794,0,795,415722717,796,26,798,0,806,android,857,DEVELOPER_IMPORTANT,858,4,947,0,1395,3,1500,415722468,1688,1]
11-11 00:55:34.011 I/sysui_multi_action( 1491): [757,804,799,note_freshness,801,415722717,802,1]
11-11 00:55:34.011 I/notification_visibility( 1491): [-1|android|26|null|1000,1,415722717,415722717,0,0]
11-11 00:55:34.011 I/sysui_multi_action( 1491): [757,128,758,1,793,540,794,0,795,540,796,4273,798,1,806,com.android.systemui,857,screen_record,858,3,947,0,1395,3,1500,335,1688,1,1745,680407814]
11-11 00:55:34.011 I/sysui_multi_action( 1491): [757,804,799,note_freshness,801,540,802,1]
11-11 00:55:34.011 I/notification_visibility( 1491): [0|com.android.systemui|4273|null|10078,1,540,540,0,1]
11-11 00:55:34.011 I/sysui_multi_action( 1491): [757,128,758,1,793,415723299,794,0,795,415723299,796,32,798,2,806,android,857,USB,858,1,947,0,1395,3,1500,415723040,1688,1]
11-11 00:55:34.011 I/sysui_multi_action( 1491): [757,804,799,note_freshness,801,415723299,802,1]
11-11 00:55:34.011 I/notification_visibility( 1491): [-1|android|32|null|1000,1,415723299,415723299,0,2]
11-11 00:55:34.020 I/input_focus( 1491): [Focus leaving 61dc244 com.android.launcher3/com.android.launcher3.uioverrides.QuickstepLauncher (server),reason=setFocusedWindow]
11-11 00:55:34.020 I/input_focus( 1491): [Focus entering 4ae03d4 NotificationShade (server),reason=setFocusedWindow]
11-11 00:55:34.068 I/sysui_multi_action( 1971): [757,111,758,1]
11-11 00:55:34.068 I/sysui_multi_action( 1971): [757,126,758,1,759,126,927,0,928,1,1593,0]
11-11 00:55:34.068 I/sysui_multi_action( 1971): [757,113,758,1,759,113,927,1,928,0,1593,0]
11-11 00:55:34.068 I/sysui_multi_action( 1971): [757,0,758,1,759,0,927,2,928,0,1593,0]
11-11 00:55:34.069 I/sysui_multi_action( 1971): [757,0,758,1,759,0,927,3,928,0,1593,0]
11-11 00:55:34.069 I/sysui_multi_action( 1971): [757,491,758,1,759,491,927,4,928,0,1311,-1,1593,0]
11-11 00:55:34.069 I/sysui_multi_action( 1971): [757,0,758,1,759,0,927,5,928,0,1593,0]
11-11 00:55:34.069 I/sysui_multi_action( 1971): [757,111,758,1]
11-11 00:55:34.069 I/sysui_multi_action( 1971): [757,126,758,1,759,126,927,0,928,1,1593,0]
11-11 00:55:34.069 I/sysui_multi_action( 1971): [757,113,758,1,759,113,927,1,928,0,1593,0]
11-11 00:55:34.070 I/sysui_multi_action( 1971): [757,0,758,1,759,0,927,2,928,0,1593,0]
11-11 00:55:34.070 I/sysui_multi_action( 1971): [757,0,758,1,759,0,927,3,928,0,1593,0]
11-11 00:55:34.295 I/auditd ( 0): type=1400 audit(0.0:3663): avc: denied { kill } for comm="swapper/2" capability=5 scontext=u:r:kernel:s0 tcontext=u:r:kernel:s0 tclass=capability permissive=0
11-11 00:55:35.103 I/input_interaction( 1491): Interaction with: 4ae03d4 NotificationShade (server), edge-swipe (server), swipe-up (server), PointerEventDispatcher0 (server),
11-11 00:55:35.256 I/wm_task_created( 1491): [99,-1]
11-11 00:55:35.258 I/wm_task_moved( 1491): [99,1,6]
11-11 00:55:35.258 I/wm_task_to_front( 1491): [0,99]
11-11 00:55:35.259 I/wm_on_top_resumed_lost_called( 2490): [146330618,com.android.launcher3.uioverrides.QuickstepLauncher,topStateChangedWhenResumed]
11-11 00:55:35.259 I/wm_create_task( 1491): [0,99]
11-11 00:55:35.259 I/wm_create_activity( 1491): [0,45608732,99,com.android.gallery3d/.app.MovieActivity,android.intent.action.VIEW,video/mp4,content://media/external_primary/video/media/126,268435457]
11-11 00:55:35.259 I/wm_task_moved( 1491): [99,1,6]
11-11 00:55:35.260 I/wm_pause_activity( 1491): [0,146330618,com.android.launcher3/.uioverrides.QuickstepLauncher,userLeaving=true,pauseBackTasks]
11-11 00:55:35.262 I/wm_on_paused_called( 2490): [146330618,com.android.launcher3.uioverrides.QuickstepLauncher,performPause]
11-11 00:55:35.262 I/sysui_multi_action( 1491): [757,128,758,4,793,1791,794,1251,795,1791,796,4273,798,0,806,com.android.systemui,857,screen_record,858,3,947,0,1395,3,1500,1586,1688,1,1745,680407814]
11-11 00:55:35.262 I/notification_clicked( 1491): [0|com.android.systemui|4273|null|10078,1791,1791,1251,0,3]
11-11 00:55:35.263 I/sysui_multi_action( 1491): [757,804,799,note_click_longevity,801,0,802,1]
11-11 00:55:35.263 I/wm_add_to_stopping( 1491): [0,146330618,com.android.launcher3/.uioverrides.QuickstepLauncher,makeInvisible]
11-11 00:55:35.263 I/sysui_multi_action( 1491): [757,128,758,5,759,1,793,1792,794,1252,795,1792,796,4273,798,0,806,com.android.systemui,857,screen_record,858,3,947,0,1395,3,1500,1587,1688,1,1745,680407814]
11-11 00:55:35.263 I/notification_canceled( 1491): [0|com.android.systemui|4273|null|10078,1,1792,1792,1252,0,3,NULL]
11-11 00:55:35.265 I/am_uid_running( 1491): 10065
11-11 00:55:35.266 I/sysui_multi_action( 1491): [757,803,799,window_time_0,802,58]
11-11 00:55:35.272 I/am_proc_start( 1491): [0,6611,10065,com.android.gallery3d,pre-top-activity,{com.android.gallery3d/com.android.gallery3d.app.MovieActivity}]
11-11 00:55:35.271 I/auditd ( 1163): type=1400 audit(0.0:3664): avc: denied { read } for comm="traced_probes" name="format" dev="tracefs" ino=7440 scontext=u:r:traced_probes:s0 tcontext=u:object_r:debugfs_tracing_debug:s0 tclass=file permissive=0
11-11 00:55:35.271 I/auditd ( 1163): type=1400 audit(0.0:3665): avc: denied { read } for comm="traced_probes" name="format" dev="tracefs" ino=7428 scontext=u:r:traced_probes:s0 tcontext=u:object_r:debugfs_tracing_debug:s0 tclass=file permissive=0
11-11 00:55:35.271 I/auditd ( 1163): type=1400 audit(0.0:3666): avc: denied { read } for comm="traced_probes" name="format" dev="tracefs" ino=7434 scontext=u:r:traced_probes:s0 tcontext=u:object_r:debugfs_tracing_debug:s0 tclass=file permissive=0
11-11 00:55:35.271 I/auditd ( 1163): type=1400 audit(0.0:3667): avc: denied { read } for comm="traced_probes" name="format" dev="tracefs" ino=7446 scontext=u:r:traced_probes:s0 tcontext=u:object_r:debugfs_tracing_debug:s0 tclass=file permissive=0
11-11 00:55:35.271 I/auditd ( 1163): type=1400 audit(0.0:3668): avc: denied { read } for comm="traced_probes" name="format" dev="tracefs" ino=7452 scontext=u:r:traced_probes:s0 tcontext=u:object_r:debugfs_tracing_debug:s0 tclass=file permissive=0
11-11 00:55:35.271 I/auditd ( 1163): type=1400 audit(0.0:3669): avc: denied { read } for comm="traced_probes" name="format" dev="tracefs" ino=7488 scontext=u:r:traced_probes:s0 tcontext=u:object_r:debugfs_tracing_debug:s0 tclass=file permissive=0
11-11 00:55:35.283 I/am_proc_bound( 1491): [0,6611,com.android.gallery3d]
11-11 00:55:35.285 I/wm_restart_activity( 1491): [0,45608732,99,com.android.gallery3d/.app.MovieActivity]
11-11 00:55:35.285 I/wm_set_resumed_activity( 1491): [0,com.android.gallery3d/.app.MovieActivity,minimalResumeActivityLocked]
11-11 00:55:35.286 I/am_uid_active( 1491): 10065
11-11 00:55:35.330 I/wm_on_create_called( 6611): [45608732,com.android.gallery3d.app.MovieActivity,performCreate]
11-11 00:55:35.333 I/wm_on_start_called( 6611): [45608732,com.android.gallery3d.app.MovieActivity,handleStartActivity]
11-11 00:55:35.334 I/wm_on_resume_called( 6611): [45608732,com.android.gallery3d.app.MovieActivity,RESUME_ACTIVITY]
11-11 00:55:35.338 I/wm_on_top_resumed_gained_called( 6611): [45608732,com.android.gallery3d.app.MovieActivity,topStateChangedWhenResumed]
11-11 00:55:35.386 I/sysui_multi_action( 1491): [319,45,321,43,322,146,325,3316,757,761,758,7,759,1,806,com.android.gallery3d,871,com.android.gallery3d.app.MovieActivity,904,com.android.systemui,905,0,945,48,1320,17,1321,1]
11-11 00:55:35.386 I/wm_activity_launch_time( 1491): [0,45608732,com.android.gallery3d/.app.MovieActivity,146]
11-11 00:55:35.806 I/wm_stop_activity( 1491): [0,146330618,com.android.launcher3/.uioverrides.QuickstepLauncher]
11-11 00:55:35.808 I/sysui_multi_action( 1971): [757,111,758,2]
11-11 00:55:35.808 I/sysui_multi_action( 1971): [757,111,758,2]
11-11 00:55:35.812 I/input_focus( 1491): [Focus request 122f68b com.android.gallery3d/com.android.gallery3d.app.MovieActivity,reason=UpdateInputWindows]
11-11 00:55:35.819 I/sysui_multi_action( 1491): [757,128,758,2,793,415724526,794,1809,795,415724526,796,26,798,0,806,android,857,DEVELOPER_IMPORTANT,858,4,947,0,1395,2,1500,415724277,1688,1]
11-11 00:55:35.819 I/notification_visibility( 1491): [-1|android|26|null|1000,0,415724526,415724526,0,0]
11-11 00:55:35.819 I/sysui_multi_action( 1491): [757,128,758,2,793,415725107,794,1808,795,415725107,796,32,798,1,806,android,857,USB,858,1,947,0,1395,2,1500,415724848,1688,1]
11-11 00:55:35.819 I/notification_visibility( 1491): [-1|android|32|null|1000,0,415725107,415725107,0,1]
11-11 00:55:35.820 I/sysui_multi_action( 1491): [757,127,758,2]
11-11 00:55:35.820 I/notification_panel_hidden( 1491):
11-11 00:55:35.824 I/input_focus( 1491): [Focus leaving 4ae03d4 NotificationShade (server),reason=NOT_FOCUSABLE]
11-11 00:55:35.824 I/input_focus( 1491): [Focus entering 122f68b com.android.gallery3d/com.android.gallery3d.app.MovieActivity (server),reason=setFocusedWindow]
11-11 00:55:35.831 I/wm_on_stop_called( 2490): [146330618,com.android.launcher3.uioverrides.QuickstepLauncher,STOP_ACTIVITY_ITEM]
11-11 00:55:36.295 I/auditd ( 0): type=1400 audit(0.0:3878): avc: denied { kill } for comm="swapper/2" capability=5 scontext=u:r:kernel:s0 tcontext=u:r:kernel:s0 tclass=capability permissive=0
11-11 00:55:37.295 I/auditd ( 0): type=1400 audit(0.0:3879): avc: denied { kill } for comm="swapper/2" capability=5 scontext=u:r:kernel:s0 tcontext=u:r:kernel:s0 tclass=capability permissive=0
11-11 00:55:37.732 I/input_interaction( 1491): Interaction with: 122f68b com.android.gallery3d/com.android.gallery3d.app.MovieActivity (server), edge-swipe (server), swipe-up (server), PointerEventDispatcher0 (server),
11-11 00:55:38.295 I/auditd ( 0): type=1400 audit(0.0:3880): avc: denied { kill } for comm="swapper/2" capability=5 scontext=u:r:kernel:s0 tcontext=u:r:kernel:s0 tclass=capability permissive=0
11-11 00:55:40.295 I/auditd ( 0): type=1400 audit(0.0:3881): avc: denied { kill } for comm="swapper/2" capability=5 scontext=u:r:kernel:s0 tcontext=u:r:kernel:s0 tclass=capability permissive=0
11-11 00:55:41.295 I/auditd ( 0): type=1400 audit(0.0:3882): avc: denied { kill } for comm="swapper/2" capability=5 scontext=u:r:kernel:s0 tcontext=u:r:kernel:s0 tclass=capability permissive=0
11-11 00:55:42.295 I/auditd ( 0): type=1400 audit(0.0:3883): avc: denied { kill } for comm="swapper/2" capability=5 scontext=u:r:kernel:s0 tcontext=u:r:kernel:s0 tclass=capability permissive=0
11-11 00:55:43.295 I/auditd ( 0): type=1400 audit(0.0:3884): avc: denied { kill } for comm="swapper/2" capability=5 scontext=u:r:kernel:s0 tcontext=u:r:kernel:s0 tclass=capability permissive=0
11-11 00:55:44.299 I/auditd ( 0): type=1400 audit(0.0:3885): avc: denied { kill } for comm="swapper/2" capability=5 scontext=u:r:kernel:s0 tcontext=u:r:kernel:s0 tclass=capability permissive=0
11-11 00:55:45.295 I/auditd ( 0): type=1400 audit(0.0:3886): avc: denied { kill } for comm="swapper/2" capability=5 scontext=u:r:kernel:s0 tcontext=u:r:kernel:s0 tclass=capability permissive=0
11-11 00:55:47.295 I/auditd ( 0): type=1400 audit(0.0:3887): avc: denied { kill } for comm="swapper/2" capability=5 scontext=u:r:kernel:s0 tcontext=u:r:kernel:s0 tclass=capability permissive=0
11-11 00:55:48.295 I/auditd ( 0): type=1400 audit(0.0:3888): avc: denied { kill } for comm="swapper/2" capability=5 scontext=u:r:kernel:s0 tcontext=u:r:kernel:s0 tclass=capability permissive=0
11-11 00:55:49.295 I/auditd ( 0): type=1400 audit(0.0:3889): avc: denied { kill } for comm="swapper/2" capability=5 scontext=u:r:kernel:s0 tcontext=u:r:kernel:s0 tclass=capability permissive=0
11-11 00:55:50.295 I/auditd ( 0): type=1400 audit(0.0:3890): avc: denied { kill } for comm="swapper/2" capability=5 scontext=u:r:kernel:s0 tcontext=u:r:kernel:s0 tclass=capability permissive=0
11-11 00:55:51.299 I/auditd ( 0): type=1400 audit(0.0:3891): avc: denied { kill } for comm="swapper/2" capability=5 scontext=u:r:kernel:s0 tcontext=u:r:kernel:s0 tclass=capability permissive=0
11-11 00:55:52.295 I/auditd ( 0): type=1400 audit(0.0:3892): avc: denied { kill } for comm="swapper/2" capability=5 scontext=u:r:kernel:s0 tcontext=u:r:kernel:s0 tclass=capability permissive=0
11-11 00:55:53.295 I/auditd ( 0): type=1400 audit(0.0:3893): avc: denied { kill } for comm="swapper/2" capability=5 scontext=u:r:kernel:s0 tcontext=u:r:kernel:s0 tclass=capability permissive=0
11-11 00:55:54.295 I/auditd ( 0): type=1400 audit(0.0:3894): avc: denied { kill } for comm="swapper/2" capability=5 scontext=u:r:kernel:s0 tcontext=u:r:kernel:s0 tclass=capability permissive=0
11-11 00:55:55.295 I/auditd ( 0): type=1400 audit(0.0:3895): avc: denied { kill } for comm="swapper/2" capability=5 scontext=u:r:kernel:s0 tcontext=u:r:kernel:s0 tclass=capability permissive=0
11-11 00:55:56.295 I/auditd ( 0): type=1400 audit(0.0:3896): avc: denied { kill } for comm="swapper/2" capability=5 scontext=u:r:kernel:s0 tcontext=u:r:kernel:s0 tclass=capability permissive=0
11-11 00:55:57.248 I/am_uid_idle( 1491): 10095
11-11 00:55:57.295 I/auditd ( 0): type=1400 audit(0.0:3897): avc: denied { kill } for comm="swapper/2" capability=5 scontext=u:r:kernel:s0 tcontext=u:r:kernel:s0 tclass=capability permissive=0
11-11 00:55:58.295 I/auditd ( 0): type=1400 audit(0.0:3898): avc: denied { kill } for comm="swapper/2" capability=5 scontext=u:r:kernel:s0 tcontext=u:r:kernel:s0 tclass=capability permissive=0
11-11 00:55:59.299 I/auditd ( 0): type=1400 audit(0.0:3899): avc: denied { kill } for comm="swapper/2" capability=5 scontext=u:r:kernel:s0 tcontext=u:r:kernel:s0 tclass=capability permissive=0
11-11 00:56:00.299 I/auditd ( 0): type=1400 audit(0.0:3900): avc: denied { kill } for comm="swapper/2" capability=5 scontext=u:r:kernel:s0 tcontext=u:r:kernel:s0 tclass=capability permissive=0
11-11 00:56:01.295 I/auditd ( 0): type=1400 audit(0.0:3901): avc: denied { kill } for comm="swapper/2" capability=5 scontext=u:r:kernel:s0 tcontext=u:r:kernel:s0 tclass=capability permissive=0
11-11 00:56:02.299 I/auditd ( 0): type=1400 audit(0.0:3902): avc: denied { kill } for comm="swapper/2" capability=5 scontext=u:r:kernel:s0 tcontext=u:r:kernel:s0 tclass=capability permissive=0
11-11 00:56:03.295 I/auditd ( 0): type=1400 audit(0.0:3903): avc: denied { kill } for comm="swapper/2" capability=5 scontext=u:r:kernel:s0 tcontext=u:r:kernel:s0 tclass=capability permissive=0
11-11 00:56:04.299 I/auditd ( 0): type=1400 audit(0.0:3904): avc: denied { kill } for comm="swapper/2" capability=5 scontext=u:r:kernel:s0 tcontext=u:r:kernel:s0 tclass=capability permissive=0
11-11 00:56:05.295 I/am_pss ( 1491): [6611,10065,com.android.gallery3d,54437888,45580288,0,177426432,0,2,14]
11-11 00:56:05.295 I/auditd ( 0): type=1400 audit(0.0:3905): avc: denied { kill } for comm="swapper/2" capability=5 scontext=u:r:kernel:s0 tcontext=u:r:kernel:s0 tclass=capability permissive=0
11-11 00:56:06.295 I/auditd ( 0): type=1400 audit(0.0:3906): avc: denied { kill } for comm="swapper/2" capability=5 scontext=u:r:kernel:s0 tcontext=u:r:kernel:s0 tclass=capability permissive=0
11-11 00:56:07.299 I/auditd ( 0): type=1400 audit(0.0:3907): avc: denied { kill } for comm="swapper/2" capability=5 scontext=u:r:kernel:s0 tcontext=u:r:kernel:s0 tclass=capability permissive=0
11-11 00:56:08.295 I/auditd ( 0): type=1400 audit(0.0:3908): avc: denied { kill } for comm="swapper/2" capability=5 scontext=u:r:kernel:s0 tcontext=u:r:kernel:s0 tclass=capability permissive=0
11-11 00:56:09.295 I/auditd ( 0): type=1400 audit(0.0:3909): avc: denied { kill } for comm="swapper/2" capability=5 scontext=u:r:kernel:s0 tcontext=u:r:kernel:s0 tclass=capability permissive=0
11-11 00:56:10.299 I/auditd ( 0): type=1400 audit(0.0:3910): avc: denied { kill } for comm="swapper/2" capability=5 scontext=u:r:kernel:s0 tcontext=u:r:kernel:s0 tclass=capability permissive=0
11-11 00:56:11.295 I/auditd ( 0): type=1400 audit(0.0:3911): avc: denied { kill } for comm="swapper/2" capability=5 scontext=u:r:kernel:s0 tcontext=u:r:kernel:s0 tclass=capability permissive=0
11-11 00:56:12.295 I/auditd ( 0): type=1400 audit(0.0:3912): avc: denied { kill } for comm="swapper/2" capability=5 scontext=u:r:kernel:s0 tcontext=u:r:kernel:s0 tclass=capability permissive=0
11-11 00:56:13.295 I/auditd ( 0): type=1400 audit(0.0:3913): avc: denied { kill } for comm="swapper/2" capability=5 scontext=u:r:kernel:s0 tcontext=u:r:kernel:s0 tclass=capability permissive=0
11-11 00:56:14.299 I/auditd ( 0): type=1400 audit(0.0:3914): avc: denied { kill } for comm="swapper/2" capability=5 scontext=u:r:kernel:s0 tcontext=u:r:kernel:s0 tclass=capability permissive=0
11-11 00:56:15.299 I/auditd ( 0): type=1400 audit(0.0:3915): avc: denied { kill } for comm="swapper/2" capability=5 scontext=u:r:kernel:s0 tcontext=u:r:kernel:s0 tclass=capability permissive=0
11-11 00:56:16.295 I/auditd ( 0): type=1400 audit(0.0:3916): avc: denied { kill } for comm="swapper/2" capability=5 scontext=u:r:kernel:s0 tcontext=u:r:kernel:s0 tclass=capability permissive=0
11-11 00:56:17.299 I/auditd ( 0): type=1400 audit(0.0:3917): avc: denied { kill } for comm="swapper/2" capability=5 scontext=u:r:kernel:s0 tcontext=u:r:kernel:s0 tclass=capability permissive=0
11-11 00:56:18.295 I/auditd ( 0): type=1400 audit(0.0:3918): avc: denied { kill } for comm="swapper/2" capability=5 scontext=u:r:kernel:s0 tcontext=u:r:kernel:s0 tclass=capability permissive=0
11-11 00:56:19.295 I/auditd ( 0): type=1400 audit(0.0:3919): avc: denied { kill } for comm="swapper/2" capability=5 scontext=u:r:kernel:s0 tcontext=u:r:kernel:s0 tclass=capability permissive=0
11-11 00:56:20.295 I/auditd ( 0): type=1400 audit(0.0:3920): avc: denied { kill } for comm="swapper/2" capability=5 scontext=u:r:kernel:s0 tcontext=u:r:kernel:s0 tclass=capability permissive=0
11-11 00:56:21.299 I/auditd ( 0): type=1400 audit(0.0:3921): avc: denied { kill } for comm="swapper/2" capability=5 scontext=u:r:kernel:s0 tcontext=u:r:kernel:s0 tclass=capability permissive=0
11-11 00:56:22.295 I/auditd ( 0): type=1400 audit(0.0:3922): avc: denied { kill } for comm="swapper/2" capability=5 scontext=u:r:kernel:s0 tcontext=u:r:kernel:s0 tclass=capability permissive=0
11-11 00:56:22.630 I/netstats_mobile_sample( 1491): [0,0,0,0,0,0,0,0,0,0,0,0,1668084982630]
11-11 00:56:22.630 I/netstats_wifi_sample( 1491): [54696605,120963,37687199,85532,54696605,120963,37687199,85532,90114700,194820,19457553,44285,1668084982630]
11-11 00:56:23.299 I/auditd ( 0): type=1400 audit(0.0:3923): avc: denied { kill } for comm="swapper/2" capability=5 scontext=u:r:kernel:s0 tcontext=u:r:kernel:s0 tclass=capability permissive=0
11-11 00:56:24.295 I/auditd ( 0): type=1400 audit(0.0:3924): avc: denied { kill } for comm="swapper/2" capability=5 scontext=u:r:kernel:s0 tcontext=u:r:kernel:s0 tclass=capability permissive=0
11-11 00:56:24.978 I/snet_event_log( 1491): [172655291,-1,]
11-11 00:56:25.299 I/auditd ( 0): type=1400 audit(0.0:3925): avc: denied { kill } for comm="swapper/2" capability=5 scontext=u:r:kernel:s0 tcontext=u:r:kernel:s0 tclass=capability permissive=0
11-11 00:56:26.421 I/view_enqueue_input_event( 6611): [Motion - Cancel,com.android.gallery3d/com.android.gallery3d.app.MovieActivity]
11-11 00:56:26.430 I/input_interaction( 1491): Interaction with: edge-swipe (server), swipe-up (server), PointerEventDispatcher0 (server),
11-11 00:56:26.454 I/snet_event_log( 1491): [172655291,-1,]
11-11 00:56:26.530 I/sysui_multi_action( 1491): [757,803,799,key_back_press,802,1]
11-11 00:56:26.534 I/input_interaction( 1491): Interaction with: 122f68b com.android.gallery3d/com.android.gallery3d.app.MovieActivity (server), PointerEventDispatcher0 (server),
11-11 00:56:26.540 I/wm_finish_activity( 1491): [0,45608732,99,com.android.gallery3d/.app.MovieActivity,app-request]
11-11 00:56:26.540 I/wm_task_moved( 1491): [1,1,6]
11-11 00:56:26.541 I/wm_task_moved( 1491): [90,1,2147483647]
11-11 00:56:26.541 I/wm_task_to_front( 1491): [0,90]
11-11 00:56:26.541 I/wm_focused_root_task( 1491): [0,0,1,99,finish-top adjustFocusToNextFocusableTask]
11-11 00:56:26.541 I/wm_set_resumed_activity( 1491): [0,com.android.launcher3/.uioverrides.QuickstepLauncher,finish-top adjustFocusToNextFocusableTask]
11-11 00:56:26.549 I/wm_pause_activity( 1491): [0,45608732,com.android.gallery3d/.app.MovieActivity,userLeaving=false,finish]
11-11 00:56:26.550 I/wm_on_top_resumed_lost_called( 6611): [45608732,com.android.gallery3d.app.MovieActivity,topStateChangedWhenResumed]
11-11 00:56:26.582 I/input_focus( 1491): [Focus leaving 122f68b com.android.gallery3d/com.android.gallery3d.app.MovieActivity (server),reason=NO_WINDOW]
11-11 00:56:26.588 I/wm_on_paused_called( 6611): [45608732,com.android.gallery3d.app.MovieActivity,performPause]
11-11 00:56:26.588 I/wm_add_to_stopping( 1491): [0,45608732,com.android.gallery3d/.app.MovieActivity,completeFinishing]
11-11 00:56:26.590 I/wm_set_resumed_activity( 1491): [0,com.android.launcher3/.uioverrides.QuickstepLauncher,resumeTopActivityInnerLocked]
11-11 00:56:26.590 I/wm_resume_activity( 1491): [0,146330618,90,com.android.launcher3/.uioverrides.QuickstepLauncher]
11-11 00:56:26.592 I/sysui_multi_action( 1491): [757,803,799,window_time_0,802,51]
11-11 00:56:26.600 I/wm_on_restart_called( 2490): [146330618,com.android.launcher3.uioverrides.QuickstepLauncher,performRestartActivity]
11-11 00:56:26.600 I/wm_on_start_called( 2490): [146330618,com.android.launcher3.uioverrides.QuickstepLauncher,handleStartActivity]
11-11 00:56:26.601 I/wm_on_resume_called( 2490): [146330618,com.android.launcher3.uioverrides.QuickstepLauncher,RESUME_ACTIVITY]
11-11 00:56:26.601 I/wm_on_top_resumed_gained_called( 2490): [146330618,com.android.launcher3.uioverrides.QuickstepLauncher,topWhenResuming]
11-11 00:56:26.613 I/input_focus( 1491): [Focus request 61dc244 com.android.launcher3/com.android.launcher3.uioverrides.QuickstepLauncher,reason=UpdateInputWindows]
11-11 00:56:26.629 I/input_focus( 1491): [Focus entering 61dc244 com.android.launcher3/com.android.launcher3.uioverrides.QuickstepLauncher (server),reason=setFocusedWindow]
11-11 00:56:26.966 I/wm_destroy_activity( 1491): [0,45608732,99,com.android.gallery3d/.app.MovieActivity,finish-imm:idle]
11-11 00:56:26.988 I/wm_on_stop_called( 6611): [45608732,com.android.gallery3d.app.MovieActivity,LIFECYCLER_STOP_ACTIVITY]
11-11 00:56:26.989 I/wm_on_destroy_called( 6611): [45608732,com.android.gallery3d.app.MovieActivity,performDestroy]
11-11 00:56:26.994 I/wm_task_removed( 1491): [99,removeChild:removeChild last r=ActivityRecord{2b7ef1c u0 com.android.gallery3d/.app.MovieActivity t-1 f}} in t=Task{3c5d49e #99 type=standard A=10065:com.android.gallery3d U=0 visible=false mode=fullscreen translucent=true sz=0}]
11-11 00:56:26.994 I/wm_task_removed( 1491): [99,removeChild]
11-11 00:56:27.295 I/auditd ( 0): type=1400 audit(0.0:3926): avc: denied { kill } for comm="swapper/1" capability=5 scontext=u:r:kernel:s0 tcontext=u:r:kernel:s0 tclass=capability permissive=0
11-11 00:56:28.295 I/auditd ( 0): type=1400 audit(0.0:3927): avc: denied { kill } for comm="swapper/1" capability=5 scontext=u:r:kernel:s0 tcontext=u:r:kernel:s0 tclass=capability permissive=0
11-11 00:56:30.299 I/auditd ( 0): type=1400 audit(0.0:3928): avc: denied { kill } for comm="swapper/1" capability=5 scontext=u:r:kernel:s0 tcontext=u:r:kernel:s0 tclass=capability permissive=0
11-11 00:56:31.299 I/auditd ( 0): type=1400 audit(0.0:3929): avc: denied { kill } for comm="swapper/1" capability=5 scontext=u:r:kernel:s0 tcontext=u:r:kernel:s0 tclass=capability permissive=0
11-11 00:56:32.295 I/auditd ( 0): type=1400 audit(0.0:3930): avc: denied { kill } for comm="swapper/1" capability=5 scontext=u:r:kernel:s0 tcontext=u:r:kernel:s0 tclass=capability permissive=0
11-11 00:56:33.295 I/auditd ( 0): type=1400 audit(0.0:3931): avc: denied { kill } for comm="swapper/1" capability=5 scontext=u:r:kernel:s0 tcontext=u:r:kernel:s0 tclass=capability permissive=0
11-11 00:56:34.295 I/auditd ( 0): type=1400 audit(0.0:3932): avc: denied { kill } for comm="swapper/1" capability=5 scontext=u:r:kernel:s0 tcontext=u:r:kernel:s0 tclass=capability permissive=0
11-11 00:56:35.295 I/auditd ( 0): type=1400 audit(0.0:3933): avc: denied { kill } for comm="swapper/1" capability=5 scontext=u:r:kernel:s0 tcontext=u:r:kernel:s0 tclass=capability permissive=0
11-11 00:56:36.295 I/auditd ( 0): type=1400 audit(0.0:3934): avc: denied { kill } for comm="swapper/1" capability=5 scontext=u:r:kernel:s0 tcontext=u:r:kernel:s0 tclass=capability permissive=0
11-11 00:56:37.295 I/auditd ( 0): type=1400 audit(0.0:3935): avc: denied { kill } for comm="swapper/1" capability=5 scontext=u:r:kernel:s0 tcontext=u:r:kernel:s0 tclass=capability permissive=0
11-11 00:56:38.295 I/auditd ( 0): type=1400 audit(0.0:3936): avc: denied { kill } for comm="swapper/1" capability=5 scontext=u:r:kernel:s0 tcontext=u:r:kernel:s0 tclass=capability permissive=0
11-11 00:56:39.295 I/auditd ( 0): type=1400 audit(0.0:3937): avc: denied { kill } for comm="swapper/1" capability=5 scontext=u:r:kernel:s0 tcontext=u:r:kernel:s0 tclass=capability permissive=0
11-11 00:56:40.295 I/auditd ( 0): type=1400 audit(0.0:3938): avc: denied { kill } for comm="swapper/1" capability=5 scontext=u:r:kernel:s0 tcontext=u:r:kernel:s0 tclass=capability permissive=0
11-11 00:56:41.295 I/auditd ( 0): type=1400 audit(0.0:3939): avc: denied { kill } for comm="swapper/1" capability=5 scontext=u:r:kernel:s0 tcontext=u:r:kernel:s0 tclass=capability permissive=0
11-11 00:56:42.295 I/auditd ( 0): type=1400 audit(0.0:3940): avc: denied { kill } for comm="swapper/1" capability=5 scontext=u:r:kernel:s0 tcontext=u:r:kernel:s0 tclass=capability permissive=0
11-11 00:56:43.295 I/auditd ( 0): type=1400 audit(0.0:3941): avc: denied { kill } for comm="swapper/1" capability=5 scontext=u:r:kernel:s0 tcontext=u:r:kernel:s0 tclass=capability permissive=0
11-11 00:56:44.295 I/auditd ( 0): type=1400 audit(0.0:3942): avc: denied { kill } for comm="swapper/1" capability=5 scontext=u:r:kernel:s0 tcontext=u:r:kernel:s0 tclass=capability permissive=0
11-11 00:56:45.299 I/auditd ( 0): type=1400 audit(0.0:3943): avc: denied { kill } for comm="swapper/1" capability=5 scontext=u:r:kernel:s0 tcontext=u:r:kernel:s0 tclass=capability permissive=0
11-11 00:56:46.299 I/auditd ( 0): type=1400 audit(0.0:3944): avc: denied { kill } for comm="swapper/1" capability=5 scontext=u:r:kernel:s0 tcontext=u:r:kernel:s0 tclass=capability permissive=0
11-11 00:56:47.295 I/auditd ( 0): type=1400 audit(0.0:3945): avc: denied { kill } for comm="swapper/1" capability=5 scontext=u:r:kernel:s0 tcontext=u:r:kernel:s0 tclass=capability permissive=0
11-11 00:56:48.295 I/auditd ( 0): type=1400 audit(0.0:3946): avc: denied { kill } for comm="swapper/1" capability=5 scontext=u:r:kernel:s0 tcontext=u:r:kernel:s0 tclass=capability permissive=0
11-11 00:56:49.295 I/auditd ( 0): type=1400 audit(0.0:3947): avc: denied { kill } for comm="swapper/1" capability=5 scontext=u:r:kernel:s0 tcontext=u:r:kernel:s0 tclass=capability permissive=0
11-11 00:56:50.295 I/auditd ( 0): type=1400 audit(0.0:3948): avc: denied { kill } for comm="swapper/1" capability=5 scontext=u:r:kernel:s0 tcontext=u:r:kernel:s0 tclass=capability permissive=0
11-11 00:56:51.295 I/auditd ( 0): type=1400 audit(0.0:3949): avc: denied { kill } for comm="swapper/1" capability=5 scontext=u:r:kernel:s0 tcontext=u:r:kernel:s0 tclass=capability permissive=0
11-11 00:56:52.299 I/auditd ( 0): type=1400 audit(0.0:3950): avc: denied { kill } for comm="swapper/1" capability=5 scontext=u:r:kernel:s0 tcontext=u:r:kernel:s0 tclass=capability permissive=0
11-11 00:56:53.295 I/auditd ( 0): type=1400 audit(0.0:3951): avc: denied { kill } for comm="swapper/1" capability=5 scontext=u:r:kernel:s0 tcontext=u:r:kernel:s0 tclass=capability permissive=0
11-11 00:56:54.295 I/auditd ( 0): type=1400 audit(0.0:3952): avc: denied { kill } for comm="swapper/1" capability=5 scontext=u:r:kernel:s0 tcontext=u:r:kernel:s0 tclass=capability permissive=0
11-11 00:56:55.299 I/auditd ( 0): type=1400 audit(0.0:3953): avc: denied { kill } for comm="swapper/1" capability=5 scontext=u:r:kernel:s0 tcontext=u:r:kernel:s0 tclass=capability permissive=0
11-11 00:56:56.295 I/auditd ( 0): type=1400 audit(0.0:3954): avc: denied { kill } for comm="swapper/1" capability=5 scontext=u:r:kernel:s0 tcontext=u:r:kernel:s0 tclass=capability permissive=0
11-11 00:56:57.299 I/auditd ( 0): type=1400 audit(0.0:3955): avc: denied { kill } for comm="swapper/1" capability=5 scontext=u:r:kernel:s0 tcontext=u:r:kernel:s0 tclass=capability permissive=0
11-11 00:56:58.295 I/auditd ( 0): type=1400 audit(0.0:3956): avc: denied { kill } for comm="swapper/1" capability=5 scontext=u:r:kernel:s0 tcontext=u:r:kernel:s0 tclass=capability permissive=0
11-11 00:56:59.295 I/auditd ( 0): type=1400 audit(0.0:3957): avc: denied { kill } for comm="swapper/1" capability=5 scontext=u:r:kernel:s0 tcontext=u:r:kernel:s0 tclass=capability permissive=0
11-11 00:57:00.295 I/auditd ( 0): type=1400 audit(0.0:3958): avc: denied { kill } for comm="swapper/1" capability=5 scontext=u:r:kernel:s0 tcontext=u:r:kernel:s0 tclass=capability permissive=0
11-11 00:57:01.295 I/auditd ( 0): type=1400 audit(0.0:3959): avc: denied { kill } for comm="swapper/1" capability=5 scontext=u:r:kernel:s0 tcontext=u:r:kernel:s0 tclass=capability permissive=0
11-11 00:57:02.299 I/auditd ( 0): type=1400 audit(0.0:3960): avc: denied { kill } for comm="swapper/1" capability=5 scontext=u:r:kernel:s0 tcontext=u:r:kernel:s0 tclass=capability permissive=0
11-11 00:57:03.299 I/auditd ( 0): type=1400 audit(0.0:3961): avc: denied { kill } for comm="swapper/1" capability=5 scontext=u:r:kernel:s0 tcontext=u:r:kernel:s0 tclass=capability permissive=0
11-11 00:57:04.295 I/auditd ( 0): type=1400 audit(0.0:3962): avc: denied { kill } for comm="swapper/1" capability=5 scontext=u:r:kernel:s0 tcontext=u:r:kernel:s0 tclass=capability permissive=0
11-11 00:57:05.299 I/auditd ( 0): type=1400 audit(0.0:3963): avc: denied { kill } for comm="swapper/1" capability=5 scontext=u:r:kernel:s0 tcontext=u:r:kernel:s0 tclass=capability permissive=0
11-11 00:57:06.299 I/auditd ( 0): type=1400 audit(0.0:3964): avc: denied { kill } for comm="swapper/1" capability=5 scontext=u:r:kernel:s0 tcontext=u:r:kernel:s0 tclass=capability permissive=0
11-11 00:57:07.295 I/auditd ( 0): type=1400 audit(0.0:3965): avc: denied { kill } for comm="swapper/1" capability=5 scontext=u:r:kernel:s0 tcontext=u:r:kernel:s0 tclass=capability permissive=0
11-11 00:57:08.295 I/auditd ( 0): type=1400 audit(0.0:3966): avc: denied { kill } for comm="swapper/1" capability=5 scontext=u:r:kernel:s0 tcontext=u:r:kernel:s0 tclass=capability permissive=0
11-11 00:57:09.299 I/auditd ( 0): type=1400 audit(0.0:3967): avc: denied { kill } for comm="swapper/1" capability=5 scontext=u:r:kernel:s0 tcontext=u:r:kernel:s0 tclass=capability permissive=0
11-11 00:57:10.295 I/auditd ( 0): type=1400 audit(0.0:3968): avc: denied { kill } for comm="swapper/1" capability=5 scontext=u:r:kernel:s0 tcontext=u:r:kernel:s0 tclass=capability permissive=0
11-11 00:57:11.295 I/auditd ( 0): type=1400 audit(0.0:3969): avc: denied { kill } for comm="swapper/1" capability=5 scontext=u:r:kernel:s0 tcontext=u:r:kernel:s0 tclass=capability permissive=0
11-11 00:57:12.299 I/auditd ( 0): type=1400 audit(0.0:3970): avc: denied { kill } for comm="swapper/1" capability=5 scontext=u:r:kernel:s0 tcontext=u:r:kernel:s0 tclass=capability permissive=0
11-11 00:57:13.295 I/auditd ( 0): type=1400 audit(0.0:3971): avc: denied { kill } for comm="swapper/1" capability=5 scontext=u:r:kernel:s0 tcontext=u:r:kernel:s0 tclass=capability permissive=0
11-11 00:57:14.299 I/auditd ( 0): type=1400 audit(0.0:3972): avc: denied { kill } for comm="swapper/1" capability=5 scontext=u:r:kernel:s0 tcontext=u:r:kernel:s0 tclass=capability permissive=0
11-11 00:57:15.295 I/auditd ( 0): type=1400 audit(0.0:3973): avc: denied { kill } for comm="swapper/1" capability=5 scontext=u:r:kernel:s0 tcontext=u:r:kernel:s0 tclass=capability permissive=0
11-11 00:57:16.295 I/auditd ( 0): type=1400 audit(0.0:3974): avc: denied { kill } for comm="swapper/1" capability=5 scontext=u:r:kernel:s0 tcontext=u:r:kernel:s0 tclass=capability permissive=0
11-11 00:57:17.295 I/auditd ( 0): type=1400 audit(0.0:3975): avc: denied { kill } for comm="swapper/1" capability=5 scontext=u:r:kernel:s0 tcontext=u:r:kernel:s0 tclass=capability permissive=0
11-11 00:57:18.295 I/auditd ( 0): type=1400 audit(0.0:3976): avc: denied { kill } for comm="swapper/1" capability=5 scontext=u:r:kernel:s0 tcontext=u:r:kernel:s0 tclass=capability permissive=0
11-11 00:57:19.299 I/auditd ( 0): type=1400 audit(0.0:3977): avc: denied { kill } for comm="swapper/1" capability=5 scontext=u:r:kernel:s0 tcontext=u:r:kernel:s0 tclass=capability permissive=0
11-11 00:57:19.544 I/sysui_multi_action( 1491): [757,1696,758,6,759,2]
11-11 00:57:19.560 I/am_wtf ( 1491): [0,1491,system_server,-1,DisplayDeviceConfig,requesting nits when no mapping exists.]
11-11 00:57:19.563 I/am_wtf ( 1491): [0,1491,system_server,-1,DisplayDeviceConfig,requesting nits when no mapping exists.]
11-11 00:57:19.576 I/am_wtf ( 1491): [0,1491,system_server,-1,DisplayDeviceConfig,requesting nits when no mapping exists.]
11-11 00:57:19.578 I/am_wtf ( 1491): [0,1491,system_server,-1,DisplayDeviceConfig,requesting nits when no mapping exists.]
11-11 00:57:19.589 I/am_wtf ( 1491): [0,1491,system_server,-1,DisplayDeviceConfig,requesting nits when no mapping exists.]
11-11 00:57:19.590 I/am_wtf ( 1491): [0,1491,system_server,-1,DisplayDeviceConfig,requesting nits when no mapping exists.]
11-11 00:57:19.606 I/am_wtf ( 1491): [0,1491,system_server,-1,DisplayDeviceConfig,requesting nits when no mapping exists.]
11-11 00:57:19.607 I/am_wtf ( 1491): [0,1491,system_server,-1,DisplayDeviceConfig,requesting nits when no mapping exists.]
11-11 00:57:19.622 I/am_wtf ( 1491): [0,1491,system_server,-1,DisplayDeviceConfig,requesting nits when no mapping exists.]
11-11 00:57:19.623 I/am_wtf ( 1491): [0,1491,system_server,-1,DisplayDeviceConfig,requesting nits when no mapping exists.]
11-11 00:57:19.639 I/am_wtf ( 1491): [0,1491,system_server,-1,DisplayDeviceConfig,requesting nits when no mapping exists.]
11-11 00:57:19.640 I/am_wtf ( 1491): [0,1491,system_server,-1,DisplayDeviceConfig,requesting nits when no mapping exists.]
11-11 00:57:19.656 I/am_wtf ( 1491): [0,1491,system_server,-1,DisplayDeviceConfig,requesting nits when no mapping exists.]
11-11 00:57:19.657 I/am_wtf ( 1491): [0,1491,system_server,-1,DisplayDeviceConfig,requesting nits when no mapping exists.]
11-11 00:57:19.673 I/am_wtf ( 1491): [0,1491,system_server,-1,DisplayDeviceConfig,requesting nits when no mapping exists.]
11-11 00:57:19.674 I/am_wtf ( 1491): [0,1491,system_server,-1,DisplayDeviceConfig,requesting nits when no mapping exists.]
11-11 00:57:19.689 I/am_wtf ( 1491): [0,1491,system_server,-1,DisplayDeviceConfig,requesting nits when no mapping exists.]
11-11 00:57:19.690 I/service_manager_stats( 1491): [100,57,200291]
11-11 00:57:19.691 I/am_wtf ( 1491): [0,1491,system_server,-1,DisplayDeviceConfig,requesting nits when no mapping exists.]
11-11 00:57:19.707 I/am_wtf ( 1491): [0,1491,system_server,-1,DisplayDeviceConfig,requesting nits when no mapping exists.]
11-11 00:57:19.708 I/am_wtf ( 1491): [0,1491,system_server,-1,DisplayDeviceConfig,requesting nits when no mapping exists.]
11-11 00:57:19.723 I/am_wtf ( 1491): [0,1491,system_server,-1,DisplayDeviceConfig,requesting nits when no mapping exists.]
11-11 00:57:19.724 I/am_wtf ( 1491): [0,1491,system_server,-1,DisplayDeviceConfig,requesting nits when no mapping exists.]
11-11 00:57:19.740 I/am_wtf ( 1491): [0,1491,system_server,-1,DisplayDeviceConfig,requesting nits when no mapping exists.]
11-11 00:57:19.741 I/am_wtf ( 1491): [0,1491,system_server,-1,DisplayDeviceConfig,requesting nits when no mapping exists.]
11-11 00:57:19.756 I/am_wtf ( 1491): [0,1491,system_server,-1,DisplayDeviceConfig,requesting nits when no mapping exists.]
11-11 00:57:19.758 I/am_wtf ( 1491): [0,1491,system_server,-1,DisplayDeviceConfig,requesting nits when no mapping exists.]
11-11 00:57:19.773 I/am_wtf ( 1491): [0,1491,system_server,-1,DisplayDeviceConfig,requesting nits when no mapping exists.]
11-11 00:57:19.774 I/am_wtf ( 1491): [0,1491,system_server,-1,DisplayDeviceConfig,requesting nits when no mapping exists.]
11-11 00:57:19.790 I/am_wtf ( 1491): [0,1491,system_server,-1,DisplayDeviceConfig,requesting nits when no mapping exists.]
11-11 00:57:19.791 I/am_wtf ( 1491): [0,1491,system_server,-1,DisplayDeviceConfig,requesting nits when no mapping exists.]
11-11 00:57:19.807 I/am_wtf ( 1491): [0,1491,system_server,-1,DisplayDeviceConfig,requesting nits when no mapping exists.]
11-11 00:57:19.808 I/am_wtf ( 1491): [0,1491,system_server,-1,DisplayDeviceConfig,requesting nits when no mapping exists.]
11-11 00:57:19.823 I/am_wtf ( 1491): [0,1491,system_server,-1,DisplayDeviceConfig,requesting nits when no mapping exists.]
11-11 00:57:19.824 I/am_wtf ( 1491): [0,1491,system_server,-1,DisplayDeviceConfig,requesting nits when no mapping exists.]
11-11 00:57:19.840 I/am_wtf ( 1491): [0,1491,system_server,-1,DisplayDeviceConfig,requesting nits when no mapping exists.]
11-11 00:57:19.841 I/am_wtf ( 1491): [0,1491,system_server,-1,DisplayDeviceConfig,requesting nits when no mapping exists.]
11-11 00:57:19.856 I/am_wtf ( 1491): [0,1491,system_server,-1,DisplayDeviceConfig,requesting nits when no mapping exists.]
11-11 00:57:19.857 I/am_wtf ( 1491): [0,1491,system_server,-1,DisplayDeviceConfig,requesting nits when no mapping exists.]
11-11 00:57:19.873 I/am_wtf ( 1491): [0,1491,system_server,-1,DisplayDeviceConfig,requesting nits when no mapping exists.]
11-11 00:57:19.874 I/am_wtf ( 1491): [0,1491,system_server,-1,DisplayDeviceConfig,requesting nits when no mapping exists.]
11-11 00:57:19.890 I/am_wtf ( 1491): [0,1491,system_server,-1,DisplayDeviceConfig,requesting nits when no mapping exists.]
11-11 00:57:19.891 I/am_wtf ( 1491): [0,1491,system_server,-1,DisplayDeviceConfig,requesting nits when no mapping exists.]
11-11 00:57:19.906 I/am_wtf ( 1491): [0,1491,system_server,-1,DisplayDeviceConfig,requesting nits when no mapping exists.]
11-11 00:57:19.907 I/am_wtf ( 1491): [0,1491,system_server,-1,DisplayDeviceConfig,requesting nits when no mapping exists.]
11-11 00:57:19.924 I/am_wtf ( 1491): [0,1491,system_server,-1,DisplayDeviceConfig,requesting nits when no mapping exists.]
11-11 00:57:19.924 I/am_wtf ( 1491): [0,1491,system_server,-1,DisplayDeviceConfig,requesting nits when no mapping exists.]
11-11 00:57:19.940 I/am_wtf ( 1491): [0,1491,system_server,-1,DisplayDeviceConfig,requesting nits when no mapping exists.]
11-11 00:57:19.941 I/am_wtf ( 1491): [0,1491,system_server,-1,DisplayDeviceConfig,requesting nits when no mapping exists.]
11-11 00:57:19.956 I/am_wtf ( 1491): [0,1491,system_server,-1,DisplayDeviceConfig,requesting nits when no mapping exists.]
11-11 00:57:19.957 I/am_wtf ( 1491): [0,1491,system_server,-1,DisplayDeviceConfig,requesting nits when no mapping exists.]
11-11 00:57:19.973 I/am_wtf ( 1491): [0,1491,system_server,-1,DisplayDeviceConfig,requesting nits when no mapping exists.]
11-11 00:57:19.974 I/am_wtf ( 1491): [0,1491,system_server,-1,DisplayDeviceConfig,requesting nits when no mapping exists.]
11-11 00:57:19.990 I/am_wtf ( 1491): [0,1491,system_server,-1,DisplayDeviceConfig,requesting nits when no mapping exists.]
11-11 00:57:19.991 I/am_wtf ( 1491): [0,1491,system_server,-1,DisplayDeviceConfig,requesting nits when no mapping exists.]
11-11 00:57:20.006 I/am_wtf ( 1491): [0,1491,system_server,-1,DisplayDeviceConfig,requesting nits when no mapping exists.]
11-11 00:57:20.008 I/am_wtf ( 1491): [0,1491,system_server,-1,DisplayDeviceConfig,requesting nits when no mapping exists.]
11-11 00:57:20.023 I/am_wtf ( 1491): [0,1491,system_server,-1,DisplayDeviceConfig,requesting nits when no mapping exists.]
11-11 00:57:20.025 I/am_wtf ( 1491): [0,1491,system_server,-1,DisplayDeviceConfig,requesting nits when no mapping exists.]
