11-11 00:01:06.299 I/auditd ( 0): type=1400 audit(0.0:307): avc: denied { kill } for comm="swapper/2" capability=5 scontext=u:r:kernel:s0 tcontext=u:r:kernel:s0 tclass=capability permissive=0
11-11 00:01:07.295 I/auditd ( 0): type=1400 audit(0.0:308): avc: denied { kill } for comm="swapper/2" capability=5 scontext=u:r:kernel:s0 tcontext=u:r:kernel:s0 tclass=capability permissive=0
11-11 00:01:07.818 I/am_pss ( 1491): [3269,10095,com.tencent.mobileqq,228193280,171900928,0,395026432,0,10,18]
11-11 00:01:07.832 I/am_pss ( 1491): [3088,10095,com.tencent.mobileqq:MSF,99206144,45989888,0,251002880,0,10,13]
11-11 00:01:07.955 I/netstats_mobile_sample( 1491): [0,0,0,0,0,0,0,0,0,0,0,0,1668081667955]
11-11 00:01:07.956 I/netstats_wifi_sample( 1491): [611384,1607,495954,1334,611384,1607,495954,1334,1086295,3140,371920,966,1668081667955]
11-11 00:01:08.071 I/auditd ( 3269): type=1400 audit(0.0:309): avc: granted { execute } for comm="Automator_5" path="/data/user/0/com.tencent.mobileqq/app_lib/qq_bundle_new/BASIC_64/94800021ad847b983dfbf12dfa7d3258/liblight_device_query.so" dev="dm-10" ino=20772 scontext=u:r:untrusted_app_27:s0:c512,c768 tcontext=u:object_r:app_data_file:s0:c512,c768 tclass=file app=com.tencent.mobileqq
11-11 00:01:09.295 I/auditd ( 0): type=1400 audit(0.0:310): avc: denied { kill } for comm="swapper/1" capability=5 scontext=u:r:kernel:s0 tcontext=u:r:kernel:s0 tclass=capability permissive=0
11-11 00:01:10.299 I/auditd ( 0): type=1400 audit(0.0:311): avc: denied { kill } for comm="swapper/1" capability=5 scontext=u:r:kernel:s0 tcontext=u:r:kernel:s0 tclass=capability permissive=0
11-11 00:01:11.295 I/auditd ( 0): type=1400 audit(0.0:312): avc: denied { kill } for comm="swapper/1" capability=5 scontext=u:r:kernel:s0 tcontext=u:r:kernel:s0 tclass=capability permissive=0
11-11 00:01:12.295 I/auditd ( 0): type=1400 audit(0.0:313): avc: denied { kill } for comm="swapper/1" capability=5 scontext=u:r:kernel:s0 tcontext=u:r:kernel:s0 tclass=capability permissive=0
11-11 00:01:12.960 I/am_pss ( 1491): [2884,10074,com.qualcomm.location.XT,6190080,4521984,0,92897280,0,6,8]
11-11 00:01:12.970 I/am_pss ( 1491): [3069,10067,com.android.inputmethod.latin,13784064,10833920,0,112971776,0,7,8]
11-11 00:01:13.207 I/auditd ( 3269): type=1400 audit(0.0:314): avc: denied { read } for comm="Automator_4" name="version" dev="proc" ino=4026532238 scontext=u:r:untrusted_app_27:s0:c512,c768 tcontext=u:object_r:proc_version:s0 tclass=file permissive=0 app=com.tencent.mobileqq
11-11 00:01:13.455 I/auditd ( 3269): type=1400 audit(0.0:316): avc: denied { read } for comm="TuringFdCore_74" dev="proc" ino=4026532256 scontext=u:r:untrusted_app_27:s0:c512,c768 tcontext=u:object_r:proc_net_tcp_udp:s0 tclass=file permissive=0 app=com.tencent.mobileqq
11-11 00:01:13.455 I/auditd ( 3269): type=1400 audit(0.0:315): avc: denied { read } for comm="TuringFdCore_74" name="tcp" dev="proc" ino=4026532256 scontext=u:r:untrusted_app_27:s0:c512,c768 tcontext=u:object_r:proc_net_tcp_udp:s0 tclass=file permissive=0 app=com.tencent.mobileqq
11-11 00:01:13.459 I/auditd ( 3269): type=1400 audit(0.0:317): avc: denied { read } for comm="TuringFdCore_74" dev="proc" ino=4026533083 scontext=u:r:untrusted_app_27:s0:c512,c768 tcontext=u:object_r:proc_net_tcp_udp:s0 tclass=file permissive=0 app=com.tencent.mobileqq
11-11 00:01:13.459 I/auditd ( 3269): type=1400 audit(0.0:318): avc: denied { read } for comm="TuringFdCore_74" name="tcp6" dev="proc" ino=4026533083 scontext=u:r:untrusted_app_27:s0:c512,c768 tcontext=u:object_r:proc_net_tcp_udp:s0 tclass=file permissive=0 app=com.tencent.mobileqq
11-11 00:01:14.062 I/am_pss ( 1491): [4093,10056,com.qualcomm.qti.qms.service.trustzoneaccess,5500928,3805184,0,91324416,0,19,6]
11-11 00:01:14.069 I/am_pss ( 1491): [2936,10018,android.process.media,11422720,9490432,0,101744640,0,19,6]
11-11 00:01:14.075 I/am_pss ( 1491): [3756,10027,com.android.externalstorage,5475328,3858432,0,91262976,0,19,6]
11-11 00:01:14.081 I/am_pss ( 1491): [2899,10079,com.qualcomm.qtil.aptxui,7347200,5820416,0,91029504,0,19,5]
11-11 00:01:14.087 I/am_pss ( 1491): [2506,10080,com.qualcomm.qti.qccauthmgr,6116352,4284416,0,94978048,0,19,5]
11-11 00:01:14.095 I/am_pss ( 1491): [2355,1000,com.android.settings,31029248,18034688,0,143843328,0,19,6]
11-11 00:01:14.100 I/am_pss ( 1491): [3619,10090,com.android.permissioncontroller,11650048,10006528,0,97619968,0,19,5]
11-11 00:01:14.106 I/am_pss ( 1491): [3602,10029,com.android.packageinstaller,7041024,5550080,0,90484736,0,19,4]
11-11 00:01:14.112 I/am_pss ( 1491): [3585,10059,com.android.onetimeinitializer,5045248,3502080,0,89604096,0,19,5]
11-11 00:01:14.118 I/am_pss ( 1491): [3568,10086,com.android.music,7359488,5255168,0,93761536,0,19,5]
11-11 00:01:14.124 I/am_pss ( 1491): [3529,1000,com.android.dynsystem:dynsystem,5565440,3870720,0,90877952,0,19,5]
11-11 00:01:14.129 I/am_pss ( 1491): [3517,1000,com.android.localtransport,5348352,3768320,0,90841088,0,19,4]
11-11 00:01:14.134 I/am_pss ( 1491): [3544,10019,com.android.managedprovisioning,8623104,7061504,0,93618176,0,19,5]
11-11 00:01:14.140 I/am_pss ( 1491): [2977,1000,com.android.keychain,8047616,6463488,0,93298688,0,19,5]
11-11 00:01:14.147 I/am_pss ( 1491): [3118,10021,android.process.acore,14111744,10461184,0,117248000,0,19,5]
11-11 00:01:14.153 I/am_pss ( 1491): [3500,1000,com.android.dynsystem,5331968,3723264,0,89944064,0,19,5]
11-11 00:01:14.159 I/am_pss ( 1491): [3370,1000,com.qti.diagservices,5862400,3850240,0,94912512,0,10,5]
11-11 00:01:14.166 I/am_pss ( 1491): [3016,10026,com.android.traceur,10095616,8462336,0,96489472,0,19,5]
11-11 00:01:14.171 I/am_pss ( 1491): [2385,10064,com.thundercomm.gamemode.provider,7606272,5840896,0,95301632,0,19,5]
11-11 00:01:14.178 I/am_pss ( 1491): [2834,10081,com.qualcomm.qti.workloadclassifier,8266752,6684672,0,93085696,0,0,5]
11-11 00:01:14.183 I/am_pss ( 1491): [2809,10085,com.qualcomm.qti.qccnetstat,5855232,4243456,0,91197440,0,0,5]
11-11 00:01:14.189 I/am_pss ( 1491): [2803,10068,com.qualcomm.qti.services.systemhelper:systemhelper_service,6157312,4460544,0,93335552,0,0,6]
11-11 00:01:14.195 I/am_pss ( 1491): [2779,10058,.pasr,5103616,3588096,0,88719360,0,0,5]
11-11 00:01:14.202 I/am_pss ( 1491): [2743,1000,com.hryt.hiphishowfsecontrol,14034944,11997184,0,105545728,0,0,6]
11-11 00:01:14.209 I/am_pss ( 1491): [2723,10055,ts.car.uart,5906432,4390912,0,89858048,0,0,5]
11-11 00:01:14.216 I/am_pss ( 1491): [2722,10084,com.hht.lebocast,48842752,29417472,0,126156800,0,0,6]
11-11 00:01:14.222 I/am_pss ( 1491): [2278,1000,com.thundercomm.remotecontrolservice,8415232,6127616,0,99942400,0,0,5]
11-11 00:01:14.228 I/am_pss ( 1491): [2318,1000,com.qualcomm.qti.qdma,9442304,6402048,0,105779200,0,0,5]
11-11 00:01:14.234 I/am_pss ( 1491): [2300,1000,com.thundercomm.tcservice,8085504,6352896,0,95821824,0,0,5]
11-11 00:01:14.240 I/am_pss ( 1491): [2267,1068,com.android.se,5526528,3944448,0,90955776,0,0,5]
11-11 00:01:14.246 I/am_pss ( 1491): [2251,10083,com.qti.qualcomm.mstatssystemservice,5206016,3678208,0,89419776,0,0,4]
11-11 00:01:14.251 I/am_pss ( 1491): [2234,1000,vendor.qti.qesdk.sysservice,5274624,3670016,0,91049984,0,0,5]
11-11 00:01:14.257 I/am_pss ( 1491): [2216,1000,com.thundercomm.tcsetupwizard,6529024,5009408,0,90849280,0,0,5]
11-11 00:01:14.264 I/am_pss ( 1491): [2213,1000,com.tc.logclient,7372800,5386240,0,98689024,0,0,6]
11-11 00:01:14.270 I/am_pss ( 1491): [2186,1000,com.thundercomm.tchttpserver,7566336,5926912,0,93773824,0,0,5]
11-11 00:01:14.276 I/am_pss ( 1491): [2164,10053,.qtidataservices,5701632,4128768,0,90927104,0,0,5]
11-11 00:01:14.282 I/am_pss ( 1491): [2145,1000,com.thundercomm.microsettings,28933120,26271744,0,118472704,0,0,5]
11-11 00:01:14.288 I/am_pss ( 1491): [2135,1000,com.thundercomm.microservice,8808448,7139328,0,95580160,0,0,5]
11-11 00:01:14.295 I/am_pss ( 1491): [2083,1000,com.thundercomm.gamemode,28957696,24113152,0,133599232,0,0,5]
11-11 00:01:14.300 I/am_pss ( 1491): [4320,10052,com.qualcomm.timeservice,4976640,3444736,0,88686592,0,19,5]
11-11 00:01:15.295 I/auditd ( 0): type=1400 audit(0.0:421): avc: denied { kill } for comm="swapper/3" capability=5 scontext=u:r:kernel:s0 tcontext=u:r:kernel:s0 tclass=capability permissive=0
11-11 00:01:15.407 I/auditd ( 3269): type=1400 audit(0.0:422): avc: denied { read } for comm="TuringFdCore_74" name="tcp" dev="proc" ino=4026532256 scontext=u:r:untrusted_app_27:s0:c512,c768 tcontext=u:object_r:proc_net_tcp_udp:s0 tclass=file permissive=0 app=com.tencent.mobileqq
11-11 00:01:15.407 I/auditd ( 3269): type=1400 audit(0.0:423): avc: denied { read } for comm="TuringFdCore_74" name="tcp6" dev="proc" ino=4026533083 scontext=u:r:untrusted_app_27:s0:c512,c768 tcontext=u:object_r:proc_net_tcp_udp:s0 tclass=file permissive=0 app=com.tencent.mobileqq
11-11 00:01:15.527 I/auditd ( 3269): type=1400 audit(0.0:424): avc: granted { nlmsg_readpriv } for comm="TuringFdCore_74" scontext=u:r:untrusted_app_27:s0:c512,c768 tcontext=u:r:untrusted_app_27:s0:c512,c768 tclass=netlink_route_socket app=com.tencent.mobileqq
11-11 00:01:15.539 I/auditd ( 3269): type=1400 audit(0.0:425): avc: denied { read } for comm="TuringFdCore_74" name="version" dev="proc" ino=4026532238 scontext=u:r:untrusted_app_27:s0:c512,c768 tcontext=u:object_r:proc_version:s0 tclass=file permissive=0 app=com.tencent.mobileqq
11-11 00:01:17.295 I/auditd ( 0): type=1400 audit(0.0:466): avc: denied { kill } for comm="swapper/3" capability=5 scontext=u:r:kernel:s0 tcontext=u:r:kernel:s0 tclass=capability permissive=0
11-11 00:01:18.295 I/auditd ( 686): type=1400 audit(0.0:467): avc: denied { kill } for comm="kworker/u17:11" capability=5 scontext=u:r:kernel:s0 tcontext=u:r:kernel:s0 tclass=capability permissive=0
11-11 00:01:19.295 I/auditd ( 0): type=1400 audit(0.0:468): avc: denied { kill } for comm="swapper/3" capability=5 scontext=u:r:kernel:s0 tcontext=u:r:kernel:s0 tclass=capability permissive=0
11-11 00:01:20.295 I/auditd ( 0): type=1400 audit(0.0:469): avc: denied { kill } for comm="swapper/3" capability=5 scontext=u:r:kernel:s0 tcontext=u:r:kernel:s0 tclass=capability permissive=0
11-11 00:01:21.299 I/auditd ( 0): type=1400 audit(0.0:470): avc: denied { kill } for comm="swapper/3" capability=5 scontext=u:r:kernel:s0 tcontext=u:r:kernel:s0 tclass=capability permissive=0
11-11 00:01:22.299 I/auditd ( 0): type=1400 audit(0.0:471): avc: denied { kill } for comm="swapper/3" capability=5 scontext=u:r:kernel:s0 tcontext=u:r:kernel:s0 tclass=capability permissive=0
11-11 00:01:23.295 I/auditd ( 0): type=1400 audit(0.0:472): avc: denied { kill } for comm="swapper/3" capability=5 scontext=u:r:kernel:s0 tcontext=u:r:kernel:s0 tclass=capability permissive=0
11-11 00:01:23.322 I/sysui_multi_action( 1491): [757,1696,758,6,759,2]
11-11 00:01:23.324 I/am_wtf ( 1491): [0,1491,system_server,-1,DisplayDeviceConfig,requesting nits when no mapping exists.]
11-11 00:01:23.328 I/am_wtf ( 1491): [0,1491,system_server,-1,DisplayDeviceConfig,requesting nits when no mapping exists.]
11-11 00:01:24.295 I/auditd ( 0): type=1400 audit(0.0:473): avc: denied { kill } for comm="swapper/3" capability=5 scontext=u:r:kernel:s0 tcontext=u:r:kernel:s0 tclass=capability permissive=0
11-11 00:01:25.295 I/auditd ( 0): type=1400 audit(0.0:474): avc: denied { kill } for comm="swapper/3" capability=5 scontext=u:r:kernel:s0 tcontext=u:r:kernel:s0 tclass=capability permissive=0
11-11 00:01:26.295 I/auditd ( 0): type=1400 audit(0.0:475): avc: denied { kill } for comm="swapper/3" capability=5 scontext=u:r:kernel:s0 tcontext=u:r:kernel:s0 tclass=capability permissive=0
11-11 00:01:26.973 I/input_interaction( 1491): Interaction with: 61dc244 com.android.launcher3/com.android.launcher3.uioverrides.QuickstepLauncher (server), c2fbbf0 com.android.systemui.ImageWallpaper (server), edge-swipe (server), swipe-up (server), PointerEventDispatcher0 (server),
11-11 00:01:26.979 I/sysui_multi_action( 1491): [757,1696,758,6,759,3]
11-11 00:01:26.982 I/am_wtf ( 1491): [0,1491,system_server,-1,DisplayDeviceConfig,requesting nits when no mapping exists.]
11-11 00:01:26.984 I/am_wtf ( 1491): [0,1491,system_server,-1,DisplayDeviceConfig,requesting nits when no mapping exists.]
11-11 00:01:26.998 I/am_wtf ( 1491): [0,1491,system_server,-1,DisplayDeviceConfig,requesting nits when no mapping exists.]
11-11 00:01:27.000 I/am_wtf ( 1491): [0,1491,system_server,-1,DisplayDeviceConfig,requesting nits when no mapping exists.]
11-11 00:01:27.013 I/am_wtf ( 1491): [0,1491,system_server,-1,DisplayDeviceConfig,requesting nits when no mapping exists.]
11-11 00:01:27.014 I/am_wtf ( 1491): [0,1491,system_server,-1,DisplayDeviceConfig,requesting nits when no mapping exists.]
11-11 00:01:27.030 I/am_wtf ( 1491): [0,1491,system_server,-1,DisplayDeviceConfig,requesting nits when no mapping exists.]
11-11 00:01:27.031 I/am_wtf ( 1491): [0,1491,system_server,-1,DisplayDeviceConfig,requesting nits when no mapping exists.]
11-11 00:01:27.046 I/am_wtf ( 1491): [0,1491,system_server,-1,DisplayDeviceConfig,requesting nits when no mapping exists.]
11-11 00:01:27.047 I/am_wtf ( 1491): [0,1491,system_server,-1,DisplayDeviceConfig,requesting nits when no mapping exists.]
11-11 00:01:27.063 I/am_wtf ( 1491): [0,1491,system_server,-1,DisplayDeviceConfig,requesting nits when no mapping exists.]
11-11 00:01:27.064 I/am_wtf ( 1491): [0,1491,system_server,-1,DisplayDeviceConfig,requesting nits when no mapping exists.]
11-11 00:01:27.080 I/am_wtf ( 1491): [0,1491,system_server,-1,DisplayDeviceConfig,requesting nits when no mapping exists.]
11-11 00:01:27.081 I/am_wtf ( 1491): [0,1491,system_server,-1,DisplayDeviceConfig,requesting nits when no mapping exists.]
11-11 00:01:27.097 I/am_wtf ( 1491): [0,1491,system_server,-1,DisplayDeviceConfig,requesting nits when no mapping exists.]
11-11 00:01:27.097 I/am_wtf ( 1491): [0,1491,system_server,-1,DisplayDeviceConfig,requesting nits when no mapping exists.]
11-11 00:01:27.114 I/am_wtf ( 1491): [0,1491,system_server,-1,DisplayDeviceConfig,requesting nits when no mapping exists.]
11-11 00:01:27.115 I/am_wtf ( 1491): [0,1491,system_server,-1,DisplayDeviceConfig,requesting nits when no mapping exists.]
11-11 00:01:27.130 I/am_wtf ( 1491): [0,1491,system_server,-1,DisplayDeviceConfig,requesting nits when no mapping exists.]
11-11 00:01:27.131 I/am_wtf ( 1491): [0,1491,system_server,-1,DisplayDeviceConfig,requesting nits when no mapping exists.]
11-11 00:01:27.150 I/am_wtf ( 1491): [0,1491,system_server,-1,DisplayDeviceConfig,requesting nits when no mapping exists.]
11-11 00:01:27.151 I/am_wtf ( 1491): [0,1491,system_server,-1,DisplayDeviceConfig,requesting nits when no mapping exists.]
11-11 00:01:27.164 I/am_wtf ( 1491): [0,1491,system_server,-1,DisplayDeviceConfig,requesting nits when no mapping exists.]
11-11 00:01:27.165 I/am_wtf ( 1491): [0,1491,system_server,-1,DisplayDeviceConfig,requesting nits when no mapping exists.]
11-11 00:01:27.182 I/am_wtf ( 1491): [0,1491,system_server,-1,DisplayDeviceConfig,requesting nits when no mapping exists.]
11-11 00:01:27.183 I/am_wtf ( 1491): [0,1491,system_server,-1,DisplayDeviceConfig,requesting nits when no mapping exists.]
11-11 00:01:27.197 I/am_wtf ( 1491): [0,1491,system_server,-1,DisplayDeviceConfig,requesting nits when no mapping exists.]
11-11 00:01:27.198 I/am_wtf ( 1491): [0,1491,system_server,-1,DisplayDeviceConfig,requesting nits when no mapping exists.]
11-11 00:01:27.214 I/am_wtf ( 1491): [0,1491,system_server,-1,DisplayDeviceConfig,requesting nits when no mapping exists.]
11-11 00:01:27.215 I/am_wtf ( 1491): [0,1491,system_server,-1,DisplayDeviceConfig,requesting nits when no mapping exists.]
11-11 00:01:27.230 I/am_wtf ( 1491): [0,1491,system_server,-1,DisplayDeviceConfig,requesting nits when no mapping exists.]
11-11 00:01:27.231 I/am_wtf ( 1491): [0,1491,system_server,-1,DisplayDeviceConfig,requesting nits when no mapping exists.]
11-11 00:01:27.247 I/am_wtf ( 1491): [0,1491,system_server,-1,DisplayDeviceConfig,requesting nits when no mapping exists.]
11-11 00:01:27.248 I/am_wtf ( 1491): [0,1491,system_server,-1,DisplayDeviceConfig,requesting nits when no mapping exists.]
11-11 00:01:27.264 I/am_wtf ( 1491): [0,1491,system_server,-1,DisplayDeviceConfig,requesting nits when no mapping exists.]
11-11 00:01:27.266 I/am_wtf ( 1491): [0,1491,system_server,-1,DisplayDeviceConfig,requesting nits when no mapping exists.]
11-11 00:01:27.281 I/am_wtf ( 1491): [0,1491,system_server,-1,DisplayDeviceConfig,requesting nits when no mapping exists.]
11-11 00:01:27.282 I/am_wtf ( 1491): [0,1491,system_server,-1,DisplayDeviceConfig,requesting nits when no mapping exists.]
11-11 00:01:27.297 I/am_wtf ( 1491): [0,1491,system_server,-1,DisplayDeviceConfig,requesting nits when no mapping exists.]
11-11 00:01:27.298 I/am_wtf ( 1491): [0,1491,system_server,-1,DisplayDeviceConfig,requesting nits when no mapping exists.]
11-11 00:01:27.295 I/auditd ( 478): type=1400 audit(0.0:476): avc: denied { kill } for comm="ueventd" capability=5 scontext=u:r:ueventd:s0 tcontext=u:r:ueventd:s0 tclass=capability permissive=0
11-11 00:01:27.303 I/auditd ( 3269): type=1400 audit(0.0:477): avc: denied { read } for comm="Wtlogin_GetStWi" name="version" dev="proc" ino=4026532238 scontext=u:r:untrusted_app_27:s0:c512,c768 tcontext=u:object_r:proc_version:s0 tclass=file permissive=0 app=com.tencent.mobileqq
11-11 00:01:27.314 I/am_wtf ( 1491): [0,1491,system_server,-1,DisplayDeviceConfig,requesting nits when no mapping exists.]
11-11 00:01:27.315 I/am_wtf ( 1491): [0,1491,system_server,-1,DisplayDeviceConfig,requesting nits when no mapping exists.]
11-11 00:01:27.332 I/am_wtf ( 1491): [0,1491,system_server,-1,DisplayDeviceConfig,requesting nits when no mapping exists.]
11-11 00:01:27.334 I/am_wtf ( 1491): [0,1491,system_server,-1,DisplayDeviceConfig,requesting nits when no mapping exists.]
11-11 00:01:27.347 I/am_wtf ( 1491): [0,1491,system_server,-1,DisplayDeviceConfig,requesting nits when no mapping exists.]
11-11 00:01:27.348 I/am_wtf ( 1491): [0,1491,system_server,-1,DisplayDeviceConfig,requesting nits when no mapping exists.]
11-11 00:01:27.364 I/am_wtf ( 1491): [0,1491,system_server,-1,DisplayDeviceConfig,requesting nits when no mapping exists.]
11-11 00:01:27.365 I/am_wtf ( 1491): [0,1491,system_server,-1,DisplayDeviceConfig,requesting nits when no mapping exists.]
11-11 00:01:27.381 I/am_wtf ( 1491): [0,1491,system_server,-1,DisplayDeviceConfig,requesting nits when no mapping exists.]
11-11 00:01:27.382 I/am_wtf ( 1491): [0,1491,system_server,-1,DisplayDeviceConfig,requesting nits when no mapping exists.]
11-11 00:01:27.397 I/am_wtf ( 1491): [0,1491,system_server,-1,DisplayDeviceConfig,requesting nits when no mapping exists.]
11-11 00:01:27.398 I/am_wtf ( 1491): [0,1491,system_server,-1,DisplayDeviceConfig,requesting nits when no mapping exists.]
11-11 00:01:27.414 I/am_wtf ( 1491): [0,1491,system_server,-1,DisplayDeviceConfig,requesting nits when no mapping exists.]
11-11 00:01:27.415 I/am_wtf ( 1491): [0,1491,system_server,-1,DisplayDeviceConfig,requesting nits when no mapping exists.]
11-11 00:01:27.431 I/am_wtf ( 1491): [0,1491,system_server,-1,DisplayDeviceConfig,requesting nits when no mapping exists.]
11-11 00:01:27.432 I/am_wtf ( 1491): [0,1491,system_server,-1,DisplayDeviceConfig,requesting nits when no mapping exists.]
11-11 00:01:27.448 I/am_wtf ( 1491): [0,1491,system_server,-1,DisplayDeviceConfig,requesting nits when no mapping exists.]
11-11 00:01:27.448 I/am_wtf ( 1491): [0,1491,system_server,-1,DisplayDeviceConfig,requesting nits when no mapping exists.]
11-11 00:01:27.464 I/am_wtf ( 1491): [0,1491,system_server,-1,DisplayDeviceConfig,requesting nits when no mapping exists.]
11-11 00:01:27.465 I/am_wtf ( 1491): [0,1491,system_server,-1,DisplayDeviceConfig,requesting nits when no mapping exists.]
11-11 00:01:27.481 I/am_wtf ( 1491): [0,1491,system_server,-1,DisplayDeviceConfig,requesting nits when no mapping exists.]
11-11 00:01:27.482 I/am_wtf ( 1491): [0,1491,system_server,-1,DisplayDeviceConfig,requesting nits when no mapping exists.]
11-11 00:01:27.498 I/am_wtf ( 1491): [0,1491,system_server,-1,DisplayDeviceConfig,requesting nits when no mapping exists.]
11-11 00:01:27.499 I/am_wtf ( 1491): [0,1491,system_server,-1,DisplayDeviceConfig,requesting nits when no mapping exists.]
11-11 00:01:27.515 I/am_wtf ( 1491): [0,1491,system_server,-1,DisplayDeviceConfig,requesting nits when no mapping exists.]
11-11 00:01:27.516 I/am_wtf ( 1491): [0,1491,system_server,-1,DisplayDeviceConfig,requesting nits when no mapping exists.]
11-11 00:01:27.531 I/am_wtf ( 1491): [0,1491,system_server,-1,DisplayDeviceConfig,requesting nits when no mapping exists.]
11-11 00:01:27.532 I/am_wtf ( 1491): [0,1491,system_server,-1,DisplayDeviceConfig,requesting nits when no mapping exists.]
11-11 00:01:27.548 I/am_wtf ( 1491): [0,1491,system_server,-1,DisplayDeviceConfig,requesting nits when no mapping exists.]
11-11 00:01:27.549 I/am_wtf ( 1491): [0,1491,system_server,-1,DisplayDeviceConfig,requesting nits when no mapping exists.]
11-11 00:01:27.564 I/am_wtf ( 1491): [0,1491,system_server,-1,DisplayDeviceConfig,requesting nits when no mapping exists.]
11-11 00:01:27.565 I/am_wtf ( 1491): [0,1491,system_server,-1,DisplayDeviceConfig,requesting nits when no mapping exists.]
11-11 00:01:27.565 I/service_manager_stats( 1491): [100,77,48285]
11-11 00:01:27.581 I/am_wtf ( 1491): [0,1491,system_server,-1,DisplayDeviceConfig,requesting nits when no mapping exists.]
11-11 00:01:27.581 I/am_wtf ( 1491): [0,1491,system_server,-1,DisplayDeviceConfig,requesting nits when no mapping exists.]
11-11 00:01:27.598 I/am_wtf ( 1491): [0,1491,system_server,-1,DisplayDeviceConfig,requesting nits when no mapping exists.]
11-11 00:01:27.599 I/am_wtf ( 1491): [0,1491,system_server,-1,DisplayDeviceConfig,requesting nits when no mapping exists.]
11-11 00:01:27.615 I/am_wtf ( 1491): [0,1491,system_server,-1,DisplayDeviceConfig,requesting nits when no mapping exists.]
11-11 00:01:27.615 I/am_wtf ( 1491): [0,1491,system_server,-1,DisplayDeviceConfig,requesting nits when no mapping exists.]
11-11 00:01:27.631 I/am_wtf ( 1491): [0,1491,system_server,-1,DisplayDeviceConfig,requesting nits when no mapping exists.]
11-11 00:01:27.632 I/am_wtf ( 1491): [0,1491,system_server,-1,DisplayDeviceConfig,requesting nits when no mapping exists.]
11-11 00:01:27.648 I/am_wtf ( 1491): [0,1491,system_server,-1,DisplayDeviceConfig,requesting nits when no mapping exists.]
11-11 00:01:27.648 I/am_wtf ( 1491): [0,1491,system_server,-1,DisplayDeviceConfig,requesting nits when no mapping exists.]
11-11 00:01:27.665 I/am_wtf ( 1491): [0,1491,system_server,-1,DisplayDeviceConfig,requesting nits when no mapping exists.]
11-11 00:01:27.666 I/am_wtf ( 1491): [0,1491,system_server,-1,DisplayDeviceConfig,requesting nits when no mapping exists.]
11-11 00:01:27.682 I/am_wtf ( 1491): [0,1491,system_server,-1,DisplayDeviceConfig,requesting nits when no mapping exists.]
11-11 00:01:27.683 I/am_wtf ( 1491): [0,1491,system_server,-1,DisplayDeviceConfig,requesting nits when no mapping exists.]
11-11 00:01:27.699 I/am_wtf ( 1491): [0,1491,system_server,-1,DisplayDeviceConfig,requesting nits when no mapping exists.]
11-11 00:01:27.700 I/am_wtf ( 1491): [0,1491,system_server,-1,DisplayDeviceConfig,requesting nits when no mapping exists.]
11-11 00:01:27.715 I/am_wtf ( 1491): [0,1491,system_server,-1,DisplayDeviceConfig,requesting nits when no mapping exists.]
11-11 00:01:27.716 I/am_wtf ( 1491): [0,1491,system_server,-1,DisplayDeviceConfig,requesting nits when no mapping exists.]
11-11 00:01:27.732 I/am_wtf ( 1491): [0,1491,system_server,-1,DisplayDeviceConfig,requesting nits when no mapping exists.]
11-11 00:01:27.733 I/am_wtf ( 1491): [0,1491,system_server,-1,DisplayDeviceConfig,requesting nits when no mapping exists.]
11-11 00:01:27.748 I/am_wtf ( 1491): [0,1491,system_server,-1,DisplayDeviceConfig,requesting nits when no mapping exists.]
11-11 00:01:27.749 I/am_wtf ( 1491): [0,1491,system_server,-1,DisplayDeviceConfig,requesting nits when no mapping exists.]
11-11 00:01:27.765 I/am_wtf ( 1491): [0,1491,system_server,-1,DisplayDeviceConfig,requesting nits when no mapping exists.]
11-11 00:01:27.766 I/am_wtf ( 1491): [0,1491,system_server,-1,DisplayDeviceConfig,requesting nits when no mapping exists.]
11-11 00:01:27.781 I/am_wtf ( 1491): [0,1491,system_server,-1,DisplayDeviceConfig,requesting nits when no mapping exists.]
11-11 00:01:27.782 I/am_wtf ( 1491): [0,1491,system_server,-1,DisplayDeviceConfig,requesting nits when no mapping exists.]
11-11 00:01:27.799 I/am_wtf ( 1491): [0,1491,system_server,-1,DisplayDeviceConfig,requesting nits when no mapping exists.]
11-11 00:01:27.800 I/am_wtf ( 1491): [0,1491,system_server,-1,DisplayDeviceConfig,requesting nits when no mapping exists.]
11-11 00:01:27.815 I/am_wtf ( 1491): [0,1491,system_server,-1,DisplayDeviceConfig,requesting nits when no mapping exists.]
11-11 00:01:27.815 I/am_wtf ( 1491): [0,1491,system_server,-1,DisplayDeviceConfig,requesting nits when no mapping exists.]
11-11 00:01:27.832 I/am_wtf ( 1491): [0,1491,system_server,-1,DisplayDeviceConfig,requesting nits when no mapping exists.]
11-11 00:01:27.832 I/am_wtf ( 1491): [0,1491,system_server,-1,DisplayDeviceConfig,requesting nits when no mapping exists.]
11-11 00:01:27.848 I/am_wtf ( 1491): [0,1491,system_server,-1,DisplayDeviceConfig,requesting nits when no mapping exists.]
11-11 00:01:27.849 I/am_wtf ( 1491): [0,1491,system_server,-1,DisplayDeviceConfig,requesting nits when no mapping exists.]
11-11 00:01:27.865 I/am_wtf ( 1491): [0,1491,system_server,-1,DisplayDeviceConfig,requesting nits when no mapping exists.]
11-11 00:01:27.865 I/am_wtf ( 1491): [0,1491,system_server,-1,DisplayDeviceConfig,requesting nits when no mapping exists.]
11-11 00:01:27.882 I/am_wtf ( 1491): [0,1491,system_server,-1,DisplayDeviceConfig,requesting nits when no mapping exists.]
11-11 00:01:27.883 I/am_wtf ( 1491): [0,1491,system_server,-1,DisplayDeviceConfig,requesting nits when no mapping exists.]
11-11 00:01:27.900 I/am_wtf ( 1491): [0,1491,system_server,-1,DisplayDeviceConfig,requesting nits when no mapping exists.]
11-11 00:01:27.901 I/am_wtf ( 1491): [0,1491,system_server,-1,DisplayDeviceConfig,requesting nits when no mapping exists.]
11-11 00:01:27.915 I/am_wtf ( 1491): [0,1491,system_server,-1,DisplayDeviceConfig,requesting nits when no mapping exists.]
11-11 00:01:27.916 I/am_wtf ( 1491): [0,1491,system_server,-1,DisplayDeviceConfig,requesting nits when no mapping exists.]
11-11 00:01:27.931 I/am_wtf ( 1491): [0,1491,system_server,-1,DisplayDeviceConfig,requesting nits when no mapping exists.]
11-11 00:01:27.932 I/am_wtf ( 1491): [0,1491,system_server,-1,DisplayDeviceConfig,requesting nits when no mapping exists.]
11-11 00:01:28.295 I/auditd ( 0): type=1400 audit(0.0:478): avc: denied { kill } for comm="swapper/3" capability=5 scontext=u:r:kernel:s0 tcontext=u:r:kernel:s0 tclass=capability permissive=0
11-11 00:01:29.731 I/am_pss ( 1491): [3269,10095,com.tencent.mobileqq,262318080,204685312,0,431575040,0,10,21]
11-11 00:01:30.295 I/auditd ( 0): type=1400 audit(0.0:479): avc: denied { kill } for comm="swapper/2" capability=5 scontext=u:r:kernel:s0 tcontext=u:r:kernel:s0 tclass=capability permissive=0
11-11 00:01:31.295 I/auditd ( 0): type=1400 audit(0.0:480): avc: denied { kill } for comm="swapper/2" capability=5 scontext=u:r:kernel:s0 tcontext=u:r:kernel:s0 tclass=capability permissive=0
11-11 00:01:32.299 I/auditd ( 0): type=1400 audit(0.0:481): avc: denied { kill } for comm="swapper/0" capability=5 scontext=u:r:kernel:s0 tcontext=u:r:kernel:s0 tclass=capability permissive=0
11-11 00:01:33.295 I/auditd ( 0): type=1400 audit(0.0:482): avc: denied { kill } for comm="swapper/0" capability=5 scontext=u:r:kernel:s0 tcontext=u:r:kernel:s0 tclass=capability permissive=0
11-11 00:01:34.299 I/auditd ( 0): type=1400 audit(0.0:483): avc: denied { kill } for comm="swapper/0" capability=5 scontext=u:r:kernel:s0 tcontext=u:r:kernel:s0 tclass=capability permissive=0
11-11 00:01:35.299 I/auditd ( 0): type=1400 audit(0.0:484): avc: denied { kill } for comm="swapper/0" capability=5 scontext=u:r:kernel:s0 tcontext=u:r:kernel:s0 tclass=capability permissive=0
11-11 00:01:36.295 I/auditd ( 0): type=1400 audit(0.0:485): avc: denied { kill } for comm="swapper/3" capability=5 scontext=u:r:kernel:s0 tcontext=u:r:kernel:s0 tclass=capability permissive=0
11-11 00:01:37.295 I/auditd ( 0): type=1400 audit(0.0:486): avc: denied { kill } for comm="swapper/3" capability=5 scontext=u:r:kernel:s0 tcontext=u:r:kernel:s0 tclass=capability permissive=0
11-11 00:01:38.299 I/auditd ( 0): type=1400 audit(0.0:487): avc: denied { kill } for comm="swapper/3" capability=5 scontext=u:r:kernel:s0 tcontext=u:r:kernel:s0 tclass=capability permissive=0
11-11 00:01:38.708 I/am_pss ( 1491): [2872,10091,com.android.providers.media.module,17497088,14221312,0,118439936,0,0,9]
11-11 00:01:38.717 I/am_pss ( 1491): [2649,10076,com.qualcomm.location,10139648,7786496,0,102260736,0,0,7]
11-11 00:01:39.295 I/auditd ( 0): type=1400 audit(0.0:488): avc: denied { kill } for comm="swapper/3" capability=5 scontext=u:r:kernel:s0 tcontext=u:r:kernel:s0 tclass=capability permissive=0
11-11 00:01:39.354 I/am_uid_idle( 1491): 10021
11-11 00:01:40.299 I/auditd ( 0): type=1400 audit(0.0:489): avc: denied { kill } for comm="swapper/3" capability=5 scontext=u:r:kernel:s0 tcontext=u:r:kernel:s0 tclass=capability permissive=0
11-11 00:01:41.295 I/auditd ( 0): type=1400 audit(0.0:490): avc: denied { kill } for comm="swapper/3" capability=5 scontext=u:r:kernel:s0 tcontext=u:r:kernel:s0 tclass=capability permissive=0
11-11 00:01:41.372 I/am_uid_idle( 1491): 10064
11-11 00:01:42.295 I/auditd ( 0): type=1400 audit(0.0:491): avc: denied { kill } for comm="swapper/3" capability=5 scontext=u:r:kernel:s0 tcontext=u:r:kernel:s0 tclass=capability permissive=0
11-11 00:01:43.299 I/auditd ( 0): type=1400 audit(0.0:492): avc: denied { kill } for comm="swapper/3" capability=5 scontext=u:r:kernel:s0 tcontext=u:r:kernel:s0 tclass=capability permissive=0
11-11 00:01:44.295 I/auditd ( 0): type=1400 audit(0.0:493): avc: denied { kill } for comm="swapper/2" capability=5 scontext=u:r:kernel:s0 tcontext=u:r:kernel:s0 tclass=capability permissive=0
11-11 00:01:45.299 I/auditd ( 0): type=1400 audit(0.0:494): avc: denied { kill } for comm="swapper/2" capability=5 scontext=u:r:kernel:s0 tcontext=u:r:kernel:s0 tclass=capability permissive=0
11-11 00:01:46.299 I/auditd ( 0): type=1400 audit(0.0:495): avc: denied { kill } for comm="swapper/2" capability=5 scontext=u:r:kernel:s0 tcontext=u:r:kernel:s0 tclass=capability permissive=0
11-11 00:01:47.299 I/auditd ( 0): type=1400 audit(0.0:496): avc: denied { kill } for comm="swapper/2" capability=5 scontext=u:r:kernel:s0 tcontext=u:r:kernel:s0 tclass=capability permissive=0
11-11 00:01:48.299 I/auditd ( 0): type=1400 audit(0.0:497): avc: denied { kill } for comm="swapper/2" capability=5 scontext=u:r:kernel:s0 tcontext=u:r:kernel:s0 tclass=capability permissive=0
11-11 00:01:49.295 I/auditd ( 0): type=1400 audit(0.0:498): avc: denied { kill } for comm="swapper/2" capability=5 scontext=u:r:kernel:s0 tcontext=u:r:kernel:s0 tclass=capability permissive=0
11-11 00:01:50.295 I/auditd ( 0): type=1400 audit(0.0:499): avc: denied { kill } for comm="swapper/2" capability=5 scontext=u:r:kernel:s0 tcontext=u:r:kernel:s0 tclass=capability permissive=0
11-11 00:01:50.616 I/am_uid_idle( 1491): 10026
11-11 00:01:51.295 I/auditd ( 0): type=1400 audit(0.0:500): avc: denied { kill } for comm="swapper/2" capability=5 scontext=u:r:kernel:s0 tcontext=u:r:kernel:s0 tclass=capability permissive=0
11-11 00:01:52.295 I/auditd ( 0): type=1400 audit(0.0:501): avc: denied { kill } for comm="swapper/2" capability=5 scontext=u:r:kernel:s0 tcontext=u:r:kernel:s0 tclass=capability permissive=0
11-11 00:01:53.295 I/auditd ( 0): type=1400 audit(0.0:502): avc: denied { kill } for comm="swapper/2" capability=5 scontext=u:r:kernel:s0 tcontext=u:r:kernel:s0 tclass=capability permissive=0
11-11 00:01:53.447 I/am_uid_idle( 1491): 10019
11-11 00:01:53.579 I/am_uid_idle( 1491): 10086
11-11 00:01:53.700 I/am_uid_idle( 1491): 10059
11-11 00:01:53.788 I/am_uid_idle( 1491): 10029
11-11 00:01:54.281 I/am_uid_idle( 1491): 10018
11-11 00:01:54.299 I/auditd ( 0): type=1400 audit(0.0:503): avc: denied { kill } for comm="swapper/1" capability=5 scontext=u:r:kernel:s0 tcontext=u:r:kernel:s0 tclass=capability permissive=0
11-11 00:01:54.327 I/am_uid_idle( 1491): 2000
11-11 00:01:54.968 I/am_uid_idle( 1491): 10080
11-11 00:01:54.978 I/am_uid_idle( 1491): 10054
11-11 00:01:55.106 I/am_uid_idle( 1491): 10079
11-11 00:01:55.295 I/auditd ( 0): type=1400 audit(0.0:504): avc: denied { kill } for comm="swapper/1" capability=5 scontext=u:r:kernel:s0 tcontext=u:r:kernel:s0 tclass=capability permissive=0
11-11 00:01:56.295 I/auditd ( 0): type=1400 audit(0.0:505): avc: denied { kill } for comm="swapper/2" capability=5 scontext=u:r:kernel:s0 tcontext=u:r:kernel:s0 tclass=capability permissive=0
11-11 00:01:57.295 I/auditd ( 0): type=1400 audit(0.0:506): avc: denied { kill } for comm="swapper/2" capability=5 scontext=u:r:kernel:s0 tcontext=u:r:kernel:s0 tclass=capability permissive=0
11-11 00:01:58.295 I/auditd ( 0): type=1400 audit(0.0:507): avc: denied { kill } for comm="swapper/2" capability=5 scontext=u:r:kernel:s0 tcontext=u:r:kernel:s0 tclass=capability permissive=0
11-11 00:01:59.295 I/auditd ( 0): type=1400 audit(0.0:508): avc: denied { kill } for comm="swapper/2" capability=5 scontext=u:r:kernel:s0 tcontext=u:r:kernel:s0 tclass=capability permissive=0
11-11 00:02:00.299 I/auditd ( 0): type=1400 audit(0.0:509): avc: denied { kill } for comm="swapper/3" capability=5 scontext=u:r:kernel:s0 tcontext=u:r:kernel:s0 tclass=capability permissive=0
11-11 00:02:01.299 I/auditd ( 0): type=1400 audit(0.0:510): avc: denied { kill } for comm="swapper/2" capability=5 scontext=u:r:kernel:s0 tcontext=u:r:kernel:s0 tclass=capability permissive=0
11-11 00:02:02.295 I/auditd ( 0): type=1400 audit(0.0:511): avc: denied { kill } for comm="swapper/2" capability=5 scontext=u:r:kernel:s0 tcontext=u:r:kernel:s0 tclass=capability permissive=0
11-11 00:02:02.333 I/netstats_mobile_sample( 1491): [0,0,0,0,0,0,0,0,0,0,0,0,1668081722333]
11-11 00:02:02.333 I/netstats_wifi_sample( 1491): [1612181,4283,1340216,3625,1612181,4283,1340216,3625,2755895,7887,1017048,2690,1668081722333]
11-11 00:02:03.295 I/auditd ( 0): type=1400 audit(0.0:512): avc: denied { kill } for comm="swapper/2" capability=5 scontext=u:r:kernel:s0 tcontext=u:r:kernel:s0 tclass=capability permissive=0
11-11 00:02:04.299 I/auditd ( 0): type=1400 audit(0.0:513): avc: denied { kill } for comm="swapper/2" capability=5 scontext=u:r:kernel:s0 tcontext=u:r:kernel:s0 tclass=capability permissive=0
11-11 00:02:06.295 I/auditd ( 0): type=1400 audit(0.0:514): avc: denied { kill } for comm="swapper/3" capability=5 scontext=u:r:kernel:s0 tcontext=u:r:kernel:s0 tclass=capability permissive=0
11-11 00:02:07.295 I/auditd ( 0): type=1400 audit(0.0:515): avc: denied { kill } for comm="swapper/3" capability=5 scontext=u:r:kernel:s0 tcontext=u:r:kernel:s0 tclass=capability permissive=0
11-11 00:02:08.299 I/auditd ( 0): type=1400 audit(0.0:516): avc: denied { kill } for comm="swapper/3" capability=5 scontext=u:r:kernel:s0 tcontext=u:r:kernel:s0 tclass=capability permissive=0
11-11 00:02:09.299 I/auditd ( 0): type=1400 audit(0.0:517): avc: denied { kill } for comm="swapper/3" capability=5 scontext=u:r:kernel:s0 tcontext=u:r:kernel:s0 tclass=capability permissive=0
11-11 00:02:10.295 I/auditd ( 0): type=1400 audit(0.0:518): avc: denied { kill } for comm="swapper/3" capability=5 scontext=u:r:kernel:s0 tcontext=u:r:kernel:s0 tclass=capability permissive=0
11-11 00:02:11.299 I/auditd ( 0): type=1400 audit(0.0:519): avc: denied { kill } for comm="swapper/3" capability=5 scontext=u:r:kernel:s0 tcontext=u:r:kernel:s0 tclass=capability permissive=0
11-11 00:02:12.295 I/auditd ( 0): type=1400 audit(0.0:520): avc: denied { kill } for comm="swapper/3" capability=5 scontext=u:r:kernel:s0 tcontext=u:r:kernel:s0 tclass=capability permissive=0
11-11 00:02:13.299 I/auditd ( 0): type=1400 audit(0.0:521): avc: denied { kill } for comm="swapper/3" capability=5 scontext=u:r:kernel:s0 tcontext=u:r:kernel:s0 tclass=capability permissive=0
11-11 00:02:14.041 I/am_uid_idle( 1491): 10052
11-11 00:02:14.053 I/am_uid_idle( 1491): 10030
11-11 00:02:14.114 I/am_uid_idle( 1491): 10095
11-11 00:02:14.115 I/am_stop_idle_service( 1491): [10095,com.tencent.mobileqq/.msf.service.MsfService]
11-11 00:02:14.115 I/am_stop_idle_service( 1491): [10095,com.tencent.mobileqq/.app.CoreService]
11-11 00:02:14.136 I/am_pss ( 1491): [2490,10070,com.android.launcher3,85356544,76292096,0,207233024,0,2,15]
11-11 00:02:14.299 I/auditd ( 0): type=1400 audit(0.0:522): avc: denied { kill } for comm="swapper/3" capability=5 scontext=u:r:kernel:s0 tcontext=u:r:kernel:s0 tclass=capability permissive=0
11-11 00:02:15.295 I/auditd ( 0): type=1400 audit(0.0:523): avc: denied { kill } for comm="swapper/3" capability=5 scontext=u:r:kernel:s0 tcontext=u:r:kernel:s0 tclass=capability permissive=0
11-11 00:02:17.295 I/auditd ( 0): type=1400 audit(0.0:524): avc: denied { kill } for comm="swapper/2" capability=5 scontext=u:r:kernel:s0 tcontext=u:r:kernel:s0 tclass=capability permissive=0
11-11 00:02:18.299 I/auditd ( 0): type=1400 audit(0.0:525): avc: denied { kill } for comm="swapper/2" capability=5 scontext=u:r:kernel:s0 tcontext=u:r:kernel:s0 tclass=capability permissive=0
11-11 00:02:19.295 I/auditd ( 0): type=1400 audit(0.0:526): avc: denied { kill } for comm="swapper/2" capability=5 scontext=u:r:kernel:s0 tcontext=u:r:kernel:s0 tclass=capability permissive=0
11-11 00:02:20.084 I/sysui_multi_action( 1491): [757,1696,758,6,759,2]
11-11 00:02:20.093 I/am_wtf ( 1491): [0,1491,system_server,-1,DisplayDeviceConfig,requesting nits when no mapping exists.]
11-11 00:02:20.095 I/am_wtf ( 1491): [0,1491,system_server,-1,DisplayDeviceConfig,requesting nits when no mapping exists.]
11-11 00:02:20.109 I/am_wtf ( 1491): [0,1491,system_server,-1,DisplayDeviceConfig,requesting nits when no mapping exists.]
11-11 00:02:20.111 I/am_wtf ( 1491): [0,1491,system_server,-1,DisplayDeviceConfig,requesting nits when no mapping exists.]
11-11 00:02:20.124 I/am_wtf ( 1491): [0,1491,system_server,-1,DisplayDeviceConfig,requesting nits when no mapping exists.]
11-11 00:02:20.125 I/am_wtf ( 1491): [0,1491,system_server,-1,DisplayDeviceConfig,requesting nits when no mapping exists.]
11-11 00:02:20.141 I/am_wtf ( 1491): [0,1491,system_server,-1,DisplayDeviceConfig,requesting nits when no mapping exists.]
11-11 00:02:20.142 I/am_wtf ( 1491): [0,1491,system_server,-1,DisplayDeviceConfig,requesting nits when no mapping exists.]
11-11 00:02:20.158 I/am_wtf ( 1491): [0,1491,system_server,-1,DisplayDeviceConfig,requesting nits when no mapping exists.]
11-11 00:02:20.160 I/am_wtf ( 1491): [0,1491,system_server,-1,DisplayDeviceConfig,requesting nits when no mapping exists.]
11-11 00:02:20.175 I/am_wtf ( 1491): [0,1491,system_server,-1,DisplayDeviceConfig,requesting nits when no mapping exists.]
11-11 00:02:20.175 I/am_wtf ( 1491): [0,1491,system_server,-1,DisplayDeviceConfig,requesting nits when no mapping exists.]
11-11 00:02:20.191 I/am_wtf ( 1491): [0,1491,system_server,-1,DisplayDeviceConfig,requesting nits when no mapping exists.]
11-11 00:02:20.192 I/am_wtf ( 1491): [0,1491,system_server,-1,DisplayDeviceConfig,requesting nits when no mapping exists.]
11-11 00:02:20.208 I/am_wtf ( 1491): [0,1491,system_server,-1,DisplayDeviceConfig,requesting nits when no mapping exists.]
11-11 00:02:20.211 I/am_wtf ( 1491): [0,1491,system_server,-1,DisplayDeviceConfig,requesting nits when no mapping exists.]
11-11 00:02:20.224 I/am_wtf ( 1491): [0,1491,system_server,-1,DisplayDeviceConfig,requesting nits when no mapping exists.]
11-11 00:02:20.225 I/am_wtf ( 1491): [0,1491,system_server,-1,DisplayDeviceConfig,requesting nits when no mapping exists.]
11-11 00:02:20.243 I/am_wtf ( 1491): [0,1491,system_server,-1,DisplayDeviceConfig,requesting nits when no mapping exists.]
11-11 00:02:20.244 I/am_wtf ( 1491): [0,1491,system_server,-1,DisplayDeviceConfig,requesting nits when no mapping exists.]
11-11 00:02:20.259 I/am_wtf ( 1491): [0,1491,system_server,-1,DisplayDeviceConfig,requesting nits when no mapping exists.]
11-11 00:02:20.259 I/am_wtf ( 1491): [0,1491,system_server,-1,DisplayDeviceConfig,requesting nits when no mapping exists.]
11-11 00:02:20.275 I/am_wtf ( 1491): [0,1491,system_server,-1,DisplayDeviceConfig,requesting nits when no mapping exists.]
11-11 00:02:20.276 I/am_wtf ( 1491): [0,1491,system_server,-1,DisplayDeviceConfig,requesting nits when no mapping exists.]
11-11 00:02:20.291 I/am_wtf ( 1491): [0,1491,system_server,-1,DisplayDeviceConfig,requesting nits when no mapping exists.]
11-11 00:02:20.292 I/am_wtf ( 1491): [0,1491,system_server,-1,DisplayDeviceConfig,requesting nits when no mapping exists.]
11-11 00:02:20.295 I/auditd ( 478): type=1400 audit(0.0:527): avc: denied { kill } for comm="ueventd" capability=5 scontext=u:r:ueventd:s0 tcontext=u:r:ueventd:s0 tclass=capability permissive=0
11-11 00:02:20.308 I/am_wtf ( 1491): [0,1491,system_server,-1,DisplayDeviceConfig,requesting nits when no mapping exists.]
11-11 00:02:20.309 I/am_wtf ( 1491): [0,1491,system_server,-1,DisplayDeviceConfig,requesting nits when no mapping exists.]
11-11 00:02:20.325 I/am_wtf ( 1491): [0,1491,system_server,-1,DisplayDeviceConfig,requesting nits when no mapping exists.]
11-11 00:02:20.326 I/am_wtf ( 1491): [0,1491,system_server,-1,DisplayDeviceConfig,requesting nits when no mapping exists.]
11-11 00:02:20.343 I/am_wtf ( 1491): [0,1491,system_server,-1,DisplayDeviceConfig,requesting nits when no mapping exists.]
11-11 00:02:20.344 I/am_wtf ( 1491): [0,1491,system_server,-1,DisplayDeviceConfig,requesting nits when no mapping exists.]
11-11 00:02:20.358 I/am_wtf ( 1491): [0,1491,system_server,-1,DisplayDeviceConfig,requesting nits when no mapping exists.]
11-11 00:02:20.359 I/am_wtf ( 1491): [0,1491,system_server,-1,DisplayDeviceConfig,requesting nits when no mapping exists.]
11-11 00:02:20.375 I/am_wtf ( 1491): [0,1491,system_server,-1,DisplayDeviceConfig,requesting nits when no mapping exists.]
11-11 00:02:20.376 I/am_wtf ( 1491): [0,1491,system_server,-1,DisplayDeviceConfig,requesting nits when no mapping exists.]
11-11 00:02:20.392 I/am_wtf ( 1491): [0,1491,system_server,-1,DisplayDeviceConfig,requesting nits when no mapping exists.]
11-11 00:02:20.393 I/am_wtf ( 1491): [0,1491,system_server,-1,DisplayDeviceConfig,requesting nits when no mapping exists.]
11-11 00:02:20.409 I/am_wtf ( 1491): [0,1491,system_server,-1,DisplayDeviceConfig,requesting nits when no mapping exists.]
11-11 00:02:20.410 I/am_wtf ( 1491): [0,1491,system_server,-1,DisplayDeviceConfig,requesting nits when no mapping exists.]
11-11 00:02:20.425 I/am_wtf ( 1491): [0,1491,system_server,-1,DisplayDeviceConfig,requesting nits when no mapping exists.]
11-11 00:02:20.427 I/am_wtf ( 1491): [0,1491,system_server,-1,DisplayDeviceConfig,requesting nits when no mapping exists.]
11-11 00:02:20.442 I/am_wtf ( 1491): [0,1491,system_server,-1,DisplayDeviceConfig,requesting nits when no mapping exists.]
11-11 00:02:20.442 I/am_wtf ( 1491): [0,1491,system_server,-1,DisplayDeviceConfig,requesting nits when no mapping exists.]
11-11 00:02:20.458 I/am_wtf ( 1491): [0,1491,system_server,-1,DisplayDeviceConfig,requesting nits when no mapping exists.]
11-11 00:02:20.458 I/am_wtf ( 1491): [0,1491,system_server,-1,DisplayDeviceConfig,requesting nits when no mapping exists.]
11-11 00:02:20.475 I/am_wtf ( 1491): [0,1491,system_server,-1,DisplayDeviceConfig,requesting nits when no mapping exists.]
11-11 00:02:20.476 I/am_wtf ( 1491): [0,1491,system_server,-1,DisplayDeviceConfig,requesting nits when no mapping exists.]
11-11 00:02:20.492 I/am_wtf ( 1491): [0,1491,system_server,-1,DisplayDeviceConfig,requesting nits when no mapping exists.]
11-11 00:02:20.493 I/am_wtf ( 1491): [0,1491,system_server,-1,DisplayDeviceConfig,requesting nits when no mapping exists.]
11-11 00:02:20.510 I/am_wtf ( 1491): [0,1491,system_server,-1,DisplayDeviceConfig,requesting nits when no mapping exists.]
11-11 00:02:20.511 I/service_manager_stats( 1491): [100,56,52946]
11-11 00:02:20.511 I/am_wtf ( 1491): [0,1491,system_server,-1,DisplayDeviceConfig,requesting nits when no mapping exists.]
11-11 00:02:20.526 I/am_wtf ( 1491): [0,1491,system_server,-1,DisplayDeviceConfig,requesting nits when no mapping exists.]
11-11 00:02:20.528 I/am_wtf ( 1491): [0,1491,system_server,-1,DisplayDeviceConfig,requesting nits when no mapping exists.]
11-11 00:02:20.543 I/am_wtf ( 1491): [0,1491,system_server,-1,DisplayDeviceConfig,requesting nits when no mapping exists.]
11-11 00:02:20.543 I/am_wtf ( 1491): [0,1491,system_server,-1,DisplayDeviceConfig,requesting nits when no mapping exists.]
11-11 00:02:20.559 I/am_wtf ( 1491): [0,1491,system_server,-1,DisplayDeviceConfig,requesting nits when no mapping exists.]
11-11 00:02:20.561 I/am_wtf ( 1491): [0,1491,system_server,-1,DisplayDeviceConfig,requesting nits when no mapping exists.]
11-11 00:02:20.576 I/am_wtf ( 1491): [0,1491,system_server,-1,DisplayDeviceConfig,requesting nits when no mapping exists.]
11-11 00:02:20.578 I/am_wtf ( 1491): [0,1491,system_server,-1,DisplayDeviceConfig,requesting nits when no mapping exists.]
11-11 00:02:20.592 I/am_wtf ( 1491): [0,1491,system_server,-1,DisplayDeviceConfig,requesting nits when no mapping exists.]
11-11 00:02:20.594 I/am_wtf ( 1491): [0,1491,system_server,-1,DisplayDeviceConfig,requesting nits when no mapping exists.]
11-11 00:02:20.609 I/am_wtf ( 1491): [0,1491,system_server,-1,DisplayDeviceConfig,requesting nits when no mapping exists.]
11-11 00:02:20.611 I/am_wtf ( 1491): [0,1491,system_server,-1,DisplayDeviceConfig,requesting nits when no mapping exists.]
11-11 00:02:20.626 I/am_wtf ( 1491): [0,1491,system_server,-1,DisplayDeviceConfig,requesting nits when no mapping exists.]
11-11 00:02:20.627 I/am_wtf ( 1491): [0,1491,system_server,-1,DisplayDeviceConfig,requesting nits when no mapping exists.]
11-11 00:02:20.643 I/am_wtf ( 1491): [0,1491,system_server,-1,DisplayDeviceConfig,requesting nits when no mapping exists.]
11-11 00:02:20.644 I/am_wtf ( 1491): [0,1491,system_server,-1,DisplayDeviceConfig,requesting nits when no mapping exists.]
11-11 00:02:20.659 I/am_wtf ( 1491): [0,1491,system_server,-1,DisplayDeviceConfig,requesting nits when no mapping exists.]
11-11 00:02:20.660 I/am_wtf ( 1491): [0,1491,system_server,-1,DisplayDeviceConfig,requesting nits when no mapping exists.]
11-11 00:02:20.676 I/am_wtf ( 1491): [0,1491,system_server,-1,DisplayDeviceConfig,requesting nits when no mapping exists.]
11-11 00:02:20.677 I/am_wtf ( 1491): [0,1491,system_server,-1,DisplayDeviceConfig,requesting nits when no mapping exists.]
11-11 00:02:20.693 I/am_wtf ( 1491): [0,1491,system_server,-1,DisplayDeviceConfig,requesting nits when no mapping exists.]
11-11 00:02:20.694 I/am_wtf ( 1491): [0,1491,system_server,-1,DisplayDeviceConfig,requesting nits when no mapping exists.]
11-11 00:02:20.710 I/am_wtf ( 1491): [0,1491,system_server,-1,DisplayDeviceConfig,requesting nits when no mapping exists.]
11-11 00:02:20.711 I/am_wtf ( 1491): [0,1491,system_server,-1,DisplayDeviceConfig,requesting nits when no mapping exists.]
11-11 00:02:20.726 I/am_wtf ( 1491): [0,1491,system_server,-1,DisplayDeviceConfig,requesting nits when no mapping exists.]
11-11 00:02:20.727 I/am_wtf ( 1491): [0,1491,system_server,-1,DisplayDeviceConfig,requesting nits when no mapping exists.]
11-11 00:02:20.744 I/am_wtf ( 1491): [0,1491,system_server,-1,DisplayDeviceConfig,requesting nits when no mapping exists.]
11-11 00:02:20.745 I/am_wtf ( 1491): [0,1491,system_server,-1,DisplayDeviceConfig,requesting nits when no mapping exists.]
11-11 00:02:20.760 I/am_wtf ( 1491): [0,1491,system_server,-1,DisplayDeviceConfig,requesting nits when no mapping exists.]
11-11 00:02:20.761 I/am_wtf ( 1491): [0,1491,system_server,-1,DisplayDeviceConfig,requesting nits when no mapping exists.]
11-11 00:02:20.778 I/am_wtf ( 1491): [0,1491,system_server,-1,DisplayDeviceConfig,requesting nits when no mapping exists.]
11-11 00:02:20.779 I/am_wtf ( 1491): [0,1491,system_server,-1,DisplayDeviceConfig,requesting nits when no mapping exists.]
11-11 00:02:20.793 I/am_wtf ( 1491): [0,1491,system_server,-1,DisplayDeviceConfig,requesting nits when no mapping exists.]
11-11 00:02:20.794 I/am_wtf ( 1491): [0,1491,system_server,-1,DisplayDeviceConfig,requesting nits when no mapping exists.]
11-11 00:02:20.810 I/am_wtf ( 1491): [0,1491,system_server,-1,DisplayDeviceConfig,requesting nits when no mapping exists.]
11-11 00:02:20.811 I/am_wtf ( 1491): [0,1491,system_server,-1,DisplayDeviceConfig,requesting nits when no mapping exists.]
11-11 00:02:20.826 I/am_wtf ( 1491): [0,1491,system_server,-1,DisplayDeviceConfig,requesting nits when no mapping exists.]
11-11 00:02:20.828 I/am_wtf ( 1491): [0,1491,system_server,-1,DisplayDeviceConfig,requesting nits when no mapping exists.]
11-11 00:02:20.843 I/am_wtf ( 1491): [0,1491,system_server,-1,DisplayDeviceConfig,requesting nits when no mapping exists.]
11-11 00:02:20.844 I/am_wtf ( 1491): [0,1491,system_server,-1,DisplayDeviceConfig,requesting nits when no mapping exists.]
11-11 00:02:20.860 I/am_wtf ( 1491): [0,1491,system_server,-1,DisplayDeviceConfig,requesting nits when no mapping exists.]
11-11 00:02:20.861 I/am_wtf ( 1491): [0,1491,system_server,-1,DisplayDeviceConfig,requesting nits when no mapping exists.]
11-11 00:02:20.876 I/am_wtf ( 1491): [0,1491,system_server,-1,DisplayDeviceConfig,requesting nits when no mapping exists.]
11-11 00:02:20.877 I/am_wtf ( 1491): [0,1491,system_server,-1,DisplayDeviceConfig,requesting nits when no mapping exists.]
11-11 00:02:20.893 I/am_wtf ( 1491): [0,1491,system_server,-1,DisplayDeviceConfig,requesting nits when no mapping exists.]
