11-11 01:17:29.299 I/auditd ( 0): type=1400 audit(0.0:5196): avc: denied { kill } for comm="swapper/3" capability=5 scontext=u:r:kernel:s0 tcontext=u:r:kernel:s0 tclass=capability permissive=0
11-11 01:17:30.299 I/auditd ( 0): type=1400 audit(0.0:5197): avc: denied { kill } for comm="swapper/3" capability=5 scontext=u:r:kernel:s0 tcontext=u:r:kernel:s0 tclass=capability permissive=0
11-11 01:17:31.295 I/auditd ( 0): type=1400 audit(0.0:5198): avc: denied { kill } for comm="swapper/3" capability=5 scontext=u:r:kernel:s0 tcontext=u:r:kernel:s0 tclass=capability permissive=0
11-11 01:17:32.295 I/auditd ( 0): type=1400 audit(0.0:5199): avc: denied { kill } for comm="swapper/3" capability=5 scontext=u:r:kernel:s0 tcontext=u:r:kernel:s0 tclass=capability permissive=0
11-11 01:17:33.295 I/auditd ( 0): type=1400 audit(0.0:5200): avc: denied { kill } for comm="swapper/3" capability=5 scontext=u:r:kernel:s0 tcontext=u:r:kernel:s0 tclass=capability permissive=0
11-11 01:17:34.295 I/auditd ( 0): type=1400 audit(0.0:5201): avc: denied { kill } for comm="swapper/3" capability=5 scontext=u:r:kernel:s0 tcontext=u:r:kernel:s0 tclass=capability permissive=0
11-11 01:17:35.299 I/auditd ( 0): type=1400 audit(0.0:5202): avc: denied { kill } for comm="swapper/3" capability=5 scontext=u:r:kernel:s0 tcontext=u:r:kernel:s0 tclass=capability permissive=0
11-11 01:17:36.299 I/auditd ( 0): type=1400 audit(0.0:5203): avc: denied { kill } for comm="swapper/3" capability=5 scontext=u:r:kernel:s0 tcontext=u:r:kernel:s0 tclass=capability permissive=0
11-11 01:17:37.295 I/auditd ( 5974): type=1400 audit(0.0:5204): avc: denied { kill } for comm="kworker/u16:5" capability=5 scontext=u:r:kernel:s0 tcontext=u:r:kernel:s0 tclass=capability permissive=0
11-11 01:17:38.295 I/auditd ( 0): type=1400 audit(0.0:5205): avc: denied { kill } for comm="swapper/3" capability=5 scontext=u:r:kernel:s0 tcontext=u:r:kernel:s0 tclass=capability permissive=0
11-11 01:17:39.295 I/auditd ( 0): type=1400 audit(0.0:5206): avc: denied { kill } for comm="swapper/3" capability=5 scontext=u:r:kernel:s0 tcontext=u:r:kernel:s0 tclass=capability permissive=0
11-11 01:17:40.299 I/auditd ( 0): type=1400 audit(0.0:5207): avc: denied { kill } for comm="swapper/3" capability=5 scontext=u:r:kernel:s0 tcontext=u:r:kernel:s0 tclass=capability permissive=0
11-11 01:17:41.295 I/auditd ( 0): type=1400 audit(0.0:5208): avc: denied { kill } for comm="swapper/3" capability=5 scontext=u:r:kernel:s0 tcontext=u:r:kernel:s0 tclass=capability permissive=0
11-11 01:17:42.299 I/auditd ( 0): type=1400 audit(0.0:5209): avc: denied { kill } for comm="swapper/3" capability=5 scontext=u:r:kernel:s0 tcontext=u:r:kernel:s0 tclass=capability permissive=0
11-11 01:17:43.295 I/auditd ( 0): type=1400 audit(0.0:5210): avc: denied { kill } for comm="swapper/3" capability=5 scontext=u:r:kernel:s0 tcontext=u:r:kernel:s0 tclass=capability permissive=0
11-11 01:17:44.299 I/auditd ( 0): type=1400 audit(0.0:5211): avc: denied { kill } for comm="swapper/3" capability=5 scontext=u:r:kernel:s0 tcontext=u:r:kernel:s0 tclass=capability permissive=0
11-11 01:17:45.299 I/auditd ( 0): type=1400 audit(0.0:5212): avc: denied { kill } for comm="swapper/3" capability=5 scontext=u:r:kernel:s0 tcontext=u:r:kernel:s0 tclass=capability permissive=0
11-11 01:17:46.299 I/auditd ( 0): type=1400 audit(0.0:5213): avc: denied { kill } for comm="swapper/3" capability=5 scontext=u:r:kernel:s0 tcontext=u:r:kernel:s0 tclass=capability permissive=0
11-11 01:17:46.806 I/sysui_multi_action( 1491): [757,1696,758,6,759,2]
11-11 01:17:46.812 I/am_wtf ( 1491): [0,1491,system_server,-1,DisplayDeviceConfig,requesting nits when no mapping exists.]
11-11 01:17:46.815 I/am_wtf ( 1491): [0,1491,system_server,-1,DisplayDeviceConfig,requesting nits when no mapping exists.]
11-11 01:17:46.827 I/am_wtf ( 1491): [0,1491,system_server,-1,DisplayDeviceConfig,requesting nits when no mapping exists.]
11-11 01:17:46.829 I/am_wtf ( 1491): [0,1491,system_server,-1,DisplayDeviceConfig,requesting nits when no mapping exists.]
11-11 01:17:46.843 I/am_wtf ( 1491): [0,1491,system_server,-1,DisplayDeviceConfig,requesting nits when no mapping exists.]
11-11 01:17:46.845 I/am_wtf ( 1491): [0,1491,system_server,-1,DisplayDeviceConfig,requesting nits when no mapping exists.]
11-11 01:17:46.856 I/am_wtf ( 1491): [0,1491,system_server,-1,DisplayDeviceConfig,requesting nits when no mapping exists.]
11-11 01:17:46.856 I/am_wtf ( 1491): [0,1491,system_server,-1,DisplayDeviceConfig,requesting nits when no mapping exists.]
11-11 01:17:46.872 I/am_wtf ( 1491): [0,1491,system_server,-1,DisplayDeviceConfig,requesting nits when no mapping exists.]
11-11 01:17:46.873 I/am_wtf ( 1491): [0,1491,system_server,-1,DisplayDeviceConfig,requesting nits when no mapping exists.]
11-11 01:17:46.889 I/am_wtf ( 1491): [0,1491,system_server,-1,DisplayDeviceConfig,requesting nits when no mapping exists.]
11-11 01:17:46.890 I/am_wtf ( 1491): [0,1491,system_server,-1,DisplayDeviceConfig,requesting nits when no mapping exists.]
11-11 01:17:46.906 I/am_wtf ( 1491): [0,1491,system_server,-1,DisplayDeviceConfig,requesting nits when no mapping exists.]
11-11 01:17:46.906 I/am_wtf ( 1491): [0,1491,system_server,-1,DisplayDeviceConfig,requesting nits when no mapping exists.]
11-11 01:17:46.923 I/am_wtf ( 1491): [0,1491,system_server,-1,DisplayDeviceConfig,requesting nits when no mapping exists.]
11-11 01:17:46.923 I/am_wtf ( 1491): [0,1491,system_server,-1,DisplayDeviceConfig,requesting nits when no mapping exists.]
11-11 01:17:46.939 I/am_wtf ( 1491): [0,1491,system_server,-1,DisplayDeviceConfig,requesting nits when no mapping exists.]
11-11 01:17:46.940 I/am_wtf ( 1491): [0,1491,system_server,-1,DisplayDeviceConfig,requesting nits when no mapping exists.]
11-11 01:17:46.956 I/am_wtf ( 1491): [0,1491,system_server,-1,DisplayDeviceConfig,requesting nits when no mapping exists.]
11-11 01:17:46.957 I/am_wtf ( 1491): [0,1491,system_server,-1,DisplayDeviceConfig,requesting nits when no mapping exists.]
11-11 01:17:46.973 I/am_wtf ( 1491): [0,1491,system_server,-1,DisplayDeviceConfig,requesting nits when no mapping exists.]
11-11 01:17:46.974 I/am_wtf ( 1491): [0,1491,system_server,-1,DisplayDeviceConfig,requesting nits when no mapping exists.]
11-11 01:17:46.990 I/am_wtf ( 1491): [0,1491,system_server,-1,DisplayDeviceConfig,requesting nits when no mapping exists.]
11-11 01:17:46.990 I/am_wtf ( 1491): [0,1491,system_server,-1,DisplayDeviceConfig,requesting nits when no mapping exists.]
11-11 01:17:47.007 I/am_wtf ( 1491): [0,1491,system_server,-1,DisplayDeviceConfig,requesting nits when no mapping exists.]
11-11 01:17:47.007 I/am_wtf ( 1491): [0,1491,system_server,-1,DisplayDeviceConfig,requesting nits when no mapping exists.]
11-11 01:17:47.023 I/am_wtf ( 1491): [0,1491,system_server,-1,DisplayDeviceConfig,requesting nits when no mapping exists.]
11-11 01:17:47.024 I/am_wtf ( 1491): [0,1491,system_server,-1,DisplayDeviceConfig,requesting nits when no mapping exists.]
11-11 01:17:47.040 I/am_wtf ( 1491): [0,1491,system_server,-1,DisplayDeviceConfig,requesting nits when no mapping exists.]
11-11 01:17:47.040 I/am_wtf ( 1491): [0,1491,system_server,-1,DisplayDeviceConfig,requesting nits when no mapping exists.]
11-11 01:17:47.056 I/am_wtf ( 1491): [0,1491,system_server,-1,DisplayDeviceConfig,requesting nits when no mapping exists.]
11-11 01:17:47.057 I/am_wtf ( 1491): [0,1491,system_server,-1,DisplayDeviceConfig,requesting nits when no mapping exists.]
11-11 01:17:47.073 I/am_wtf ( 1491): [0,1491,system_server,-1,DisplayDeviceConfig,requesting nits when no mapping exists.]
11-11 01:17:47.074 I/am_wtf ( 1491): [0,1491,system_server,-1,DisplayDeviceConfig,requesting nits when no mapping exists.]
11-11 01:17:47.090 I/am_wtf ( 1491): [0,1491,system_server,-1,DisplayDeviceConfig,requesting nits when no mapping exists.]
11-11 01:17:47.091 I/am_wtf ( 1491): [0,1491,system_server,-1,DisplayDeviceConfig,requesting nits when no mapping exists.]
11-11 01:17:47.106 I/am_wtf ( 1491): [0,1491,system_server,-1,DisplayDeviceConfig,requesting nits when no mapping exists.]
11-11 01:17:47.107 I/am_wtf ( 1491): [0,1491,system_server,-1,DisplayDeviceConfig,requesting nits when no mapping exists.]
11-11 01:17:47.123 I/am_wtf ( 1491): [0,1491,system_server,-1,DisplayDeviceConfig,requesting nits when no mapping exists.]
11-11 01:17:47.123 I/am_wtf ( 1491): [0,1491,system_server,-1,DisplayDeviceConfig,requesting nits when no mapping exists.]
11-11 01:17:47.141 I/am_wtf ( 1491): [0,1491,system_server,-1,DisplayDeviceConfig,requesting nits when no mapping exists.]
11-11 01:17:47.142 I/am_wtf ( 1491): [0,1491,system_server,-1,DisplayDeviceConfig,requesting nits when no mapping exists.]
11-11 01:17:47.156 I/am_wtf ( 1491): [0,1491,system_server,-1,DisplayDeviceConfig,requesting nits when no mapping exists.]
11-11 01:17:47.158 I/am_wtf ( 1491): [0,1491,system_server,-1,DisplayDeviceConfig,requesting nits when no mapping exists.]
11-11 01:17:47.174 I/am_wtf ( 1491): [0,1491,system_server,-1,DisplayDeviceConfig,requesting nits when no mapping exists.]
11-11 01:17:47.175 I/am_wtf ( 1491): [0,1491,system_server,-1,DisplayDeviceConfig,requesting nits when no mapping exists.]
11-11 01:17:47.190 I/am_wtf ( 1491): [0,1491,system_server,-1,DisplayDeviceConfig,requesting nits when no mapping exists.]
11-11 01:17:47.191 I/am_wtf ( 1491): [0,1491,system_server,-1,DisplayDeviceConfig,requesting nits when no mapping exists.]
11-11 01:17:47.207 I/am_wtf ( 1491): [0,1491,system_server,-1,DisplayDeviceConfig,requesting nits when no mapping exists.]
11-11 01:17:47.207 I/am_wtf ( 1491): [0,1491,system_server,-1,DisplayDeviceConfig,requesting nits when no mapping exists.]
11-11 01:17:47.223 I/am_wtf ( 1491): [0,1491,system_server,-1,DisplayDeviceConfig,requesting nits when no mapping exists.]
11-11 01:17:47.224 I/am_wtf ( 1491): [0,1491,system_server,-1,DisplayDeviceConfig,requesting nits when no mapping exists.]
11-11 01:17:47.240 I/am_wtf ( 1491): [0,1491,system_server,-1,DisplayDeviceConfig,requesting nits when no mapping exists.]
11-11 01:17:47.241 I/am_wtf ( 1491): [0,1491,system_server,-1,DisplayDeviceConfig,requesting nits when no mapping exists.]
11-11 01:17:47.257 I/am_wtf ( 1491): [0,1491,system_server,-1,DisplayDeviceConfig,requesting nits when no mapping exists.]
11-11 01:17:47.258 I/am_wtf ( 1491): [0,1491,system_server,-1,DisplayDeviceConfig,requesting nits when no mapping exists.]
11-11 01:17:47.273 I/am_wtf ( 1491): [0,1491,system_server,-1,DisplayDeviceConfig,requesting nits when no mapping exists.]
11-11 01:17:47.274 I/am_wtf ( 1491): [0,1491,system_server,-1,DisplayDeviceConfig,requesting nits when no mapping exists.]
11-11 01:17:47.291 I/am_wtf ( 1491): [0,1491,system_server,-1,DisplayDeviceConfig,requesting nits when no mapping exists.]
11-11 01:17:47.292 I/am_wtf ( 1491): [0,1491,system_server,-1,DisplayDeviceConfig,requesting nits when no mapping exists.]
11-11 01:17:47.295 I/auditd ( 0): type=1400 audit(0.0:5214): avc: denied { kill } for comm="swapper/3" capability=5 scontext=u:r:kernel:s0 tcontext=u:r:kernel:s0 tclass=capability permissive=0
11-11 01:17:47.307 I/am_wtf ( 1491): [0,1491,system_server,-1,DisplayDeviceConfig,requesting nits when no mapping exists.]
11-11 01:17:47.308 I/am_wtf ( 1491): [0,1491,system_server,-1,DisplayDeviceConfig,requesting nits when no mapping exists.]
11-11 01:17:47.324 I/am_wtf ( 1491): [0,1491,system_server,-1,DisplayDeviceConfig,requesting nits when no mapping exists.]
11-11 01:17:47.325 I/am_wtf ( 1491): [0,1491,system_server,-1,DisplayDeviceConfig,requesting nits when no mapping exists.]
11-11 01:17:47.340 I/am_wtf ( 1491): [0,1491,system_server,-1,DisplayDeviceConfig,requesting nits when no mapping exists.]
11-11 01:17:47.341 I/am_wtf ( 1491): [0,1491,system_server,-1,DisplayDeviceConfig,requesting nits when no mapping exists.]
11-11 01:17:47.358 I/am_wtf ( 1491): [0,1491,system_server,-1,DisplayDeviceConfig,requesting nits when no mapping exists.]
11-11 01:17:47.359 I/am_wtf ( 1491): [0,1491,system_server,-1,DisplayDeviceConfig,requesting nits when no mapping exists.]
11-11 01:17:47.374 I/am_wtf ( 1491): [0,1491,system_server,-1,DisplayDeviceConfig,requesting nits when no mapping exists.]
11-11 01:17:47.375 I/am_wtf ( 1491): [0,1491,system_server,-1,DisplayDeviceConfig,requesting nits when no mapping exists.]
11-11 01:17:47.391 I/am_wtf ( 1491): [0,1491,system_server,-1,DisplayDeviceConfig,requesting nits when no mapping exists.]
11-11 01:17:47.392 I/am_wtf ( 1491): [0,1491,system_server,-1,DisplayDeviceConfig,requesting nits when no mapping exists.]
11-11 01:17:47.407 I/am_wtf ( 1491): [0,1491,system_server,-1,DisplayDeviceConfig,requesting nits when no mapping exists.]
11-11 01:17:47.408 I/am_wtf ( 1491): [0,1491,system_server,-1,DisplayDeviceConfig,requesting nits when no mapping exists.]
11-11 01:17:47.424 I/am_wtf ( 1491): [0,1491,system_server,-1,DisplayDeviceConfig,requesting nits when no mapping exists.]
11-11 01:17:47.425 I/am_wtf ( 1491): [0,1491,system_server,-1,DisplayDeviceConfig,requesting nits when no mapping exists.]
11-11 01:17:47.441 I/am_wtf ( 1491): [0,1491,system_server,-1,DisplayDeviceConfig,requesting nits when no mapping exists.]
11-11 01:17:47.441 I/service_manager_stats( 1491): [100,52,138930]
11-11 01:17:47.442 I/am_wtf ( 1491): [0,1491,system_server,-1,DisplayDeviceConfig,requesting nits when no mapping exists.]
11-11 01:17:47.457 I/am_wtf ( 1491): [0,1491,system_server,-1,DisplayDeviceConfig,requesting nits when no mapping exists.]
11-11 01:17:47.458 I/am_wtf ( 1491): [0,1491,system_server,-1,DisplayDeviceConfig,requesting nits when no mapping exists.]
11-11 01:17:47.474 I/am_wtf ( 1491): [0,1491,system_server,-1,DisplayDeviceConfig,requesting nits when no mapping exists.]
11-11 01:17:47.475 I/am_wtf ( 1491): [0,1491,system_server,-1,DisplayDeviceConfig,requesting nits when no mapping exists.]
11-11 01:17:47.491 I/am_wtf ( 1491): [0,1491,system_server,-1,DisplayDeviceConfig,requesting nits when no mapping exists.]
11-11 01:17:47.491 I/am_wtf ( 1491): [0,1491,system_server,-1,DisplayDeviceConfig,requesting nits when no mapping exists.]
11-11 01:17:47.508 I/am_wtf ( 1491): [0,1491,system_server,-1,DisplayDeviceConfig,requesting nits when no mapping exists.]
11-11 01:17:47.508 I/am_wtf ( 1491): [0,1491,system_server,-1,DisplayDeviceConfig,requesting nits when no mapping exists.]
11-11 01:17:47.524 I/am_wtf ( 1491): [0,1491,system_server,-1,DisplayDeviceConfig,requesting nits when no mapping exists.]
11-11 01:17:47.525 I/am_wtf ( 1491): [0,1491,system_server,-1,DisplayDeviceConfig,requesting nits when no mapping exists.]
11-11 01:17:47.541 I/am_wtf ( 1491): [0,1491,system_server,-1,DisplayDeviceConfig,requesting nits when no mapping exists.]
11-11 01:17:47.542 I/am_wtf ( 1491): [0,1491,system_server,-1,DisplayDeviceConfig,requesting nits when no mapping exists.]
11-11 01:17:47.558 I/am_wtf ( 1491): [0,1491,system_server,-1,DisplayDeviceConfig,requesting nits when no mapping exists.]
11-11 01:17:47.559 I/am_wtf ( 1491): [0,1491,system_server,-1,DisplayDeviceConfig,requesting nits when no mapping exists.]
11-11 01:17:47.575 I/am_wtf ( 1491): [0,1491,system_server,-1,DisplayDeviceConfig,requesting nits when no mapping exists.]
11-11 01:17:47.575 I/am_wtf ( 1491): [0,1491,system_server,-1,DisplayDeviceConfig,requesting nits when no mapping exists.]
11-11 01:17:47.590 I/am_wtf ( 1491): [0,1491,system_server,-1,DisplayDeviceConfig,requesting nits when no mapping exists.]
11-11 01:17:47.591 I/am_wtf ( 1491): [0,1491,system_server,-1,DisplayDeviceConfig,requesting nits when no mapping exists.]
11-11 01:17:47.608 I/am_wtf ( 1491): [0,1491,system_server,-1,DisplayDeviceConfig,requesting nits when no mapping exists.]
11-11 01:17:47.609 I/am_wtf ( 1491): [0,1491,system_server,-1,DisplayDeviceConfig,requesting nits when no mapping exists.]
11-11 01:17:47.624 I/am_wtf ( 1491): [0,1491,system_server,-1,DisplayDeviceConfig,requesting nits when no mapping exists.]
11-11 01:17:47.625 I/am_wtf ( 1491): [0,1491,system_server,-1,DisplayDeviceConfig,requesting nits when no mapping exists.]
11-11 01:17:47.641 I/am_wtf ( 1491): [0,1491,system_server,-1,DisplayDeviceConfig,requesting nits when no mapping exists.]
11-11 01:17:47.642 I/am_wtf ( 1491): [0,1491,system_server,-1,DisplayDeviceConfig,requesting nits when no mapping exists.]
11-11 01:17:47.658 I/am_wtf ( 1491): [0,1491,system_server,-1,DisplayDeviceConfig,requesting nits when no mapping exists.]
11-11 01:17:47.659 I/am_wtf ( 1491): [0,1491,system_server,-1,DisplayDeviceConfig,requesting nits when no mapping exists.]
11-11 01:17:47.675 I/am_wtf ( 1491): [0,1491,system_server,-1,DisplayDeviceConfig,requesting nits when no mapping exists.]
11-11 01:17:47.676 I/am_wtf ( 1491): [0,1491,system_server,-1,DisplayDeviceConfig,requesting nits when no mapping exists.]
11-11 01:17:47.691 I/am_wtf ( 1491): [0,1491,system_server,-1,DisplayDeviceConfig,requesting nits when no mapping exists.]
11-11 01:17:47.692 I/am_wtf ( 1491): [0,1491,system_server,-1,DisplayDeviceConfig,requesting nits when no mapping exists.]
11-11 01:17:47.708 I/am_wtf ( 1491): [0,1491,system_server,-1,DisplayDeviceConfig,requesting nits when no mapping exists.]
11-11 01:17:47.709 I/am_wtf ( 1491): [0,1491,system_server,-1,DisplayDeviceConfig,requesting nits when no mapping exists.]
11-11 01:17:47.725 I/am_wtf ( 1491): [0,1491,system_server,-1,DisplayDeviceConfig,requesting nits when no mapping exists.]
11-11 01:17:47.726 I/am_wtf ( 1491): [0,1491,system_server,-1,DisplayDeviceConfig,requesting nits when no mapping exists.]
11-11 01:17:47.741 I/am_wtf ( 1491): [0,1491,system_server,-1,DisplayDeviceConfig,requesting nits when no mapping exists.]
11-11 01:17:47.742 I/am_wtf ( 1491): [0,1491,system_server,-1,DisplayDeviceConfig,requesting nits when no mapping exists.]
11-11 01:17:47.758 I/am_wtf ( 1491): [0,1491,system_server,-1,DisplayDeviceConfig,requesting nits when no mapping exists.]
11-11 01:17:47.759 I/am_wtf ( 1491): [0,1491,system_server,-1,DisplayDeviceConfig,requesting nits when no mapping exists.]
11-11 01:17:48.295 I/auditd ( 0): type=1400 audit(0.0:5215): avc: denied { kill } for comm="swapper/3" capability=5 scontext=u:r:kernel:s0 tcontext=u:r:kernel:s0 tclass=capability permissive=0
11-11 01:17:49.295 I/auditd ( 0): type=1400 audit(0.0:5216): avc: denied { kill } for comm="swapper/3" capability=5 scontext=u:r:kernel:s0 tcontext=u:r:kernel:s0 tclass=capability permissive=0
11-11 01:17:49.614 I/am_uid_idle( 1491): 10051
11-11 01:17:50.299 I/auditd ( 0): type=1400 audit(0.0:5217): avc: denied { kill } for comm="swapper/3" capability=5 scontext=u:r:kernel:s0 tcontext=u:r:kernel:s0 tclass=capability permissive=0
11-11 01:17:51.299 I/auditd ( 0): type=1400 audit(0.0:5218): avc: denied { kill } for comm="swapper/3" capability=5 scontext=u:r:kernel:s0 tcontext=u:r:kernel:s0 tclass=capability permissive=0
11-11 01:17:52.299 I/auditd ( 0): type=1400 audit(0.0:5219): avc: denied { kill } for comm="swapper/3" capability=5 scontext=u:r:kernel:s0 tcontext=u:r:kernel:s0 tclass=capability permissive=0
11-11 01:17:53.295 I/auditd ( 0): type=1400 audit(0.0:5220): avc: denied { kill } for comm="swapper/3" capability=5 scontext=u:r:kernel:s0 tcontext=u:r:kernel:s0 tclass=capability permissive=0
11-11 01:17:53.809 I/sysui_multi_action( 1491): [757,222,758,1]
11-11 01:17:53.812 I/am_uid_active( 1491): 10051
11-11 01:17:53.822 I/wm_task_created( 1491): [102,-1]
11-11 01:17:53.826 I/wm_task_moved( 1491): [102,1,6]
11-11 01:17:53.826 I/wm_task_to_front( 1491): [0,102]
11-11 01:17:53.827 I/wm_create_task( 1491): [0,102]
11-11 01:17:53.827 I/wm_create_activity( 1491): [0,95018607,102,com.thundercomm.screensaver/android.service.dreams.DreamActivity,NULL,NULL,NULL,276824064]
11-11 01:17:53.827 I/wm_task_moved( 1491): [102,1,6]
11-11 01:17:53.827 I/wm_on_top_resumed_lost_called( 2490): [146330618,com.android.launcher3.uioverrides.QuickstepLauncher,topStateChangedWhenResumed]
11-11 01:17:53.827 I/wm_pause_activity( 1491): [0,146330618,com.android.launcher3/.uioverrides.QuickstepLauncher,userLeaving=true,pauseBackTasks]
11-11 01:17:53.829 I/wm_on_paused_called( 2490): [146330618,com.android.launcher3.uioverrides.QuickstepLauncher,performPause]
11-11 01:17:53.830 I/wm_add_to_stopping( 1491): [0,146330618,com.android.launcher3/.uioverrides.QuickstepLauncher,makeInvisible]
11-11 01:17:53.831 I/wm_restart_activity( 1491): [0,95018607,102,com.thundercomm.screensaver/android.service.dreams.DreamActivity]
11-11 01:17:53.831 I/wm_set_resumed_activity( 1491): [0,com.thundercomm.screensaver/android.service.dreams.DreamActivity,minimalResumeActivityLocked]
11-11 01:17:53.834 I/sysui_multi_action( 1491): [757,803,799,window_time_0,802,64]
11-11 01:17:53.837 I/wm_on_create_called( 5521): [95018607,android.service.dreams.DreamActivity,performCreate]
11-11 01:17:53.837 I/wm_on_start_called( 5521): [95018607,android.service.dreams.DreamActivity,handleStartActivity]
11-11 01:17:53.837 I/wm_on_resume_called( 5521): [95018607,android.service.dreams.DreamActivity,RESUME_ACTIVITY]
11-11 01:17:53.839 I/wm_on_top_resumed_gained_called( 5521): [95018607,android.service.dreams.DreamActivity,topStateChangedWhenResumed]
11-11 01:17:53.843 I/input_focus( 1491): [Focus request 49ff28b com.thundercomm.screensaver/android.service.dreams.DreamActivity,reason=UpdateInputWindows]
11-11 01:17:53.852 I/sysui_multi_action( 1491): [319,31,322,30,325,4654,757,761,758,8,759,2,806,com.thundercomm.screensaver,871,android.service.dreams.DreamActivity,904,com.thundercomm.screensaver,905,0,1320,4,1321,2]
11-11 01:17:53.853 I/wm_activity_launch_time( 1491): [0,95018607,com.thundercomm.screensaver/android.service.dreams.DreamActivity,30]
11-11 01:17:53.854 I/sysui_multi_action( 1491): [757,1696,758,6,759,3]
11-11 01:17:53.858 I/input_focus( 1491): [Focus leaving 61dc244 com.android.launcher3/com.android.launcher3.uioverrides.QuickstepLauncher (server),reason=NO_WINDOW]
11-11 01:17:53.871 I/am_wtf ( 1491): [0,1491,system_server,-1,DisplayDeviceConfig,requesting nits when no mapping exists.]
11-11 01:17:53.872 I/input_focus( 1491): [Focus entering 49ff28b com.thundercomm.screensaver/android.service.dreams.DreamActivity (server),reason=Window became focusable. Previous reason: NOT_VISIBLE]
11-11 01:17:53.872 I/am_wtf ( 1491): [0,1491,system_server,-1,DisplayDeviceConfig,requesting nits when no mapping exists.]
11-11 01:17:53.888 I/am_wtf ( 1491): [0,1491,system_server,-1,DisplayDeviceConfig,requesting nits when no mapping exists.]
11-11 01:17:53.888 I/am_wtf ( 1491): [0,1491,system_server,-1,DisplayDeviceConfig,requesting nits when no mapping exists.]
11-11 01:17:53.904 I/am_wtf ( 1491): [0,1491,system_server,-1,DisplayDeviceConfig,requesting nits when no mapping exists.]
11-11 01:17:53.905 I/am_wtf ( 1491): [0,1491,system_server,-1,DisplayDeviceConfig,requesting nits when no mapping exists.]
11-11 01:17:53.921 I/am_wtf ( 1491): [0,1491,system_server,-1,DisplayDeviceConfig,requesting nits when no mapping exists.]
11-11 01:17:53.922 I/am_wtf ( 1491): [0,1491,system_server,-1,DisplayDeviceConfig,requesting nits when no mapping exists.]
11-11 01:17:53.939 I/am_wtf ( 1491): [0,1491,system_server,-1,DisplayDeviceConfig,requesting nits when no mapping exists.]
11-11 01:17:53.939 I/am_wtf ( 1491): [0,1491,system_server,-1,DisplayDeviceConfig,requesting nits when no mapping exists.]
11-11 01:17:53.955 I/am_wtf ( 1491): [0,1491,system_server,-1,DisplayDeviceConfig,requesting nits when no mapping exists.]
11-11 01:17:53.955 I/am_wtf ( 1491): [0,1491,system_server,-1,DisplayDeviceConfig,requesting nits when no mapping exists.]
11-11 01:17:53.972 I/am_wtf ( 1491): [0,1491,system_server,-1,DisplayDeviceConfig,requesting nits when no mapping exists.]
11-11 01:17:53.972 I/am_wtf ( 1491): [0,1491,system_server,-1,DisplayDeviceConfig,requesting nits when no mapping exists.]
11-11 01:17:53.988 I/am_wtf ( 1491): [0,1491,system_server,-1,DisplayDeviceConfig,requesting nits when no mapping exists.]
11-11 01:17:53.988 I/am_wtf ( 1491): [0,1491,system_server,-1,DisplayDeviceConfig,requesting nits when no mapping exists.]
11-11 01:17:54.005 I/am_wtf ( 1491): [0,1491,system_server,-1,DisplayDeviceConfig,requesting nits when no mapping exists.]
11-11 01:17:54.005 I/am_wtf ( 1491): [0,1491,system_server,-1,DisplayDeviceConfig,requesting nits when no mapping exists.]
11-11 01:17:54.022 I/am_wtf ( 1491): [0,1491,system_server,-1,DisplayDeviceConfig,requesting nits when no mapping exists.]
11-11 01:17:54.022 I/am_wtf ( 1491): [0,1491,system_server,-1,DisplayDeviceConfig,requesting nits when no mapping exists.]
11-11 01:17:54.038 I/am_wtf ( 1491): [0,1491,system_server,-1,DisplayDeviceConfig,requesting nits when no mapping exists.]
11-11 01:17:54.039 I/am_wtf ( 1491): [0,1491,system_server,-1,DisplayDeviceConfig,requesting nits when no mapping exists.]
11-11 01:17:54.055 I/am_wtf ( 1491): [0,1491,system_server,-1,DisplayDeviceConfig,requesting nits when no mapping exists.]
11-11 01:17:54.055 I/am_wtf ( 1491): [0,1491,system_server,-1,DisplayDeviceConfig,requesting nits when no mapping exists.]
11-11 01:17:54.072 I/am_wtf ( 1491): [0,1491,system_server,-1,DisplayDeviceConfig,requesting nits when no mapping exists.]
11-11 01:17:54.072 I/am_wtf ( 1491): [0,1491,system_server,-1,DisplayDeviceConfig,requesting nits when no mapping exists.]
11-11 01:17:54.088 I/am_wtf ( 1491): [0,1491,system_server,-1,DisplayDeviceConfig,requesting nits when no mapping exists.]
11-11 01:17:54.089 I/am_wtf ( 1491): [0,1491,system_server,-1,DisplayDeviceConfig,requesting nits when no mapping exists.]
11-11 01:17:54.105 I/am_wtf ( 1491): [0,1491,system_server,-1,DisplayDeviceConfig,requesting nits when no mapping exists.]
11-11 01:17:54.105 I/am_wtf ( 1491): [0,1491,system_server,-1,DisplayDeviceConfig,requesting nits when no mapping exists.]
11-11 01:17:54.122 I/am_wtf ( 1491): [0,1491,system_server,-1,DisplayDeviceConfig,requesting nits when no mapping exists.]
11-11 01:17:54.122 I/am_wtf ( 1491): [0,1491,system_server,-1,DisplayDeviceConfig,requesting nits when no mapping exists.]
11-11 01:17:54.139 I/am_wtf ( 1491): [0,1491,system_server,-1,DisplayDeviceConfig,requesting nits when no mapping exists.]
11-11 01:17:54.139 I/am_wtf ( 1491): [0,1491,system_server,-1,DisplayDeviceConfig,requesting nits when no mapping exists.]
11-11 01:17:54.140 I/wm_stop_activity( 1491): [0,146330618,com.android.launcher3/.uioverrides.QuickstepLauncher]
11-11 01:17:54.155 I/am_wtf ( 1491): [0,1491,system_server,-1,DisplayDeviceConfig,requesting nits when no mapping exists.]
11-11 01:17:54.156 I/am_wtf ( 1491): [0,1491,system_server,-1,DisplayDeviceConfig,requesting nits when no mapping exists.]
11-11 01:17:54.162 I/wm_on_stop_called( 2490): [146330618,com.android.launcher3.uioverrides.QuickstepLauncher,STOP_ACTIVITY_ITEM]
11-11 01:17:54.172 I/am_wtf ( 1491): [0,1491,system_server,-1,DisplayDeviceConfig,requesting nits when no mapping exists.]
11-11 01:17:54.172 I/am_wtf ( 1491): [0,1491,system_server,-1,DisplayDeviceConfig,requesting nits when no mapping exists.]
11-11 01:17:54.189 I/am_wtf ( 1491): [0,1491,system_server,-1,DisplayDeviceConfig,requesting nits when no mapping exists.]
11-11 01:17:54.189 I/am_wtf ( 1491): [0,1491,system_server,-1,DisplayDeviceConfig,requesting nits when no mapping exists.]
11-11 01:17:54.206 I/am_wtf ( 1491): [0,1491,system_server,-1,DisplayDeviceConfig,requesting nits when no mapping exists.]
11-11 01:17:54.206 I/am_wtf ( 1491): [0,1491,system_server,-1,DisplayDeviceConfig,requesting nits when no mapping exists.]
11-11 01:17:54.222 I/am_wtf ( 1491): [0,1491,system_server,-1,DisplayDeviceConfig,requesting nits when no mapping exists.]
11-11 01:17:54.223 I/am_wtf ( 1491): [0,1491,system_server,-1,DisplayDeviceConfig,requesting nits when no mapping exists.]
11-11 01:17:54.239 I/am_wtf ( 1491): [0,1491,system_server,-1,DisplayDeviceConfig,requesting nits when no mapping exists.]
11-11 01:17:54.239 I/am_wtf ( 1491): [0,1491,system_server,-1,DisplayDeviceConfig,requesting nits when no mapping exists.]
11-11 01:17:54.256 I/am_wtf ( 1491): [0,1491,system_server,-1,DisplayDeviceConfig,requesting nits when no mapping exists.]
11-11 01:17:54.256 I/am_wtf ( 1491): [0,1491,system_server,-1,DisplayDeviceConfig,requesting nits when no mapping exists.]
11-11 01:17:54.272 I/am_wtf ( 1491): [0,1491,system_server,-1,DisplayDeviceConfig,requesting nits when no mapping exists.]
11-11 01:17:54.273 I/am_wtf ( 1491): [0,1491,system_server,-1,DisplayDeviceConfig,requesting nits when no mapping exists.]
11-11 01:17:54.289 I/am_wtf ( 1491): [0,1491,system_server,-1,DisplayDeviceConfig,requesting nits when no mapping exists.]
11-11 01:17:54.289 I/am_wtf ( 1491): [0,1491,system_server,-1,DisplayDeviceConfig,requesting nits when no mapping exists.]
11-11 01:17:54.295 I/auditd ( 0): type=1400 audit(0.0:5221): avc: denied { kill } for comm="swapper/3" capability=5 scontext=u:r:kernel:s0 tcontext=u:r:kernel:s0 tclass=capability permissive=0
11-11 01:17:54.306 I/am_wtf ( 1491): [0,1491,system_server,-1,DisplayDeviceConfig,requesting nits when no mapping exists.]
11-11 01:17:54.306 I/am_wtf ( 1491): [0,1491,system_server,-1,DisplayDeviceConfig,requesting nits when no mapping exists.]
11-11 01:17:54.323 I/am_wtf ( 1491): [0,1491,system_server,-1,DisplayDeviceConfig,requesting nits when no mapping exists.]
11-11 01:17:54.323 I/am_wtf ( 1491): [0,1491,system_server,-1,DisplayDeviceConfig,requesting nits when no mapping exists.]
11-11 01:17:54.339 I/am_wtf ( 1491): [0,1491,system_server,-1,DisplayDeviceConfig,requesting nits when no mapping exists.]
11-11 01:17:54.339 I/am_wtf ( 1491): [0,1491,system_server,-1,DisplayDeviceConfig,requesting nits when no mapping exists.]
11-11 01:17:54.356 I/am_wtf ( 1491): [0,1491,system_server,-1,DisplayDeviceConfig,requesting nits when no mapping exists.]
11-11 01:17:54.356 I/am_wtf ( 1491): [0,1491,system_server,-1,DisplayDeviceConfig,requesting nits when no mapping exists.]
11-11 01:17:54.373 I/am_wtf ( 1491): [0,1491,system_server,-1,DisplayDeviceConfig,requesting nits when no mapping exists.]
11-11 01:17:54.373 I/service_manager_stats( 1491): [100,28,6932]
11-11 01:17:54.373 I/am_wtf ( 1491): [0,1491,system_server,-1,DisplayDeviceConfig,requesting nits when no mapping exists.]
11-11 01:17:54.389 I/am_wtf ( 1491): [0,1491,system_server,-1,DisplayDeviceConfig,requesting nits when no mapping exists.]
11-11 01:17:54.390 I/am_wtf ( 1491): [0,1491,system_server,-1,DisplayDeviceConfig,requesting nits when no mapping exists.]
11-11 01:17:54.406 I/am_wtf ( 1491): [0,1491,system_server,-1,DisplayDeviceConfig,requesting nits when no mapping exists.]
11-11 01:17:54.406 I/am_wtf ( 1491): [0,1491,system_server,-1,DisplayDeviceConfig,requesting nits when no mapping exists.]
11-11 01:17:54.423 I/am_wtf ( 1491): [0,1491,system_server,-1,DisplayDeviceConfig,requesting nits when no mapping exists.]
11-11 01:17:54.423 I/am_wtf ( 1491): [0,1491,system_server,-1,DisplayDeviceConfig,requesting nits when no mapping exists.]
11-11 01:17:54.439 I/am_wtf ( 1491): [0,1491,system_server,-1,DisplayDeviceConfig,requesting nits when no mapping exists.]
11-11 01:17:54.440 I/am_wtf ( 1491): [0,1491,system_server,-1,DisplayDeviceConfig,requesting nits when no mapping exists.]
11-11 01:17:54.456 I/am_wtf ( 1491): [0,1491,system_server,-1,DisplayDeviceConfig,requesting nits when no mapping exists.]
11-11 01:17:54.456 I/am_wtf ( 1491): [0,1491,system_server,-1,DisplayDeviceConfig,requesting nits when no mapping exists.]
11-11 01:17:54.473 I/am_wtf ( 1491): [0,1491,system_server,-1,DisplayDeviceConfig,requesting nits when no mapping exists.]
11-11 01:17:54.473 I/am_wtf ( 1491): [0,1491,system_server,-1,DisplayDeviceConfig,requesting nits when no mapping exists.]
11-11 01:17:54.490 I/am_wtf ( 1491): [0,1491,system_server,-1,DisplayDeviceConfig,requesting nits when no mapping exists.]
11-11 01:17:54.490 I/am_wtf ( 1491): [0,1491,system_server,-1,DisplayDeviceConfig,requesting nits when no mapping exists.]
11-11 01:17:54.506 I/am_wtf ( 1491): [0,1491,system_server,-1,DisplayDeviceConfig,requesting nits when no mapping exists.]
11-11 01:17:54.507 I/am_wtf ( 1491): [0,1491,system_server,-1,DisplayDeviceConfig,requesting nits when no mapping exists.]
11-11 01:17:54.523 I/am_wtf ( 1491): [0,1491,system_server,-1,DisplayDeviceConfig,requesting nits when no mapping exists.]
11-11 01:17:54.523 I/am_wtf ( 1491): [0,1491,system_server,-1,DisplayDeviceConfig,requesting nits when no mapping exists.]
11-11 01:17:54.540 I/am_wtf ( 1491): [0,1491,system_server,-1,DisplayDeviceConfig,requesting nits when no mapping exists.]
11-11 01:17:54.540 I/am_wtf ( 1491): [0,1491,system_server,-1,DisplayDeviceConfig,requesting nits when no mapping exists.]
11-11 01:17:54.556 I/am_wtf ( 1491): [0,1491,system_server,-1,DisplayDeviceConfig,requesting nits when no mapping exists.]
11-11 01:17:54.557 I/am_wtf ( 1491): [0,1491,system_server,-1,DisplayDeviceConfig,requesting nits when no mapping exists.]
11-11 01:17:54.573 I/am_wtf ( 1491): [0,1491,system_server,-1,DisplayDeviceConfig,requesting nits when no mapping exists.]
11-11 01:17:54.573 I/am_wtf ( 1491): [0,1491,system_server,-1,DisplayDeviceConfig,requesting nits when no mapping exists.]
11-11 01:17:54.590 I/am_wtf ( 1491): [0,1491,system_server,-1,DisplayDeviceConfig,requesting nits when no mapping exists.]
11-11 01:17:54.590 I/am_wtf ( 1491): [0,1491,system_server,-1,DisplayDeviceConfig,requesting nits when no mapping exists.]
11-11 01:17:54.607 I/am_wtf ( 1491): [0,1491,system_server,-1,DisplayDeviceConfig,requesting nits when no mapping exists.]
11-11 01:17:54.607 I/am_wtf ( 1491): [0,1491,system_server,-1,DisplayDeviceConfig,requesting nits when no mapping exists.]
11-11 01:17:54.623 I/am_wtf ( 1491): [0,1491,system_server,-1,DisplayDeviceConfig,requesting nits when no mapping exists.]
11-11 01:17:54.623 I/am_wtf ( 1491): [0,1491,system_server,-1,DisplayDeviceConfig,requesting nits when no mapping exists.]
11-11 01:17:54.640 I/am_wtf ( 1491): [0,1491,system_server,-1,DisplayDeviceConfig,requesting nits when no mapping exists.]
11-11 01:17:54.640 I/am_wtf ( 1491): [0,1491,system_server,-1,DisplayDeviceConfig,requesting nits when no mapping exists.]
11-11 01:17:54.657 I/am_wtf ( 1491): [0,1491,system_server,-1,DisplayDeviceConfig,requesting nits when no mapping exists.]
11-11 01:17:54.657 I/am_wtf ( 1491): [0,1491,system_server,-1,DisplayDeviceConfig,requesting nits when no mapping exists.]
11-11 01:17:54.673 I/am_wtf ( 1491): [0,1491,system_server,-1,DisplayDeviceConfig,requesting nits when no mapping exists.]
11-11 01:17:54.674 I/am_wtf ( 1491): [0,1491,system_server,-1,DisplayDeviceConfig,requesting nits when no mapping exists.]
11-11 01:17:54.690 I/am_wtf ( 1491): [0,1491,system_server,-1,DisplayDeviceConfig,requesting nits when no mapping exists.]
11-11 01:17:54.690 I/am_wtf ( 1491): [0,1491,system_server,-1,DisplayDeviceConfig,requesting nits when no mapping exists.]
11-11 01:17:54.707 I/am_wtf ( 1491): [0,1491,system_server,-1,DisplayDeviceConfig,requesting nits when no mapping exists.]
11-11 01:17:54.707 I/am_wtf ( 1491): [0,1491,system_server,-1,DisplayDeviceConfig,requesting nits when no mapping exists.]
11-11 01:17:54.723 I/am_wtf ( 1491): [0,1491,system_server,-1,DisplayDeviceConfig,requesting nits when no mapping exists.]
11-11 01:17:54.724 I/am_wtf ( 1491): [0,1491,system_server,-1,DisplayDeviceConfig,requesting nits when no mapping exists.]
11-11 01:17:54.740 I/am_wtf ( 1491): [0,1491,system_server,-1,DisplayDeviceConfig,requesting nits when no mapping exists.]
11-11 01:17:54.740 I/am_wtf ( 1491): [0,1491,system_server,-1,DisplayDeviceConfig,requesting nits when no mapping exists.]
11-11 01:17:54.757 I/am_wtf ( 1491): [0,1491,system_server,-1,DisplayDeviceConfig,requesting nits when no mapping exists.]
11-11 01:17:54.757 I/am_wtf ( 1491): [0,1491,system_server,-1,DisplayDeviceConfig,requesting nits when no mapping exists.]
11-11 01:17:54.774 I/am_wtf ( 1491): [0,1491,system_server,-1,DisplayDeviceConfig,requesting nits when no mapping exists.]
11-11 01:17:54.774 I/am_wtf ( 1491): [0,1491,system_server,-1,DisplayDeviceConfig,requesting nits when no mapping exists.]
11-11 01:17:54.790 I/am_wtf ( 1491): [0,1491,system_server,-1,DisplayDeviceConfig,requesting nits when no mapping exists.]
11-11 01:17:54.790 I/am_wtf ( 1491): [0,1491,system_server,-1,DisplayDeviceConfig,requesting nits when no mapping exists.]
11-11 01:17:54.807 I/am_wtf ( 1491): [0,1491,system_server,-1,DisplayDeviceConfig,requesting nits when no mapping exists.]
11-11 01:17:54.807 I/am_wtf ( 1491): [0,1491,system_server,-1,DisplayDeviceConfig,requesting nits when no mapping exists.]
11-11 01:17:55.295 I/auditd ( 0): type=1400 audit(0.0:5222): avc: denied { kill } for comm="swapper/3" capability=5 scontext=u:r:kernel:s0 tcontext=u:r:kernel:s0 tclass=capability permissive=0
11-11 01:17:56.079 I/netstats_mobile_sample( 1491): [0,0,0,0,0,0,0,0,0,0,0,0,1668086276078]
11-11 01:17:56.079 I/netstats_wifi_sample( 1491): [80217715,176579,52273357,118284,80217715,176579,52273357,118284,132312619,283530,26771655,60762,1668086276078]
11-11 01:17:56.295 I/auditd ( 0): type=1400 audit(0.0:5223): avc: denied { kill } for comm="swapper/3" capability=5 scontext=u:r:kernel:s0 tcontext=u:r:kernel:s0 tclass=capability permissive=0
11-11 01:17:57.295 I/auditd ( 0): type=1400 audit(0.0:5224): avc: denied { kill } for comm="swapper/3" capability=5 scontext=u:r:kernel:s0 tcontext=u:r:kernel:s0 tclass=capability permissive=0
11-11 01:17:58.299 I/auditd ( 0): type=1400 audit(0.0:5225): avc: denied { kill } for comm="swapper/3" capability=5 scontext=u:r:kernel:s0 tcontext=u:r:kernel:s0 tclass=capability permissive=0
11-11 01:17:59.295 I/auditd ( 0): type=1400 audit(0.0:5226): avc: denied { kill } for comm="swapper/3" capability=5 scontext=u:r:kernel:s0 tcontext=u:r:kernel:s0 tclass=capability permissive=0
11-11 01:18:00.295 I/auditd ( 0): type=1400 audit(0.0:5227): avc: denied { kill } for comm="swapper/3" capability=5 scontext=u:r:kernel:s0 tcontext=u:r:kernel:s0 tclass=capability permissive=0
11-11 01:18:02.295 I/auditd ( 0): type=1400 audit(0.0:5228): avc: denied { kill } for comm="swapper/3" capability=5 scontext=u:r:kernel:s0 tcontext=u:r:kernel:s0 tclass=capability permissive=0
11-11 01:18:03.295 I/auditd ( 0): type=1400 audit(0.0:5229): avc: denied { kill } for comm="swapper/3" capability=5 scontext=u:r:kernel:s0 tcontext=u:r:kernel:s0 tclass=capability permissive=0
11-11 01:18:04.299 I/auditd ( 0): type=1400 audit(0.0:5230): avc: denied { kill } for comm="swapper/3" capability=5 scontext=u:r:kernel:s0 tcontext=u:r:kernel:s0 tclass=capability permissive=0
11-11 01:18:05.295 I/auditd ( 0): type=1400 audit(0.0:5231): avc: denied { kill } for comm="swapper/3" capability=5 scontext=u:r:kernel:s0 tcontext=u:r:kernel:s0 tclass=capability permissive=0
11-11 01:18:06.295 I/auditd ( 0): type=1400 audit(0.0:5232): avc: denied { kill } for comm="swapper/3" capability=5 scontext=u:r:kernel:s0 tcontext=u:r:kernel:s0 tclass=capability permissive=0
11-11 01:18:07.299 I/auditd ( 0): type=1400 audit(0.0:5233): avc: denied { kill } for comm="swapper/3" capability=5 scontext=u:r:kernel:s0 tcontext=u:r:kernel:s0 tclass=capability permissive=0
11-11 01:18:08.295 I/auditd ( 0): type=1400 audit(0.0:5234): avc: denied { kill } for comm="swapper/3" capability=5 scontext=u:r:kernel:s0 tcontext=u:r:kernel:s0 tclass=capability permissive=0
11-11 01:18:09.295 I/auditd ( 6852): type=1400 audit(0.0:5235): avc: denied { kill } for comm="kworker/u16:10" capability=5 scontext=u:r:kernel:s0 tcontext=u:r:kernel:s0 tclass=capability permissive=0
11-11 01:18:10.295 I/auditd ( 0): type=1400 audit(0.0:5236): avc: denied { kill } for comm="swapper/3" capability=5 scontext=u:r:kernel:s0 tcontext=u:r:kernel:s0 tclass=capability permissive=0
11-11 01:18:11.299 I/auditd ( 0): type=1400 audit(0.0:5237): avc: denied { kill } for comm="swapper/3" capability=5 scontext=u:r:kernel:s0 tcontext=u:r:kernel:s0 tclass=capability permissive=0
11-11 01:18:12.295 I/auditd ( 0): type=1400 audit(0.0:5238): avc: denied { kill } for comm="swapper/3" capability=5 scontext=u:r:kernel:s0 tcontext=u:r:kernel:s0 tclass=capability permissive=0
11-11 01:18:13.299 I/auditd ( 0): type=1400 audit(0.0:5239): avc: denied { kill } for comm="swapper/3" capability=5 scontext=u:r:kernel:s0 tcontext=u:r:kernel:s0 tclass=capability permissive=0
11-11 01:18:14.299 I/auditd ( 0): type=1400 audit(0.0:5240): avc: denied { kill } for comm="swapper/3" capability=5 scontext=u:r:kernel:s0 tcontext=u:r:kernel:s0 tclass=capability permissive=0
11-11 01:18:15.295 I/auditd ( 0): type=1400 audit(0.0:5241): avc: denied { kill } for comm="swapper/3" capability=5 scontext=u:r:kernel:s0 tcontext=u:r:kernel:s0 tclass=capability permissive=0
11-11 01:18:16.299 I/auditd ( 0): type=1400 audit(0.0:5242): avc: denied { kill } for comm="swapper/3" capability=5 scontext=u:r:kernel:s0 tcontext=u:r:kernel:s0 tclass=capability permissive=0
11-11 01:18:17.299 I/auditd ( 0): type=1400 audit(0.0:5243): avc: denied { kill } for comm="swapper/3" capability=5 scontext=u:r:kernel:s0 tcontext=u:r:kernel:s0 tclass=capability permissive=0
11-11 01:18:18.295 I/auditd ( 0): type=1400 audit(0.0:5244): avc: denied { kill } for comm="swapper/3" capability=5 scontext=u:r:kernel:s0 tcontext=u:r:kernel:s0 tclass=capability permissive=0
11-11 01:18:19.299 I/auditd ( 0): type=1400 audit(0.0:5245): avc: denied { kill } for comm="swapper/3" capability=5 scontext=u:r:kernel:s0 tcontext=u:r:kernel:s0 tclass=capability permissive=0
11-11 01:18:20.295 I/auditd ( 0): type=1400 audit(0.0:5246): avc: denied { kill } for comm="swapper/3" capability=5 scontext=u:r:kernel:s0 tcontext=u:r:kernel:s0 tclass=capability permissive=0
11-11 01:18:21.299 I/auditd ( 0): type=1400 audit(0.0:5247): avc: denied { kill } for comm="swapper/3" capability=5 scontext=u:r:kernel:s0 tcontext=u:r:kernel:s0 tclass=capability permissive=0
11-11 01:18:23.295 I/auditd ( 0): type=1400 audit(0.0:5248): avc: denied { kill } for comm="swapper/3" capability=5 scontext=u:r:kernel:s0 tcontext=u:r:kernel:s0 tclass=capability permissive=0
11-11 01:18:24.295 I/auditd ( 0): type=1400 audit(0.0:5249): avc: denied { kill } for comm="swapper/3" capability=5 scontext=u:r:kernel:s0 tcontext=u:r:kernel:s0 tclass=capability permissive=0
11-11 01:18:25.299 I/auditd ( 0): type=1400 audit(0.0:5250): avc: denied { kill } for comm="swapper/3" capability=5 scontext=u:r:kernel:s0 tcontext=u:r:kernel:s0 tclass=capability permissive=0
11-11 01:18:26.295 I/auditd ( 0): type=1400 audit(0.0:5251): avc: denied { kill } for comm="swapper/3" capability=5 scontext=u:r:kernel:s0 tcontext=u:r:kernel:s0 tclass=capability permissive=0
11-11 01:18:27.295 I/auditd ( 0): type=1400 audit(0.0:5252): avc: denied { kill } for comm="swapper/3" capability=5 scontext=u:r:kernel:s0 tcontext=u:r:kernel:s0 tclass=capability permissive=0
11-11 01:18:28.295 I/auditd ( 0): type=1400 audit(0.0:5253): avc: denied { kill } for comm="swapper/3" capability=5 scontext=u:r:kernel:s0 tcontext=u:r:kernel:s0 tclass=capability permissive=0
11-11 01:18:29.295 I/auditd ( 0): type=1400 audit(0.0:5254): avc: denied { kill } for comm="swapper/3" capability=5 scontext=u:r:kernel:s0 tcontext=u:r:kernel:s0 tclass=capability permissive=0
11-11 01:18:30.295 I/auditd ( 0): type=1400 audit(0.0:5255): avc: denied { kill } for comm="swapper/3" capability=5 scontext=u:r:kernel:s0 tcontext=u:r:kernel:s0 tclass=capability permissive=0
11-11 01:18:31.295 I/auditd ( 0): type=1400 audit(0.0:5256): avc: denied { kill } for comm="swapper/3" capability=5 scontext=u:r:kernel:s0 tcontext=u:r:kernel:s0 tclass=capability permissive=0
11-11 01:18:32.295 I/auditd ( 0): type=1400 audit(0.0:5257): avc: denied { kill } for comm="swapper/3" capability=5 scontext=u:r:kernel:s0 tcontext=u:r:kernel:s0 tclass=capability permissive=0
11-11 01:18:33.295 I/auditd ( 0): type=1400 audit(0.0:5258): avc: denied { kill } for comm="swapper/3" capability=5 scontext=u:r:kernel:s0 tcontext=u:r:kernel:s0 tclass=capability permissive=0
11-11 01:18:34.295 I/auditd ( 6506): type=1400 audit(0.0:5259): avc: denied { kill } for comm="kworker/u16:8" capability=5 scontext=u:r:kernel:s0 tcontext=u:r:kernel:s0 tclass=capability permissive=0
11-11 01:18:36.295 I/auditd ( 0): type=1400 audit(0.0:5260): avc: denied { kill } for comm="swapper/3" capability=5 scontext=u:r:kernel:s0 tcontext=u:r:kernel:s0 tclass=capability permissive=0
11-11 01:18:37.299 I/auditd ( 0): type=1400 audit(0.0:5261): avc: denied { kill } for comm="swapper/3" capability=5 scontext=u:r:kernel:s0 tcontext=u:r:kernel:s0 tclass=capability permissive=0
11-11 01:18:38.295 I/auditd ( 0): type=1400 audit(0.0:5262): avc: denied { kill } for comm="swapper/3" capability=5 scontext=u:r:kernel:s0 tcontext=u:r:kernel:s0 tclass=capability permissive=0
11-11 01:18:39.295 I/auditd ( 0): type=1400 audit(0.0:5263): avc: denied { kill } for comm="swapper/3" capability=5 scontext=u:r:kernel:s0 tcontext=u:r:kernel:s0 tclass=capability permissive=0
11-11 01:18:40.295 I/auditd ( 0): type=1400 audit(0.0:5264): avc: denied { kill } for comm="swapper/3" capability=5 scontext=u:r:kernel:s0 tcontext=u:r:kernel:s0 tclass=capability permissive=0
11-11 01:18:41.299 I/auditd ( 0): type=1400 audit(0.0:5265): avc: denied { kill } for comm="swapper/3" capability=5 scontext=u:r:kernel:s0 tcontext=u:r:kernel:s0 tclass=capability permissive=0
11-11 01:18:42.299 I/auditd ( 0): type=1400 audit(0.0:5266): avc: denied { kill } for comm="swapper/3" capability=5 scontext=u:r:kernel:s0 tcontext=u:r:kernel:s0 tclass=capability permissive=0
11-11 01:18:43.295 I/auditd ( 0): type=1400 audit(0.0:5267): avc: denied { kill } for comm="swapper/3" capability=5 scontext=u:r:kernel:s0 tcontext=u:r:kernel:s0 tclass=capability permissive=0
11-11 01:18:44.299 I/auditd ( 0): type=1400 audit(0.0:5268): avc: denied { kill } for comm="swapper/3" capability=5 scontext=u:r:kernel:s0 tcontext=u:r:kernel:s0 tclass=capability permissive=0
11-11 01:18:45.299 I/auditd ( 0): type=1400 audit(0.0:5269): avc: denied { kill } for comm="swapper/3" capability=5 scontext=u:r:kernel:s0 tcontext=u:r:kernel:s0 tclass=capability permissive=0
11-11 01:18:46.299 I/auditd ( 0): type=1400 audit(0.0:5270): avc: denied { kill } for comm="swapper/3" capability=5 scontext=u:r:kernel:s0 tcontext=u:r:kernel:s0 tclass=capability permissive=0
11-11 01:18:47.299 I/auditd ( 0): type=1400 audit(0.0:5271): avc: denied { kill } for comm="swapper/3" capability=5 scontext=u:r:kernel:s0 tcontext=u:r:kernel:s0 tclass=capability permissive=0
11-11 01:18:48.295 I/auditd ( 0): type=1400 audit(0.0:5272): avc: denied { kill } for comm="swapper/3" capability=5 scontext=u:r:kernel:s0 tcontext=u:r:kernel:s0 tclass=capability permissive=0
11-11 01:18:49.295 I/auditd ( 0): type=1400 audit(0.0:5273): avc: denied { kill } for comm="swapper/3" capability=5 scontext=u:r:kernel:s0 tcontext=u:r:kernel:s0 tclass=capability permissive=0
11-11 01:18:50.295 I/auditd ( 0): type=1400 audit(0.0:5274): avc: denied { kill } for comm="swapper/3" capability=5 scontext=u:r:kernel:s0 tcontext=u:r:kernel:s0 tclass=capability permissive=0
11-11 01:18:51.141 I/input_interaction( 1491): Interaction with: 49ff28b com.thundercomm.screensaver/android.service.dreams.DreamActivity (server), edge-swipe (server), swipe-up (server), PointerEventDispatcher0 (server),
11-11 01:18:51.143 I/wm_finish_activity( 1491): [0,95018607,102,com.thundercomm.screensaver/android.service.dreams.DreamActivity,finish-activity]
11-11 01:18:51.144 I/wm_task_moved( 1491): [1,1,5]
11-11 01:18:51.145 I/wm_task_moved( 1491): [90,1,2147483647]
11-11 01:18:51.145 I/wm_task_to_front( 1491): [0,90]
11-11 01:18:51.145 I/wm_focused_root_task( 1491): [0,0,1,102,finish-top adjustFocusToNextFocusableTask]
11-11 01:18:51.146 I/wm_set_resumed_activity( 1491): [0,com.android.launcher3/.uioverrides.QuickstepLauncher,finish-top adjustFocusToNextFocusableTask]
11-11 01:18:51.147 I/wm_pause_activity( 1491): [0,95018607,com.thundercomm.screensaver/android.service.dreams.DreamActivity,userLeaving=false,finish]
11-11 01:18:51.152 I/wm_on_top_resumed_lost_called( 5521): [95018607,android.service.dreams.DreamActivity,topStateChangedWhenResumed]
11-11 01:18:51.153 I/sysui_multi_action( 1491): [757,803,799,window_time_0,802,58]
11-11 01:18:51.154 I/wm_on_paused_called( 5521): [95018607,android.service.dreams.DreamActivity,performPause]
11-11 01:18:51.154 I/wm_add_to_stopping( 1491): [0,95018607,com.thundercomm.screensaver/android.service.dreams.DreamActivity,completeFinishing]
11-11 01:18:51.156 I/wm_set_resumed_activity( 1491): [0,com.android.launcher3/.uioverrides.QuickstepLauncher,resumeTopActivityInnerLocked]
11-11 01:18:51.158 I/wm_resume_activity( 1491): [0,146330618,90,com.android.launcher3/.uioverrides.QuickstepLauncher]
11-11 01:18:51.161 I/wm_on_restart_called( 2490): [146330618,com.android.launcher3.uioverrides.QuickstepLauncher,performRestartActivity]
11-11 01:18:51.161 I/wm_on_start_called( 2490): [146330618,com.android.launcher3.uioverrides.QuickstepLauncher,handleStartActivity]
11-11 01:18:51.161 I/wm_on_resume_called( 2490): [146330618,com.android.launcher3.uioverrides.QuickstepLauncher,RESUME_ACTIVITY]
11-11 01:18:51.161 I/wm_on_top_resumed_gained_called( 2490): [146330618,com.android.launcher3.uioverrides.QuickstepLauncher,topWhenResuming]
11-11 01:18:51.168 I/sysui_multi_action( 1491): [757,803,799,window_time_0,802,0]
11-11 01:18:51.175 I/view_enqueue_input_event( 5521): [Motion - Cancel,com.thundercomm.screensaver/android.service.dreams.DreamActivity]
11-11 01:18:51.175 I/input_focus( 1491): [Focus leaving 49ff28b com.thundercomm.screensaver/android.service.dreams.DreamActivity (server),reason=NO_WINDOW]
11-11 01:18:51.177 I/input_focus( 1491): [Focus request 61dc244 com.android.launcher3/com.android.launcher3.uioverrides.QuickstepLauncher,reason=UpdateInputWindows]
