--------- beginning of radio
04-04 08:35:11.277 D/TelephonyRegistry( 1491): listen oscl: mHasNotifySubscriptionInfoChangedOccurred==false no callback
04-04 08:35:12.105 D/TelephonyRegistry( 1491): listen oscl: mHasNotifySubscriptionInfoChangedOccurred==false no callback
04-04 08:35:12.128 D/TelephonyRegistry( 1491): listen oscl: mHasNotifySubscriptionInfoChangedOccurred==false no callback
04-04 08:35:12.130 D/TelephonyRegistry( 1491): listen oscl: mHasNotifySubscriptionInfoChangedOccurred==false no callback
04-04 08:35:12.166 D/TelephonyRegistry( 1491): listen oscl: mHasNotifySubscriptionInfoChangedOccurred==false no callback
04-04 08:35:12.175 W/CarrierConfigManager( 1491): Error getting config for subId -1 ICarrierConfigLoader is null
04-04 08:35:12.213 D/TelephonyRegistry( 1491): systemRunning register for intents --------- beginning of events
04-04 08:35:12.305 I/netstats_mobile_sample( 1491): [0,0,0,0,0,0,0,0,0,0,0,0,1680554112305]
04-04 08:35:12.305 I/netstats_wifi_sample( 1491): [0,0,0,0,0,0,0,0,0,0,0,0,1680554112305]
04-04 08:35:12.308 I/netstats_mobile_sample( 1491): [0,0,0,0,0,0,0,0,0,0,0,0,1680554112308]
04-04 08:35:12.308 I/netstats_wifi_sample( 1491): [0,0,0,0,0,0,0,0,0,0,0,0,1680554112308]
04-04 08:35:12.308 D/TelephonyRegistry( 1491): listen oscl: mHasNotifySubscriptionInfoChangedOccurred==false no callback
04-04 08:35:12.315 I/uc_send_user_broadcast( 1491): [0,android.intent.action.USER_FOREGROUND]
04-04 08:35:12.315 I/uc_send_user_broadcast( 1491): [0,android.intent.action.USER_SWITCHED]
04-04 08:35:12.316 I/am_proc_start( 1491): [0,2083,1000,com.thundercomm.gamemode,added application,com.thundercomm.gamemode]
04-04 08:35:12.317 I/am_proc_bound( 1491): [0,2083,com.thundercomm.gamemode]
04-04 08:35:12.322 I/am_proc_died( 1491): [0,2032,WebViewLoader-armeabi-v7a,-700,0]
04-04 08:35:12.323 I/am_low_memory( 1491): 5
04-04 08:35:12.324 I/am_proc_died( 1491): [0,2034,WebViewLoader-arm64-v8a,-700,0]
04-04 08:35:12.324 I/am_uid_stopped( 1491): 1037
04-04 08:35:12.324 I/am_low_memory( 1491): 4
04-04 08:35:12.328 I/am_proc_start( 1491): [0,2135,1000,com.thundercomm.microservice,added application,com.thundercomm.microservice]
04-04 08:35:12.334 I/am_proc_start( 1491): [0,2145,1000,com.thundercomm.microsettings,added application,com.thundercomm.microsettings]
04-04 08:35:12.338 I/commit_sys_config_file( 1491): [settings-0-0,2]
04-04 08:35:12.338 I/am_proc_start( 1491): [0,2154,1001,.dataservices,added application,.dataservices]
04-04 08:35:12.340 I/notification_cancel_all( 1491): [1000,1491,android,0,0,0,20,NULL]
04-04 08:35:12.341 I/am_uid_running( 1491): 10092
04-04 08:35:12.347 I/wm_task_created( 1491): [3,-1]
04-04 08:35:12.348 I/am_proc_bound( 1491): [0,2135,com.thundercomm.microservice]
04-04 08:35:12.348 I/wm_task_created( 1491): [4,-1]
04-04 08:35:12.352 I/am_proc_start( 1491): [0,2164,10053,.qtidataservices,added application,.qtidataservices]
04-04 08:35:12.367 I/wm_task_created( 1491): [5,-1]
04-04 08:35:12.367 I/am_proc_bound( 1491): [0,2145,com.thundercomm.microsettings]
04-04 08:35:12.369 I/wm_task_created( 1491): [6,-1]
04-04 08:35:12.370 I/wm_task_created( 1491): [7,-1]
04-04 08:35:12.376 I/am_proc_bound( 1491): [0,2154,.dataservices]
04-04 08:35:12.379 I/am_uid_active( 1491): 1001
04-04 08:35:12.381 I/am_proc_start( 1491): [0,2186,1000,com.thundercomm.tchttpserver,added application,com.thundercomm.tchttpserver]
04-04 08:35:12.386 I/am_proc_bound( 1491): [0,2164,.qtidataservices]
04-04 08:35:12.389 I/am_uid_active( 1491): 10053
04-04 08:35:12.390 I/am_proc_start( 1491): [0,2213,1000,com.tc.logclient,added application,com.tc.logclient]
04-04 08:35:12.390 I/am_uid_running( 1491): 10064
04-04 08:35:12.395 I/am_proc_start( 1491): [0,2216,1000,com.thundercomm.tcsetupwizard,added application,com.thundercomm.tcsetupwizard]
04-04 08:35:12.401 I/am_proc_bound( 1491): [0,2186,com.thundercomm.tchttpserver]
04-04 08:35:12.404 I/am_proc_start( 1491): [0,2234,1000,vendor.qti.qesdk.sysservice,added application,vendor.qti.qesdk.sysservice]
04-04 08:35:12.408 I/am_proc_bound( 1491): [0,2213,com.tc.logclient]
04-04 08:35:12.422 I/am_proc_start( 1491): [0,2251,10083,com.qti.qualcomm.mstatssystemservice,added application,com.qti.qualcomm.mstatssystemservice]
04-04 08:35:12.429 I/am_proc_start( 1491): [0,2267,1068,com.android.se,added application,com.android.se]
04-04 08:35:12.430 I/am_proc_bound( 1491): [0,2216,com.thundercomm.tcsetupwizard]
04-04 08:35:12.440 I/am_proc_start( 1491): [0,2278,1000,com.thundercomm.remotecontrolservice,added application,com.thundercomm.remotecontrolservice]
04-04 08:35:12.444 I/am_proc_bound( 1491): [0,2234,vendor.qti.qesdk.sysservice]
04-04 08:35:12.455 I/am_proc_start( 1491): [0,2300,1000,com.thundercomm.tcservice,added application,com.thundercomm.tcservice]
04-04 08:35:12.461 I/am_proc_start( 1491): [0,2313,10062,com.qualcomm.qti.devicestatisticsservice,added application,com.qualcomm.qti.devicestatisticsservice]
04-04 08:35:12.465 I/am_proc_bound( 1491): [0,2251,com.qti.qualcomm.mstatssystemservice]
04-04 08:35:12.474 I/am_uid_active( 1491): 10083
04-04 08:35:12.475 I/am_proc_bound( 1491): [0,2267,com.android.se]
04-04 08:35:12.477 I/am_uid_active( 1491): 1068
04-04 08:35:12.477 I/am_proc_start( 1491): [0,2318,1000,com.qualcomm.qti.qdma,added application,com.qualcomm.qti.qdma]
04-04 08:35:12.481 D/TelephonyRegistry( 1491): listen oscl: mHasNotifySubscriptionInfoChangedOccurred==false no callback
04-04 08:35:12.484 I/am_proc_start( 1491): [0,2355,1000,com.android.settings,top-activity,{com.android.settings/com.android.settings.FallbackHome}]
04-04 08:35:12.489 I/am_proc_bound( 1491): [0,2300,com.thundercomm.tcservice]
04-04 08:35:12.492 I/am_proc_bound( 1491): [0,2318,com.qualcomm.qti.qdma]
04-04 08:35:12.498 I/am_proc_start( 1491): [0,2378,10092,android.ext.services,service,{android.ext.services/android.ext.services.autofill.InlineSuggestionRenderServiceImpl}]
04-04 08:35:12.499 I/auditd ( 999): type=1400 audit(0.0:239): avc: denied { read write } for comm="sensors.qti" name="diag" dev="tmpfs" ino=2148 scontext=u:r:vendor_sensors_qti:s0 tcontext=u:object_r:vendor_diag_device:s0 tclass=chr_file permissive=0
04-04 08:35:12.505 I/am_proc_start( 1491): [0,2385,10064,com.thundercomm.gamemode.provider,content provider,{com.thundercomm.gamemode.provider/com.thundercomm.gamemode.provider.SettingsProvider}]
04-04 08:35:12.506 I/am_proc_bound( 1491): [0,2278,com.thundercomm.remotecontrolservice]
04-04 08:35:12.513 I/am_proc_bound( 1491): [0,2313,com.qualcomm.qti.devicestatisticsservice]
04-04 08:35:12.517 I/am_uid_active( 1491): 10062
04-04 08:35:12.531 I/am_proc_bound( 1491): [0,2378,android.ext.services]
04-04 08:35:12.533 I/am_uid_active( 1491): 10092
04-04 08:35:12.535 I/am_proc_bound( 1491): [0,2355,com.android.settings]
04-04 08:35:12.538 I/wm_restart_activity( 1491): [0,28752152,2,com.android.settings/.FallbackHome]
04-04 08:35:12.539 I/wm_set_resumed_activity( 1491): [0,com.android.settings/.FallbackHome,minimalResumeActivityLocked]
04-04 08:35:12.550 I/am_proc_bound( 1491): [0,2385,com.thundercomm.gamemode.provider]
04-04 08:35:12.552 I/am_uid_active( 1491): 10064
04-04 08:35:12.557 I/commit_sys_config_file( 1491): [settings-0-0,17]
04-04 08:35:12.618 I/am_uid_running( 1491): 10070
04-04 08:35:12.624 I/am_proc_start( 1491): [0,2490,10070,com.android.launcher3,service,{com.android.launcher3/com.android.quickstep.TouchInteractionService}]
04-04 08:35:12.626 I/am_uid_running( 1491): 10080
04-04 08:35:12.634 I/wm_on_create_called( 2355): [28752152,com.android.settings.FallbackHome,performCreate]
04-04 08:35:12.634 I/wm_on_start_called( 2355): [28752152,com.android.settings.FallbackHome,handleStartActivity]
04-04 08:35:12.635 I/wm_on_resume_called( 2355): [28752152,com.android.settings.FallbackHome,RESUME_ACTIVITY]
04-04 08:35:12.642 I/am_proc_start( 1491): [0,2506,10080,com.qualcomm.qti.qccauthmgr,content provider,{com.qualcomm.qti.qccauthmgr/com.qualcomm.qti.qccauthmgr.providers.SMQContentProvider}]
04-04 08:35:12.647 I/wm_on_top_resumed_gained_called( 2355): [28752152,com.android.settings.FallbackHome,topStateChangedWhenResumed]
04-04 08:35:12.649 D/TelephonyRegistry( 1491): listen oscl: mHasNotifySubscriptionInfoChangedOccurred==false no callback
04-04 08:35:12.653 I/input_focus( 1491): [Focus request ad95640 com.android.settings/com.android.settings.FallbackHome,reason=UpdateInputWindows]
04-04 08:35:12.656 I/notification_enqueue( 1491): [10078,1971,com.android.systemui,1,empty_media,0,Notification(channel=empty_media_style_id shortcut=null contentView=null vibrate=null sound=null defaults=0x0 flags=0x20 color=0x00000000 category=transport groupKey=empty_media actions=5 vis=PRIVATE),0]
04-04 08:35:12.658 I/notification_cancel_all( 1491): [1000,1491,com.android.systemui,0,0,0,20,NULL]
04-04 08:35:12.659 D/TelephonyRegistry( 1491): notifyCellLocationForSubscriber: subId=2147483647 cellIdentity=null
04-04 08:35:12.659 I/notification_enqueue( 1491): [1000,1491,android,32,NULL,-1,Notification(channel=USB shortcut=null contentView=null vibrate=null sound=null tick defaults=0x0 flags=0x2 color=0x00000000 vis=PUBLIC),0]
04-04 08:35:12.661 I/sysui_multi_action( 1971): [757,213,758,4,759,-1]
04-04 08:35:12.663 I/sysui_multi_action( 1491): [757,1501,758,1,793,79,794,0,795,79,796,1,797,empty_media,806,com.android.systemui,857,empty_media_style_id,858,4,946,empty_media,947,0,1500,0,1641,transport,1745,1043716538]
04-04 08:35:12.663 I/sysui_multi_action( 1491): [757,804,799,note_interruptive,801,0,802,1]
04-04 08:35:12.664 I/am_proc_bound( 1491): [0,2490,com.android.launcher3]
04-04 08:35:12.666 I/am_uid_active( 1491): 10070
04-04 08:35:12.681 I/am_proc_bound( 1491): [0,2506,com.qualcomm.qti.qccauthmgr]
04-04 08:35:12.683 I/am_uid_active( 1491): 10080
04-04 08:35:12.687 W/CarrierConfigManager( 1971): Error getting config for subId -1 ICarrierConfigLoader is null
04-04 08:35:12.690 I/boot_progress_enable_screen( 1491): 10261
04-04 08:35:12.691 I/screen_toggled( 1491): 1
04-04 08:35:12.696 D/TelephonyRegistry( 1491): listen oscl: mHasNotifySubscriptionInfoChangedOccurred==false no callback
04-04 08:35:12.699 I/auditd ( 999): type=1400 audit(0.0:240): avc: denied { read write } for comm="sensors.qti" name="diag" dev="tmpfs" ino=2148 scontext=u:r:vendor_sensors_qti:s0 tcontext=u:object_r:vendor_diag_device:s0 tclass=chr_file permissive=0
04-04 08:35:12.859 I/sysui_multi_action( 1491): [757,1501,758,1,793,259,794,0,795,259,796,32,806,android,857,USB,858,1,947,0,1500,0]
04-04 08:35:12.859 I/sysui_multi_action( 1491): [757,804,799,note_interruptive,801,0,802,1]
04-04 08:35:12.872 I/commit_sys_config_file( 1491): [settings-0-0,1]
04-04 08:35:12.899 I/auditd ( 999): type=1400 audit(0.0:241): avc: denied { read write } for comm="sensors.qti" name="diag" dev="tmpfs" ino=2148 scontext=u:r:vendor_sensors_qti:s0 tcontext=u:object_r:vendor_diag_device:s0 tclass=chr_file permissive=0
04-04 08:35:12.911 I/commit_sys_config_file( 1491): [notification-policy,1314]
04-04 08:35:13.099 I/auditd ( 999): type=1400 audit(0.0:242): avc: denied { read write } for comm="sensors.qti" name="diag" dev="tmpfs" ino=2148 scontext=u:r:vendor_sensors_qti:s0 tcontext=u:object_r:vendor_diag_device:s0 tclass=chr_file permissive=0
04-04 08:35:13.151 I/wm_boot_animation_done( 1491): 10722
04-04 08:35:13.181 I/notification_enqueue( 1491): [1000,1491,android,26,NULL,-1,Notification(channel=DEVELOPER_IMPORTANT shortcut=null contentView=null vibrate=null sound=null tick defaults=0x0 flags=0x2 color=0x00000000 vis=PUBLIC),0]
04-04 08:35:13.196 I/uc_finish_user_boot( 1491): 0
04-04 08:35:13.196 I/am_user_state_changed( 1491): [0,1]
04-04 08:35:13.197 I/uc_send_user_broadcast( 1491): [0,android.intent.action.LOCKED_BOOT_COMPLETED]
04-04 08:35:13.215 I/auditd ( 2609): type=1400 audit(0.0:243): avc: denied { ptrace } for comm="crash_dump64" scontext=u:r:crash_dump:s0 tcontext=u:r:init:s0 tclass=process permissive=0
04-04 08:35:13.299 I/auditd ( 999): type=1400 audit(0.0:244): avc: denied { read write } for comm="sensors.qti" name="diag" dev="tmpfs" ino=2148 scontext=u:r:vendor_sensors_qti:s0 tcontext=u:object_r:vendor_diag_device:s0 tclass=chr_file permissive=0
04-04 08:35:13.357 I/uc_finish_user_unlocking( 1491): 0
04-04 08:35:13.366 I/am_uid_running( 1491): 10076
04-04 08:35:13.375 I/am_proc_start( 1491): [0,2649,10076,com.qualcomm.location,broadcast,{com.qualcomm.location/com.qualcomm.location.LocationServiceReceiver}]
04-04 08:35:13.395 I/am_proc_bound( 1491): [0,2649,com.qualcomm.location]
04-04 08:35:13.401 I/am_uid_active( 1491): 10076
04-04 08:35:13.430 I/sysui_multi_action( 1491): [757,1501,758,1,793,249,794,0,795,249,796,26,806,android,857,DEVELOPER_IMPORTANT,858,4,947,0,1500,0]
04-04 08:35:13.430 I/sysui_multi_action( 1491): [757,804,799,note_interruptive,801,0,802,1]
04-04 08:35:13.495 I/am_user_state_changed( 1491): [0,2]
04-04 08:35:13.497 I/ssm_user_unlocking( 1491): 0
04-04 08:35:13.499 I/auditd ( 999): type=1400 audit(0.0:245): avc: denied { read write } for comm="sensors.qti" name="diag" dev="tmpfs" ino=2148 scontext=u:r:vendor_sensors_qti:s0 tcontext=u:object_r:vendor_diag_device:s0 tclass=chr_file permissive=0
04-04 08:35:13.598 I/uc_finish_user_unlocked( 1491): 0
04-04 08:35:13.598 I/am_user_state_changed( 1491): [0,3]
04-04 08:35:13.600 I/wm_task_created( 1491): [30,-1]
04-04 08:35:13.601 I/wm_task_created( 1491): [74,-1]
04-04 08:35:13.604 I/wm_task_created( 1491): [78,-1]
04-04 08:35:13.606 I/wm_task_created( 1491): [63,-1]
04-04 08:35:13.607 I/wm_task_created( 1491): [43,-1]
04-04 08:35:13.608 I/wm_task_created( 1491): [89,-1]
04-04 08:35:13.609 I/wm_task_created( 1491): [61,-1]
04-04 08:35:13.611 I/am_uid_running( 1491): 10084
04-04 08:35:13.612 I/am_uid_running( 1491): 10055
04-04 08:35:13.613 I/am_uid_running( 1491): 10058
04-04 08:35:13.614 I/am_uid_running( 1491): 10068
04-04 08:35:13.614 I/am_uid_running( 1491): 10085
04-04 08:35:13.616 I/am_uid_running( 1491): 10081
04-04 08:35:13.619 I/uc_send_user_broadcast( 1491): [0,android.intent.action.USER_UNLOCKED]
04-04 08:35:13.619 I/am_uid_running( 1491): 10091
04-04 08:35:13.620 I/am_proc_start( 1491): [0,2722,10084,com.hht.lebocast,added application,com.hht.lebocast]
04-04 08:35:13.620 I/uc_finish_user_unlocked_completed( 1491): 0
04-04 08:35:13.628 I/ssm_user_unlocked( 1491): 0
04-04 08:35:13.629 I/uc_send_user_broadcast( 1491): [0,android.intent.action.BOOT_COMPLETED]
04-04 08:35:13.636 I/wm_finish_activity( 1491): [0,28752152,2,com.android.settings/.FallbackHome,app-request]
04-04 08:35:13.638 I/wm_pause_activity( 1491): [0,28752152,com.android.settings/.FallbackHome,userLeaving=false,finish]
04-04 08:35:13.638 I/am_proc_start( 1491): [0,2723,10055,ts.car.uart,added application,ts.car.uart]
04-04 08:35:13.641 I/wm_on_top_resumed_lost_called( 2355): [28752152,com.android.settings.FallbackHome,topStateChangedWhenResumed]
04-04 08:35:13.641 I/sysui_multi_action( 1491): [757,1144,758,7,806,com.android.settings,871,com.android.settings.FallbackHome]
04-04 08:35:13.642 I/wm_on_paused_called( 2355): [28752152,com.android.settings.FallbackHome,performPause]
04-04 08:35:13.656 I/wm_task_created( 1491): [90,-1]
04-04 08:35:13.657 I/wm_task_moved( 1491): [90,1,2147483647]
04-04 08:35:13.658 I/wm_task_moved( 1491): [1,1,5]
04-04 08:35:13.658 I/wm_create_task( 1491): [0,90]
04-04 08:35:13.658 I/wm_create_activity( 1491): [0,146330618,90,com.android.launcher3/.uioverrides.QuickstepLauncher,android.intent.action.MAIN,NULL,NULL,268435712]
04-04 08:35:13.659 I/wm_task_moved( 1491): [1,1,5]
04-04 08:35:13.659 I/wm_task_moved( 1491): [90,1,2147483647]
04-04 08:35:13.659 I/wm_task_to_front( 1491): [0,90]
04-04 08:35:13.663 I/wm_restart_activity( 1491): [0,146330618,90,com.android.launcher3/.uioverrides.QuickstepLauncher]
04-04 08:35:13.664 I/wm_set_resumed_activity( 1491): [0,com.android.launcher3/.uioverrides.QuickstepLauncher,minimalResumeActivityLocked]
04-04 08:35:13.673 I/am_proc_bound( 1491): [0,2722,com.hht.lebocast]
04-04 08:35:13.675 I/am_uid_active( 1491): 10084
04-04 08:35:13.677 I/am_proc_start( 1491): [0,2743,1000,com.hryt.hiphishowfsecontrol,added application,com.hryt.hiphishowfsecontrol]
04-04 08:35:13.681 I/am_proc_bound( 1491): [0,2723,ts.car.uart]
04-04 08:35:13.691 I/am_uid_active( 1491): 10055
04-04 08:35:13.692 I/am_uid_running( 1491): 10074
04-04 08:35:13.694 I/am_proc_bound( 1491): [0,2743,com.hryt.hiphishowfsecontrol]
04-04 08:35:13.710 I/am_proc_start( 1491): [0,2779,10058,.pasr,added application,.pasr]
04-04 08:35:13.716 I/sysui_multi_action( 1491): [757,803,799,window_time_0,802,4]
04-04 08:35:13.718 I/am_proc_start( 1491): [0,2803,10068,com.qualcomm.qti.services.systemhelper:systemhelper_service,added application,com.qualcomm.qti.services.systemhelper:systemhelper_service]
04-04 08:35:13.723 I/am_uid_running( 1491): 10079
04-04 08:35:13.727 I/am_proc_start( 1491): [0,2809,10085,com.qualcomm.qti.qccnetstat,added application,com.qualcomm.qti.qccnetstat]
04-04 08:35:13.733 I/am_proc_bound( 1491): [0,2779,.pasr]
04-04 08:35:13.731 I/auditd ( 822): type=1400 audit(0.0:246): avc: denied { read } for comm="Loc_hal_worker" name="u:object_r:vendor_pd_locater_dbg_prop:s0" dev="tmpfs" ino=15635 scontext=u:r:vendor_hal_gnss_qti:s0 tcontext=u:object_r:vendor_pd_locater_dbg_prop:s0 tclass=file permissive=0
04-04 08:35:13.741 I/service_manager_slow( 2154): [12,phone]
04-04 08:35:13.753 I/am_uid_active( 1491): 10058
04-04 08:35:13.764 I/am_proc_start( 1491): [0,2834,10081,com.qualcomm.qti.workloadclassifier,added application,com.qualcomm.qti.workloadclassifier]
04-04 08:35:13.766 I/am_proc_bound( 1491): [0,2803,com.qualcomm.qti.services.systemhelper:systemhelper_service]
04-04 08:35:13.769 I/am_uid_active( 1491): 10068
04-04 08:35:13.770 I/am_proc_bound( 1491): [0,2809,com.qualcomm.qti.qccnetstat]
04-04 08:35:13.776 I/am_uid_active( 1491): 10085
04-04 08:35:13.779 I/am_proc_start( 1491): [0,2872,10091,com.android.providers.media.module,service,{com.android.providers.media.module/com.android.providers.media.fuse.ExternalStorageServiceImpl}]
04-04 08:35:13.782 I/am_wtf ( 1491): [0,1491,system_server,-1,ActivityManager,Sending non-protected broadcast android.location.HIGH_POWER_REQUEST_CHANGE from system 2649:com.qualcomm.location/u0a76 pkg com.qualcomm.location]
04-04 08:35:13.783 D/TelephonyRegistry( 1491): listen oscl: mHasNotifySubscriptionInfoChangedOccurred==false no callback
04-04 08:35:13.787 I/auditd ( 2871): type=1400 audit(0.0:247): avc: denied { read } for comm="ip" name="rt_tables" dev="dm-10" ino=333 scontext=u:r:ethernet:s0 tcontext=u:object_r:net_data_file:s0 tclass=file permissive=0
04-04 08:35:13.811 I/auditd ( 2900): type=1400 audit(0.0:248): avc: denied { read } for comm="ip" name="rt_tables" dev="dm-10" ino=333 scontext=u:r:ethernet:s0 tcontext=u:object_r:net_data_file:s0 tclass=file permissive=0
04-04 08:35:13.787 I/am_proc_start( 1491): [0,2884,10074,com.qualcomm.location.XT,service,{com.qualcomm.location.XT/com.qualcomm.location.XT.XTSrv}]
04-04 08:35:13.793 I/am_proc_bound( 1491): [0,2834,com.qualcomm.qti.workloadclassifier]
04-04 08:35:13.797 I/service_manager_slow( 1491): [15,dropbox]
04-04 08:35:13.803 I/am_uid_active( 1491): 10081
04-04 08:35:13.804 I/am_proc_start( 1491): [0,2899,10079,com.qualcomm.qtil.aptxui,broadcast,{com.qualcomm.qtil.aptxui/com.qualcomm.qtil.aptxui.aptxuiBootReceiver}]
04-04 08:35:13.812 I/am_uid_running( 1491): 10018
04-04 08:35:13.818 I/am_proc_bound( 1491): [0,2872,com.android.providers.media.module]
04-04 08:35:13.824 I/am_uid_active( 1491): 10091
04-04 08:35:13.826 I/am_proc_start( 1491): [0,2936,10018,android.process.media,broadcast,{com.android.mtp/com.android.mtp.MtpReceiver}]
04-04 08:35:13.833 I/am_proc_bound( 1491): [0,2884,com.qualcomm.location.XT]
04-04 08:35:13.837 I/am_uid_active( 1491): 10074
04-04 08:35:13.841 I/am_proc_bound( 1491): [0,2899,com.qualcomm.qtil.aptxui]
04-04 08:35:13.853 I/am_uid_active( 1491): 10079
04-04 08:35:13.866 I/am_proc_bound( 1491): [0,2936,android.process.media]
04-04 08:35:13.888 I/am_proc_start( 1491): [0,2977,1000,com.android.keychain,service,{com.android.keychain/com.android.keychain.KeyChainService}]
04-04 08:35:13.911 I/am_proc_bound( 1491): [0,2977,com.android.keychain]
04-04 08:35:13.931 I/am_uid_running( 1491): 10026
04-04 08:35:13.939 I/am_proc_start( 1491): [0,3016,10026,com.android.traceur,broadcast,{com.android.traceur/com.android.traceur.Receiver}]
04-04 08:35:13.953 I/am_proc_bound( 1491): [0,3016,com.android.traceur]
04-04 08:35:13.957 I/am_uid_active( 1491): 10026
04-04 08:35:13.979 I/wm_on_create_called( 2490): [146330618,com.android.launcher3.uioverrides.QuickstepLauncher,performCreate]
04-04 08:35:13.979 I/wm_on_start_called( 2490): [146330618,com.android.launcher3.uioverrides.QuickstepLauncher,handleStartActivity]
04-04 08:35:13.980 I/wm_on_resume_called( 2490): [146330618,com.android.launcher3.uioverrides.QuickstepLauncher,RESUME_ACTIVITY]
04-04 08:35:13.991 I/wm_on_top_resumed_gained_called( 2490): [146330618,com.android.launcher3.uioverrides.QuickstepLauncher,topStateChangedWhenResumed]
04-04 08:35:14.007 I/input_focus( 1491): [Focus request 61dc244 com.android.launcher3/com.android.launcher3.uioverrides.QuickstepLauncher,reason=UpdateInputWindows]
04-04 08:35:14.030 I/sf_stop_bootanim( 992): 11601
04-04 08:35:14.036 I/sysui_multi_action( 1491): [319,386,322,383,325,11,757,761,758,8,759,2,806,com.android.launcher3,871,com.android.launcher3.uioverrides.QuickstepLauncher,905,0,1320,8,1321,5]
04-04 08:35:14.037 I/wm_activity_launch_time( 1491): [0,146330618,com.android.launcher3/.uioverrides.QuickstepLauncher,383]
04-04 08:35:14.037 I/input_focus( 1491): [Focus entering 61dc244 com.android.launcher3/com.android.launcher3.uioverrides.QuickstepLauncher (server),reason=setFocusedWindow]
04-04 08:35:14.043 I/auditd ( 3058): type=1400 audit(0.0:249): avc: denied { read } for comm="ip" name="rt_tables" dev="dm-10" ino=333 scontext=u:r:ethernet:s0 tcontext=u:object_r:net_data_file:s0 tclass=file permissive=0
04-04 08:35:14.057 I/am_uid_running( 1491): 10067
04-04 08:35:14.063 I/wm_destroy_activity( 1491): [0,28752152,2,com.android.settings/.FallbackHome,finish-idle]
04-04 08:35:14.064 I/wm_on_stop_called( 2355): [28752152,com.android.settings.FallbackHome,LIFECYCLER_STOP_ACTIVITY]
04-04 08:35:14.063 I/auditd ( 3064): type=1400 audit(0.0:250): avc: denied { read } for comm="ip" name="rt_tables" dev="dm-10" ino=333 scontext=u:r:ethernet:s0 tcontext=u:object_r:net_data_file:s0 tclass=file permissive=0
04-04 08:35:14.070 I/wm_on_destroy_called( 2355): [28752152,com.android.settings.FallbackHome,performDestroy]
04-04 08:35:14.071 I/am_proc_start( 1491): [0,3069,10067,com.android.inputmethod.latin,service,{com.android.inputmethod.latin/com.android.inputmethod.latin.LatinIME}]
04-04 08:35:14.079 I/am_uid_running( 1491): 10095
04-04 08:35:14.089 I/am_proc_bound( 1491): [0,3069,com.android.inputmethod.latin]
04-04 08:35:14.093 I/am_uid_active( 1491): 10067
04-04 08:35:14.094 I/am_proc_start( 1491): [0,3088,10095,com.tencent.mobileqq:MSF,broadcast,{com.tencent.mobileqq/com.tencent.mobileqq.msf.core.NetConnInfoCenter}]
04-04 08:35:14.106 I/am_proc_bound( 1491): [0,3088,com.tencent.mobileqq:MSF]
04-04 08:35:14.108 I/am_uid_active( 1491): 10095
04-04 08:35:14.150 I/commit_sys_config_file( 1491): [input-subtypes,1]
04-04 08:35:14.172 I/am_uid_running( 1491): 10021
04-04 08:35:14.182 I/am_proc_start( 1491): [0,3118,10021,android.process.acore,content provider,{com.android.providers.userdictionary/com.android.providers.userdictionary.UserDictionaryProvider}]
04-04 08:35:14.184 I/am_meminfo( 1491): [952918016,4870754304,12288,304812032,608832512]
04-04 08:35:14.192 I/am_pss ( 1491): [2385,10064,com.thundercomm.gamemode.provider,8197120,5726208,0,94556160,2,5,5]
04-04 08:35:14.195 I/am_proc_bound( 1491): [0,3118,android.process.acore]
04-04 08:35:14.197 I/am_uid_active( 1491): 10021
04-04 08:35:14.199 I/am_pss ( 1491): [2378,10092,android.ext.services,9911296,4747264,0,101773312,2,5,5]
04-04 08:35:14.206 I/am_pss ( 1491): [2506,10080,com.qualcomm.qti.qccauthmgr,6733824,4190208,0,94355456,2,5,5]
04-04 08:35:14.212 I/am_pss ( 1491): [2313,10062,com.qualcomm.qti.devicestatisticsservice,5520384,3424256,0,88342528,2,0,5]
04-04 08:35:14.215 I/auditd ( 3140): type=1400 audit(0.0:251): avc: denied { read } for comm="ip" name="rt_tables" dev="dm-10" ino=333 scontext=u:r:ethernet:s0 tcontext=u:object_r:net_data_file:s0 tclass=file permissive=0
04-04 08:35:14.219 I/am_pss ( 1491): [2278,1000,com.thundercomm.remotecontrolservice,8914944,5849088,0,99012608,2,0,6]
04-04 08:35:14.219 I/auditd ( 3141): type=1400 audit(0.0:252): avc: denied { read } for comm="ip" name="rt_tables" dev="dm-10" ino=333 scontext=u:r:ethernet:s0 tcontext=u:object_r:net_data_file:s0 tclass=file permissive=0
04-04 08:35:14.225 I/am_pss ( 1491): [2318,1000,com.qualcomm.qti.qdma,11332608,7233536,0,106115072,2,0,6]
04-04 08:35:14.230 I/am_pss ( 1491): [2300,1000,com.thundercomm.tcservice,7989248,5660672,0,93773824,2,0,4]
04-04 08:35:14.236 I/am_pss ( 1491): [2267,1068,com.android.se,5995520,3846144,0,90210304,2,0,4]
04-04 08:35:14.241 I/am_pss ( 1491): [2251,10083,com.qti.qualcomm.mstatssystemservice,5632000,3559424,0,88645632,2,0,5]
04-04 08:35:14.246 I/am_pss ( 1491): [2234,1000,vendor.qti.qesdk.sysservice,5761024,3563520,0,90255360,2,0,5]
04-04 08:35:14.253 I/am_pss ( 1491): [2216,1000,com.thundercomm.tcsetupwizard,6927360,4874240,0,89976832,2,0,4]
04-04 08:35:14.259 I/am_pss ( 1491): [2213,1000,com.tc.logclient,6545408,4472832,0,89640960,2,0,4]
04-04 08:35:14.264 I/am_pss ( 1491): [2186,1000,com.thundercomm.tchttpserver,7348224,5296128,0,90394624,2,0,4]
04-04 08:35:14.270 I/am_pss ( 1491): [2164,10053,.qtidataservices,6153216,4030464,0,90116096,2,0,5]
04-04 08:35:14.276 I/am_pss ( 1491): [2154,1001,.dataservices,7421952,5218304,0,91475968,2,0,5]
04-04 08:35:14.282 I/am_pss ( 1491): [2145,1000,com.thundercomm.microsettings,29303808,24244224,0,118906880,2,0,5]
04-04 08:35:14.287 I/am_pss ( 1491): [2135,1000,com.thundercomm.microservice,8914944,6705152,0,93749248,2,0,5]
04-04 08:35:14.293 I/am_pss ( 1491): [2083,1000,com.thundercomm.gamemode,9116672,6877184,0,94224384,2,0,5]
04-04 08:35:14.299 I/am_pss ( 1491): [2043,1073,com.android.networkstack.process,11399168,8294400,0,102223872,2,0,5]
04-04 08:35:14.309 I/am_pss ( 1491): [1971,10078,com.android.systemui,160954368,139472896,0,310530048,2,0,8]
04-04 08:35:14.318 I/wm_task_removed( 1491): [2,cleanUpResourcesForDestroy]
04-04 08:35:14.318 I/wm_task_removed( 1491): [2,removeChild:removeChild last r=ActivityRecord{1b6b918 u0 com.android.settings/.FallbackHome t-1 f}} in t=Task{6590854 #2 type=home A=1000:com.android.settings.FallbackHome U=0 visible=false mode=fullscreen translucent=true sz=0}]
04-04 08:35:14.318 I/wm_task_removed( 1491): [2,removeChild]
04-04 08:35:14.326 I/am_pss ( 1491): [1491,1000,system,226115584,125476864,0,536977408,2,0,15]
04-04 08:35:14.355 I/auditd ( 3161): type=1400 audit(0.0:253): avc: denied { read } for comm="ip" name="rt_tables" dev="dm-10" ino=333 scontext=u:r:ethernet:s0 tcontext=u:object_r:net_data_file:s0 tclass=file permissive=0
04-04 08:35:15.038 I/am_proc_start( 1491): [0,3269,10095,com.tencent.mobileqq,content provider,{com.tencent.mobileqq/com.tencent.mqq.shared_file_accessor.ContentProviderImpl}]
04-04 08:35:15.055 I/am_proc_bound( 1491): [0,3269,com.tencent.mobileqq]
04-04 08:35:15.519 I/commit_sys_config_file( 1491): [jobs,6]
04-04 08:35:15.618 I/service_manager_stats( 1491): [740,290,5300]
04-04 08:35:15.625 I/am_crash( 1491): [2313,0,com.qualcomm.qti.devicestatisticsservice,814235213,java.lang.ClassNotFoundException,android.hidl.manager.V1_0.IServiceNotification$Stub,DeviceStatisticsService.java,83]
04-04 08:35:15.632 I/am_wtf ( 1491): [0,1491,system_server,-1,BootReceiver,open failed: ENOENT (No such file or directory)]
04-04 08:35:15.636 I/sysui_multi_action( 1491): [757,316,758,4,759,-1]
04-04 08:35:15.647 I/commit_sys_config_file( 1491): [log-files,3673]
04-04 08:35:15.650 I/am_uid_active( 1491): 10018
04-04 08:35:15.678 D/TelephonyRegistry( 1491): listen oscl: mHasNotifySubscriptionInfoChangedOccurred==false no callback
04-04 08:35:15.703 I/am_proc_start( 1491): [0,3370,1000,com.qti.diagservices,broadcast,{com.qti.diagservices/com.qti.diagservices.Diag_OnBoot}]
04-04 08:35:15.716 I/am_proc_died( 1491): [0,2313,com.qualcomm.qti.devicestatisticsservice,-800,0]
04-04 08:35:15.717 I/am_schedule_service_restart( 1491): [0,com.qualcomm.qti.devicestatisticsservice/.DeviceStatisticsService,0]
04-04 08:35:15.718 I/am_uid_stopped( 1491): 10062
04-04 08:35:15.718 I/am_uid_running( 1491): 10062
04-04 08:35:15.720 I/am_uid_active( 1491): 10062
04-04 08:35:15.728 I/am_proc_bound( 1491): [0,3370,com.qti.diagservices]
04-04 08:35:15.735 I/am_proc_start( 1491): [0,3386,10062,com.qualcomm.qti.devicestatisticsservice,restart,com.qualcomm.qti.devicestatisticsservice]
04-04 08:35:15.743 I/am_proc_bound( 1491): [0,3386,com.qualcomm.qti.devicestatisticsservice]
04-04 08:35:15.779 I/auditd ( 3370): type=1400 audit(0.0:279): avc: denied { read write } for comm="ti.diagservices" name="diag" dev="tmpfs" ino=2148 scontext=u:r:system_app:s0 tcontext=u:object_r:vendor_diag_device:s0 tclass=chr_file permissive=0
04-04 08:35:15.967 I/auditd ( 3088): type=1400 audit(0.0:280): avc: denied { read } for comm="Wtlogin_GetStWi" name="version" dev="proc" ino=4026532238 scontext=u:r:untrusted_app_27:s0:c512,c768 tcontext=u:object_r:proc_version:s0 tclass=file permissive=0 app=com.tencent.mobileqq
04-04 08:35:15.971 I/netstats_mobile_sample( 1491): [0,0,0,0,0,0,0,0,0,0,0,0,1680554115971]
04-04 08:35:15.971 I/netstats_wifi_sample( 1491): [0,0,0,0,0,0,0,0,0,0,0,0,1680554115971]
04-04 08:35:15.979 I/netstats_mobile_sample( 1491): [0,0,0,0,0,0,0,0,0,0,0,0,1680554115979]
04-04 08:35:15.979 I/netstats_wifi_sample( 1491): [0,0,0,0,0,0,0,0,0,0,0,0,1680554115979]
04-04 08:35:16.238 I/commit_sys_config_file( 1491): [notification-policy,4641]
04-04 08:35:16.657 I/am_proc_start( 1491): [0,3500,1000,com.android.dynsystem,broadcast,{com.android.dynsystem/com.android.dynsystem.BootCompletedReceiver}]
04-04 08:35:16.680 I/am_proc_bound( 1491): [0,3500,com.android.dynsystem]
04-04 08:35:16.692 I/sysui_multi_action( 1491): [757,1717,758,1,759,0]
04-04 08:35:16.693 I/sysui_multi_action( 1491): [757,1717,758,2,759,0]
04-04 08:35:16.693 I/sysui_multi_action( 1491): [757,1717,758,3,759,0]
04-04 08:35:16.745 I/am_proc_start( 1491): [0,3517,1000,com.android.localtransport,service,{com.android.localtransport/com.android.localtransport.LocalTransportService}]
04-04 08:35:16.746 I/backup_transport_lifecycle( 1491): [com.android.localtransport/.LocalTransportService,1]
04-04 08:35:16.758 I/am_proc_start( 1491): [0,3529,1000,com.android.dynsystem:dynsystem,service,{com.android.dynsystem/com.android.dynsystem.DynamicSystemInstallationService}]
04-04 08:35:16.763 I/am_proc_bound( 1491): [0,3517,com.android.localtransport]
04-04 08:35:16.768 I/am_uid_running( 1491): 10019
04-04 08:35:16.775 I/am_proc_start( 1491): [0,3544,10019,com.android.managedprovisioning,broadcast,{com.android.managedprovisioning/com.android.managedprovisioning.BootReminder}]
04-04 08:35:16.779 I/am_proc_bound( 1491): [0,3529,com.android.dynsystem:dynsystem]
04-04 08:35:16.790 I/am_proc_bound( 1491): [0,3544,com.android.managedprovisioning]
04-04 08:35:16.793 I/am_uid_active( 1491): 10019
04-04 08:35:16.794 I/backup_transport_connection( 1491): [com.android.localtransport/.LocalTransportService,1]
04-04 08:35:16.797 I/backup_transport_lifecycle( 1491): [com.android.localtransport/.LocalTransportService,0]
04-04 08:35:16.797 I/backup_transport_connection( 1491): [com.android.localtransport/.LocalTransportService,0]
04-04 08:35:16.800 I/sysui_multi_action( 1971): [757,803,799,note_peek,802,1]
04-04 08:35:16.802 I/sysui_multi_action( 1491): [757,127,758,1]
04-04 08:35:16.802 I/sysui_multi_action( 1491): [757,804,799,note_load,801,1,802,1]
04-04 08:35:16.802 I/sysui_heads_up_status( 1971): [-1|android|26|null|1000,1]
04-04 08:35:16.803 I/notification_panel_revealed( 1491): 1
04-04 08:35:16.902 I/am_uid_running( 1491): 10086
04-04 08:35:16.912 I/am_proc_start( 1491): [0,3568,10086,com.android.music,broadcast,{com.android.music/com.android.music.MediaPlaybackReceiver}]
04-04 08:35:16.941 I/am_proc_bound( 1491): [0,3568,com.android.music]
04-04 08:35:16.945 I/am_uid_active( 1491): 10086
04-04 08:35:17.022 I/am_uid_running( 1491): 10059
04-04 08:35:17.033 I/am_proc_start( 1491): [0,3585,10059,com.android.onetimeinitializer,broadcast,{com.android.onetimeinitializer/com.android.onetimeinitializer.OneTimeInitializerReceiver}]
04-04 08:35:17.056 I/am_proc_bound( 1491): [0,3585,com.android.onetimeinitializer]
04-04 08:35:17.060 I/am_uid_active( 1491): 10059
04-04 08:35:17.109 I/am_uid_running( 1491): 10029
04-04 08:35:17.120 I/am_proc_start( 1491): [0,3602,10029,com.android.packageinstaller,broadcast,{com.android.packageinstaller/com.android.packageinstaller.TemporaryFileManager}]
04-04 08:35:17.144 I/am_proc_bound( 1491): [0,3602,com.android.packageinstaller]
04-04 08:35:17.151 I/am_uid_active( 1491): 10029
04-04 08:35:17.254 I/am_uid_running( 1491): 10090
04-04 08:35:17.264 I/am_proc_start( 1491): [0,3619,10090,com.android.permissioncontroller,broadcast,{com.android.permissioncontroller/com.android.permissioncontroller.permission.service.LocationAccessCheck$SetupPeriodicBackgroundLocationAccessCheck}]
04-04 08:35:17.292 I/am_proc_bound( 1491): [0,3619,com.android.permissioncontroller]
04-04 08:35:17.297 I/am_uid_active( 1491): 10090
04-04 08:35:17.308 I/sysui_multi_action( 1491): [757,128,758,1,793,4126,794,0,795,4126,796,26,798,0,806,android,857,DEVELOPER_IMPORTANT,858,4,947,0,1395,2,1500,3877,1688,1]
04-04 08:35:17.308 I/sysui_multi_action( 1491): [757,804,799,note_freshness,801,4126,802,1]
04-04 08:35:17.308 I/notification_visibility( 1491): [-1|android|26|null|1000,1,4126,4126,0,0]
04-04 08:35:17.484 I/am_uid_running( 1491): 10030
04-04 08:35:17.498 I/am_proc_start( 1491): [0,3635,10030,com.android.providers.calendar,broadcast,{com.android.providers.calendar/com.android.providers.calendar.CalendarReceiver}]
04-04 08:35:17.522 I/am_proc_bound( 1491): [0,3635,com.android.providers.calendar]
04-04 08:35:17.526 I/am_uid_active( 1491): 10030
04-04 08:35:17.650 I/am_uid_running( 1491): 2000
04-04 08:35:17.661 I/am_proc_start( 1491): [0,3656,2000,com.android.shell,broadcast,{com.android.shell/com.android.shell.HeapDumpReceiver}]
04-04 08:35:17.684 I/am_proc_bound( 1491): [0,3656,com.android.shell]
04-04 08:35:17.688 I/am_uid_active( 1491): 2000
04-04 08:35:17.783 I/am_uid_running( 1491): 10073
04-04 08:35:17.794 I/am_proc_start( 1491): [0,3676,10073,com.qti.ltebc,broadcast,{com.qti.ltebc/com.qualcomm.ltebc.LTEBroadcastBootReceiver}]
04-04 08:35:17.814 I/am_proc_bound( 1491): [0,3676,com.qti.ltebc]
04-04 08:35:17.818 I/am_uid_active( 1491): 10073
04-04 08:35:18.039 I/auditd ( 3717): type=1400 audit(0.0:281): avc: denied { read } for comm="cat" name="address" dev="sysfs" ino=69107 scontext=u:r:platform_app:s0:c512,c768 tcontext=u:object_r:sysfs:s0 tclass=file permissive=0
04-04 08:35:18.300 I/am_uid_running( 1491): 10054
04-04 08:35:18.306 I/am_proc_start( 1491): [0,3726,10054,com.qualcomm.qti.qms.service.connectionsecurity,broadcast,{com.qualcomm.qti.qms.service.connectionsecurity/com.qualcomm.qti.qms.service.connectionsecurity.ConnSecBroadcastReceiver}]
04-04 08:35:18.332 I/am_proc_bound( 1491): [0,3726,com.qualcomm.qti.qms.service.connectionsecurity]
04-04 08:35:18.336 I/am_uid_active( 1491): 10054
04-04 08:35:18.355 I/am_proc_died( 1491): [0,3676,com.qti.ltebc,905,19]
04-04 08:35:18.355 I/am_uid_stopped( 1491): 10073
04-04 08:35:18.431 I/netstats_mobile_sample( 1491): [0,0,0,0,0,0,0,0,0,0,0,0,1680554118431]
04-04 08:35:18.431 I/netstats_wifi_sample( 1491): [0,0,0,0,0,0,0,0,0,0,0,0,1680554118431]
04-04 08:35:18.463 I/am_uid_running( 1491): 10027
04-04 08:35:18.471 I/am_proc_start( 1491): [0,3756,10027,com.android.externalstorage,broadcast,{com.android.externalstorage/com.android.externalstorage.MountReceiver}]
04-04 08:35:18.501 I/am_proc_bound( 1491): [0,3756,com.android.externalstorage]
04-04 08:35:18.506 I/netstats_mobile_sample( 1491): [0,0,0,0,0,0,0,0,0,0,0,0,1680554118506]
04-04 08:35:18.506 I/netstats_wifi_sample( 1491): [0,0,0,0,0,0,0,0,0,0,0,0,1680554118506]
04-04 08:35:18.519 I/netstats_mobile_sample( 1491): [0,0,0,0,0,0,0,0,0,0,0,0,1680554118519]
04-04 08:35:18.519 I/netstats_wifi_sample( 1491): [0,0,0,0,0,0,0,0,0,0,0,0,1680554118519]
04-04 08:35:18.531 I/netstats_mobile_sample( 1491): [0,0,0,0,0,0,0,0,0,0,0,0,1680554118531]
04-04 08:35:18.531 I/netstats_wifi_sample( 1491): [0,0,0,0,0,0,0,0,0,0,0,0,1680554118531]
04-04 08:35:18.544 I/netstats_mobile_sample( 1491): [0,0,0,0,0,0,0,0,0,0,0,0,1680554118544]
04-04 08:35:18.544 I/netstats_wifi_sample( 1491): [0,0,0,0,0,0,0,0,0,0,0,0,1680554118544]
04-04 08:35:18.591 I/am_uid_running( 1491): 10073
04-04 08:35:18.599 I/am_proc_start( 1491): [0,3784,10073,com.qti.ltebc,broadcast,{com.qti.ltebc/com.qualcomm.ltebc.LTEBroadcastReceiver}]
04-04 08:35:18.610 I/am_proc_bound( 1491): [0,3784,com.qti.ltebc]
04-04 08:35:18.612 I/am_uid_active( 1491): 10073
04-04 08:35:18.952 I/am_proc_died( 1491): [0,3784,com.qti.ltebc,0,11]
04-04 08:35:18.953 I/am_broadcast_discard_app( 1491): [0,17134423,android.intent.action.MEDIA_MOUNTED,2,ResolveInfo{3fb8f55 com.qti.ltebc/com.qualcomm.ltebc.LTEBroadcastReceiver m=0x208000}]
04-04 08:35:18.953 I/am_uid_stopped( 1491): 10073
04-04 08:35:18.975 I/am_uid_running( 1491): 10073
04-04 08:35:18.986 I/am_proc_start( 1491): [0,3811,10073,com.qti.ltebc,broadcast,{com.qti.ltebc/com.qualcomm.ltebc.LTEBroadcastReceiver}]
04-04 08:35:19.012 I/am_proc_bound( 1491): [0,3811,com.qti.ltebc]
04-04 08:35:19.015 I/am_uid_active( 1491): 10073
04-04 08:35:19.375 I/am_proc_died( 1491): [0,3811,com.qti.ltebc,0,11]
04-04 08:35:19.375 I/am_broadcast_discard_app( 1491): [0,135070299,android.intent.action.MEDIA_MOUNTED,2,ResolveInfo{d640228 com.qti.ltebc/com.qualcomm.ltebc.LTEBroadcastReceiver m=0x208000}]
04-04 08:35:19.376 I/am_uid_stopped( 1491): 10073
04-04 08:35:19.691 I/commit_sys_config_file( 1491): [notification-policy,8094]
04-04 08:35:20.526 I/commit_sys_config_file( 1491): [package-user-0,4]
04-04 08:35:20.527 I/commit_sys_config_file( 1491): [package,60]
04-04 08:35:21.974 I/commit_sys_config_file( 1491): [appops,14]
04-04 08:35:22.509 I/sysui_heads_up_status( 1971): [-1|android|26|null|1000,0]
04-04 08:35:22.605 I/service_manager_stats( 1491): [109,100,6986]
04-04 08:35:22.944 I/sysui_multi_action( 1491): [757,128,758,1,793,10343,794,0,795,10343,796,32,798,1,806,android,857,USB,858,1,947,0,1395,2,1500,10084,1688,1]
04-04 08:35:22.944 I/sysui_multi_action( 1491): [757,804,799,note_freshness,801,10343,802,1]
04-04 08:35:22.944 I/notification_visibility( 1491): [-1|android|32|null|1000,1,10343,10343,0,1]
04-04 08:35:22.946 I/sysui_multi_action( 1491): [757,128,758,2,793,9765,794,5639,795,9765,796,26,798,0,806,android,857,DEVELOPER_IMPORTANT,858,4,947,0,1395,2,1500,9516,1688,1]
04-04 08:35:22.954 I/notification_visibility( 1491): [-1|android|26|null|1000,0,9765,9765,0,0]
04-04 08:35:22.955 I/sysui_multi_action( 1491): [757,128,758,2,793,10355,794,12,795,10355,796,32,798,1,806,android,857,USB,858,1,947,0,1395,2,1500,10096,1688,1]
04-04 08:35:22.955 I/notification_visibility( 1491): [-1|android|32|null|1000,0,10355,10355,0,1]
04-04 08:35:22.956 I/sysui_multi_action( 1491): [757,127,758,2]
04-04 08:35:22.956 I/notification_panel_hidden( 1491):
04-04 08:35:23.287 I/am_uid_running( 1491): 10073
04-04 08:35:23.315 I/am_proc_start( 1491): [0,4054,10073,com.qti.ltebc,broadcast,{com.qti.ltebc/com.qualcomm.ltebc.LTEBroadcastAlarmReceiver}]
04-04 08:35:23.351 I/am_proc_bound( 1491): [0,4054,com.qti.ltebc]
04-04 08:35:23.359 I/am_uid_active( 1491): 10073
04-04 08:35:23.712 I/ntp_failure( 1491): [time.android.com/216.239.35.8,java.net.SocketTimeoutException: Poll timed out]
04-04 08:35:23.715 I/am_uid_running( 1491): 10056
04-04 08:35:23.735 I/am_proc_start( 1491): [0,4093,10056,com.qualcomm.qti.qms.service.trustzoneaccess,service,{com.qualcomm.qti.qms.service.trustzoneaccess/com.qualcomm.qti.qms.service.trustzoneaccess.TZAccessService}]
04-04 08:35:23.763 I/am_proc_bound( 1491): [0,4093,com.qualcomm.qti.qms.service.trustzoneaccess]
04-04 08:35:23.883 I/am_proc_died( 1491): [0,4054,com.qti.ltebc,905,19]
04-04 08:35:23.884 I/am_uid_stopped( 1491): 10073
04-04 08:35:23.894 I/am_pss ( 1491): [2490,10070,com.android.launcher3,83561472,74350592,0,205135872,0,2,8]
04-04 08:35:25.619 I/auditd ( 0): type=1400 audit(0.0:282): avc: denied { kill } for comm="swapper/1" capability=5 scontext=u:r:kernel:s0 tcontext=u:r:kernel:s0 tclass=capability permissive=0
04-04 08:35:26.619 I/auditd ( 0): type=1400 audit(0.0:283): avc: denied { kill } for comm="swapper/1" capability=5 scontext=u:r:kernel:s0 tcontext=u:r:kernel:s0 tclass=capability permissive=0
04-04 08:35:27.619 I/auditd ( 0): type=1400 audit(0.0:284): avc: denied { kill } for comm="swapper/1" capability=5 scontext=u:r:kernel:s0 tcontext=u:r:kernel:s0 tclass=capability permissive=0
04-04 08:35:28.094 I/commit_sys_config_file( 1491): [jobs,5]
04-04 08:35:28.619 I/auditd ( 0): type=1400 audit(0.0:285): avc: denied { kill } for comm="swapper/1" capability=5 scontext=u:r:kernel:s0 tcontext=u:r:kernel:s0 tclass=capability permissive=0
04-04 08:35:28.720 I/ntp_failure( 1491): [time.android.com/216.239.35.4,java.net.SocketTimeoutException: Poll timed out]
04-04 08:35:29.619 I/auditd ( 0): type=1400 audit(0.0:286): avc: denied { kill } for comm="swapper/1" capability=5 scontext=u:r:kernel:s0 tcontext=u:r:kernel:s0 tclass=capability permissive=0
04-04 08:35:32.619 I/auditd ( 0): type=1400 audit(0.0:287): avc: denied { kill } for comm="swapper/3" capability=5 scontext=u:r:kernel:s0 tcontext=u:r:kernel:s0 tclass=capability permissive=0
04-04 08:35:33.619 I/auditd ( 0): type=1400 audit(0.0:288): avc: denied { kill } for comm="swapper/3" capability=5 scontext=u:r:kernel:s0 tcontext=u:r:kernel:s0 tclass=capability permissive=0
04-04 08:35:33.729 I/ntp_failure( 1491): [time.android.com/216.239.35.12,java.net.SocketTimeoutException: Poll timed out]
04-04 08:35:33.952 I/am_pss ( 1491): [2490,10070,com.android.launcher3,83561472,74350592,0,205135872,0,2,14]
04-04 08:35:33.961 I/am_pss ( 1491): [2899,10079,com.qualcomm.qtil.aptxui,7358464,5808128,0,90828800,0,19,8]
04-04 08:35:33.968 I/am_pss ( 1491): [2884,10074,com.qualcomm.location.XT,6215680,4517888,0,92831744,0,6,6]
04-04 08:35:33.977 I/am_pss ( 1491): [2355,1000,com.android.settings,31112192,18022400,0,143769600,0,19,8]
04-04 08:35:34.097 I/am_pss ( 1491): [3016,10026,com.android.traceur,10109952,8450048,0,96354304,0,19,8]
04-04 08:35:34.109 I/am_pss ( 1491): [2378,10092,android.ext.services,6627328,4796416,0,94298112,0,5,8]
04-04 08:35:34.619 I/auditd ( 0): type=1400 audit(0.0:289): avc: denied { kill } for comm="swapper/3" capability=5 scontext=u:r:kernel:s0 tcontext=u:r:kernel:s0 tclass=capability permissive=0
04-04 08:35:35.405 I/am_pss ( 1491): [3069,10067,com.android.inputmethod.latin,13837312,10825728,0,112967680,0,7,9]
04-04 08:35:36.619 I/auditd ( 0): type=1400 audit(0.0:290): avc: denied { kill } for comm="swapper/1" capability=5 scontext=u:r:kernel:s0 tcontext=u:r:kernel:s0 tclass=capability permissive=0
04-04 08:35:36.774 I/am_pss ( 1491): [2977,1000,com.android.keychain,8061952,6451200,0,93159424,0,19,11]
04-04 08:35:36.785 I/am_pss ( 1491): [3500,1000,com.android.dynsystem,5342208,3710976,0,89739264,0,19,9]
04-04 08:35:36.793 I/am_pss ( 1491): [3370,1000,com.qti.diagservices,5852160,3837952,0,94773248,0,10,7]
04-04 08:35:36.913 I/am_pss ( 1491): [3529,1000,com.android.dynsystem:dynsystem,5599232,3858432,0,90673152,0,19,8]
04-04 08:35:36.924 I/am_pss ( 1491): [3517,1000,com.android.localtransport,5359616,3756032,0,90636288,0,19,9]
04-04 08:35:36.932 I/am_pss ( 1491): [3544,10019,com.android.managedprovisioning,8639488,7049216,0,93544448,0,19,8]
04-04 08:35:37.035 I/am_pss ( 1491): [3568,10086,com.android.music,7378944,5242880,0,93687808,0,19,9]
04-04 08:35:37.122 I/am_pss ( 1491): [3585,10059,com.android.onetimeinitializer,5058560,3489792,0,89464832,0,19,9]
11-11 00:00:54.008 I/am_wtf ( 1491): [0,1491,system_server,-1,LazyAlarmStore,Removed TIME_TICK alarm]
11-11 00:00:54.019 I/am_uid_running( 1491): 10052
11-11 00:00:54.039 I/am_pss ( 1491): [3619,10090,com.android.permissioncontroller,11653120,9994240,0,97480704,0,19,5]
11-11 00:00:54.045 I/am_pss ( 1491): [3602,10029,com.android.packageinstaller,7035904,5537792,0,90279936,0,19,4]
11-11 00:00:54.045 I/am_proc_start( 1491): [0,4320,10052,com.qualcomm.timeservice,broadcast,{com.qualcomm.timeservice/com.qualcomm.timeservice.TimeServiceBroadcastReceiver}]
11-11 00:00:54.064 I/am_proc_bound( 1491): [0,4320,com.qualcomm.timeservice]
11-11 00:00:54.069 I/am_uid_active( 1491): 10052
11-11 00:00:54.134 I/netstats_mobile_sample( 1491): [0,0,0,0,0,0,0,0,0,0,0,0,1668081654134]
11-11 00:00:54.134 I/netstats_wifi_sample( 1491): [434762,1086,356201,962,434762,1086,356201,962,736100,2090,262133,701,1668081654134]
11-11 00:00:54.234 I/commit_sys_config_file( 1491): [settings-0-0,6]
11-11 00:00:54.281 I/commit_sys_config_file( 1491): [notification-policy,26008]
11-11 00:00:54.295 I/auditd ( 0): type=1400 audit(0.0:291): avc: denied { kill } for comm="swapper/1" capability=5 scontext=u:r:kernel:s0 tcontext=u:r:kernel:s0 tclass=capability permissive=0
11-11 00:00:54.438 I/am_pss ( 1491): [3656,2000,com.android.shell,5877760,4284416,0,91422720,0,19,8]
11-11 00:00:55.107 I/am_pss ( 1491): [3726,10054,com.qualcomm.qti.qms.service.connectionsecurity,18806784,4341760,0,77709312,0,19,9]
11-11 00:00:55.295 I/auditd ( 0): type=1400 audit(0.0:292): avc: denied { kill } for comm="swapper/1" capability=5 scontext=u:r:kernel:s0 tcontext=u:r:kernel:s0 tclass=capability permissive=0
11-11 00:00:56.295 I/auditd ( 0): type=1400 audit(0.0:293): avc: denied { kill } for comm="swapper/1" capability=5 scontext=u:r:kernel:s0 tcontext=u:r:kernel:s0 tclass=capability permissive=0
11-11 00:00:57.127 I/auditd ( 3269): type=1400 audit(0.0:294): avc: granted { execute } for comm="Automator_1" path="/data/user/0/com.tencent.mobileqq/txlib/libkernel.so" dev="dm-10" ino=10518 scontext=u:r:untrusted_app_27:s0:c512,c768 tcontext=u:object_r:app_data_file:s0:c512,c768 tclass=file app=com.tencent.mobileqq
11-11 00:00:58.083 I/auditd ( 3269): type=1400 audit(0.0:295): avc: granted { execute } for comm="Automator_1" path="/data/user/0/com.tencent.mobileqq/txlib/libpng-arm64-v8a.so" dev="dm-10" ino=9629 scontext=u:r:untrusted_app_27:s0:c512,c768 tcontext=u:object_r:app_data_file:s0:c512,c768 tclass=file app=com.tencent.mobileqq
11-11 00:00:58.111 I/auditd ( 3269): type=1400 audit(0.0:296): avc: granted { execute } for comm="Automator_1" path="/data/user/0/com.tencent.mobileqq/txlib/libark-1fcd76.so" dev="dm-10" ino=9630 scontext=u:r:untrusted_app_27:s0:c512,c768 tcontext=u:object_r:app_data_file:s0:c512,c768 tclass=file app=com.tencent.mobileqq
11-11 00:00:58.803 I/auditd ( 3269): type=1400 audit(0.0:297): avc: granted { execute } for comm="QQ_SUB" path="/data/user/0/com.tencent.mobileqq/files/qqso/.download/449F12E97C2A2AEBDD8E41E14F41F40E/libTcHevcDec.so" dev="dm-10" ino=13083 scontext=u:r:untrusted_app_27:s0:c512,c768 tcontext=u:object_r:app_data_file:s0:c512,c768 tclass=file app=com.tencent.mobileqq
11-11 00:00:58.859 I/auditd ( 3269): type=1400 audit(0.0:298): avc: granted { nlmsg_readpriv } for comm="ServletForward" scontext=u:r:untrusted_app_27:s0:c512,c768 tcontext=u:r:untrusted_app_27:s0:c512,c768 tclass=netlink_route_socket app=com.tencent.mobileqq
11-11 00:00:59.295 I/auditd ( 0): type=1400 audit(0.0:299): avc: denied { kill } for comm="swapper/5" capability=5 scontext=u:r:kernel:s0 tcontext=u:r:kernel:s0 tclass=capability permissive=0
11-11 00:01:00.295 I/auditd ( 0): type=1400 audit(0.0:300): avc: denied { kill } for comm="swapper/5" capability=5 scontext=u:r:kernel:s0 tcontext=u:r:kernel:s0 tclass=capability permissive=0
11-11 00:01:01.295 I/auditd ( 336): type=1400 audit(0.0:301): avc: denied { kill } for comm="kworker/u16:11" capability=5 scontext=u:r:kernel:s0 tcontext=u:r:kernel:s0 tclass=capability permissive=0
11-11 00:01:02.295 I/auditd ( 0): type=1400 audit(0.0:302): avc: denied { kill } for comm="swapper/2" capability=5 scontext=u:r:kernel:s0 tcontext=u:r:kernel:s0 tclass=capability permissive=0
11-11 00:01:02.452 I/am_pss ( 1491): [2872,10091,com.android.providers.media.module,17374208,14090240,0,118308864,0,0,8]
11-11 00:01:02.461 I/am_pss ( 1491): [2649,10076,com.qualcomm.location,10140672,7782400,0,102256640,0,0,7]
11-11 00:01:02.468 I/am_pss ( 1491): [2154,1001,.dataservices,8400896,6643712,0,94912512,0,0,6]
11-11 00:01:02.475 I/am_pss ( 1491): [2043,1073,com.android.networkstack.process,15565824,13217792,0,109518848,0,0,6]
11-11 00:01:02.487 I/am_pss ( 1491): [1971,10078,com.android.systemui,171319296,149970944,0,323489792,0,0,11]
11-11 00:01:02.505 I/am_pss ( 1491): [1491,1000,system,204755968,109019136,0,516153344,0,0,17]
11-11 00:01:02.803 I/auditd ( 3269): type=1400 audit(0.0:303): avc: denied { read } for comm="Automator_1" name="version" dev="proc" ino=4026532238 scontext=u:r:untrusted_app_27:s0:c512,c768 tcontext=u:object_r:proc_version:s0 tclass=file permissive=0 app=com.tencent.mobileqq
11-11 00:01:03.295 I/auditd ( 0): type=1400 audit(0.0:304): avc: denied { kill } for comm="swapper/2" capability=5 scontext=u:r:kernel:s0 tcontext=u:r:kernel:s0 tclass=capability permissive=0
11-11 00:01:04.295 I/auditd ( 0): type=1400 audit(0.0:305): avc: denied { kill } for comm="swapper/2" capability=5 scontext=u:r:kernel:s0 tcontext=u:r:kernel:s0 tclass=capability permissive=0
11-11 00:01:05.295 I/auditd ( 0): type=1400 audit(0.0:306): avc: denied { kill } for comm="swapper/2" capability=5 scontext=u:r:kernel:s0 tcontext=u:r:kernel:s0 tclass=capability permissive=0
