11-11 01:18:51.181 I/input_interaction( 1491): Interaction with: edge-swipe (server), swipe-up (server), PointerEventDispatcher0 (server),
11-11 01:18:51.195 I/input_focus( 1491): [Focus entering 61dc244 com.android.launcher3/com.android.launcher3.uioverrides.QuickstepLauncher (server),reason=setFocusedWindow]
11-11 01:18:51.295 I/auditd ( 0): type=1400 audit(0.0:5275): avc: denied { kill } for comm="swapper/3" capability=5 scontext=u:r:kernel:s0 tcontext=u:r:kernel:s0 tclass=capability permissive=0
11-11 01:18:51.431 I/wm_destroy_activity( 1491): [0,95018607,102,com.thundercomm.screensaver/android.service.dreams.DreamActivity,finish-imm:idle]
11-11 01:18:51.448 I/wm_on_stop_called( 5521): [95018607,android.service.dreams.DreamActivity,LIFECYCLER_STOP_ACTIVITY]
11-11 01:18:51.450 I/wm_on_destroy_called( 5521): [95018607,android.service.dreams.DreamActivity,performDestroy]
11-11 01:18:51.451 I/sysui_multi_action( 1491): [757,222,758,2]
11-11 01:18:51.451 I/sysui_multi_action( 1491): [757,804,799,dreaming_minutes,801,0,802,1]
11-11 01:18:51.458 I/wm_task_removed( 1491): [102,removeChild:removeChild last r=ActivityRecord{5a9de6f u0 com.thundercomm.screensaver/android.service.dreams.DreamActivity t-1 f}} in t=Task{d9342bd #102 type=dream A=10051:android:com.thundercomm.screensaver/dream U=0 visible=false mode=fullscreen translucent=true sz=0}]
11-11 01:18:51.458 I/wm_task_removed( 1491): [102,removeChild]
11-11 01:18:52.299 I/auditd ( 0): type=1400 audit(0.0:5276): avc: denied { kill } for comm="swapper/3" capability=5 scontext=u:r:kernel:s0 tcontext=u:r:kernel:s0 tclass=capability permissive=0
11-11 01:18:52.357 I/input_interaction( 1491): Interaction with: 892079 StatusBar (server), edge-swipe (server), swipe-up (server), PointerEventDispatcher0 (server),
11-11 01:18:52.362 I/sysui_multi_action( 1971): [757,803,799,panel_open,802,1]
11-11 01:18:52.363 I/sysui_multi_action( 1971): [757,1328,758,4,1326,39,1327,0,1329,0]
11-11 01:18:52.416 I/sysui_multi_action( 1491): [757,127,758,1]
11-11 01:18:52.416 I/sysui_multi_action( 1491): [757,804,799,note_load,801,2,802,1]
11-11 01:18:52.416 I/notification_panel_revealed( 1491): 2
11-11 01:18:52.425 I/input_focus( 1491): [Focus request 4ae03d4 NotificationShade,reason=UpdateInputWindows]
11-11 01:18:52.433 I/sysui_multi_action( 1491): [757,128,758,1,793,417121140,794,0,795,417121140,796,26,798,0,806,android,857,DEVELOPER_IMPORTANT,858,4,947,0,1395,2,1500,417120891,1688,1]
11-11 01:18:52.434 I/sysui_multi_action( 1491): [757,804,799,note_freshness,801,417121140,802,1]
11-11 01:18:52.434 I/notification_visibility( 1491): [-1|android|26|null|1000,1,417121140,417121140,0,0]
11-11 01:18:52.434 I/sysui_multi_action( 1491): [757,128,758,1,793,417121722,794,0,795,417121722,796,32,798,1,806,android,857,USB,858,1,947,0,1395,2,1500,417121463,1688,1]
11-11 01:18:52.434 I/sysui_multi_action( 1491): [757,804,799,note_freshness,801,417121722,802,1]
11-11 01:18:52.434 I/notification_visibility( 1491): [-1|android|32|null|1000,1,417121722,417121722,0,1]
11-11 01:18:52.447 I/input_focus( 1491): [Focus leaving 61dc244 com.android.launcher3/com.android.launcher3.uioverrides.QuickstepLauncher (server),reason=setFocusedWindow]
11-11 01:18:52.448 I/input_focus( 1491): [Focus entering 4ae03d4 NotificationShade (server),reason=setFocusedWindow]
11-11 01:18:52.496 I/sysui_multi_action( 1971): [757,111,758,1]
11-11 01:18:52.497 I/sysui_multi_action( 1971): [757,126,758,1,759,126,927,0,928,1,1593,1]
11-11 01:18:52.497 I/sysui_multi_action( 1971): [757,113,758,1,759,113,927,1,928,0,1593,1]
11-11 01:18:52.497 I/sysui_multi_action( 1971): [757,0,758,1,759,0,927,2,928,0,1593,1]
11-11 01:18:52.497 I/sysui_multi_action( 1971): [757,0,758,1,759,0,927,3,928,0,1593,1]
11-11 01:18:52.498 I/sysui_multi_action( 1971): [757,491,758,1,759,491,927,4,928,0,1311,-1,1593,1]
11-11 01:18:52.498 I/sysui_multi_action( 1971): [757,0,758,1,759,0,927,5,928,0,1593,1]
11-11 01:18:52.498 I/sysui_multi_action( 1971): [757,111,758,1]
11-11 01:18:52.498 I/sysui_multi_action( 1971): [757,126,758,1,759,126,927,0,928,1,1593,1]
11-11 01:18:52.498 I/sysui_multi_action( 1971): [757,113,758,1,759,113,927,1,928,0,1593,1]
11-11 01:18:52.498 I/sysui_multi_action( 1971): [757,0,758,1,759,0,927,2,928,0,1593,1]
11-11 01:18:52.498 I/sysui_multi_action( 1971): [757,0,758,1,759,0,927,3,928,0,1593,1]
11-11 01:18:53.295 I/auditd ( 0): type=1400 audit(0.0:5277): avc: denied { kill } for comm="swapper/3" capability=5 scontext=u:r:kernel:s0 tcontext=u:r:kernel:s0 tclass=capability permissive=0
11-11 01:18:54.295 I/auditd ( 0): type=1400 audit(0.0:5278): avc: denied { kill } for comm="swapper/3" capability=5 scontext=u:r:kernel:s0 tcontext=u:r:kernel:s0 tclass=capability permissive=0
11-11 01:18:55.070 I/input_interaction( 1491): Interaction with: 4ae03d4 NotificationShade (server), edge-swipe (server), swipe-up (server), PointerEventDispatcher0 (server),
11-11 01:18:55.590 I/sysui_multi_action( 1971): [757,111,758,2]
11-11 01:18:55.591 I/sysui_multi_action( 1971): [757,111,758,2]
11-11 01:18:55.808 I/input_focus( 1491): [Focus request 61dc244 com.android.launcher3/com.android.launcher3.uioverrides.QuickstepLauncher,reason=UpdateInputWindows]
11-11 01:18:55.813 I/sysui_multi_action( 1491): [757,128,758,2,793,417124520,794,3380,795,417124520,796,26,798,0,806,android,857,DEVELOPER_IMPORTANT,858,4,947,0,1395,2,1500,417124271,1688,1]
11-11 01:18:55.814 I/notification_visibility( 1491): [-1|android|26|null|1000,0,417124520,417124520,0,0]
11-11 01:18:55.815 I/sysui_multi_action( 1491): [757,128,758,2,793,417125103,794,3381,795,417125103,796,32,798,1,806,android,857,USB,858,1,947,0,1395,2,1500,417124844,1688,1]
11-11 01:18:55.816 I/notification_visibility( 1491): [-1|android|32|null|1000,0,417125103,417125103,0,1]
11-11 01:18:55.817 I/sysui_multi_action( 1491): [757,127,758,2]
11-11 01:18:55.817 I/notification_panel_hidden( 1491):
11-11 01:18:55.839 I/input_focus( 1491): [Focus leaving 4ae03d4 NotificationShade (server),reason=NO_WINDOW]
11-11 01:18:55.839 I/input_focus( 1491): [Focus entering 61dc244 com.android.launcher3/com.android.launcher3.uioverrides.QuickstepLauncher (server),reason=setFocusedWindow]
11-11 01:18:56.295 I/auditd ( 0): type=1400 audit(0.0:5279): avc: denied { kill } for comm="swapper/3" capability=5 scontext=u:r:kernel:s0 tcontext=u:r:kernel:s0 tclass=capability permissive=0
11-11 01:18:57.092 I/input_interaction( 1491): Interaction with: 61dc244 com.android.launcher3/com.android.launcher3.uioverrides.QuickstepLauncher (server), c2fbbf0 com.android.systemui.ImageWallpaper (server), edge-swipe (server), swipe-up (server), PointerEventDispatcher0 (server),
11-11 01:18:57.245 I/wm_task_created( 1491): [103,-1]
11-11 01:18:57.248 I/wm_task_moved( 1491): [103,1,6]
11-11 01:18:57.248 I/wm_task_to_front( 1491): [0,103]
11-11 01:18:57.248 I/wm_create_task( 1491): [0,103]
11-11 01:18:57.248 I/wm_create_activity( 1491): [0,33114549,103,com.android.music/.MusicBrowserActivity,android.intent.action.MAIN,NULL,NULL,270532608]
11-11 01:18:57.248 I/wm_task_moved( 1491): [103,1,6]
11-11 01:18:57.249 I/wm_pause_activity( 1491): [0,146330618,com.android.launcher3/.uioverrides.QuickstepLauncher,userLeaving=true,pauseBackTasks]
11-11 01:18:57.252 I/wm_on_top_resumed_lost_called( 2490): [146330618,com.android.launcher3.uioverrides.QuickstepLauncher,topStateChangedWhenResumed]
11-11 01:18:57.253 I/am_uid_running( 1491): 10086
11-11 01:18:57.253 I/wm_on_paused_called( 2490): [146330618,com.android.launcher3.uioverrides.QuickstepLauncher,performPause]
11-11 01:18:57.254 I/wm_add_to_stopping( 1491): [0,146330618,com.android.launcher3/.uioverrides.QuickstepLauncher,makeInvisible]
11-11 01:18:57.257 I/sysui_multi_action( 1491): [757,803,799,window_time_0,802,6]
11-11 01:18:57.261 I/am_proc_start( 1491): [0,6893,10086,com.android.music,pre-top-activity,{com.android.music/com.android.music.MusicBrowserActivity}]
11-11 01:18:57.274 I/am_proc_bound( 1491): [0,6893,com.android.music]
11-11 01:18:57.275 I/input_focus( 1491): [Focus leaving 61dc244 com.android.launcher3/com.android.launcher3.uioverrides.QuickstepLauncher (server),reason=NO_WINDOW]
11-11 01:18:57.276 I/wm_restart_activity( 1491): [0,33114549,103,com.android.music/.MusicBrowserActivity]
11-11 01:18:57.276 I/wm_set_resumed_activity( 1491): [0,com.android.music/.MusicBrowserActivity,minimalResumeActivityLocked]
11-11 01:18:57.277 I/am_uid_active( 1491): 10086
11-11 01:18:57.295 I/auditd ( 0): type=1400 audit(0.0:5280): avc: denied { kill } for comm="swapper/3" capability=5 scontext=u:r:kernel:s0 tcontext=u:r:kernel:s0 tclass=capability permissive=0
11-11 01:18:57.312 I/wm_on_create_called( 6893): [33114549,com.android.music.MusicBrowserActivity,performCreate]
11-11 01:18:57.320 I/wm_on_start_called( 6893): [33114549,com.android.music.MusicBrowserActivity,handleStartActivity]
11-11 01:18:57.320 I/wm_on_resume_called( 6893): [33114549,com.android.music.MusicBrowserActivity,RESUME_ACTIVITY]
11-11 01:18:57.325 I/wm_on_top_resumed_gained_called( 6893): [33114549,com.android.music.MusicBrowserActivity,topStateChangedWhenResumed]
11-11 01:18:57.354 I/am_uid_running( 1491): 10032
11-11 01:18:57.359 I/am_proc_start( 1491): [0,6934,10032,com.android.musicfx,broadcast,{com.android.musicfx/com.android.musicfx.ControlPanelReceiver}]
11-11 01:18:57.368 I/am_proc_bound( 1491): [0,6934,com.android.musicfx]
11-11 01:18:57.372 I/sysui_multi_action( 1491): [757,856,758,1,806,com.android.music,857,Channel-music,858,2]
11-11 01:18:57.384 I/notification_enqueue( 1491): [10086,6893,com.android.music,1,NULL,0,Notification(channel=Channel-music shortcut=null contentView=null vibrate=null sound=null defaults=0x0 flags=0x0 color=0x00000000 category=transport actions=5 vis=PRIVATE),0]
11-11 01:18:57.386 I/notification_enqueue( 1491): [10086,6893,com.android.music,1,NULL,0,Notification(channel=Channel-music shortcut=null contentView=null vibrate=null sound=null defaults=0x0 flags=0x40 color=0x00000000 category=transport actions=5 vis=PRIVATE),0]
11-11 01:18:57.396 I/notification_enqueue( 1491): [10086,6893,com.android.music,1,NULL,0,Notification(channel=Channel-music shortcut=null contentView=null vibrate=null sound=null defaults=0x0 flags=0x40 color=0x00000000 category=transport actions=5 vis=PRIVATE),0]
11-11 01:18:57.397 I/notification_enqueue( 1491): [10086,6893,com.android.music,1,NULL,0,Notification(channel=Channel-music shortcut=null contentView=null vibrate=null sound=null defaults=0x0 flags=0x40 color=0x00000000 category=transport actions=5 vis=PRIVATE),0]
11-11 01:18:57.410 I/notification_enqueue( 1491): [10086,6893,com.android.music,1,NULL,0,Notification(channel=Channel-music shortcut=null contentView=null vibrate=null sound=null defaults=0x0 flags=0x40 color=0x00000000 category=transport actions=5 vis=PRIVATE),0]
11-11 01:18:57.410 I/notification_enqueue( 1491): [10086,6893,com.android.music,1,NULL,0,Notification(channel=Channel-music shortcut=null contentView=null vibrate=null sound=null defaults=0x0 flags=0x40 color=0x00000000 category=transport actions=5 vis=PRIVATE),0]
11-11 01:18:57.414 I/input_focus( 1491): [Focus request 73ec57 com.android.music/com.android.music.MusicBrowserActivity,reason=UpdateInputWindows]
11-11 01:18:57.437 I/sysui_multi_action( 1491): [319,28,321,26,322,196,325,4718,757,761,758,7,759,1,806,com.android.music,871,com.android.music.MusicBrowserActivity,904,com.android.launcher3,905,0,945,36,1320,4,1321,1]
11-11 01:18:57.438 I/wm_activity_launch_time( 1491): [0,33114549,com.android.music/.MusicBrowserActivity,196]
11-11 01:18:57.442 I/input_focus( 1491): [Focus entering 73ec57 com.android.music/com.android.music.MusicBrowserActivity (server),reason=setFocusedWindow]
11-11 01:18:57.585 I/sysui_multi_action( 1491): [757,1501,758,1,793,201,794,0,795,201,796,1,806,com.android.music,857,Channel-music,858,2,947,0,1500,0,1641,transport,1688,1,1745,1043716538]
11-11 01:18:57.585 I/sysui_multi_action( 1491): [757,804,799,note_interruptive,801,0,802,1]
11-11 01:18:57.594 I/sysui_multi_action( 1491): [757,128,758,5,759,8,793,417126898,794,0,795,417126898,796,1,797,empty_media,806,com.android.systemui,857,empty_media_style_id,858,4,946,empty_media,947,0,1500,417126819,1641,transport,1688,1,1745,1043716538]
11-11 01:18:57.594 I/notification_canceled( 1491): [0|com.android.systemui|1|empty_media|10078,8,417126898,417126898,0,-1,-1,NULL]
11-11 01:18:57.625 I/commit_sys_config_file( 1491): [notification-policy,4709352]
11-11 01:18:57.793 I/wm_stop_activity( 1491): [0,146330618,com.android.launcher3/.uioverrides.QuickstepLauncher]
11-11 01:18:57.810 I/wm_on_stop_called( 2490): [146330618,com.android.launcher3.uioverrides.QuickstepLauncher,STOP_ACTIVITY_ITEM]
11-11 01:18:58.295 I/auditd ( 0): type=1400 audit(0.0:5281): avc: denied { kill } for comm="swapper/3" capability=5 scontext=u:r:kernel:s0 tcontext=u:r:kernel:s0 tclass=capability permissive=0
11-11 01:18:58.471 I/input_interaction( 1491): Interaction with: 73ec57 com.android.music/com.android.music.MusicBrowserActivity (server), edge-swipe (server), swipe-up (server), PointerEventDispatcher0 (server),
11-11 01:18:59.295 I/auditd ( 0): type=1400 audit(0.0:5282): avc: denied { kill } for comm="swapper/3" capability=5 scontext=u:r:kernel:s0 tcontext=u:r:kernel:s0 tclass=capability permissive=0
11-11 01:18:59.868 I/notification_enqueue( 1491): [10086,6893,com.android.music,1,NULL,0,Notification(channel=Channel-music shortcut=null contentView=null vibrate=null sound=null defaults=0x0 flags=0x42 color=0x00000000 category=transport actions=5 vis=PRIVATE),1]
11-11 01:19:00.295 I/auditd ( 0): type=1400 audit(0.0:5283): avc: denied { kill } for comm="swapper/6" capability=5 scontext=u:r:kernel:s0 tcontext=u:r:kernel:s0 tclass=capability permissive=0
11-11 01:19:01.295 I/auditd ( 0): type=1400 audit(0.0:5284): avc: denied { kill } for comm="swapper/6" capability=5 scontext=u:r:kernel:s0 tcontext=u:r:kernel:s0 tclass=capability permissive=0
11-11 01:19:02.295 I/auditd ( 0): type=1400 audit(0.0:5285): avc: denied { kill } for comm="swapper/6" capability=5 scontext=u:r:kernel:s0 tcontext=u:r:kernel:s0 tclass=capability permissive=0
11-11 01:19:03.295 I/auditd ( 0): type=1400 audit(0.0:5286): avc: denied { kill } for comm="swapper/6" capability=5 scontext=u:r:kernel:s0 tcontext=u:r:kernel:s0 tclass=capability permissive=0
11-11 01:19:04.295 I/auditd ( 0): type=1400 audit(0.0:5287): avc: denied { kill } for comm="swapper/6" capability=5 scontext=u:r:kernel:s0 tcontext=u:r:kernel:s0 tclass=capability permissive=0
11-11 01:19:05.299 I/auditd ( 0): type=1400 audit(0.0:5288): avc: denied { kill } for comm="swapper/6" capability=5 scontext=u:r:kernel:s0 tcontext=u:r:kernel:s0 tclass=capability permissive=0
11-11 01:19:06.299 I/auditd ( 0): type=1400 audit(0.0:5289): avc: denied { kill } for comm="swapper/6" capability=5 scontext=u:r:kernel:s0 tcontext=u:r:kernel:s0 tclass=capability permissive=0
11-11 01:19:07.295 I/auditd ( 0): type=1400 audit(0.0:5290): avc: denied { kill } for comm="swapper/6" capability=5 scontext=u:r:kernel:s0 tcontext=u:r:kernel:s0 tclass=capability permissive=0
11-11 01:19:08.295 I/auditd ( 0): type=1400 audit(0.0:5291): avc: denied { kill } for comm="swapper/6" capability=5 scontext=u:r:kernel:s0 tcontext=u:r:kernel:s0 tclass=capability permissive=0
11-11 01:19:09.299 I/auditd ( 0): type=1400 audit(0.0:5292): avc: denied { kill } for comm="swapper/6" capability=5 scontext=u:r:kernel:s0 tcontext=u:r:kernel:s0 tclass=capability permissive=0
11-11 01:19:10.299 I/auditd ( 0): type=1400 audit(0.0:5293): avc: denied { kill } for comm="swapper/6" capability=5 scontext=u:r:kernel:s0 tcontext=u:r:kernel:s0 tclass=capability permissive=0
11-11 01:19:11.299 I/auditd ( 0): type=1400 audit(0.0:5294): avc: denied { kill } for comm="swapper/6" capability=5 scontext=u:r:kernel:s0 tcontext=u:r:kernel:s0 tclass=capability permissive=0
11-11 01:19:12.299 I/auditd ( 0): type=1400 audit(0.0:5295): avc: denied { kill } for comm="swapper/6" capability=5 scontext=u:r:kernel:s0 tcontext=u:r:kernel:s0 tclass=capability permissive=0
11-11 01:19:13.299 I/auditd ( 0): type=1400 audit(0.0:5296): avc: denied { kill } for comm="swapper/6" capability=5 scontext=u:r:kernel:s0 tcontext=u:r:kernel:s0 tclass=capability permissive=0
11-11 01:19:14.295 I/auditd ( 0): type=1400 audit(0.0:5297): avc: denied { kill } for comm="swapper/6" capability=5 scontext=u:r:kernel:s0 tcontext=u:r:kernel:s0 tclass=capability permissive=0
11-11 01:19:15.295 I/auditd ( 0): type=1400 audit(0.0:5298): avc: denied { kill } for comm="swapper/6" capability=5 scontext=u:r:kernel:s0 tcontext=u:r:kernel:s0 tclass=capability permissive=0
11-11 01:19:16.295 I/auditd ( 0): type=1400 audit(0.0:5299): avc: denied { kill } for comm="swapper/6" capability=5 scontext=u:r:kernel:s0 tcontext=u:r:kernel:s0 tclass=capability permissive=0
11-11 01:19:17.299 I/auditd ( 0): type=1400 audit(0.0:5300): avc: denied { kill } for comm="swapper/6" capability=5 scontext=u:r:kernel:s0 tcontext=u:r:kernel:s0 tclass=capability permissive=0
11-11 01:19:17.341 I/am_uid_active( 1491): 10095
11-11 01:19:17.361 I/am_pss ( 1491): [6893,10086,com.android.music,68294656,60342272,0,189173760,0,2,14]
11-11 01:19:17.652 I/snet_event_log( 1491): [172655291,-1,]
11-11 01:19:17.654 I/notification_enqueue( 1491): [10086,6893,com.android.music,1,NULL,0,Notification(channel=Channel-music shortcut=null contentView=null vibrate=null sound=null defaults=0x0 flags=0x40 color=0x00000000 category=transport actions=5 vis=PRIVATE),1]
11-11 01:19:18.295 I/auditd ( 0): type=1400 audit(0.0:5301): avc: denied { kill } for comm="swapper/6" capability=5 scontext=u:r:kernel:s0 tcontext=u:r:kernel:s0 tclass=capability permissive=0
11-11 01:19:19.295 I/auditd ( 0): type=1400 audit(0.0:5302): avc: denied { kill } for comm="swapper/6" capability=5 scontext=u:r:kernel:s0 tcontext=u:r:kernel:s0 tclass=capability permissive=0
11-11 01:19:20.299 I/auditd ( 0): type=1400 audit(0.0:5303): avc: denied { kill } for comm="swapper/6" capability=5 scontext=u:r:kernel:s0 tcontext=u:r:kernel:s0 tclass=capability permissive=0
11-11 01:19:20.613 I/netstats_mobile_sample( 1491): [0,0,0,0,0,0,0,0,0,0,0,0,1668086360613]
11-11 01:19:20.613 I/netstats_wifi_sample( 1491): [81785993,179959,53218723,120407,81785993,179959,53218723,120407,134870415,288630,27244749,61829,1668086360613]
11-11 01:19:21.295 I/auditd ( 0): type=1400 audit(0.0:5304): avc: denied { kill } for comm="swapper/6" capability=5 scontext=u:r:kernel:s0 tcontext=u:r:kernel:s0 tclass=capability permissive=0
11-11 01:19:22.295 I/auditd ( 0): type=1400 audit(0.0:5305): avc: denied { kill } for comm="swapper/6" capability=5 scontext=u:r:kernel:s0 tcontext=u:r:kernel:s0 tclass=capability permissive=0
11-11 01:19:23.295 I/auditd ( 0): type=1400 audit(0.0:5306): avc: denied { kill } for comm="swapper/0" capability=5 scontext=u:r:kernel:s0 tcontext=u:r:kernel:s0 tclass=capability permissive=0
11-11 01:19:24.295 I/auditd ( 0): type=1400 audit(0.0:5307): avc: denied { kill } for comm="swapper/0" capability=5 scontext=u:r:kernel:s0 tcontext=u:r:kernel:s0 tclass=capability permissive=0
11-11 01:19:26.295 I/auditd ( 0): type=1400 audit(0.0:5308): avc: denied { kill } for comm="swapper/0" capability=5 scontext=u:r:kernel:s0 tcontext=u:r:kernel:s0 tclass=capability permissive=0
11-11 01:19:27.299 I/auditd ( 0): type=1400 audit(0.0:5309): avc: denied { kill } for comm="swapper/0" capability=5 scontext=u:r:kernel:s0 tcontext=u:r:kernel:s0 tclass=capability permissive=0
11-11 01:19:27.391 I/am_pss ( 1491): [6893,10086,com.android.music,70141952,62185472,0,191021056,0,2,14]
11-11 01:19:27.400 I/am_pss ( 1491): [6934,10032,com.android.musicfx,5788672,3821568,0,88985600,0,19,7]
11-11 01:19:28.295 I/auditd ( 0): type=1400 audit(0.0:5310): avc: denied { kill } for comm="swapper/0" capability=5 scontext=u:r:kernel:s0 tcontext=u:r:kernel:s0 tclass=capability permissive=0
11-11 01:19:29.295 I/auditd ( 0): type=1400 audit(0.0:5311): avc: denied { kill } for comm="swapper/0" capability=5 scontext=u:r:kernel:s0 tcontext=u:r:kernel:s0 tclass=capability permissive=0
11-11 01:19:30.295 I/auditd ( 0): type=1400 audit(0.0:5312): avc: denied { kill } for comm="swapper/0" capability=5 scontext=u:r:kernel:s0 tcontext=u:r:kernel:s0 tclass=capability permissive=0
11-11 01:19:32.295 I/auditd ( 0): type=1400 audit(0.0:5313): avc: denied { kill } for comm="swapper/0" capability=5 scontext=u:r:kernel:s0 tcontext=u:r:kernel:s0 tclass=capability permissive=0
11-11 01:19:33.295 I/auditd ( 0): type=1400 audit(0.0:5314): avc: denied { kill } for comm="swapper/0" capability=5 scontext=u:r:kernel:s0 tcontext=u:r:kernel:s0 tclass=capability permissive=0
11-11 01:19:35.295 I/auditd ( 0): type=1400 audit(0.0:5315): avc: denied { kill } for comm="swapper/2" capability=5 scontext=u:r:kernel:s0 tcontext=u:r:kernel:s0 tclass=capability permissive=0
11-11 01:19:36.295 I/auditd ( 0): type=1400 audit(0.0:5316): avc: denied { kill } for comm="swapper/2" capability=5 scontext=u:r:kernel:s0 tcontext=u:r:kernel:s0 tclass=capability permissive=0
11-11 01:19:37.295 I/auditd ( 0): type=1400 audit(0.0:5317): avc: denied { kill } for comm="swapper/2" capability=5 scontext=u:r:kernel:s0 tcontext=u:r:kernel:s0 tclass=capability permissive=0
11-11 01:19:38.295 I/auditd ( 0): type=1400 audit(0.0:5318): avc: denied { kill } for comm="swapper/2" capability=5 scontext=u:r:kernel:s0 tcontext=u:r:kernel:s0 tclass=capability permissive=0
11-11 01:19:39.295 I/auditd ( 0): type=1400 audit(0.0:5319): avc: denied { kill } for comm="swapper/2" capability=5 scontext=u:r:kernel:s0 tcontext=u:r:kernel:s0 tclass=capability permissive=0
11-11 01:19:40.295 I/auditd ( 0): type=1400 audit(0.0:5320): avc: denied { kill } for comm="swapper/2" capability=5 scontext=u:r:kernel:s0 tcontext=u:r:kernel:s0 tclass=capability permissive=0
11-11 01:19:41.875 I/wm_task_moved( 1491): [1,0,0]
11-11 01:19:41.875 I/wm_task_moved( 1491): [1,0,5]
11-11 01:19:41.882 I/wm_on_restart_called( 2490): [146330618,com.android.launcher3.uioverrides.QuickstepLauncher,performRestartActivity]
11-11 01:19:41.907 I/wm_on_start_called( 2490): [146330618,com.android.launcher3.uioverrides.QuickstepLauncher,handleStartActivity]
11-11 01:19:41.907 I/view_enqueue_input_event( 6893): [Motion - Cancel,com.android.music/com.android.music.MusicBrowserActivity]
11-11 01:19:41.909 I/input_focus( 1491): [Focus request recents_animation_input_consumer,reason=UpdateInputWindows]
11-11 01:19:41.914 I/sysui_latency( 2490): [1,61]
11-11 01:19:41.915 I/input_focus( 1491): [Focus leaving 73ec57 com.android.music/com.android.music.MusicBrowserActivity (server),reason=NOT_FOCUSABLE]
11-11 01:19:41.915 I/input_focus( 1491): [Focus entering recents_animation_input_consumer (server),reason=setFocusedWindow]
11-11 01:19:41.919 I/input_interaction( 1491): Interaction with: edge-swipe (server), swipe-up (server), PointerEventDispatcher0 (server),
11-11 01:19:41.930 I/sysui_multi_action( 1491): [319,10,322,48,325,4762,757,761,758,9,759,5,806,com.android.launcher3,871,com.android.launcher3.uioverrides.QuickstepLauncher,905,0,1320,8,1321,5]
11-11 01:19:42.110 I/commit_sys_config_file( 1491): [settings-1-0,3]
11-11 01:19:42.224 I/sysui_latency( 1491): [8,64]
11-11 01:19:42.670 I/wm_task_moved( 1491): [1,1,6]
11-11 01:19:42.671 I/wm_task_moved( 1491): [90,1,2147483647]
11-11 01:19:42.671 I/wm_task_to_front( 1491): [0,90]
11-11 01:19:42.671 I/wm_focused_root_task( 1491): [0,0,1,103,RecentsAnimation.onAnimationFinished()]
11-11 01:19:42.671 I/wm_on_top_resumed_lost_called( 6893): [33114549,com.android.music.MusicBrowserActivity,topStateChangedWhenResumed]
11-11 01:19:42.672 I/wm_set_resumed_activity( 1491): [0,com.android.launcher3/.uioverrides.QuickstepLauncher,RecentsAnimation.onAnimationFinished()]
11-11 01:19:42.674 I/wm_pause_activity( 1491): [0,33114549,com.android.music/.MusicBrowserActivity,userLeaving=true,pauseBackTasks]
11-11 01:19:42.676 I/wm_add_to_stopping( 1491): [0,33114549,com.android.music/.MusicBrowserActivity,makeInvisible]
11-11 01:19:42.677 I/wm_set_resumed_activity( 1491): [0,com.android.launcher3/.uioverrides.QuickstepLauncher,resumeTopActivityInnerLocked]
11-11 01:19:42.680 I/wm_resume_activity( 1491): [0,146330618,90,com.android.launcher3/.uioverrides.QuickstepLauncher]
11-11 01:19:42.680 I/wm_on_resume_called( 2490): [146330618,com.android.launcher3.uioverrides.QuickstepLauncher,RESUME_ACTIVITY]
11-11 01:19:42.684 I/input_focus( 1491): [Focus request 61dc244 com.android.launcher3/com.android.launcher3.uioverrides.QuickstepLauncher,reason=UpdateInputWindows]
11-11 01:19:42.686 I/wm_on_paused_called( 6893): [33114549,com.android.music.MusicBrowserActivity,performPause]
11-11 01:19:42.687 I/wm_stop_activity( 1491): [0,33114549,com.android.music/.MusicBrowserActivity]
11-11 01:19:42.691 I/wm_on_top_resumed_gained_called( 2490): [146330618,com.android.launcher3.uioverrides.QuickstepLauncher,topStateChangedWhenResumed]
11-11 01:19:42.694 I/sysui_multi_action( 1491): [757,803,799,window_time_0,802,45]
11-11 01:19:42.697 I/sysui_multi_action( 1491): [757,803,799,window_time_0,802,0]
11-11 01:19:42.703 I/input_focus( 1491): [Focus leaving recents_animation_input_consumer (server),reason=NOT_VISIBLE]
11-11 01:19:42.703 I/input_focus( 1491): [Focus entering 61dc244 com.android.launcher3/com.android.launcher3.uioverrides.QuickstepLauncher (server),reason=setFocusedWindow]
11-11 01:19:42.709 I/wm_on_stop_called( 6893): [33114549,com.android.music.MusicBrowserActivity,STOP_ACTIVITY_ITEM]
11-11 01:19:42.733 I/input_interaction( 1491): Interaction with: 61dc244 com.android.launcher3/com.android.launcher3.uioverrides.QuickstepLauncher (server), c2fbbf0 com.android.systemui.ImageWallpaper (server), edge-swipe (server), swipe-up (server), PointerEventDispatcher0 (server),
11-11 01:19:42.839 I/sysui_multi_action( 1491): [757,127,758,1]
11-11 01:19:42.839 I/sysui_multi_action( 1491): [757,804,799,note_load,801,2,802,1]
11-11 01:19:42.840 I/notification_panel_revealed( 1491): 2
11-11 01:19:42.847 I/input_focus( 1491): [Focus request 4ae03d4 NotificationShade,reason=UpdateInputWindows]
11-11 01:19:42.856 I/sysui_multi_action( 1491): [757,128,758,1,793,417171563,794,0,795,417171563,796,26,798,0,806,android,857,DEVELOPER_IMPORTANT,858,4,947,0,1395,2,1500,417171314,1688,1]
11-11 01:19:42.857 I/sysui_multi_action( 1491): [757,804,799,note_freshness,801,417171563,802,1]
11-11 01:19:42.857 I/notification_visibility( 1491): [-1|android|26|null|1000,1,417171563,417171563,0,0]
11-11 01:19:42.857 I/sysui_multi_action( 1491): [757,128,758,1,793,417172145,794,0,795,417172145,796,32,798,1,806,android,857,USB,858,1,947,0,1395,2,1500,417171886,1688,1]
11-11 01:19:42.857 I/sysui_multi_action( 1491): [757,804,799,note_freshness,801,417172145,802,1]
11-11 01:19:42.857 I/notification_visibility( 1491): [-1|android|32|null|1000,1,417172145,417172145,0,1]
11-11 01:19:42.869 I/input_focus( 1491): [Focus leaving 61dc244 com.android.launcher3/com.android.launcher3.uioverrides.QuickstepLauncher (server),reason=setFocusedWindow]
11-11 01:19:42.870 I/input_focus( 1491): [Focus entering 4ae03d4 NotificationShade (server),reason=setFocusedWindow]
11-11 01:19:42.870 I/input_interaction( 1491): Interaction with: 61dc244 com.android.launcher3/com.android.launcher3.uioverrides.QuickstepLauncher (server), c2fbbf0 com.android.systemui.ImageWallpaper (server), 4ae03d4 NotificationShade (server), edge-swipe (server), swipe-up (server), PointerEventDispatcher0 (server),
11-11 01:19:42.871 I/view_enqueue_input_event( 2490): [Motion - Cancel,com.android.launcher3/com.android.launcher3.uioverrides.QuickstepLauncher]
11-11 01:19:42.881 I/input_interaction( 1491): Interaction with: c2fbbf0 com.android.systemui.ImageWallpaper (server), 4ae03d4 NotificationShade (server), edge-swipe (server), swipe-up (server), PointerEventDispatcher0 (server),
11-11 01:19:42.892 I/input_focus( 1491): [Focus request 61dc244 com.android.launcher3/com.android.launcher3.uioverrides.QuickstepLauncher,reason=UpdateInputWindows]
11-11 01:19:42.906 I/input_focus( 1491): [Focus request 4ae03d4 NotificationShade,reason=UpdateInputWindows]
11-11 01:19:42.919 I/input_focus( 1491): [Focus leaving 4ae03d4 NotificationShade (server),reason=NOT_FOCUSABLE]
11-11 01:19:42.919 I/input_focus( 1491): [Focus entering 61dc244 com.android.launcher3/com.android.launcher3.uioverrides.QuickstepLauncher (server),reason=setFocusedWindow]
11-11 01:19:42.936 I/input_focus( 1491): [Focus leaving 61dc244 com.android.launcher3/com.android.launcher3.uioverrides.QuickstepLauncher (server),reason=setFocusedWindow]
11-11 01:19:42.936 I/input_focus( 1491): [Focus entering 4ae03d4 NotificationShade (server),reason=setFocusedWindow]
11-11 01:19:42.967 I/sysui_multi_action( 1971): [757,111,758,1]
11-11 01:19:42.968 I/sysui_multi_action( 1971): [757,126,758,1,759,126,927,0,928,1,1593,0]
11-11 01:19:42.968 I/sysui_multi_action( 1971): [757,113,758,1,759,113,927,1,928,0,1593,0]
11-11 01:19:42.968 I/sysui_multi_action( 1971): [757,0,758,1,759,0,927,2,928,0,1593,0]
11-11 01:19:42.968 I/sysui_multi_action( 1971): [757,0,758,1,759,0,927,3,928,0,1593,0]
11-11 01:19:42.968 I/sysui_multi_action( 1971): [757,491,758,1,759,491,927,4,928,0,1311,-1,1593,0]
11-11 01:19:42.968 I/sysui_multi_action( 1971): [757,0,758,1,759,0,927,5,928,0,1593,0]
11-11 01:19:42.969 I/sysui_multi_action( 1971): [757,111,758,1]
11-11 01:19:42.969 I/sysui_multi_action( 1971): [757,126,758,1,759,126,927,0,928,1,1593,0]
11-11 01:19:42.969 I/sysui_multi_action( 1971): [757,113,758,1,759,113,927,1,928,0,1593,0]
11-11 01:19:42.969 I/sysui_multi_action( 1971): [757,0,758,1,759,0,927,2,928,0,1593,0]
11-11 01:19:42.969 I/sysui_multi_action( 1971): [757,0,758,1,759,0,927,3,928,0,1593,0]
11-11 01:19:43.199 I/service_manager_stats( 1491): [100,28,108825]
11-11 01:19:43.295 I/auditd ( 0): type=1400 audit(0.0:5321): avc: denied { kill } for comm="swapper/2" capability=5 scontext=u:r:kernel:s0 tcontext=u:r:kernel:s0 tclass=capability permissive=0
11-11 01:19:44.295 I/auditd ( 0): type=1400 audit(0.0:5322): avc: denied { kill } for comm="swapper/0" capability=5 scontext=u:r:kernel:s0 tcontext=u:r:kernel:s0 tclass=capability permissive=0
11-11 01:19:44.366 I/input_interaction( 1491): Interaction with: 4ae03d4 NotificationShade (server), edge-swipe (server), swipe-up (server), PointerEventDispatcher0 (server),
11-11 01:19:45.056 I/sysui_multi_action( 1971): [757,111,758,2]
11-11 01:19:45.057 I/sysui_multi_action( 1971): [757,111,758,2]
11-11 01:19:45.220 I/input_focus( 1491): [Focus request 61dc244 com.android.launcher3/com.android.launcher3.uioverrides.QuickstepLauncher,reason=UpdateInputWindows]
11-11 01:19:45.223 I/sysui_multi_action( 1491): [757,128,758,2,793,417173930,794,2367,795,417173930,796,26,798,0,806,android,857,DEVELOPER_IMPORTANT,858,4,947,0,1395,2,1500,417173681,1688,1]
11-11 01:19:45.223 I/notification_visibility( 1491): [-1|android|26|null|1000,0,417173930,417173930,0,0]
11-11 01:19:45.225 I/sysui_multi_action( 1491): [757,128,758,2,793,417174513,794,2368,795,417174513,796,32,798,1,806,android,857,USB,858,1,947,0,1395,2,1500,417174254,1688,1]
11-11 01:19:45.225 I/notification_visibility( 1491): [-1|android|32|null|1000,0,417174513,417174513,0,1]
11-11 01:19:45.226 I/sysui_multi_action( 1491): [757,127,758,2]
11-11 01:19:45.226 I/notification_panel_hidden( 1491):
11-11 01:19:45.242 I/input_focus( 1491): [Focus leaving 4ae03d4 NotificationShade (server),reason=NO_WINDOW]
11-11 01:19:45.242 I/input_focus( 1491): [Focus entering 61dc244 com.android.launcher3/com.android.launcher3.uioverrides.QuickstepLauncher (server),reason=setFocusedWindow]
11-11 01:19:45.299 I/auditd ( 0): type=1400 audit(0.0:5323): avc: denied { kill } for comm="swapper/0" capability=5 scontext=u:r:kernel:s0 tcontext=u:r:kernel:s0 tclass=capability permissive=0
11-11 01:19:46.295 I/auditd ( 0): type=1400 audit(0.0:5324): avc: denied { kill } for comm="swapper/0" capability=5 scontext=u:r:kernel:s0 tcontext=u:r:kernel:s0 tclass=capability permissive=0
11-11 01:19:47.295 I/auditd ( 0): type=1400 audit(0.0:5325): avc: denied { kill } for comm="swapper/0" capability=5 scontext=u:r:kernel:s0 tcontext=u:r:kernel:s0 tclass=capability permissive=0
11-11 01:19:47.844 I/input_interaction( 1491): Interaction with: 61dc244 com.android.launcher3/com.android.launcher3.uioverrides.QuickstepLauncher (server), c2fbbf0 com.android.systemui.ImageWallpaper (server), edge-swipe (server), swipe-up (server), PointerEventDispatcher0 (server),
11-11 01:19:48.018 I/wm_task_created( 1491): [104,-1]
11-11 01:19:48.020 I/wm_task_moved( 1491): [104,1,7]
11-11 01:19:48.020 I/wm_task_to_front( 1491): [0,104]
11-11 01:19:48.020 I/wm_create_task( 1491): [0,104]
11-11 01:19:48.020 I/wm_create_activity( 1491): [0,43572815,104,com.android.settings/.Settings,android.intent.action.MAIN,NULL,NULL,270532608]
11-11 01:19:48.020 I/wm_task_moved( 1491): [104,1,7]
11-11 01:19:48.021 I/wm_pause_activity( 1491): [0,146330618,com.android.launcher3/.uioverrides.QuickstepLauncher,userLeaving=true,pauseBackTasks]
11-11 01:19:48.023 I/wm_on_top_resumed_lost_called( 2490): [146330618,com.android.launcher3.uioverrides.QuickstepLauncher,topStateChangedWhenResumed]
11-11 01:19:48.024 I/wm_on_paused_called( 2490): [146330618,com.android.launcher3.uioverrides.QuickstepLauncher,performPause]
11-11 01:19:48.025 I/wm_add_to_stopping( 1491): [0,146330618,com.android.launcher3/.uioverrides.QuickstepLauncher,makeInvisible]
11-11 01:19:48.026 I/sysui_multi_action( 1491): [757,803,799,window_time_0,802,5]
11-11 01:19:48.031 I/am_proc_start( 1491): [0,7010,1000,com.android.settings,pre-top-activity,{com.android.settings/com.android.settings.Settings}]
11-11 01:19:48.032 I/am_pss ( 1491): [6934,10032,com.android.musicfx,5762048,3821568,0,88985600,0,19,5]
11-11 01:19:48.043 I/am_proc_bound( 1491): [0,7010,com.android.settings]
11-11 01:19:48.046 I/wm_restart_activity( 1491): [0,43572815,104,com.android.settings/.Settings]
11-11 01:19:48.046 I/wm_set_resumed_activity( 1491): [0,com.android.settings/.Settings,minimalResumeActivityLocked]
11-11 01:19:48.049 I/input_focus( 1491): [Focus leaving 61dc244 com.android.launcher3/com.android.launcher3.uioverrides.QuickstepLauncher (server),reason=NO_WINDOW]
11-11 01:19:48.180 I/am_uid_running( 1491): 10080
11-11 01:19:48.184 I/wm_on_create_called( 7010): [43572815,com.android.settings.Settings,performCreate]
11-11 01:19:48.185 I/am_proc_start( 1491): [0,7035,10080,com.qualcomm.qti.qccauthmgr,content provider,{com.qualcomm.qti.qccauthmgr/com.qualcomm.qti.qccauthmgr.providers.SMQContentProvider}]
11-11 01:19:48.196 I/am_proc_bound( 1491): [0,7035,com.qualcomm.qti.qccauthmgr]
11-11 01:19:48.197 I/am_uid_active( 1491): 10080
11-11 01:19:48.215 I/wm_on_start_called( 7010): [43572815,com.android.settings.Settings,handleStartActivity]
11-11 01:19:48.216 I/snet_event_log( 7010): [120484087,-1,]
11-11 01:19:48.216 I/wm_on_resume_called( 7010): [43572815,com.android.settings.Settings,RESUME_ACTIVITY]
11-11 01:19:48.217 I/sysui_multi_action( 7010): [757,35,758,1,833,0,1089,32]
11-11 01:19:48.219 I/auditd ( 569): type=1400 audit(0.0:5326): avc: denied { read } for comm="Binder:569_2" name="wakeup58" dev="sysfs" ino=71852 scontext=u:r:system_suspend:s0 tcontext=u:object_r:sysfs:s0 tclass=dir permissive=0
11-11 01:19:48.219 I/auditd ( 569): type=1400 audit(0.0:5327): avc: denied { read } for comm="Binder:569_2" name="wakeup4" dev="sysfs" ino=47054 scontext=u:r:system_suspend:s0 tcontext=u:object_r:sysfs:s0 tclass=dir permissive=0
11-11 01:19:48.219 I/auditd ( 569): type=1400 audit(0.0:5328): avc: denied { read } for comm="Binder:569_2" name="wakeup76" dev="sysfs" ino=76732 scontext=u:r:system_suspend:s0 tcontext=u:object_r:sysfs:s0 tclass=dir permissive=0
11-11 01:19:48.219 I/auditd ( 569): type=1400 audit(0.0:5329): avc: denied { read } for comm="Binder:569_2" name="wakeup28" dev="sysfs" ino=53119 scontext=u:r:system_suspend:s0 tcontext=u:object_r:sysfs:s0 tclass=dir permissive=0
11-11 01:19:48.224 I/sysui_multi_action( 7010): [757,1729,758,4,854,isParalleledControllers:false,1089,38]
11-11 01:19:48.228 I/wm_on_top_resumed_gained_called( 7010): [43572815,com.android.settings.Settings,topStateChangedWhenResumed]
11-11 01:19:48.255 I/input_focus( 1491): [Focus request 5a2b23b com.android.settings/com.android.settings.Settings,reason=UpdateInputWindows]
11-11 01:19:48.291 I/sysui_multi_action( 1491): [324,0,757,1090,758,12,806,com.android.settings,871,com.android.settings.Settings,1091,283]
11-11 01:19:48.295 I/sysui_multi_action( 1491): [319,30,321,28,322,283,325,4768,757,761,758,7,759,1,806,com.android.settings,871,com.android.settings.Settings,904,com.android.launcher3,905,0,945,36,1320,21,1321,5]
11-11 01:19:48.295 I/wm_activity_launch_time( 1491): [0,43572815,com.android.settings/.Settings,283]
11-11 01:19:48.314 I/input_focus( 1491): [Focus entering 5a2b23b com.android.settings/com.android.settings.Settings (server),reason=Window became focusable. Previous reason: NOT_VISIBLE]
11-11 01:19:48.338 W/CarrierConfigManager( 7010): Error getting config for subId -1 ICarrierConfigLoader is null
11-11 01:19:48.359 I/sysui_multi_action( 7010): [757,746,758,1,833,0,1089,28]
11-11 01:19:48.359 D/TelephonyRegistry( 1491): listen oscl: mHasNotifySubscriptionInfoChangedOccurred==false no callback
11-11 01:19:48.363 D/TelephonyRegistry( 1491): listen oscl: mHasNotifySubscriptionInfoChangedOccurred==false no callback
11-11 01:19:48.367 I/sysui_multi_action( 7010): [757,1729,758,4,854,isParalleledControllers:false,1089,37]
11-11 01:19:48.566 I/wm_stop_activity( 1491): [0,146330618,com.android.launcher3/.uioverrides.QuickstepLauncher]
11-11 01:19:48.583 I/wm_on_stop_called( 2490): [146330618,com.android.launcher3.uioverrides.QuickstepLauncher,STOP_ACTIVITY_ITEM]
11-11 01:19:49.026 I/input_interaction( 1491): Interaction with: 5a2b23b com.android.settings/com.android.settings.Settings (server), edge-swipe (server), swipe-up (server), PointerEventDispatcher0 (server),
11-11 01:19:49.175 I/sysui_multi_action( 7010): [757,830,758,4,833,0,854,top_level_apps,1089,0]
11-11 01:19:49.277 I/sysui_multi_action( 7010): [757,746,758,2,1089,919]
11-11 01:19:49.305 I/sysui_multi_action( 7010): [757,65,758,1,833,0,1089,24]
11-11 01:19:49.314 I/sysui_multi_action( 7010): [757,1729,758,4,854,isParalleledControllers:false,1089,33]
11-11 01:19:49.767 I/sysui_multi_action( 7010): [757,830,758,4,833,0,854,top_level_notification,1089,0]
11-11 01:19:49.867 I/sysui_multi_action( 7010): [757,65,758,2,1089,563]
11-11 01:19:49.878 I/sysui_multi_action( 7010): [757,337,758,1,833,0,1089,10]
11-11 01:19:49.879 I/sysui_multi_action( 7010): [757,1729,758,4,854,isParalleledControllers:false,1089,11]
11-11 01:19:50.220 I/sysui_multi_action( 7010): [757,830,758,4,833,0,854,top_level_storage,1089,0]
11-11 01:19:50.295 I/auditd ( 0): type=1400 audit(0.0:5377): avc: denied { kill } for comm="swapper/5" capability=5 scontext=u:r:kernel:s0 tcontext=u:r:kernel:s0 tclass=capability permissive=0
11-11 01:19:50.322 I/sysui_multi_action( 7010): [757,337,758,2,1089,443]
11-11 01:19:50.345 I/sysui_multi_action( 7010): [757,745,758,1,833,0,1089,18]
11-11 01:19:50.346 I/sysui_multi_action( 7010): [757,1729,758,4,854,isParalleledControllers:false,1089,18]
11-11 01:19:51.295 I/auditd ( 0): type=1400 audit(0.0:5378): avc: denied { kill } for comm="swapper/5" capability=5 scontext=u:r:kernel:s0 tcontext=u:r:kernel:s0 tclass=capability permissive=0
11-11 01:19:51.453 I/am_uid_idle( 1491): 10051
11-11 01:19:51.460 I/sysui_multi_action( 7010): [757,830,758,4,833,0,854,top_level_sound,1089,0]
11-11 01:19:51.564 I/sysui_multi_action( 7010): [757,745,758,2,1089,1218]
11-11 01:19:51.652 I/sysui_multi_action( 7010): [757,336,758,1,833,0,1089,76]
11-11 01:19:51.655 I/sysui_multi_action( 7010): [757,1729,758,4,854,isParalleledControllers:false,1089,79]
11-11 01:19:52.295 I/auditd ( 5974): type=1400 audit(0.0:5379): avc: denied { kill } for comm="kworker/u16:5" capability=5 scontext=u:r:kernel:s0 tcontext=u:r:kernel:s0 tclass=capability permissive=0
11-11 01:19:53.295 I/auditd ( 0): type=1400 audit(0.0:5380): avc: denied { kill } for comm="swapper/0" capability=5 scontext=u:r:kernel:s0 tcontext=u:r:kernel:s0 tclass=capability permissive=0
11-11 01:19:53.564 I/volume_changed( 1491): [3,18,19,39,com.android.settings]
11-11 01:19:53.751 I/volume_changed( 1491): [3,19,20,39,com.android.settings]
11-11 01:19:53.978 I/volume_changed( 1491): [3,20,21,39,com.android.settings]
11-11 01:19:54.276 I/commit_sys_config_file( 1491): [settings-1-0,3]
11-11 01:19:54.295 I/auditd ( 0): type=1400 audit(0.0:5381): avc: denied { kill } for comm="swapper/0" capability=5 scontext=u:r:kernel:s0 tcontext=u:r:kernel:s0 tclass=capability permissive=0
11-11 01:19:55.295 I/auditd ( 0): type=1400 audit(0.0:5382): avc: denied { kill } for comm="swapper/0" capability=5 scontext=u:r:kernel:s0 tcontext=u:r:kernel:s0 tclass=capability permissive=0
11-11 01:19:55.510 I/volume_changed( 1491): [3,21,22,39,com.android.settings]
11-11 01:19:55.720 I/volume_changed( 1491): [3,22,23,39,com.android.settings]
11-11 01:19:55.778 I/volume_changed( 1491): [3,23,24,39,com.android.settings]
11-11 01:19:55.819 I/volume_changed( 1491): [3,24,25,39,com.android.settings]
11-11 01:19:55.872 I/volume_changed( 1491): [3,25,26,39,com.android.settings]
11-11 01:19:55.907 I/volume_changed( 1491): [3,26,27,39,com.android.settings]
11-11 01:19:55.970 I/volume_changed( 1491): [3,27,28,39,com.android.settings]
11-11 01:19:56.010 I/volume_changed( 1491): [3,28,30,39,com.android.settings]
11-11 01:19:56.043 I/volume_changed( 1491): [3,30,31,39,com.android.settings]
11-11 01:19:56.103 I/volume_changed( 1491): [3,31,32,39,com.android.settings]
11-11 01:19:56.161 I/volume_changed( 1491): [3,32,34,39,com.android.settings]
11-11 01:19:56.216 I/volume_changed( 1491): [3,34,35,39,com.android.settings]
11-11 01:19:56.223 I/commit_sys_config_file( 1491): [settings-1-0,4]
11-11 01:19:56.251 I/volume_changed( 1491): [3,35,37,39,com.android.settings]
11-11 01:19:56.289 I/volume_changed( 1491): [3,37,38,39,com.android.settings]
11-11 01:19:56.341 I/volume_changed( 1491): [3,38,39,39,com.android.settings]
11-11 01:19:56.432 I/commit_sys_config_file( 1491): [settings-1-0,4]
11-11 01:19:57.295 I/auditd ( 0): type=1400 audit(0.0:5383): avc: denied { kill } for comm="swapper/0" capability=5 scontext=u:r:kernel:s0 tcontext=u:r:kernel:s0 tclass=capability permissive=0
11-11 01:19:58.295 I/auditd ( 0): type=1400 audit(0.0:5384): avc: denied { kill } for comm="swapper/0" capability=5 scontext=u:r:kernel:s0 tcontext=u:r:kernel:s0 tclass=capability permissive=0
11-11 01:19:58.877 I/volume_changed( 1491): [3,39,38,39,com.android.settings]
11-11 01:19:58.939 I/volume_changed( 1491): [3,38,37,39,com.android.settings]
11-11 01:19:58.994 I/volume_changed( 1491): [3,37,36,39,com.android.settings]
11-11 01:19:59.034 I/volume_changed( 1491): [3,36,35,39,com.android.settings]
11-11 01:19:59.090 I/volume_changed( 1491): [3,35,34,39,com.android.settings]
11-11 01:19:59.129 I/volume_changed( 1491): [3,34,33,39,com.android.settings]
11-11 01:19:59.184 I/volume_changed( 1491): [3,33,31,39,com.android.settings]
11-11 01:19:59.228 I/volume_changed( 1491): [3,31,29,39,com.android.settings]
11-11 01:19:59.282 I/volume_changed( 1491): [3,29,28,39,com.android.settings]
11-11 01:19:59.295 I/auditd ( 0): type=1400 audit(0.0:5385): avc: denied { kill } for comm="swapper/0" capability=5 scontext=u:r:kernel:s0 tcontext=u:r:kernel:s0 tclass=capability permissive=0
11-11 01:19:59.339 I/volume_changed( 1491): [3,28,26,39,com.android.settings]
11-11 01:19:59.398 I/volume_changed( 1491): [3,26,24,39,com.android.settings]
11-11 01:19:59.452 I/volume_changed( 1491): [3,24,22,39,com.android.settings]
11-11 01:19:59.487 I/volume_changed( 1491): [3,22,20,39,com.android.settings]
11-11 01:19:59.547 I/volume_changed( 1491): [3,20,19,39,com.android.settings]
11-11 01:19:59.577 I/volume_changed( 1491): [3,19,17,39,com.android.settings]
11-11 01:19:59.591 I/commit_sys_config_file( 1491): [settings-1-0,3]
11-11 01:19:59.612 I/volume_changed( 1491): [3,17,16,39,com.android.settings]
11-11 01:19:59.647 I/volume_changed( 1491): [3,16,15,39,com.android.settings]
11-11 01:19:59.704 I/volume_changed( 1491): [3,15,14,39,com.android.settings]
11-11 01:19:59.739 I/volume_changed( 1491): [3,14,13,39,com.android.settings]
11-11 01:19:59.795 I/volume_changed( 1491): [3,13,12,39,com.android.settings]
11-11 01:19:59.805 I/commit_sys_config_file( 1491): [settings-1-0,4]
11-11 01:19:59.851 I/volume_changed( 1491): [3,12,11,39,com.android.settings]
11-11 01:20:00.013 I/volume_changed( 1491): [3,11,10,39,com.android.settings]
11-11 01:20:00.057 I/commit_sys_config_file( 1491): [settings-1-0,5]
11-11 01:20:00.260 I/commit_sys_config_file( 1491): [settings-1-0,4]
11-11 01:20:00.292 I/volume_changed( 1491): [3,10,11,39,com.android.settings]
11-11 01:20:00.509 I/commit_sys_config_file( 1491): [settings-1-0,3]
11-11 01:20:01.295 I/auditd ( 0): type=1400 audit(0.0:5386): avc: denied { kill } for comm="swapper/1" capability=5 scontext=u:r:kernel:s0 tcontext=u:r:kernel:s0 tclass=capability permissive=0
11-11 01:20:01.428 I/volume_changed( 1491): [3,11,12,39,com.android.settings]
11-11 01:20:01.547 I/volume_changed( 1491): [3,12,13,39,com.android.settings]
11-11 01:20:01.649 I/volume_changed( 1491): [3,13,14,39,com.android.settings]
11-11 01:20:01.835 I/volume_changed( 1491): [3,14,15,39,com.android.settings]
11-11 01:20:02.146 I/commit_sys_config_file( 1491): [settings-1-0,3]
11-11 01:20:02.295 I/auditd ( 0): type=1400 audit(0.0:5387): avc: denied { kill } for comm="swapper/1" capability=5 scontext=u:r:kernel:s0 tcontext=u:r:kernel:s0 tclass=capability permissive=0
11-11 01:20:02.392 I/am_pss ( 1491): [7010,1000,com.android.settings,184455168,170799104,0,322506752,0,2,21]
11-11 01:20:03.295 I/auditd ( 0): type=1400 audit(0.0:5388): avc: denied { kill } for comm="swapper/1" capability=5 scontext=u:r:kernel:s0 tcontext=u:r:kernel:s0 tclass=capability permissive=0
11-11 01:20:04.299 I/auditd ( 0): type=1400 audit(0.0:5389): avc: denied { kill } for comm="swapper/1" capability=5 scontext=u:r:kernel:s0 tcontext=u:r:kernel:s0 tclass=capability permissive=0
11-11 01:20:05.299 I/auditd ( 0): type=1400 audit(0.0:5390): avc: denied { kill } for comm="swapper/1" capability=5 scontext=u:r:kernel:s0 tcontext=u:r:kernel:s0 tclass=capability permissive=0
11-11 01:20:06.295 I/auditd ( 0): type=1400 audit(0.0:5391): avc: denied { kill } for comm="swapper/1" capability=5 scontext=u:r:kernel:s0 tcontext=u:r:kernel:s0 tclass=capability permissive=0
11-11 01:20:06.648 I/wm_task_moved( 1491): [1,0,0]
11-11 01:20:06.649 I/wm_task_moved( 1491): [1,0,6]
11-11 01:20:06.668 I/view_enqueue_input_event( 7010): [Motion - Cancel,com.android.settings/com.android.settings.Settings]
11-11 01:20:06.674 I/input_focus( 1491): [Focus request recents_animation_input_consumer,reason=UpdateInputWindows]
11-11 01:20:06.676 I/input_interaction( 1491): Interaction with: edge-swipe (server), swipe-up (server), PointerEventDispatcher0 (server),
11-11 01:20:06.678 I/wm_on_restart_called( 2490): [146330618,com.android.launcher3.uioverrides.QuickstepLauncher,performRestartActivity]
11-11 01:20:06.691 I/input_focus( 1491): [Focus leaving 5a2b23b com.android.settings/com.android.settings.Settings (server),reason=NOT_FOCUSABLE]
11-11 01:20:06.691 I/input_focus( 1491): [Focus entering recents_animation_input_consumer (server),reason=setFocusedWindow]
11-11 01:20:06.711 I/wm_on_start_called( 2490): [146330618,com.android.launcher3.uioverrides.QuickstepLauncher,handleStartActivity]
11-11 01:20:06.725 I/sysui_latency( 2490): [1,89]
11-11 01:20:06.749 I/sysui_multi_action( 1491): [319,16,322,88,325,4787,757,761,758,9,759,5,806,com.android.launcher3,871,com.android.launcher3.uioverrides.QuickstepLauncher,905,0,1320,8,1321,5]
11-11 01:20:06.918 I/commit_sys_config_file( 1491): [settings-1-0,6]
11-11 01:20:07.037 I/sysui_latency( 1491): [8,96]
11-11 01:20:07.295 I/auditd ( 0): type=1400 audit(0.0:5392): avc: denied { kill } for comm="swapper/1" capability=5 scontext=u:r:kernel:s0 tcontext=u:r:kernel:s0 tclass=capability permissive=0
11-11 01:20:07.428 I/wm_task_moved( 1491): [1,1,7]
11-11 01:20:07.429 I/wm_task_moved( 1491): [90,1,2147483647]
11-11 01:20:07.429 I/wm_task_to_front( 1491): [0,90]
11-11 01:20:07.429 I/wm_focused_root_task( 1491): [0,0,1,104,RecentsAnimation.onAnimationFinished()]
11-11 01:20:07.429 I/wm_set_resumed_activity( 1491): [0,com.android.launcher3/.uioverrides.QuickstepLauncher,RecentsAnimation.onAnimationFinished()]
11-11 01:20:07.429 I/wm_on_top_resumed_lost_called( 7010): [43572815,com.android.settings.Settings,topStateChangedWhenResumed]
11-11 01:20:07.430 I/wm_pause_activity( 1491): [0,43572815,com.android.settings/.Settings,userLeaving=true,pauseBackTasks]
11-11 01:20:07.431 I/wm_add_to_stopping( 1491): [0,43572815,com.android.settings/.Settings,makeInvisible]
11-11 01:20:07.431 I/wm_set_resumed_activity( 1491): [0,com.android.launcher3/.uioverrides.QuickstepLauncher,resumeTopActivityInnerLocked]
11-11 01:20:07.433 I/wm_resume_activity( 1491): [0,146330618,90,com.android.launcher3/.uioverrides.QuickstepLauncher]
11-11 01:20:07.434 I/wm_on_resume_called( 2490): [146330618,com.android.launcher3.uioverrides.QuickstepLauncher,RESUME_ACTIVITY]
11-11 01:20:07.437 I/input_focus( 1491): [Focus request 61dc244 com.android.launcher3/com.android.launcher3.uioverrides.QuickstepLauncher,reason=UpdateInputWindows]
11-11 01:20:07.438 I/wm_on_top_resumed_gained_called( 2490): [146330618,com.android.launcher3.uioverrides.QuickstepLauncher,topStateChangedWhenResumed]
11-11 01:20:07.438 I/sysui_multi_action( 7010): [757,35,758,2,1089,19221]
11-11 01:20:07.440 I/sysui_multi_action( 7010): [757,336,758,2,1089,15788]
11-11 01:20:07.440 I/wm_on_paused_called( 7010): [43572815,com.android.settings.Settings,performPause]
