11-11 00:52:43.299 I/auditd ( 0): type=1400 audit(0.0:3504): avc: denied { kill } for comm="swapper/0" capability=5 scontext=u:r:kernel:s0 tcontext=u:r:kernel:s0 tclass=capability permissive=0
11-11 00:52:44.295 I/auditd ( 0): type=1400 audit(0.0:3505): avc: denied { kill } for comm="swapper/0" capability=5 scontext=u:r:kernel:s0 tcontext=u:r:kernel:s0 tclass=capability permissive=0
11-11 00:52:45.299 I/auditd ( 0): type=1400 audit(0.0:3506): avc: denied { kill } for comm="swapper/0" capability=5 scontext=u:r:kernel:s0 tcontext=u:r:kernel:s0 tclass=capability permissive=0
11-11 00:52:46.295 I/auditd ( 0): type=1400 audit(0.0:3507): avc: denied { kill } for comm="swapper/0" capability=5 scontext=u:r:kernel:s0 tcontext=u:r:kernel:s0 tclass=capability permissive=0
11-11 00:52:47.295 I/auditd ( 0): type=1400 audit(0.0:3508): avc: denied { kill } for comm="swapper/0" capability=5 scontext=u:r:kernel:s0 tcontext=u:r:kernel:s0 tclass=capability permissive=0
11-11 00:52:48.299 I/auditd ( 0): type=1400 audit(0.0:3509): avc: denied { kill } for comm="swapper/0" capability=5 scontext=u:r:kernel:s0 tcontext=u:r:kernel:s0 tclass=capability permissive=0
11-11 00:52:49.299 I/auditd ( 0): type=1400 audit(0.0:3510): avc: denied { kill } for comm="swapper/0" capability=5 scontext=u:r:kernel:s0 tcontext=u:r:kernel:s0 tclass=capability permissive=0
11-11 00:52:50.295 I/auditd ( 0): type=1400 audit(0.0:3511): avc: denied { kill } for comm="swapper/0" capability=5 scontext=u:r:kernel:s0 tcontext=u:r:kernel:s0 tclass=capability permissive=0
11-11 00:52:51.299 I/auditd ( 0): type=1400 audit(0.0:3512): avc: denied { kill } for comm="swapper/0" capability=5 scontext=u:r:kernel:s0 tcontext=u:r:kernel:s0 tclass=capability permissive=0
11-11 00:52:52.295 I/auditd ( 0): type=1400 audit(0.0:3513): avc: denied { kill } for comm="swapper/0" capability=5 scontext=u:r:kernel:s0 tcontext=u:r:kernel:s0 tclass=capability permissive=0
11-11 00:52:53.299 I/auditd ( 0): type=1400 audit(0.0:3514): avc: denied { kill } for comm="swapper/0" capability=5 scontext=u:r:kernel:s0 tcontext=u:r:kernel:s0 tclass=capability permissive=0
11-11 00:52:54.299 I/auditd ( 0): type=1400 audit(0.0:3515): avc: denied { kill } for comm="swapper/0" capability=5 scontext=u:r:kernel:s0 tcontext=u:r:kernel:s0 tclass=capability permissive=0
11-11 00:52:55.295 I/auditd ( 0): type=1400 audit(0.0:3516): avc: denied { kill } for comm="swapper/0" capability=5 scontext=u:r:kernel:s0 tcontext=u:r:kernel:s0 tclass=capability permissive=0
11-11 00:52:56.299 I/auditd ( 0): type=1400 audit(0.0:3517): avc: denied { kill } for comm="swapper/0" capability=5 scontext=u:r:kernel:s0 tcontext=u:r:kernel:s0 tclass=capability permissive=0
11-11 00:52:57.295 I/auditd ( 0): type=1400 audit(0.0:3518): avc: denied { kill } for comm="swapper/0" capability=5 scontext=u:r:kernel:s0 tcontext=u:r:kernel:s0 tclass=capability permissive=0
11-11 00:52:58.295 I/auditd ( 0): type=1400 audit(0.0:3519): avc: denied { kill } for comm="swapper/0" capability=5 scontext=u:r:kernel:s0 tcontext=u:r:kernel:s0 tclass=capability permissive=0
11-11 00:52:59.295 I/auditd ( 0): type=1400 audit(0.0:3520): avc: denied { kill } for comm="swapper/0" capability=5 scontext=u:r:kernel:s0 tcontext=u:r:kernel:s0 tclass=capability permissive=0
11-11 00:53:00.299 I/auditd ( 0): type=1400 audit(0.0:3521): avc: denied { kill } for comm="swapper/0" capability=5 scontext=u:r:kernel:s0 tcontext=u:r:kernel:s0 tclass=capability permissive=0
11-11 00:53:01.295 I/auditd ( 0): type=1400 audit(0.0:3522): avc: denied { kill } for comm="swapper/0" capability=5 scontext=u:r:kernel:s0 tcontext=u:r:kernel:s0 tclass=capability permissive=0
11-11 00:53:02.295 I/auditd ( 0): type=1400 audit(0.0:3523): avc: denied { kill } for comm="swapper/0" capability=5 scontext=u:r:kernel:s0 tcontext=u:r:kernel:s0 tclass=capability permissive=0
11-11 00:53:03.295 I/auditd ( 0): type=1400 audit(0.0:3524): avc: denied { kill } for comm="swapper/0" capability=5 scontext=u:r:kernel:s0 tcontext=u:r:kernel:s0 tclass=capability permissive=0
11-11 00:53:04.295 I/auditd ( 0): type=1400 audit(0.0:3525): avc: denied { kill } for comm="swapper/0" capability=5 scontext=u:r:kernel:s0 tcontext=u:r:kernel:s0 tclass=capability permissive=0
11-11 00:53:05.295 I/auditd ( 0): type=1400 audit(0.0:3526): avc: denied { kill } for comm="swapper/0" capability=5 scontext=u:r:kernel:s0 tcontext=u:r:kernel:s0 tclass=capability permissive=0
11-11 00:53:06.295 I/auditd ( 0): type=1400 audit(0.0:3527): avc: denied { kill } for comm="swapper/0" capability=5 scontext=u:r:kernel:s0 tcontext=u:r:kernel:s0 tclass=capability permissive=0
11-11 00:53:07.295 I/auditd ( 0): type=1400 audit(0.0:3528): avc: denied { kill } for comm="swapper/0" capability=5 scontext=u:r:kernel:s0 tcontext=u:r:kernel:s0 tclass=capability permissive=0
11-11 00:53:07.316 I/input_interaction( 1491): Interaction with: f862bd5 com.thundercomm.screensaver/android.service.dreams.DreamActivity (server), edge-swipe (server), swipe-up (server), PointerEventDispatcher0 (server),
11-11 00:53:07.319 I/wm_finish_activity( 1491): [0,101857049,97,com.thundercomm.screensaver/android.service.dreams.DreamActivity,finish-activity]
11-11 00:53:07.319 I/wm_task_moved( 1491): [1,1,5]
11-11 00:53:07.320 I/wm_task_moved( 1491): [90,1,2147483647]
11-11 00:53:07.320 I/wm_task_to_front( 1491): [0,90]
11-11 00:53:07.320 I/wm_focused_root_task( 1491): [0,0,1,97,finish-top adjustFocusToNextFocusableTask]
11-11 00:53:07.321 I/wm_set_resumed_activity( 1491): [0,com.android.launcher3/.uioverrides.QuickstepLauncher,finish-top adjustFocusToNextFocusableTask]
11-11 00:53:07.322 I/wm_pause_activity( 1491): [0,101857049,com.thundercomm.screensaver/android.service.dreams.DreamActivity,userLeaving=false,finish]
11-11 00:53:07.327 I/sysui_multi_action( 1491): [757,803,799,window_time_0,802,59]
11-11 00:53:07.328 I/wm_on_top_resumed_lost_called( 5521): [101857049,android.service.dreams.DreamActivity,topStateChangedWhenResumed]
11-11 00:53:07.328 I/wm_on_paused_called( 5521): [101857049,android.service.dreams.DreamActivity,performPause]
11-11 00:53:07.329 I/wm_add_to_stopping( 1491): [0,101857049,com.thundercomm.screensaver/android.service.dreams.DreamActivity,completeFinishing]
11-11 00:53:07.331 I/wm_set_resumed_activity( 1491): [0,com.android.launcher3/.uioverrides.QuickstepLauncher,resumeTopActivityInnerLocked]
11-11 00:53:07.333 I/wm_resume_activity( 1491): [0,146330618,90,com.android.launcher3/.uioverrides.QuickstepLauncher]
11-11 00:53:07.340 I/sysui_multi_action( 1491): [757,803,799,window_time_0,802,0]
11-11 00:53:07.350 I/wm_on_restart_called( 2490): [146330618,com.android.launcher3.uioverrides.QuickstepLauncher,performRestartActivity]
11-11 00:53:07.350 I/wm_on_start_called( 2490): [146330618,com.android.launcher3.uioverrides.QuickstepLauncher,handleStartActivity]
11-11 00:53:07.350 I/wm_on_resume_called( 2490): [146330618,com.android.launcher3.uioverrides.QuickstepLauncher,RESUME_ACTIVITY]
11-11 00:53:07.350 I/wm_on_top_resumed_gained_called( 2490): [146330618,com.android.launcher3.uioverrides.QuickstepLauncher,topWhenResuming]
11-11 00:53:07.352 I/view_enqueue_input_event( 5521): [Motion - Cancel,com.thundercomm.screensaver/android.service.dreams.DreamActivity]
11-11 00:53:07.352 I/input_focus( 1491): [Focus leaving f862bd5 com.thundercomm.screensaver/android.service.dreams.DreamActivity (server),reason=NO_WINDOW]
11-11 00:53:07.352 I/input_interaction( 1491): Interaction with: edge-swipe (server), swipe-up (server), PointerEventDispatcher0 (server),
11-11 00:53:07.356 I/am_pss ( 1491): [3656,2000,com.android.shell,6536192,4296704,0,91627520,0,19,7]
11-11 00:53:07.362 I/am_pss ( 1491): [3602,10029,com.android.packageinstaller,7649280,5550080,0,90484736,0,19,5]
11-11 00:53:07.368 I/am_pss ( 1491): [3544,10019,com.android.managedprovisioning,9243648,7061504,0,93618176,0,19,5]
11-11 00:53:07.370 I/input_focus( 1491): [Focus request 61dc244 com.android.launcher3/com.android.launcher3.uioverrides.QuickstepLauncher,reason=UpdateInputWindows]
11-11 00:53:07.376 I/am_pss ( 1491): [2834,10081,com.qualcomm.qti.workloadclassifier,8875008,6684672,0,93085696,0,0,6]
11-11 00:53:07.383 I/am_pss ( 1491): [2809,10085,com.qualcomm.qti.qccnetstat,6494208,4243456,0,91197440,0,0,5]
11-11 00:53:07.383 I/input_focus( 1491): [Focus entering 61dc244 com.android.launcher3/com.android.launcher3.uioverrides.QuickstepLauncher (server),reason=setFocusedWindow]
11-11 00:53:07.389 I/am_pss ( 1491): [2803,10068,com.qualcomm.qti.services.systemhelper:systemhelper_service,6786048,4460544,0,93335552,0,0,6]
11-11 00:53:07.395 I/am_pss ( 1491): [2779,10058,.pasr,5718016,3588096,0,88719360,0,0,6]
11-11 00:53:07.401 I/am_pss ( 1491): [2743,1000,com.hryt.hiphishowfsecontrol,14686208,11997184,0,105545728,0,0,5]
11-11 00:53:07.407 I/am_pss ( 1491): [2723,10055,ts.car.uart,6519808,4390912,0,89858048,0,0,5]
11-11 00:53:07.413 I/am_pss ( 1491): [2722,10084,com.hht.lebocast,42915840,21094400,0,107360256,0,0,6]
11-11 00:53:07.419 I/am_pss ( 1491): [2278,1000,com.thundercomm.remotecontrolservice,9110528,6127616,0,99942400,0,0,5]
11-11 00:53:07.426 I/am_pss ( 1491): [2318,1000,com.qualcomm.qti.qdma,10402816,6758400,0,106151936,0,0,5]
11-11 00:53:07.431 I/am_pss ( 1491): [2300,1000,com.thundercomm.tcservice,8709120,6352896,0,95821824,0,0,5]
11-11 00:53:07.437 I/am_pss ( 1491): [2267,1068,com.android.se,6153216,3944448,0,90955776,0,0,5]
11-11 00:53:07.442 I/am_pss ( 1491): [2251,10083,com.qti.qualcomm.mstatssystemservice,5825536,3678208,0,89419776,0,0,5]
11-11 00:53:07.448 I/am_pss ( 1491): [2234,1000,vendor.qti.qesdk.sysservice,5902336,3670016,0,91049984,0,0,5]
11-11 00:53:07.453 I/am_pss ( 1491): [2216,1000,com.thundercomm.tcsetupwizard,7144448,5009408,0,90849280,0,0,5]
11-11 00:53:07.459 I/am_pss ( 1491): [2213,1000,com.tc.logclient,8025088,5365760,0,98668544,0,0,6]
11-11 00:53:07.465 I/am_pss ( 1491): [2186,1000,com.thundercomm.tchttpserver,8170496,5902336,0,93814784,0,0,5]
11-11 00:53:07.471 I/am_pss ( 1491): [2164,10053,.qtidataservices,6330368,4128768,0,90927104,0,0,6]
11-11 00:53:07.478 I/am_pss ( 1491): [2145,1000,com.thundercomm.microsettings,29571072,26275840,0,118476800,0,0,6]
11-11 00:53:07.483 I/am_pss ( 1491): [2135,1000,com.thundercomm.microservice,9453568,7155712,0,95596544,0,0,5]
11-11 00:53:07.491 I/am_pss ( 1491): [2083,1000,com.thundercomm.gamemode,27707392,19415040,0,134684672,0,0,6]
11-11 00:53:07.618 I/wm_destroy_activity( 1491): [0,101857049,97,com.thundercomm.screensaver/android.service.dreams.DreamActivity,finish-imm:idle]
11-11 00:53:07.638 I/wm_on_stop_called( 5521): [101857049,android.service.dreams.DreamActivity,LIFECYCLER_STOP_ACTIVITY]
11-11 00:53:07.639 I/wm_on_destroy_called( 5521): [101857049,android.service.dreams.DreamActivity,performDestroy]
11-11 00:53:07.641 I/sysui_multi_action( 1491): [757,222,758,2]
11-11 00:53:07.641 I/sysui_multi_action( 1491): [757,804,799,dreaming_minutes,801,0,802,1]
11-11 00:53:07.649 I/wm_task_removed( 1491): [97,removeChild:removeChild last r=ActivityRecord{6123719 u0 com.thundercomm.screensaver/android.service.dreams.DreamActivity t-1 f}} in t=Task{e9121b7 #97 type=dream A=10051:android:com.thundercomm.screensaver/dream U=0 visible=false mode=fullscreen translucent=true sz=0}]
11-11 00:53:07.649 I/wm_task_removed( 1491): [97,removeChild]
11-11 00:53:08.295 I/auditd ( 0): type=1400 audit(0.0:3529): avc: denied { kill } for comm="swapper/0" capability=5 scontext=u:r:kernel:s0 tcontext=u:r:kernel:s0 tclass=capability permissive=0
11-11 00:53:08.303 I/input_interaction( 1491): Interaction with: 61dc244 com.android.launcher3/com.android.launcher3.uioverrides.QuickstepLauncher (server), c2fbbf0 com.android.systemui.ImageWallpaper (server), edge-swipe (server), swipe-up (server), PointerEventDispatcher0 (server),
11-11 00:53:08.350 I/view_enqueue_input_event( 2490): [Motion - Cancel,com.android.launcher3/com.android.launcher3.uioverrides.QuickstepLauncher]
11-11 00:53:08.355 I/input_interaction( 1491): Interaction with: edge-swipe (server), swipe-up (server), PointerEventDispatcher0 (server),
11-11 00:53:08.542 I/commit_sys_config_file( 1491): [settings-1-0,4]
11-11 00:53:09.016 I/commit_sys_config_file( 1491): [settings-1-0,4]
11-11 00:53:09.299 I/auditd ( 0): type=1400 audit(0.0:3530): avc: denied { kill } for comm="swapper/0" capability=5 scontext=u:r:kernel:s0 tcontext=u:r:kernel:s0 tclass=capability permissive=0
11-11 00:53:09.478 I/input_interaction( 1491): Interaction with: 61dc244 com.android.launcher3/com.android.launcher3.uioverrides.QuickstepLauncher (server), c2fbbf0 com.android.systemui.ImageWallpaper (server), edge-swipe (server), swipe-up (server), PointerEventDispatcher0 (server),
11-11 00:53:10.295 I/auditd ( 0): type=1400 audit(0.0:3531): avc: denied { kill } for comm="swapper/0" capability=5 scontext=u:r:kernel:s0 tcontext=u:r:kernel:s0 tclass=capability permissive=0
11-11 00:53:11.295 I/auditd ( 0): type=1400 audit(0.0:3532): avc: denied { kill } for comm="swapper/0" capability=5 scontext=u:r:kernel:s0 tcontext=u:r:kernel:s0 tclass=capability permissive=0
11-11 00:53:12.299 I/auditd ( 0): type=1400 audit(0.0:3533): avc: denied { kill } for comm="swapper/0" capability=5 scontext=u:r:kernel:s0 tcontext=u:r:kernel:s0 tclass=capability permissive=0
11-11 00:53:13.299 I/auditd ( 0): type=1400 audit(0.0:3534): avc: denied { kill } for comm="swapper/0" capability=5 scontext=u:r:kernel:s0 tcontext=u:r:kernel:s0 tclass=capability permissive=0
11-11 00:53:14.295 I/auditd ( 0): type=1400 audit(0.0:3535): avc: denied { kill } for comm="swapper/0" capability=5 scontext=u:r:kernel:s0 tcontext=u:r:kernel:s0 tclass=capability permissive=0
11-11 00:53:15.295 I/auditd ( 0): type=1400 audit(0.0:3536): avc: denied { kill } for comm="swapper/0" capability=5 scontext=u:r:kernel:s0 tcontext=u:r:kernel:s0 tclass=capability permissive=0
11-11 00:53:16.299 I/auditd ( 0): type=1400 audit(0.0:3537): avc: denied { kill } for comm="swapper/0" capability=5 scontext=u:r:kernel:s0 tcontext=u:r:kernel:s0 tclass=capability permissive=0
11-11 00:53:17.295 I/auditd ( 0): type=1400 audit(0.0:3538): avc: denied { kill } for comm="swapper/0" capability=5 scontext=u:r:kernel:s0 tcontext=u:r:kernel:s0 tclass=capability permissive=0
11-11 00:53:18.295 I/auditd ( 0): type=1400 audit(0.0:3539): avc: denied { kill } for comm="swapper/0" capability=5 scontext=u:r:kernel:s0 tcontext=u:r:kernel:s0 tclass=capability permissive=0
11-11 00:53:20.295 I/auditd ( 0): type=1400 audit(0.0:3540): avc: denied { kill } for comm="swapper/0" capability=5 scontext=u:r:kernel:s0 tcontext=u:r:kernel:s0 tclass=capability permissive=0
11-11 00:53:21.299 I/auditd ( 0): type=1400 audit(0.0:3541): avc: denied { kill } for comm="swapper/0" capability=5 scontext=u:r:kernel:s0 tcontext=u:r:kernel:s0 tclass=capability permissive=0
11-11 00:53:22.299 I/auditd ( 0): type=1400 audit(0.0:3542): avc: denied { kill } for comm="swapper/0" capability=5 scontext=u:r:kernel:s0 tcontext=u:r:kernel:s0 tclass=capability permissive=0
11-11 00:53:23.299 I/auditd ( 0): type=1400 audit(0.0:3543): avc: denied { kill } for comm="swapper/0" capability=5 scontext=u:r:kernel:s0 tcontext=u:r:kernel:s0 tclass=capability permissive=0
11-11 00:53:24.299 I/auditd ( 0): type=1400 audit(0.0:3544): avc: denied { kill } for comm="swapper/0" capability=5 scontext=u:r:kernel:s0 tcontext=u:r:kernel:s0 tclass=capability permissive=0
11-11 00:53:25.295 I/auditd ( 0): type=1400 audit(0.0:3545): avc: denied { kill } for comm="swapper/0" capability=5 scontext=u:r:kernel:s0 tcontext=u:r:kernel:s0 tclass=capability permissive=0
11-11 00:53:26.295 I/auditd ( 0): type=1400 audit(0.0:3546): avc: denied { kill } for comm="swapper/0" capability=5 scontext=u:r:kernel:s0 tcontext=u:r:kernel:s0 tclass=capability permissive=0
11-11 00:53:27.299 I/auditd ( 0): type=1400 audit(0.0:3547): avc: denied { kill } for comm="swapper/0" capability=5 scontext=u:r:kernel:s0 tcontext=u:r:kernel:s0 tclass=capability permissive=0
11-11 00:53:28.295 I/auditd ( 0): type=1400 audit(0.0:3548): avc: denied { kill } for comm="swapper/0" capability=5 scontext=u:r:kernel:s0 tcontext=u:r:kernel:s0 tclass=capability permissive=0
11-11 00:53:29.295 I/auditd ( 0): type=1400 audit(0.0:3549): avc: denied { kill } for comm="swapper/0" capability=5 scontext=u:r:kernel:s0 tcontext=u:r:kernel:s0 tclass=capability permissive=0
11-11 00:53:30.299 I/auditd ( 0): type=1400 audit(0.0:3550): avc: denied { kill } for comm="swapper/0" capability=5 scontext=u:r:kernel:s0 tcontext=u:r:kernel:s0 tclass=capability permissive=0
11-11 00:53:31.299 I/auditd ( 0): type=1400 audit(0.0:3551): avc: denied { kill } for comm="swapper/0" capability=5 scontext=u:r:kernel:s0 tcontext=u:r:kernel:s0 tclass=capability permissive=0
11-11 00:53:32.295 I/auditd ( 0): type=1400 audit(0.0:3552): avc: denied { kill } for comm="swapper/0" capability=5 scontext=u:r:kernel:s0 tcontext=u:r:kernel:s0 tclass=capability permissive=0
11-11 00:53:33.295 I/auditd ( 0): type=1400 audit(0.0:3553): avc: denied { kill } for comm="swapper/0" capability=5 scontext=u:r:kernel:s0 tcontext=u:r:kernel:s0 tclass=capability permissive=0
11-11 00:53:34.299 I/auditd ( 0): type=1400 audit(0.0:3554): avc: denied { kill } for comm="swapper/0" capability=5 scontext=u:r:kernel:s0 tcontext=u:r:kernel:s0 tclass=capability permissive=0
11-11 00:53:34.570 I/netstats_mobile_sample( 1491): [0,0,0,0,0,0,0,0,0,0,0,0,1668084814570]
11-11 00:53:34.571 I/netstats_wifi_sample( 1491): [51548612,114076,35795155,81261,51548612,114076,35795155,81261,85067687,183850,18510383,42137,1668084814570]
11-11 00:53:35.299 I/auditd ( 0): type=1400 audit(0.0:3555): avc: denied { kill } for comm="swapper/0" capability=5 scontext=u:r:kernel:s0 tcontext=u:r:kernel:s0 tclass=capability permissive=0
11-11 00:53:36.299 I/auditd ( 0): type=1400 audit(0.0:3556): avc: denied { kill } for comm="swapper/0" capability=5 scontext=u:r:kernel:s0 tcontext=u:r:kernel:s0 tclass=capability permissive=0
11-11 00:53:37.299 I/auditd ( 0): type=1400 audit(0.0:3557): avc: denied { kill } for comm="swapper/0" capability=5 scontext=u:r:kernel:s0 tcontext=u:r:kernel:s0 tclass=capability permissive=0
11-11 00:53:38.295 I/auditd ( 6336): type=1400 audit(0.0:3558): avc: denied { kill } for comm="kworker/u16:11" capability=5 scontext=u:r:kernel:s0 tcontext=u:r:kernel:s0 tclass=capability permissive=0
11-11 00:53:39.295 I/auditd ( 0): type=1400 audit(0.0:3559): avc: denied { kill } for comm="swapper/0" capability=5 scontext=u:r:kernel:s0 tcontext=u:r:kernel:s0 tclass=capability permissive=0
11-11 00:53:40.295 I/auditd ( 0): type=1400 audit(0.0:3560): avc: denied { kill } for comm="swapper/0" capability=5 scontext=u:r:kernel:s0 tcontext=u:r:kernel:s0 tclass=capability permissive=0
11-11 00:53:41.295 I/auditd ( 0): type=1400 audit(0.0:3561): avc: denied { kill } for comm="swapper/0" capability=5 scontext=u:r:kernel:s0 tcontext=u:r:kernel:s0 tclass=capability permissive=0
11-11 00:53:42.299 I/auditd ( 0): type=1400 audit(0.0:3562): avc: denied { kill } for comm="swapper/0" capability=5 scontext=u:r:kernel:s0 tcontext=u:r:kernel:s0 tclass=capability permissive=0
11-11 00:53:43.295 I/auditd ( 0): type=1400 audit(0.0:3563): avc: denied { kill } for comm="swapper/0" capability=5 scontext=u:r:kernel:s0 tcontext=u:r:kernel:s0 tclass=capability permissive=0
11-11 00:53:44.295 I/auditd ( 0): type=1400 audit(0.0:3564): avc: denied { kill } for comm="swapper/0" capability=5 scontext=u:r:kernel:s0 tcontext=u:r:kernel:s0 tclass=capability permissive=0
11-11 00:53:45.295 I/auditd ( 0): type=1400 audit(0.0:3565): avc: denied { kill } for comm="swapper/0" capability=5 scontext=u:r:kernel:s0 tcontext=u:r:kernel:s0 tclass=capability permissive=0
11-11 00:53:47.295 I/auditd ( 0): type=1400 audit(0.0:3566): avc: denied { kill } for comm="swapper/0" capability=5 scontext=u:r:kernel:s0 tcontext=u:r:kernel:s0 tclass=capability permissive=0
11-11 00:53:48.295 I/auditd ( 6222): type=1400 audit(0.0:3567): avc: denied { kill } for comm="kworker/u16:9" capability=5 scontext=u:r:kernel:s0 tcontext=u:r:kernel:s0 tclass=capability permissive=0
11-11 00:53:49.299 I/auditd ( 0): type=1400 audit(0.0:3568): avc: denied { kill } for comm="swapper/0" capability=5 scontext=u:r:kernel:s0 tcontext=u:r:kernel:s0 tclass=capability permissive=0
11-11 00:53:50.295 I/auditd ( 0): type=1400 audit(0.0:3569): avc: denied { kill } for comm="swapper/0" capability=5 scontext=u:r:kernel:s0 tcontext=u:r:kernel:s0 tclass=capability permissive=0
11-11 00:53:51.299 I/auditd ( 0): type=1400 audit(0.0:3570): avc: denied { kill } for comm="swapper/0" capability=5 scontext=u:r:kernel:s0 tcontext=u:r:kernel:s0 tclass=capability permissive=0
11-11 00:53:52.295 I/auditd ( 0): type=1400 audit(0.0:3571): avc: denied { kill } for comm="swapper/0" capability=5 scontext=u:r:kernel:s0 tcontext=u:r:kernel:s0 tclass=capability permissive=0
11-11 00:53:53.295 I/auditd ( 0): type=1400 audit(0.0:3572): avc: denied { kill } for comm="swapper/0" capability=5 scontext=u:r:kernel:s0 tcontext=u:r:kernel:s0 tclass=capability permissive=0
11-11 00:53:54.295 I/auditd ( 0): type=1400 audit(0.0:3573): avc: denied { kill } for comm="swapper/0" capability=5 scontext=u:r:kernel:s0 tcontext=u:r:kernel:s0 tclass=capability permissive=0
11-11 00:53:55.299 I/auditd ( 0): type=1400 audit(0.0:3574): avc: denied { kill } for comm="swapper/0" capability=5 scontext=u:r:kernel:s0 tcontext=u:r:kernel:s0 tclass=capability permissive=0
11-11 00:53:56.295 I/auditd ( 0): type=1400 audit(0.0:3575): avc: denied { kill } for comm="swapper/0" capability=5 scontext=u:r:kernel:s0 tcontext=u:r:kernel:s0 tclass=capability permissive=0
11-11 00:53:57.299 I/auditd ( 0): type=1400 audit(0.0:3576): avc: denied { kill } for comm="swapper/0" capability=5 scontext=u:r:kernel:s0 tcontext=u:r:kernel:s0 tclass=capability permissive=0
11-11 00:53:58.295 I/auditd ( 0): type=1400 audit(0.0:3577): avc: denied { kill } for comm="swapper/0" capability=5 scontext=u:r:kernel:s0 tcontext=u:r:kernel:s0 tclass=capability permissive=0
11-11 00:53:59.182 I/input_interaction( 1491): Interaction with: 892079 StatusBar (server), edge-swipe (server), swipe-up (server), PointerEventDispatcher0 (server),
11-11 00:53:59.186 I/sysui_multi_action( 1971): [757,803,799,panel_open,802,1]
11-11 00:53:59.186 I/sysui_multi_action( 1971): [757,1328,758,4,1326,39,1327,1,1329,0]
11-11 00:53:59.263 I/sysui_multi_action( 1491): [757,127,758,1]
11-11 00:53:59.263 I/sysui_multi_action( 1491): [757,804,799,note_load,801,2,802,1]
11-11 00:53:59.263 I/notification_panel_revealed( 1491): 2
11-11 00:53:59.277 I/input_focus( 1491): [Focus request 4ae03d4 NotificationShade,reason=UpdateInputWindows]
11-11 00:53:59.285 I/sysui_multi_action( 1491): [757,128,758,1,793,415627991,794,0,795,415627991,796,26,798,0,806,android,857,DEVELOPER_IMPORTANT,858,4,947,0,1395,2,1500,415627742,1688,1]
11-11 00:53:59.285 I/sysui_multi_action( 1491): [757,804,799,note_freshness,801,415627991,802,1]
11-11 00:53:59.285 I/notification_visibility( 1491): [-1|android|26|null|1000,1,415627991,415627991,0,0]
11-11 00:53:59.286 I/sysui_multi_action( 1491): [757,128,758,1,793,415628573,794,0,795,415628573,796,32,798,1,806,android,857,USB,858,1,947,0,1395,2,1500,415628314,1688,1]
11-11 00:53:59.286 I/sysui_multi_action( 1491): [757,804,799,note_freshness,801,415628573,802,1]
11-11 00:53:59.286 I/notification_visibility( 1491): [-1|android|32|null|1000,1,415628573,415628573,0,1]
11-11 00:53:59.292 I/input_focus( 1491): [Focus leaving 61dc244 com.android.launcher3/com.android.launcher3.uioverrides.QuickstepLauncher (server),reason=setFocusedWindow]
11-11 00:53:59.292 I/input_focus( 1491): [Focus entering 4ae03d4 NotificationShade (server),reason=setFocusedWindow]
11-11 00:53:59.295 I/auditd ( 6125): type=1400 audit(0.0:3578): avc: denied { kill } for comm="kworker/u16:10" capability=5 scontext=u:r:kernel:s0 tcontext=u:r:kernel:s0 tclass=capability permissive=0
11-11 00:53:59.374 I/sysui_multi_action( 1971): [757,111,758,1]
11-11 00:53:59.374 I/sysui_multi_action( 1971): [757,126,758,1,759,126,927,0,928,1,1593,0]
11-11 00:53:59.374 I/sysui_multi_action( 1971): [757,113,758,1,759,113,927,1,928,0,1593,0]
11-11 00:53:59.374 I/sysui_multi_action( 1971): [757,0,758,1,759,0,927,2,928,0,1593,0]
11-11 00:53:59.374 I/sysui_multi_action( 1971): [757,0,758,1,759,0,927,3,928,0,1593,0]
11-11 00:53:59.375 I/sysui_multi_action( 1971): [757,491,758,1,759,491,927,4,928,0,1311,-1,1593,0]
11-11 00:53:59.375 I/sysui_multi_action( 1971): [757,0,758,1,759,0,927,5,928,0,1593,0]
11-11 00:53:59.375 I/sysui_multi_action( 1971): [757,111,758,1]
11-11 00:53:59.375 I/sysui_multi_action( 1971): [757,126,758,1,759,126,927,0,928,1,1593,0]
11-11 00:53:59.375 I/sysui_multi_action( 1971): [757,113,758,1,759,113,927,1,928,0,1593,0]
11-11 00:53:59.375 I/sysui_multi_action( 1971): [757,0,758,1,759,0,927,2,928,0,1593,0]
11-11 00:53:59.375 I/sysui_multi_action( 1971): [757,0,758,1,759,0,927,3,928,0,1593,0]
11-11 00:53:59.400 I/service_manager_stats( 1491): [100,31,109907]
11-11 00:54:00.295 I/auditd ( 0): type=1400 audit(0.0:3579): avc: denied { kill } for comm="swapper/0" capability=5 scontext=u:r:kernel:s0 tcontext=u:r:kernel:s0 tclass=capability permissive=0
11-11 00:54:01.346 I/input_interaction( 1491): Interaction with: 4ae03d4 NotificationShade (server), edge-swipe (server), swipe-up (server), PointerEventDispatcher0 (server),
11-11 00:54:01.816 I/sysui_multi_action( 1971): [757,111,758,2]
11-11 00:54:01.817 I/sysui_multi_action( 1971): [757,111,758,2]
11-11 00:54:02.031 I/input_focus( 1491): [Focus request 61dc244 com.android.launcher3/com.android.launcher3.uioverrides.QuickstepLauncher,reason=UpdateInputWindows]
11-11 00:54:02.036 I/sysui_multi_action( 1491): [757,128,758,2,793,415630743,794,2752,795,415630743,796,26,798,0,806,android,857,DEVELOPER_IMPORTANT,858,4,947,0,1395,2,1500,415630494,1688,1]
11-11 00:54:02.037 I/notification_visibility( 1491): [-1|android|26|null|1000,0,415630743,415630743,0,0]
11-11 00:54:02.038 I/sysui_multi_action( 1491): [757,128,758,2,793,415631326,794,2753,795,415631326,796,32,798,1,806,android,857,USB,858,1,947,0,1395,2,1500,415631067,1688,1]
11-11 00:54:02.038 I/notification_visibility( 1491): [-1|android|32|null|1000,0,415631326,415631326,0,1]
11-11 00:54:02.039 I/sysui_multi_action( 1491): [757,127,758,2]
11-11 00:54:02.039 I/notification_panel_hidden( 1491):
11-11 00:54:02.054 I/input_focus( 1491): [Focus leaving 4ae03d4 NotificationShade (server),reason=NO_WINDOW]
11-11 00:54:02.055 I/input_focus( 1491): [Focus entering 61dc244 com.android.launcher3/com.android.launcher3.uioverrides.QuickstepLauncher (server),reason=setFocusedWindow]
11-11 00:54:02.295 I/auditd ( 0): type=1400 audit(0.0:3580): avc: denied { kill } for comm="swapper/3" capability=5 scontext=u:r:kernel:s0 tcontext=u:r:kernel:s0 tclass=capability permissive=0
11-11 00:54:02.500 I/input_interaction( 1491): Interaction with: 892079 StatusBar (server), edge-swipe (server), swipe-up (server), PointerEventDispatcher0 (server),
11-11 00:54:02.504 I/sysui_multi_action( 1971): [757,803,799,panel_open,802,1]
11-11 00:54:02.504 I/sysui_multi_action( 1971): [757,1328,758,4,1326,44,1327,1,1329,0]
11-11 00:54:02.535 I/sysui_multi_action( 1491): [757,127,758,1]
11-11 00:54:02.535 I/sysui_multi_action( 1491): [757,804,799,note_load,801,2,802,1]
11-11 00:54:02.535 I/notification_panel_revealed( 1491): 2
11-11 00:54:02.542 I/input_focus( 1491): [Focus request 4ae03d4 NotificationShade,reason=UpdateInputWindows]
11-11 00:54:02.552 I/sysui_multi_action( 1491): [757,128,758,1,793,415631259,794,0,795,415631259,796,26,798,0,806,android,857,DEVELOPER_IMPORTANT,858,4,947,0,1395,2,1500,415631010,1688,1]
11-11 00:54:02.552 I/sysui_multi_action( 1491): [757,804,799,note_freshness,801,415631259,802,1]
11-11 00:54:02.552 I/notification_visibility( 1491): [-1|android|26|null|1000,1,415631259,415631259,0,0]
11-11 00:54:02.552 I/sysui_multi_action( 1491): [757,128,758,1,793,415631840,794,0,795,415631840,796,32,798,1,806,android,857,USB,858,1,947,0,1395,2,1500,415631581,1688,1]
11-11 00:54:02.553 I/sysui_multi_action( 1491): [757,804,799,note_freshness,801,415631840,802,1]
11-11 00:54:02.553 I/notification_visibility( 1491): [-1|android|32|null|1000,1,415631840,415631840,0,1]
11-11 00:54:02.567 I/input_focus( 1491): [Focus leaving 61dc244 com.android.launcher3/com.android.launcher3.uioverrides.QuickstepLauncher (server),reason=setFocusedWindow]
11-11 00:54:02.567 I/input_focus( 1491): [Focus entering 4ae03d4 NotificationShade (server),reason=setFocusedWindow]
11-11 00:54:02.598 I/sysui_multi_action( 1971): [757,111,758,1]
11-11 00:54:02.598 I/sysui_multi_action( 1971): [757,126,758,1,759,126,927,0,928,1,1593,0]
11-11 00:54:02.599 I/sysui_multi_action( 1971): [757,113,758,1,759,113,927,1,928,0,1593,0]
11-11 00:54:02.599 I/sysui_multi_action( 1971): [757,0,758,1,759,0,927,2,928,0,1593,0]
11-11 00:54:02.599 I/sysui_multi_action( 1971): [757,0,758,1,759,0,927,3,928,0,1593,0]
11-11 00:54:02.599 I/sysui_multi_action( 1971): [757,491,758,1,759,491,927,4,928,0,1311,-1,1593,0]
11-11 00:54:02.599 I/sysui_multi_action( 1971): [757,0,758,1,759,0,927,5,928,0,1593,0]
11-11 00:54:02.600 I/sysui_multi_action( 1971): [757,111,758,1]
11-11 00:54:02.600 I/sysui_multi_action( 1971): [757,126,758,1,759,126,927,0,928,1,1593,0]
11-11 00:54:02.600 I/sysui_multi_action( 1971): [757,113,758,1,759,113,927,1,928,0,1593,0]
11-11 00:54:02.600 I/sysui_multi_action( 1971): [757,0,758,1,759,0,927,2,928,0,1593,0]
11-11 00:54:02.600 I/sysui_multi_action( 1971): [757,0,758,1,759,0,927,3,928,0,1593,0]
11-11 00:54:04.295 I/auditd ( 0): type=1400 audit(0.0:3581): avc: denied { kill } for comm="swapper/1" capability=5 scontext=u:r:kernel:s0 tcontext=u:r:kernel:s0 tclass=capability permissive=0
11-11 00:54:06.295 I/auditd ( 0): type=1400 audit(0.0:3582): avc: denied { kill } for comm="swapper/1" capability=5 scontext=u:r:kernel:s0 tcontext=u:r:kernel:s0 tclass=capability permissive=0
11-11 00:54:07.295 I/auditd ( 0): type=1400 audit(0.0:3583): avc: denied { kill } for comm="swapper/1" capability=5 scontext=u:r:kernel:s0 tcontext=u:r:kernel:s0 tclass=capability permissive=0
11-11 00:54:07.646 I/am_uid_idle( 1491): 10051
11-11 00:54:08.299 I/auditd ( 0): type=1400 audit(0.0:3584): avc: denied { kill } for comm="swapper/1" capability=5 scontext=u:r:kernel:s0 tcontext=u:r:kernel:s0 tclass=capability permissive=0
11-11 00:54:09.295 I/auditd ( 0): type=1400 audit(0.0:3585): avc: denied { kill } for comm="swapper/1" capability=5 scontext=u:r:kernel:s0 tcontext=u:r:kernel:s0 tclass=capability permissive=0
11-11 00:54:10.299 I/auditd ( 0): type=1400 audit(0.0:3586): avc: denied { kill } for comm="swapper/1" capability=5 scontext=u:r:kernel:s0 tcontext=u:r:kernel:s0 tclass=capability permissive=0
11-11 00:54:11.295 I/auditd ( 0): type=1400 audit(0.0:3587): avc: denied { kill } for comm="swapper/1" capability=5 scontext=u:r:kernel:s0 tcontext=u:r:kernel:s0 tclass=capability permissive=0
11-11 00:54:12.299 I/auditd ( 0): type=1400 audit(0.0:3588): avc: denied { kill } for comm="swapper/1" capability=5 scontext=u:r:kernel:s0 tcontext=u:r:kernel:s0 tclass=capability permissive=0
11-11 00:54:13.299 I/auditd ( 0): type=1400 audit(0.0:3589): avc: denied { kill } for comm="swapper/1" capability=5 scontext=u:r:kernel:s0 tcontext=u:r:kernel:s0 tclass=capability permissive=0
11-11 00:54:13.364 I/am_uid_idle( 1491): 10064
11-11 00:54:14.299 I/auditd ( 0): type=1400 audit(0.0:3590): avc: denied { kill } for comm="swapper/1" capability=5 scontext=u:r:kernel:s0 tcontext=u:r:kernel:s0 tclass=capability permissive=0
11-11 00:54:15.299 I/auditd ( 0): type=1400 audit(0.0:3591): avc: denied { kill } for comm="swapper/1" capability=5 scontext=u:r:kernel:s0 tcontext=u:r:kernel:s0 tclass=capability permissive=0
11-11 00:54:16.295 I/auditd ( 0): type=1400 audit(0.0:3592): avc: denied { kill } for comm="swapper/1" capability=5 scontext=u:r:kernel:s0 tcontext=u:r:kernel:s0 tclass=capability permissive=0
11-11 00:54:17.295 I/auditd ( 0): type=1400 audit(0.0:3593): avc: denied { kill } for comm="swapper/1" capability=5 scontext=u:r:kernel:s0 tcontext=u:r:kernel:s0 tclass=capability permissive=0
11-11 00:54:18.295 I/auditd ( 0): type=1400 audit(0.0:3594): avc: denied { kill } for comm="swapper/1" capability=5 scontext=u:r:kernel:s0 tcontext=u:r:kernel:s0 tclass=capability permissive=0
11-11 00:54:19.295 I/auditd ( 0): type=1400 audit(0.0:3595): avc: denied { kill } for comm="swapper/1" capability=5 scontext=u:r:kernel:s0 tcontext=u:r:kernel:s0 tclass=capability permissive=0
11-11 00:54:20.295 I/auditd ( 0): type=1400 audit(0.0:3596): avc: denied { kill } for comm="swapper/1" capability=5 scontext=u:r:kernel:s0 tcontext=u:r:kernel:s0 tclass=capability permissive=0
11-11 00:54:21.295 I/auditd ( 0): type=1400 audit(0.0:3597): avc: denied { kill } for comm="swapper/1" capability=5 scontext=u:r:kernel:s0 tcontext=u:r:kernel:s0 tclass=capability permissive=0
11-11 00:54:22.018 I/volume_changed( 1491): [3,16,18,39,android]
11-11 00:54:22.019 I/sysui_multi_action( 1971): [757,210,758,4,759,3]
11-11 00:54:22.040 I/sysui_multi_action( 1971): [757,207,758,1]
11-11 00:54:22.040 I/sysui_multi_action( 1971): [757,804,799,volume_from_keyguard,801,0,802,1]
11-11 00:54:22.069 I/sysui_multi_action( 1971): [757,207,758,1]
11-11 00:54:22.069 I/sysui_multi_action( 1971): [757,804,799,volume_from_keyguard,801,0,802,1]
11-11 00:54:22.295 I/auditd ( 0): type=1400 audit(0.0:3598): avc: denied { kill } for comm="swapper/1" capability=5 scontext=u:r:kernel:s0 tcontext=u:r:kernel:s0 tclass=capability permissive=0
11-11 00:54:22.736 I/commit_sys_config_file( 1491): [settings-1-0,7]
11-11 00:54:23.295 I/auditd ( 0): type=1400 audit(0.0:3599): avc: denied { kill } for comm="swapper/1" capability=5 scontext=u:r:kernel:s0 tcontext=u:r:kernel:s0 tclass=capability permissive=0
11-11 00:54:24.295 I/auditd ( 0): type=1400 audit(0.0:3600): avc: denied { kill } for comm="swapper/1" capability=5 scontext=u:r:kernel:s0 tcontext=u:r:kernel:s0 tclass=capability permissive=0
11-11 00:54:25.069 I/sysui_multi_action( 1971): [757,207,758,2]
11-11 00:54:25.072 I/sysui_multi_action( 1971): [757,210,758,4,759,-1]
11-11 00:54:25.295 I/auditd ( 0): type=1400 audit(0.0:3601): avc: denied { kill } for comm="swapper/1" capability=5 scontext=u:r:kernel:s0 tcontext=u:r:kernel:s0 tclass=capability permissive=0
11-11 00:54:26.295 I/auditd ( 0): type=1400 audit(0.0:3602): avc: denied { kill } for comm="swapper/1" capability=5 scontext=u:r:kernel:s0 tcontext=u:r:kernel:s0 tclass=capability permissive=0
11-11 00:54:27.299 I/auditd ( 0): type=1400 audit(0.0:3603): avc: denied { kill } for comm="swapper/1" capability=5 scontext=u:r:kernel:s0 tcontext=u:r:kernel:s0 tclass=capability permissive=0
11-11 00:54:28.295 I/auditd ( 0): type=1400 audit(0.0:3604): avc: denied { kill } for comm="swapper/1" capability=5 scontext=u:r:kernel:s0 tcontext=u:r:kernel:s0 tclass=capability permissive=0
11-11 00:54:28.944 I/input_interaction( 1491): Interaction with: 4ae03d4 NotificationShade (server), edge-swipe (server), swipe-up (server), PointerEventDispatcher0 (server),
11-11 00:54:29.097 I/sysui_multi_action( 1971): [757,925,758,4,759,0,927,3,928,0,1592,0,1593,1]
11-11 00:54:29.127 I/wm_task_created( 1491): [98,-1]
11-11 00:54:29.130 I/wm_task_moved( 1491): [98,1,6]
11-11 00:54:29.130 I/wm_task_to_front( 1491): [0,98]
11-11 00:54:29.130 I/wm_create_task( 1491): [0,98]
11-11 00:54:29.130 I/wm_create_activity( 1491): [0,58682258,98,com.android.systemui/.screenrecord.ScreenRecordDialog,NULL,NULL,NULL,276824064]
11-11 00:54:29.130 I/wm_task_moved( 1491): [98,1,6]
11-11 00:54:29.130 I/wm_on_top_resumed_lost_called( 2490): [146330618,com.android.launcher3.uioverrides.QuickstepLauncher,topStateChangedWhenResumed]
11-11 00:54:29.131 I/wm_pause_activity( 1491): [0,146330618,com.android.launcher3/.uioverrides.QuickstepLauncher,userLeaving=true,pauseBackTasks]
11-11 00:54:29.133 I/wm_on_paused_called( 2490): [146330618,com.android.launcher3.uioverrides.QuickstepLauncher,performPause]
11-11 00:54:29.136 I/wm_restart_activity( 1491): [0,58682258,98,com.android.systemui/.screenrecord.ScreenRecordDialog]
11-11 00:54:29.136 I/wm_set_resumed_activity( 1491): [0,com.android.systemui/.screenrecord.ScreenRecordDialog,minimalResumeActivityLocked]
11-11 00:54:29.138 I/sysui_multi_action( 1491): [757,803,799,window_time_0,802,82]
11-11 00:54:29.162 I/input_focus( 1491): [Focus leaving 4ae03d4 NotificationShade (server),reason=NOT_FOCUSABLE]
11-11 00:54:29.177 I/wm_on_create_called( 1971): [58682258,com.android.systemui.screenrecord.ScreenRecordDialog,performCreate]
11-11 00:54:29.177 I/wm_on_start_called( 1971): [58682258,com.android.systemui.screenrecord.ScreenRecordDialog,handleStartActivity]
11-11 00:54:29.178 I/wm_on_resume_called( 1971): [58682258,com.android.systemui.screenrecord.ScreenRecordDialog,RESUME_ACTIVITY]
11-11 00:54:29.179 I/wm_on_top_resumed_gained_called( 1971): [58682258,com.android.systemui.screenrecord.ScreenRecordDialog,topStateChangedWhenResumed]
11-11 00:54:29.189 I/input_focus( 1491): [Focus request eb4b1db com.android.systemui/com.android.systemui.screenrecord.ScreenRecordDialog,reason=UpdateInputWindows]
11-11 00:54:29.200 I/sysui_multi_action( 1491): [319,75,322,75,325,3250,757,761,758,8,759,2,806,com.android.systemui,871,com.android.systemui.screenrecord.ScreenRecordDialog,904,com.android.systemui,905,0,1320,8,1321,5]
11-11 00:54:29.201 I/wm_activity_launch_time( 1491): [0,58682258,com.android.systemui/.screenrecord.ScreenRecordDialog,75]
11-11 00:54:29.229 I/input_focus( 1491): [Focus entering eb4b1db com.android.systemui/com.android.systemui.screenrecord.ScreenRecordDialog (server),reason=Window became focusable. Previous reason: NOT_VISIBLE]
11-11 00:54:29.240 I/am_uid_active( 1491): 10064
11-11 00:54:29.295 I/auditd ( 0): type=1400 audit(0.0:3605): avc: denied { kill } for comm="swapper/1" capability=5 scontext=u:r:kernel:s0 tcontext=u:r:kernel:s0 tclass=capability permissive=0
11-11 00:54:29.445 I/sysui_multi_action( 1971): [757,111,758,2]
11-11 00:54:29.445 I/sysui_multi_action( 1971): [757,111,758,2]
11-11 00:54:29.650 I/sysui_multi_action( 1491): [757,128,758,2,793,415658357,794,27098,795,415658357,796,26,798,0,806,android,857,DEVELOPER_IMPORTANT,858,4,947,0,1395,2,1500,415658108,1688,1]
11-11 00:54:29.650 I/notification_visibility( 1491): [-1|android|26|null|1000,0,415658357,415658357,0,0]
11-11 00:54:29.651 I/sysui_multi_action( 1491): [757,128,758,2,793,415658938,794,27098,795,415658938,796,32,798,1,806,android,857,USB,858,1,947,0,1395,2,1500,415658679,1688,1]
11-11 00:54:29.651 I/notification_visibility( 1491): [-1|android|32|null|1000,0,415658938,415658938,0,1]
11-11 00:54:29.651 I/sysui_multi_action( 1491): [757,127,758,2]
11-11 00:54:29.651 I/notification_panel_hidden( 1491):
11-11 00:54:30.299 I/auditd ( 0): type=1400 audit(0.0:3606): avc: denied { kill } for comm="swapper/1" capability=5 scontext=u:r:kernel:s0 tcontext=u:r:kernel:s0 tclass=capability permissive=0
11-11 00:54:30.500 I/input_interaction( 1491): Interaction with: eb4b1db com.android.systemui/com.android.systemui.screenrecord.ScreenRecordDialog (server), edge-swipe (server), swipe-up (server), PointerEventDispatcher0 (server),
11-11 00:54:31.295 I/auditd ( 0): type=1400 audit(0.0:3607): avc: denied { kill } for comm="swapper/1" capability=5 scontext=u:r:kernel:s0 tcontext=u:r:kernel:s0 tclass=capability permissive=0
11-11 00:54:32.295 I/auditd ( 0): type=1400 audit(0.0:3608): avc: denied { kill } for comm="swapper/1" capability=5 scontext=u:r:kernel:s0 tcontext=u:r:kernel:s0 tclass=capability permissive=0
11-11 00:54:33.295 I/auditd ( 0): type=1400 audit(0.0:3609): avc: denied { kill } for comm="swapper/1" capability=5 scontext=u:r:kernel:s0 tcontext=u:r:kernel:s0 tclass=capability permissive=0
11-11 00:54:34.295 I/auditd ( 0): type=1400 audit(0.0:3610): avc: denied { kill } for comm="swapper/1" capability=5 scontext=u:r:kernel:s0 tcontext=u:r:kernel:s0 tclass=capability permissive=0
11-11 00:54:35.295 I/auditd ( 0): type=1400 audit(0.0:3611): avc: denied { kill } for comm="swapper/1" capability=5 scontext=u:r:kernel:s0 tcontext=u:r:kernel:s0 tclass=capability permissive=0
11-11 00:54:36.295 I/auditd ( 0): type=1400 audit(0.0:3612): avc: denied { kill } for comm="swapper/1" capability=5 scontext=u:r:kernel:s0 tcontext=u:r:kernel:s0 tclass=capability permissive=0
11-11 00:54:37.295 I/auditd ( 0): type=1400 audit(0.0:3613): avc: denied { kill } for comm="swapper/1" capability=5 scontext=u:r:kernel:s0 tcontext=u:r:kernel:s0 tclass=capability permissive=0
11-11 00:54:37.554 I/am_wtf ( 1491): [0,1491,system_server,-1,ActivityManager,Sending non-protected broadcast com.android.systemui.screenrecord.UPDATE_STATE_OUTSIDE from system 1971:com.android.systemui/u0a78 pkg com.android.systemui]
11-11 00:54:37.556 I/wm_finish_activity( 1491): [0,58682258,98,com.android.systemui/.screenrecord.ScreenRecordDialog,app-request]
11-11 00:54:37.556 I/wm_task_moved( 1491): [1,1,6]
11-11 00:54:37.558 I/am_wtf ( 1491): [0,1491,system_server,-1,ActivityManager,Sending non-protected broadcast com.android.systemui.screenrecord.UPDATE_STATE_OUTSIDE from system 1971:com.android.systemui/u0a78 pkg com.android.systemui]
11-11 00:54:37.561 I/wm_task_moved( 1491): [90,1,2147483647]
11-11 00:54:37.561 I/wm_task_to_front( 1491): [0,90]
11-11 00:54:37.561 I/wm_focused_root_task( 1491): [0,0,1,-1,finish-top adjustFocusToNextFocusableTask]
11-11 00:54:37.594 I/wm_pause_activity( 1491): [0,58682258,com.android.systemui/.screenrecord.ScreenRecordDialog,userLeaving=false,finish]
11-11 00:54:37.601 I/input_focus( 1491): [Focus request 61dc244 com.android.launcher3/com.android.launcher3.uioverrides.QuickstepLauncher,reason=UpdateInputWindows]
11-11 00:54:37.608 I/wm_on_top_resumed_lost_called( 1971): [58682258,com.android.systemui.screenrecord.ScreenRecordDialog,topStateChangedWhenResumed]
11-11 00:54:37.610 I/wm_on_paused_called( 1971): [58682258,com.android.systemui.screenrecord.ScreenRecordDialog,performPause]
11-11 00:54:37.617 I/wm_set_resumed_activity( 1491): [0,com.android.launcher3/.uioverrides.QuickstepLauncher,resumeTopActivityInnerLocked]
11-11 00:54:37.621 I/wm_resume_activity( 1491): [0,146330618,90,com.android.launcher3/.uioverrides.QuickstepLauncher]
11-11 00:54:37.625 I/wm_on_resume_called( 2490): [146330618,com.android.launcher3.uioverrides.QuickstepLauncher,RESUME_ACTIVITY]
11-11 00:54:37.625 I/wm_on_top_resumed_gained_called( 2490): [146330618,com.android.launcher3.uioverrides.QuickstepLauncher,topWhenResuming]
11-11 00:54:37.637 I/input_focus( 1491): [Focus leaving eb4b1db com.android.systemui/com.android.systemui.screenrecord.ScreenRecordDialog (server),reason=NO_WINDOW]
11-11 00:54:37.639 I/input_focus( 1491): [Focus entering 61dc244 com.android.launcher3/com.android.launcher3.uioverrides.QuickstepLauncher (server),reason=setFocusedWindow]
11-11 00:54:37.641 I/sysui_multi_action( 1491): [757,803,799,window_time_0,802,8]
11-11 00:54:37.661 I/wm_destroy_activity( 1491): [0,58682258,98,com.android.systemui/.screenrecord.ScreenRecordDialog,finish-idle]
11-11 00:54:37.662 I/wm_on_stop_called( 1971): [58682258,com.android.systemui.screenrecord.ScreenRecordDialog,LIFECYCLER_STOP_ACTIVITY]
11-11 00:54:37.662 I/wm_on_destroy_called( 1971): [58682258,com.android.systemui.screenrecord.ScreenRecordDialog,performDestroy]
11-11 00:54:37.883 I/wm_task_removed( 1491): [98,removeChild:removeChild last r=ActivityRecord{37f6b92 u0 com.android.systemui/.screenrecord.ScreenRecordDialog t-1 f}} in t=Task{9c290b7 #98 type=standard A=10078:com.android.systemui U=0 visible=false mode=fullscreen translucent=true sz=0}]
11-11 00:54:37.883 I/wm_task_removed( 1491): [98,removeChild]
11-11 00:54:38.299 I/auditd ( 0): type=1400 audit(0.0:3614): avc: denied { kill } for comm="swapper/1" capability=5 scontext=u:r:kernel:s0 tcontext=u:r:kernel:s0 tclass=capability permissive=0
11-11 00:54:39.295 I/auditd ( 0): type=1400 audit(0.0:3615): avc: denied { kill } for comm="swapper/1" capability=5 scontext=u:r:kernel:s0 tcontext=u:r:kernel:s0 tclass=capability permissive=0
11-11 00:54:40.299 I/auditd ( 0): type=1400 audit(0.0:3616): avc: denied { kill } for comm="swapper/1" capability=5 scontext=u:r:kernel:s0 tcontext=u:r:kernel:s0 tclass=capability permissive=0
11-11 00:54:40.670 I/auditd ( 508): avc: denied { find } for pid=1200 uid=1013 name=package_native scontext=u:r:mediaserver:s0 tcontext=u:object_r:package_native_service:s0 tclass=service_manager permissive=0
11-11 00:54:40.670 I/auditd ( 508): avc: denied { find } for pid=1200 uid=1013 name=package_native scontext=u:r:mediaserver:s0 tcontext=u:object_r:package_native_service:s0 tclass=service_manager permissive=0
11-11 00:54:40.766 I/sysui_multi_action( 1491): [757,1659,758,4,759,2,1660,2]
11-11 00:54:40.868 I/am_wtf ( 1491): [0,1491,system_server,-1,ActivityManager,Sending non-protected broadcast com.android.systemui.screenrecord.UPDATE_STATE_OUTSIDE from system 1971:com.android.systemui/u0a78 pkg com.android.systemui]
11-11 00:54:40.870 I/am_wtf ( 1491): [0,1491,system_server,-1,ActivityManager,Sending non-protected broadcast com.android.systemui.screenrecord.UPDATE_STATE_OUTSIDE from system 1971:com.android.systemui/u0a78 pkg com.android.systemui]
11-11 00:54:40.874 I/notification_enqueue( 1491): [10078,1971,com.android.systemui,4274,NULL,0,Notification(channel=screen_record shortcut=null contentView=null vibrate=null sound=null defaults=0x0 flags=0x42 color=0xffc5221f actions=1 vis=PRIVATE),0]
11-11 00:54:41.075 I/sysui_multi_action( 1491): [757,1501,758,1,793,202,794,0,795,202,796,4274,806,com.android.systemui,857,screen_record,858,3,947,0,1500,0,1688,1]
11-11 00:54:41.076 I/sysui_multi_action( 1491): [757,804,799,note_interruptive,801,0,802,1]
11-11 00:54:41.077 I/sysui_multi_action( 1491): [757,1501,758,1,793,204,794,0,795,204,796,4274,806,com.android.systemui,857,screen_record,858,3,947,0,1500,0,1688,1]
11-11 00:54:41.078 I/sysui_multi_action( 1491): [757,804,799,note_interruptive,801,0,802,1]
11-11 00:54:41.078 I/sysui_multi_action( 1491): [757,199,758,1,759,1,793,205,794,0,795,205,796,4274,806,com.android.systemui,857,screen_record,858,3,947,0,1500,1,1688,1]
11-11 00:54:41.078 I/notification_alert( 1491): [0|com.android.systemui|4274|null|10078,1,0,0]
11-11 00:54:41.295 I/auditd ( 0): type=1400 audit(0.0:3617): avc: denied { kill } for comm="swapper/1" capability=5 scontext=u:r:kernel:s0 tcontext=u:r:kernel:s0 tclass=capability permissive=0
11-11 00:54:42.295 I/auditd ( 0): type=1400 audit(0.0:3618): avc: denied { kill } for comm="swapper/1" capability=5 scontext=u:r:kernel:s0 tcontext=u:r:kernel:s0 tclass=capability permissive=0
11-11 00:54:43.295 I/auditd ( 0): type=1400 audit(0.0:3619): avc: denied { kill } for comm="swapper/1" capability=5 scontext=u:r:kernel:s0 tcontext=u:r:kernel:s0 tclass=capability permissive=0
11-11 00:54:44.295 I/auditd ( 0): type=1400 audit(0.0:3620): avc: denied { kill } for comm="swapper/1" capability=5 scontext=u:r:kernel:s0 tcontext=u:r:kernel:s0 tclass=capability permissive=0
11-11 00:54:45.295 I/auditd ( 0): type=1400 audit(0.0:3621): avc: denied { kill } for comm="swapper/1" capability=5 scontext=u:r:kernel:s0 tcontext=u:r:kernel:s0 tclass=capability permissive=0
11-11 00:54:47.232 I/am_uid_active( 1491): 10095
11-11 00:54:47.295 I/auditd ( 0): type=1400 audit(0.0:3622): avc: denied { kill } for comm="swapper/2" capability=5 scontext=u:r:kernel:s0 tcontext=u:r:kernel:s0 tclass=capability permissive=0
11-11 00:54:48.295 I/auditd ( 0): type=1400 audit(0.0:3623): avc: denied { kill } for comm="swapper/2" capability=5 scontext=u:r:kernel:s0 tcontext=u:r:kernel:s0 tclass=capability permissive=0
11-11 00:54:49.295 I/auditd ( 0): type=1400 audit(0.0:3624): avc: denied { kill } for comm="swapper/2" capability=5 scontext=u:r:kernel:s0 tcontext=u:r:kernel:s0 tclass=capability permissive=0
11-11 00:54:50.295 I/auditd ( 0): type=1400 audit(0.0:3625): avc: denied { kill } for comm="swapper/2" capability=5 scontext=u:r:kernel:s0 tcontext=u:r:kernel:s0 tclass=capability permissive=0
11-11 00:54:50.590 I/commit_sys_config_file( 1491): [appops,3251953]
11-11 00:54:51.299 I/auditd ( 0): type=1400 audit(0.0:3626): avc: denied { kill } for comm="swapper/2" capability=5 scontext=u:r:kernel:s0 tcontext=u:r:kernel:s0 tclass=capability permissive=0
11-11 00:54:53.295 I/auditd ( 0): type=1400 audit(0.0:3627): avc: denied { kill } for comm="swapper/2" capability=5 scontext=u:r:kernel:s0 tcontext=u:r:kernel:s0 tclass=capability permissive=0
11-11 00:54:54.033 I/netstats_mobile_sample( 1491): [0,0,0,0,0,0,0,0,0,0,0,0,1668084894033]
11-11 00:54:54.033 I/netstats_wifi_sample( 1491): [53153257,117610,36691176,83295,53153257,117610,36691176,83295,87832190,189950,18958947,43160,1668084894033]
11-11 00:54:54.295 I/auditd ( 0): type=1400 audit(0.0:3628): avc: denied { kill } for comm="swapper/2" capability=5 scontext=u:r:kernel:s0 tcontext=u:r:kernel:s0 tclass=capability permissive=0
11-11 00:54:55.295 I/auditd ( 0): type=1400 audit(0.0:3629): avc: denied { kill } for comm="swapper/2" capability=5 scontext=u:r:kernel:s0 tcontext=u:r:kernel:s0 tclass=capability permissive=0
11-11 00:54:56.295 I/auditd ( 0): type=1400 audit(0.0:3630): avc: denied { kill } for comm="swapper/2" capability=5 scontext=u:r:kernel:s0 tcontext=u:r:kernel:s0 tclass=capability permissive=0
11-11 00:54:57.295 I/auditd ( 0): type=1400 audit(0.0:3631): avc: denied { kill } for comm="swapper/2" capability=5 scontext=u:r:kernel:s0 tcontext=u:r:kernel:s0 tclass=capability permissive=0
11-11 00:54:58.295 I/auditd ( 0): type=1400 audit(0.0:3632): avc: denied { kill } for comm="swapper/2" capability=5 scontext=u:r:kernel:s0 tcontext=u:r:kernel:s0 tclass=capability permissive=0
11-11 00:55:00.295 I/auditd ( 0): type=1400 audit(0.0:3633): avc: denied { kill } for comm="swapper/2" capability=5 scontext=u:r:kernel:s0 tcontext=u:r:kernel:s0 tclass=capability permissive=0
