11-11 04:09:31.377 I/sysui_multi_action( 1971): [757,804,799,volume_from_keyguard,801,0,802,1]
11-11 04:09:31.378 I/vol.Events( 1971): writeEvent show_dialog volume_changed keyguard=false
11-11 04:09:31.378 D/BluetoothPbapService( 7489): getConnectionState: 60:F4:3A:B2:E8:8D
11-11 04:09:31.380 D/HearingAidService( 7489): getActiveDevices
11-11 04:09:31.381 I/sysui_multi_action( 1971): [757,207,758,1]
11-11 04:09:31.381 I/sysui_multi_action( 1971): [757,804,799,volume_from_keyguard,801,0,802,1]
11-11 04:09:31.381 I/vol.Events( 1971): writeEvent show_dialog volume_changed keyguard=false
11-11 04:09:31.381 W/View ( 1971): requestLayout() improperly called by android.widget.FrameLayout{6741a03 I.E...... ......ID 0,0-780,182 #2bc} during second layout pass: posting in next frame
11-11 04:09:31.381 W/View ( 1971): requestLayout() improperly called by com.android.systemui.statusbar.AlphaOptimizedImageView{251aab2 VFED..C.. ......ID 0,0-140,182} during second layout pass: posting in next frame
11-11 04:09:31.393 W/View ( 1971): requestLayout() improperly called by android.widget.FrameLayout{6741a03 I.E...... ......ID 0,0-780,182 #2bc} during layout: running second layout pass
11-11 04:09:31.393 W/View ( 1971): requestLayout() improperly called by com.android.systemui.statusbar.AlphaOptimizedImageView{251aab2 VFED..C.. ......ID 0,0-140,182} during layout: running second layout pass
11-11 04:09:31.396 W/View ( 1971): requestLayout() improperly called by android.widget.FrameLayout{6741a03 I.E...... ......ID 0,0-780,182 #2bc} during second layout pass: posting in next frame
11-11 04:09:31.396 W/View ( 1971): requestLayout() improperly called by com.android.systemui.statusbar.AlphaOptimizedImageView{251aab2 VFED..C.. ......ID 0,0-140,182} during second layout pass: posting in next frame
11-11 04:09:31.405 D/MicroService( 2135): getEvent: clientSocket = Socket[address=/192.168.4.4,port=47636,localPort=9999]
11-11 04:09:31.405 D/MicroService( 2135): run: called
11-11 04:09:31.405 D/MicroService( 2135): getEvent: start waiting...
11-11 04:09:31.408 W/kcp_info(26818): HCDN_LOG: [T:27125]Update: udp kcp size[0], timeout kcp size[0]
11-11 04:09:31.408 I/MicroService( 2135): getStringByData(noZero): IDCM_CarAudioService
11-11 04:09:31.408 I/MicroService( 2135): getStringByData(noZero): FSEM_AudioService
11-11 04:09:31.408 I/MicroService( 2135): getStringByData: {"srcService":"IDCM_CarAudioService","dstService":"FSEM_AudioService","methodName":"setVolume","messageType":0,"uuid":14961327682624,"parameters":{"functionInfo":{"IDCM_VolumeValue_Media":"25"}}}
11-11 04:09:31.408 I/MicroService( 2135): Receive message: SocketMessageBean{businessData='21930', srcService='IDCM_CarAudioService', destService='FSEM_AudioService', messageType='0', uuid='14961327682624', payloadData={"srcService":"IDCM_CarAudioService","dstService":"FSEM_AudioService","methodName":"setVolume","messageType":0,"uuid":14961327682624,"parameters":{"functionInfo":{"IDCM_VolumeValue_Media":"25"}}}}
11-11 04:09:31.408 I/MicroService( 2135): dealMessage: 0
11-11 04:09:31.409 I/MicroService( 2135): onRequest(setVolume): {"functionInfo":{"IDCM_VolumeValue_Media":"25"}}
11-11 04:09:31.411 W/View ( 1971): requestLayout() improperly called by android.widget.FrameLayout{6741a03 I.E...... ......ID 0,0-780,182 #2bc} during layout: running second layout pass
11-11 04:09:31.411 W/View ( 1971): requestLayout() improperly called by com.android.systemui.statusbar.AlphaOptimizedImageView{251aab2 VFED..C.. ......ID 0,0-140,182} during layout: running second layout pass
11-11 04:09:31.413 W/View ( 1971): requestLayout() improperly called by android.widget.FrameLayout{6741a03 I.E...... ......ID 0,0-780,182 #2bc} during second layout pass: posting in next frame
11-11 04:09:31.413 W/View ( 1971): requestLayout() improperly called by com.android.systemui.statusbar.AlphaOptimizedImageView{251aab2 VFED..C.. ......ID 0,0-140,182} during second layout pass: posting in next frame
11-11 04:09:31.422 D/MicroService( 2135): getEvent: clientSocket = Socket[address=/192.168.4.4,port=47638,localPort=9999]
11-11 04:09:31.423 D/MicroService( 2135): run: called
11-11 04:09:31.423 D/MicroService( 2135): getEvent: start waiting...
11-11 04:09:31.428 W/View ( 1971): requestLayout() improperly called by android.widget.FrameLayout{6741a03 I.E...... ......ID 0,0-780,182 #2bc} during layout: running second layout pass
11-11 04:09:31.428 W/View ( 1971): requestLayout() improperly called by com.android.systemui.statusbar.AlphaOptimizedImageView{251aab2 VFED..C.. ......ID 0,0-140,182} during layout: running second layout pass
11-11 04:09:31.429 I/mpu_uart( 648): [MSG-P:RECV]:No message received in 1000 ms
11-11 04:09:31.429 I/MicroService( 2135): getStringByData(noZero): IDCM_CarAudioService
11-11 04:09:31.429 I/MicroService( 2135): getStringByData(noZero): FSEM_AudioService
11-11 04:09:31.430 I/MicroService( 2135): getStringByData: {"srcService":"IDCM_CarAudioService","dstService":"FSEM_AudioService","methodName":"setVolume","messageType":0,"uuid":14961355573197,"parameters":{"functionInfo":{"IDCM_VolumeValue_Media":"26"}}}
11-11 04:09:31.430 I/MicroService( 2135): Receive message: SocketMessageBean{businessData='21930', srcService='IDCM_CarAudioService', destService='FSEM_AudioService', messageType='0', uuid='14961355573197', payloadData={"srcService":"IDCM_CarAudioService","dstService":"FSEM_AudioService","methodName":"setVolume","messageType":0,"uuid":14961355573197,"parameters":{"functionInfo":{"IDCM_VolumeValue_Media":"26"}}}}
11-11 04:09:31.430 I/MicroService( 2135): dealMessage: 0
11-11 04:09:31.430 I/MicroService( 2135): onRequest(setVolume): {"functionInfo":{"IDCM_VolumeValue_Media":"26"}}
11-11 04:09:31.431 I/volume_changed( 1491): [3,24,25,39,android]
11-11 04:09:31.435 I/vol.Events( 1971): writeEvent level_changed STREAM_RING 5
11-11 04:09:31.435 I/vol.Events( 1971): writeEvent level_changed STREAM_SYSTEM 5
11-11 04:09:31.442 I/vol.Events( 1971): writeEvent level_changed STREAM_MUSIC 25
11-11 04:09:31.443 W/View ( 1971): requestLayout() improperly called by android.widget.FrameLayout{6741a03 I.E...... ......ID 0,0-780,182 #2bc} during second layout pass: posting in next frame
11-11 04:09:31.444 W/View ( 1971): requestLayout() improperly called by com.android.systemui.statusbar.AlphaOptimizedImageView{251aab2 VFED..C.. ......ID 0,0-140,182} during second layout pass: posting in next frame
11-11 04:09:31.445 D/AudioAnalytics( 1199): gc(1700, 2000): log size:1700 item map size:103, item map items:1700
11-11 04:09:31.446 I/volume_changed( 1491): [3,25,26,39,android]
11-11 04:09:31.447 I/vol.Events( 1971): writeEvent level_changed STREAM_MUSIC 26
11-11 04:09:31.448 W/View ( 1971): requestLayout() improperly called by android.widget.FrameLayout{6741a03 I.E...... ......ID 0,0-780,182 #2bc} during layout: running second layout pass
11-11 04:09:31.450 W/View ( 1971): requestLayout() improperly called by com.android.systemui.statusbar.AlphaOptimizedImageView{251aab2 VFED..C.. ......ID 0,0-140,182} during layout: running second layout pass
11-11 04:09:31.458 I/sysui_multi_action( 1971): [757,207,758,1]
11-11 04:09:31.459 I/sysui_multi_action( 1971): [757,804,799,volume_from_keyguard,801,0,802,1]
11-11 04:09:31.459 I/vol.Events( 1971): writeEvent show_dialog volume_changed keyguard=false
11-11 04:09:31.460 I/sysui_multi_action( 1971): [757,207,758,1]
11-11 04:09:31.460 I/sysui_multi_action( 1971): [757,804,799,volume_from_keyguard,801,0,802,1]
11-11 04:09:31.461 I/vol.Events( 1971): writeEvent show_dialog volume_changed keyguard=false
11-11 04:09:31.462 W/View ( 1971): requestLayout() improperly called by android.widget.FrameLayout{6741a03 I.E...... ......ID 0,0-780,182 #2bc} during second layout pass: posting in next frame
11-11 04:09:31.462 W/View ( 1971): requestLayout() improperly called by com.android.systemui.statusbar.AlphaOptimizedImageView{251aab2 VFED..C.. ......ID 0,0-140,182} during second layout pass: posting in next frame
11-11 04:09:31.462 D/BluetoothDatabase( 7489): getBondedDevicesOrdered: Invalid address for device LocalStorage
11-11 04:09:31.464 D/MicroService( 2135): getEvent: clientSocket = Socket[address=/192.168.4.4,port=47640,localPort=9999]
11-11 04:09:31.464 E/HeadsetStateMachine( 7489): returning mCurrentState as Disconnected
11-11 04:09:31.464 D/MicroService( 2135): run: called
11-11 04:09:31.464 D/MicroService( 2135): getEvent: start waiting...
11-11 04:09:31.465 D/BluetoothPbapService( 7489): getConnectionState: 60:F4:3A:B2:E8:8D
11-11 04:09:31.466 I/MicroService( 2135): getStringByData(noZero): IDCM_CarAudioService
11-11 04:09:31.466 I/MicroService( 2135): getStringByData(noZero): FSEM_AudioService
11-11 04:09:31.466 I/MicroService( 2135): getStringByData: {"srcService":"IDCM_CarAudioService","dstService":"FSEM_AudioService","methodName":"setVolume","messageType":0,"uuid":14961384440072,"parameters":{"functionInfo":{"IDCM_VolumeValue_Media":"27"}}}
11-11 04:09:31.466 I/MicroService( 2135): Receive message: SocketMessageBean{businessData='21930', srcService='IDCM_CarAudioService', destService='FSEM_AudioService', messageType='0', uuid='14961384440072', payloadData={"srcService":"IDCM_CarAudioService","dstService":"FSEM_AudioService","methodName":"setVolume","messageType":0,"uuid":14961384440072,"parameters":{"functionInfo":{"IDCM_VolumeValue_Media":"27"}}}}
11-11 04:09:31.466 I/MicroService( 2135): dealMessage: 0
11-11 04:09:31.466 I/MicroService( 2135): onRequest(setVolume): {"functionInfo":{"IDCM_VolumeValue_Media":"27"}}
11-11 04:09:31.466 D/HearingAidService( 7489): getActiveDevices
11-11 04:09:31.468 D/BluetoothDatabase( 7489): getBondedDevicesOrdered: Invalid address for device LocalStorage
11-11 04:09:31.468 E/HeadsetStateMachine( 7489): returning mCurrentState as Disconnected
11-11 04:09:31.469 D/BluetoothPbapService( 7489): getConnectionState: 60:F4:3A:B2:E8:8D
11-11 04:09:31.470 D/HearingAidService( 7489): getActiveDevices
11-11 04:09:31.471 I/volume_changed( 1491): [3,26,27,39,android]
11-11 04:09:31.477 W/View ( 1971): requestLayout() improperly called by android.widget.FrameLayout{6741a03 I.E...... ......ID 0,0-780,182 #2bc} during layout: running second layout pass
11-11 04:09:31.478 W/View ( 1971): requestLayout() improperly called by com.android.systemui.statusbar.AlphaOptimizedImageView{251aab2 VFED..C.. ......ID 0,0-140,182} during layout: running second layout pass
11-11 04:09:31.480 D/MicroService( 2135): getEvent: clientSocket = Socket[address=/192.168.4.4,port=47642,localPort=9999]
11-11 04:09:31.480 D/MicroService( 2135): run: called
11-11 04:09:31.480 D/MicroService( 2135): getEvent: start waiting...
11-11 04:09:31.482 I/MicroService( 2135): getStringByData(noZero): IDCM_CarAudioService
11-11 04:09:31.482 I/MicroService( 2135): getStringByData(noZero): FSEM_AudioService
11-11 04:09:31.482 I/MicroService( 2135): getStringByData: {"srcService":"IDCM_CarAudioService","dstService":"FSEM_AudioService","methodName":"setVolume","messageType":0,"uuid":14961404746843,"parameters":{"functionInfo":{"IDCM_VolumeValue_Media":"28"}}}
11-11 04:09:31.482 I/MicroService( 2135): Receive message: SocketMessageBean{businessData='21930', srcService='IDCM_CarAudioService', destService='FSEM_AudioService', messageType='0', uuid='14961404746843', payloadData={"srcService":"IDCM_CarAudioService","dstService":"FSEM_AudioService","methodName":"setVolume","messageType":0,"uuid":14961404746843,"parameters":{"functionInfo":{"IDCM_VolumeValue_Media":"28"}}}}
11-11 04:09:31.482 I/MicroService( 2135): dealMessage: 0
11-11 04:09:31.482 I/MicroService( 2135): onRequest(setVolume): {"functionInfo":{"IDCM_VolumeValue_Media":"28"}}
11-11 04:09:31.485 I/vol.Events( 1971): writeEvent level_changed STREAM_MUSIC 27
11-11 04:09:31.488 W/View ( 1971): requestLayout() improperly called by android.widget.FrameLayout{6741a03 I.E...... ......ID 0,0-780,182 #2bc} during second layout pass: posting in next frame
11-11 04:09:31.488 W/View ( 1971): requestLayout() improperly called by com.android.systemui.statusbar.AlphaOptimizedImageView{251aab2 VFED..C.. ......ID 0,0-140,182} during second layout pass: posting in next frame
11-11 04:09:31.491 D/BluetoothDatabase( 7489): getBondedDevicesOrdered: Invalid address for device LocalStorage
11-11 04:09:31.492 E/HeadsetStateMachine( 7489): returning mCurrentState as Disconnected
11-11 04:09:31.492 D/BluetoothPbapService( 7489): getConnectionState: 60:F4:3A:B2:E8:8D
11-11 04:09:31.493 D/HearingAidService( 7489): getActiveDevices
11-11 04:09:31.495 W/View ( 1971): requestLayout() improperly called by android.widget.FrameLayout{6741a03 I.E...... ......ID 0,0-780,182 #2bc} during layout: running second layout pass
11-11 04:09:31.495 W/View ( 1971): requestLayout() improperly called by com.android.systemui.statusbar.AlphaOptimizedImageView{251aab2 VFED..C.. ......ID 0,0-140,182} during layout: running second layout pass
11-11 04:09:31.495 I/volume_changed( 1491): [3,27,28,39,android]
11-11 04:09:31.496 I/sysui_multi_action( 1971): [757,207,758,1]
11-11 04:09:31.496 I/sysui_multi_action( 1971): [757,804,799,volume_from_keyguard,801,0,802,1]
11-11 04:09:31.496 I/vol.Events( 1971): writeEvent show_dialog volume_changed keyguard=false
11-11 04:09:31.498 W/droid.bluetoot( 7489): Reducing the number of considered missed Gc histogram windows from 175 to 100
11-11 04:09:31.504 I/vol.Events( 1971): writeEvent level_changed STREAM_MUSIC 28
11-11 04:09:31.514 I/sysui_multi_action( 1971): [757,207,758,1]
11-11 04:09:31.514 I/sysui_multi_action( 1971): [757,804,799,volume_from_keyguard,801,0,802,1]
11-11 04:09:31.515 I/vol.Events( 1971): writeEvent show_dialog volume_changed keyguard=false
11-11 04:09:31.515 W/View ( 1971): requestLayout() improperly called by android.widget.FrameLayout{6741a03 I.E...... ......ID 0,0-780,182 #2bc} during second layout pass: posting in next frame
11-11 04:09:31.515 W/View ( 1971): requestLayout() improperly called by com.android.systemui.statusbar.AlphaOptimizedImageView{251aab2 VFED..C.. ......ID 0,0-140,182} during second layout pass: posting in next frame
11-11 04:09:31.516 D/MicroService( 2135): getEvent: clientSocket = Socket[address=/192.168.4.4,port=47644,localPort=9999]
11-11 04:09:31.516 D/BluetoothDatabase( 7489): getBondedDevicesOrdered: Invalid address for device LocalStorage
11-11 04:09:31.516 D/MicroService( 2135): run: called
11-11 04:09:31.516 D/MicroService( 2135): getEvent: start waiting...
11-11 04:09:31.517 I/MicroService( 2135): getStringByData(noZero): IDCM_CarAudioService
11-11 04:09:31.517 I/MicroService( 2135): getStringByData(noZero): FSEM_AudioService
11-11 04:09:31.517 I/MicroService( 2135): getStringByData: {"srcService":"IDCM_CarAudioService","dstService":"FSEM_AudioService","methodName":"setVolume","messageType":0,"uuid":14961439102416,"parameters":{"functionInfo":{"IDCM_VolumeValue_Media":"29"}}}
11-11 04:09:31.517 I/MicroService( 2135): Receive message: SocketMessageBean{businessData='21930', srcService='IDCM_CarAudioService', destService='FSEM_AudioService', messageType='0', uuid='14961439102416', payloadData={"srcService":"IDCM_CarAudioService","dstService":"FSEM_AudioService","methodName":"setVolume","messageType":0,"uuid":14961439102416,"parameters":{"functionInfo":{"IDCM_VolumeValue_Media":"29"}}}}
11-11 04:09:31.517 I/MicroService( 2135): dealMessage: 0
11-11 04:09:31.517 I/MicroService( 2135): onRequest(setVolume): {"functionInfo":{"IDCM_VolumeValue_Media":"29"}}
11-11 04:09:31.517 E/HeadsetStateMachine( 7489): returning mCurrentState as Disconnected
11-11 04:09:31.518 D/BluetoothPbapService( 7489): getConnectionState: 60:F4:3A:B2:E8:8D
11-11 04:09:31.519 D/HearingAidService( 7489): getActiveDevices
11-11 04:09:31.519 I/volume_changed( 1491): [3,28,29,39,android]
11-11 04:09:31.520 I/vol.Events( 1971): writeEvent level_changed STREAM_ALARM 6
11-11 04:09:31.527 I/vol.Events( 1971): writeEvent level_changed STREAM_MUSIC 29
11-11 04:09:31.532 W/View ( 1971): requestLayout() improperly called by android.widget.FrameLayout{6741a03 I.E...... ......ID 0,0-780,182 #2bc} during layout: running second layout pass
11-11 04:09:31.532 W/View ( 1971): requestLayout() improperly called by com.android.systemui.statusbar.AlphaOptimizedImageView{251aab2 VFED..C.. ......ID 0,0-140,182} during layout: running second layout pass
11-11 04:09:31.535 I/sysui_multi_action( 1971): [757,207,758,1]
11-11 04:09:31.536 I/sysui_multi_action( 1971): [757,804,799,volume_from_keyguard,801,0,802,1]
11-11 04:09:31.536 I/vol.Events( 1971): writeEvent show_dialog volume_changed keyguard=false
11-11 04:09:31.538 D/BluetoothDatabase( 7489): getBondedDevicesOrdered: Invalid address for device LocalStorage
11-11 04:09:31.539 E/HeadsetStateMachine( 7489): returning mCurrentState as Disconnected
11-11 04:09:31.540 D/BluetoothPbapService( 7489): getConnectionState: 60:F4:3A:B2:E8:8D
11-11 04:09:31.542 D/HearingAidService( 7489): getActiveDevices
11-11 04:09:31.543 W/View ( 1971): requestLayout() improperly called by android.widget.FrameLayout{6741a03 I.E...... ......ID 0,0-780,182 #2bc} during second layout pass: posting in next frame
11-11 04:09:31.544 W/View ( 1971): requestLayout() improperly called by com.android.systemui.statusbar.AlphaOptimizedImageView{251aab2 VFED..C.. ......ID 0,0-140,182} during second layout pass: posting in next frame
11-11 04:09:31.550 D/MicroService( 2135): getEvent: clientSocket = Socket[address=/192.168.4.4,port=47646,localPort=9999]
11-11 04:09:31.551 D/MicroService( 2135): run: called
11-11 04:09:31.551 D/MicroService( 2135): getEvent: start waiting...
11-11 04:09:31.551 I/MicroService( 2135): getStringByData(noZero): IDCM_CarAudioService
11-11 04:09:31.551 I/MicroService( 2135): getStringByData(noZero): FSEM_AudioService
11-11 04:09:31.551 I/MicroService( 2135): getStringByData: {"srcService":"IDCM_CarAudioService","dstService":"FSEM_AudioService","methodName":"setVolume","messageType":0,"uuid":14961475870749,"parameters":{"functionInfo":{"IDCM_VolumeValue_Media":"30"}}}
11-11 04:09:31.551 I/MicroService( 2135): Receive message: SocketMessageBean{businessData='21930', srcService='IDCM_CarAudioService', destService='FSEM_AudioService', messageType='0', uuid='14961475870749', payloadData={"srcService":"IDCM_CarAudioService","dstService":"FSEM_AudioService","methodName":"setVolume","messageType":0,"uuid":14961475870749,"parameters":{"functionInfo":{"IDCM_VolumeValue_Media":"30"}}}}
11-11 04:09:31.551 I/MicroService( 2135): dealMessage: 0
11-11 04:09:31.551 I/MicroService( 2135): onRequest(setVolume): {"functionInfo":{"IDCM_VolumeValue_Media":"30"}}
11-11 04:09:31.560 W/View ( 1971): requestLayout() improperly called by android.widget.FrameLayout{6741a03 I.E...... ......ID 0,0-780,182 #2bc} during layout: running second layout pass
11-11 04:09:31.560 W/View ( 1971): requestLayout() improperly called by com.android.systemui.statusbar.AlphaOptimizedImageView{251aab2 VFED..C.. ......ID 0,0-140,182} during layout: running second layout pass
11-11 04:09:31.562 I/volume_changed( 1491): [3,29,30,39,android]
11-11 04:09:31.570 I/vol.Events( 1971): writeEvent level_changed STREAM_MUSIC 30
11-11 04:09:31.580 W/View ( 1971): requestLayout() improperly called by android.widget.FrameLayout{6741a03 I.E...... ......ID 0,0-780,182 #2bc} during second layout pass: posting in next frame
11-11 04:09:31.580 W/View ( 1971): requestLayout() improperly called by com.android.systemui.statusbar.AlphaOptimizedImageView{251aab2 VFED..C.. ......ID 0,0-140,182} during second layout pass: posting in next frame
11-11 04:09:31.582 I/sysui_multi_action( 1971): [757,207,758,1]
11-11 04:09:31.582 I/sysui_multi_action( 1971): [757,804,799,volume_from_keyguard,801,0,802,1]
11-11 04:09:31.583 I/vol.Events( 1971): writeEvent show_dialog volume_changed keyguard=false
11-11 04:09:31.585 D/MicroService( 2135): getEvent: clientSocket = Socket[address=/192.168.4.4,port=47648,localPort=9999]
11-11 04:09:31.585 D/MicroService( 2135): run: called
11-11 04:09:31.585 D/MicroService( 2135): getEvent: start waiting...
11-11 04:09:31.587 W/View ( 1971): requestLayout() improperly called by android.widget.FrameLayout{6741a03 I.E...... ......ID 0,0-780,182 #2bc} during layout: running second layout pass
11-11 04:09:31.587 W/View ( 1971): requestLayout() improperly called by com.android.systemui.statusbar.AlphaOptimizedImageView{251aab2 VFED..C.. ......ID 0,0-140,182} during layout: running second layout pass
11-11 04:09:31.588 I/MicroService( 2135): getStringByData(noZero): IDCM_CarAudioService
11-11 04:09:31.588 I/MicroService( 2135): getStringByData(noZero): FSEM_AudioService
11-11 04:09:31.588 I/MicroService( 2135): getStringByData: {"srcService":"IDCM_CarAudioService","dstService":"FSEM_AudioService","methodName":"setVolume","messageType":0,"uuid":14961526577885,"parameters":{"functionInfo":{"IDCM_VolumeValue_Media":"31"}}}
11-11 04:09:31.588 I/MicroService( 2135): Receive message: SocketMessageBean{businessData='21930', srcService='IDCM_CarAudioService', destService='FSEM_AudioService', messageType='0', uuid='14961526577885', payloadData={"srcService":"IDCM_CarAudioService","dstService":"FSEM_AudioService","methodName":"setVolume","messageType":0,"uuid":14961526577885,"parameters":{"functionInfo":{"IDCM_VolumeValue_Media":"31"}}}}
11-11 04:09:31.588 I/MicroService( 2135): dealMessage: 0
11-11 04:09:31.588 I/MicroService( 2135): onRequest(setVolume): {"functionInfo":{"IDCM_VolumeValue_Media":"31"}}
11-11 04:09:31.590 D/BluetoothDatabase( 7489): getBondedDevicesOrdered: Invalid address for device LocalStorage
11-11 04:09:31.593 E/HeadsetStateMachine( 7489): returning mCurrentState as Disconnected
11-11 04:09:31.594 D/BluetoothPbapService( 7489): getConnectionState: 60:F4:3A:B2:E8:8D
11-11 04:09:31.595 D/HearingAidService( 7489): getActiveDevices
11-11 04:09:31.596 I/volume_changed( 1491): [3,30,31,39,android]
11-11 04:09:31.598 W/View ( 1971): requestLayout() improperly called by android.widget.FrameLayout{6741a03 I.E...... ......ID 0,0-780,182 #2bc} during second layout pass: posting in next frame
11-11 04:09:31.599 W/View ( 1971): requestLayout() improperly called by com.android.systemui.statusbar.AlphaOptimizedImageView{251aab2 VFED..C.. ......ID 0,0-140,182} during second layout pass: posting in next frame
11-11 04:09:31.607 I/vol.Events( 1971): writeEvent level_changed STREAM_MUSIC 31
11-11 04:09:31.607 I/vol.Events( 1971): writeEvent level_changed STREAM_RING 6
11-11 04:09:31.607 I/vol.Events( 1971): writeEvent level_changed STREAM_SYSTEM 6
11-11 04:09:31.612 W/View ( 1971): requestLayout() improperly called by android.widget.FrameLayout{6741a03 I.E...... ......ID 0,0-780,182 #2bc} during layout: running second layout pass
11-11 04:09:31.612 W/View ( 1971): requestLayout() improperly called by com.android.systemui.statusbar.AlphaOptimizedImageView{251aab2 VFED..C.. ......ID 0,0-140,182} during layout: running second layout pass
11-11 04:09:31.614 I/sysui_multi_action( 1971): [757,207,758,1]
11-11 04:09:31.615 I/sysui_multi_action( 1971): [757,804,799,volume_from_keyguard,801,0,802,1]
11-11 04:09:31.615 I/vol.Events( 1971): writeEvent show_dialog volume_changed keyguard=false
11-11 04:09:31.617 W/View ( 1971): requestLayout() improperly called by android.widget.FrameLayout{6741a03 I.E...... ......ID 0,0-780,182 #2bc} during second layout pass: posting in next frame
11-11 04:09:31.617 W/View ( 1971): requestLayout() improperly called by com.android.systemui.statusbar.AlphaOptimizedImageView{251aab2 VFED..C.. ......ID 0,0-140,182} during second layout pass: posting in next frame
11-11 04:09:31.618 D/BluetoothDatabase( 7489): getBondedDevicesOrdered: Invalid address for device LocalStorage
11-11 04:09:31.619 E/HeadsetStateMachine( 7489): returning mCurrentState as Disconnected
11-11 04:09:31.620 D/BluetoothPbapService( 7489): getConnectionState: 60:F4:3A:B2:E8:8D
11-11 04:09:31.622 D/HearingAidService( 7489): getActiveDevices
11-11 04:09:31.627 W/View ( 1971): requestLayout() improperly called by android.widget.FrameLayout{6741a03 I.E...... ......ID 0,0-780,182 #2bc} during layout: running second layout pass
11-11 04:09:31.627 W/View ( 1971): requestLayout() improperly called by com.android.systemui.statusbar.AlphaOptimizedImageView{251aab2 VFED..C.. ......ID 0,0-140,182} during layout: running second layout pass
11-11 04:09:31.644 W/View ( 1971): requestLayout() improperly called by android.widget.FrameLayout{6741a03 I.E...... ......ID 0,0-780,182 #2bc} during second layout pass: posting in next frame
11-11 04:09:31.644 W/View ( 1971): requestLayout() improperly called by com.android.systemui.statusbar.AlphaOptimizedImageView{251aab2 VFED..C.. ......ID 0,0-140,182} during second layout pass: posting in next frame
11-11 04:09:31.662 D/MicroService( 2135): getEvent: clientSocket = Socket[address=/192.168.4.4,port=47650,localPort=9999]
11-11 04:09:31.662 D/MicroService( 2135): run: called
11-11 04:09:31.662 D/MicroService( 2135): getEvent: start waiting...
11-11 04:09:31.663 W/View ( 1971): requestLayout() improperly called by android.widget.FrameLayout{6741a03 I.E...... ......ID 0,0-780,182 #2bc} during layout: running second layout pass
11-11 04:09:31.663 W/View ( 1971): requestLayout() improperly called by com.android.systemui.statusbar.AlphaOptimizedImageView{251aab2 VFED..C.. ......ID 0,0-140,182} during layout: running second layout pass
11-11 04:09:31.665 I/MicroService( 2135): getStringByData(noZero): IDCM_CarAudioService
11-11 04:09:31.665 I/MicroService( 2135): getStringByData(noZero): FSEM_AudioService
11-11 04:09:31.665 I/MicroService( 2135): getStringByData: {"srcService":"IDCM_CarAudioService","dstService":"FSEM_AudioService","methodName":"setVolume","messageType":0,"uuid":14961585701114,"parameters":{"functionInfo":{"IDCM_VolumeValue_Media":"32"}}}
11-11 04:09:31.665 I/MicroService( 2135): Receive message: SocketMessageBean{businessData='21930', srcService='IDCM_CarAudioService', destService='FSEM_AudioService', messageType='0', uuid='14961585701114', payloadData={"srcService":"IDCM_CarAudioService","dstService":"FSEM_AudioService","methodName":"setVolume","messageType":0,"uuid":14961585701114,"parameters":{"functionInfo":{"IDCM_VolumeValue_Media":"32"}}}}
11-11 04:09:31.665 I/MicroService( 2135): dealMessage: 0
11-11 04:09:31.665 I/MicroService( 2135): onRequest(setVolume): {"functionInfo":{"IDCM_VolumeValue_Media":"32"}}
11-11 04:09:31.665 W/View ( 1971): requestLayout() improperly called by android.widget.FrameLayout{6741a03 I.E...... ......ID 0,0-780,182 #2bc} during second layout pass: posting in next frame
11-11 04:09:31.665 W/View ( 1971): requestLayout() improperly called by com.android.systemui.statusbar.AlphaOptimizedImageView{251aab2 VFED..C.. ......ID 0,0-140,182} during second layout pass: posting in next frame
11-11 04:09:31.670 I/mpu_uart( 648): [MSG-P:R]:recv sync frame timeout
11-11 04:09:31.671 I/volume_changed( 1491): [3,31,32,39,android]
11-11 04:09:31.678 W/View ( 1971): requestLayout() improperly called by android.widget.FrameLayout{6741a03 I.E...... ......ID 0,0-780,182 #2bc} during layout: running second layout pass
11-11 04:09:31.678 W/View ( 1971): requestLayout() improperly called by com.android.systemui.statusbar.AlphaOptimizedImageView{251aab2 VFED..C.. ......ID 0,0-140,182} during layout: running second layout pass
11-11 04:09:31.681 I/vol.Events( 1971): writeEvent level_changed STREAM_MUSIC 32
11-11 04:09:31.688 W/View ( 1971): requestLayout() improperly called by android.widget.FrameLayout{6741a03 I.E...... ......ID 0,0-780,182 #2bc} during second layout pass: posting in next frame
11-11 04:09:31.688 W/View ( 1971): requestLayout() improperly called by com.android.systemui.statusbar.AlphaOptimizedImageView{251aab2 VFED..C.. ......ID 0,0-140,182} during second layout pass: posting in next frame
11-11 04:09:31.690 I/sysui_multi_action( 1971): [757,207,758,1]
11-11 04:09:31.691 I/sysui_multi_action( 1971): [757,804,799,volume_from_keyguard,801,0,802,1]
11-11 04:09:31.691 I/vol.Events( 1971): writeEvent show_dialog volume_changed keyguard=false
11-11 04:09:31.693 D/BluetoothDatabase( 7489): getBondedDevicesOrdered: Invalid address for device LocalStorage
11-11 04:09:31.694 E/HeadsetStateMachine( 7489): returning mCurrentState as Disconnected
11-11 04:09:31.695 W/View ( 1971): requestLayout() improperly called by android.widget.FrameLayout{6741a03 I.E...... ......ID 0,0-780,182 #2bc} during layout: running second layout pass
11-11 04:09:31.695 W/View ( 1971): requestLayout() improperly called by com.android.systemui.statusbar.AlphaOptimizedImageView{251aab2 VFED..C.. ......ID 0,0-140,182} during layout: running second layout pass
11-11 04:09:31.695 D/BluetoothPbapService( 7489): getConnectionState: 60:F4:3A:B2:E8:8D
11-11 04:09:31.696 D/HearingAidService( 7489): getActiveDevices
11-11 04:09:31.710 W/View ( 1971): requestLayout() improperly called by android.widget.FrameLayout{6741a03 I.E...... ......ID 0,0-780,182 #2bc} during second layout pass: posting in next frame
11-11 04:09:31.710 W/View ( 1971): requestLayout() improperly called by com.android.systemui.statusbar.AlphaOptimizedImageView{251aab2 VFED..C.. ......ID 0,0-140,182} during second layout pass: posting in next frame
11-11 04:09:31.727 D/MicroService( 2135): getEvent: clientSocket = Socket[address=/192.168.4.4,port=47652,localPort=9999]
11-11 04:09:31.727 D/MicroService( 2135): run: called
11-11 04:09:31.727 D/MicroService( 2135): getEvent: start waiting...
11-11 04:09:31.728 I/MicroService( 2135): getStringByData(noZero): IDCM_CarAudioService
11-11 04:09:31.728 I/MicroService( 2135): getStringByData(noZero): FSEM_AudioService
11-11 04:09:31.728 I/MicroService( 2135): getStringByData: {"srcService":"IDCM_CarAudioService","dstService":"FSEM_AudioService","methodName":"setVolume","messageType":0,"uuid":14961645121895,"parameters":{"functionInfo":{"IDCM_VolumeValue_Media":"33"}}}
11-11 04:09:31.728 I/MicroService( 2135): Receive message: SocketMessageBean{businessData='21930', srcService='IDCM_CarAudioService', destService='FSEM_AudioService', messageType='0', uuid='14961645121895', payloadData={"srcService":"IDCM_CarAudioService","dstService":"FSEM_AudioService","methodName":"setVolume","messageType":0,"uuid":14961645121895,"parameters":{"functionInfo":{"IDCM_VolumeValue_Media":"33"}}}}
11-11 04:09:31.728 I/MicroService( 2135): dealMessage: 0
11-11 04:09:31.728 I/MicroService( 2135): onRequest(setVolume): {"functionInfo":{"IDCM_VolumeValue_Media":"33"}}
11-11 04:09:31.730 W/View ( 1971): requestLayout() improperly called by android.widget.FrameLayout{6741a03 I.E...... ......ID 0,0-780,182 #2bc} during layout: running second layout pass
11-11 04:09:31.730 W/View ( 1971): requestLayout() improperly called by com.android.systemui.statusbar.AlphaOptimizedImageView{251aab2 VFED..C.. ......ID 0,0-140,182} during layout: running second layout pass
11-11 04:09:31.735 W/View ( 1971): requestLayout() improperly called by android.widget.FrameLayout{6741a03 I.E...... ......ID 0,0-780,182 #2bc} during second layout pass: posting in next frame
11-11 04:09:31.736 W/View ( 1971): requestLayout() improperly called by com.android.systemui.statusbar.AlphaOptimizedImageView{251aab2 VFED..C.. ......ID 0,0-140,182} during second layout pass: posting in next frame
11-11 04:09:31.736 I/volume_changed( 1491): [3,32,33,39,android]
11-11 04:09:31.738 I/vol.Events( 1971): writeEvent level_changed STREAM_MUSIC 33
11-11 04:09:31.747 W/View ( 1971): requestLayout() improperly called by android.widget.FrameLayout{6741a03 I.E...... ......ID 0,0-780,182 #2bc} during layout: running second layout pass
11-11 04:09:31.747 W/View ( 1971): requestLayout() improperly called by com.android.systemui.statusbar.AlphaOptimizedImageView{251aab2 VFED..C.. ......ID 0,0-140,182} during layout: running second layout pass
11-11 04:09:31.752 I/sysui_multi_action( 1971): [757,207,758,1]
11-11 04:09:31.752 I/sysui_multi_action( 1971): [757,804,799,volume_from_keyguard,801,0,802,1]
11-11 04:09:31.752 I/vol.Events( 1971): writeEvent show_dialog volume_changed keyguard=false
11-11 04:09:31.753 W/View ( 1971): requestLayout() improperly called by android.widget.FrameLayout{6741a03 I.E...... ......ID 0,0-780,182 #2bc} during second layout pass: posting in next frame
11-11 04:09:31.754 W/View ( 1971): requestLayout() improperly called by com.android.systemui.statusbar.AlphaOptimizedImageView{251aab2 VFED..C.. ......ID 0,0-140,182} during second layout pass: posting in next frame
11-11 04:09:31.756 D/BluetoothDatabase( 7489): getBondedDevicesOrdered: Invalid address for device LocalStorage
11-11 04:09:31.756 E/HeadsetStateMachine( 7489): returning mCurrentState as Disconnected
11-11 04:09:31.758 D/BluetoothPbapService( 7489): getConnectionState: 60:F4:3A:B2:E8:8D
11-11 04:09:31.759 D/HearingAidService( 7489): getActiveDevices
11-11 04:09:31.764 W/View ( 1971): requestLayout() improperly called by android.widget.FrameLayout{6741a03 I.E...... ......ID 0,0-780,182 #2bc} during layout: running second layout pass
11-11 04:09:31.764 W/View ( 1971): requestLayout() improperly called by com.android.systemui.statusbar.AlphaOptimizedImageView{251aab2 VFED..C.. ......ID 0,0-140,182} during layout: running second layout pass
11-11 04:09:31.776 W/View ( 1971): requestLayout() improperly called by android.widget.FrameLayout{6741a03 I.E...... ......ID 0,0-780,182 #2bc} during second layout pass: posting in next frame
11-11 04:09:31.776 W/View ( 1971): requestLayout() improperly called by com.android.systemui.statusbar.AlphaOptimizedImageView{251aab2 VFED..C.. ......ID 0,0-140,182} during second layout pass: posting in next frame
11-11 04:09:31.794 W/View ( 1971): requestLayout() improperly called by android.widget.FrameLayout{6741a03 I.E...... ......ID 0,0-780,182 #2bc} during layout: running second layout pass
11-11 04:09:31.794 W/View ( 1971): requestLayout() improperly called by com.android.systemui.statusbar.AlphaOptimizedImageView{251aab2 VFED..C.. ......ID 0,0-140,182} during layout: running second layout pass
11-11 04:09:31.795 W/View ( 1971): requestLayout() improperly called by android.widget.FrameLayout{6741a03 I.E...... ......ID 0,0-780,182 #2bc} during second layout pass: posting in next frame
11-11 04:09:31.795 W/View ( 1971): requestLayout() improperly called by com.android.systemui.statusbar.AlphaOptimizedImageView{251aab2 VFED..C.. ......ID 0,0-140,182} during second layout pass: posting in next frame
11-11 04:09:31.796 D/MicroService( 2135): getEvent: clientSocket = Socket[address=/192.168.4.4,port=47654,localPort=9999]
11-11 04:09:31.796 D/MicroService( 2135): run: called
11-11 04:09:31.796 D/MicroService( 2135): getEvent: start waiting...
11-11 04:09:31.798 I/MicroService( 2135): getStringByData(noZero): IDCM_CarAudioService
11-11 04:09:31.798 I/MicroService( 2135): getStringByData(noZero): FSEM_AudioService
11-11 04:09:31.798 I/MicroService( 2135): getStringByData: {"srcService":"IDCM_CarAudioService","dstService":"FSEM_AudioService","methodName":"setVolume","messageType":0,"uuid":14961732534812,"parameters":{"functionInfo":{"IDCM_VolumeValue_Media":"34"}}}
11-11 04:09:31.798 I/MicroService( 2135): Receive message: SocketMessageBean{businessData='21930', srcService='IDCM_CarAudioService', destService='FSEM_AudioService', messageType='0', uuid='14961732534812', payloadData={"srcService":"IDCM_CarAudioService","dstService":"FSEM_AudioService","methodName":"setVolume","messageType":0,"uuid":14961732534812,"parameters":{"functionInfo":{"IDCM_VolumeValue_Media":"34"}}}}
11-11 04:09:31.798 I/MicroService( 2135): dealMessage: 0
11-11 04:09:31.798 I/MicroService( 2135): onRequest(setVolume): {"functionInfo":{"IDCM_VolumeValue_Media":"34"}}
11-11 04:09:31.802 I/vol.Events( 1971): writeEvent level_changed STREAM_VOICE_CALL 5
11-11 04:09:31.803 I/volume_changed( 1491): [3,33,34,39,android]
11-11 04:09:31.811 W/View ( 1971): requestLayout() improperly called by android.widget.FrameLayout{6741a03 I.E...... ......ID 0,0-780,182 #2bc} during layout: running second layout pass
11-11 04:09:31.811 W/View ( 1971): requestLayout() improperly called by com.android.systemui.statusbar.AlphaOptimizedImageView{251aab2 VFED..C.. ......ID 0,0-140,182} during layout: running second layout pass
11-11 04:09:31.812 I/vol.Events( 1971): writeEvent level_changed STREAM_MUSIC 34
11-11 04:09:31.815 W/View ( 1971): requestLayout() improperly called by android.widget.FrameLayout{6741a03 I.E...... ......ID 0,0-780,182 #2bc} during second layout pass: posting in next frame
11-11 04:09:31.815 W/View ( 1971): requestLayout() improperly called by com.android.systemui.statusbar.AlphaOptimizedImageView{251aab2 VFED..C.. ......ID 0,0-140,182} during second layout pass: posting in next frame
11-11 04:09:31.816 I/sysui_multi_action( 1971): [757,207,758,1]
11-11 04:09:31.816 I/sysui_multi_action( 1971): [757,804,799,volume_from_keyguard,801,0,802,1]
11-11 04:09:31.817 I/vol.Events( 1971): writeEvent show_dialog volume_changed keyguard=false
11-11 04:09:31.819 D/BluetoothDatabase( 7489): getBondedDevicesOrdered: Invalid address for device LocalStorage
11-11 04:09:31.820 E/HeadsetStateMachine( 7489): returning mCurrentState as Disconnected
11-11 04:09:31.821 D/BluetoothPbapService( 7489): getConnectionState: 60:F4:3A:B2:E8:8D
11-11 04:09:31.822 D/HearingAidService( 7489): getActiveDevices
11-11 04:09:31.827 W/View ( 1971): requestLayout() improperly called by android.widget.FrameLayout{6741a03 I.E...... ......ID 0,0-780,182 #2bc} during layout: running second layout pass
11-11 04:09:31.827 W/View ( 1971): requestLayout() improperly called by com.android.systemui.statusbar.AlphaOptimizedImageView{251aab2 VFED..C.. ......ID 0,0-140,182} during layout: running second layout pass
11-11 04:09:31.843 W/View ( 1971): requestLayout() improperly called by android.widget.FrameLayout{6741a03 I.E...... ......ID 0,0-780,182 #2bc} during second layout pass: posting in next frame
11-11 04:09:31.843 W/View ( 1971): requestLayout() improperly called by com.android.systemui.statusbar.AlphaOptimizedImageView{251aab2 VFED..C.. ......ID 0,0-140,182} during second layout pass: posting in next frame
11-11 04:09:31.854 D/MicroService( 2135): getEvent: clientSocket = Socket[address=/192.168.4.4,port=47656,localPort=9999]
11-11 04:09:31.855 D/MicroService( 2135): run: called
11-11 04:09:31.855 D/MicroService( 2135): getEvent: start waiting...
11-11 04:09:31.856 I/MicroService( 2135): getStringByData(noZero): IDCM_CarAudioService
11-11 04:09:31.856 I/MicroService( 2135): getStringByData(noZero): FSEM_AudioService
11-11 04:09:31.856 I/MicroService( 2135): getStringByData: {"srcService":"IDCM_CarAudioService","dstService":"FSEM_AudioService","methodName":"setVolume","messageType":0,"uuid":14961795117364,"parameters":{"functionInfo":{"IDCM_VolumeValue_Media":"33"}}}
11-11 04:09:31.856 I/MicroService( 2135): Receive message: SocketMessageBean{businessData='21930', srcService='IDCM_CarAudioService', destService='FSEM_AudioService', messageType='0', uuid='14961795117364', payloadData={"srcService":"IDCM_CarAudioService","dstService":"FSEM_AudioService","methodName":"setVolume","messageType":0,"uuid":14961795117364,"parameters":{"functionInfo":{"IDCM_VolumeValue_Media":"33"}}}}
11-11 04:09:31.856 I/MicroService( 2135): dealMessage: 0
11-11 04:09:31.856 I/MicroService( 2135): onRequest(setVolume): {"functionInfo":{"IDCM_VolumeValue_Media":"33"}}
11-11 04:09:31.862 I/volume_changed( 1491): [3,34,33,39,android]
11-11 04:09:31.863 W/View ( 1971): requestLayout() improperly called by android.widget.FrameLayout{6741a03 I.E...... ......ID 0,0-780,182 #2bc} during layout: running second layout pass
11-11 04:09:31.863 W/View ( 1971): requestLayout() improperly called by com.android.systemui.statusbar.AlphaOptimizedImageView{251aab2 VFED..C.. ......ID 0,0-140,182} during layout: running second layout pass
11-11 04:09:31.865 W/View ( 1971): requestLayout() improperly called by android.widget.FrameLayout{6741a03 I.E...... ......ID 0,0-780,182 #2bc} during second layout pass: posting in next frame
11-11 04:09:31.865 W/View ( 1971): requestLayout() improperly called by com.android.systemui.statusbar.AlphaOptimizedImageView{251aab2 VFED..C.. ......ID 0,0-140,182} during second layout pass: posting in next frame
11-11 04:09:31.873 W/kcp_info(17338): HCDN_LOG: [T:18541]Update: udp kcp size[0], timeout kcp size[0]
11-11 04:09:31.876 I/vol.Events( 1971): writeEvent level_changed STREAM_MUSIC 33
11-11 04:09:31.877 I/vol.Events( 1971): writeEvent level_changed STREAM_VOICE_CALL 4
11-11 04:09:31.878 W/View ( 1971): requestLayout() improperly called by android.widget.FrameLayout{6741a03 I.E...... ......ID 0,0-780,182 #2bc} during layout: running second layout pass
11-11 04:09:31.878 W/View ( 1971): requestLayout() improperly called by com.android.systemui.statusbar.AlphaOptimizedImageView{251aab2 VFED..C.. ......ID 0,0-140,182} during layout: running second layout pass
11-11 04:09:31.881 I/sysui_multi_action( 1971): [757,207,758,1]
11-11 04:09:31.882 I/sysui_multi_action( 1971): [757,804,799,volume_from_keyguard,801,0,802,1]
11-11 04:09:31.882 I/vol.Events( 1971): writeEvent show_dialog volume_changed keyguard=false
11-11 04:09:31.883 W/View ( 1971): requestLayout() improperly called by android.widget.FrameLayout{6741a03 I.E...... ......ID 0,0-780,182 #2bc} during second layout pass: posting in next frame
11-11 04:09:31.883 W/View ( 1971): requestLayout() improperly called by com.android.systemui.statusbar.AlphaOptimizedImageView{251aab2 VFED..C.. ......ID 0,0-140,182} during second layout pass: posting in next frame
11-11 04:09:31.884 D/BluetoothDatabase( 7489): getBondedDevicesOrdered: Invalid address for device LocalStorage
11-11 04:09:31.885 E/HeadsetStateMachine( 7489): returning mCurrentState as Disconnected
11-11 04:09:31.886 D/BluetoothPbapService( 7489): getConnectionState: 60:F4:3A:B2:E8:8D
11-11 04:09:31.887 D/HearingAidService( 7489): getActiveDevices
11-11 04:09:31.894 W/View ( 1971): requestLayout() improperly called by android.widget.FrameLayout{6741a03 I.E...... ......ID 0,0-780,182 #2bc} during layout: running second layout pass
11-11 04:09:31.894 W/View ( 1971): requestLayout() improperly called by com.android.systemui.statusbar.AlphaOptimizedImageView{251aab2 VFED..C.. ......ID 0,0-140,182} during layout: running second layout pass
11-11 04:09:31.918 W/View ( 1971): requestLayout() improperly called by android.widget.FrameLayout{6741a03 I.E...... ......ID 0,0-780,182 #2bc} during second layout pass: posting in next frame
11-11 04:09:31.918 W/View ( 1971): requestLayout() improperly called by com.android.systemui.statusbar.AlphaOptimizedImageView{251aab2 VFED..C.. ......ID 0,0-140,182} during second layout pass: posting in next frame
11-11 04:09:31.928 W/View ( 1971): requestLayout() improperly called by android.widget.FrameLayout{6741a03 I.E...... ......ID 0,0-780,182 #2bc} during layout: running second layout pass
11-11 04:09:31.928 W/View ( 1971): requestLayout() improperly called by com.android.systemui.statusbar.AlphaOptimizedImageView{251aab2 VFED..C.. ......ID 0,0-140,182} during layout: running second layout pass
11-11 04:09:31.935 I/commit_sys_config_file( 1491): [settings-1-0,11]
11-11 04:09:31.953 D/MicroService( 2135): getEvent: clientSocket = Socket[address=/192.168.4.4,port=47658,localPort=9999]
11-11 04:09:31.954 D/MicroService( 2135): run: called
11-11 04:09:31.954 D/MicroService( 2135): getEvent: start waiting...
11-11 04:09:31.954 I/MicroService( 2135): getStringByData(noZero): IDCM_CarAudioService
11-11 04:09:31.955 I/MicroService( 2135): getStringByData(noZero): FSEM_AudioService
11-11 04:09:31.955 I/MicroService( 2135): getStringByData: {"srcService":"IDCM_CarAudioService","dstService":"FSEM_AudioService","methodName":"setVolume","messageType":0,"uuid":14961890332520,"parameters":{"functionInfo":{"IDCM_VolumeValue_Media":"32"}}}
11-11 04:09:31.955 I/MicroService( 2135): Receive message: SocketMessageBean{businessData='21930', srcService='IDCM_CarAudioService', destService='FSEM_AudioService', messageType='0', uuid='14961890332520', payloadData={"srcService":"IDCM_CarAudioService","dstService":"FSEM_AudioService","methodName":"setVolume","messageType":0,"uuid":14961890332520,"parameters":{"functionInfo":{"IDCM_VolumeValue_Media":"32"}}}}
11-11 04:09:31.955 I/MicroService( 2135): dealMessage: 0
11-11 04:09:31.955 I/MicroService( 2135): onRequest(setVolume): {"functionInfo":{"IDCM_VolumeValue_Media":"32"}}
11-11 04:09:31.961 I/volume_changed( 1491): [3,33,32,39,android]
11-11 04:09:31.969 I/vol.Events( 1971): writeEvent level_changed STREAM_MUSIC 32
11-11 04:09:31.978 I/sysui_multi_action( 1971): [757,207,758,1]
11-11 04:09:31.979 I/sysui_multi_action( 1971): [757,804,799,volume_from_keyguard,801,0,802,1]
11-11 04:09:31.979 D/BluetoothDatabase( 7489): getBondedDevicesOrdered: Invalid address for device LocalStorage
11-11 04:09:31.979 I/vol.Events( 1971): writeEvent show_dialog volume_changed keyguard=false
11-11 04:09:31.980 E/HeadsetStateMachine( 7489): returning mCurrentState as Disconnected
11-11 04:09:31.981 W/View ( 1971): requestLayout() improperly called by android.widget.FrameLayout{6741a03 I.E...... ......ID 0,0-780,182 #2bc} during second layout pass: posting in next frame
11-11 04:09:31.981 W/View ( 1971): requestLayout() improperly called by com.android.systemui.statusbar.AlphaOptimizedImageView{251aab2 VFED..C.. ......ID 0,0-140,182} during second layout pass: posting in next frame
11-11 04:09:31.981 D/BluetoothPbapService( 7489): getConnectionState: 60:F4:3A:B2:E8:8D
11-11 04:09:31.983 D/HearingAidService( 7489): getActiveDevices
11-11 04:09:31.995 W/View ( 1971): requestLayout() improperly called by android.widget.FrameLayout{6741a03 I.E...... ......ID 0,0-780,182 #2bc} during layout: running second layout pass
11-11 04:09:31.995 W/View ( 1971): requestLayout() improperly called by com.android.systemui.statusbar.AlphaOptimizedImageView{251aab2 VFED..C.. ......ID 0,0-140,182} during layout: running second layout pass
11-11 04:09:32.010 W/View ( 1971): requestLayout() improperly called by android.widget.FrameLayout{6741a03 I.E...... ......ID 0,0-780,182 #2bc} during second layout pass: posting in next frame
11-11 04:09:32.010 W/View ( 1971): requestLayout() improperly called by com.android.systemui.statusbar.AlphaOptimizedImageView{251aab2 VFED..C.. ......ID 0,0-140,182} during second layout pass: posting in next frame
11-11 04:09:32.028 W/View ( 1971): requestLayout() improperly called by android.widget.FrameLayout{6741a03 I.E...... ......ID 0,0-780,182 #2bc} during layout: running second layout pass
11-11 04:09:32.029 W/View ( 1971): requestLayout() improperly called by com.android.systemui.statusbar.AlphaOptimizedImageView{251aab2 VFED..C.. ......ID 0,0-140,182} during layout: running second layout pass
11-11 04:09:32.031 W/View ( 1971): requestLayout() improperly called by android.widget.FrameLayout{6741a03 I.E...... ......ID 0,0-780,182 #2bc} during second layout pass: posting in next frame
11-11 04:09:32.031 W/View ( 1971): requestLayout() improperly called by com.android.systemui.statusbar.AlphaOptimizedImageView{251aab2 VFED..C.. ......ID 0,0-140,182} during second layout pass: posting in next frame
11-11 04:09:32.035 D/MicroService( 2135): getEvent: clientSocket = Socket[address=/192.168.4.4,port=47660,localPort=9999]
11-11 04:09:32.036 D/MicroService( 2135): run: called
11-11 04:09:32.036 D/MicroService( 2135): getEvent: start waiting...
11-11 04:09:32.037 I/MicroService( 2135): getStringByData(noZero): IDCM_CarAudioService
11-11 04:09:32.037 I/MicroService( 2135): getStringByData(noZero): FSEM_AudioService
11-11 04:09:32.037 I/MicroService( 2135): getStringByData: {"srcService":"IDCM_CarAudioService","dstService":"FSEM_AudioService","methodName":"setVolume","messageType":0,"uuid":14961958915905,"parameters":{"functionInfo":{"IDCM_VolumeValue_Media":"31"}}}
11-11 04:09:32.037 I/MicroService( 2135): Receive message: SocketMessageBean{businessData='21930', srcService='IDCM_CarAudioService', destService='FSEM_AudioService', messageType='0', uuid='14961958915905', payloadData={"srcService":"IDCM_CarAudioService","dstService":"FSEM_AudioService","methodName":"setVolume","messageType":0,"uuid":14961958915905,"parameters":{"functionInfo":{"IDCM_VolumeValue_Media":"31"}}}}
11-11 04:09:32.037 I/MicroService( 2135): dealMessage: 0
11-11 04:09:32.037 I/MicroService( 2135): onRequest(setVolume): {"functionInfo":{"IDCM_VolumeValue_Media":"31"}}
11-11 04:09:32.047 I/volume_changed( 1491): [3,32,31,39,android]
11-11 04:09:32.050 D/MicroService( 2135): getEvent: clientSocket = Socket[address=/192.168.4.4,port=47662,localPort=9999]
11-11 04:09:32.050 D/MicroService( 2135): run: called
11-11 04:09:32.050 D/MicroService( 2135): getEvent: start waiting...
11-11 04:09:32.052 I/MicroService( 2135): getStringByData(noZero): IDCM_CarAudioService
11-11 04:09:32.052 I/MicroService( 2135): getStringByData(noZero): FSEM_AudioService
11-11 04:09:32.052 I/MicroService( 2135): getStringByData: {"srcService":"IDCM_CarAudioService","dstService":"FSEM_AudioService","methodName":"setVolume","messageType":0,"uuid":14961979694082,"parameters":{"functionInfo":{"IDCM_VolumeValue_Media":"31"}}}
11-11 04:09:32.052 I/MicroService( 2135): Receive message: SocketMessageBean{businessData='21930', srcService='IDCM_CarAudioService', destService='FSEM_AudioService', messageType='0', uuid='14961979694082', payloadData={"srcService":"IDCM_CarAudioService","dstService":"FSEM_AudioService","methodName":"setVolume","messageType":0,"uuid":14961979694082,"parameters":{"functionInfo":{"IDCM_VolumeValue_Media":"31"}}}}
11-11 04:09:32.052 I/MicroService( 2135): dealMessage: 0
11-11 04:09:32.052 I/MicroService( 2135): onRequest(setVolume): {"functionInfo":{"IDCM_VolumeValue_Media":"31"}}
