11-11 03:34:43.959 I/wm_on_top_resumed_gained_called(11997): [225550579,tv.danmaku.bili.ui.loginv2.LoginActivityV2,topStateChangedWhenResumed]
11-11 03:34:43.963 I/input_focus( 1491): [Focus request 97b594f tv.danmaku.bilibilihd/tv.danmaku.bili.ui.loginv2.LoginActivityV2,reason=UpdateInputWindows]
11-11 03:34:43.972 I/wm_activity_launch_time( 1491): [0,225550579,tv.danmaku.bilibilihd/tv.danmaku.bili.ui.loginv2.LoginActivityV2,40]
11-11 03:34:43.976 I/input_focus( 1491): [Focus leaving 1a73a5d tv.danmaku.bilibilihd/tv.danmaku.bili.MainActivityV2 (server),reason=Waiting for window because NOT_VISIBLE]
11-11 03:34:43.992 I/input_focus( 1491): [Focus entering 97b594f tv.danmaku.bilibilihd/tv.danmaku.bili.ui.loginv2.LoginActivityV2 (server),reason=Window became focusable. Previous reason: NOT_VISIBLE]
11-11 03:34:44.029 I/am_pss ( 1491): [12441,10103,tv.danmaku.bilibilihd:download,36369408,19087360,39936,188170240,0,3,10]
11-11 03:34:44.038 I/am_pss ( 1491): [11789,99006,com.android.webview:sandboxed_process0:org.chromium.content.app.SandboxedProcessService0:0,42683392,19603456,52224,155869184,0,4,8]
11-11 03:34:44.049 I/am_pss ( 1491): [11655,10100,com.qiyi.video.pad:plugin1,43934720,16199680,2513920,169897984,0,19,10]
11-11 03:34:44.082 I/storage_state( 1491): [41217664-9172-527a-b3d5-edabb50a7d69,0,0,108131074048,118610538496]
11-11 03:34:44.145 I/wm_task_moved( 1491): [139,1,16]
11-11 03:34:44.145 I/wm_set_resumed_activity( 1491): [0,tv.danmaku.bilibilihd/tv.danmaku.bili.ui.loginv2.LoginActivityV2,positionChildAt]
11-11 03:34:44.145 I/wm_create_activity( 1491): [0,72107165,139,tv.danmaku.bilibilihd/tv.danmaku.bili.ui.loginv2.LoginOriginalActivityV2,NULL,NULL,bilibili://login/origin?router_from=bilibili://user_center/mine&key_prompt_scene=main.my-information.my-login.0.click&key_sms_login_direct=true&key_sms_login_enable=true,33554432]
11-11 03:34:44.146 I/wm_pause_activity( 1491): [0,225550579,tv.danmaku.bilibilihd/tv.danmaku.bili.ui.loginv2.LoginActivityV2,userLeaving=true,resumeTopActivityInnerLocked]
11-11 03:34:44.148 I/wm_finish_activity( 1491): [0,225550579,139,tv.danmaku.bilibilihd/tv.danmaku.bili.ui.loginv2.LoginActivityV2,app-request]
11-11 03:34:44.148 I/wm_on_top_resumed_lost_called(11997): [225550579,tv.danmaku.bili.ui.loginv2.LoginActivityV2,topStateChangedWhenResumed]
11-11 03:34:44.150 I/wm_on_paused_called(11997): [225550579,tv.danmaku.bili.ui.loginv2.LoginActivityV2,performPause]
11-11 03:34:44.150 I/wm_add_to_stopping( 1491): [0,225550579,tv.danmaku.bilibilihd/tv.danmaku.bili.ui.loginv2.LoginActivityV2,completeFinishing]
11-11 03:34:44.151 I/wm_restart_activity( 1491): [0,72107165,139,tv.danmaku.bilibilihd/tv.danmaku.bili.ui.loginv2.LoginOriginalActivityV2]
11-11 03:34:44.152 I/wm_set_resumed_activity( 1491): [0,tv.danmaku.bilibilihd/tv.danmaku.bili.ui.loginv2.LoginOriginalActivityV2,minimalResumeActivityLocked]
11-11 03:34:44.153 I/sysui_multi_action( 1491): [757,803,799,window_time_0,802,1]
11-11 03:34:44.167 I/wm_on_create_called(11997): [72107165,tv.danmaku.bili.ui.loginv2.LoginOriginalActivityV2,performCreate]
11-11 03:34:44.175 I/input_focus( 1491): [Focus leaving 97b594f tv.danmaku.bilibilihd/tv.danmaku.bili.ui.loginv2.LoginActivityV2 (server),reason=NO_WINDOW]
11-11 03:34:44.190 I/wm_on_start_called(11997): [72107165,tv.danmaku.bili.ui.loginv2.LoginOriginalActivityV2,handleStartActivity]
11-11 03:34:44.193 I/wm_on_resume_called(11997): [72107165,tv.danmaku.bili.ui.loginv2.LoginOriginalActivityV2,RESUME_ACTIVITY]
11-11 03:34:44.195 I/service_manager_stats(11997): [200,92,16407]
11-11 03:34:44.198 I/wm_on_top_resumed_gained_called(11997): [72107165,tv.danmaku.bili.ui.loginv2.LoginOriginalActivityV2,topStateChangedWhenResumed]
11-11 03:34:44.203 I/input_focus( 1491): [Focus request 72d8d99 tv.danmaku.bilibilihd/tv.danmaku.bili.ui.loginv2.LoginOriginalActivityV2,reason=UpdateInputWindows]
11-11 03:34:44.221 I/wm_activity_launch_time( 1491): [0,72107165,tv.danmaku.bilibilihd/tv.danmaku.bili.ui.loginv2.LoginOriginalActivityV2,80]
11-11 03:34:44.228 I/input_focus( 1491): [Focus entering 72d8d99 tv.danmaku.bilibilihd/tv.danmaku.bili.ui.loginv2.LoginOriginalActivityV2 (server),reason=setFocusedWindow]
11-11 03:34:44.616 I/wm_destroy_activity( 1491): [0,225550579,139,tv.danmaku.bilibilihd/tv.danmaku.bili.ui.loginv2.LoginActivityV2,finish-imm:idle]
11-11 03:34:44.634 I/wm_on_stop_called(11997): [225550579,tv.danmaku.bili.ui.loginv2.LoginActivityV2,LIFECYCLER_STOP_ACTIVITY]
11-11 03:34:44.638 I/wm_on_destroy_called(11997): [225550579,tv.danmaku.bili.ui.loginv2.LoginActivityV2,performDestroy]
11-11 03:34:45.119 I/netstats_mobile_sample( 1491): [0,0,0,0,0,0,0,0,0,0,0,0,1668094485119]
11-11 03:34:45.120 I/netstats_wifi_sample( 1491): [2001514064,1841309,199212631,934267,2001514064,1841309,199212631,934267,2354202941,2332525,131701473,812713,1668094485119]
11-11 03:34:45.123 I/service_manager_stats( 1491): [100,62,26584]
11-11 03:34:45.295 I/auditd ( 0): type=1400 audit(0.0:17236): avc: denied { kill } for comm="swapper/1" capability=5 scontext=u:r:kernel:s0 tcontext=u:r:kernel:s0 tclass=capability permissive=0
11-11 03:34:46.295 I/auditd ( 0): type=1400 audit(0.0:17237): avc: denied { kill } for comm="swapper/1" capability=5 scontext=u:r:kernel:s0 tcontext=u:r:kernel:s0 tclass=capability permissive=0
11-11 03:34:46.693 I/netstats_mobile_sample( 1491): [0,0,0,0,0,0,0,0,0,0,0,0,1668094486693]
11-11 03:34:46.693 I/netstats_wifi_sample( 1491): [2004600490,1843537,199255069,934960,2004600490,1843537,199255069,934960,2357325797,2334874,131738373,813394,1668094486693]
11-11 03:34:46.875 I/auditd (12922): type=1400 audit(0.0:17238): avc: denied { read } for comm="ps" name="pid_max" dev="proc" ino=1573876 scontext=u:r:untrusted_app:s0:c103,c256,c512,c768 tcontext=u:object_r:proc_pid_max:s0 tclass=file permissive=0 app=tv.danmaku.bilibilihd
11-11 03:34:46.927 I/auditd (11997): type=1400 audit(0.0:17239): avc: denied { read } for comm="thread_backgrou" name="u:object_r:serialno_prop:s0" dev="tmpfs" ino=15533 scontext=u:r:untrusted_app:s0:c103,c256,c512,c768 tcontext=u:object_r:serialno_prop:s0 tclass=file permissive=0 app=tv.danmaku.bilibilihd
11-11 03:34:46.927 I/auditd (11997): type=1400 audit(0.0:17240): avc: denied { read } for comm="thread_backgrou" name="u:object_r:serialno_prop:s0" dev="tmpfs" ino=15533 scontext=u:r:untrusted_app:s0:c103,c256,c512,c768 tcontext=u:object_r:serialno_prop:s0 tclass=file permissive=0 app=tv.danmaku.bilibilihd
11-11 03:34:48.295 I/auditd ( 0): type=1400 audit(0.0:17241): avc: denied { kill } for comm="swapper/2" capability=5 scontext=u:r:kernel:s0 tcontext=u:r:kernel:s0 tclass=capability permissive=0
11-11 03:34:48.360 I/netstats_mobile_sample( 1491): [0,0,0,0,0,0,0,0,0,0,0,0,1668094488360]
11-11 03:34:48.360 I/netstats_wifi_sample( 1491): [2014622261,1850546,199330826,935856,2014622261,1850546,199330826,935856,2367252512,2341918,131802486,814258,1668094488360]
11-11 03:34:49.295 I/auditd ( 3389): type=1400 audit(0.0:17242): avc: denied { kill } for comm="dp_rx_thread_0" capability=5 scontext=u:r:kernel:s0 tcontext=u:r:kernel:s0 tclass=capability permissive=0
11-11 03:34:49.423 I/auditd (12938): type=1400 audit(0.0:17243): avc: denied { read } for comm="ps" name="pid_max" dev="proc" ino=1573876 scontext=u:r:untrusted_app:s0:c103,c256,c512,c768 tcontext=u:object_r:proc_pid_max:s0 tclass=file permissive=0 app=tv.danmaku.bilibilihd
11-11 03:34:49.467 I/auditd (11997): type=1400 audit(0.0:17244): avc: denied { read } for comm="thread_backgrou" name="u:object_r:serialno_prop:s0" dev="tmpfs" ino=15533 scontext=u:r:untrusted_app:s0:c103,c256,c512,c768 tcontext=u:object_r:serialno_prop:s0 tclass=file permissive=0 app=tv.danmaku.bilibilihd
11-11 03:34:49.467 I/auditd (11997): type=1400 audit(0.0:17245): avc: denied { read } for comm="thread_backgrou" name="u:object_r:serialno_prop:s0" dev="tmpfs" ino=15533 scontext=u:r:untrusted_app:s0:c103,c256,c512,c768 tcontext=u:object_r:serialno_prop:s0 tclass=file permissive=0 app=tv.danmaku.bilibilihd
11-11 03:34:49.622 I/netstats_mobile_sample( 1491): [0,0,0,0,0,0,0,0,0,0,0,0,1668094489622]
11-11 03:34:49.622 I/netstats_wifi_sample( 1491): [2020272488,1854520,199392770,936570,2020272488,1854520,199392770,936570,2373103377,2346074,131859144,814966,1668094489622]
11-11 03:34:51.295 I/auditd ( 0): type=1400 audit(0.0:17246): avc: denied { kill } for comm="swapper/3" capability=5 scontext=u:r:kernel:s0 tcontext=u:r:kernel:s0 tclass=capability permissive=0
11-11 03:34:51.448 I/netstats_mobile_sample( 1491): [0,0,0,0,0,0,0,0,0,0,0,0,1668094491448]
11-11 03:34:51.448 I/netstats_wifi_sample( 1491): [2024370927,1857450,199440211,937126,2024370927,1857450,199440211,937126,2377265603,2349191,131895193,815496,1668094491448]
11-11 03:34:51.491 I/auditd (11997): type=1400 audit(0.0:17247): avc: denied { read } for comm="Thread-35" name="tcp" dev="proc" ino=4026532256 scontext=u:r:untrusted_app:s0:c103,c256,c512,c768 tcontext=u:object_r:proc_net_tcp_udp:s0 tclass=file permissive=0 app=tv.danmaku.bilibilihd
11-11 03:34:51.859 I/auditd (12949): type=1400 audit(0.0:17248): avc: denied { read } for comm="ps" name="pid_max" dev="proc" ino=1573876 scontext=u:r:untrusted_app:s0:c103,c256,c512,c768 tcontext=u:object_r:proc_pid_max:s0 tclass=file permissive=0 app=tv.danmaku.bilibilihd
11-11 03:34:51.915 I/auditd (11997): type=1400 audit(0.0:17249): avc: denied { read } for comm="thread_backgrou" name="u:object_r:serialno_prop:s0" dev="tmpfs" ino=15533 scontext=u:r:untrusted_app:s0:c103,c256,c512,c768 tcontext=u:object_r:serialno_prop:s0 tclass=file permissive=0 app=tv.danmaku.bilibilihd
11-11 03:34:51.915 I/auditd (11997): type=1400 audit(0.0:17250): avc: denied { read } for comm="thread_backgrou" name="u:object_r:serialno_prop:s0" dev="tmpfs" ino=15533 scontext=u:r:untrusted_app:s0:c103,c256,c512,c768 tcontext=u:object_r:serialno_prop:s0 tclass=file permissive=0 app=tv.danmaku.bilibilihd
11-11 03:34:53.257 I/netstats_mobile_sample( 1491): [0,0,0,0,0,0,0,0,0,0,0,0,1668094493256]
11-11 03:34:53.257 I/netstats_wifi_sample( 1491): [2034826320,1864763,199522971,938123,2034826320,1864763,199522971,938123,2387770070,2356672,131966785,816467,1668094493256]
11-11 03:34:53.295 I/auditd ( 0): type=1400 audit(0.0:17252): avc: denied { kill } for comm="swapper/3" capability=5 scontext=u:r:kernel:s0 tcontext=u:r:kernel:s0 tclass=capability permissive=0
11-11 03:34:54.295 I/auditd ( 0): type=1400 audit(0.0:17253): avc: denied { kill } for comm="swapper/3" capability=5 scontext=u:r:kernel:s0 tcontext=u:r:kernel:s0 tclass=capability permissive=0
11-11 03:34:54.391 I/service_manager_stats(11997): [200,54,10196]
11-11 03:34:54.523 I/auditd (12959): type=1400 audit(0.0:17254): avc: denied { read } for comm="ps" name="pid_max" dev="proc" ino=1573876 scontext=u:r:untrusted_app:s0:c103,c256,c512,c768 tcontext=u:object_r:proc_pid_max:s0 tclass=file permissive=0 app=tv.danmaku.bilibilihd
11-11 03:34:54.579 I/auditd (11997): type=1400 audit(0.0:17255): avc: denied { read } for comm="thread_backgrou" name="u:object_r:serialno_prop:s0" dev="tmpfs" ino=15533 scontext=u:r:untrusted_app:s0:c103,c256,c512,c768 tcontext=u:object_r:serialno_prop:s0 tclass=file permissive=0 app=tv.danmaku.bilibilihd
11-11 03:34:54.579 I/auditd (11997): type=1400 audit(0.0:17256): avc: denied { read } for comm="thread_backgrou" name="u:object_r:serialno_prop:s0" dev="tmpfs" ino=15533 scontext=u:r:untrusted_app:s0:c103,c256,c512,c768 tcontext=u:object_r:serialno_prop:s0 tclass=file permissive=0 app=tv.danmaku.bilibilihd
11-11 03:34:55.152 I/netstats_mobile_sample( 1491): [0,0,0,0,0,0,0,0,0,0,0,0,1668094495152]
11-11 03:34:55.152 I/netstats_wifi_sample( 1491): [2039129045,1867879,199596801,938861,2039129045,1867879,199596801,938861,2392179395,2360036,132029631,817183,1668094495152]
11-11 03:34:55.295 I/auditd ( 0): type=1400 audit(0.0:17257): avc: denied { kill } for comm="swapper/3" capability=5 scontext=u:r:kernel:s0 tcontext=u:r:kernel:s0 tclass=capability permissive=0
11-11 03:34:56.295 I/auditd ( 0): type=1400 audit(0.0:17258): avc: denied { kill } for comm="swapper/3" capability=5 scontext=u:r:kernel:s0 tcontext=u:r:kernel:s0 tclass=capability permissive=0
11-11 03:34:56.531 I/netstats_mobile_sample( 1491): [0,0,0,0,0,0,0,0,0,0,0,0,1668094496530]
11-11 03:34:56.531 I/netstats_wifi_sample( 1491): [2048158035,1874187,199671171,940187,2048125722,1874164,199671019,940184,2401119804,2366457,132097875,818489,1668094496530]
11-11 03:34:57.307 I/auditd (12974): type=1400 audit(0.0:17259): avc: denied { read } for comm="ps" name="pid_max" dev="proc" ino=1573876 scontext=u:r:untrusted_app:s0:c103,c256,c512,c768 tcontext=u:object_r:proc_pid_max:s0 tclass=file permissive=0 app=tv.danmaku.bilibilihd
11-11 03:34:57.355 I/auditd (11997): type=1400 audit(0.0:17260): avc: denied { read } for comm="thread_backgrou" name="u:object_r:serialno_prop:s0" dev="tmpfs" ino=15533 scontext=u:r:untrusted_app:s0:c103,c256,c512,c768 tcontext=u:object_r:serialno_prop:s0 tclass=file permissive=0 app=tv.danmaku.bilibilihd
11-11 03:34:57.355 I/auditd (11997): type=1400 audit(0.0:17261): avc: denied { read } for comm="thread_backgrou" name="u:object_r:serialno_prop:s0" dev="tmpfs" ino=15533 scontext=u:r:untrusted_app:s0:c103,c256,c512,c768 tcontext=u:object_r:serialno_prop:s0 tclass=file permissive=0 app=tv.danmaku.bilibilihd
11-11 03:34:57.815 I/netstats_mobile_sample( 1491): [0,0,0,0,0,0,0,0,0,0,0,0,1668094497814]
11-11 03:34:57.815 I/netstats_wifi_sample( 1491): [2055233687,1879144,199738538,941040,2055223495,1879137,199738418,941037,2408221636,2371629,132157496,819278,1668094497814]
11-11 03:34:58.295 I/auditd ( 0): type=1400 audit(0.0:17262): avc: denied { kill } for comm="swapper/1" capability=5 scontext=u:r:kernel:s0 tcontext=u:r:kernel:s0 tclass=capability permissive=0
11-11 03:34:59.107 I/netstats_mobile_sample( 1491): [0,0,0,0,0,0,0,0,0,0,0,0,1668094499107]
11-11 03:34:59.107 I/netstats_wifi_sample( 1491): [2063899910,1885193,199790840,941615,2063899910,1885193,199790840,941615,2417116895,2377979,132200922,819884,1668094499107]
11-11 03:34:59.295 I/auditd ( 0): type=1400 audit(0.0:17263): avc: denied { kill } for comm="swapper/1" capability=5 scontext=u:r:kernel:s0 tcontext=u:r:kernel:s0 tclass=capability permissive=0
11-11 03:34:59.699 I/auditd (12990): type=1400 audit(0.0:17264): avc: denied { read } for comm="ps" name="pid_max" dev="proc" ino=1573876 scontext=u:r:untrusted_app:s0:c103,c256,c512,c768 tcontext=u:object_r:proc_pid_max:s0 tclass=file permissive=0 app=tv.danmaku.bilibilihd
11-11 03:34:59.751 I/auditd (11997): type=1400 audit(0.0:17265): avc: denied { read } for comm="thread_backgrou" name="u:object_r:serialno_prop:s0" dev="tmpfs" ino=15533 scontext=u:r:untrusted_app:s0:c103,c256,c512,c768 tcontext=u:object_r:serialno_prop:s0 tclass=file permissive=0 app=tv.danmaku.bilibilihd
11-11 03:34:59.751 I/auditd (11997): type=1400 audit(0.0:17266): avc: denied { read } for comm="thread_backgrou" name="u:object_r:serialno_prop:s0" dev="tmpfs" ino=15533 scontext=u:r:untrusted_app:s0:c103,c256,c512,c768 tcontext=u:object_r:serialno_prop:s0 tclass=file permissive=0 app=tv.danmaku.bilibilihd
11-11 03:35:00.295 I/auditd ( 0): type=1400 audit(0.0:17267): avc: denied { kill } for comm="swapper/1" capability=5 scontext=u:r:kernel:s0 tcontext=u:r:kernel:s0 tclass=capability permissive=0
11-11 03:35:00.518 I/netstats_mobile_sample( 1491): [0,0,0,0,0,0,0,0,0,0,0,0,1668094500518]
11-11 03:35:00.518 I/netstats_wifi_sample( 1491): [2070054184,1889533,199869803,942590,2070054184,1889533,199869803,942590,2423327464,2382475,132273911,820842,1668094500518]
11-11 03:35:01.846 I/am_pss ( 1491): [12193,10103,tv.danmaku.bilibilihd:ijkservice,33735680,19968000,39936,166563840,0,3,11]
11-11 03:35:01.859 I/am_pss ( 1491): [12194,10103,tv.danmaku.bilibilihd:pushservice,49213440,32968704,39936,191160320,0,3,11]
11-11 03:35:02.064 I/netstats_mobile_sample( 1491): [0,0,0,0,0,0,0,0,0,0,0,0,1668094502064]
11-11 03:35:02.064 I/netstats_wifi_sample( 1491): [2075958339,1893719,199918867,943164,2075958339,1893719,199918867,943164,2429297694,2387027,132311659,821390,1668094502064]
11-11 03:35:02.079 I/auditd (13003): type=1400 audit(0.0:17268): avc: denied { read } for comm="ps" name="pid_max" dev="proc" ino=1573876 scontext=u:r:untrusted_app:s0:c103,c256,c512,c768 tcontext=u:object_r:proc_pid_max:s0 tclass=file permissive=0 app=tv.danmaku.bilibilihd
11-11 03:35:02.127 I/auditd (11997): type=1400 audit(0.0:17269): avc: denied { read } for comm="thread_backgrou" name="u:object_r:serialno_prop:s0" dev="tmpfs" ino=15533 scontext=u:r:untrusted_app:s0:c103,c256,c512,c768 tcontext=u:object_r:serialno_prop:s0 tclass=file permissive=0 app=tv.danmaku.bilibilihd
11-11 03:35:02.127 I/auditd (11997): type=1400 audit(0.0:17270): avc: denied { read } for comm="thread_backgrou" name="u:object_r:serialno_prop:s0" dev="tmpfs" ino=15533 scontext=u:r:untrusted_app:s0:c103,c256,c512,c768 tcontext=u:object_r:serialno_prop:s0 tclass=file permissive=0 app=tv.danmaku.bilibilihd
11-11 03:35:02.295 I/auditd ( 0): type=1400 audit(0.0:17271): avc: denied { kill } for comm="swapper/2" capability=5 scontext=u:r:kernel:s0 tcontext=u:r:kernel:s0 tclass=capability permissive=0
11-11 03:35:02.621 I/service_manager_stats(11997): [200,53,8230]
11-11 03:35:03.295 I/auditd ( 0): type=1400 audit(0.0:17272): avc: denied { kill } for comm="swapper/2" capability=5 scontext=u:r:kernel:s0 tcontext=u:r:kernel:s0 tclass=capability permissive=0
11-11 03:35:03.780 I/netstats_mobile_sample( 1491): [0,0,0,0,0,0,0,0,0,0,0,0,1668094503779]
11-11 03:35:03.780 I/netstats_wifi_sample( 1491): [2089389938,1903077,199999218,944044,2089389938,1903077,199999218,944044,2442730504,2396581,132386028,822254,1668094503779]
11-11 03:35:03.991 I/auditd (23600): type=1400 audit(0.0:17273): avc: denied { read } for comm="cableThread" name="snmp" dev="proc" ino=4026532261 scontext=u:r:untrusted_app:s0:c101,c256,c512,c768 tcontext=u:object_r:proc_net:s0 tclass=file permissive=0 app=com.tencent.qqlive
11-11 03:35:04.295 I/auditd ( 0): type=1400 audit(0.0:17274): avc: denied { kill } for comm="swapper/2" capability=5 scontext=u:r:kernel:s0 tcontext=u:r:kernel:s0 tclass=capability permissive=0
11-11 03:35:04.559 I/auditd (13044): type=1400 audit(0.0:17275): avc: denied { read } for comm="ps" name="pid_max" dev="proc" ino=1595837 scontext=u:r:untrusted_app:s0:c103,c256,c512,c768 tcontext=u:object_r:proc_pid_max:s0 tclass=file permissive=0 app=tv.danmaku.bilibilihd
11-11 03:35:04.615 I/auditd (11997): type=1400 audit(0.0:17276): avc: denied { read } for comm="thread_backgrou" name="u:object_r:serialno_prop:s0" dev="tmpfs" ino=15533 scontext=u:r:untrusted_app:s0:c103,c256,c512,c768 tcontext=u:object_r:serialno_prop:s0 tclass=file permissive=0 app=tv.danmaku.bilibilihd
11-11 03:35:04.615 I/auditd (11997): type=1400 audit(0.0:17277): avc: denied { read } for comm="thread_backgrou" name="u:object_r:serialno_prop:s0" dev="tmpfs" ino=15533 scontext=u:r:untrusted_app:s0:c103,c256,c512,c768 tcontext=u:object_r:serialno_prop:s0 tclass=file permissive=0 app=tv.danmaku.bilibilihd
11-11 03:35:04.725 I/am_pss ( 1491): [12441,10103,tv.danmaku.bilibilihd:download,39934976,19283968,39936,188223488,0,3,13]
11-11 03:35:04.927 I/auditd (11997): type=1400 audit(0.0:17278): avc: denied { read } for comm=4F6B487474704578656375746F7220 name="u:object_r:bluetooth_prop:s0" dev="tmpfs" ino=15365 scontext=u:r:untrusted_app:s0:c103,c256,c512,c768 tcontext=u:object_r:bluetooth_prop:s0 tclass=file permissive=0 app=tv.danmaku.bilibilihd
11-11 03:35:04.927 I/auditd (11997): type=1400 audit(0.0:17279): avc: denied { search } for comm=4F6B487474704578656375746F7220 name="android_usb" dev="sysfs" ino=58517 scontext=u:r:untrusted_app:s0:c103,c256,c512,c768 tcontext=u:object_r:sysfs_android_usb:s0 tclass=dir permissive=0 app=tv.danmaku.bilibilihd
11-11 03:35:04.931 I/auditd (11997): type=1400 audit(0.0:17280): avc: denied { read } for comm=4F6B487474704578656375746F7220 name="u:object_r:serialno_prop:s0" dev="tmpfs" ino=15533 scontext=u:r:untrusted_app:s0:c103,c256,c512,c768 tcontext=u:object_r:serialno_prop:s0 tclass=file permissive=0 app=tv.danmaku.bilibilihd
11-11 03:35:04.931 I/auditd (11997): type=1400 audit(0.0:17281): avc: denied { read } for comm=4F6B487474704578656375746F7220 name="u:object_r:serialno_prop:s0" dev="tmpfs" ino=15533 scontext=u:r:untrusted_app:s0:c103,c256,c512,c768 tcontext=u:object_r:serialno_prop:s0 tclass=file permissive=0 app=tv.danmaku.bilibilihd
11-11 03:35:04.965 I/netstats_mobile_sample( 1491): [0,0,0,0,0,0,0,0,0,0,0,0,1668094504965]
11-11 03:35:04.965 I/netstats_wifi_sample( 1491): [2098550128,1909451,200070292,944862,2098550128,1909451,200070292,944862,2452015694,2403115,132451437,823061,1668094504965]
11-11 03:35:05.286 I/wm_finish_activity( 1491): [0,72107165,139,tv.danmaku.bilibilihd/tv.danmaku.bili.ui.loginv2.LoginOriginalActivityV2,app-request]
11-11 03:35:05.298 I/wm_pause_activity( 1491): [0,72107165,tv.danmaku.bilibilihd/tv.danmaku.bili.ui.loginv2.LoginOriginalActivityV2,userLeaving=false,finish]
11-11 03:35:05.316 I/input_focus( 1491): [Focus leaving 72d8d99 tv.danmaku.bilibilihd/tv.danmaku.bili.ui.loginv2.LoginOriginalActivityV2 (server),reason=NO_WINDOW]
11-11 03:35:05.345 I/wm_on_top_resumed_lost_called(11997): [72107165,tv.danmaku.bili.ui.loginv2.LoginOriginalActivityV2,topStateChangedWhenResumed]
11-11 03:35:05.351 I/wm_on_paused_called(11997): [72107165,tv.danmaku.bili.ui.loginv2.LoginOriginalActivityV2,performPause]
11-11 03:35:05.355 I/wm_set_resumed_activity( 1491): [0,tv.danmaku.bilibilihd/tv.danmaku.bili.MainActivityV2,resumeTopActivityInnerLocked]
11-11 03:35:05.358 I/wm_resume_activity( 1491): [0,200658517,139,tv.danmaku.bilibilihd/tv.danmaku.bili.MainActivityV2]
11-11 03:35:05.371 I/input_focus( 1491): [Focus request 1a73a5d tv.danmaku.bilibilihd/tv.danmaku.bili.MainActivityV2,reason=UpdateInputWindows]
11-11 03:35:05.374 I/sysui_multi_action( 1491): [757,803,799,window_time_0,802,21]
11-11 03:35:05.377 I/input_focus( 1491): [Focus entering 1a73a5d tv.danmaku.bilibilihd/tv.danmaku.bili.MainActivityV2 (server),reason=setFocusedWindow]
11-11 03:35:05.394 I/wm_on_activity_result_called(11997): [200658517,tv.danmaku.bili.MainActivityV2,ACTIVITY_RESULT]
11-11 03:35:05.396 I/wm_on_resume_called(11997): [200658517,tv.danmaku.bili.MainActivityV2,RESUME_ACTIVITY]
11-11 03:35:05.412 I/wm_on_top_resumed_gained_called(11997): [200658517,tv.danmaku.bili.MainActivityV2,topWhenResuming]
11-11 03:35:05.559 I/wm_destroy_activity( 1491): [0,72107165,139,tv.danmaku.bilibilihd/tv.danmaku.bili.ui.loginv2.LoginOriginalActivityV2,finish-idle]
11-11 03:35:05.571 I/wm_on_stop_called(11997): [72107165,tv.danmaku.bili.ui.loginv2.LoginOriginalActivityV2,LIFECYCLER_STOP_ACTIVITY]
11-11 03:35:05.579 I/am_pss ( 1491): [11429,10102,com.bilibili.bilithings,127034368,106725376,12288,274628608,0,4,13]
11-11 03:35:05.585 I/am_pss ( 1491): [11245,10090,com.android.permissioncontroller,14807040,11042816,2343936,71864320,0,19,5]
11-11 03:35:05.593 I/am_pss ( 1491): [12759,99007,com.android.webview:sandboxed_process0:org.chromium.content.app.SandboxedProcessService0:0,31614976,13369344,316416,133918720,0,10,7]
11-11 03:35:05.608 I/am_pss ( 1491): [12676,10103,tv.danmaku.bilibilihd:web,101630976,66691072,316416,291237888,0,10,14]
11-11 03:35:05.729 I/wm_on_destroy_called(11997): [72107165,tv.danmaku.bili.ui.loginv2.LoginOriginalActivityV2,performDestroy]
11-11 03:35:06.241 I/netstats_mobile_sample( 1491): [0,0,0,0,0,0,0,0,0,0,0,0,1668094506241]
11-11 03:35:06.242 I/netstats_wifi_sample( 1491): [2101993166,1912040,200150696,945387,2101993166,1912040,200150696,945387,2455509989,2406017,132520820,823562,1668094506241]
11-11 03:35:09.295 I/auditd ( 0): type=1400 audit(0.0:17283): avc: denied { kill } for comm="swapper/1" capability=5 scontext=u:r:kernel:s0 tcontext=u:r:kernel:s0 tclass=capability permissive=0
11-11 03:35:10.295 I/auditd ( 0): type=1400 audit(0.0:17284): avc: denied { kill } for comm="swapper/1" capability=5 scontext=u:r:kernel:s0 tcontext=u:r:kernel:s0 tclass=capability permissive=0
11-11 03:35:11.295 I/auditd ( 0): type=1400 audit(0.0:17285): avc: denied { kill } for comm="swapper/1" capability=5 scontext=u:r:kernel:s0 tcontext=u:r:kernel:s0 tclass=capability permissive=0
11-11 03:35:11.696 I/service_manager_stats(11997): [200,92,9075]
11-11 03:35:12.295 I/auditd ( 0): type=1400 audit(0.0:17286): avc: denied { kill } for comm="swapper/1" capability=5 scontext=u:r:kernel:s0 tcontext=u:r:kernel:s0 tclass=capability permissive=0
11-11 03:35:13.295 I/auditd ( 0): type=1400 audit(0.0:17287): avc: denied { kill } for comm="swapper/1" capability=5 scontext=u:r:kernel:s0 tcontext=u:r:kernel:s0 tclass=capability permissive=0
11-11 03:35:16.295 I/auditd ( 0): type=1400 audit(0.0:17288): avc: denied { kill } for comm="swapper/0" capability=5 scontext=u:r:kernel:s0 tcontext=u:r:kernel:s0 tclass=capability permissive=0
11-11 03:35:17.295 I/auditd ( 0): type=1400 audit(0.0:17289): avc: denied { kill } for comm="swapper/0" capability=5 scontext=u:r:kernel:s0 tcontext=u:r:kernel:s0 tclass=capability permissive=0
11-11 03:35:18.295 I/auditd ( 0): type=1400 audit(0.0:17290): avc: denied { kill } for comm="swapper/0" capability=5 scontext=u:r:kernel:s0 tcontext=u:r:kernel:s0 tclass=capability permissive=0
11-11 03:35:18.463 I/auditd (15661): type=1400 audit(0.0:17291): avc: denied { read } for comm=5468726561642D32202D2031333538 name="tcp" dev="proc" ino=4026532256 scontext=u:r:untrusted_app_29:s0:c99,c256,c512,c768 tcontext=u:object_r:proc_net_tcp_udp:s0 tclass=file permissive=0 app=com.smile.gifmaker
11-11 03:35:19.295 I/auditd ( 0): type=1400 audit(0.0:17292): avc: denied { kill } for comm="swapper/0" capability=5 scontext=u:r:kernel:s0 tcontext=u:r:kernel:s0 tclass=capability permissive=0
11-11 03:35:20.443 I/auditd (15940): type=1400 audit(0.0:17293): avc: denied { read } for comm="pool-2-thread-6" name="tcp" dev="proc" ino=4026532256 scontext=u:r:untrusted_app_29:s0:c99,c256,c512,c768 tcontext=u:object_r:proc_net_tcp_udp:s0 tclass=file permissive=0 app=com.smile.gifmaker
11-11 03:35:21.523 I/auditd (11997): type=1400 audit(0.0:17294): avc: denied { read } for comm="Thread-35" name="tcp" dev="proc" ino=4026532256 scontext=u:r:untrusted_app:s0:c103,c256,c512,c768 tcontext=u:object_r:proc_net_tcp_udp:s0 tclass=file permissive=0 app=tv.danmaku.bilibilihd
11-11 03:35:21.643 I/auditd (16116): type=1400 audit(0.0:17295): avc: denied { read } for comm="aker:messagesdk" name="tcp" dev="proc" ino=4026532256 scontext=u:r:untrusted_app_29:s0:c99,c256,c512,c768 tcontext=u:object_r:proc_net_tcp_udp:s0 tclass=file permissive=0 app=com.smile.gifmaker
11-11 03:35:22.295 I/auditd ( 0): type=1400 audit(0.0:17296): avc: denied { kill } for comm="swapper/2" capability=5 scontext=u:r:kernel:s0 tcontext=u:r:kernel:s0 tclass=capability permissive=0
11-11 03:35:23.295 I/auditd ( 0): type=1400 audit(0.0:17297): avc: denied { kill } for comm="swapper/2" capability=5 scontext=u:r:kernel:s0 tcontext=u:r:kernel:s0 tclass=capability permissive=0
11-11 03:35:24.295 I/auditd ( 0): type=1400 audit(0.0:17298): avc: denied { kill } for comm="swapper/2" capability=5 scontext=u:r:kernel:s0 tcontext=u:r:kernel:s0 tclass=capability permissive=0
11-11 03:35:24.597 I/am_uid_idle( 1491): 10064
11-11 03:35:25.128 I/am_uid_idle( 1491): 10066
11-11 03:35:25.295 I/auditd ( 0): type=1400 audit(0.0:17299): avc: denied { kill } for comm="swapper/2" capability=5 scontext=u:r:kernel:s0 tcontext=u:r:kernel:s0 tclass=capability permissive=0
11-11 03:35:26.295 I/auditd ( 0): type=1400 audit(0.0:17300): avc: denied { kill } for comm="swapper/2" capability=5 scontext=u:r:kernel:s0 tcontext=u:r:kernel:s0 tclass=capability permissive=0
11-11 03:35:27.295 I/auditd ( 0): type=1400 audit(0.0:17301): avc: denied { kill } for comm="swapper/2" capability=5 scontext=u:r:kernel:s0 tcontext=u:r:kernel:s0 tclass=capability permissive=0
11-11 03:35:29.295 I/auditd ( 0): type=1400 audit(0.0:17302): avc: denied { kill } for comm="swapper/2" capability=5 scontext=u:r:kernel:s0 tcontext=u:r:kernel:s0 tclass=capability permissive=0
11-11 03:35:30.295 I/auditd ( 0): type=1400 audit(0.0:17303): avc: denied { kill } for comm="swapper/2" capability=5 scontext=u:r:kernel:s0 tcontext=u:r:kernel:s0 tclass=capability permissive=0
11-11 03:35:31.295 I/auditd ( 0): type=1400 audit(0.0:17304): avc: denied { kill } for comm="swapper/2" capability=5 scontext=u:r:kernel:s0 tcontext=u:r:kernel:s0 tclass=capability permissive=0
11-11 03:35:33.295 I/auditd ( 0): type=1400 audit(0.0:17305): avc: denied { kill } for comm="swapper/2" capability=5 scontext=u:r:kernel:s0 tcontext=u:r:kernel:s0 tclass=capability permissive=0
11-11 03:35:34.295 I/auditd ( 0): type=1400 audit(0.0:17306): avc: denied { kill } for comm="swapper/2" capability=5 scontext=u:r:kernel:s0 tcontext=u:r:kernel:s0 tclass=capability permissive=0
11-11 03:35:35.295 I/auditd ( 0): type=1400 audit(0.0:17307): avc: denied { kill } for comm="swapper/2" capability=5 scontext=u:r:kernel:s0 tcontext=u:r:kernel:s0 tclass=capability permissive=0
11-11 03:35:37.283 I/service_manager_stats( 1491): [100,63,52160]
11-11 03:35:37.295 I/auditd ( 0): type=1400 audit(0.0:17308): avc: denied { kill } for comm="swapper/2" capability=5 scontext=u:r:kernel:s0 tcontext=u:r:kernel:s0 tclass=capability permissive=0
11-11 03:35:38.295 I/auditd ( 0): type=1400 audit(0.0:17309): avc: denied { kill } for comm="swapper/2" capability=5 scontext=u:r:kernel:s0 tcontext=u:r:kernel:s0 tclass=capability permissive=0
11-11 03:35:39.295 I/auditd ( 0): type=1400 audit(0.0:17310): avc: denied { kill } for comm="swapper/2" capability=5 scontext=u:r:kernel:s0 tcontext=u:r:kernel:s0 tclass=capability permissive=0
11-11 03:35:40.026 I/am_pss ( 1491): [11997,10103,tv.danmaku.bilibilihd,244682752,200261632,37888,460918784,0,2,26]
11-11 03:35:41.032 I/am_uid_idle( 1491): 10090
11-11 03:35:42.295 I/auditd ( 0): type=1400 audit(0.0:17311): avc: denied { kill } for comm="swapper/3" capability=5 scontext=u:r:kernel:s0 tcontext=u:r:kernel:s0 tclass=capability permissive=0
11-11 03:35:44.177 I/storage_state( 1491): [41217664-9172-527a-b3d5-edabb50a7d69,0,0,107869962240,118610538496]
11-11 03:35:44.295 I/auditd ( 0): type=1400 audit(0.0:17312): avc: denied { kill } for comm="swapper/3" capability=5 scontext=u:r:kernel:s0 tcontext=u:r:kernel:s0 tclass=capability permissive=0
11-11 03:35:46.295 I/auditd ( 0): type=1400 audit(0.0:17313): avc: denied { kill } for comm="swapper/1" capability=5 scontext=u:r:kernel:s0 tcontext=u:r:kernel:s0 tclass=capability permissive=0
11-11 03:35:46.692 I/am_uid_active( 1491): 99007
11-11 03:35:46.714 I/am_uid_active( 1491): 10066
11-11 03:35:46.714 I/am_pss ( 1491): [12676,10103,tv.danmaku.bilibilihd:web,95319040,54546432,177152,291315712,0,10,16]
11-11 03:35:46.753 I/am_uid_running( 1491): 99008
11-11 03:35:46.759 I/am_proc_start( 1491): [0,13300,99008,com.android.webview:sandboxed_process0:org.chromium.content.app.SandboxedProcessService0:1,,{tv.danmaku.bilibilihd/org.chromium.content.app.SandboxedProcessService0:1}]
11-11 03:35:46.772 I/am_proc_bound( 1491): [0,13300,com.android.webview:sandboxed_process0:org.chromium.content.app.SandboxedProcessService0:1]
11-11 03:35:46.774 I/am_uid_active( 1491): 99008
11-11 03:35:46.787 I/auditd ( 508): avc: denied { find } for pid=13300 uid=99008 name=content_capture scontext=u:r:isolated_app:s0:c512,c768 tcontext=u:object_r:content_capture_service:s0 tclass=service_manager permissive=0
11-11 03:35:47.295 I/auditd ( 0): type=1400 audit(0.0:17314): avc: denied { kill } for comm="swapper/1" capability=5 scontext=u:r:kernel:s0 tcontext=u:r:kernel:s0 tclass=capability permissive=0
11-11 03:35:48.186 I/netstats_mobile_sample( 1491): [0,0,0,0,0,0,0,0,0,0,0,0,1668094548185]
11-11 03:35:48.186 I/netstats_wifi_sample( 1491): [2104335095,1915547,200762272,947918,2104335095,1915547,200762272,947918,2459220532,2413340,132895768,825557,1668094548185]
11-11 03:35:48.295 I/auditd ( 0): type=1400 audit(0.0:17315): avc: denied { kill } for comm="swapper/1" capability=5 scontext=u:r:kernel:s0 tcontext=u:r:kernel:s0 tclass=capability permissive=0
11-11 03:35:49.295 I/auditd ( 0): type=1400 audit(0.0:17316): avc: denied { kill } for comm="swapper/1" capability=5 scontext=u:r:kernel:s0 tcontext=u:r:kernel:s0 tclass=capability permissive=0
11-11 03:35:50.295 I/auditd ( 287): type=1400 audit(0.0:17317): avc: denied { kill } for comm="kgsl_worker_thr" capability=5 scontext=u:r:kernel:s0 tcontext=u:r:kernel:s0 tclass=capability permissive=0
11-11 03:35:51.295 I/auditd ( 0): type=1400 audit(0.0:17318): avc: denied { kill } for comm="swapper/1" capability=5 scontext=u:r:kernel:s0 tcontext=u:r:kernel:s0 tclass=capability permissive=0
11-11 03:35:51.555 I/auditd (11997): type=1400 audit(0.0:17319): avc: denied { read } for comm="Thread-35" name="tcp" dev="proc" ino=4026532256 scontext=u:r:untrusted_app:s0:c103,c256,c512,c768 tcontext=u:object_r:proc_net_tcp_udp:s0 tclass=file permissive=0 app=tv.danmaku.bilibilihd
11-11 03:35:52.295 I/auditd ( 0): type=1400 audit(0.0:17320): avc: denied { kill } for comm="swapper/1" capability=5 scontext=u:r:kernel:s0 tcontext=u:r:kernel:s0 tclass=capability permissive=0
11-11 03:35:53.295 I/auditd ( 0): type=1400 audit(0.0:17321): avc: denied { kill } for comm="swapper/1" capability=5 scontext=u:r:kernel:s0 tcontext=u:r:kernel:s0 tclass=capability permissive=0
11-11 03:35:55.295 I/auditd ( 0): type=1400 audit(0.0:17322): avc: denied { kill } for comm="swapper/1" capability=5 scontext=u:r:kernel:s0 tcontext=u:r:kernel:s0 tclass=capability permissive=0
11-11 03:35:56.283 I/service_manager_stats(12194): [200,81,12937178]
11-11 03:35:56.295 I/auditd ( 0): type=1400 audit(0.0:17323): avc: denied { kill } for comm="swapper/1" capability=5 scontext=u:r:kernel:s0 tcontext=u:r:kernel:s0 tclass=capability permissive=0
11-11 03:35:57.684 I/am_pss ( 1491): [11789,99006,com.android.webview:sandboxed_process0:org.chromium.content.app.SandboxedProcessService0:0,36443136,17645568,43008,153542656,0,4,13]
11-11 03:35:58.295 I/auditd ( 0): type=1400 audit(0.0:17324): avc: denied { kill } for comm="swapper/3" capability=5 scontext=u:r:kernel:s0 tcontext=u:r:kernel:s0 tclass=capability permissive=0
11-11 03:36:00.295 I/auditd ( 0): type=1400 audit(0.0:17325): avc: denied { kill } for comm="swapper/2" capability=5 scontext=u:r:kernel:s0 tcontext=u:r:kernel:s0 tclass=capability permissive=0
11-11 03:36:01.295 I/auditd ( 0): type=1400 audit(0.0:17326): avc: denied { kill } for comm="swapper/2" capability=5 scontext=u:r:kernel:s0 tcontext=u:r:kernel:s0 tclass=capability permissive=0
11-11 03:36:02.295 I/auditd ( 0): type=1400 audit(0.0:17327): avc: denied { kill } for comm="swapper/2" capability=5 scontext=u:r:kernel:s0 tcontext=u:r:kernel:s0 tclass=capability permissive=0
11-11 03:36:04.295 I/auditd ( 0): type=1400 audit(0.0:17328): avc: denied { kill } for comm="swapper/3" capability=5 scontext=u:r:kernel:s0 tcontext=u:r:kernel:s0 tclass=capability permissive=0
11-11 03:36:05.295 I/auditd ( 0): type=1400 audit(0.0:17329): avc: denied { kill } for comm="swapper/3" capability=5 scontext=u:r:kernel:s0 tcontext=u:r:kernel:s0 tclass=capability permissive=0
11-11 03:36:06.295 I/auditd ( 0): type=1400 audit(0.0:17330): avc: denied { kill } for comm="swapper/3" capability=5 scontext=u:r:kernel:s0 tcontext=u:r:kernel:s0 tclass=capability permissive=0
11-11 03:36:07.094 I/wm_task_moved( 1491): [1,0,0]
11-11 03:36:07.095 I/wm_task_moved( 1491): [1,0,15]
11-11 03:36:07.101 I/view_enqueue_input_event(11997): [Motion - Cancel,tv.danmaku.bilibilihd/tv.danmaku.bili.MainActivityV2]
11-11 03:36:07.107 I/wm_on_restart_called( 2490): [146330618,com.android.launcher3.uioverrides.QuickstepLauncher,performRestartActivity]
11-11 03:36:07.109 I/input_focus( 1491): [Focus request recents_animation_input_consumer,reason=UpdateInputWindows]
11-11 03:36:07.115 I/input_interaction( 1491): Interaction with: edge-swipe (server), swipe-up (server), PointerEventDispatcher0 (server),
11-11 03:36:07.141 I/input_focus( 1491): [Focus leaving 1a73a5d tv.danmaku.bilibilihd/tv.danmaku.bili.MainActivityV2 (server),reason=NOT_FOCUSABLE]
11-11 03:36:07.142 I/input_focus( 1491): [Focus entering recents_animation_input_consumer (server),reason=setFocusedWindow]
11-11 03:36:07.148 I/wm_on_start_called( 2490): [146330618,com.android.launcher3.uioverrides.QuickstepLauncher,handleStartActivity]
11-11 03:36:07.161 I/sysui_latency( 2490): [1,88]
11-11 03:36:07.179 I/auditd (23600): type=1400 audit(0.0:17331): avc: denied { read } for comm="cableThread" name="snmp" dev="proc" ino=4026532261 scontext=u:r:untrusted_app:s0:c101,c256,c512,c768 tcontext=u:object_r:proc_net:s0 tclass=file permissive=0 app=com.tencent.qqlive
11-11 03:36:07.189 I/sysui_multi_action( 1491): [319,9,322,75,325,12947,757,761,758,9,759,5,806,com.android.launcher3,871,com.android.launcher3.uioverrides.QuickstepLauncher,905,0,1320,8,1321,5]
11-11 03:36:07.284 I/am_pss ( 1491): [13300,99008,com.android.webview:sandboxed_process0:org.chromium.content.app.SandboxedProcessService0:1,34193408,18112512,43008,145108992,0,3,8]
11-11 03:36:07.295 I/auditd ( 0): type=1400 audit(0.0:17332): avc: denied { kill } for comm="swapper/3" capability=5 scontext=u:r:kernel:s0 tcontext=u:r:kernel:s0 tclass=capability permissive=0
11-11 03:36:07.354 I/commit_sys_config_file( 1491): [settings-1-0,4]
11-11 03:36:07.472 I/sysui_latency( 1491): [8,89]
11-11 03:36:07.860 I/wm_task_moved( 1491): [1,1,16]
11-11 03:36:07.862 I/wm_focused_root_task( 1491): [0,0,1,139,RecentsAnimation.onAnimationFinished()]
11-11 03:36:07.869 I/wm_pause_activity( 1491): [0,200658517,tv.danmaku.bilibilihd/tv.danmaku.bili.MainActivityV2,userLeaving=false,pauseBackTasks]
11-11 03:36:07.871 I/wm_set_resumed_activity( 1491): [0,com.android.launcher3/.uioverrides.QuickstepLauncher,resumeTopActivityInnerLocked]
11-11 03:36:07.873 I/wm_resume_activity( 1491): [0,146330618,90,com.android.launcher3/.uioverrides.QuickstepLauncher]
11-11 03:36:07.874 I/wm_add_to_stopping( 1491): [0,200658517,tv.danmaku.bilibilihd/tv.danmaku.bili.MainActivityV2,makeInvisible]
11-11 03:36:07.874 I/wm_on_resume_called( 2490): [146330618,com.android.launcher3.uioverrides.QuickstepLauncher,RESUME_ACTIVITY]
11-11 03:36:07.874 I/wm_on_top_resumed_lost_called(11997): [200658517,tv.danmaku.bili.MainActivityV2,topStateChangedWhenResumed]
11-11 03:36:07.880 I/input_focus( 1491): [Focus request 61dc244 com.android.launcher3/com.android.launcher3.uioverrides.QuickstepLauncher,reason=UpdateInputWindows]
11-11 03:36:07.882 I/sysui_multi_action( 1491): [757,803,799,window_time_0,802,62]
11-11 03:36:07.886 I/wm_stop_activity( 1491): [0,200658517,tv.danmaku.bilibilihd/tv.danmaku.bili.MainActivityV2]
11-11 03:36:07.887 I/wm_on_paused_called(11997): [200658517,tv.danmaku.bili.MainActivityV2,performPause]
11-11 03:36:07.887 I/sysui_multi_action( 1491): [757,803,799,window_time_0,802,0]
11-11 03:36:07.895 I/input_focus( 1491): [Focus leaving recents_animation_input_consumer (server),reason=NOT_VISIBLE]
11-11 03:36:07.895 I/input_focus( 1491): [Focus entering 61dc244 com.android.launcher3/com.android.launcher3.uioverrides.QuickstepLauncher (server),reason=setFocusedWindow]
11-11 03:36:07.909 I/wm_on_top_resumed_gained_called( 2490): [146330618,com.android.launcher3.uioverrides.QuickstepLauncher,topStateChangedWhenResumed]
11-11 03:36:07.909 I/am_pss ( 1491): [11245,10090,com.android.permissioncontroller,12236800,8126464,2732032,67526656,0,19,6]
11-11 03:36:07.954 I/wm_on_stop_called(11997): [200658517,tv.danmaku.bili.MainActivityV2,STOP_ACTIVITY_ITEM]
11-11 03:36:08.000 I/am_uid_active( 1491): 10064
11-11 03:36:08.100 I/commit_sys_config_file( 1491): [settings-1-0,3]
11-11 03:36:08.295 I/auditd ( 0): type=1400 audit(0.0:17333): avc: denied { kill } for comm="swapper/3" capability=5 scontext=u:r:kernel:s0 tcontext=u:r:kernel:s0 tclass=capability permissive=0
11-11 03:36:08.543 I/input_interaction( 1491): Interaction with: 61dc244 com.android.launcher3/com.android.launcher3.uioverrides.QuickstepLauncher (server), c2fbbf0 com.android.systemui.ImageWallpaper (server), edge-swipe (server), swipe-up (server), PointerEventDispatcher0 (server),
11-11 03:36:09.295 I/auditd ( 0): type=1400 audit(0.0:17334): avc: denied { kill } for comm="swapper/3" capability=5 scontext=u:r:kernel:s0 tcontext=u:r:kernel:s0 tclass=capability permissive=0
11-11 03:36:10.295 I/auditd ( 0): type=1400 audit(0.0:17335): avc: denied { kill } for comm="swapper/3" capability=5 scontext=u:r:kernel:s0 tcontext=u:r:kernel:s0 tclass=capability permissive=0
11-11 03:36:11.299 I/auditd ( 0): type=1400 audit(0.0:17336): avc: denied { kill } for comm="swapper/3" capability=5 scontext=u:r:kernel:s0 tcontext=u:r:kernel:s0 tclass=capability permissive=0
11-11 03:36:12.295 I/auditd ( 0): type=1400 audit(0.0:17337): avc: denied { kill } for comm="swapper/3" capability=5 scontext=u:r:kernel:s0 tcontext=u:r:kernel:s0 tclass=capability permissive=0
11-11 03:36:13.295 I/auditd ( 0): type=1400 audit(0.0:17338): avc: denied { kill } for comm="swapper/3" capability=5 scontext=u:r:kernel:s0 tcontext=u:r:kernel:s0 tclass=capability permissive=0
11-11 03:36:14.295 I/auditd ( 0): type=1400 audit(0.0:17339): avc: denied { kill } for comm="swapper/3" capability=5 scontext=u:r:kernel:s0 tcontext=u:r:kernel:s0 tclass=capability permissive=0
11-11 03:36:14.462 I/wm_finish_activity( 1491): [0,33114549,103,com.android.music/.MusicBrowserActivity,recent-task-trimmed]
11-11 03:36:14.463 I/wm_destroy_activity( 1491): [0,33114549,103,com.android.music/.MusicBrowserActivity,finish-imm:finishIfPossible]
11-11 03:36:14.466 I/wm_finish_activity( 1491): [0,213457795,114,com.android.gallery3d/.app.MovieActivity,recent-task-trimmed]
11-11 03:36:14.467 I/wm_destroy_activity( 1491): [0,213457795,114,com.android.gallery3d/.app.MovieActivity,finish-imm:finishIfPossible]
11-11 03:36:14.469 I/wm_finish_activity( 1491): [0,170748622,114,com.android.music/.VideoBrowserActivity,recent-task-trimmed]
11-11 03:36:14.470 I/wm_destroy_activity( 1491): [0,170748622,114,com.android.music/.VideoBrowserActivity,finish-imm:finishIfPossible]
11-11 03:36:14.471 I/wm_finish_activity( 1491): [0,26637068,115,com.ss.android.lark/.main.app.MainActivity,recent-task-trimmed]
11-11 03:36:14.472 I/wm_destroy_activity( 1491): [0,26637068,115,com.ss.android.lark/.main.app.MainActivity,finish-imm:finishIfPossible]
11-11 03:36:14.474 I/wm_finish_activity( 1491): [0,12734112,118,com.microsoft.emmx/com.microsoft.ruby.Main,recent-task-trimmed]
11-11 03:36:14.475 I/wm_destroy_activity( 1491): [0,12734112,118,com.microsoft.emmx/com.microsoft.ruby.Main,finish-imm:finishIfPossible]
11-11 03:36:14.480 I/wm_finish_activity( 1491): [0,193925365,120,com.tencent.qqmusicpad/.activity.newplayeractivity.ui.PlayerActivityNew,recent-task-trimmed]
11-11 03:36:14.481 I/wm_destroy_activity( 1491): [0,193925365,120,com.tencent.qqmusicpad/.activity.newplayeractivity.ui.PlayerActivityNew,finish-imm:finishIfPossible]
11-11 03:36:14.482 I/wm_finish_activity( 1491): [0,26291743,120,com.tencent.qqmusicpad/.activity.MainActivity,recent-task-trimmed]
11-11 03:36:14.482 I/wm_destroy_activity( 1491): [0,26291743,120,com.tencent.qqmusicpad/.activity.MainActivity,finish-imm:finishIfPossible]
11-11 03:36:14.483 I/wm_finish_activity( 1491): [0,218607320,123,com.smile.gifmaker/com.yxcorp.gifshow.HomeActivity,recent-task-trimmed]
11-11 03:36:14.483 I/wm_destroy_activity( 1491): [0,218607320,123,com.smile.gifmaker/com.yxcorp.gifshow.HomeActivity,finish-imm:finishIfPossible]
11-11 03:36:14.484 I/wm_finish_activity( 1491): [0,75700865,104,com.android.settings/.homepage.SettingsHomepageActivity,recent-task-trimmed]
11-11 03:36:14.485 I/wm_destroy_activity( 1491): [0,75700865,104,com.android.settings/.homepage.SettingsHomepageActivity,finish-imm:finishIfPossible]
11-11 03:36:14.485 I/wm_task_removed( 1491): [104,removeChild:removeChild last r=ActivityRecord{4831a81 u0 com.android.settings/.homepage.SettingsHomepageActivity t-1 f}} in t=Task{7185786 #104 type=standard A=1000:com.android.settings.root U=0 visible=false mode=fullscreen translucent=true sz=0}]
11-11 03:36:14.485 I/wm_task_removed( 1491): [104,removeChild]
11-11 03:36:14.490 I/wm_finish_activity( 1491): [0,140470803,129,com.tencent.qqlive/.ona.activity.SplashHomeActivity,recent-task-trimmed]
11-11 03:36:14.491 I/wm_destroy_activity( 1491): [0,140470803,129,com.tencent.qqlive/.ona.activity.SplashHomeActivity,finish-imm:finishIfPossible]
11-11 03:36:14.492 I/wm_finish_activity( 1491): [0,119638272,133,com.ss.android.ugc.aweme/.splash.SplashActivity,recent-task-trimmed]
11-11 03:36:14.493 I/wm_destroy_activity( 1491): [0,119638272,133,com.ss.android.ugc.aweme/.splash.SplashActivity,finish-imm:finishIfPossible]
11-11 03:36:14.494 I/wm_finish_activity( 1491): [0,201663793,138,com.bilibili.bilithings/.homepage.HomeV2Activity,recent-task-trimmed]
11-11 03:36:14.494 I/wm_destroy_activity( 1491): [0,201663793,138,com.bilibili.bilithings/.homepage.HomeV2Activity,finish-imm:finishIfPossible]
11-11 03:36:14.495 I/wm_finish_activity( 1491): [0,200658517,139,tv.danmaku.bilibilihd/tv.danmaku.bili.MainActivityV2,recent-task-trimmed]
11-11 03:36:14.495 I/wm_destroy_activity( 1491): [0,200658517,139,tv.danmaku.bilibilihd/tv.danmaku.bili.MainActivityV2,finish-imm:finishIfPossible]
11-11 03:36:14.510 I/wm_on_destroy_called( 6893): [33114549,com.android.music.MusicBrowserActivity,performDestroy]
11-11 03:36:14.515 I/sysui_multi_action( 1491): [757,803,799,window_time_0,802,7]
11-11 03:36:14.526 I/am_kill ( 1491): [0,6893,com.android.music,200,remove task]
11-11 03:36:14.528 I/wm_task_removed( 1491): [103,removeChild:removeChild last r=ActivityRecord{1f949b5 u0 com.android.music/.MusicBrowserActivity t-1 f}} in t=Task{1b5fa6d #103 type=standard A=10086:android.task.music U=0 visible=false mode=fullscreen translucent=true sz=0}]
11-11 03:36:14.528 I/wm_task_removed( 1491): [103,removeChild]
11-11 03:36:14.528 I/wm_on_destroy_called(11429): [201663793,com.bilibili.bilithings.homepage.HomeV2Activity,performDestroy]
11-11 03:36:14.531 I/sysui_multi_action( 1491): [757,803,799,window_time_0,802,0]
11-11 03:36:14.532 I/am_kill ( 1491): [0,8766,com.ss.android.lark,960,remove task]
11-11 03:36:14.534 I/am_kill ( 1491): [0,9188,com.ss.android.lark:sandboxed_process1,960,remove task]
11-11 03:36:14.542 I/am_proc_died( 1491): [0,6893,com.android.music,200,4]
11-11 03:36:14.545 I/am_schedule_service_restart( 1491): [0,com.android.music/.MediaPlaybackService,1000]
11-11 03:36:14.545 I/am_uid_stopped( 1491): 10086
11-11 03:36:14.545 I/sysui_multi_action( 1491): [757,128,758,5,759,8,793,8237135,794,0,795,5708074,796,1,806,com.android.music,857,Channel-music,858,2,947,0,1500,5708074,1641,transport,1688,1,1745,1043716538]
11-11 03:36:14.545 I/notification_canceled( 1491): [0|com.android.music|1|null|10086,8,8237135,5708074,0,-1,-1,NULL]
11-11 03:36:14.546 I/wm_task_removed( 1491): [138,removeChild:removeChild last r=ActivityRecord{c052531 u0 com.bilibili.bilithings/.homepage.HomeV2Activity t-1 f}} in t=Task{4c136c2 #138 type=standard A=10102:com.bilibili.bilithings U=0 visible=false mode=fullscreen translucent=true sz=0}]
11-11 03:36:14.546 I/wm_task_removed( 1491): [138,removeChild]
11-11 03:36:14.547 I/sysui_multi_action( 1491): [757,803,799,window_time_0,802,0]
11-11 03:36:14.550 I/wm_task_removed( 1491): [114,removeChild:removeChild last r=ActivityRecord{a2d6ace u0 com.android.music/.VideoBrowserActivity t-1 f}} in t=Task{4185139 #114 type=standard A=10086:android.task.video U=0 visible=false mode=fullscreen translucent=true sz=0}]
11-11 03:36:14.550 I/wm_task_removed( 1491): [114,removeChild]
11-11 03:36:14.552 I/am_kill ( 1491): [0,25076,com.tencent.qqlive:mini1,995,empty for 2754s]
11-11 03:36:14.553 I/am_kill ( 1491): [0,9448,com.microsoft.emmx,925,remove task]
11-11 03:36:14.554 I/sysui_multi_action( 1491): [757,803,799,window_time_0,802,0]
11-11 03:36:14.555 I/sysui_multi_action( 1491): [757,803,799,window_time_0,802,0]
11-11 03:36:14.555 I/am_kill ( 1491): [0,15661,com.smile.gifmaker,915,remove task]
11-11 03:36:14.556 I/am_kill ( 1491): [0,16116,com.smile.gifmaker:messagesdk,930,remove task]
11-11 03:36:14.558 I/am_kill ( 1491): [0,15940,com.smile.gifmaker:push_v3,920,remove task]
11-11 03:36:14.558 I/sysui_multi_action( 1491): [757,803,799,window_time_0,802,0]
11-11 03:36:14.560 I/am_kill ( 1491): [0,11291,com.android.settings,965,remove task]
11-11 03:36:14.560 I/sysui_multi_action( 1491): [757,803,799,window_time_0,802,0]
11-11 03:36:14.561 I/am_kill ( 1491): [0,23600,com.tencent.qqlive:cache,910,remove task]
11-11 03:36:14.563 I/am_kill ( 1491): [0,23464,com.tencent.qqlive,910,remove task]
11-11 03:36:14.564 I/am_kill ( 1491): [0,23604,com.tencent.qqlive:services,910,remove task]
11-11 03:36:14.565 I/am_kill ( 1491): [0,24607,com.tencent.qqlive:xg_vip_service,910,remove task]
11-11 03:36:14.566 I/sysui_multi_action( 1491): [757,803,799,window_time_0,802,0]
11-11 03:36:14.566 I/am_kill ( 1491): [0,14573,com.ss.android.ugc.aweme:push,900,remove task]
11-11 03:36:14.567 I/notification_enqueue( 1491): [10078,1971,com.android.systemui,1,empty_media,0,Notification(channel=empty_media_style_id shortcut=null contentView=null vibrate=null sound=null defaults=0x0 flags=0x20 color=0x00000000 category=transport groupKey=empty_media actions=5 vis=PRIVATE),0]
11-11 03:36:14.567 I/am_kill ( 1491): [0,14749,com.ss.android.ugc.aweme:pushservice,900,remove task]
11-11 03:36:14.567 I/am_kill ( 1491): [0,14059,com.ss.android.ugc.aweme,900,remove task]
11-11 03:36:14.568 I/sysui_multi_action( 1491): [757,803,799,window_time_0,802,0]
11-11 03:36:14.569 I/sysui_multi_action( 1491): [757,803,799,window_time_0,802,0]
11-11 03:36:14.571 I/sysui_multi_action( 1491): [757,803,799,window_time_0,802,0]
11-11 03:36:14.572 I/am_uid_running( 1491): 10086
