11-11 04:09:29.656 W/View ( 1971): requestLayout() improperly called by android.widget.FrameLayout{6741a03 I.E...... ......ID 0,0-780,182 #2bc} during second layout pass: posting in next frame
11-11 04:09:29.656 W/View ( 1971): requestLayout() improperly called by com.android.systemui.statusbar.AlphaOptimizedImageView{251aab2 VFED..C.. ......ID 0,0-140,182} during second layout pass: posting in next frame
11-11 04:09:29.659 D/MicroService( 2135): getEvent: clientSocket = Socket[address=/192.168.4.4,port=47592,localPort=9999]
11-11 04:09:29.660 D/MicroService( 2135): run: called
11-11 04:09:29.660 D/MicroService( 2135): getEvent: start waiting...
11-11 04:09:29.660 I/MicroService( 2135): getStringByData(noZero): IDCM_CarAudioService
11-11 04:09:29.660 I/MicroService( 2135): getStringByData(noZero): FSEM_AudioService
11-11 04:09:29.660 I/MicroService( 2135): getStringByData: {"srcService":"IDCM_CarAudioService","dstService":"FSEM_AudioService","methodName":"setVolume","messageType":0,"uuid":14959599165802,"parameters":{"functionInfo":{"IDCM_VolumeValue_Media":"12"}}}
11-11 04:09:29.660 I/MicroService( 2135): Receive message: SocketMessageBean{businessData='21930', srcService='IDCM_CarAudioService', destService='FSEM_AudioService', messageType='0', uuid='14959599165802', payloadData={"srcService":"IDCM_CarAudioService","dstService":"FSEM_AudioService","methodName":"setVolume","messageType":0,"uuid":14959599165802,"parameters":{"functionInfo":{"IDCM_VolumeValue_Media":"12"}}}}
11-11 04:09:29.660 I/MicroService( 2135): dealMessage: 0
11-11 04:09:29.660 I/MicroService( 2135): onRequest(setVolume): {"functionInfo":{"IDCM_VolumeValue_Media":"12"}}
11-11 04:09:29.665 I/vol.Events( 1971): writeEvent level_changed STREAM_MUSIC 13
11-11 04:09:29.667 I/vol.Events( 1971): writeEvent level_changed STREAM_RING 2
11-11 04:09:29.667 I/vol.Events( 1971): writeEvent level_changed STREAM_SYSTEM 2
11-11 04:09:29.668 I/volume_changed( 1491): [3,13,12,39,android]
11-11 04:09:29.670 I/vol.Events( 1971): writeEvent level_changed STREAM_MUSIC 12
11-11 04:09:29.672 W/View ( 1971): requestLayout() improperly called by android.widget.FrameLayout{6741a03 I.E...... ......ID 0,0-780,182 #2bc} during layout: running second layout pass
11-11 04:09:29.672 W/View ( 1971): requestLayout() improperly called by com.android.systemui.statusbar.AlphaOptimizedImageView{251aab2 VFED..C.. ......ID 0,0-140,182} during layout: running second layout pass
11-11 04:09:29.679 I/sysui_multi_action( 1971): [757,207,758,1]
11-11 04:09:29.679 I/sysui_multi_action( 1971): [757,804,799,volume_from_keyguard,801,0,802,1]
11-11 04:09:29.679 I/vol.Events( 1971): writeEvent show_dialog volume_changed keyguard=false
11-11 04:09:29.681 D/BluetoothDatabase( 7489): getBondedDevicesOrdered: Invalid address for device LocalStorage
11-11 04:09:29.682 E/HeadsetStateMachine( 7489): returning mCurrentState as Disconnected
11-11 04:09:29.683 D/BluetoothPbapService( 7489): getConnectionState: 60:F4:3A:B2:E8:8D
11-11 04:09:29.684 W/View ( 1971): requestLayout() improperly called by android.widget.FrameLayout{6741a03 I.E...... ......ID 0,0-780,182 #2bc} during second layout pass: posting in next frame
11-11 04:09:29.684 W/View ( 1971): requestLayout() improperly called by com.android.systemui.statusbar.AlphaOptimizedImageView{251aab2 VFED..C.. ......ID 0,0-140,182} during second layout pass: posting in next frame
11-11 04:09:29.685 I/sysui_multi_action( 1971): [757,207,758,1]
11-11 04:09:29.685 I/sysui_multi_action( 1971): [757,804,799,volume_from_keyguard,801,0,802,1]
11-11 04:09:29.685 D/HearingAidService( 7489): getActiveDevices
11-11 04:09:29.685 I/vol.Events( 1971): writeEvent show_dialog volume_changed keyguard=false
11-11 04:09:29.686 D/BluetoothDatabase( 7489): getBondedDevicesOrdered: Invalid address for device LocalStorage
11-11 04:09:29.687 E/HeadsetStateMachine( 7489): returning mCurrentState as Disconnected
11-11 04:09:29.688 D/BluetoothPbapService( 7489): getConnectionState: 60:F4:3A:B2:E8:8D
11-11 04:09:29.689 W/View ( 1971): requestLayout() improperly called by android.widget.FrameLayout{6741a03 I.E...... ......ID 0,0-780,182 #2bc} during layout: running second layout pass
11-11 04:09:29.689 W/View ( 1971): requestLayout() improperly called by com.android.systemui.statusbar.AlphaOptimizedImageView{251aab2 VFED..C.. ......ID 0,0-140,182} during layout: running second layout pass
11-11 04:09:29.689 D/HearingAidService( 7489): getActiveDevices
11-11 04:09:29.705 W/View ( 1971): requestLayout() improperly called by android.widget.FrameLayout{6741a03 I.E...... ......ID 0,0-780,182 #2bc} during second layout pass: posting in next frame
11-11 04:09:29.705 W/View ( 1971): requestLayout() improperly called by com.android.systemui.statusbar.AlphaOptimizedImageView{251aab2 VFED..C.. ......ID 0,0-140,182} during second layout pass: posting in next frame
11-11 04:09:29.710 I/unknown (13536): khook pthread_attr_init_callback set thread stack from 1008 to 256 KB
11-11 04:09:29.710 I/unknown (13536): khook setstacksize __addr 0xb8ec67c8, from 1040 KB to 256 KB
11-11 04:09:29.722 W/View ( 1971): requestLayout() improperly called by android.widget.FrameLayout{6741a03 I.E...... ......ID 0,0-780,182 #2bc} during layout: running second layout pass
11-11 04:09:29.722 W/View ( 1971): requestLayout() improperly called by com.android.systemui.statusbar.AlphaOptimizedImageView{251aab2 VFED..C.. ......ID 0,0-140,182} during layout: running second layout pass
11-11 04:09:29.724 W/View ( 1971): requestLayout() improperly called by android.widget.FrameLayout{6741a03 I.E...... ......ID 0,0-780,182 #2bc} during second layout pass: posting in next frame
11-11 04:09:29.724 W/View ( 1971): requestLayout() improperly called by com.android.systemui.statusbar.AlphaOptimizedImageView{251aab2 VFED..C.. ......ID 0,0-140,182} during second layout pass: posting in next frame
11-11 04:09:29.733 I/commit_sys_config_file( 1491): [settings-1-0,9]
11-11 04:09:29.740 W/View ( 1971): requestLayout() improperly called by android.widget.FrameLayout{6741a03 I.E...... ......ID 0,0-780,182 #2bc} during layout: running second layout pass
11-11 04:09:29.740 W/View ( 1971): requestLayout() improperly called by com.android.systemui.statusbar.AlphaOptimizedImageView{251aab2 VFED..C.. ......ID 0,0-140,182} during layout: running second layout pass
11-11 04:09:29.742 W/View ( 1971): requestLayout() improperly called by android.widget.FrameLayout{6741a03 I.E...... ......ID 0,0-780,182 #2bc} during second layout pass: posting in next frame
11-11 04:09:29.742 W/View ( 1971): requestLayout() improperly called by com.android.systemui.statusbar.AlphaOptimizedImageView{251aab2 VFED..C.. ......ID 0,0-140,182} during second layout pass: posting in next frame
11-11 04:09:29.755 W/View ( 1971): requestLayout() improperly called by android.widget.FrameLayout{6741a03 I.E...... ......ID 0,0-780,182 #2bc} during layout: running second layout pass
11-11 04:09:29.755 W/View ( 1971): requestLayout() improperly called by com.android.systemui.statusbar.AlphaOptimizedImageView{251aab2 VFED..C.. ......ID 0,0-140,182} during layout: running second layout pass
11-11 04:09:29.756 W/View ( 1971): requestLayout() improperly called by android.widget.FrameLayout{6741a03 I.E...... ......ID 0,0-780,182 #2bc} during second layout pass: posting in next frame
11-11 04:09:29.756 W/View ( 1971): requestLayout() improperly called by com.android.systemui.statusbar.AlphaOptimizedImageView{251aab2 VFED..C.. ......ID 0,0-140,182} during second layout pass: posting in next frame
11-11 04:09:29.773 W/View ( 1971): requestLayout() improperly called by android.widget.FrameLayout{6741a03 I.E...... ......ID 0,0-780,182 #2bc} during layout: running second layout pass
11-11 04:09:29.773 W/View ( 1971): requestLayout() improperly called by com.android.systemui.statusbar.AlphaOptimizedImageView{251aab2 VFED..C.. ......ID 0,0-140,182} during layout: running second layout pass
11-11 04:09:29.774 W/View ( 1971): requestLayout() improperly called by android.widget.FrameLayout{6741a03 I.E...... ......ID 0,0-780,182 #2bc} during second layout pass: posting in next frame
11-11 04:09:29.774 W/View ( 1971): requestLayout() improperly called by com.android.systemui.statusbar.AlphaOptimizedImageView{251aab2 VFED..C.. ......ID 0,0-140,182} during second layout pass: posting in next frame
11-11 04:09:29.789 W/View ( 1971): requestLayout() improperly called by android.widget.FrameLayout{6741a03 I.E...... ......ID 0,0-780,182 #2bc} during layout: running second layout pass
11-11 04:09:29.789 W/View ( 1971): requestLayout() improperly called by com.android.systemui.statusbar.AlphaOptimizedImageView{251aab2 VFED..C.. ......ID 0,0-140,182} during layout: running second layout pass
11-11 04:09:29.797 D/MicroService( 2135): getEvent: clientSocket = Socket[address=/192.168.4.4,port=47594,localPort=9999]
11-11 04:09:29.797 D/MicroService( 2135): run: called
11-11 04:09:29.797 D/MicroService( 2135): getEvent: start waiting...
11-11 04:09:29.799 I/MicroService( 2135): getStringByData(noZero): IDCM_CarAudioService
11-11 04:09:29.799 I/MicroService( 2135): getStringByData(noZero): FSEM_AudioService
11-11 04:09:29.799 I/MicroService( 2135): getStringByData: {"srcService":"IDCM_CarAudioService","dstService":"FSEM_AudioService","methodName":"setVolume","messageType":0,"uuid":14959734181114,"parameters":{"functionInfo":{"IDCM_VolumeValue_Media":"11"}}}
11-11 04:09:29.800 I/MicroService( 2135): Receive message: SocketMessageBean{businessData='21930', srcService='IDCM_CarAudioService', destService='FSEM_AudioService', messageType='0', uuid='14959734181114', payloadData={"srcService":"IDCM_CarAudioService","dstService":"FSEM_AudioService","methodName":"setVolume","messageType":0,"uuid":14959734181114,"parameters":{"functionInfo":{"IDCM_VolumeValue_Media":"11"}}}}
11-11 04:09:29.800 I/MicroService( 2135): dealMessage: 0
11-11 04:09:29.800 I/MicroService( 2135): onRequest(setVolume): {"functionInfo":{"IDCM_VolumeValue_Media":"11"}}
11-11 04:09:29.815 I/volume_changed( 1491): [3,12,11,39,android]
11-11 04:09:29.832 I/vol.Events( 1971): writeEvent level_changed STREAM_MUSIC 11
11-11 04:09:29.833 W/kcp_info(17338): HCDN_LOG: [T:18541]Update: udp kcp size[0], timeout kcp size[0]
11-11 04:09:29.838 I/sysui_multi_action( 1971): [757,207,758,1]
11-11 04:09:29.839 I/sysui_multi_action( 1971): [757,804,799,volume_from_keyguard,801,0,802,1]
11-11 04:09:29.839 I/vol.Events( 1971): writeEvent show_dialog volume_changed keyguard=false
11-11 04:09:29.839 W/View ( 1971): requestLayout() improperly called by android.widget.FrameLayout{6741a03 I.E...... ......ID 0,0-780,182 #2bc} during second layout pass: posting in next frame
11-11 04:09:29.839 W/View ( 1971): requestLayout() improperly called by com.android.systemui.statusbar.AlphaOptimizedImageView{251aab2 VFED..C.. ......ID 0,0-140,182} during second layout pass: posting in next frame
11-11 04:09:29.842 D/BluetoothDatabase( 7489): getBondedDevicesOrdered: Invalid address for device LocalStorage
11-11 04:09:29.843 E/HeadsetStateMachine( 7489): returning mCurrentState as Disconnected
11-11 04:09:29.844 D/BluetoothPbapService( 7489): getConnectionState: 60:F4:3A:B2:E8:8D
11-11 04:09:29.845 D/HearingAidService( 7489): getActiveDevices
11-11 04:09:29.856 W/View ( 1971): requestLayout() improperly called by android.widget.FrameLayout{6741a03 I.E...... ......ID 0,0-780,182 #2bc} during layout: running second layout pass
11-11 04:09:29.856 W/View ( 1971): requestLayout() improperly called by com.android.systemui.statusbar.AlphaOptimizedImageView{251aab2 VFED..C.. ......ID 0,0-140,182} during layout: running second layout pass
11-11 04:09:29.871 W/View ( 1971): requestLayout() improperly called by android.widget.FrameLayout{6741a03 I.E...... ......ID 0,0-780,182 #2bc} during second layout pass: posting in next frame
11-11 04:09:29.872 W/View ( 1971): requestLayout() improperly called by com.android.systemui.statusbar.AlphaOptimizedImageView{251aab2 VFED..C.. ......ID 0,0-140,182} during second layout pass: posting in next frame
11-11 04:09:29.890 W/View ( 1971): requestLayout() improperly called by android.widget.FrameLayout{6741a03 I.E...... ......ID 0,0-780,182 #2bc} during layout: running second layout pass
11-11 04:09:29.890 W/View ( 1971): requestLayout() improperly called by com.android.systemui.statusbar.AlphaOptimizedImageView{251aab2 VFED..C.. ......ID 0,0-140,182} during layout: running second layout pass
11-11 04:09:29.895 W/View ( 1971): requestLayout() improperly called by android.widget.FrameLayout{6741a03 I.E...... ......ID 0,0-780,182 #2bc} during second layout pass: posting in next frame
11-11 04:09:29.895 W/View ( 1971): requestLayout() improperly called by com.android.systemui.statusbar.AlphaOptimizedImageView{251aab2 VFED..C.. ......ID 0,0-140,182} during second layout pass: posting in next frame
11-11 04:09:29.907 W/View ( 1971): requestLayout() improperly called by android.widget.FrameLayout{6741a03 I.E...... ......ID 0,0-780,182 #2bc} during layout: running second layout pass
11-11 04:09:29.907 W/View ( 1971): requestLayout() improperly called by com.android.systemui.statusbar.AlphaOptimizedImageView{251aab2 VFED..C.. ......ID 0,0-140,182} during layout: running second layout pass
11-11 04:09:29.910 W/View ( 1971): requestLayout() improperly called by android.widget.FrameLayout{6741a03 I.E...... ......ID 0,0-780,182 #2bc} during second layout pass: posting in next frame
11-11 04:09:29.910 W/View ( 1971): requestLayout() improperly called by com.android.systemui.statusbar.AlphaOptimizedImageView{251aab2 VFED..C.. ......ID 0,0-140,182} during second layout pass: posting in next frame
11-11 04:09:29.918 D/MicroService( 2135): getEvent: clientSocket = Socket[address=/192.168.4.4,port=47596,localPort=9999]
11-11 04:09:29.919 D/MicroService( 2135): run: called
11-11 04:09:29.919 D/MicroService( 2135): getEvent: start waiting...
11-11 04:09:29.919 I/MicroService( 2135): getStringByData(noZero): IDCM_CarAudioService
11-11 04:09:29.919 I/MicroService( 2135): getStringByData(noZero): FSEM_AudioService
11-11 04:09:29.920 I/MicroService( 2135): getStringByData: {"srcService":"IDCM_CarAudioService","dstService":"FSEM_AudioService","methodName":"setVolume","messageType":0,"uuid":14959843028146,"parameters":{"functionInfo":{"IDCM_VolumeValue_Media":"10"}}}
11-11 04:09:29.920 I/MicroService( 2135): Receive message: SocketMessageBean{businessData='21930', srcService='IDCM_CarAudioService', destService='FSEM_AudioService', messageType='0', uuid='14959843028146', payloadData={"srcService":"IDCM_CarAudioService","dstService":"FSEM_AudioService","methodName":"setVolume","messageType":0,"uuid":14959843028146,"parameters":{"functionInfo":{"IDCM_VolumeValue_Media":"10"}}}}
11-11 04:09:29.920 I/MicroService( 2135): dealMessage: 0
11-11 04:09:29.920 I/MicroService( 2135): onRequest(setVolume): {"functionInfo":{"IDCM_VolumeValue_Media":"10"}}
11-11 04:09:29.925 I/volume_changed( 1491): [3,11,10,39,android]
11-11 04:09:29.928 W/View ( 1971): requestLayout() improperly called by android.widget.FrameLayout{6741a03 I.E...... ......ID 0,0-780,182 #2bc} during layout: running second layout pass
11-11 04:09:29.931 W/View ( 1971): requestLayout() improperly called by com.android.systemui.statusbar.AlphaOptimizedImageView{251aab2 VFED..C.. ......ID 0,0-140,182} during layout: running second layout pass
11-11 04:09:29.937 I/vol.Events( 1971): writeEvent level_changed STREAM_MUSIC 10
11-11 04:09:29.937 W/View ( 1971): requestLayout() improperly called by android.widget.FrameLayout{6741a03 I.E...... ......ID 0,0-780,182 #2bc} during second layout pass: posting in next frame
11-11 04:09:29.937 W/View ( 1971): requestLayout() improperly called by com.android.systemui.statusbar.AlphaOptimizedImageView{251aab2 VFED..C.. ......ID 0,0-140,182} during second layout pass: posting in next frame
11-11 04:09:29.939 W/View ( 1971): requestLayout() improperly called by android.widget.FrameLayout{6741a03 I.E...... ......ID 0,0-780,182 #2bc} during layout: running second layout pass
11-11 04:09:29.939 W/View ( 1971): requestLayout() improperly called by com.android.systemui.statusbar.AlphaOptimizedImageView{251aab2 VFED..C.. ......ID 0,0-140,182} during layout: running second layout pass
11-11 04:09:29.939 W/View ( 1971): requestLayout() improperly called by android.widget.FrameLayout{6741a03 I.E...... ......ID 0,0-780,182 #2bc} during second layout pass: posting in next frame
11-11 04:09:29.939 W/View ( 1971): requestLayout() improperly called by com.android.systemui.statusbar.AlphaOptimizedImageView{251aab2 VFED..C.. ......ID 0,0-140,182} during second layout pass: posting in next frame
11-11 04:09:29.942 D/BluetoothDatabase( 7489): getBondedDevicesOrdered: Invalid address for device LocalStorage
11-11 04:09:29.943 E/HeadsetStateMachine( 7489): returning mCurrentState as Disconnected
11-11 04:09:29.944 D/BluetoothPbapService( 7489): getConnectionState: 60:F4:3A:B2:E8:8D
11-11 04:09:29.945 D/HearingAidService( 7489): getActiveDevices
11-11 04:09:29.955 W/View ( 1971): requestLayout() improperly called by android.widget.FrameLayout{6741a03 I.E...... ......ID 0,0-780,182 #2bc} during layout: running second layout pass
11-11 04:09:29.955 W/View ( 1971): requestLayout() improperly called by com.android.systemui.statusbar.AlphaOptimizedImageView{251aab2 VFED..C.. ......ID 0,0-140,182} during layout: running second layout pass
11-11 04:09:29.958 I/sysui_multi_action( 1971): [757,207,758,1]
11-11 04:09:29.959 I/sysui_multi_action( 1971): [757,804,799,volume_from_keyguard,801,0,802,1]
11-11 04:09:29.959 I/vol.Events( 1971): writeEvent show_dialog volume_changed keyguard=false
11-11 04:09:29.973 W/View ( 1971): requestLayout() improperly called by android.widget.FrameLayout{6741a03 I.E...... ......ID 0,0-780,182 #2bc} during second layout pass: posting in next frame
11-11 04:09:29.973 W/View ( 1971): requestLayout() improperly called by com.android.systemui.statusbar.AlphaOptimizedImageView{251aab2 VFED..C.. ......ID 0,0-140,182} during second layout pass: posting in next frame
11-11 04:09:29.990 W/View ( 1971): requestLayout() improperly called by android.widget.FrameLayout{6741a03 I.E...... ......ID 0,0-780,182 #2bc} during layout: running second layout pass
11-11 04:09:29.990 W/View ( 1971): requestLayout() improperly called by com.android.systemui.statusbar.AlphaOptimizedImageView{251aab2 VFED..C.. ......ID 0,0-140,182} during layout: running second layout pass
11-11 04:09:29.992 W/View ( 1971): requestLayout() improperly called by android.widget.FrameLayout{6741a03 I.E...... ......ID 0,0-780,182 #2bc} during second layout pass: posting in next frame
11-11 04:09:29.992 W/View ( 1971): requestLayout() improperly called by com.android.systemui.statusbar.AlphaOptimizedImageView{251aab2 VFED..C.. ......ID 0,0-140,182} during second layout pass: posting in next frame
11-11 04:09:30.000 D/MicroService( 2135): getEvent: clientSocket = Socket[address=/192.168.4.4,port=47598,localPort=9999]
11-11 04:09:30.000 D/MicroService( 2135): run: called
11-11 04:09:30.000 D/MicroService( 2135): getEvent: start waiting...
11-11 04:09:30.002 I/MicroService( 2135): getStringByData(noZero): IDCM_CarAudioService
11-11 04:09:30.002 I/MicroService( 2135): getStringByData(noZero): FSEM_AudioService
11-11 04:09:30.002 I/MicroService( 2135): getStringByData: {"srcService":"IDCM_CarAudioService","dstService":"FSEM_AudioService","methodName":"setVolume","messageType":0,"uuid":14959920097521,"parameters":{"functionInfo":{"IDCM_VolumeValue_Media":"11"}}}
11-11 04:09:30.003 I/MicroService( 2135): Receive message: SocketMessageBean{businessData='21930', srcService='IDCM_CarAudioService', destService='FSEM_AudioService', messageType='0', uuid='14959920097521', payloadData={"srcService":"IDCM_CarAudioService","dstService":"FSEM_AudioService","methodName":"setVolume","messageType":0,"uuid":14959920097521,"parameters":{"functionInfo":{"IDCM_VolumeValue_Media":"11"}}}}
11-11 04:09:30.003 I/MicroService( 2135): dealMessage: 0
11-11 04:09:30.003 I/MicroService( 2135): onRequest(setVolume): {"functionInfo":{"IDCM_VolumeValue_Media":"11"}}
11-11 04:09:30.008 W/View ( 1971): requestLayout() improperly called by android.widget.FrameLayout{6741a03 I.E...... ......ID 0,0-780,182 #2bc} during layout: running second layout pass
11-11 04:09:30.008 W/View ( 1971): requestLayout() improperly called by com.android.systemui.statusbar.AlphaOptimizedImageView{251aab2 VFED..C.. ......ID 0,0-140,182} during layout: running second layout pass
11-11 04:09:30.009 I/volume_changed( 1491): [3,10,11,39,android]
11-11 04:09:30.010 W/View ( 1971): requestLayout() improperly called by android.widget.FrameLayout{6741a03 I.E...... ......ID 0,0-780,182 #2bc} during second layout pass: posting in next frame
11-11 04:09:30.010 W/View ( 1971): requestLayout() improperly called by com.android.systemui.statusbar.AlphaOptimizedImageView{251aab2 VFED..C.. ......ID 0,0-140,182} during second layout pass: posting in next frame
11-11 04:09:30.020 I/vol.Events( 1971): writeEvent level_changed STREAM_MUSIC 11
11-11 04:09:30.023 W/View ( 1971): requestLayout() improperly called by android.widget.FrameLayout{6741a03 I.E...... ......ID 0,0-780,182 #2bc} during layout: running second layout pass
11-11 04:09:30.023 W/View ( 1971): requestLayout() improperly called by com.android.systemui.statusbar.AlphaOptimizedImageView{251aab2 VFED..C.. ......ID 0,0-140,182} during layout: running second layout pass
11-11 04:09:30.028 I/sysui_multi_action( 1971): [757,207,758,1]
11-11 04:09:30.029 I/sysui_multi_action( 1971): [757,804,799,volume_from_keyguard,801,0,802,1]
11-11 04:09:30.029 D/BluetoothDatabase( 7489): getBondedDevicesOrdered: Invalid address for device LocalStorage
11-11 04:09:30.030 E/HeadsetStateMachine( 7489): returning mCurrentState as Disconnected
11-11 04:09:30.030 I/vol.Events( 1971): writeEvent show_dialog volume_changed keyguard=false
11-11 04:09:30.030 W/View ( 1971): requestLayout() improperly called by android.widget.FrameLayout{6741a03 I.E...... ......ID 0,0-780,182 #2bc} during second layout pass: posting in next frame
11-11 04:09:30.030 W/View ( 1971): requestLayout() improperly called by com.android.systemui.statusbar.AlphaOptimizedImageView{251aab2 VFED..C.. ......ID 0,0-140,182} during second layout pass: posting in next frame
11-11 04:09:30.031 D/BluetoothPbapService( 7489): getConnectionState: 60:F4:3A:B2:E8:8D
11-11 04:09:30.033 D/HearingAidService( 7489): getActiveDevices
11-11 04:09:30.040 W/View ( 1971): requestLayout() improperly called by android.widget.FrameLayout{6741a03 I.E...... ......ID 0,0-780,182 #2bc} during layout: running second layout pass
11-11 04:09:30.040 W/View ( 1971): requestLayout() improperly called by com.android.systemui.statusbar.AlphaOptimizedImageView{251aab2 VFED..C.. ......ID 0,0-140,182} during layout: running second layout pass
11-11 04:09:30.058 W/View ( 1971): requestLayout() improperly called by android.widget.FrameLayout{6741a03 I.E...... ......ID 0,0-780,182 #2bc} during second layout pass: posting in next frame
11-11 04:09:30.058 W/View ( 1971): requestLayout() improperly called by com.android.systemui.statusbar.AlphaOptimizedImageView{251aab2 VFED..C.. ......ID 0,0-140,182} during second layout pass: posting in next frame
11-11 04:09:30.076 W/View ( 1971): requestLayout() improperly called by android.widget.FrameLayout{6741a03 I.E...... ......ID 0,0-780,182 #2bc} during layout: running second layout pass
11-11 04:09:30.076 W/View ( 1971): requestLayout() improperly called by com.android.systemui.statusbar.AlphaOptimizedImageView{251aab2 VFED..C.. ......ID 0,0-140,182} during layout: running second layout pass
11-11 04:09:30.079 W/View ( 1971): requestLayout() improperly called by android.widget.FrameLayout{6741a03 I.E...... ......ID 0,0-780,182 #2bc} during second layout pass: posting in next frame
11-11 04:09:30.079 W/View ( 1971): requestLayout() improperly called by com.android.systemui.statusbar.AlphaOptimizedImageView{251aab2 VFED..C.. ......ID 0,0-140,182} during second layout pass: posting in next frame
11-11 04:09:30.091 W/View ( 1971): requestLayout() improperly called by android.widget.FrameLayout{6741a03 I.E...... ......ID 0,0-780,182 #2bc} during layout: running second layout pass
11-11 04:09:30.091 W/View ( 1971): requestLayout() improperly called by com.android.systemui.statusbar.AlphaOptimizedImageView{251aab2 VFED..C.. ......ID 0,0-140,182} during layout: running second layout pass
11-11 04:09:30.093 W/View ( 1971): requestLayout() improperly called by android.widget.FrameLayout{6741a03 I.E...... ......ID 0,0-780,182 #2bc} during second layout pass: posting in next frame
11-11 04:09:30.094 W/View ( 1971): requestLayout() improperly called by com.android.systemui.statusbar.AlphaOptimizedImageView{251aab2 VFED..C.. ......ID 0,0-140,182} during second layout pass: posting in next frame
11-11 04:09:30.108 W/View ( 1971): requestLayout() improperly called by android.widget.FrameLayout{6741a03 I.E...... ......ID 0,0-780,182 #2bc} during layout: running second layout pass
11-11 04:09:30.108 W/View ( 1971): requestLayout() improperly called by com.android.systemui.statusbar.AlphaOptimizedImageView{251aab2 VFED..C.. ......ID 0,0-140,182} during layout: running second layout pass
11-11 04:09:30.110 W/View ( 1971): requestLayout() improperly called by android.widget.FrameLayout{6741a03 I.E...... ......ID 0,0-780,182 #2bc} during second layout pass: posting in next frame
11-11 04:09:30.110 W/View ( 1971): requestLayout() improperly called by com.android.systemui.statusbar.AlphaOptimizedImageView{251aab2 VFED..C.. ......ID 0,0-140,182} during second layout pass: posting in next frame
11-11 04:09:30.122 D/MicroService( 2135): getEvent: clientSocket = Socket[address=/192.168.4.4,port=47600,localPort=9999]
11-11 04:09:30.122 D/MicroService( 2135): run: called
11-11 04:09:30.122 D/MicroService( 2135): getEvent: start waiting...
11-11 04:09:30.123 I/MicroService( 2135): getStringByData(noZero): IDCM_CarAudioService
11-11 04:09:30.123 I/MicroService( 2135): getStringByData(noZero): FSEM_AudioService
11-11 04:09:30.123 I/MicroService( 2135): getStringByData: {"srcService":"IDCM_CarAudioService","dstService":"FSEM_AudioService","methodName":"setVolume","messageType":0,"uuid":14960058460698,"parameters":{"functionInfo":{"IDCM_VolumeValue_Media":"12"}}}
11-11 04:09:30.123 I/MicroService( 2135): Receive message: SocketMessageBean{businessData='21930', srcService='IDCM_CarAudioService', destService='FSEM_AudioService', messageType='0', uuid='14960058460698', payloadData={"srcService":"IDCM_CarAudioService","dstService":"FSEM_AudioService","methodName":"setVolume","messageType":0,"uuid":14960058460698,"parameters":{"functionInfo":{"IDCM_VolumeValue_Media":"12"}}}}
11-11 04:09:30.123 I/MicroService( 2135): dealMessage: 0
11-11 04:09:30.123 I/MicroService( 2135): onRequest(setVolume): {"functionInfo":{"IDCM_VolumeValue_Media":"12"}}
11-11 04:09:30.123 W/View ( 1971): requestLayout() improperly called by android.widget.FrameLayout{6741a03 I.E...... ......ID 0,0-780,182 #2bc} during layout: running second layout pass
11-11 04:09:30.123 W/View ( 1971): requestLayout() improperly called by com.android.systemui.statusbar.AlphaOptimizedImageView{251aab2 VFED..C.. ......ID 0,0-140,182} during layout: running second layout pass
11-11 04:09:30.125 W/View ( 1971): requestLayout() improperly called by android.widget.FrameLayout{6741a03 I.E...... ......ID 0,0-780,182 #2bc} during second layout pass: posting in next frame
11-11 04:09:30.125 W/View ( 1971): requestLayout() improperly called by com.android.systemui.statusbar.AlphaOptimizedImageView{251aab2 VFED..C.. ......ID 0,0-140,182} during second layout pass: posting in next frame
11-11 04:09:30.137 I/volume_changed( 1491): [3,11,12,39,android]
11-11 04:09:30.141 I/vol.Events( 1971): writeEvent level_changed STREAM_MUSIC 12
11-11 04:09:30.143 W/View ( 1971): requestLayout() improperly called by android.widget.FrameLayout{6741a03 I.E...... ......ID 0,0-780,182 #2bc} during layout: running second layout pass
11-11 04:09:30.143 W/View ( 1971): requestLayout() improperly called by com.android.systemui.statusbar.AlphaOptimizedImageView{251aab2 VFED..C.. ......ID 0,0-140,182} during layout: running second layout pass
11-11 04:09:30.156 I/sysui_multi_action( 1971): [757,207,758,1]
11-11 04:09:30.157 I/sysui_multi_action( 1971): [757,804,799,volume_from_keyguard,801,0,802,1]
11-11 04:09:30.157 I/vol.Events( 1971): writeEvent show_dialog volume_changed keyguard=false
11-11 04:09:30.157 D/MicroService( 2135): getEvent: clientSocket = Socket[address=/192.168.4.4,port=47602,localPort=9999]
11-11 04:09:30.157 D/MicroService( 2135): run: called
11-11 04:09:30.158 D/MicroService( 2135): getEvent: start waiting...
11-11 04:09:30.159 D/BluetoothDatabase( 7489): getBondedDevicesOrdered: Invalid address for device LocalStorage
11-11 04:09:30.160 E/HeadsetStateMachine( 7489): returning mCurrentState as Disconnected
11-11 04:09:30.162 W/View ( 1971): requestLayout() improperly called by android.widget.FrameLayout{6741a03 I.E...... ......ID 0,0-780,182 #2bc} during second layout pass: posting in next frame
11-11 04:09:30.162 W/View ( 1971): requestLayout() improperly called by com.android.systemui.statusbar.AlphaOptimizedImageView{251aab2 VFED..C.. ......ID 0,0-140,182} during second layout pass: posting in next frame
11-11 04:09:30.162 D/BluetoothPbapService( 7489): getConnectionState: 60:F4:3A:B2:E8:8D
11-11 04:09:30.162 I/MicroService( 2135): getStringByData(noZero): IDCM_CarAudioService
11-11 04:09:30.162 I/MicroService( 2135): getStringByData(noZero): FSEM_AudioService
11-11 04:09:30.162 I/MicroService( 2135): getStringByData: {"srcService":"IDCM_CarAudioService","dstService":"FSEM_AudioService","methodName":"setVolume","messageType":0,"uuid":14960085725385,"parameters":{"functionInfo":{"IDCM_VolumeValue_Media":"13"}}}
11-11 04:09:30.162 I/MicroService( 2135): Receive message: SocketMessageBean{businessData='21930', srcService='IDCM_CarAudioService', destService='FSEM_AudioService', messageType='0', uuid='14960085725385', payloadData={"srcService":"IDCM_CarAudioService","dstService":"FSEM_AudioService","methodName":"setVolume","messageType":0,"uuid":14960085725385,"parameters":{"functionInfo":{"IDCM_VolumeValue_Media":"13"}}}}
11-11 04:09:30.162 I/MicroService( 2135): dealMessage: 0
11-11 04:09:30.163 I/MicroService( 2135): onRequest(setVolume): {"functionInfo":{"IDCM_VolumeValue_Media":"13"}}
11-11 04:09:30.164 D/HearingAidService( 7489): getActiveDevices
11-11 04:09:30.166 I/volume_changed( 1491): [3,12,13,39,android]
11-11 04:09:30.168 D/AudioAnalytics( 1199): gc(1700, 2000): log size:1700 item map size:103, item map items:1700
11-11 04:09:30.174 W/View ( 1971): requestLayout() improperly called by android.widget.FrameLayout{6741a03 I.E...... ......ID 0,0-780,182 #2bc} during layout: running second layout pass
11-11 04:09:30.174 W/View ( 1971): requestLayout() improperly called by com.android.systemui.statusbar.AlphaOptimizedImageView{251aab2 VFED..C.. ......ID 0,0-140,182} during layout: running second layout pass
11-11 04:09:30.176 W/View ( 1971): requestLayout() improperly called by android.widget.FrameLayout{6741a03 I.E...... ......ID 0,0-780,182 #2bc} during second layout pass: posting in next frame
11-11 04:09:30.176 W/View ( 1971): requestLayout() improperly called by com.android.systemui.statusbar.AlphaOptimizedImageView{251aab2 VFED..C.. ......ID 0,0-140,182} during second layout pass: posting in next frame
11-11 04:09:30.176 D/MicroService( 2135): getEvent: clientSocket = Socket[address=/192.168.4.4,port=47604,localPort=9999]
11-11 04:09:30.176 D/MicroService( 2135): run: called
11-11 04:09:30.176 D/MicroService( 2135): getEvent: start waiting...
11-11 04:09:30.177 I/MicroService( 2135): getStringByData(noZero): IDCM_CarAudioService
11-11 04:09:30.177 I/MicroService( 2135): getStringByData(noZero): FSEM_AudioService
11-11 04:09:30.177 I/MicroService( 2135): getStringByData: {"srcService":"IDCM_CarAudioService","dstService":"FSEM_AudioService","methodName":"setVolume","messageType":0,"uuid":14960099853458,"parameters":{"functionInfo":{"IDCM_VolumeValue_Media":"13"}}}
11-11 04:09:30.177 I/MicroService( 2135): Receive message: SocketMessageBean{businessData='21930', srcService='IDCM_CarAudioService', destService='FSEM_AudioService', messageType='0', uuid='14960099853458', payloadData={"srcService":"IDCM_CarAudioService","dstService":"FSEM_AudioService","methodName":"setVolume","messageType":0,"uuid":14960099853458,"parameters":{"functionInfo":{"IDCM_VolumeValue_Media":"13"}}}}
11-11 04:09:30.177 I/MicroService( 2135): dealMessage: 0
11-11 04:09:30.177 I/MicroService( 2135): onRequest(setVolume): {"functionInfo":{"IDCM_VolumeValue_Media":"13"}}
11-11 04:09:30.179 I/vol.Events( 1971): writeEvent level_changed STREAM_MUSIC 13
11-11 04:09:30.190 W/View ( 1971): requestLayout() improperly called by android.widget.FrameLayout{6741a03 I.E...... ......ID 0,0-780,182 #2bc} during layout: running second layout pass
11-11 04:09:30.190 W/View ( 1971): requestLayout() improperly called by com.android.systemui.statusbar.AlphaOptimizedImageView{251aab2 VFED..C.. ......ID 0,0-140,182} during layout: running second layout pass
11-11 04:09:30.194 D/MicroService( 2135): getEvent: clientSocket = Socket[address=/192.168.4.4,port=47606,localPort=9999]
11-11 04:09:30.194 D/MicroService( 2135): run: called
11-11 04:09:30.194 D/MicroService( 2135): getEvent: start waiting...
11-11 04:09:30.195 I/MicroService( 2135): getStringByData(noZero): IDCM_CarAudioService
11-11 04:09:30.195 I/MicroService( 2135): getStringByData(noZero): FSEM_AudioService
11-11 04:09:30.195 I/MicroService( 2135): getStringByData: {"srcService":"IDCM_CarAudioService","dstService":"FSEM_AudioService","methodName":"setVolume","messageType":0,"uuid":14960128226271,"parameters":{"functionInfo":{"IDCM_VolumeValue_Media":"14"}}}
11-11 04:09:30.195 I/MicroService( 2135): Receive message: SocketMessageBean{businessData='21930', srcService='IDCM_CarAudioService', destService='FSEM_AudioService', messageType='0', uuid='14960128226271', payloadData={"srcService":"IDCM_CarAudioService","dstService":"FSEM_AudioService","methodName":"setVolume","messageType":0,"uuid":14960128226271,"parameters":{"functionInfo":{"IDCM_VolumeValue_Media":"14"}}}}
11-11 04:09:30.195 I/MicroService( 2135): dealMessage: 0
11-11 04:09:30.195 I/MicroService( 2135): onRequest(setVolume): {"functionInfo":{"IDCM_VolumeValue_Media":"14"}}
11-11 04:09:30.198 I/sysui_multi_action( 1971): [757,207,758,1]
11-11 04:09:30.198 I/sysui_multi_action( 1971): [757,804,799,volume_from_keyguard,801,0,802,1]
11-11 04:09:30.200 I/vol.Events( 1971): writeEvent show_dialog volume_changed keyguard=false
11-11 04:09:30.203 I/vol.Events( 1971): writeEvent level_changed STREAM_RING 3
11-11 04:09:30.203 I/vol.Events( 1971): writeEvent level_changed STREAM_SYSTEM 3
11-11 04:09:30.206 D/MicroService( 2135): getEvent: clientSocket = Socket[address=/192.168.4.4,port=47608,localPort=9999]
11-11 04:09:30.206 I/sysui_multi_action( 1971): [757,207,758,1]
11-11 04:09:30.206 I/sysui_multi_action( 1971): [757,804,799,volume_from_keyguard,801,0,802,1]
11-11 04:09:30.206 D/MicroService( 2135): run: called
11-11 04:09:30.206 D/MicroService( 2135): getEvent: start waiting...
11-11 04:09:30.206 I/vol.Events( 1971): writeEvent show_dialog volume_changed keyguard=false
11-11 04:09:30.206 W/View ( 1971): requestLayout() improperly called by android.widget.FrameLayout{6741a03 I.E...... ......ID 0,0-780,182 #2bc} during second layout pass: posting in next frame
11-11 04:09:30.207 I/volume_changed( 1491): [3,13,14,39,android]
11-11 04:09:30.207 W/View ( 1971): requestLayout() improperly called by com.android.systemui.statusbar.AlphaOptimizedImageView{251aab2 VFED..C.. ......ID 0,0-140,182} during second layout pass: posting in next frame
11-11 04:09:30.207 I/MicroService( 2135): getStringByData(noZero): IDCM_CarAudioService
11-11 04:09:30.207 I/MicroService( 2135): getStringByData(noZero): FSEM_AudioService
11-11 04:09:30.207 I/MicroService( 2135): getStringByData: {"srcService":"IDCM_CarAudioService","dstService":"FSEM_AudioService","methodName":"setVolume","messageType":0,"uuid":14960146232416,"parameters":{"functionInfo":{"IDCM_VolumeValue_Media":"14"}}}
11-11 04:09:30.207 I/MicroService( 2135): Receive message: SocketMessageBean{businessData='21930', srcService='IDCM_CarAudioService', destService='FSEM_AudioService', messageType='0', uuid='14960146232416', payloadData={"srcService":"IDCM_CarAudioService","dstService":"FSEM_AudioService","methodName":"setVolume","messageType":0,"uuid":14960146232416,"parameters":{"functionInfo":{"IDCM_VolumeValue_Media":"14"}}}}
11-11 04:09:30.207 I/MicroService( 2135): dealMessage: 0
11-11 04:09:30.207 I/MicroService( 2135): onRequest(setVolume): {"functionInfo":{"IDCM_VolumeValue_Media":"14"}}
11-11 04:09:30.212 D/BluetoothDatabase( 7489): getBondedDevicesOrdered: Invalid address for device LocalStorage
11-11 04:09:30.213 W/View ( 1971): requestLayout() improperly called by android.widget.FrameLayout{6741a03 I.E...... ......ID 0,0-780,182 #2bc} during layout: running second layout pass
11-11 04:09:30.213 W/View ( 1971): requestLayout() improperly called by com.android.systemui.statusbar.AlphaOptimizedImageView{251aab2 VFED..C.. ......ID 0,0-140,182} during layout: running second layout pass
11-11 04:09:30.214 E/HeadsetStateMachine( 7489): returning mCurrentState as Disconnected
11-11 04:09:30.215 D/BluetoothPbapService( 7489): getConnectionState: 60:F4:3A:B2:E8:8D
11-11 04:09:30.215 I/commit_sys_config_file( 1491): [settings-1-0,8]
11-11 04:09:30.216 D/HearingAidService( 7489): getActiveDevices
11-11 04:09:30.217 I/vol.Events( 1971): writeEvent level_changed STREAM_MUSIC 14
11-11 04:09:30.224 I/sysui_multi_action( 1971): [757,207,758,1]
11-11 04:09:30.224 I/sysui_multi_action( 1971): [757,804,799,volume_from_keyguard,801,0,802,1]
11-11 04:09:30.225 I/vol.Events( 1971): writeEvent show_dialog volume_changed keyguard=false
11-11 04:09:30.225 I/sysui_multi_action( 1971): [757,207,758,1]
11-11 04:09:30.225 I/sysui_multi_action( 1971): [757,804,799,volume_from_keyguard,801,0,802,1]
11-11 04:09:30.225 I/vol.Events( 1971): writeEvent show_dialog volume_changed keyguard=false
11-11 04:09:30.226 W/View ( 1971): requestLayout() improperly called by android.widget.FrameLayout{6741a03 I.E...... ......ID 0,0-780,182 #2bc} during second layout pass: posting in next frame
11-11 04:09:30.226 W/View ( 1971): requestLayout() improperly called by com.android.systemui.statusbar.AlphaOptimizedImageView{251aab2 VFED..C.. ......ID 0,0-140,182} during second layout pass: posting in next frame
11-11 04:09:30.227 D/BluetoothDatabase( 7489): getBondedDevicesOrdered: Invalid address for device LocalStorage
11-11 04:09:30.228 E/HeadsetStateMachine( 7489): returning mCurrentState as Disconnected
11-11 04:09:30.229 D/BluetoothPbapService( 7489): getConnectionState: 60:F4:3A:B2:E8:8D
11-11 04:09:30.230 D/HearingAidService( 7489): getActiveDevices
11-11 04:09:30.240 D/MicroService( 2135): getEvent: clientSocket = Socket[address=/192.168.4.4,port=47610,localPort=9999]
11-11 04:09:30.240 W/View ( 1971): requestLayout() improperly called by android.widget.FrameLayout{6741a03 I.E...... ......ID 0,0-780,182 #2bc} during layout: running second layout pass
11-11 04:09:30.240 D/MicroService( 2135): run: called
11-11 04:09:30.240 W/View ( 1971): requestLayout() improperly called by com.android.systemui.statusbar.AlphaOptimizedImageView{251aab2 VFED..C.. ......ID 0,0-140,182} during layout: running second layout pass
11-11 04:09:30.240 D/MicroService( 2135): getEvent: start waiting...
11-11 04:09:30.241 I/MicroService( 2135): getStringByData(noZero): IDCM_CarAudioService
11-11 04:09:30.241 I/MicroService( 2135): getStringByData(noZero): FSEM_AudioService
11-11 04:09:30.241 I/MicroService( 2135): getStringByData: {"srcService":"IDCM_CarAudioService","dstService":"FSEM_AudioService","methodName":"setVolume","messageType":0,"uuid":14960168851635,"parameters":{"functionInfo":{"IDCM_VolumeValue_Media":"15"}}}
11-11 04:09:30.241 I/MicroService( 2135): Receive message: SocketMessageBean{businessData='21930', srcService='IDCM_CarAudioService', destService='FSEM_AudioService', messageType='0', uuid='14960168851635', payloadData={"srcService":"IDCM_CarAudioService","dstService":"FSEM_AudioService","methodName":"setVolume","messageType":0,"uuid":14960168851635,"parameters":{"functionInfo":{"IDCM_VolumeValue_Media":"15"}}}}
11-11 04:09:30.241 I/MicroService( 2135): dealMessage: 0
11-11 04:09:30.241 I/MicroService( 2135): onRequest(setVolume): {"functionInfo":{"IDCM_VolumeValue_Media":"15"}}
11-11 04:09:30.243 W/View ( 1971): requestLayout() improperly called by android.widget.FrameLayout{6741a03 I.E...... ......ID 0,0-780,182 #2bc} during second layout pass: posting in next frame
11-11 04:09:30.243 W/View ( 1971): requestLayout() improperly called by com.android.systemui.statusbar.AlphaOptimizedImageView{251aab2 VFED..C.. ......ID 0,0-140,182} during second layout pass: posting in next frame
11-11 04:09:30.245 I/volume_changed( 1491): [3,14,15,39,android]
11-11 04:09:30.254 I/vol.Events( 1971): writeEvent level_changed STREAM_MUSIC 15
11-11 04:09:30.254 I/vol.Events( 1971): writeEvent level_changed STREAM_VOICE_CALL 3
11-11 04:09:30.257 W/View ( 1971): requestLayout() improperly called by android.widget.FrameLayout{6741a03 I.E...... ......ID 0,0-780,182 #2bc} during layout: running second layout pass
11-11 04:09:30.257 W/View ( 1971): requestLayout() improperly called by com.android.systemui.statusbar.AlphaOptimizedImageView{251aab2 VFED..C.. ......ID 0,0-140,182} during layout: running second layout pass
11-11 04:09:30.261 I/sysui_multi_action( 1971): [757,207,758,1]
11-11 04:09:30.261 I/sysui_multi_action( 1971): [757,804,799,volume_from_keyguard,801,0,802,1]
11-11 04:09:30.261 I/vol.Events( 1971): writeEvent show_dialog volume_changed keyguard=false
11-11 04:09:30.265 W/View ( 1971): requestLayout() improperly called by android.widget.FrameLayout{6741a03 I.E...... ......ID 0,0-780,182 #2bc} during second layout pass: posting in next frame
11-11 04:09:30.265 W/View ( 1971): requestLayout() improperly called by com.android.systemui.statusbar.AlphaOptimizedImageView{251aab2 VFED..C.. ......ID 0,0-140,182} during second layout pass: posting in next frame
11-11 04:09:30.267 D/BluetoothDatabase( 7489): getBondedDevicesOrdered: Invalid address for device LocalStorage
11-11 04:09:30.268 E/HeadsetStateMachine( 7489): returning mCurrentState as Disconnected
11-11 04:09:30.269 D/BluetoothPbapService( 7489): getConnectionState: 60:F4:3A:B2:E8:8D
11-11 04:09:30.270 D/HearingAidService( 7489): getActiveDevices
11-11 04:09:30.274 W/View ( 1971): requestLayout() improperly called by android.widget.FrameLayout{6741a03 I.E...... ......ID 0,0-780,182 #2bc} during layout: running second layout pass
11-11 04:09:30.274 W/View ( 1971): requestLayout() improperly called by com.android.systemui.statusbar.AlphaOptimizedImageView{251aab2 VFED..C.. ......ID 0,0-140,182} during layout: running second layout pass
11-11 04:09:30.277 D/MicroService( 2135): getEvent: clientSocket = Socket[address=/192.168.4.4,port=47612,localPort=9999]
11-11 04:09:30.277 D/MicroService( 2135): run: called
11-11 04:09:30.277 D/MicroService( 2135): getEvent: start waiting...
11-11 04:09:30.278 I/MicroService( 2135): getStringByData(noZero): IDCM_CarAudioService
11-11 04:09:30.278 I/MicroService( 2135): getStringByData(noZero): FSEM_AudioService
11-11 04:09:30.278 I/MicroService( 2135): getStringByData: {"srcService":"IDCM_CarAudioService","dstService":"FSEM_AudioService","methodName":"setVolume","messageType":0,"uuid":14960202031635,"parameters":{"functionInfo":{"IDCM_VolumeValue_Media":"16"}}}
11-11 04:09:30.278 I/MicroService( 2135): Receive message: SocketMessageBean{businessData='21930', srcService='IDCM_CarAudioService', destService='FSEM_AudioService', messageType='0', uuid='14960202031635', payloadData={"srcService":"IDCM_CarAudioService","dstService":"FSEM_AudioService","methodName":"setVolume","messageType":0,"uuid":14960202031635,"parameters":{"functionInfo":{"IDCM_VolumeValue_Media":"16"}}}}
11-11 04:09:30.278 I/MicroService( 2135): dealMessage: 0
11-11 04:09:30.278 I/MicroService( 2135): onRequest(setVolume): {"functionInfo":{"IDCM_VolumeValue_Media":"16"}}
11-11 04:09:30.283 I/volume_changed( 1491): [3,15,16,39,android]
11-11 04:09:30.284 I/vol.Events( 1971): writeEvent level_changed STREAM_ALARM 4
11-11 04:09:30.285 I/vol.Events( 1971): writeEvent level_changed STREAM_MUSIC 16
11-11 04:09:30.293 W/View ( 1971): requestLayout() improperly called by android.widget.FrameLayout{6741a03 I.E...... ......ID 0,0-780,182 #2bc} during second layout pass: posting in next frame
11-11 04:09:30.293 W/View ( 1971): requestLayout() improperly called by com.android.systemui.statusbar.AlphaOptimizedImageView{251aab2 VFED..C.. ......ID 0,0-140,182} during second layout pass: posting in next frame
11-11 04:09:30.294 D/MicroService( 2135): getEvent: clientSocket = Socket[address=/192.168.4.4,port=47614,localPort=9999]
11-11 04:09:30.294 D/MicroService( 2135): run: called
11-11 04:09:30.294 D/MicroService( 2135): getEvent: start waiting...
11-11 04:09:30.295 I/MicroService( 2135): getStringByData(noZero): IDCM_CarAudioService
11-11 04:09:30.295 I/MicroService( 2135): getStringByData(noZero): FSEM_AudioService
11-11 04:09:30.295 I/MicroService( 2135): getStringByData: {"srcService":"IDCM_CarAudioService","dstService":"FSEM_AudioService","methodName":"setVolume","messageType":0,"uuid":14960213406010,"parameters":{"functionInfo":{"IDCM_VolumeValue_Media":"16"}}}
11-11 04:09:30.295 I/MicroService( 2135): Receive message: SocketMessageBean{businessData='21930', srcService='IDCM_CarAudioService', destService='FSEM_AudioService', messageType='0', uuid='14960213406010', payloadData={"srcService":"IDCM_CarAudioService","dstService":"FSEM_AudioService","methodName":"setVolume","messageType":0,"uuid":14960213406010,"parameters":{"functionInfo":{"IDCM_VolumeValue_Media":"16"}}}}
11-11 04:09:30.295 I/MicroService( 2135): dealMessage: 0
11-11 04:09:30.296 I/MicroService( 2135): onRequest(setVolume): {"functionInfo":{"IDCM_VolumeValue_Media":"16"}}
11-11 04:09:30.295 I/auditd ( 0): type=1400 audit(0.0:20106): avc: denied { kill } for comm="swapper/1" capability=5 scontext=u:r:kernel:s0 tcontext=u:r:kernel:s0 tclass=capability permissive=0
11-11 04:09:30.295 W/swapper/1( 0): type=1400 audit(0.0:20106): avc: denied { kill } for capability=5 scontext=u:r:kernel:s0 tcontext=u:r:kernel:s0 tclass=capability permissive=0
11-11 04:09:30.306 D/MicroService( 2135): getEvent: clientSocket = Socket[address=/192.168.4.4,port=47616,localPort=9999]
11-11 04:09:30.306 D/MicroService( 2135): run: called
11-11 04:09:30.306 D/MicroService( 2135): getEvent: start waiting...
11-11 04:09:30.306 I/MicroService( 2135): getStringByData(noZero): IDCM_CarAudioService
11-11 04:09:30.306 I/MicroService( 2135): getStringByData(noZero): FSEM_AudioService
11-11 04:09:30.306 I/MicroService( 2135): getStringByData: {"srcService":"IDCM_CarAudioService","dstService":"FSEM_AudioService","methodName":"setVolume","messageType":0,"uuid":14960238559604,"parameters":{"functionInfo":{"IDCM_VolumeValue_Media":"17"}}}
11-11 04:09:30.306 I/MicroService( 2135): Receive message: SocketMessageBean{businessData='21930', srcService='IDCM_CarAudioService', destService='FSEM_AudioService', messageType='0', uuid='14960238559604', payloadData={"srcService":"IDCM_CarAudioService","dstService":"FSEM_AudioService","methodName":"setVolume","messageType":0,"uuid":14960238559604,"parameters":{"functionInfo":{"IDCM_VolumeValue_Media":"17"}}}}
11-11 04:09:30.306 I/MicroService( 2135): dealMessage: 0
11-11 04:09:30.306 I/MicroService( 2135): onRequest(setVolume): {"functionInfo":{"IDCM_VolumeValue_Media":"17"}}
11-11 04:09:30.309 W/View ( 1971): requestLayout() improperly called by android.widget.FrameLayout{6741a03 I.E...... ......ID 0,0-780,182 #2bc} during layout: running second layout pass
11-11 04:09:30.309 W/View ( 1971): requestLayout() improperly called by com.android.systemui.statusbar.AlphaOptimizedImageView{251aab2 VFED..C.. ......ID 0,0-140,182} during layout: running second layout pass
11-11 04:09:30.313 I/volume_changed( 1491): [3,16,17,39,android]
11-11 04:09:30.316 D/BluetoothDatabase( 7489): getBondedDevicesOrdered: Invalid address for device LocalStorage
11-11 04:09:30.317 E/HeadsetStateMachine( 7489): returning mCurrentState as Disconnected
11-11 04:09:30.318 D/BluetoothPbapService( 7489): getConnectionState: 60:F4:3A:B2:E8:8D
11-11 04:09:30.318 I/vol.Events( 1971): writeEvent level_changed STREAM_MUSIC 17
11-11 04:09:30.319 D/HearingAidService( 7489): getActiveDevices
11-11 04:09:30.320 I/sysui_multi_action( 1971): [757,207,758,1]
11-11 04:09:30.321 I/sysui_multi_action( 1971): [757,804,799,volume_from_keyguard,801,0,802,1]
11-11 04:09:30.321 I/vol.Events( 1971): writeEvent show_dialog volume_changed keyguard=false
11-11 04:09:30.322 I/sysui_multi_action( 1971): [757,207,758,1]
11-11 04:09:30.322 I/sysui_multi_action( 1971): [757,804,799,volume_from_keyguard,801,0,802,1]
11-11 04:09:30.322 I/vol.Events( 1971): writeEvent show_dialog volume_changed keyguard=false
11-11 04:09:30.328 D/BluetoothDatabase( 7489): getBondedDevicesOrdered: Invalid address for device LocalStorage
11-11 04:09:30.328 E/HeadsetStateMachine( 7489): returning mCurrentState as Disconnected
11-11 04:09:30.328 I/sysui_multi_action( 1971): [757,207,758,1]
11-11 04:09:30.328 I/sysui_multi_action( 1971): [757,804,799,volume_from_keyguard,801,0,802,1]
11-11 04:09:30.329 I/vol.Events( 1971): writeEvent show_dialog volume_changed keyguard=false
