11-11 03:19:17.963 I/auditd (15661): type=1400 audit(0.0:16095): avc: denied { read } for comm=5468726561642D32202D2031333538 name="tcp" dev="proc" ino=4026532256 scontext=u:r:untrusted_app_29:s0:c99,c256,c512,c768 tcontext=u:object_r:proc_net_tcp_udp:s0 tclass=file permissive=0 app=com.smile.gifmaker
11-11 03:19:18.295 I/auditd ( 0): type=1400 audit(0.0:16096): avc: denied { kill } for comm="swapper/0" capability=5 scontext=u:r:kernel:s0 tcontext=u:r:kernel:s0 tclass=capability permissive=0
11-11 03:19:19.295 I/auditd ( 0): type=1400 audit(0.0:16097): avc: denied { kill } for comm="swapper/0" capability=5 scontext=u:r:kernel:s0 tcontext=u:r:kernel:s0 tclass=capability permissive=0
11-11 03:19:19.915 I/auditd (15940): type=1400 audit(0.0:16098): avc: denied { read } for comm="pool-2-thread-6" name="tcp" dev="proc" ino=4026532256 scontext=u:r:untrusted_app_29:s0:c99,c256,c512,c768 tcontext=u:object_r:proc_net_tcp_udp:s0 tclass=file permissive=0 app=com.smile.gifmaker
11-11 03:19:20.295 I/auditd ( 0): type=1400 audit(0.0:16099): avc: denied { kill } for comm="swapper/0" capability=5 scontext=u:r:kernel:s0 tcontext=u:r:kernel:s0 tclass=capability permissive=0
11-11 03:19:21.159 I/auditd (16116): type=1400 audit(0.0:16100): avc: denied { read } for comm="aker:messagesdk" name="tcp" dev="proc" ino=4026532256 scontext=u:r:untrusted_app_29:s0:c99,c256,c512,c768 tcontext=u:object_r:proc_net_tcp_udp:s0 tclass=file permissive=0 app=com.smile.gifmaker
11-11 03:19:21.295 I/auditd ( 0): type=1400 audit(0.0:16101): avc: denied { kill } for comm="swapper/0" capability=5 scontext=u:r:kernel:s0 tcontext=u:r:kernel:s0 tclass=capability permissive=0
11-11 03:19:22.295 I/auditd ( 0): type=1400 audit(0.0:16102): avc: denied { kill } for comm="swapper/0" capability=5 scontext=u:r:kernel:s0 tcontext=u:r:kernel:s0 tclass=capability permissive=0
11-11 03:19:23.295 I/auditd ( 0): type=1400 audit(0.0:16103): avc: denied { kill } for comm="swapper/0" capability=5 scontext=u:r:kernel:s0 tcontext=u:r:kernel:s0 tclass=capability permissive=0
11-11 03:19:24.295 I/auditd ( 0): type=1400 audit(0.0:16104): avc: denied { kill } for comm="swapper/0" capability=5 scontext=u:r:kernel:s0 tcontext=u:r:kernel:s0 tclass=capability permissive=0
11-11 03:19:25.295 I/auditd ( 0): type=1400 audit(0.0:16105): avc: denied { kill } for comm="swapper/0" capability=5 scontext=u:r:kernel:s0 tcontext=u:r:kernel:s0 tclass=capability permissive=0
11-11 03:19:26.295 I/auditd ( 0): type=1400 audit(0.0:16106): avc: denied { kill } for comm="swapper/0" capability=5 scontext=u:r:kernel:s0 tcontext=u:r:kernel:s0 tclass=capability permissive=0
11-11 03:19:27.295 I/auditd ( 0): type=1400 audit(0.0:16107): avc: denied { kill } for comm="swapper/0" capability=5 scontext=u:r:kernel:s0 tcontext=u:r:kernel:s0 tclass=capability permissive=0
11-11 03:19:28.295 I/auditd ( 0): type=1400 audit(0.0:16108): avc: denied { kill } for comm="swapper/0" capability=5 scontext=u:r:kernel:s0 tcontext=u:r:kernel:s0 tclass=capability permissive=0
11-11 03:19:29.295 I/auditd ( 0): type=1400 audit(0.0:16109): avc: denied { kill } for comm="swapper/0" capability=5 scontext=u:r:kernel:s0 tcontext=u:r:kernel:s0 tclass=capability permissive=0
11-11 03:19:30.295 I/auditd ( 0): type=1400 audit(0.0:16110): avc: denied { kill } for comm="swapper/0" capability=5 scontext=u:r:kernel:s0 tcontext=u:r:kernel:s0 tclass=capability permissive=0
11-11 03:19:31.295 I/auditd ( 9): type=1400 audit(0.0:16111): avc: denied { kill } for comm="ksoftirqd/0" capability=5 scontext=u:r:kernel:s0 tcontext=u:r:kernel:s0 tclass=capability permissive=0
11-11 03:19:32.295 I/auditd ( 0): type=1400 audit(0.0:16112): avc: denied { kill } for comm="swapper/0" capability=5 scontext=u:r:kernel:s0 tcontext=u:r:kernel:s0 tclass=capability permissive=0
11-11 03:19:33.295 I/auditd ( 0): type=1400 audit(0.0:16113): avc: denied { kill } for comm="swapper/0" capability=5 scontext=u:r:kernel:s0 tcontext=u:r:kernel:s0 tclass=capability permissive=0
11-11 03:19:34.295 I/auditd ( 0): type=1400 audit(0.0:16114): avc: denied { kill } for comm="swapper/0" capability=5 scontext=u:r:kernel:s0 tcontext=u:r:kernel:s0 tclass=capability permissive=0
11-11 03:19:35.295 I/auditd ( 0): type=1400 audit(0.0:16115): avc: denied { kill } for comm="swapper/0" capability=5 scontext=u:r:kernel:s0 tcontext=u:r:kernel:s0 tclass=capability permissive=0
11-11 03:19:36.299 I/auditd ( 0): type=1400 audit(0.0:16116): avc: denied { kill } for comm="swapper/0" capability=5 scontext=u:r:kernel:s0 tcontext=u:r:kernel:s0 tclass=capability permissive=0
11-11 03:19:37.295 I/auditd ( 0): type=1400 audit(0.0:16117): avc: denied { kill } for comm="swapper/0" capability=5 scontext=u:r:kernel:s0 tcontext=u:r:kernel:s0 tclass=capability permissive=0
11-11 03:19:38.295 I/auditd ( 0): type=1400 audit(0.0:16118): avc: denied { kill } for comm="swapper/0" capability=5 scontext=u:r:kernel:s0 tcontext=u:r:kernel:s0 tclass=capability permissive=0
11-11 03:19:39.295 I/auditd ( 0): type=1400 audit(0.0:16119): avc: denied { kill } for comm="swapper/0" capability=5 scontext=u:r:kernel:s0 tcontext=u:r:kernel:s0 tclass=capability permissive=0
11-11 03:19:40.295 I/auditd ( 0): type=1400 audit(0.0:16120): avc: denied { kill } for comm="swapper/0" capability=5 scontext=u:r:kernel:s0 tcontext=u:r:kernel:s0 tclass=capability permissive=0
11-11 03:19:41.295 I/auditd ( 0): type=1400 audit(0.0:16121): avc: denied { kill } for comm="swapper/0" capability=5 scontext=u:r:kernel:s0 tcontext=u:r:kernel:s0 tclass=capability permissive=0
11-11 03:19:41.723 I/auditd (23600): type=1400 audit(0.0:16122): avc: denied { read } for comm="cableThread" name="snmp" dev="proc" ino=4026532261 scontext=u:r:untrusted_app:s0:c101,c256,c512,c768 tcontext=u:object_r:proc_net:s0 tclass=file permissive=0 app=com.tencent.qqlive
11-11 03:19:42.295 I/auditd ( 0): type=1400 audit(0.0:16123): avc: denied { kill } for comm="swapper/0" capability=5 scontext=u:r:kernel:s0 tcontext=u:r:kernel:s0 tclass=capability permissive=0
11-11 03:19:43.295 I/auditd ( 0): type=1400 audit(0.0:16124): avc: denied { kill } for comm="swapper/0" capability=5 scontext=u:r:kernel:s0 tcontext=u:r:kernel:s0 tclass=capability permissive=0
11-11 03:19:44.299 I/auditd ( 0): type=1400 audit(0.0:16125): avc: denied { kill } for comm="swapper/0" capability=5 scontext=u:r:kernel:s0 tcontext=u:r:kernel:s0 tclass=capability permissive=0
11-11 03:19:46.299 I/auditd ( 0): type=1400 audit(0.0:16126): avc: denied { kill } for comm="swapper/0" capability=5 scontext=u:r:kernel:s0 tcontext=u:r:kernel:s0 tclass=capability permissive=0
11-11 03:19:47.295 I/auditd ( 0): type=1400 audit(0.0:16127): avc: denied { kill } for comm="swapper/0" capability=5 scontext=u:r:kernel:s0 tcontext=u:r:kernel:s0 tclass=capability permissive=0
11-11 03:19:49.295 I/auditd ( 0): type=1400 audit(0.0:16128): avc: denied { kill } for comm="swapper/0" capability=5 scontext=u:r:kernel:s0 tcontext=u:r:kernel:s0 tclass=capability permissive=0
11-11 03:19:50.295 I/auditd ( 0): type=1400 audit(0.0:16129): avc: denied { kill } for comm="swapper/0" capability=5 scontext=u:r:kernel:s0 tcontext=u:r:kernel:s0 tclass=capability permissive=0
11-11 03:19:51.295 I/auditd ( 0): type=1400 audit(0.0:16130): avc: denied { kill } for comm="swapper/0" capability=5 scontext=u:r:kernel:s0 tcontext=u:r:kernel:s0 tclass=capability permissive=0
11-11 03:19:52.295 I/auditd ( 0): type=1400 audit(0.0:16131): avc: denied { kill } for comm="swapper/0" capability=5 scontext=u:r:kernel:s0 tcontext=u:r:kernel:s0 tclass=capability permissive=0
11-11 03:19:53.295 I/auditd ( 0): type=1400 audit(0.0:16132): avc: denied { kill } for comm="swapper/0" capability=5 scontext=u:r:kernel:s0 tcontext=u:r:kernel:s0 tclass=capability permissive=0
11-11 03:19:54.295 I/auditd ( 0): type=1400 audit(0.0:16133): avc: denied { kill } for comm="swapper/0" capability=5 scontext=u:r:kernel:s0 tcontext=u:r:kernel:s0 tclass=capability permissive=0
11-11 03:19:55.295 I/auditd ( 0): type=1400 audit(0.0:16134): avc: denied { kill } for comm="swapper/0" capability=5 scontext=u:r:kernel:s0 tcontext=u:r:kernel:s0 tclass=capability permissive=0
11-11 03:19:57.295 I/auditd ( 0): type=1400 audit(0.0:16135): avc: denied { kill } for comm="swapper/0" capability=5 scontext=u:r:kernel:s0 tcontext=u:r:kernel:s0 tclass=capability permissive=0
11-11 03:19:57.736 I/am_uid_active( 1491): 10101
11-11 03:19:58.295 I/auditd ( 0): type=1400 audit(0.0:16136): avc: denied { kill } for comm="swapper/0" capability=5 scontext=u:r:kernel:s0 tcontext=u:r:kernel:s0 tclass=capability permissive=0
11-11 03:19:59.295 I/auditd ( 0): type=1400 audit(0.0:16137): avc: denied { kill } for comm="swapper/0" capability=5 scontext=u:r:kernel:s0 tcontext=u:r:kernel:s0 tclass=capability permissive=0
11-11 03:20:00.295 I/auditd ( 0): type=1400 audit(0.0:16138): avc: denied { kill } for comm="swapper/0" capability=5 scontext=u:r:kernel:s0 tcontext=u:r:kernel:s0 tclass=capability permissive=0
11-11 03:20:01.295 I/auditd ( 0): type=1400 audit(0.0:16139): avc: denied { kill } for comm="swapper/0" capability=5 scontext=u:r:kernel:s0 tcontext=u:r:kernel:s0 tclass=capability permissive=0
11-11 03:20:02.295 I/auditd ( 0): type=1400 audit(0.0:16140): avc: denied { kill } for comm="swapper/0" capability=5 scontext=u:r:kernel:s0 tcontext=u:r:kernel:s0 tclass=capability permissive=0
11-11 03:20:03.295 I/auditd ( 0): type=1400 audit(0.0:16141): avc: denied { kill } for comm="swapper/0" capability=5 scontext=u:r:kernel:s0 tcontext=u:r:kernel:s0 tclass=capability permissive=0
11-11 03:20:05.295 I/auditd ( 0): type=1400 audit(0.0:16142): avc: denied { kill } for comm="swapper/0" capability=5 scontext=u:r:kernel:s0 tcontext=u:r:kernel:s0 tclass=capability permissive=0
11-11 03:20:06.295 I/auditd ( 0): type=1400 audit(0.0:16143): avc: denied { kill } for comm="swapper/0" capability=5 scontext=u:r:kernel:s0 tcontext=u:r:kernel:s0 tclass=capability permissive=0
11-11 03:20:07.295 I/auditd ( 0): type=1400 audit(0.0:16144): avc: denied { kill } for comm="swapper/0" capability=5 scontext=u:r:kernel:s0 tcontext=u:r:kernel:s0 tclass=capability permissive=0
11-11 03:20:08.295 I/auditd ( 0): type=1400 audit(0.0:16145): avc: denied { kill } for comm="swapper/0" capability=5 scontext=u:r:kernel:s0 tcontext=u:r:kernel:s0 tclass=capability permissive=0
11-11 03:20:09.295 I/auditd ( 0): type=1400 audit(0.0:16146): avc: denied { kill } for comm="swapper/0" capability=5 scontext=u:r:kernel:s0 tcontext=u:r:kernel:s0 tclass=capability permissive=0
11-11 03:20:10.295 I/auditd ( 0): type=1400 audit(0.0:16147): avc: denied { kill } for comm="swapper/0" capability=5 scontext=u:r:kernel:s0 tcontext=u:r:kernel:s0 tclass=capability permissive=0
11-11 03:20:11.295 I/auditd ( 0): type=1400 audit(0.0:16148): avc: denied { kill } for comm="swapper/0" capability=5 scontext=u:r:kernel:s0 tcontext=u:r:kernel:s0 tclass=capability permissive=0
11-11 03:20:12.295 I/auditd ( 0): type=1400 audit(0.0:16149): avc: denied { kill } for comm="swapper/0" capability=5 scontext=u:r:kernel:s0 tcontext=u:r:kernel:s0 tclass=capability permissive=0
11-11 03:20:13.295 I/auditd ( 0): type=1400 audit(0.0:16150): avc: denied { kill } for comm="swapper/0" capability=5 scontext=u:r:kernel:s0 tcontext=u:r:kernel:s0 tclass=capability permissive=0
11-11 03:20:14.295 I/auditd ( 0): type=1400 audit(0.0:16151): avc: denied { kill } for comm="swapper/0" capability=5 scontext=u:r:kernel:s0 tcontext=u:r:kernel:s0 tclass=capability permissive=0
11-11 03:20:15.295 I/auditd ( 0): type=1400 audit(0.0:16152): avc: denied { kill } for comm="swapper/0" capability=5 scontext=u:r:kernel:s0 tcontext=u:r:kernel:s0 tclass=capability permissive=0
11-11 03:20:16.295 I/auditd ( 0): type=1400 audit(0.0:16153): avc: denied { kill } for comm="swapper/0" capability=5 scontext=u:r:kernel:s0 tcontext=u:r:kernel:s0 tclass=capability permissive=0
11-11 03:20:17.295 I/auditd ( 0): type=1400 audit(0.0:16154): avc: denied { kill } for comm="swapper/0" capability=5 scontext=u:r:kernel:s0 tcontext=u:r:kernel:s0 tclass=capability permissive=0
11-11 03:20:17.999 I/auditd (15661): type=1400 audit(0.0:16155): avc: denied { read } for comm=5468726561642D32202D2031333538 name="tcp" dev="proc" ino=4026532256 scontext=u:r:untrusted_app_29:s0:c99,c256,c512,c768 tcontext=u:object_r:proc_net_tcp_udp:s0 tclass=file permissive=0 app=com.smile.gifmaker
11-11 03:20:18.295 I/auditd ( 0): type=1400 audit(0.0:16156): avc: denied { kill } for comm="swapper/0" capability=5 scontext=u:r:kernel:s0 tcontext=u:r:kernel:s0 tclass=capability permissive=0
11-11 03:20:18.732 I/am_uid_active( 1491): 10099
11-11 03:20:19.295 I/auditd ( 0): type=1400 audit(0.0:16157): avc: denied { kill } for comm="swapper/0" capability=5 scontext=u:r:kernel:s0 tcontext=u:r:kernel:s0 tclass=capability permissive=0
11-11 03:20:19.951 I/auditd (15940): type=1400 audit(0.0:16158): avc: denied { read } for comm="pool-2-thread-6" name="tcp" dev="proc" ino=4026532256 scontext=u:r:untrusted_app_29:s0:c99,c256,c512,c768 tcontext=u:object_r:proc_net_tcp_udp:s0 tclass=file permissive=0 app=com.smile.gifmaker
11-11 03:20:20.028 I/netstats_mobile_sample( 1491): [0,0,0,0,0,0,0,0,0,0,0,0,1668093620028]
11-11 03:20:20.029 I/netstats_wifi_sample( 1491): [1949945699,1776010,186623036,885565,1949945699,1776010,186623036,885565,2276562752,2232473,122693783,767102,1668093620028]
11-11 03:20:20.295 I/auditd ( 0): type=1400 audit(0.0:16159): avc: denied { kill } for comm="swapper/0" capability=5 scontext=u:r:kernel:s0 tcontext=u:r:kernel:s0 tclass=capability permissive=0
11-11 03:20:21.199 I/auditd (16116): type=1400 audit(0.0:16160): avc: denied { read } for comm="aker:messagesdk" name="tcp" dev="proc" ino=4026532256 scontext=u:r:untrusted_app_29:s0:c99,c256,c512,c768 tcontext=u:object_r:proc_net_tcp_udp:s0 tclass=file permissive=0 app=com.smile.gifmaker
11-11 03:20:21.295 I/auditd ( 0): type=1400 audit(0.0:16161): avc: denied { kill } for comm="swapper/0" capability=5 scontext=u:r:kernel:s0 tcontext=u:r:kernel:s0 tclass=capability permissive=0
11-11 03:20:23.295 I/auditd ( 0): type=1400 audit(0.0:16162): avc: denied { kill } for comm="swapper/0" capability=5 scontext=u:r:kernel:s0 tcontext=u:r:kernel:s0 tclass=capability permissive=0
11-11 03:20:24.295 I/auditd ( 0): type=1400 audit(0.0:16163): avc: denied { kill } for comm="swapper/0" capability=5 scontext=u:r:kernel:s0 tcontext=u:r:kernel:s0 tclass=capability permissive=0
11-11 03:20:25.295 I/auditd ( 0): type=1400 audit(0.0:16164): avc: denied { kill } for comm="swapper/0" capability=5 scontext=u:r:kernel:s0 tcontext=u:r:kernel:s0 tclass=capability permissive=0
11-11 03:20:26.295 I/auditd ( 0): type=1400 audit(0.0:16165): avc: denied { kill } for comm="swapper/0" capability=5 scontext=u:r:kernel:s0 tcontext=u:r:kernel:s0 tclass=capability permissive=0
11-11 03:20:27.295 I/auditd ( 0): type=1400 audit(0.0:16166): avc: denied { kill } for comm="swapper/0" capability=5 scontext=u:r:kernel:s0 tcontext=u:r:kernel:s0 tclass=capability permissive=0
11-11 03:20:28.295 I/auditd ( 0): type=1400 audit(0.0:16167): avc: denied { kill } for comm="swapper/0" capability=5 scontext=u:r:kernel:s0 tcontext=u:r:kernel:s0 tclass=capability permissive=0
11-11 03:20:29.295 I/auditd ( 0): type=1400 audit(0.0:16168): avc: denied { kill } for comm="swapper/0" capability=5 scontext=u:r:kernel:s0 tcontext=u:r:kernel:s0 tclass=capability permissive=0
11-11 03:20:30.295 I/auditd ( 0): type=1400 audit(0.0:16169): avc: denied { kill } for comm="swapper/0" capability=5 scontext=u:r:kernel:s0 tcontext=u:r:kernel:s0 tclass=capability permissive=0
11-11 03:20:31.295 I/auditd ( 0): type=1400 audit(0.0:16170): avc: denied { kill } for comm="swapper/0" capability=5 scontext=u:r:kernel:s0 tcontext=u:r:kernel:s0 tclass=capability permissive=0
11-11 03:20:32.295 I/auditd ( 0): type=1400 audit(0.0:16171): avc: denied { kill } for comm="swapper/0" capability=5 scontext=u:r:kernel:s0 tcontext=u:r:kernel:s0 tclass=capability permissive=0
11-11 03:20:34.295 I/auditd ( 0): type=1400 audit(0.0:16172): avc: denied { kill } for comm="swapper/0" capability=5 scontext=u:r:kernel:s0 tcontext=u:r:kernel:s0 tclass=capability permissive=0
11-11 03:20:35.295 I/auditd ( 0): type=1400 audit(0.0:16173): avc: denied { kill } for comm="swapper/0" capability=5 scontext=u:r:kernel:s0 tcontext=u:r:kernel:s0 tclass=capability permissive=0
11-11 03:20:36.295 I/auditd ( 0): type=1400 audit(0.0:16174): avc: denied { kill } for comm="swapper/0" capability=5 scontext=u:r:kernel:s0 tcontext=u:r:kernel:s0 tclass=capability permissive=0
11-11 03:20:37.295 I/auditd ( 0): type=1400 audit(0.0:16175): avc: denied { kill } for comm="swapper/0" capability=5 scontext=u:r:kernel:s0 tcontext=u:r:kernel:s0 tclass=capability permissive=0
11-11 03:20:38.295 I/auditd ( 0): type=1400 audit(0.0:16176): avc: denied { kill } for comm="swapper/0" capability=5 scontext=u:r:kernel:s0 tcontext=u:r:kernel:s0 tclass=capability permissive=0
11-11 03:20:39.295 I/auditd ( 0): type=1400 audit(0.0:16177): avc: denied { kill } for comm="swapper/0" capability=5 scontext=u:r:kernel:s0 tcontext=u:r:kernel:s0 tclass=capability permissive=0
11-11 03:20:40.295 I/auditd ( 0): type=1400 audit(0.0:16178): avc: denied { kill } for comm="swapper/0" capability=5 scontext=u:r:kernel:s0 tcontext=u:r:kernel:s0 tclass=capability permissive=0
11-11 03:20:41.295 I/auditd ( 0): type=1400 audit(0.0:16179): avc: denied { kill } for comm="swapper/0" capability=5 scontext=u:r:kernel:s0 tcontext=u:r:kernel:s0 tclass=capability permissive=0
11-11 03:20:42.295 I/auditd ( 0): type=1400 audit(0.0:16180): avc: denied { kill } for comm="swapper/0" capability=5 scontext=u:r:kernel:s0 tcontext=u:r:kernel:s0 tclass=capability permissive=0
11-11 03:20:42.795 I/auditd (23600): type=1400 audit(0.0:16181): avc: denied { read } for comm="cableThread" name="snmp" dev="proc" ino=4026532261 scontext=u:r:untrusted_app:s0:c101,c256,c512,c768 tcontext=u:object_r:proc_net:s0 tclass=file permissive=0 app=com.tencent.qqlive
11-11 03:20:43.295 I/auditd ( 0): type=1400 audit(0.0:16182): avc: denied { kill } for comm="swapper/0" capability=5 scontext=u:r:kernel:s0 tcontext=u:r:kernel:s0 tclass=capability permissive=0
11-11 03:20:44.295 I/auditd ( 0): type=1400 audit(0.0:16183): avc: denied { kill } for comm="swapper/0" capability=5 scontext=u:r:kernel:s0 tcontext=u:r:kernel:s0 tclass=capability permissive=0
11-11 03:20:45.295 I/auditd ( 0): type=1400 audit(0.0:16184): avc: denied { kill } for comm="swapper/0" capability=5 scontext=u:r:kernel:s0 tcontext=u:r:kernel:s0 tclass=capability permissive=0
11-11 03:20:46.295 I/auditd ( 0): type=1400 audit(0.0:16185): avc: denied { kill } for comm="swapper/0" capability=5 scontext=u:r:kernel:s0 tcontext=u:r:kernel:s0 tclass=capability permissive=0
11-11 03:20:47.295 I/auditd ( 0): type=1400 audit(0.0:16186): avc: denied { kill } for comm="swapper/0" capability=5 scontext=u:r:kernel:s0 tcontext=u:r:kernel:s0 tclass=capability permissive=0
11-11 03:20:48.295 I/auditd ( 0): type=1400 audit(0.0:16187): avc: denied { kill } for comm="swapper/0" capability=5 scontext=u:r:kernel:s0 tcontext=u:r:kernel:s0 tclass=capability permissive=0
11-11 03:20:49.295 I/auditd ( 0): type=1400 audit(0.0:16188): avc: denied { kill } for comm="swapper/0" capability=5 scontext=u:r:kernel:s0 tcontext=u:r:kernel:s0 tclass=capability permissive=0
11-11 03:20:50.295 I/auditd ( 0): type=1400 audit(0.0:16189): avc: denied { kill } for comm="swapper/0" capability=5 scontext=u:r:kernel:s0 tcontext=u:r:kernel:s0 tclass=capability permissive=0
11-11 03:20:51.295 I/auditd ( 0): type=1400 audit(0.0:16190): avc: denied { kill } for comm="swapper/0" capability=5 scontext=u:r:kernel:s0 tcontext=u:r:kernel:s0 tclass=capability permissive=0
11-11 03:20:52.295 I/auditd ( 0): type=1400 audit(0.0:16191): avc: denied { kill } for comm="swapper/0" capability=5 scontext=u:r:kernel:s0 tcontext=u:r:kernel:s0 tclass=capability permissive=0
11-11 03:20:53.295 I/auditd ( 0): type=1400 audit(0.0:16192): avc: denied { kill } for comm="swapper/0" capability=5 scontext=u:r:kernel:s0 tcontext=u:r:kernel:s0 tclass=capability permissive=0
11-11 03:20:54.295 I/auditd ( 0): type=1400 audit(0.0:16193): avc: denied { kill } for comm="swapper/0" capability=5 scontext=u:r:kernel:s0 tcontext=u:r:kernel:s0 tclass=capability permissive=0
11-11 03:20:55.295 I/auditd ( 0): type=1400 audit(0.0:16194): avc: denied { kill } for comm="swapper/0" capability=5 scontext=u:r:kernel:s0 tcontext=u:r:kernel:s0 tclass=capability permissive=0
11-11 03:20:57.295 I/auditd ( 0): type=1400 audit(0.0:16195): avc: denied { kill } for comm="swapper/2" capability=5 scontext=u:r:kernel:s0 tcontext=u:r:kernel:s0 tclass=capability permissive=0
11-11 03:20:58.295 I/auditd ( 101): type=1400 audit(0.0:16196): avc: denied { kill } for comm="irq/41-tsens-up" capability=5 scontext=u:r:kernel:s0 tcontext=u:r:kernel:s0 tclass=capability permissive=0
11-11 03:20:59.295 I/auditd ( 0): type=1400 audit(0.0:16197): avc: denied { kill } for comm="swapper/2" capability=5 scontext=u:r:kernel:s0 tcontext=u:r:kernel:s0 tclass=capability permissive=0
11-11 03:21:00.295 I/auditd ( 0): type=1400 audit(0.0:16198): avc: denied { kill } for comm="swapper/2" capability=5 scontext=u:r:kernel:s0 tcontext=u:r:kernel:s0 tclass=capability permissive=0
11-11 03:21:02.295 I/auditd ( 0): type=1400 audit(0.0:16199): avc: denied { kill } for comm="swapper/3" capability=5 scontext=u:r:kernel:s0 tcontext=u:r:kernel:s0 tclass=capability permissive=0
11-11 03:21:03.295 I/auditd ( 0): type=1400 audit(0.0:16200): avc: denied { kill } for comm="swapper/3" capability=5 scontext=u:r:kernel:s0 tcontext=u:r:kernel:s0 tclass=capability permissive=0
11-11 03:21:04.295 I/auditd ( 0): type=1400 audit(0.0:16201): avc: denied { kill } for comm="swapper/3" capability=5 scontext=u:r:kernel:s0 tcontext=u:r:kernel:s0 tclass=capability permissive=0
11-11 03:21:05.295 I/auditd ( 0): type=1400 audit(0.0:16202): avc: denied { kill } for comm="swapper/3" capability=5 scontext=u:r:kernel:s0 tcontext=u:r:kernel:s0 tclass=capability permissive=0
11-11 03:21:06.295 I/auditd ( 0): type=1400 audit(0.0:16203): avc: denied { kill } for comm="swapper/3" capability=5 scontext=u:r:kernel:s0 tcontext=u:r:kernel:s0 tclass=capability permissive=0
11-11 03:21:07.295 I/auditd ( 0): type=1400 audit(0.0:16204): avc: denied { kill } for comm="swapper/3" capability=5 scontext=u:r:kernel:s0 tcontext=u:r:kernel:s0 tclass=capability permissive=0
11-11 03:21:07.797 I/am_uid_idle( 1491): 10101
11-11 03:21:08.295 I/auditd ( 0): type=1400 audit(0.0:16205): avc: denied { kill } for comm="swapper/3" capability=5 scontext=u:r:kernel:s0 tcontext=u:r:kernel:s0 tclass=capability permissive=0
11-11 03:21:09.295 I/auditd ( 0): type=1400 audit(0.0:16206): avc: denied { kill } for comm="swapper/3" capability=5 scontext=u:r:kernel:s0 tcontext=u:r:kernel:s0 tclass=capability permissive=0
11-11 03:21:10.295 I/auditd ( 0): type=1400 audit(0.0:16207): avc: denied { kill } for comm="swapper/3" capability=5 scontext=u:r:kernel:s0 tcontext=u:r:kernel:s0 tclass=capability permissive=0
11-11 03:21:11.295 I/auditd ( 0): type=1400 audit(0.0:16208): avc: denied { kill } for comm="swapper/3" capability=5 scontext=u:r:kernel:s0 tcontext=u:r:kernel:s0 tclass=capability permissive=0
11-11 03:21:12.295 I/auditd ( 0): type=1400 audit(0.0:16209): avc: denied { kill } for comm="swapper/3" capability=5 scontext=u:r:kernel:s0 tcontext=u:r:kernel:s0 tclass=capability permissive=0
11-11 03:21:13.295 I/auditd ( 0): type=1400 audit(0.0:16210): avc: denied { kill } for comm="swapper/3" capability=5 scontext=u:r:kernel:s0 tcontext=u:r:kernel:s0 tclass=capability permissive=0
11-11 03:21:14.295 I/auditd ( 0): type=1400 audit(0.0:16211): avc: denied { kill } for comm="swapper/3" capability=5 scontext=u:r:kernel:s0 tcontext=u:r:kernel:s0 tclass=capability permissive=0
11-11 03:21:15.295 I/auditd ( 0): type=1400 audit(0.0:16212): avc: denied { kill } for comm="swapper/3" capability=5 scontext=u:r:kernel:s0 tcontext=u:r:kernel:s0 tclass=capability permissive=0
11-11 03:21:16.295 I/auditd ( 0): type=1400 audit(0.0:16213): avc: denied { kill } for comm="swapper/3" capability=5 scontext=u:r:kernel:s0 tcontext=u:r:kernel:s0 tclass=capability permissive=0
11-11 03:21:17.295 I/auditd ( 0): type=1400 audit(0.0:16214): avc: denied { kill } for comm="swapper/3" capability=5 scontext=u:r:kernel:s0 tcontext=u:r:kernel:s0 tclass=capability permissive=0
11-11 03:21:18.019 I/auditd (15661): type=1400 audit(0.0:16215): avc: denied { read } for comm=5468726561642D32202D2031333538 name="tcp" dev="proc" ino=4026532256 scontext=u:r:untrusted_app_29:s0:c99,c256,c512,c768 tcontext=u:object_r:proc_net_tcp_udp:s0 tclass=file permissive=0 app=com.smile.gifmaker
11-11 03:21:18.295 I/auditd ( 0): type=1400 audit(0.0:16216): avc: denied { kill } for comm="swapper/3" capability=5 scontext=u:r:kernel:s0 tcontext=u:r:kernel:s0 tclass=capability permissive=0
11-11 03:21:19.295 I/auditd ( 0): type=1400 audit(0.0:16217): avc: denied { kill } for comm="swapper/3" capability=5 scontext=u:r:kernel:s0 tcontext=u:r:kernel:s0 tclass=capability permissive=0
11-11 03:21:19.991 I/auditd (15940): type=1400 audit(0.0:16218): avc: denied { read } for comm="pool-2-thread-6" name="tcp" dev="proc" ino=4026532256 scontext=u:r:untrusted_app_29:s0:c99,c256,c512,c768 tcontext=u:object_r:proc_net_tcp_udp:s0 tclass=file permissive=0 app=com.smile.gifmaker
11-11 03:21:20.295 I/auditd ( 0): type=1400 audit(0.0:16219): avc: denied { kill } for comm="swapper/3" capability=5 scontext=u:r:kernel:s0 tcontext=u:r:kernel:s0 tclass=capability permissive=0
11-11 03:21:21.239 I/auditd (16116): type=1400 audit(0.0:16220): avc: denied { read } for comm="aker:messagesdk" name="tcp" dev="proc" ino=4026532256 scontext=u:r:untrusted_app_29:s0:c99,c256,c512,c768 tcontext=u:object_r:proc_net_tcp_udp:s0 tclass=file permissive=0 app=com.smile.gifmaker
11-11 03:21:21.295 I/auditd ( 0): type=1400 audit(0.0:16221): avc: denied { kill } for comm="swapper/3" capability=5 scontext=u:r:kernel:s0 tcontext=u:r:kernel:s0 tclass=capability permissive=0
11-11 03:21:22.295 I/auditd ( 0): type=1400 audit(0.0:16222): avc: denied { kill } for comm="swapper/3" capability=5 scontext=u:r:kernel:s0 tcontext=u:r:kernel:s0 tclass=capability permissive=0
11-11 03:21:23.295 I/auditd ( 0): type=1400 audit(0.0:16223): avc: denied { kill } for comm="swapper/3" capability=5 scontext=u:r:kernel:s0 tcontext=u:r:kernel:s0 tclass=capability permissive=0
11-11 03:21:24.295 I/auditd ( 0): type=1400 audit(0.0:16224): avc: denied { kill } for comm="swapper/3" capability=5 scontext=u:r:kernel:s0 tcontext=u:r:kernel:s0 tclass=capability permissive=0
11-11 03:21:25.295 I/auditd ( 0): type=1400 audit(0.0:16225): avc: denied { kill } for comm="swapper/3" capability=5 scontext=u:r:kernel:s0 tcontext=u:r:kernel:s0 tclass=capability permissive=0
11-11 03:21:26.295 I/auditd ( 0): type=1400 audit(0.0:16226): avc: denied { kill } for comm="swapper/3" capability=5 scontext=u:r:kernel:s0 tcontext=u:r:kernel:s0 tclass=capability permissive=0
11-11 03:21:27.295 I/auditd ( 0): type=1400 audit(0.0:16227): avc: denied { kill } for comm="swapper/3" capability=5 scontext=u:r:kernel:s0 tcontext=u:r:kernel:s0 tclass=capability permissive=0
11-11 03:21:28.295 I/auditd ( 0): type=1400 audit(0.0:16228): avc: denied { kill } for comm="swapper/3" capability=5 scontext=u:r:kernel:s0 tcontext=u:r:kernel:s0 tclass=capability permissive=0
11-11 03:21:28.764 I/am_uid_idle( 1491): 10099
11-11 03:21:28.764 I/am_stop_idle_service( 1491): [10099,com.smile.gifmaker/com.kwai.chat.kwailink.service.NewKwaiLinkService]
11-11 03:21:30.295 I/auditd ( 0): type=1400 audit(0.0:16229): avc: denied { kill } for comm="swapper/2" capability=5 scontext=u:r:kernel:s0 tcontext=u:r:kernel:s0 tclass=capability permissive=0
11-11 03:21:31.295 I/auditd ( 0): type=1400 audit(0.0:16230): avc: denied { kill } for comm="swapper/2" capability=5 scontext=u:r:kernel:s0 tcontext=u:r:kernel:s0 tclass=capability permissive=0
11-11 03:21:32.295 I/auditd ( 0): type=1400 audit(0.0:16231): avc: denied { kill } for comm="swapper/2" capability=5 scontext=u:r:kernel:s0 tcontext=u:r:kernel:s0 tclass=capability permissive=0
11-11 03:21:33.295 I/auditd ( 0): type=1400 audit(0.0:16232): avc: denied { kill } for comm="swapper/2" capability=5 scontext=u:r:kernel:s0 tcontext=u:r:kernel:s0 tclass=capability permissive=0
11-11 03:21:34.295 I/auditd ( 0): type=1400 audit(0.0:16233): avc: denied { kill } for comm="swapper/2" capability=5 scontext=u:r:kernel:s0 tcontext=u:r:kernel:s0 tclass=capability permissive=0
11-11 03:21:35.295 I/auditd ( 101): type=1400 audit(0.0:16234): avc: denied { kill } for comm="irq/41-tsens-up" capability=5 scontext=u:r:kernel:s0 tcontext=u:r:kernel:s0 tclass=capability permissive=0
11-11 03:21:36.295 I/auditd ( 0): type=1400 audit(0.0:16235): avc: denied { kill } for comm="swapper/2" capability=5 scontext=u:r:kernel:s0 tcontext=u:r:kernel:s0 tclass=capability permissive=0
11-11 03:21:37.295 I/auditd ( 0): type=1400 audit(0.0:16236): avc: denied { kill } for comm="swapper/2" capability=5 scontext=u:r:kernel:s0 tcontext=u:r:kernel:s0 tclass=capability permissive=0
11-11 03:21:38.295 I/auditd ( 0): type=1400 audit(0.0:16237): avc: denied { kill } for comm="swapper/2" capability=5 scontext=u:r:kernel:s0 tcontext=u:r:kernel:s0 tclass=capability permissive=0
11-11 03:21:39.295 I/auditd ( 0): type=1400 audit(0.0:16238): avc: denied { kill } for comm="swapper/2" capability=5 scontext=u:r:kernel:s0 tcontext=u:r:kernel:s0 tclass=capability permissive=0
11-11 03:21:40.260 I/netstats_mobile_sample( 1491): [0,0,0,0,0,0,0,0,0,0,0,0,1668093700260]
11-11 03:21:40.260 I/netstats_wifi_sample( 1491): [1951435197,1778988,187629853,888628,1951435197,1778988,187629853,888628,2278613818,2236294,123248343,769155,1668093700260]
11-11 03:21:40.295 I/auditd ( 0): type=1400 audit(0.0:16239): avc: denied { kill } for comm="swapper/2" capability=5 scontext=u:r:kernel:s0 tcontext=u:r:kernel:s0 tclass=capability permissive=0
11-11 03:21:41.295 I/auditd ( 0): type=1400 audit(0.0:16240): avc: denied { kill } for comm="swapper/2" capability=5 scontext=u:r:kernel:s0 tcontext=u:r:kernel:s0 tclass=capability permissive=0
11-11 03:21:42.295 I/auditd ( 0): type=1400 audit(0.0:16241): avc: denied { kill } for comm="swapper/2" capability=5 scontext=u:r:kernel:s0 tcontext=u:r:kernel:s0 tclass=capability permissive=0
11-11 03:21:43.295 I/auditd ( 0): type=1400 audit(0.0:16242): avc: denied { kill } for comm="swapper/2" capability=5 scontext=u:r:kernel:s0 tcontext=u:r:kernel:s0 tclass=capability permissive=0
11-11 03:21:44.295 I/auditd ( 0): type=1400 audit(0.0:16243): avc: denied { kill } for comm="swapper/2" capability=5 scontext=u:r:kernel:s0 tcontext=u:r:kernel:s0 tclass=capability permissive=0
11-11 03:21:45.799 I/auditd (23600): type=1400 audit(0.0:16244): avc: denied { read } for comm="cableThread" name="snmp" dev="proc" ino=4026532261 scontext=u:r:untrusted_app:s0:c101,c256,c512,c768 tcontext=u:object_r:proc_net:s0 tclass=file permissive=0 app=com.tencent.qqlive
11-11 03:21:46.295 I/auditd ( 0): type=1400 audit(0.0:16245): avc: denied { kill } for comm="swapper/2" capability=5 scontext=u:r:kernel:s0 tcontext=u:r:kernel:s0 tclass=capability permissive=0
11-11 03:21:48.295 I/auditd ( 0): type=1400 audit(0.0:16246): avc: denied { kill } for comm="swapper/2" capability=5 scontext=u:r:kernel:s0 tcontext=u:r:kernel:s0 tclass=capability permissive=0
11-11 03:21:49.295 I/auditd ( 0): type=1400 audit(0.0:16247): avc: denied { kill } for comm="swapper/2" capability=5 scontext=u:r:kernel:s0 tcontext=u:r:kernel:s0 tclass=capability permissive=0
11-11 03:21:50.295 I/auditd ( 0): type=1400 audit(0.0:16248): avc: denied { kill } for comm="swapper/2" capability=5 scontext=u:r:kernel:s0 tcontext=u:r:kernel:s0 tclass=capability permissive=0
11-11 03:21:51.295 I/auditd ( 0): type=1400 audit(0.0:16249): avc: denied { kill } for comm="swapper/2" capability=5 scontext=u:r:kernel:s0 tcontext=u:r:kernel:s0 tclass=capability permissive=0
11-11 03:21:52.295 I/auditd ( 0): type=1400 audit(0.0:16250): avc: denied { kill } for comm="swapper/2" capability=5 scontext=u:r:kernel:s0 tcontext=u:r:kernel:s0 tclass=capability permissive=0
11-11 03:21:53.295 I/auditd ( 0): type=1400 audit(0.0:16251): avc: denied { kill } for comm="swapper/2" capability=5 scontext=u:r:kernel:s0 tcontext=u:r:kernel:s0 tclass=capability permissive=0
11-11 03:21:54.295 I/auditd ( 0): type=1400 audit(0.0:16252): avc: denied { kill } for comm="swapper/2" capability=5 scontext=u:r:kernel:s0 tcontext=u:r:kernel:s0 tclass=capability permissive=0
11-11 03:21:55.295 I/auditd ( 0): type=1400 audit(0.0:16253): avc: denied { kill } for comm="swapper/2" capability=5 scontext=u:r:kernel:s0 tcontext=u:r:kernel:s0 tclass=capability permissive=0
11-11 03:21:56.295 I/auditd ( 0): type=1400 audit(0.0:16254): avc: denied { kill } for comm="swapper/2" capability=5 scontext=u:r:kernel:s0 tcontext=u:r:kernel:s0 tclass=capability permissive=0
11-11 03:21:57.295 I/auditd ( 0): type=1400 audit(0.0:16255): avc: denied { kill } for comm="swapper/2" capability=5 scontext=u:r:kernel:s0 tcontext=u:r:kernel:s0 tclass=capability permissive=0
11-11 03:21:58.295 I/auditd ( 0): type=1400 audit(0.0:16256): avc: denied { kill } for comm="swapper/2" capability=5 scontext=u:r:kernel:s0 tcontext=u:r:kernel:s0 tclass=capability permissive=0
11-11 03:21:59.295 I/auditd ( 0): type=1400 audit(0.0:16257): avc: denied { kill } for comm="swapper/2" capability=5 scontext=u:r:kernel:s0 tcontext=u:r:kernel:s0 tclass=capability permissive=0
11-11 03:22:00.085 I/input_interaction( 1491): Interaction with: d38925c com.thundercomm.screensaver/android.service.dreams.DreamActivity (server), edge-swipe (server), swipe-up (server), PointerEventDispatcher0 (server),
11-11 03:22:00.088 I/wm_finish_activity( 1491): [0,248514007,132,com.thundercomm.screensaver/android.service.dreams.DreamActivity,finish-activity]
11-11 03:22:00.088 I/wm_task_moved( 1491): [1,1,14]
11-11 03:22:00.089 I/wm_task_moved( 1491): [90,1,2147483647]
11-11 03:22:00.089 I/wm_task_to_front( 1491): [0,90]
11-11 03:22:00.090 I/wm_focused_root_task( 1491): [0,0,1,132,finish-top adjustFocusToNextFocusableTask]
11-11 03:22:00.090 I/wm_set_resumed_activity( 1491): [0,com.android.launcher3/.uioverrides.QuickstepLauncher,finish-top adjustFocusToNextFocusableTask]
11-11 03:22:00.091 I/wm_pause_activity( 1491): [0,248514007,com.thundercomm.screensaver/android.service.dreams.DreamActivity,userLeaving=false,finish]
11-11 03:22:00.098 I/sysui_multi_action( 1491): [757,803,799,window_time_0,802,600]
11-11 03:22:00.099 I/wm_on_top_resumed_lost_called( 5486): [248514007,android.service.dreams.DreamActivity,topStateChangedWhenResumed]
11-11 03:22:00.100 I/wm_on_paused_called( 5486): [248514007,android.service.dreams.DreamActivity,performPause]
11-11 03:22:00.100 I/wm_add_to_stopping( 1491): [0,248514007,com.thundercomm.screensaver/android.service.dreams.DreamActivity,completeFinishing]
11-11 03:22:00.104 I/wm_set_resumed_activity( 1491): [0,com.android.launcher3/.uioverrides.QuickstepLauncher,resumeTopActivityInnerLocked]
11-11 03:22:00.106 I/wm_resume_activity( 1491): [0,146330618,90,com.android.launcher3/.uioverrides.QuickstepLauncher]
11-11 03:22:00.114 I/view_enqueue_input_event( 5486): [Motion - Cancel,com.thundercomm.screensaver/android.service.dreams.DreamActivity]
11-11 03:22:00.114 I/input_focus( 1491): [Focus leaving d38925c com.thundercomm.screensaver/android.service.dreams.DreamActivity (server),reason=NO_WINDOW]
11-11 03:22:00.117 I/sysui_multi_action( 1491): [757,803,799,window_time_0,802,1]
11-11 03:22:00.118 I/wm_on_restart_called( 2490): [146330618,com.android.launcher3.uioverrides.QuickstepLauncher,performRestartActivity]
11-11 03:22:00.118 I/wm_on_start_called( 2490): [146330618,com.android.launcher3.uioverrides.QuickstepLauncher,handleStartActivity]
11-11 03:22:00.118 I/wm_on_resume_called( 2490): [146330618,com.android.launcher3.uioverrides.QuickstepLauncher,RESUME_ACTIVITY]
11-11 03:22:00.118 I/wm_on_top_resumed_gained_called( 2490): [146330618,com.android.launcher3.uioverrides.QuickstepLauncher,topWhenResuming]
11-11 03:22:00.120 I/am_uid_running( 1491): 10020
11-11 03:22:00.120 I/am_uid_running( 1491): 10065
11-11 03:22:00.125 I/input_interaction( 1491): Interaction with: edge-swipe (server), swipe-up (server), PointerEventDispatcher0 (server),
11-11 03:22:00.126 I/am_uid_active( 1491): 10064
11-11 03:22:00.128 I/am_proc_start( 1491): [0,7739,10020,com.android.documentsui,NULL,]
11-11 03:22:00.128 I/input_focus( 1491): [Focus request 61dc244 com.android.launcher3/com.android.launcher3.uioverrides.QuickstepLauncher,reason=UpdateInputWindows]
11-11 03:22:00.134 I/am_proc_start( 1491): [0,7746,10065,com.android.gallery3d,NULL,]
11-11 03:22:00.146 I/am_pss ( 1491): [4367,99005,com.android.webview:sandboxed_process0:org.chromium.content.app.SandboxedProcessService0:0,54745088,37535744,69632,155426816,0,4,9]
11-11 03:22:00.148 I/am_proc_bound( 1491): [0,7739,com.android.documentsui]
11-11 03:22:00.154 I/am_proc_bound( 1491): [0,7746,com.android.gallery3d]
11-11 03:22:00.155 I/input_focus( 1491): [Focus entering 61dc244 com.android.launcher3/com.android.launcher3.uioverrides.QuickstepLauncher (server),reason=Window became focusable. Previous reason: NOT_VISIBLE]
11-11 03:22:00.295 I/auditd ( 0): type=1400 audit(0.0:16258): avc: denied { kill } for comm="swapper/2" capability=5 scontext=u:r:kernel:s0 tcontext=u:r:kernel:s0 tclass=capability permissive=0
11-11 03:22:00.392 I/wm_destroy_activity( 1491): [0,248514007,132,com.thundercomm.screensaver/android.service.dreams.DreamActivity,finish-imm:idle]
11-11 03:22:00.411 I/wm_on_stop_called( 5486): [248514007,android.service.dreams.DreamActivity,LIFECYCLER_STOP_ACTIVITY]
11-11 03:22:00.413 I/wm_on_destroy_called( 5486): [248514007,android.service.dreams.DreamActivity,performDestroy]
11-11 03:22:00.414 I/sysui_multi_action( 1491): [757,222,758,2]
11-11 03:22:00.415 I/sysui_multi_action( 1491): [757,804,799,dreaming_minutes,801,10,802,1]
11-11 03:22:00.422 I/wm_task_removed( 1491): [132,removeChild:removeChild last r=ActivityRecord{ed005d7 u0 com.thundercomm.screensaver/android.service.dreams.DreamActivity t-1 f}} in t=Task{2f2bc06 #132 type=dream A=10051:android:com.thundercomm.screensaver/dream U=0 visible=false mode=fullscreen translucent=true sz=0}]
11-11 03:22:00.422 I/wm_task_removed( 1491): [132,removeChild]
11-11 03:22:01.189 I/input_interaction( 1491): Interaction with: 61dc244 com.android.launcher3/com.android.launcher3.uioverrides.QuickstepLauncher (server), c2fbbf0 com.android.systemui.ImageWallpaper (server), edge-swipe (server), swipe-up (server), PointerEventDispatcher0 (server),
11-11 03:22:01.263 I/view_enqueue_input_event( 2490): [Motion - Cancel,com.android.launcher3/com.android.launcher3.uioverrides.QuickstepLauncher]
11-11 03:22:01.270 I/input_interaction( 1491): Interaction with: edge-swipe (server), swipe-up (server), PointerEventDispatcher0 (server),
11-11 03:22:01.431 I/commit_sys_config_file( 1491): [settings-1-0,2]
11-11 03:22:01.889 I/commit_sys_config_file( 1491): [settings-1-0,4]
11-11 03:22:02.295 I/auditd ( 0): type=1400 audit(0.0:16259): avc: denied { kill } for comm="swapper/3" capability=5 scontext=u:r:kernel:s0 tcontext=u:r:kernel:s0 tclass=capability permissive=0
11-11 03:22:02.557 I/input_interaction( 1491): Interaction with: 61dc244 com.android.launcher3/com.android.launcher3.uioverrides.QuickstepLauncher (server), c2fbbf0 com.android.systemui.ImageWallpaper (server), edge-swipe (server), swipe-up (server), PointerEventDispatcher0 (server),
11-11 03:22:03.295 I/auditd ( 0): type=1400 audit(0.0:16260): avc: denied { kill } for comm="swapper/3" capability=5 scontext=u:r:kernel:s0 tcontext=u:r:kernel:s0 tclass=capability permissive=0
11-11 03:22:04.295 I/auditd ( 0): type=1400 audit(0.0:16261): avc: denied { kill } for comm="swapper/3" capability=5 scontext=u:r:kernel:s0 tcontext=u:r:kernel:s0 tclass=capability permissive=0
11-11 03:22:07.295 I/auditd ( 0): type=1400 audit(0.0:16262): avc: denied { kill } for comm="swapper/3" capability=5 scontext=u:r:kernel:s0 tcontext=u:r:kernel:s0 tclass=capability permissive=0
11-11 03:22:08.295 I/auditd ( 0): type=1400 audit(0.0:16263): avc: denied { kill } for comm="swapper/3" capability=5 scontext=u:r:kernel:s0 tcontext=u:r:kernel:s0 tclass=capability permissive=0
11-11 03:22:09.295 I/auditd ( 0): type=1400 audit(0.0:16264): avc: denied { kill } for comm="swapper/3" capability=5 scontext=u:r:kernel:s0 tcontext=u:r:kernel:s0 tclass=capability permissive=0
11-11 03:22:10.295 I/auditd ( 0): type=1400 audit(0.0:16265): avc: denied { kill } for comm="swapper/3" capability=5 scontext=u:r:kernel:s0 tcontext=u:r:kernel:s0 tclass=capability permissive=0
11-11 03:22:11.295 I/auditd ( 0): type=1400 audit(0.0:16266): avc: denied { kill } for comm="swapper/3" capability=5 scontext=u:r:kernel:s0 tcontext=u:r:kernel:s0 tclass=capability permissive=0
11-11 03:22:12.295 I/auditd ( 0): type=1400 audit(0.0:16267): avc: denied { kill } for comm="swapper/3" capability=5 scontext=u:r:kernel:s0 tcontext=u:r:kernel:s0 tclass=capability permissive=0
11-11 03:22:12.693 I/wm_task_moved( 1491): [129,1,14]
11-11 03:22:12.693 I/wm_task_to_front( 1491): [0,129]
11-11 03:22:12.694 I/wm_focused_root_task( 1491): [0,0,129,1,bringingFoundTaskToFront]
11-11 03:22:12.695 I/wm_set_resumed_activity( 1491): [0,com.tencent.qqlive/.ona.activity.VideoDetailActivity,bringingFoundTaskToFront]
11-11 03:22:12.703 I/wm_pause_activity( 1491): [0,146330618,com.android.launcher3/.uioverrides.QuickstepLauncher,userLeaving=true,pauseBackTasks]
11-11 03:22:12.709 I/wm_on_top_resumed_lost_called( 2490): [146330618,com.android.launcher3.uioverrides.QuickstepLauncher,topStateChangedWhenResumed]
11-11 03:22:12.711 I/wm_on_paused_called( 2490): [146330618,com.android.launcher3.uioverrides.QuickstepLauncher,performPause]
11-11 03:22:12.718 I/wm_set_resumed_activity( 1491): [0,com.tencent.qqlive/.ona.activity.VideoDetailActivity,resumeTopActivityInnerLocked]
11-11 03:22:12.718 I/wm_add_to_stopping( 1491): [0,146330618,com.android.launcher3/.uioverrides.QuickstepLauncher,makeInvisible]
11-11 03:22:12.720 I/am_uid_active( 1491): 10101
11-11 03:22:12.724 I/wm_resume_activity( 1491): [0,74554202,129,com.tencent.qqlive/.ona.activity.VideoDetailActivity]
11-11 03:22:12.730 I/wm_on_restart_called(23464): [74554202,com.tencent.qqlive.ona.activity.VideoDetailActivity,performRestartActivity]
11-11 03:22:12.736 I/sysui_multi_action( 1491): [757,803,799,window_time_0,802,12]
11-11 03:22:12.737 I/input_focus( 1491): [Focus leaving 61dc244 com.android.launcher3/com.android.launcher3.uioverrides.QuickstepLauncher (server),reason=NO_WINDOW]
11-11 03:22:12.748 I/wm_on_start_called(23464): [74554202,com.tencent.qqlive.ona.activity.VideoDetailActivity,handleStartActivity]
11-11 03:22:12.766 I/wm_on_resume_called(23464): [74554202,com.tencent.qqlive.ona.activity.VideoDetailActivity,RESUME_ACTIVITY]
11-11 03:22:12.771 I/wm_on_top_resumed_gained_called(23464): [74554202,com.tencent.qqlive.ona.activity.VideoDetailActivity,topWhenResuming]
11-11 03:22:12.778 I/input_focus( 1491): [Focus request e5714b9 com.tencent.qqlive/com.tencent.qqlive.ona.activity.VideoDetailActivity,reason=UpdateInputWindows]
11-11 03:22:12.803 I/am_wtf ( 1491): [0,1491,system_server,-1,DisplayDeviceConfig,requesting nits when no mapping exists.]
11-11 03:22:12.804 I/input_focus( 1491): [Focus entering e5714b9 com.tencent.qqlive/com.tencent.qqlive.ona.activity.VideoDetailActivity (server),reason=setFocusedWindow]
11-11 03:22:12.806 I/am_wtf ( 1491): [0,1491,system_server,-1,DisplayDeviceConfig,requesting nits when no mapping exists.]
11-11 03:22:12.818 I/am_wtf ( 1491): [0,1491,system_server,-1,DisplayDeviceConfig,requesting nits when no mapping exists.]
11-11 03:22:12.820 I/sysui_multi_action( 1491): [319,56,321,55,322,113,325,12113,757,761,758,9,759,4,806,com.tencent.qqlive,871,com.tencent.qqlive.ona.activity.VideoDetailActivity,904,com.tencent.qqlive,905,0,1320,4,1321,4]
11-11 03:22:12.824 I/am_wtf ( 1491): [0,1491,system_server,-1,DisplayDeviceConfig,requesting nits when no mapping exists.]
11-11 03:22:12.836 I/am_wtf ( 1491): [0,1491,system_server,-1,DisplayDeviceConfig,requesting nits when no mapping exists.]
11-11 03:22:12.838 I/am_wtf ( 1491): [0,1491,system_server,-1,DisplayDeviceConfig,requesting nits when no mapping exists.]
11-11 03:22:12.853 I/am_wtf ( 1491): [0,1491,system_server,-1,DisplayDeviceConfig,requesting nits when no mapping exists.]
11-11 03:22:12.854 I/am_wtf ( 1491): [0,1491,system_server,-1,DisplayDeviceConfig,requesting nits when no mapping exists.]
11-11 03:22:12.875 I/am_wtf ( 1491): [0,1491,system_server,-1,DisplayDeviceConfig,requesting nits when no mapping exists.]
11-11 03:22:12.876 I/am_wtf ( 1491): [0,1491,system_server,-1,DisplayDeviceConfig,requesting nits when no mapping exists.]
11-11 03:22:12.886 I/am_wtf ( 1491): [0,1491,system_server,-1,DisplayDeviceConfig,requesting nits when no mapping exists.]
11-11 03:22:12.887 I/am_wtf ( 1491): [0,1491,system_server,-1,DisplayDeviceConfig,requesting nits when no mapping exists.]
11-11 03:22:12.902 I/am_wtf ( 1491): [0,1491,system_server,-1,DisplayDeviceConfig,requesting nits when no mapping exists.]
11-11 03:22:12.904 I/am_wtf ( 1491): [0,1491,system_server,-1,DisplayDeviceConfig,requesting nits when no mapping exists.]
11-11 03:22:12.922 I/am_wtf ( 1491): [0,1491,system_server,-1,DisplayDeviceConfig,requesting nits when no mapping exists.]
11-11 03:22:12.922 I/am_wtf ( 1491): [0,1491,system_server,-1,DisplayDeviceConfig,requesting nits when no mapping exists.]
11-11 03:22:12.939 I/am_wtf ( 1491): [0,1491,system_server,-1,DisplayDeviceConfig,requesting nits when no mapping exists.]
11-11 03:22:12.942 I/am_wtf ( 1491): [0,1491,system_server,-1,DisplayDeviceConfig,requesting nits when no mapping exists.]
11-11 03:22:12.967 I/auditd (23464): type=1400 audit(0.0:16268): avc: denied { read } for comm="TuringFdCore_68" name="tcp" dev="proc" ino=4026532256 scontext=u:r:untrusted_app:s0:c101,c256,c512,c768 tcontext=u:object_r:proc_net_tcp_udp:s0 tclass=file permissive=0 app=com.tencent.qqlive
11-11 03:22:12.967 I/auditd (23464): type=1400 audit(0.0:16269): avc: denied { read } for comm="TuringFdCore_68" name="tcp6" dev="proc" ino=4026533083 scontext=u:r:untrusted_app:s0:c101,c256,c512,c768 tcontext=u:object_r:proc_net_tcp_udp:s0 tclass=file permissive=0 app=com.tencent.qqlive
11-11 03:22:12.962 I/am_wtf ( 1491): [0,1491,system_server,-1,DisplayDeviceConfig,requesting nits when no mapping exists.]
11-11 03:22:12.962 I/am_wtf ( 1491): [0,1491,system_server,-1,DisplayDeviceConfig,requesting nits when no mapping exists.]
11-11 03:22:12.973 I/am_wtf ( 1491): [0,1491,system_server,-1,DisplayDeviceConfig,requesting nits when no mapping exists.]
11-11 03:22:12.974 I/am_wtf ( 1491): [0,1491,system_server,-1,DisplayDeviceConfig,requesting nits when no mapping exists.]
11-11 03:22:12.987 I/am_wtf ( 1491): [0,1491,system_server,-1,DisplayDeviceConfig,requesting nits when no mapping exists.]
11-11 03:22:12.987 I/am_wtf ( 1491): [0,1491,system_server,-1,DisplayDeviceConfig,requesting nits when no mapping exists.]
11-11 03:22:12.987 I/auditd (23600): type=1400 audit(0.0:16270): avc: denied { read } for comm="TuringFdCore_68" name="tcp" dev="proc" ino=4026532256 scontext=u:r:untrusted_app:s0:c101,c256,c512,c768 tcontext=u:object_r:proc_net_tcp_udp:s0 tclass=file permissive=0 app=com.tencent.qqlive
11-11 03:22:12.987 I/auditd (23600): type=1400 audit(0.0:16271): avc: denied { read } for comm="TuringFdCore_68" name="tcp6" dev="proc" ino=4026533083 scontext=u:r:untrusted_app:s0:c101,c256,c512,c768 tcontext=u:object_r:proc_net_tcp_udp:s0 tclass=file permissive=0 app=com.tencent.qqlive
11-11 03:22:13.002 I/am_wtf ( 1491): [0,1491,system_server,-1,DisplayDeviceConfig,requesting nits when no mapping exists.]
11-11 03:22:13.004 I/am_wtf ( 1491): [0,1491,system_server,-1,DisplayDeviceConfig,requesting nits when no mapping exists.]
11-11 03:22:13.003 I/auditd (23604): type=1400 audit(0.0:16272): avc: denied { read } for comm="TuringFdCore_68" name="tcp" dev="proc" ino=4026532256 scontext=u:r:untrusted_app:s0:c101,c256,c512,c768 tcontext=u:object_r:proc_net_tcp_udp:s0 tclass=file permissive=0 app=com.tencent.qqlive
11-11 03:22:13.020 I/am_wtf ( 1491): [0,1491,system_server,-1,DisplayDeviceConfig,requesting nits when no mapping exists.]
11-11 03:22:13.020 I/am_wtf ( 1491): [0,1491,system_server,-1,DisplayDeviceConfig,requesting nits when no mapping exists.]
11-11 03:22:13.036 I/am_wtf ( 1491): [0,1491,system_server,-1,DisplayDeviceConfig,requesting nits when no mapping exists.]
11-11 03:22:13.039 I/am_wtf ( 1491): [0,1491,system_server,-1,DisplayDeviceConfig,requesting nits when no mapping exists.]
11-11 03:22:13.053 I/am_wtf ( 1491): [0,1491,system_server,-1,DisplayDeviceConfig,requesting nits when no mapping exists.]
11-11 03:22:13.054 I/am_wtf ( 1491): [0,1491,system_server,-1,DisplayDeviceConfig,requesting nits when no mapping exists.]
11-11 03:22:13.054 I/service_manager_stats( 1491): [100,67,548802]
11-11 03:22:13.076 I/am_wtf ( 1491): [0,1491,system_server,-1,DisplayDeviceConfig,requesting nits when no mapping exists.]
11-11 03:22:13.077 I/am_wtf ( 1491): [0,1491,system_server,-1,DisplayDeviceConfig,requesting nits when no mapping exists.]
11-11 03:22:13.090 I/am_wtf ( 1491): [0,1491,system_server,-1,DisplayDeviceConfig,requesting nits when no mapping exists.]
11-11 03:22:13.091 I/am_wtf ( 1491): [0,1491,system_server,-1,DisplayDeviceConfig,requesting nits when no mapping exists.]
11-11 03:22:13.102 I/am_wtf ( 1491): [0,1491,system_server,-1,DisplayDeviceConfig,requesting nits when no mapping exists.]
11-11 03:22:13.103 I/am_wtf ( 1491): [0,1491,system_server,-1,DisplayDeviceConfig,requesting nits when no mapping exists.]
