11-11 03:47:55.295 I/auditd ( 0): type=1400 audit(0.0:18675): avc: denied { kill } for comm="swapper/3" capability=5 scontext=u:r:kernel:s0 tcontext=u:r:kernel:s0 tclass=capability permissive=0
11-11 03:47:56.295 I/auditd ( 0): type=1400 audit(0.0:18676): avc: denied { kill } for comm="swapper/3" capability=5 scontext=u:r:kernel:s0 tcontext=u:r:kernel:s0 tclass=capability permissive=0
11-11 03:47:57.295 I/auditd ( 0): type=1400 audit(0.0:18677): avc: denied { kill } for comm="swapper/3" capability=5 scontext=u:r:kernel:s0 tcontext=u:r:kernel:s0 tclass=capability permissive=0
11-11 03:47:58.635 I/am_uid_idle( 1491): 10051
11-11 03:47:59.295 I/auditd ( 0): type=1400 audit(0.0:18678): avc: denied { kill } for comm="swapper/3" capability=5 scontext=u:r:kernel:s0 tcontext=u:r:kernel:s0 tclass=capability permissive=0
11-11 03:48:00.299 I/auditd ( 0): type=1400 audit(0.0:18679): avc: denied { kill } for comm="swapper/3" capability=5 scontext=u:r:kernel:s0 tcontext=u:r:kernel:s0 tclass=capability permissive=0
11-11 03:48:01.295 I/auditd ( 0): type=1400 audit(0.0:18680): avc: denied { kill } for comm="swapper/3" capability=5 scontext=u:r:kernel:s0 tcontext=u:r:kernel:s0 tclass=capability permissive=0
11-11 03:48:03.295 I/auditd ( 0): type=1400 audit(0.0:18681): avc: denied { kill } for comm="swapper/3" capability=5 scontext=u:r:kernel:s0 tcontext=u:r:kernel:s0 tclass=capability permissive=0
11-11 03:48:04.061 I/am_uid_idle( 1491): 10064
11-11 03:48:04.295 I/auditd ( 0): type=1400 audit(0.0:18682): avc: denied { kill } for comm="swapper/3" capability=5 scontext=u:r:kernel:s0 tcontext=u:r:kernel:s0 tclass=capability permissive=0
11-11 03:48:05.295 I/auditd ( 0): type=1400 audit(0.0:18683): avc: denied { kill } for comm="swapper/3" capability=5 scontext=u:r:kernel:s0 tcontext=u:r:kernel:s0 tclass=capability permissive=0
11-11 03:48:06.295 I/auditd ( 0): type=1400 audit(0.0:18684): avc: denied { kill } for comm="swapper/3" capability=5 scontext=u:r:kernel:s0 tcontext=u:r:kernel:s0 tclass=capability permissive=0
11-11 03:48:06.990 I/am_pss ( 1491): [23710,10103,tv.danmaku.bilibilihd:pushservice,40012800,16019456,44032,172863488,0,19,18]
11-11 03:48:07.295 I/auditd ( 0): type=1400 audit(0.0:18685): avc: denied { kill } for comm="swapper/3" capability=5 scontext=u:r:kernel:s0 tcontext=u:r:kernel:s0 tclass=capability permissive=0
11-11 03:48:08.295 I/auditd ( 0): type=1400 audit(0.0:18686): avc: denied { kill } for comm="swapper/3" capability=5 scontext=u:r:kernel:s0 tcontext=u:r:kernel:s0 tclass=capability permissive=0
11-11 03:48:08.368 I/sysui_multi_action( 1491): [757,1696,758,6,759,2]
11-11 03:48:08.373 I/am_wtf ( 1491): [0,1491,system_server,-1,DisplayDeviceConfig,requesting nits when no mapping exists.]
11-11 03:48:08.376 I/am_wtf ( 1491): [0,1491,system_server,-1,DisplayDeviceConfig,requesting nits when no mapping exists.]
11-11 03:48:08.388 I/am_wtf ( 1491): [0,1491,system_server,-1,DisplayDeviceConfig,requesting nits when no mapping exists.]
11-11 03:48:08.394 I/am_wtf ( 1491): [0,1491,system_server,-1,DisplayDeviceConfig,requesting nits when no mapping exists.]
11-11 03:48:08.405 I/am_wtf ( 1491): [0,1491,system_server,-1,DisplayDeviceConfig,requesting nits when no mapping exists.]
11-11 03:48:08.409 I/am_wtf ( 1491): [0,1491,system_server,-1,DisplayDeviceConfig,requesting nits when no mapping exists.]
11-11 03:48:08.410 I/am_wtf ( 1491): [0,1491,system_server,-1,DisplayDeviceConfig,requesting nits when no mapping exists.]
11-11 03:48:08.411 I/am_wtf ( 1491): [0,1491,system_server,-1,DisplayDeviceConfig,requesting nits when no mapping exists.]
11-11 03:48:08.412 I/service_manager_stats( 1491): [100,67,88252]
11-11 03:48:08.424 I/am_wtf ( 1491): [0,1491,system_server,-1,DisplayDeviceConfig,requesting nits when no mapping exists.]
11-11 03:48:08.425 I/am_wtf ( 1491): [0,1491,system_server,-1,DisplayDeviceConfig,requesting nits when no mapping exists.]
11-11 03:48:08.441 I/am_wtf ( 1491): [0,1491,system_server,-1,DisplayDeviceConfig,requesting nits when no mapping exists.]
11-11 03:48:08.442 I/am_wtf ( 1491): [0,1491,system_server,-1,DisplayDeviceConfig,requesting nits when no mapping exists.]
11-11 03:48:08.459 I/am_wtf ( 1491): [0,1491,system_server,-1,DisplayDeviceConfig,requesting nits when no mapping exists.]
11-11 03:48:08.460 I/am_wtf ( 1491): [0,1491,system_server,-1,DisplayDeviceConfig,requesting nits when no mapping exists.]
11-11 03:48:08.475 I/am_wtf ( 1491): [0,1491,system_server,-1,DisplayDeviceConfig,requesting nits when no mapping exists.]
11-11 03:48:08.476 I/am_wtf ( 1491): [0,1491,system_server,-1,DisplayDeviceConfig,requesting nits when no mapping exists.]
11-11 03:48:08.492 I/am_wtf ( 1491): [0,1491,system_server,-1,DisplayDeviceConfig,requesting nits when no mapping exists.]
11-11 03:48:08.493 I/am_wtf ( 1491): [0,1491,system_server,-1,DisplayDeviceConfig,requesting nits when no mapping exists.]
11-11 03:48:08.508 I/am_wtf ( 1491): [0,1491,system_server,-1,DisplayDeviceConfig,requesting nits when no mapping exists.]
11-11 03:48:08.509 I/am_wtf ( 1491): [0,1491,system_server,-1,DisplayDeviceConfig,requesting nits when no mapping exists.]
11-11 03:48:08.525 I/am_wtf ( 1491): [0,1491,system_server,-1,DisplayDeviceConfig,requesting nits when no mapping exists.]
11-11 03:48:08.525 I/am_wtf ( 1491): [0,1491,system_server,-1,DisplayDeviceConfig,requesting nits when no mapping exists.]
11-11 03:48:08.542 I/am_wtf ( 1491): [0,1491,system_server,-1,DisplayDeviceConfig,requesting nits when no mapping exists.]
11-11 03:48:08.543 I/am_wtf ( 1491): [0,1491,system_server,-1,DisplayDeviceConfig,requesting nits when no mapping exists.]
11-11 03:48:08.559 I/am_wtf ( 1491): [0,1491,system_server,-1,DisplayDeviceConfig,requesting nits when no mapping exists.]
11-11 03:48:08.560 I/am_wtf ( 1491): [0,1491,system_server,-1,DisplayDeviceConfig,requesting nits when no mapping exists.]
11-11 03:48:08.575 I/am_wtf ( 1491): [0,1491,system_server,-1,DisplayDeviceConfig,requesting nits when no mapping exists.]
11-11 03:48:08.576 I/am_wtf ( 1491): [0,1491,system_server,-1,DisplayDeviceConfig,requesting nits when no mapping exists.]
11-11 03:48:08.592 I/am_wtf ( 1491): [0,1491,system_server,-1,DisplayDeviceConfig,requesting nits when no mapping exists.]
11-11 03:48:08.593 I/am_wtf ( 1491): [0,1491,system_server,-1,DisplayDeviceConfig,requesting nits when no mapping exists.]
11-11 03:48:08.609 I/am_wtf ( 1491): [0,1491,system_server,-1,DisplayDeviceConfig,requesting nits when no mapping exists.]
11-11 03:48:08.610 I/am_wtf ( 1491): [0,1491,system_server,-1,DisplayDeviceConfig,requesting nits when no mapping exists.]
11-11 03:48:08.625 I/am_wtf ( 1491): [0,1491,system_server,-1,DisplayDeviceConfig,requesting nits when no mapping exists.]
11-11 03:48:08.626 I/am_wtf ( 1491): [0,1491,system_server,-1,DisplayDeviceConfig,requesting nits when no mapping exists.]
11-11 03:48:08.642 I/am_wtf ( 1491): [0,1491,system_server,-1,DisplayDeviceConfig,requesting nits when no mapping exists.]
11-11 03:48:08.642 I/am_wtf ( 1491): [0,1491,system_server,-1,DisplayDeviceConfig,requesting nits when no mapping exists.]
11-11 03:48:08.660 I/am_wtf ( 1491): [0,1491,system_server,-1,DisplayDeviceConfig,requesting nits when no mapping exists.]
11-11 03:48:08.661 I/am_wtf ( 1491): [0,1491,system_server,-1,DisplayDeviceConfig,requesting nits when no mapping exists.]
11-11 03:48:08.676 I/am_wtf ( 1491): [0,1491,system_server,-1,DisplayDeviceConfig,requesting nits when no mapping exists.]
11-11 03:48:08.676 I/am_wtf ( 1491): [0,1491,system_server,-1,DisplayDeviceConfig,requesting nits when no mapping exists.]
11-11 03:48:08.692 I/am_wtf ( 1491): [0,1491,system_server,-1,DisplayDeviceConfig,requesting nits when no mapping exists.]
11-11 03:48:08.693 I/am_wtf ( 1491): [0,1491,system_server,-1,DisplayDeviceConfig,requesting nits when no mapping exists.]
11-11 03:48:08.709 I/am_wtf ( 1491): [0,1491,system_server,-1,DisplayDeviceConfig,requesting nits when no mapping exists.]
11-11 03:48:08.710 I/am_wtf ( 1491): [0,1491,system_server,-1,DisplayDeviceConfig,requesting nits when no mapping exists.]
11-11 03:48:08.726 I/am_wtf ( 1491): [0,1491,system_server,-1,DisplayDeviceConfig,requesting nits when no mapping exists.]
11-11 03:48:08.727 I/am_wtf ( 1491): [0,1491,system_server,-1,DisplayDeviceConfig,requesting nits when no mapping exists.]
11-11 03:48:08.742 I/am_wtf ( 1491): [0,1491,system_server,-1,DisplayDeviceConfig,requesting nits when no mapping exists.]
11-11 03:48:08.743 I/am_wtf ( 1491): [0,1491,system_server,-1,DisplayDeviceConfig,requesting nits when no mapping exists.]
11-11 03:48:08.759 I/am_wtf ( 1491): [0,1491,system_server,-1,DisplayDeviceConfig,requesting nits when no mapping exists.]
11-11 03:48:08.759 I/am_wtf ( 1491): [0,1491,system_server,-1,DisplayDeviceConfig,requesting nits when no mapping exists.]
11-11 03:48:08.776 I/am_wtf ( 1491): [0,1491,system_server,-1,DisplayDeviceConfig,requesting nits when no mapping exists.]
11-11 03:48:08.777 I/am_wtf ( 1491): [0,1491,system_server,-1,DisplayDeviceConfig,requesting nits when no mapping exists.]
11-11 03:48:08.793 I/am_wtf ( 1491): [0,1491,system_server,-1,DisplayDeviceConfig,requesting nits when no mapping exists.]
11-11 03:48:08.794 I/am_wtf ( 1491): [0,1491,system_server,-1,DisplayDeviceConfig,requesting nits when no mapping exists.]
11-11 03:48:08.810 I/am_wtf ( 1491): [0,1491,system_server,-1,DisplayDeviceConfig,requesting nits when no mapping exists.]
11-11 03:48:08.811 I/am_wtf ( 1491): [0,1491,system_server,-1,DisplayDeviceConfig,requesting nits when no mapping exists.]
11-11 03:48:08.826 I/am_wtf ( 1491): [0,1491,system_server,-1,DisplayDeviceConfig,requesting nits when no mapping exists.]
11-11 03:48:08.827 I/am_wtf ( 1491): [0,1491,system_server,-1,DisplayDeviceConfig,requesting nits when no mapping exists.]
11-11 03:48:08.843 I/am_wtf ( 1491): [0,1491,system_server,-1,DisplayDeviceConfig,requesting nits when no mapping exists.]
11-11 03:48:08.844 I/am_wtf ( 1491): [0,1491,system_server,-1,DisplayDeviceConfig,requesting nits when no mapping exists.]
11-11 03:48:08.859 I/am_wtf ( 1491): [0,1491,system_server,-1,DisplayDeviceConfig,requesting nits when no mapping exists.]
11-11 03:48:08.860 I/am_wtf ( 1491): [0,1491,system_server,-1,DisplayDeviceConfig,requesting nits when no mapping exists.]
11-11 03:48:08.876 I/am_wtf ( 1491): [0,1491,system_server,-1,DisplayDeviceConfig,requesting nits when no mapping exists.]
11-11 03:48:08.877 I/am_wtf ( 1491): [0,1491,system_server,-1,DisplayDeviceConfig,requesting nits when no mapping exists.]
11-11 03:48:08.893 I/am_wtf ( 1491): [0,1491,system_server,-1,DisplayDeviceConfig,requesting nits when no mapping exists.]
11-11 03:48:08.894 I/am_wtf ( 1491): [0,1491,system_server,-1,DisplayDeviceConfig,requesting nits when no mapping exists.]
11-11 03:48:08.909 I/am_wtf ( 1491): [0,1491,system_server,-1,DisplayDeviceConfig,requesting nits when no mapping exists.]
11-11 03:48:08.910 I/am_wtf ( 1491): [0,1491,system_server,-1,DisplayDeviceConfig,requesting nits when no mapping exists.]
11-11 03:48:08.927 I/am_wtf ( 1491): [0,1491,system_server,-1,DisplayDeviceConfig,requesting nits when no mapping exists.]
11-11 03:48:08.927 I/am_wtf ( 1491): [0,1491,system_server,-1,DisplayDeviceConfig,requesting nits when no mapping exists.]
11-11 03:48:08.943 I/am_wtf ( 1491): [0,1491,system_server,-1,DisplayDeviceConfig,requesting nits when no mapping exists.]
11-11 03:48:08.943 I/am_wtf ( 1491): [0,1491,system_server,-1,DisplayDeviceConfig,requesting nits when no mapping exists.]
11-11 03:48:08.959 I/am_wtf ( 1491): [0,1491,system_server,-1,DisplayDeviceConfig,requesting nits when no mapping exists.]
11-11 03:48:08.961 I/am_wtf ( 1491): [0,1491,system_server,-1,DisplayDeviceConfig,requesting nits when no mapping exists.]
11-11 03:48:08.977 I/am_wtf ( 1491): [0,1491,system_server,-1,DisplayDeviceConfig,requesting nits when no mapping exists.]
11-11 03:48:08.977 I/am_wtf ( 1491): [0,1491,system_server,-1,DisplayDeviceConfig,requesting nits when no mapping exists.]
11-11 03:48:08.993 I/am_wtf ( 1491): [0,1491,system_server,-1,DisplayDeviceConfig,requesting nits when no mapping exists.]
11-11 03:48:08.994 I/am_wtf ( 1491): [0,1491,system_server,-1,DisplayDeviceConfig,requesting nits when no mapping exists.]
11-11 03:48:09.010 I/am_wtf ( 1491): [0,1491,system_server,-1,DisplayDeviceConfig,requesting nits when no mapping exists.]
11-11 03:48:09.010 I/am_wtf ( 1491): [0,1491,system_server,-1,DisplayDeviceConfig,requesting nits when no mapping exists.]
11-11 03:48:09.028 I/am_wtf ( 1491): [0,1491,system_server,-1,DisplayDeviceConfig,requesting nits when no mapping exists.]
11-11 03:48:09.029 I/am_wtf ( 1491): [0,1491,system_server,-1,DisplayDeviceConfig,requesting nits when no mapping exists.]
11-11 03:48:09.043 I/am_wtf ( 1491): [0,1491,system_server,-1,DisplayDeviceConfig,requesting nits when no mapping exists.]
11-11 03:48:09.044 I/am_wtf ( 1491): [0,1491,system_server,-1,DisplayDeviceConfig,requesting nits when no mapping exists.]
11-11 03:48:09.060 I/am_wtf ( 1491): [0,1491,system_server,-1,DisplayDeviceConfig,requesting nits when no mapping exists.]
11-11 03:48:09.060 I/am_wtf ( 1491): [0,1491,system_server,-1,DisplayDeviceConfig,requesting nits when no mapping exists.]
11-11 03:48:09.077 I/am_wtf ( 1491): [0,1491,system_server,-1,DisplayDeviceConfig,requesting nits when no mapping exists.]
11-11 03:48:09.078 I/am_wtf ( 1491): [0,1491,system_server,-1,DisplayDeviceConfig,requesting nits when no mapping exists.]
11-11 03:48:09.093 I/am_wtf ( 1491): [0,1491,system_server,-1,DisplayDeviceConfig,requesting nits when no mapping exists.]
11-11 03:48:09.095 I/am_wtf ( 1491): [0,1491,system_server,-1,DisplayDeviceConfig,requesting nits when no mapping exists.]
11-11 03:48:09.111 I/am_wtf ( 1491): [0,1491,system_server,-1,DisplayDeviceConfig,requesting nits when no mapping exists.]
11-11 03:48:09.113 I/am_wtf ( 1491): [0,1491,system_server,-1,DisplayDeviceConfig,requesting nits when no mapping exists.]
11-11 03:48:09.127 I/am_wtf ( 1491): [0,1491,system_server,-1,DisplayDeviceConfig,requesting nits when no mapping exists.]
11-11 03:48:09.127 I/am_wtf ( 1491): [0,1491,system_server,-1,DisplayDeviceConfig,requesting nits when no mapping exists.]
11-11 03:48:09.143 I/am_wtf ( 1491): [0,1491,system_server,-1,DisplayDeviceConfig,requesting nits when no mapping exists.]
11-11 03:48:09.144 I/am_wtf ( 1491): [0,1491,system_server,-1,DisplayDeviceConfig,requesting nits when no mapping exists.]
11-11 03:48:09.160 I/am_wtf ( 1491): [0,1491,system_server,-1,DisplayDeviceConfig,requesting nits when no mapping exists.]
11-11 03:48:09.161 I/am_wtf ( 1491): [0,1491,system_server,-1,DisplayDeviceConfig,requesting nits when no mapping exists.]
11-11 03:48:09.177 I/am_wtf ( 1491): [0,1491,system_server,-1,DisplayDeviceConfig,requesting nits when no mapping exists.]
11-11 03:48:09.177 I/am_wtf ( 1491): [0,1491,system_server,-1,DisplayDeviceConfig,requesting nits when no mapping exists.]
11-11 03:48:09.193 I/am_wtf ( 1491): [0,1491,system_server,-1,DisplayDeviceConfig,requesting nits when no mapping exists.]
11-11 03:48:09.194 I/am_wtf ( 1491): [0,1491,system_server,-1,DisplayDeviceConfig,requesting nits when no mapping exists.]
11-11 03:48:09.209 I/am_wtf ( 1491): [0,1491,system_server,-1,DisplayDeviceConfig,requesting nits when no mapping exists.]
11-11 03:48:09.210 I/am_wtf ( 1491): [0,1491,system_server,-1,DisplayDeviceConfig,requesting nits when no mapping exists.]
11-11 03:48:09.226 I/am_wtf ( 1491): [0,1491,system_server,-1,DisplayDeviceConfig,requesting nits when no mapping exists.]
11-11 03:48:09.227 I/am_wtf ( 1491): [0,1491,system_server,-1,DisplayDeviceConfig,requesting nits when no mapping exists.]
11-11 03:48:09.243 I/am_wtf ( 1491): [0,1491,system_server,-1,DisplayDeviceConfig,requesting nits when no mapping exists.]
11-11 03:48:09.244 I/am_wtf ( 1491): [0,1491,system_server,-1,DisplayDeviceConfig,requesting nits when no mapping exists.]
11-11 03:48:09.260 I/am_wtf ( 1491): [0,1491,system_server,-1,DisplayDeviceConfig,requesting nits when no mapping exists.]
11-11 03:48:09.261 I/am_wtf ( 1491): [0,1491,system_server,-1,DisplayDeviceConfig,requesting nits when no mapping exists.]
11-11 03:48:09.277 I/am_wtf ( 1491): [0,1491,system_server,-1,DisplayDeviceConfig,requesting nits when no mapping exists.]
11-11 03:48:09.278 I/am_wtf ( 1491): [0,1491,system_server,-1,DisplayDeviceConfig,requesting nits when no mapping exists.]
11-11 03:48:09.294 I/am_wtf ( 1491): [0,1491,system_server,-1,DisplayDeviceConfig,requesting nits when no mapping exists.]
11-11 03:48:09.295 I/am_wtf ( 1491): [0,1491,system_server,-1,DisplayDeviceConfig,requesting nits when no mapping exists.]
11-11 03:48:09.295 I/auditd ( 0): type=1400 audit(0.0:18687): avc: denied { kill } for comm="swapper/3" capability=5 scontext=u:r:kernel:s0 tcontext=u:r:kernel:s0 tclass=capability permissive=0
11-11 03:48:09.310 I/am_wtf ( 1491): [0,1491,system_server,-1,DisplayDeviceConfig,requesting nits when no mapping exists.]
11-11 03:48:09.311 I/am_wtf ( 1491): [0,1491,system_server,-1,DisplayDeviceConfig,requesting nits when no mapping exists.]
11-11 03:48:09.327 I/am_wtf ( 1491): [0,1491,system_server,-1,DisplayDeviceConfig,requesting nits when no mapping exists.]
11-11 03:48:09.328 I/am_wtf ( 1491): [0,1491,system_server,-1,DisplayDeviceConfig,requesting nits when no mapping exists.]
11-11 03:48:11.295 I/auditd ( 0): type=1400 audit(0.0:18688): avc: denied { kill } for comm="swapper/3" capability=5 scontext=u:r:kernel:s0 tcontext=u:r:kernel:s0 tclass=capability permissive=0
11-11 03:48:12.295 I/auditd ( 0): type=1400 audit(0.0:18689): avc: denied { kill } for comm="swapper/3" capability=5 scontext=u:r:kernel:s0 tcontext=u:r:kernel:s0 tclass=capability permissive=0
11-11 03:48:13.295 I/auditd ( 0): type=1400 audit(0.0:18690): avc: denied { kill } for comm="swapper/3" capability=5 scontext=u:r:kernel:s0 tcontext=u:r:kernel:s0 tclass=capability permissive=0
11-11 03:48:14.295 I/auditd ( 0): type=1400 audit(0.0:18691): avc: denied { kill } for comm="swapper/3" capability=5 scontext=u:r:kernel:s0 tcontext=u:r:kernel:s0 tclass=capability permissive=0
11-11 03:48:15.295 I/auditd ( 0): type=1400 audit(0.0:18692): avc: denied { kill } for comm="swapper/3" capability=5 scontext=u:r:kernel:s0 tcontext=u:r:kernel:s0 tclass=capability permissive=0
11-11 03:48:15.368 I/sysui_multi_action( 1491): [757,222,758,1]
11-11 03:48:15.372 I/am_uid_active( 1491): 10051
11-11 03:48:15.386 I/wm_task_created( 1491): [144,-1]
11-11 03:48:15.391 I/wm_task_moved( 1491): [144,1,7]
11-11 03:48:15.391 I/wm_task_to_front( 1491): [0,144]
11-11 03:48:15.391 I/wm_create_task( 1491): [0,144]
11-11 03:48:15.391 I/wm_create_activity( 1491): [0,109680892,144,com.thundercomm.screensaver/android.service.dreams.DreamActivity,NULL,NULL,NULL,276824064]
11-11 03:48:15.391 I/wm_task_moved( 1491): [144,1,7]
11-11 03:48:15.391 I/am_pss ( 1491): [24008,10103,tv.danmaku.bilibilihd:ijkservice,41879552,20471808,44032,168882176,0,19,12]
11-11 03:48:15.391 I/wm_on_top_resumed_lost_called(13484): [81920312,com.android.settings.homepage.SettingsHomepageActivity,topStateChangedWhenResumed]
11-11 03:48:15.391 I/wm_pause_activity( 1491): [0,81920312,com.android.settings/.homepage.SettingsHomepageActivity,userLeaving=true,pauseBackTasks]
11-11 03:48:15.394 I/sysui_multi_action(13484): [757,35,758,2,1089,77337]
11-11 03:48:15.394 I/sysui_multi_action(13484): [757,747,758,2,1089,77337]
11-11 03:48:15.394 I/wm_on_paused_called(13484): [81920312,com.android.settings.homepage.SettingsHomepageActivity,performPause]
11-11 03:48:15.395 I/wm_add_to_stopping( 1491): [0,81920312,com.android.settings/.homepage.SettingsHomepageActivity,makeInvisible]
11-11 03:48:15.396 I/wm_restart_activity( 1491): [0,109680892,144,com.thundercomm.screensaver/android.service.dreams.DreamActivity]
11-11 03:48:15.396 I/wm_set_resumed_activity( 1491): [0,com.thundercomm.screensaver/android.service.dreams.DreamActivity,minimalResumeActivityLocked]
11-11 03:48:15.398 I/am_pss ( 1491): [23959,10086,com.android.music,6914048,4694016,44032,86138880,0,19,6]
11-11 03:48:15.399 I/sysui_multi_action( 1491): [757,803,799,window_time_0,802,78]
11-11 03:48:15.400 I/wm_on_create_called( 5486): [109680892,android.service.dreams.DreamActivity,performCreate]
11-11 03:48:15.400 I/wm_on_start_called( 5486): [109680892,android.service.dreams.DreamActivity,handleStartActivity]
11-11 03:48:15.401 I/wm_on_resume_called( 5486): [109680892,android.service.dreams.DreamActivity,RESUME_ACTIVITY]
11-11 03:48:15.402 I/am_uid_active( 1491): 10064
11-11 03:48:15.403 I/wm_on_top_resumed_gained_called( 5486): [109680892,android.service.dreams.DreamActivity,topStateChangedWhenResumed]
11-11 03:48:15.412 I/input_focus( 1491): [Focus request 5b2620b com.thundercomm.screensaver/android.service.dreams.DreamActivity,reason=UpdateInputWindows]
11-11 03:48:15.421 I/sysui_multi_action( 1491): [319,35,322,32,325,13676,757,761,758,8,759,2,806,com.thundercomm.screensaver,871,android.service.dreams.DreamActivity,904,com.thundercomm.screensaver,905,0,1320,4,1321,2]
11-11 03:48:15.422 I/wm_activity_launch_time( 1491): [0,109680892,com.thundercomm.screensaver/android.service.dreams.DreamActivity,32]
11-11 03:48:15.422 I/sysui_multi_action( 1491): [757,1696,758,6,759,3]
11-11 03:48:15.425 I/am_wtf ( 1491): [0,1491,system_server,-1,DisplayDeviceConfig,requesting nits when no mapping exists.]
11-11 03:48:15.426 I/service_manager_stats( 1491): [111,59,7015]
11-11 03:48:15.426 I/am_wtf ( 1491): [0,1491,system_server,-1,DisplayDeviceConfig,requesting nits when no mapping exists.]
11-11 03:48:15.426 I/input_focus( 1491): [Focus leaving a00ca2d com.android.settings/com.android.settings.homepage.SettingsHomepageActivity (server),reason=NO_WINDOW]
11-11 03:48:15.431 I/am_pss ( 1491): [13483,10098,com.ss.android.ugc.aweme,369981440,298807296,50176,623919104,0,19,32]
11-11 03:48:15.441 I/input_focus( 1491): [Focus entering 5b2620b com.thundercomm.screensaver/android.service.dreams.DreamActivity (server),reason=Window became focusable. Previous reason: NOT_VISIBLE]
11-11 03:48:15.441 I/am_wtf ( 1491): [0,1491,system_server,-1,DisplayDeviceConfig,requesting nits when no mapping exists.]
11-11 03:48:15.443 I/am_wtf ( 1491): [0,1491,system_server,-1,DisplayDeviceConfig,requesting nits when no mapping exists.]
11-11 03:48:15.451 I/am_pss ( 1491): [15646,10098,com.ss.android.ugc.aweme:pushservice,121700352,54001664,669696,364367872,0,19,19]
11-11 03:48:15.457 I/am_wtf ( 1491): [0,1491,system_server,-1,DisplayDeviceConfig,requesting nits when no mapping exists.]
11-11 03:48:15.458 I/am_wtf ( 1491): [0,1491,system_server,-1,DisplayDeviceConfig,requesting nits when no mapping exists.]
11-11 03:48:15.470 I/am_pss ( 1491): [15537,10098,com.ss.android.ugc.aweme:push,122720256,56369152,43008,362680320,0,19,18]
11-11 03:48:15.474 I/am_wtf ( 1491): [0,1491,system_server,-1,DisplayDeviceConfig,requesting nits when no mapping exists.]
11-11 03:48:15.476 I/am_wtf ( 1491): [0,1491,system_server,-1,DisplayDeviceConfig,requesting nits when no mapping exists.]
11-11 03:48:15.488 I/am_pss ( 1491): [13511,10101,com.tencent.qqlive,111540224,69001216,23552,268034048,0,19,13]
11-11 03:48:15.491 I/am_wtf ( 1491): [0,1491,system_server,-1,DisplayDeviceConfig,requesting nits when no mapping exists.]
11-11 03:48:15.491 I/am_wtf ( 1491): [0,1491,system_server,-1,DisplayDeviceConfig,requesting nits when no mapping exists.]
11-11 03:48:15.500 I/am_pss ( 1491): [14597,10101,com.tencent.qqlive:services,55666688,19378176,76800,194887680,0,19,10]
11-11 03:48:15.507 I/am_wtf ( 1491): [0,1491,system_server,-1,DisplayDeviceConfig,requesting nits when no mapping exists.]
11-11 03:48:15.508 I/am_wtf ( 1491): [0,1491,system_server,-1,DisplayDeviceConfig,requesting nits when no mapping exists.]
11-11 03:48:15.510 I/am_pss ( 1491): [15099,10101,com.tencent.qqlive:cache,55465984,20742144,23552,193368064,0,19,10]
11-11 03:48:15.524 I/am_wtf ( 1491): [0,1491,system_server,-1,DisplayDeviceConfig,requesting nits when no mapping exists.]
11-11 03:48:15.524 I/am_wtf ( 1491): [0,1491,system_server,-1,DisplayDeviceConfig,requesting nits when no mapping exists.]
11-11 03:48:15.541 I/am_wtf ( 1491): [0,1491,system_server,-1,DisplayDeviceConfig,requesting nits when no mapping exists.]
11-11 03:48:15.541 I/am_wtf ( 1491): [0,1491,system_server,-1,DisplayDeviceConfig,requesting nits when no mapping exists.]
11-11 03:48:15.558 I/am_wtf ( 1491): [0,1491,system_server,-1,DisplayDeviceConfig,requesting nits when no mapping exists.]
11-11 03:48:15.558 I/am_wtf ( 1491): [0,1491,system_server,-1,DisplayDeviceConfig,requesting nits when no mapping exists.]
11-11 03:48:15.574 I/am_wtf ( 1491): [0,1491,system_server,-1,DisplayDeviceConfig,requesting nits when no mapping exists.]
11-11 03:48:15.575 I/am_wtf ( 1491): [0,1491,system_server,-1,DisplayDeviceConfig,requesting nits when no mapping exists.]
11-11 03:48:15.591 I/am_wtf ( 1491): [0,1491,system_server,-1,DisplayDeviceConfig,requesting nits when no mapping exists.]
11-11 03:48:15.591 I/am_wtf ( 1491): [0,1491,system_server,-1,DisplayDeviceConfig,requesting nits when no mapping exists.]
11-11 03:48:15.608 I/am_wtf ( 1491): [0,1491,system_server,-1,DisplayDeviceConfig,requesting nits when no mapping exists.]
11-11 03:48:15.608 I/am_wtf ( 1491): [0,1491,system_server,-1,DisplayDeviceConfig,requesting nits when no mapping exists.]
11-11 03:48:15.624 I/am_wtf ( 1491): [0,1491,system_server,-1,DisplayDeviceConfig,requesting nits when no mapping exists.]
11-11 03:48:15.625 I/am_wtf ( 1491): [0,1491,system_server,-1,DisplayDeviceConfig,requesting nits when no mapping exists.]
11-11 03:48:15.641 I/am_wtf ( 1491): [0,1491,system_server,-1,DisplayDeviceConfig,requesting nits when no mapping exists.]
11-11 03:48:15.641 I/am_wtf ( 1491): [0,1491,system_server,-1,DisplayDeviceConfig,requesting nits when no mapping exists.]
11-11 03:48:15.658 I/am_wtf ( 1491): [0,1491,system_server,-1,DisplayDeviceConfig,requesting nits when no mapping exists.]
11-11 03:48:15.658 I/am_wtf ( 1491): [0,1491,system_server,-1,DisplayDeviceConfig,requesting nits when no mapping exists.]
11-11 03:48:15.674 I/am_wtf ( 1491): [0,1491,system_server,-1,DisplayDeviceConfig,requesting nits when no mapping exists.]
11-11 03:48:15.675 I/am_wtf ( 1491): [0,1491,system_server,-1,DisplayDeviceConfig,requesting nits when no mapping exists.]
11-11 03:48:15.691 I/am_wtf ( 1491): [0,1491,system_server,-1,DisplayDeviceConfig,requesting nits when no mapping exists.]
11-11 03:48:15.691 I/am_wtf ( 1491): [0,1491,system_server,-1,DisplayDeviceConfig,requesting nits when no mapping exists.]
11-11 03:48:15.708 I/am_wtf ( 1491): [0,1491,system_server,-1,DisplayDeviceConfig,requesting nits when no mapping exists.]
11-11 03:48:15.708 I/am_wtf ( 1491): [0,1491,system_server,-1,DisplayDeviceConfig,requesting nits when no mapping exists.]
11-11 03:48:15.724 I/am_wtf ( 1491): [0,1491,system_server,-1,DisplayDeviceConfig,requesting nits when no mapping exists.]
11-11 03:48:15.725 I/am_wtf ( 1491): [0,1491,system_server,-1,DisplayDeviceConfig,requesting nits when no mapping exists.]
11-11 03:48:15.741 I/am_wtf ( 1491): [0,1491,system_server,-1,DisplayDeviceConfig,requesting nits when no mapping exists.]
11-11 03:48:15.741 I/am_wtf ( 1491): [0,1491,system_server,-1,DisplayDeviceConfig,requesting nits when no mapping exists.]
11-11 03:48:15.758 I/am_wtf ( 1491): [0,1491,system_server,-1,DisplayDeviceConfig,requesting nits when no mapping exists.]
11-11 03:48:15.758 I/am_wtf ( 1491): [0,1491,system_server,-1,DisplayDeviceConfig,requesting nits when no mapping exists.]
11-11 03:48:15.775 I/am_wtf ( 1491): [0,1491,system_server,-1,DisplayDeviceConfig,requesting nits when no mapping exists.]
11-11 03:48:15.775 I/am_wtf ( 1491): [0,1491,system_server,-1,DisplayDeviceConfig,requesting nits when no mapping exists.]
11-11 03:48:15.792 I/am_wtf ( 1491): [0,1491,system_server,-1,DisplayDeviceConfig,requesting nits when no mapping exists.]
11-11 03:48:15.792 I/am_wtf ( 1491): [0,1491,system_server,-1,DisplayDeviceConfig,requesting nits when no mapping exists.]
11-11 03:48:15.808 I/am_wtf ( 1491): [0,1491,system_server,-1,DisplayDeviceConfig,requesting nits when no mapping exists.]
11-11 03:48:15.808 I/am_wtf ( 1491): [0,1491,system_server,-1,DisplayDeviceConfig,requesting nits when no mapping exists.]
11-11 03:48:15.825 I/am_wtf ( 1491): [0,1491,system_server,-1,DisplayDeviceConfig,requesting nits when no mapping exists.]
11-11 03:48:15.825 I/am_wtf ( 1491): [0,1491,system_server,-1,DisplayDeviceConfig,requesting nits when no mapping exists.]
11-11 03:48:15.841 I/am_wtf ( 1491): [0,1491,system_server,-1,DisplayDeviceConfig,requesting nits when no mapping exists.]
11-11 03:48:15.842 I/am_wtf ( 1491): [0,1491,system_server,-1,DisplayDeviceConfig,requesting nits when no mapping exists.]
11-11 03:48:15.858 I/am_wtf ( 1491): [0,1491,system_server,-1,DisplayDeviceConfig,requesting nits when no mapping exists.]
11-11 03:48:15.858 I/am_wtf ( 1491): [0,1491,system_server,-1,DisplayDeviceConfig,requesting nits when no mapping exists.]
11-11 03:48:15.875 I/am_wtf ( 1491): [0,1491,system_server,-1,DisplayDeviceConfig,requesting nits when no mapping exists.]
11-11 03:48:15.875 I/am_wtf ( 1491): [0,1491,system_server,-1,DisplayDeviceConfig,requesting nits when no mapping exists.]
11-11 03:48:15.892 I/am_wtf ( 1491): [0,1491,system_server,-1,DisplayDeviceConfig,requesting nits when no mapping exists.]
11-11 03:48:15.892 I/am_wtf ( 1491): [0,1491,system_server,-1,DisplayDeviceConfig,requesting nits when no mapping exists.]
11-11 03:48:15.908 I/am_wtf ( 1491): [0,1491,system_server,-1,DisplayDeviceConfig,requesting nits when no mapping exists.]
11-11 03:48:15.908 I/am_wtf ( 1491): [0,1491,system_server,-1,DisplayDeviceConfig,requesting nits when no mapping exists.]
11-11 03:48:15.926 I/am_wtf ( 1491): [0,1491,system_server,-1,DisplayDeviceConfig,requesting nits when no mapping exists.]
11-11 03:48:15.926 I/am_wtf ( 1491): [0,1491,system_server,-1,DisplayDeviceConfig,requesting nits when no mapping exists.]
11-11 03:48:15.927 I/wm_stop_activity( 1491): [0,81920312,com.android.settings/.homepage.SettingsHomepageActivity]
11-11 03:48:15.942 I/am_wtf ( 1491): [0,1491,system_server,-1,DisplayDeviceConfig,requesting nits when no mapping exists.]
11-11 03:48:15.942 I/am_wtf ( 1491): [0,1491,system_server,-1,DisplayDeviceConfig,requesting nits when no mapping exists.]
11-11 03:48:15.951 I/wm_on_stop_called(13484): [81920312,com.android.settings.homepage.SettingsHomepageActivity,STOP_ACTIVITY_ITEM]
11-11 03:48:15.959 I/am_wtf ( 1491): [0,1491,system_server,-1,DisplayDeviceConfig,requesting nits when no mapping exists.]
11-11 03:48:15.959 I/am_wtf ( 1491): [0,1491,system_server,-1,DisplayDeviceConfig,requesting nits when no mapping exists.]
11-11 03:48:15.975 I/am_wtf ( 1491): [0,1491,system_server,-1,DisplayDeviceConfig,requesting nits when no mapping exists.]
11-11 03:48:15.976 I/am_wtf ( 1491): [0,1491,system_server,-1,DisplayDeviceConfig,requesting nits when no mapping exists.]
11-11 03:48:15.992 I/am_wtf ( 1491): [0,1491,system_server,-1,DisplayDeviceConfig,requesting nits when no mapping exists.]
11-11 03:48:15.992 I/am_wtf ( 1491): [0,1491,system_server,-1,DisplayDeviceConfig,requesting nits when no mapping exists.]
11-11 03:48:16.009 I/am_wtf ( 1491): [0,1491,system_server,-1,DisplayDeviceConfig,requesting nits when no mapping exists.]
11-11 03:48:16.009 I/am_wtf ( 1491): [0,1491,system_server,-1,DisplayDeviceConfig,requesting nits when no mapping exists.]
11-11 03:48:16.026 I/am_wtf ( 1491): [0,1491,system_server,-1,DisplayDeviceConfig,requesting nits when no mapping exists.]
11-11 03:48:16.026 I/am_wtf ( 1491): [0,1491,system_server,-1,DisplayDeviceConfig,requesting nits when no mapping exists.]
11-11 03:48:16.042 I/am_wtf ( 1491): [0,1491,system_server,-1,DisplayDeviceConfig,requesting nits when no mapping exists.]
11-11 03:48:16.042 I/am_wtf ( 1491): [0,1491,system_server,-1,DisplayDeviceConfig,requesting nits when no mapping exists.]
11-11 03:48:16.059 I/am_wtf ( 1491): [0,1491,system_server,-1,DisplayDeviceConfig,requesting nits when no mapping exists.]
11-11 03:48:16.059 I/am_wtf ( 1491): [0,1491,system_server,-1,DisplayDeviceConfig,requesting nits when no mapping exists.]
11-11 03:48:16.076 I/am_wtf ( 1491): [0,1491,system_server,-1,DisplayDeviceConfig,requesting nits when no mapping exists.]
11-11 03:48:16.076 I/am_wtf ( 1491): [0,1491,system_server,-1,DisplayDeviceConfig,requesting nits when no mapping exists.]
11-11 03:48:16.092 I/am_wtf ( 1491): [0,1491,system_server,-1,DisplayDeviceConfig,requesting nits when no mapping exists.]
11-11 03:48:16.093 I/am_wtf ( 1491): [0,1491,system_server,-1,DisplayDeviceConfig,requesting nits when no mapping exists.]
11-11 03:48:16.109 I/am_wtf ( 1491): [0,1491,system_server,-1,DisplayDeviceConfig,requesting nits when no mapping exists.]
11-11 03:48:16.109 I/am_wtf ( 1491): [0,1491,system_server,-1,DisplayDeviceConfig,requesting nits when no mapping exists.]
11-11 03:48:16.126 I/am_wtf ( 1491): [0,1491,system_server,-1,DisplayDeviceConfig,requesting nits when no mapping exists.]
11-11 03:48:16.126 I/am_wtf ( 1491): [0,1491,system_server,-1,DisplayDeviceConfig,requesting nits when no mapping exists.]
11-11 03:48:16.143 I/am_wtf ( 1491): [0,1491,system_server,-1,DisplayDeviceConfig,requesting nits when no mapping exists.]
11-11 03:48:16.143 I/am_wtf ( 1491): [0,1491,system_server,-1,DisplayDeviceConfig,requesting nits when no mapping exists.]
11-11 03:48:16.159 I/am_wtf ( 1491): [0,1491,system_server,-1,DisplayDeviceConfig,requesting nits when no mapping exists.]
11-11 03:48:16.159 I/am_wtf ( 1491): [0,1491,system_server,-1,DisplayDeviceConfig,requesting nits when no mapping exists.]
11-11 03:48:16.176 I/am_wtf ( 1491): [0,1491,system_server,-1,DisplayDeviceConfig,requesting nits when no mapping exists.]
11-11 03:48:16.176 I/am_wtf ( 1491): [0,1491,system_server,-1,DisplayDeviceConfig,requesting nits when no mapping exists.]
11-11 03:48:16.193 I/am_wtf ( 1491): [0,1491,system_server,-1,DisplayDeviceConfig,requesting nits when no mapping exists.]
11-11 03:48:16.193 I/am_wtf ( 1491): [0,1491,system_server,-1,DisplayDeviceConfig,requesting nits when no mapping exists.]
11-11 03:48:16.209 I/am_wtf ( 1491): [0,1491,system_server,-1,DisplayDeviceConfig,requesting nits when no mapping exists.]
11-11 03:48:16.209 I/am_wtf ( 1491): [0,1491,system_server,-1,DisplayDeviceConfig,requesting nits when no mapping exists.]
11-11 03:48:16.226 I/am_wtf ( 1491): [0,1491,system_server,-1,DisplayDeviceConfig,requesting nits when no mapping exists.]
11-11 03:48:16.226 I/am_wtf ( 1491): [0,1491,system_server,-1,DisplayDeviceConfig,requesting nits when no mapping exists.]
11-11 03:48:16.243 I/am_wtf ( 1491): [0,1491,system_server,-1,DisplayDeviceConfig,requesting nits when no mapping exists.]
11-11 03:48:16.243 I/am_wtf ( 1491): [0,1491,system_server,-1,DisplayDeviceConfig,requesting nits when no mapping exists.]
11-11 03:48:16.259 I/am_wtf ( 1491): [0,1491,system_server,-1,DisplayDeviceConfig,requesting nits when no mapping exists.]
11-11 03:48:16.260 I/am_wtf ( 1491): [0,1491,system_server,-1,DisplayDeviceConfig,requesting nits when no mapping exists.]
11-11 03:48:16.276 I/am_wtf ( 1491): [0,1491,system_server,-1,DisplayDeviceConfig,requesting nits when no mapping exists.]
11-11 03:48:16.276 I/am_wtf ( 1491): [0,1491,system_server,-1,DisplayDeviceConfig,requesting nits when no mapping exists.]
11-11 03:48:16.293 I/am_wtf ( 1491): [0,1491,system_server,-1,DisplayDeviceConfig,requesting nits when no mapping exists.]
11-11 03:48:16.293 I/am_wtf ( 1491): [0,1491,system_server,-1,DisplayDeviceConfig,requesting nits when no mapping exists.]
11-11 03:48:16.295 I/auditd ( 0): type=1400 audit(0.0:18693): avc: denied { kill } for comm="swapper/3" capability=5 scontext=u:r:kernel:s0 tcontext=u:r:kernel:s0 tclass=capability permissive=0
11-11 03:48:16.310 I/am_wtf ( 1491): [0,1491,system_server,-1,DisplayDeviceConfig,requesting nits when no mapping exists.]
11-11 03:48:16.310 I/am_wtf ( 1491): [0,1491,system_server,-1,DisplayDeviceConfig,requesting nits when no mapping exists.]
11-11 03:48:16.326 I/am_wtf ( 1491): [0,1491,system_server,-1,DisplayDeviceConfig,requesting nits when no mapping exists.]
11-11 03:48:16.326 I/am_wtf ( 1491): [0,1491,system_server,-1,DisplayDeviceConfig,requesting nits when no mapping exists.]
11-11 03:48:16.343 I/am_wtf ( 1491): [0,1491,system_server,-1,DisplayDeviceConfig,requesting nits when no mapping exists.]
11-11 03:48:16.343 I/am_wtf ( 1491): [0,1491,system_server,-1,DisplayDeviceConfig,requesting nits when no mapping exists.]
11-11 03:48:16.360 I/am_wtf ( 1491): [0,1491,system_server,-1,DisplayDeviceConfig,requesting nits when no mapping exists.]
11-11 03:48:16.360 I/am_wtf ( 1491): [0,1491,system_server,-1,DisplayDeviceConfig,requesting nits when no mapping exists.]
11-11 03:48:16.376 I/am_wtf ( 1491): [0,1491,system_server,-1,DisplayDeviceConfig,requesting nits when no mapping exists.]
11-11 03:48:16.376 I/am_wtf ( 1491): [0,1491,system_server,-1,DisplayDeviceConfig,requesting nits when no mapping exists.]
11-11 03:48:17.211 I/auditd (13536): type=1400 audit(0.0:18694): avc: denied { read } for comm=5468726561642D32202D2031333538 name="tcp" dev="proc" ino=4026532256 scontext=u:r:untrusted_app_29:s0:c99,c256,c512,c768 tcontext=u:object_r:proc_net_tcp_udp:s0 tclass=file permissive=0 app=com.smile.gifmaker
11-11 03:48:17.295 I/auditd ( 0): type=1400 audit(0.0:18695): avc: denied { kill } for comm="swapper/3" capability=5 scontext=u:r:kernel:s0 tcontext=u:r:kernel:s0 tclass=capability permissive=0
11-11 03:48:18.322 I/input_interaction( 1491): Interaction with: 5b2620b com.thundercomm.screensaver/android.service.dreams.DreamActivity (server), edge-swipe (server), swipe-up (server), PointerEventDispatcher0 (server),
11-11 03:48:18.325 I/wm_finish_activity( 1491): [0,109680892,144,com.thundercomm.screensaver/android.service.dreams.DreamActivity,finish-activity]
11-11 03:48:18.326 I/wm_task_moved( 1491): [140,1,6]
11-11 03:48:18.326 I/wm_task_to_front( 1491): [0,140]
11-11 03:48:18.326 I/wm_focused_root_task( 1491): [0,0,140,144,finish-top adjustFocusToNextFocusableTask]
11-11 03:48:18.327 I/wm_pause_activity( 1491): [0,109680892,com.thundercomm.screensaver/android.service.dreams.DreamActivity,userLeaving=false,finish]
11-11 03:48:18.335 I/sysui_multi_action( 1491): [757,803,799,window_time_0,802,3]
11-11 03:48:18.336 I/wm_on_top_resumed_lost_called( 5486): [109680892,android.service.dreams.DreamActivity,topStateChangedWhenResumed]
11-11 03:48:18.336 I/wm_on_paused_called( 5486): [109680892,android.service.dreams.DreamActivity,performPause]
11-11 03:48:18.337 I/wm_add_to_stopping( 1491): [0,109680892,com.thundercomm.screensaver/android.service.dreams.DreamActivity,completeFinishing]
11-11 03:48:18.340 I/wm_set_resumed_activity( 1491): [0,com.android.settings/.homepage.SettingsHomepageActivity,resumeTopActivityInnerLocked]
11-11 03:48:18.341 I/wm_resume_activity( 1491): [0,81920312,140,com.android.settings/.homepage.SettingsHomepageActivity]
11-11 03:48:18.348 I/sysui_multi_action( 1491): [757,803,799,window_time_0,802,0]
11-11 03:48:18.351 I/wm_on_restart_called(13484): [81920312,com.android.settings.homepage.SettingsHomepageActivity,performRestartActivity]
11-11 03:48:18.360 I/view_enqueue_input_event( 5486): [Motion - Cancel,com.thundercomm.screensaver/android.service.dreams.DreamActivity]
11-11 03:48:18.361 I/input_focus( 1491): [Focus leaving 5b2620b com.thundercomm.screensaver/android.service.dreams.DreamActivity (server),reason=NO_WINDOW]
11-11 03:48:18.369 I/input_interaction( 1491): Interaction with: edge-swipe (server), swipe-up (server), PointerEventDispatcher0 (server),
11-11 03:48:18.376 I/wm_on_start_called(13484): [81920312,com.android.settings.homepage.SettingsHomepageActivity,handleStartActivity]
11-11 03:48:18.376 I/snet_event_log(13484): [120484087,-1,]
11-11 03:48:18.377 I/wm_on_resume_called(13484): [81920312,com.android.settings.homepage.SettingsHomepageActivity,RESUME_ACTIVITY]
11-11 03:48:18.377 I/sysui_multi_action(13484): [757,35,758,1,833,0,1089,0]
11-11 03:48:18.378 I/sysui_multi_action(13484): [757,747,758,1,833,0,1089,0]
11-11 03:48:18.379 I/wm_on_top_resumed_gained_called(13484): [81920312,com.android.settings.homepage.SettingsHomepageActivity,topWhenResuming]
11-11 03:48:18.387 I/input_focus( 1491): [Focus request a00ca2d com.android.settings/com.android.settings.homepage.SettingsHomepageActivity,reason=UpdateInputWindows]
11-11 03:48:18.416 I/input_focus( 1491): [Focus entering a00ca2d com.android.settings/com.android.settings.homepage.SettingsHomepageActivity (server),reason=Window became focusable. Previous reason: NOT_VISIBLE]
11-11 03:48:18.923 I/wm_destroy_activity( 1491): [0,109680892,144,com.thundercomm.screensaver/android.service.dreams.DreamActivity,finish-imm:idle]
11-11 03:48:18.941 I/wm_on_stop_called( 5486): [109680892,android.service.dreams.DreamActivity,LIFECYCLER_STOP_ACTIVITY]
11-11 03:48:18.943 I/wm_on_destroy_called( 5486): [109680892,android.service.dreams.DreamActivity,performDestroy]
11-11 03:48:18.944 I/sysui_multi_action( 1491): [757,222,758,2]
11-11 03:48:18.944 I/sysui_multi_action( 1491): [757,804,799,dreaming_minutes,801,0,802,1]
11-11 03:48:18.954 I/wm_task_removed( 1491): [144,removeChild:removeChild last r=ActivityRecord{68998fc u0 com.thundercomm.screensaver/android.service.dreams.DreamActivity t-1 f}} in t=Task{e66363d #144 type=dream A=10051:android:com.thundercomm.screensaver/dream U=0 visible=false mode=fullscreen translucent=true sz=0}]
11-11 03:48:18.954 I/wm_task_removed( 1491): [144,removeChild]
11-11 03:48:19.295 I/auditd ( 0): type=1400 audit(0.0:18696): avc: denied { kill } for comm="swapper/2" capability=5 scontext=u:r:kernel:s0 tcontext=u:r:kernel:s0 tclass=capability permissive=0
11-11 03:48:20.295 I/auditd ( 0): type=1400 audit(0.0:18697): avc: denied { kill } for comm="swapper/2" capability=5 scontext=u:r:kernel:s0 tcontext=u:r:kernel:s0 tclass=capability permissive=0
11-11 03:48:20.627 I/auditd (13529): type=1400 audit(0.0:18698): avc: denied { read } for comm="Thread-29" name="tcp" dev="proc" ino=4026532256 scontext=u:r:untrusted_app:s0:c103,c256,c512,c768 tcontext=u:object_r:proc_net_tcp_udp:s0 tclass=file permissive=0 app=tv.danmaku.bilibilihd
11-11 03:48:21.299 I/auditd ( 0): type=1400 audit(0.0:18699): avc: denied { kill } for comm="swapper/2" capability=5 scontext=u:r:kernel:s0 tcontext=u:r:kernel:s0 tclass=capability permissive=0
11-11 03:48:22.295 I/auditd ( 0): type=1400 audit(0.0:18700): avc: denied { kill } for comm="swapper/2" capability=5 scontext=u:r:kernel:s0 tcontext=u:r:kernel:s0 tclass=capability permissive=0
11-11 03:48:23.295 I/auditd ( 0): type=1400 audit(0.0:18701): avc: denied { kill } for comm="swapper/2" capability=5 scontext=u:r:kernel:s0 tcontext=u:r:kernel:s0 tclass=capability permissive=0
11-11 03:48:24.295 I/auditd ( 0): type=1400 audit(0.0:18702): avc: denied { kill } for comm="swapper/2" capability=5 scontext=u:r:kernel:s0 tcontext=u:r:kernel:s0 tclass=capability permissive=0
11-11 03:48:25.295 I/auditd ( 0): type=1400 audit(0.0:18703): avc: denied { kill } for comm="swapper/2" capability=5 scontext=u:r:kernel:s0 tcontext=u:r:kernel:s0 tclass=capability permissive=0
11-11 03:48:26.295 I/auditd ( 0): type=1400 audit(0.0:18704): avc: denied { kill } for comm="swapper/2" capability=5 scontext=u:r:kernel:s0 tcontext=u:r:kernel:s0 tclass=capability permissive=0
11-11 03:48:27.295 I/auditd ( 0): type=1400 audit(0.0:18705): avc: denied { kill } for comm="swapper/2" capability=5 scontext=u:r:kernel:s0 tcontext=u:r:kernel:s0 tclass=capability permissive=0
11-11 03:48:28.295 I/auditd ( 0): type=1400 audit(0.0:18706): avc: denied { kill } for comm="swapper/2" capability=5 scontext=u:r:kernel:s0 tcontext=u:r:kernel:s0 tclass=capability permissive=0
11-11 03:48:28.347 I/auditd (15150): type=1400 audit(0.0:18707): avc: denied { read } for comm="aker:messagesdk" name="tcp" dev="proc" ino=4026532256 scontext=u:r:untrusted_app_29:s0:c99,c256,c512,c768 tcontext=u:object_r:proc_net_tcp_udp:s0 tclass=file permissive=0 app=com.smile.gifmaker
11-11 03:48:29.295 I/auditd ( 0): type=1400 audit(0.0:18708): avc: denied { kill } for comm="swapper/2" capability=5 scontext=u:r:kernel:s0 tcontext=u:r:kernel:s0 tclass=capability permissive=0
11-11 03:48:30.295 I/auditd ( 0): type=1400 audit(0.0:18709): avc: denied { kill } for comm="swapper/2" capability=5 scontext=u:r:kernel:s0 tcontext=u:r:kernel:s0 tclass=capability permissive=0
11-11 03:48:31.295 I/auditd ( 0): type=1400 audit(0.0:18710): avc: denied { kill } for comm="swapper/2" capability=5 scontext=u:r:kernel:s0 tcontext=u:r:kernel:s0 tclass=capability permissive=0
11-11 03:48:32.295 I/auditd ( 0): type=1400 audit(0.0:18711): avc: denied { kill } for comm="swapper/2" capability=5 scontext=u:r:kernel:s0 tcontext=u:r:kernel:s0 tclass=capability permissive=0
11-11 03:48:33.295 I/auditd ( 0): type=1400 audit(0.0:18712): avc: denied { kill } for comm="swapper/2" capability=5 scontext=u:r:kernel:s0 tcontext=u:r:kernel:s0 tclass=capability permissive=0
11-11 03:48:34.164 I/service_manager_stats( 1491): [120,25,18738]
11-11 03:48:34.295 I/auditd ( 0): type=1400 audit(0.0:18713): avc: denied { kill } for comm="swapper/2" capability=5 scontext=u:r:kernel:s0 tcontext=u:r:kernel:s0 tclass=capability permissive=0
11-11 03:48:36.108 I/netstats_mobile_sample( 1491): [0,0,0,0,0,0,0,0,0,0,0,0,1668095316108]
11-11 03:48:36.108 I/netstats_wifi_sample( 1491): [2139864671,1975644,213826803,1011029,2139864671,1975644,213826803,1011029,2508175308,2509298,141642699,878993,1668095316108]
11-11 03:48:36.295 I/auditd ( 0): type=1400 audit(0.0:18714): avc: denied { kill } for comm="swapper/0" capability=5 scontext=u:r:kernel:s0 tcontext=u:r:kernel:s0 tclass=capability permissive=0
11-11 03:48:36.564 I/input_interaction( 1491): Interaction with: a00ca2d com.android.settings/com.android.settings.homepage.SettingsHomepageActivity (server), edge-swipe (server), swipe-up (server), PointerEventDispatcher0 (server),
11-11 03:48:37.295 I/auditd ( 0): type=1400 audit(0.0:18715): avc: denied { kill } for comm="swapper/0" capability=5 scontext=u:r:kernel:s0 tcontext=u:r:kernel:s0 tclass=capability permissive=0
11-11 03:48:37.857 I/input_interaction( 1491): Interaction with: a00ca2d com.android.settings/com.android.settings.homepage.SettingsHomepageActivity (server), PointerEventDispatcher0 (server),
11-11 03:48:38.295 I/auditd ( 0): type=1400 audit(0.0:18716): avc: denied { kill } for comm="swapper/0" capability=5 scontext=u:r:kernel:s0 tcontext=u:r:kernel:s0 tclass=capability permissive=0
11-11 03:48:39.295 I/auditd ( 0): type=1400 audit(0.0:18717): avc: denied { kill } for comm="swapper/0" capability=5 scontext=u:r:kernel:s0 tcontext=u:r:kernel:s0 tclass=capability permissive=0
11-11 03:48:39.583 I/input_interaction( 1491): Interaction with: a00ca2d com.android.settings/com.android.settings.homepage.SettingsHomepageActivity (server), edge-swipe (server), swipe-up (server), PointerEventDispatcher0 (server),
11-11 03:48:40.295 I/auditd ( 0): type=1400 audit(0.0:18718): avc: denied { kill } for comm="swapper/0" capability=5 scontext=u:r:kernel:s0 tcontext=u:r:kernel:s0 tclass=capability permissive=0
11-11 03:48:41.295 I/auditd ( 0): type=1400 audit(0.0:18719): avc: denied { kill } for comm="swapper/0" capability=5 scontext=u:r:kernel:s0 tcontext=u:r:kernel:s0 tclass=capability permissive=0
11-11 03:48:41.758 I/view_enqueue_input_event(13484): [Motion - Cancel,com.android.settings/com.android.settings.homepage.SettingsHomepageActivity]
11-11 03:48:41.758 I/input_interaction( 1491): Interaction with: a00ca2d com.android.settings/com.android.settings.homepage.SettingsHomepageActivity (server), PointerEventDispatcher0 (server),
11-11 03:48:42.295 I/auditd ( 0): type=1400 audit(0.0:18720): avc: denied { kill } for comm="swapper/0" capability=5 scontext=u:r:kernel:s0 tcontext=u:r:kernel:s0 tclass=capability permissive=0
11-11 03:48:43.024 I/input_interaction( 1491): Interaction with: a00ca2d com.android.settings/com.android.settings.homepage.SettingsHomepageActivity (server), edge-swipe (server), swipe-up (server), PointerEventDispatcher0 (server),
11-11 03:48:43.278 I/input_interaction( 1491): Interaction with: a00ca2d com.android.settings/com.android.settings.homepage.SettingsHomepageActivity (server), PointerEventDispatcher0 (server),
11-11 03:48:43.281 I/view_enqueue_input_event(13484): [Motion - Cancel,com.android.settings/com.android.settings.homepage.SettingsHomepageActivity]
11-11 03:48:43.295 I/auditd ( 0): type=1400 audit(0.0:18721): avc: denied { kill } for comm="swapper/0" capability=5 scontext=u:r:kernel:s0 tcontext=u:r:kernel:s0 tclass=capability permissive=0
11-11 03:48:43.802 I/input_interaction( 1491): Interaction with: 892079 StatusBar (server), a00ca2d com.android.settings/com.android.settings.homepage.SettingsHomepageActivity (server), PointerEventDispatcher0 (server),
11-11 03:48:43.819 I/input_interaction( 1491): Interaction with: 892079 StatusBar (server), PointerEventDispatcher0 (server),
11-11 03:48:43.964 I/input_interaction( 1491): Interaction with: 892079 StatusBar (server), edge-swipe (server), swipe-up (server), PointerEventDispatcher0 (server),
11-11 03:48:43.966 I/sysui_multi_action( 1971): [757,803,799,panel_open,802,1]
11-11 03:48:43.968 I/sysui_multi_action( 1971): [757,1328,758,4,1326,99,1327,0,1329,0]
11-11 03:48:43.991 I/view_enqueue_input_event( 1971): [Motion - Cancel,StatusBar]
11-11 03:48:43.992 I/input_interaction( 1491): Interaction with: edge-swipe (server), swipe-up (server), PointerEventDispatcher0 (server),
11-11 03:48:44.236 I/sysui_multi_action( 1491): [757,803,799,key_back_press,802,1]
