11-11 03:22:13.122 I/am_wtf ( 1491): [0,1491,system_server,-1,DisplayDeviceConfig,requesting nits when no mapping exists.]
11-11 03:22:13.123 I/am_wtf ( 1491): [0,1491,system_server,-1,DisplayDeviceConfig,requesting nits when no mapping exists.]
11-11 03:22:13.138 I/am_wtf ( 1491): [0,1491,system_server,-1,DisplayDeviceConfig,requesting nits when no mapping exists.]
11-11 03:22:13.139 I/am_wtf ( 1491): [0,1491,system_server,-1,DisplayDeviceConfig,requesting nits when no mapping exists.]
11-11 03:22:13.156 I/am_wtf ( 1491): [0,1491,system_server,-1,DisplayDeviceConfig,requesting nits when no mapping exists.]
11-11 03:22:13.156 I/am_wtf ( 1491): [0,1491,system_server,-1,DisplayDeviceConfig,requesting nits when no mapping exists.]
11-11 03:22:13.170 I/am_wtf ( 1491): [0,1491,system_server,-1,DisplayDeviceConfig,requesting nits when no mapping exists.]
11-11 03:22:13.171 I/am_wtf ( 1491): [0,1491,system_server,-1,DisplayDeviceConfig,requesting nits when no mapping exists.]
11-11 03:22:13.187 I/am_wtf ( 1491): [0,1491,system_server,-1,DisplayDeviceConfig,requesting nits when no mapping exists.]
11-11 03:22:13.191 I/am_wtf ( 1491): [0,1491,system_server,-1,DisplayDeviceConfig,requesting nits when no mapping exists.]
11-11 03:22:13.203 I/am_wtf ( 1491): [0,1491,system_server,-1,DisplayDeviceConfig,requesting nits when no mapping exists.]
11-11 03:22:13.204 I/am_wtf ( 1491): [0,1491,system_server,-1,DisplayDeviceConfig,requesting nits when no mapping exists.]
11-11 03:22:13.221 I/am_wtf ( 1491): [0,1491,system_server,-1,DisplayDeviceConfig,requesting nits when no mapping exists.]
11-11 03:22:13.221 I/am_wtf ( 1491): [0,1491,system_server,-1,DisplayDeviceConfig,requesting nits when no mapping exists.]
11-11 03:22:13.236 I/am_wtf ( 1491): [0,1491,system_server,-1,DisplayDeviceConfig,requesting nits when no mapping exists.]
11-11 03:22:13.237 I/am_wtf ( 1491): [0,1491,system_server,-1,DisplayDeviceConfig,requesting nits when no mapping exists.]
11-11 03:22:13.255 I/am_wtf ( 1491): [0,1491,system_server,-1,DisplayDeviceConfig,requesting nits when no mapping exists.]
11-11 03:22:13.256 I/am_wtf ( 1491): [0,1491,system_server,-1,DisplayDeviceConfig,requesting nits when no mapping exists.]
11-11 03:22:13.271 I/am_wtf ( 1491): [0,1491,system_server,-1,DisplayDeviceConfig,requesting nits when no mapping exists.]
11-11 03:22:13.272 I/am_wtf ( 1491): [0,1491,system_server,-1,DisplayDeviceConfig,requesting nits when no mapping exists.]
11-11 03:22:13.279 I/wm_stop_activity( 1491): [0,146330618,com.android.launcher3/.uioverrides.QuickstepLauncher]
11-11 03:22:13.286 I/am_wtf ( 1491): [0,1491,system_server,-1,DisplayDeviceConfig,requesting nits when no mapping exists.]
11-11 03:22:13.287 I/am_wtf ( 1491): [0,1491,system_server,-1,DisplayDeviceConfig,requesting nits when no mapping exists.]
11-11 03:22:13.293 I/wm_on_stop_called( 2490): [146330618,com.android.launcher3.uioverrides.QuickstepLauncher,STOP_ACTIVITY_ITEM]
11-11 03:22:13.303 I/am_wtf ( 1491): [0,1491,system_server,-1,DisplayDeviceConfig,requesting nits when no mapping exists.]
11-11 03:22:13.305 I/am_wtf ( 1491): [0,1491,system_server,-1,DisplayDeviceConfig,requesting nits when no mapping exists.]
11-11 03:22:13.320 I/am_wtf ( 1491): [0,1491,system_server,-1,DisplayDeviceConfig,requesting nits when no mapping exists.]
11-11 03:22:13.324 I/am_wtf ( 1491): [0,1491,system_server,-1,DisplayDeviceConfig,requesting nits when no mapping exists.]
11-11 03:22:13.341 I/am_wtf ( 1491): [0,1491,system_server,-1,DisplayDeviceConfig,requesting nits when no mapping exists.]
11-11 03:22:13.342 I/am_wtf ( 1491): [0,1491,system_server,-1,DisplayDeviceConfig,requesting nits when no mapping exists.]
11-11 03:22:13.353 I/am_wtf ( 1491): [0,1491,system_server,-1,DisplayDeviceConfig,requesting nits when no mapping exists.]
11-11 03:22:13.354 I/am_wtf ( 1491): [0,1491,system_server,-1,DisplayDeviceConfig,requesting nits when no mapping exists.]
11-11 03:22:13.375 I/am_wtf ( 1491): [0,1491,system_server,-1,DisplayDeviceConfig,requesting nits when no mapping exists.]
11-11 03:22:13.378 I/am_wtf ( 1491): [0,1491,system_server,-1,DisplayDeviceConfig,requesting nits when no mapping exists.]
11-11 03:22:13.392 I/am_wtf ( 1491): [0,1491,system_server,-1,DisplayDeviceConfig,requesting nits when no mapping exists.]
11-11 03:22:13.393 I/am_wtf ( 1491): [0,1491,system_server,-1,DisplayDeviceConfig,requesting nits when no mapping exists.]
11-11 03:22:13.404 I/am_wtf ( 1491): [0,1491,system_server,-1,DisplayDeviceConfig,requesting nits when no mapping exists.]
11-11 03:22:13.404 I/am_wtf ( 1491): [0,1491,system_server,-1,DisplayDeviceConfig,requesting nits when no mapping exists.]
11-11 03:22:13.421 I/am_wtf ( 1491): [0,1491,system_server,-1,DisplayDeviceConfig,requesting nits when no mapping exists.]
11-11 03:22:13.422 I/am_wtf ( 1491): [0,1491,system_server,-1,DisplayDeviceConfig,requesting nits when no mapping exists.]
11-11 03:22:13.438 I/am_wtf ( 1491): [0,1491,system_server,-1,DisplayDeviceConfig,requesting nits when no mapping exists.]
11-11 03:22:13.438 I/am_wtf ( 1491): [0,1491,system_server,-1,DisplayDeviceConfig,requesting nits when no mapping exists.]
11-11 03:22:13.454 I/am_wtf ( 1491): [0,1491,system_server,-1,DisplayDeviceConfig,requesting nits when no mapping exists.]
11-11 03:22:13.455 I/am_wtf ( 1491): [0,1491,system_server,-1,DisplayDeviceConfig,requesting nits when no mapping exists.]
11-11 03:22:13.477 I/am_wtf ( 1491): [0,1491,system_server,-1,DisplayDeviceConfig,requesting nits when no mapping exists.]
11-11 03:22:13.478 I/am_wtf ( 1491): [0,1491,system_server,-1,DisplayDeviceConfig,requesting nits when no mapping exists.]
11-11 03:22:13.489 I/am_wtf ( 1491): [0,1491,system_server,-1,DisplayDeviceConfig,requesting nits when no mapping exists.]
11-11 03:22:13.490 I/am_wtf ( 1491): [0,1491,system_server,-1,DisplayDeviceConfig,requesting nits when no mapping exists.]
11-11 03:22:13.504 I/am_wtf ( 1491): [0,1491,system_server,-1,DisplayDeviceConfig,requesting nits when no mapping exists.]
11-11 03:22:13.505 I/am_wtf ( 1491): [0,1491,system_server,-1,DisplayDeviceConfig,requesting nits when no mapping exists.]
11-11 03:22:13.521 I/am_wtf ( 1491): [0,1491,system_server,-1,DisplayDeviceConfig,requesting nits when no mapping exists.]
11-11 03:22:13.522 I/am_wtf ( 1491): [0,1491,system_server,-1,DisplayDeviceConfig,requesting nits when no mapping exists.]
11-11 03:22:13.538 I/am_wtf ( 1491): [0,1491,system_server,-1,DisplayDeviceConfig,requesting nits when no mapping exists.]
11-11 03:22:13.539 I/am_wtf ( 1491): [0,1491,system_server,-1,DisplayDeviceConfig,requesting nits when no mapping exists.]
11-11 03:22:13.554 I/am_wtf ( 1491): [0,1491,system_server,-1,DisplayDeviceConfig,requesting nits when no mapping exists.]
11-11 03:22:13.555 I/am_wtf ( 1491): [0,1491,system_server,-1,DisplayDeviceConfig,requesting nits when no mapping exists.]
11-11 03:22:13.571 I/am_wtf ( 1491): [0,1491,system_server,-1,DisplayDeviceConfig,requesting nits when no mapping exists.]
11-11 03:22:13.571 I/am_wtf ( 1491): [0,1491,system_server,-1,DisplayDeviceConfig,requesting nits when no mapping exists.]
11-11 03:22:13.589 I/am_wtf ( 1491): [0,1491,system_server,-1,DisplayDeviceConfig,requesting nits when no mapping exists.]
11-11 03:22:13.590 I/am_wtf ( 1491): [0,1491,system_server,-1,DisplayDeviceConfig,requesting nits when no mapping exists.]
11-11 03:22:13.605 I/am_wtf ( 1491): [0,1491,system_server,-1,DisplayDeviceConfig,requesting nits when no mapping exists.]
11-11 03:22:13.607 I/am_wtf ( 1491): [0,1491,system_server,-1,DisplayDeviceConfig,requesting nits when no mapping exists.]
11-11 03:22:13.621 I/am_wtf ( 1491): [0,1491,system_server,-1,DisplayDeviceConfig,requesting nits when no mapping exists.]
11-11 03:22:13.622 I/am_wtf ( 1491): [0,1491,system_server,-1,DisplayDeviceConfig,requesting nits when no mapping exists.]
11-11 03:22:13.638 I/am_wtf ( 1491): [0,1491,system_server,-1,DisplayDeviceConfig,requesting nits when no mapping exists.]
11-11 03:22:13.640 I/am_wtf ( 1491): [0,1491,system_server,-1,DisplayDeviceConfig,requesting nits when no mapping exists.]
11-11 03:22:13.655 I/am_wtf ( 1491): [0,1491,system_server,-1,DisplayDeviceConfig,requesting nits when no mapping exists.]
11-11 03:22:13.656 I/am_wtf ( 1491): [0,1491,system_server,-1,DisplayDeviceConfig,requesting nits when no mapping exists.]
11-11 03:22:13.671 I/am_wtf ( 1491): [0,1491,system_server,-1,DisplayDeviceConfig,requesting nits when no mapping exists.]
11-11 03:22:13.672 I/am_wtf ( 1491): [0,1491,system_server,-1,DisplayDeviceConfig,requesting nits when no mapping exists.]
11-11 03:22:13.689 I/am_wtf ( 1491): [0,1491,system_server,-1,DisplayDeviceConfig,requesting nits when no mapping exists.]
11-11 03:22:13.690 I/am_wtf ( 1491): [0,1491,system_server,-1,DisplayDeviceConfig,requesting nits when no mapping exists.]
11-11 03:22:13.706 I/am_wtf ( 1491): [0,1491,system_server,-1,DisplayDeviceConfig,requesting nits when no mapping exists.]
11-11 03:22:13.707 I/am_wtf ( 1491): [0,1491,system_server,-1,DisplayDeviceConfig,requesting nits when no mapping exists.]
11-11 03:22:13.722 I/am_wtf ( 1491): [0,1491,system_server,-1,DisplayDeviceConfig,requesting nits when no mapping exists.]
11-11 03:22:13.723 I/am_wtf ( 1491): [0,1491,system_server,-1,DisplayDeviceConfig,requesting nits when no mapping exists.]
11-11 03:22:13.738 I/am_wtf ( 1491): [0,1491,system_server,-1,DisplayDeviceConfig,requesting nits when no mapping exists.]
11-11 03:22:13.741 I/am_wtf ( 1491): [0,1491,system_server,-1,DisplayDeviceConfig,requesting nits when no mapping exists.]
11-11 03:22:13.755 I/am_wtf ( 1491): [0,1491,system_server,-1,DisplayDeviceConfig,requesting nits when no mapping exists.]
11-11 03:22:13.755 I/am_wtf ( 1491): [0,1491,system_server,-1,DisplayDeviceConfig,requesting nits when no mapping exists.]
11-11 03:22:13.772 I/am_wtf ( 1491): [0,1491,system_server,-1,DisplayDeviceConfig,requesting nits when no mapping exists.]
11-11 03:22:13.774 I/am_wtf ( 1491): [0,1491,system_server,-1,DisplayDeviceConfig,requesting nits when no mapping exists.]
11-11 03:22:13.790 I/am_wtf ( 1491): [0,1491,system_server,-1,DisplayDeviceConfig,requesting nits when no mapping exists.]
11-11 03:22:13.791 I/am_wtf ( 1491): [0,1491,system_server,-1,DisplayDeviceConfig,requesting nits when no mapping exists.]
11-11 03:22:13.806 I/am_wtf ( 1491): [0,1491,system_server,-1,DisplayDeviceConfig,requesting nits when no mapping exists.]
11-11 03:22:13.806 I/am_wtf ( 1491): [0,1491,system_server,-1,DisplayDeviceConfig,requesting nits when no mapping exists.]
11-11 03:22:13.874 I/input_interaction( 1491): Interaction with: e5714b9 com.tencent.qqlive/com.tencent.qqlive.ona.activity.VideoDetailActivity (server), edge-swipe (server), swipe-up (server), PointerEventDispatcher0 (server),
11-11 03:22:14.295 I/auditd ( 0): type=1400 audit(0.0:16455): avc: denied { kill } for comm="swapper/3" capability=5 scontext=u:r:kernel:s0 tcontext=u:r:kernel:s0 tclass=capability permissive=0
11-11 03:22:15.295 I/auditd ( 0): type=1400 audit(0.0:16456): avc: denied { kill } for comm="swapper/3" capability=5 scontext=u:r:kernel:s0 tcontext=u:r:kernel:s0 tclass=capability permissive=0
11-11 03:22:16.295 I/auditd ( 0): type=1400 audit(0.0:16457): avc: denied { kill } for comm="swapper/3" capability=5 scontext=u:r:kernel:s0 tcontext=u:r:kernel:s0 tclass=capability permissive=0
11-11 03:22:17.046 I/wm_finish_activity( 1491): [0,74554202,129,com.tencent.qqlive/.ona.activity.VideoDetailActivity,app-request]
11-11 03:22:17.055 I/wm_pause_activity( 1491): [0,74554202,com.tencent.qqlive/.ona.activity.VideoDetailActivity,userLeaving=false,finish]
11-11 03:22:17.064 I/input_focus( 1491): [Focus leaving e5714b9 com.tencent.qqlive/com.tencent.qqlive.ona.activity.VideoDetailActivity (server),reason=NO_WINDOW]
11-11 03:22:17.070 I/wm_on_top_resumed_lost_called(23464): [74554202,com.tencent.qqlive.ona.activity.VideoDetailActivity,topStateChangedWhenResumed]
11-11 03:22:17.076 I/wm_on_paused_called(23464): [74554202,com.tencent.qqlive.ona.activity.VideoDetailActivity,performPause]
11-11 03:22:17.076 I/wm_add_to_stopping( 1491): [0,74554202,com.tencent.qqlive/.ona.activity.VideoDetailActivity,completeFinishing]
11-11 03:22:17.078 I/wm_set_resumed_activity( 1491): [0,com.tencent.qqlive/.ona.activity.VideoListExhibitActivity,resumeTopActivityInnerLocked]
11-11 03:22:17.078 I/wm_resume_activity( 1491): [0,99737366,129,com.tencent.qqlive/.ona.activity.VideoListExhibitActivity]
11-11 03:22:17.080 I/sysui_multi_action( 1491): [757,803,799,window_time_0,802,4]
11-11 03:22:17.086 I/wm_on_restart_called(23464): [99737366,com.tencent.qqlive.ona.activity.VideoListExhibitActivity,performRestartActivity]
11-11 03:22:17.088 I/wm_on_start_called(23464): [99737366,com.tencent.qqlive.ona.activity.VideoListExhibitActivity,handleStartActivity]
11-11 03:22:17.091 I/wm_on_resume_called(23464): [99737366,com.tencent.qqlive.ona.activity.VideoListExhibitActivity,RESUME_ACTIVITY]
11-11 03:22:17.091 I/wm_on_top_resumed_gained_called(23464): [99737366,com.tencent.qqlive.ona.activity.VideoListExhibitActivity,topWhenResuming]
11-11 03:22:17.103 I/input_focus( 1491): [Focus request 61992f0 com.tencent.qqlive/com.tencent.qqlive.ona.activity.VideoListExhibitActivity,reason=UpdateInputWindows]
11-11 03:22:17.147 I/input_focus( 1491): [Focus entering 61992f0 com.tencent.qqlive/com.tencent.qqlive.ona.activity.VideoListExhibitActivity (server),reason=Window became focusable. Previous reason: NOT_VISIBLE]
11-11 03:22:17.351 I/wm_destroy_activity( 1491): [0,74554202,129,com.tencent.qqlive/.ona.activity.VideoDetailActivity,finish-imm:transit]
11-11 03:22:17.367 I/am_wtf ( 1491): [0,1491,system_server,-1,DisplayDeviceConfig,requesting nits when no mapping exists.]
11-11 03:22:17.368 I/am_wtf ( 1491): [0,1491,system_server,-1,DisplayDeviceConfig,requesting nits when no mapping exists.]
11-11 03:22:17.381 I/am_wtf ( 1491): [0,1491,system_server,-1,DisplayDeviceConfig,requesting nits when no mapping exists.]
11-11 03:22:17.385 I/am_wtf ( 1491): [0,1491,system_server,-1,DisplayDeviceConfig,requesting nits when no mapping exists.]
11-11 03:22:17.387 I/wm_on_stop_called(23464): [74554202,com.tencent.qqlive.ona.activity.VideoDetailActivity,LIFECYCLER_STOP_ACTIVITY]
11-11 03:22:17.398 I/am_wtf ( 1491): [0,1491,system_server,-1,DisplayDeviceConfig,requesting nits when no mapping exists.]
11-11 03:22:17.398 I/am_wtf ( 1491): [0,1491,system_server,-1,DisplayDeviceConfig,requesting nits when no mapping exists.]
11-11 03:22:17.408 I/wm_on_destroy_called(23464): [74554202,com.tencent.qqlive.ona.activity.VideoDetailActivity,performDestroy]
11-11 03:22:17.414 I/am_wtf ( 1491): [0,1491,system_server,-1,DisplayDeviceConfig,requesting nits when no mapping exists.]
11-11 03:22:17.416 I/am_wtf ( 1491): [0,1491,system_server,-1,DisplayDeviceConfig,requesting nits when no mapping exists.]
11-11 03:22:17.430 I/am_wtf ( 1491): [0,1491,system_server,-1,DisplayDeviceConfig,requesting nits when no mapping exists.]
11-11 03:22:17.431 I/am_wtf ( 1491): [0,1491,system_server,-1,DisplayDeviceConfig,requesting nits when no mapping exists.]
11-11 03:22:17.447 I/am_wtf ( 1491): [0,1491,system_server,-1,DisplayDeviceConfig,requesting nits when no mapping exists.]
11-11 03:22:17.448 I/am_wtf ( 1491): [0,1491,system_server,-1,DisplayDeviceConfig,requesting nits when no mapping exists.]
11-11 03:22:17.464 I/am_wtf ( 1491): [0,1491,system_server,-1,DisplayDeviceConfig,requesting nits when no mapping exists.]
11-11 03:22:17.465 I/am_wtf ( 1491): [0,1491,system_server,-1,DisplayDeviceConfig,requesting nits when no mapping exists.]
11-11 03:22:17.481 I/am_wtf ( 1491): [0,1491,system_server,-1,DisplayDeviceConfig,requesting nits when no mapping exists.]
11-11 03:22:17.482 I/am_wtf ( 1491): [0,1491,system_server,-1,DisplayDeviceConfig,requesting nits when no mapping exists.]
11-11 03:22:17.498 I/am_wtf ( 1491): [0,1491,system_server,-1,DisplayDeviceConfig,requesting nits when no mapping exists.]
11-11 03:22:17.498 I/am_wtf ( 1491): [0,1491,system_server,-1,DisplayDeviceConfig,requesting nits when no mapping exists.]
11-11 03:22:17.515 I/am_wtf ( 1491): [0,1491,system_server,-1,DisplayDeviceConfig,requesting nits when no mapping exists.]
11-11 03:22:17.516 I/am_wtf ( 1491): [0,1491,system_server,-1,DisplayDeviceConfig,requesting nits when no mapping exists.]
11-11 03:22:17.531 I/am_wtf ( 1491): [0,1491,system_server,-1,DisplayDeviceConfig,requesting nits when no mapping exists.]
11-11 03:22:17.532 I/am_wtf ( 1491): [0,1491,system_server,-1,DisplayDeviceConfig,requesting nits when no mapping exists.]
11-11 03:22:17.547 I/am_wtf ( 1491): [0,1491,system_server,-1,DisplayDeviceConfig,requesting nits when no mapping exists.]
11-11 03:22:17.548 I/am_wtf ( 1491): [0,1491,system_server,-1,DisplayDeviceConfig,requesting nits when no mapping exists.]
11-11 03:22:17.564 I/am_wtf ( 1491): [0,1491,system_server,-1,DisplayDeviceConfig,requesting nits when no mapping exists.]
11-11 03:22:17.565 I/am_wtf ( 1491): [0,1491,system_server,-1,DisplayDeviceConfig,requesting nits when no mapping exists.]
11-11 03:22:17.581 I/am_wtf ( 1491): [0,1491,system_server,-1,DisplayDeviceConfig,requesting nits when no mapping exists.]
11-11 03:22:17.582 I/am_wtf ( 1491): [0,1491,system_server,-1,DisplayDeviceConfig,requesting nits when no mapping exists.]
11-11 03:22:17.599 I/am_wtf ( 1491): [0,1491,system_server,-1,DisplayDeviceConfig,requesting nits when no mapping exists.]
11-11 03:22:17.599 I/am_wtf ( 1491): [0,1491,system_server,-1,DisplayDeviceConfig,requesting nits when no mapping exists.]
11-11 03:22:17.614 I/am_wtf ( 1491): [0,1491,system_server,-1,DisplayDeviceConfig,requesting nits when no mapping exists.]
11-11 03:22:17.615 I/am_wtf ( 1491): [0,1491,system_server,-1,DisplayDeviceConfig,requesting nits when no mapping exists.]
11-11 03:22:17.634 I/am_wtf ( 1491): [0,1491,system_server,-1,DisplayDeviceConfig,requesting nits when no mapping exists.]
11-11 03:22:17.635 I/am_wtf ( 1491): [0,1491,system_server,-1,DisplayDeviceConfig,requesting nits when no mapping exists.]
11-11 03:22:17.648 I/am_wtf ( 1491): [0,1491,system_server,-1,DisplayDeviceConfig,requesting nits when no mapping exists.]
11-11 03:22:17.649 I/am_wtf ( 1491): [0,1491,system_server,-1,DisplayDeviceConfig,requesting nits when no mapping exists.]
11-11 03:22:17.664 I/am_wtf ( 1491): [0,1491,system_server,-1,DisplayDeviceConfig,requesting nits when no mapping exists.]
11-11 03:22:17.665 I/am_wtf ( 1491): [0,1491,system_server,-1,DisplayDeviceConfig,requesting nits when no mapping exists.]
11-11 03:22:17.681 I/am_wtf ( 1491): [0,1491,system_server,-1,DisplayDeviceConfig,requesting nits when no mapping exists.]
11-11 03:22:17.682 I/am_wtf ( 1491): [0,1491,system_server,-1,DisplayDeviceConfig,requesting nits when no mapping exists.]
11-11 03:22:17.698 I/am_wtf ( 1491): [0,1491,system_server,-1,DisplayDeviceConfig,requesting nits when no mapping exists.]
11-11 03:22:17.698 I/am_wtf ( 1491): [0,1491,system_server,-1,DisplayDeviceConfig,requesting nits when no mapping exists.]
11-11 03:22:17.714 I/am_wtf ( 1491): [0,1491,system_server,-1,DisplayDeviceConfig,requesting nits when no mapping exists.]
11-11 03:22:17.715 I/am_wtf ( 1491): [0,1491,system_server,-1,DisplayDeviceConfig,requesting nits when no mapping exists.]
11-11 03:22:17.731 I/am_wtf ( 1491): [0,1491,system_server,-1,DisplayDeviceConfig,requesting nits when no mapping exists.]
11-11 03:22:17.732 I/am_wtf ( 1491): [0,1491,system_server,-1,DisplayDeviceConfig,requesting nits when no mapping exists.]
11-11 03:22:17.748 I/am_wtf ( 1491): [0,1491,system_server,-1,DisplayDeviceConfig,requesting nits when no mapping exists.]
11-11 03:22:17.748 I/am_wtf ( 1491): [0,1491,system_server,-1,DisplayDeviceConfig,requesting nits when no mapping exists.]
11-11 03:22:17.764 I/am_wtf ( 1491): [0,1491,system_server,-1,DisplayDeviceConfig,requesting nits when no mapping exists.]
11-11 03:22:17.765 I/am_wtf ( 1491): [0,1491,system_server,-1,DisplayDeviceConfig,requesting nits when no mapping exists.]
11-11 03:22:17.781 I/am_wtf ( 1491): [0,1491,system_server,-1,DisplayDeviceConfig,requesting nits when no mapping exists.]
11-11 03:22:17.782 I/am_wtf ( 1491): [0,1491,system_server,-1,DisplayDeviceConfig,requesting nits when no mapping exists.]
11-11 03:22:17.797 I/am_wtf ( 1491): [0,1491,system_server,-1,DisplayDeviceConfig,requesting nits when no mapping exists.]
11-11 03:22:17.798 I/am_wtf ( 1491): [0,1491,system_server,-1,DisplayDeviceConfig,requesting nits when no mapping exists.]
11-11 03:22:17.814 I/am_wtf ( 1491): [0,1491,system_server,-1,DisplayDeviceConfig,requesting nits when no mapping exists.]
11-11 03:22:17.814 I/am_wtf ( 1491): [0,1491,system_server,-1,DisplayDeviceConfig,requesting nits when no mapping exists.]
11-11 03:22:17.831 I/am_wtf ( 1491): [0,1491,system_server,-1,DisplayDeviceConfig,requesting nits when no mapping exists.]
11-11 03:22:17.832 I/am_wtf ( 1491): [0,1491,system_server,-1,DisplayDeviceConfig,requesting nits when no mapping exists.]
11-11 03:22:17.848 I/am_wtf ( 1491): [0,1491,system_server,-1,DisplayDeviceConfig,requesting nits when no mapping exists.]
11-11 03:22:17.848 I/am_wtf ( 1491): [0,1491,system_server,-1,DisplayDeviceConfig,requesting nits when no mapping exists.]
11-11 03:22:17.864 I/am_wtf ( 1491): [0,1491,system_server,-1,DisplayDeviceConfig,requesting nits when no mapping exists.]
11-11 03:22:17.865 I/am_wtf ( 1491): [0,1491,system_server,-1,DisplayDeviceConfig,requesting nits when no mapping exists.]
11-11 03:22:17.881 I/am_wtf ( 1491): [0,1491,system_server,-1,DisplayDeviceConfig,requesting nits when no mapping exists.]
11-11 03:22:17.882 I/am_wtf ( 1491): [0,1491,system_server,-1,DisplayDeviceConfig,requesting nits when no mapping exists.]
11-11 03:22:17.897 I/am_wtf ( 1491): [0,1491,system_server,-1,DisplayDeviceConfig,requesting nits when no mapping exists.]
11-11 03:22:17.898 I/am_wtf ( 1491): [0,1491,system_server,-1,DisplayDeviceConfig,requesting nits when no mapping exists.]
11-11 03:22:17.914 I/am_wtf ( 1491): [0,1491,system_server,-1,DisplayDeviceConfig,requesting nits when no mapping exists.]
11-11 03:22:17.915 I/am_wtf ( 1491): [0,1491,system_server,-1,DisplayDeviceConfig,requesting nits when no mapping exists.]
11-11 03:22:17.931 I/am_wtf ( 1491): [0,1491,system_server,-1,DisplayDeviceConfig,requesting nits when no mapping exists.]
11-11 03:22:17.932 I/am_wtf ( 1491): [0,1491,system_server,-1,DisplayDeviceConfig,requesting nits when no mapping exists.]
11-11 03:22:17.948 I/am_wtf ( 1491): [0,1491,system_server,-1,DisplayDeviceConfig,requesting nits when no mapping exists.]
11-11 03:22:17.949 I/am_wtf ( 1491): [0,1491,system_server,-1,DisplayDeviceConfig,requesting nits when no mapping exists.]
11-11 03:22:17.965 I/am_wtf ( 1491): [0,1491,system_server,-1,DisplayDeviceConfig,requesting nits when no mapping exists.]
11-11 03:22:17.965 I/am_wtf ( 1491): [0,1491,system_server,-1,DisplayDeviceConfig,requesting nits when no mapping exists.]
11-11 03:22:17.983 I/am_wtf ( 1491): [0,1491,system_server,-1,DisplayDeviceConfig,requesting nits when no mapping exists.]
11-11 03:22:17.984 I/am_wtf ( 1491): [0,1491,system_server,-1,DisplayDeviceConfig,requesting nits when no mapping exists.]
11-11 03:22:17.998 I/am_wtf ( 1491): [0,1491,system_server,-1,DisplayDeviceConfig,requesting nits when no mapping exists.]
11-11 03:22:17.998 I/am_wtf ( 1491): [0,1491,system_server,-1,DisplayDeviceConfig,requesting nits when no mapping exists.]
11-11 03:22:18.015 I/am_wtf ( 1491): [0,1491,system_server,-1,DisplayDeviceConfig,requesting nits when no mapping exists.]
11-11 03:22:18.016 I/am_wtf ( 1491): [0,1491,system_server,-1,DisplayDeviceConfig,requesting nits when no mapping exists.]
11-11 03:22:18.031 I/am_wtf ( 1491): [0,1491,system_server,-1,DisplayDeviceConfig,requesting nits when no mapping exists.]
11-11 03:22:18.032 I/am_wtf ( 1491): [0,1491,system_server,-1,DisplayDeviceConfig,requesting nits when no mapping exists.]
11-11 03:22:18.048 I/am_wtf ( 1491): [0,1491,system_server,-1,DisplayDeviceConfig,requesting nits when no mapping exists.]
11-11 03:22:18.049 I/am_wtf ( 1491): [0,1491,system_server,-1,DisplayDeviceConfig,requesting nits when no mapping exists.]
11-11 03:22:18.059 I/auditd (15661): type=1400 audit(0.0:16458): avc: denied { read } for comm=5468726561642D32202D2031333538 name="tcp" dev="proc" ino=4026532256 scontext=u:r:untrusted_app_29:s0:c99,c256,c512,c768 tcontext=u:object_r:proc_net_tcp_udp:s0 tclass=file permissive=0 app=com.smile.gifmaker
11-11 03:22:18.066 I/am_wtf ( 1491): [0,1491,system_server,-1,DisplayDeviceConfig,requesting nits when no mapping exists.]
11-11 03:22:18.072 I/service_manager_stats( 1491): [181,94,5018]
11-11 03:22:18.072 I/am_wtf ( 1491): [0,1491,system_server,-1,DisplayDeviceConfig,requesting nits when no mapping exists.]
11-11 03:22:18.082 I/am_wtf ( 1491): [0,1491,system_server,-1,DisplayDeviceConfig,requesting nits when no mapping exists.]
11-11 03:22:18.082 I/am_wtf ( 1491): [0,1491,system_server,-1,DisplayDeviceConfig,requesting nits when no mapping exists.]
11-11 03:22:18.099 I/am_wtf ( 1491): [0,1491,system_server,-1,DisplayDeviceConfig,requesting nits when no mapping exists.]
11-11 03:22:18.100 I/am_wtf ( 1491): [0,1491,system_server,-1,DisplayDeviceConfig,requesting nits when no mapping exists.]
11-11 03:22:18.115 I/am_wtf ( 1491): [0,1491,system_server,-1,DisplayDeviceConfig,requesting nits when no mapping exists.]
11-11 03:22:18.116 I/am_wtf ( 1491): [0,1491,system_server,-1,DisplayDeviceConfig,requesting nits when no mapping exists.]
11-11 03:22:18.133 I/am_wtf ( 1491): [0,1491,system_server,-1,DisplayDeviceConfig,requesting nits when no mapping exists.]
11-11 03:22:18.134 I/am_wtf ( 1491): [0,1491,system_server,-1,DisplayDeviceConfig,requesting nits when no mapping exists.]
11-11 03:22:18.149 I/am_wtf ( 1491): [0,1491,system_server,-1,DisplayDeviceConfig,requesting nits when no mapping exists.]
11-11 03:22:18.150 I/am_wtf ( 1491): [0,1491,system_server,-1,DisplayDeviceConfig,requesting nits when no mapping exists.]
11-11 03:22:18.166 I/am_wtf ( 1491): [0,1491,system_server,-1,DisplayDeviceConfig,requesting nits when no mapping exists.]
11-11 03:22:18.166 I/am_wtf ( 1491): [0,1491,system_server,-1,DisplayDeviceConfig,requesting nits when no mapping exists.]
11-11 03:22:18.182 I/am_wtf ( 1491): [0,1491,system_server,-1,DisplayDeviceConfig,requesting nits when no mapping exists.]
11-11 03:22:18.183 I/am_wtf ( 1491): [0,1491,system_server,-1,DisplayDeviceConfig,requesting nits when no mapping exists.]
11-11 03:22:18.199 I/am_wtf ( 1491): [0,1491,system_server,-1,DisplayDeviceConfig,requesting nits when no mapping exists.]
11-11 03:22:18.199 I/am_wtf ( 1491): [0,1491,system_server,-1,DisplayDeviceConfig,requesting nits when no mapping exists.]
11-11 03:22:18.215 I/am_wtf ( 1491): [0,1491,system_server,-1,DisplayDeviceConfig,requesting nits when no mapping exists.]
11-11 03:22:18.216 I/am_wtf ( 1491): [0,1491,system_server,-1,DisplayDeviceConfig,requesting nits when no mapping exists.]
11-11 03:22:18.232 I/am_wtf ( 1491): [0,1491,system_server,-1,DisplayDeviceConfig,requesting nits when no mapping exists.]
11-11 03:22:18.233 I/am_wtf ( 1491): [0,1491,system_server,-1,DisplayDeviceConfig,requesting nits when no mapping exists.]
11-11 03:22:18.249 I/am_wtf ( 1491): [0,1491,system_server,-1,DisplayDeviceConfig,requesting nits when no mapping exists.]
11-11 03:22:18.250 I/am_wtf ( 1491): [0,1491,system_server,-1,DisplayDeviceConfig,requesting nits when no mapping exists.]
11-11 03:22:18.266 I/am_wtf ( 1491): [0,1491,system_server,-1,DisplayDeviceConfig,requesting nits when no mapping exists.]
11-11 03:22:18.267 I/am_wtf ( 1491): [0,1491,system_server,-1,DisplayDeviceConfig,requesting nits when no mapping exists.]
11-11 03:22:18.282 I/am_wtf ( 1491): [0,1491,system_server,-1,DisplayDeviceConfig,requesting nits when no mapping exists.]
11-11 03:22:18.284 I/am_wtf ( 1491): [0,1491,system_server,-1,DisplayDeviceConfig,requesting nits when no mapping exists.]
11-11 03:22:18.299 I/am_wtf ( 1491): [0,1491,system_server,-1,DisplayDeviceConfig,requesting nits when no mapping exists.]
11-11 03:22:18.300 I/am_wtf ( 1491): [0,1491,system_server,-1,DisplayDeviceConfig,requesting nits when no mapping exists.]
11-11 03:22:18.316 I/am_wtf ( 1491): [0,1491,system_server,-1,DisplayDeviceConfig,requesting nits when no mapping exists.]
11-11 03:22:18.317 I/am_wtf ( 1491): [0,1491,system_server,-1,DisplayDeviceConfig,requesting nits when no mapping exists.]
11-11 03:22:18.332 I/am_wtf ( 1491): [0,1491,system_server,-1,DisplayDeviceConfig,requesting nits when no mapping exists.]
11-11 03:22:18.333 I/am_wtf ( 1491): [0,1491,system_server,-1,DisplayDeviceConfig,requesting nits when no mapping exists.]
11-11 03:22:18.349 I/am_wtf ( 1491): [0,1491,system_server,-1,DisplayDeviceConfig,requesting nits when no mapping exists.]
11-11 03:22:18.350 I/am_wtf ( 1491): [0,1491,system_server,-1,DisplayDeviceConfig,requesting nits when no mapping exists.]
11-11 03:22:18.366 I/am_wtf ( 1491): [0,1491,system_server,-1,DisplayDeviceConfig,requesting nits when no mapping exists.]
11-11 03:22:18.367 I/am_wtf ( 1491): [0,1491,system_server,-1,DisplayDeviceConfig,requesting nits when no mapping exists.]
11-11 03:22:19.295 I/auditd ( 0): type=1400 audit(0.0:16459): avc: denied { kill } for comm="swapper/2" capability=5 scontext=u:r:kernel:s0 tcontext=u:r:kernel:s0 tclass=capability permissive=0
11-11 03:22:19.698 I/input_interaction( 1491): Interaction with: 61992f0 com.tencent.qqlive/com.tencent.qqlive.ona.activity.VideoListExhibitActivity (server), edge-swipe (server), swipe-up (server), PointerEventDispatcher0 (server),
11-11 03:22:19.840 I/wm_finish_activity( 1491): [0,99737366,129,com.tencent.qqlive/.ona.activity.VideoListExhibitActivity,app-request]
11-11 03:22:19.854 I/wm_pause_activity( 1491): [0,99737366,com.tencent.qqlive/.ona.activity.VideoListExhibitActivity,userLeaving=false,finish]
11-11 03:22:19.861 I/wm_on_top_resumed_lost_called(23464): [99737366,com.tencent.qqlive.ona.activity.VideoListExhibitActivity,topStateChangedWhenResumed]
11-11 03:22:19.865 I/wm_on_paused_called(23464): [99737366,com.tencent.qqlive.ona.activity.VideoListExhibitActivity,performPause]
11-11 03:22:19.866 I/wm_add_to_stopping( 1491): [0,99737366,com.tencent.qqlive/.ona.activity.VideoListExhibitActivity,completeFinishing]
11-11 03:22:19.869 I/wm_set_resumed_activity( 1491): [0,com.tencent.qqlive/.ona.activity.SplashHomeActivity,resumeTopActivityInnerLocked]
11-11 03:22:19.871 I/wm_resume_activity( 1491): [0,140470803,129,com.tencent.qqlive/.ona.activity.SplashHomeActivity]
11-11 03:22:19.877 I/sysui_multi_action( 1491): [757,803,799,window_time_0,802,3]
11-11 03:22:19.877 I/wm_on_restart_called(23464): [140470803,com.tencent.qqlive.ona.activity.SplashHomeActivity,performRestartActivity]
11-11 03:22:19.882 I/wm_on_start_called(23464): [140470803,com.tencent.qqlive.ona.activity.SplashHomeActivity,handleStartActivity]
11-11 03:22:19.887 I/input_focus( 1491): [Focus leaving 61992f0 com.tencent.qqlive/com.tencent.qqlive.ona.activity.VideoListExhibitActivity (server),reason=NO_WINDOW]
11-11 03:22:19.888 I/wm_on_resume_called(23464): [140470803,com.tencent.qqlive.ona.activity.SplashHomeActivity,RESUME_ACTIVITY]
11-11 03:22:19.899 I/wm_on_top_resumed_gained_called(23464): [140470803,com.tencent.qqlive.ona.activity.SplashHomeActivity,topWhenResuming]
11-11 03:22:19.911 I/input_focus( 1491): [Focus request 35d841e com.tencent.qqlive/com.tencent.qqlive.ona.activity.SplashHomeActivity,reason=UpdateInputWindows]
11-11 03:22:19.970 I/input_focus( 1491): [Focus entering 35d841e com.tencent.qqlive/com.tencent.qqlive.ona.activity.SplashHomeActivity (server),reason=Window became focusable. Previous reason: NOT_VISIBLE]
11-11 03:22:20.027 I/auditd (15940): type=1400 audit(0.0:16460): avc: denied { read } for comm="pool-2-thread-6" name="tcp" dev="proc" ino=4026532256 scontext=u:r:untrusted_app_29:s0:c99,c256,c512,c768 tcontext=u:object_r:proc_net_tcp_udp:s0 tclass=file permissive=0 app=com.smile.gifmaker
11-11 03:22:20.173 I/wm_destroy_activity( 1491): [0,99737366,129,com.tencent.qqlive/.ona.activity.VideoListExhibitActivity,finish-imm:transit]
11-11 03:22:20.207 I/wm_on_stop_called(23464): [99737366,com.tencent.qqlive.ona.activity.VideoListExhibitActivity,LIFECYCLER_STOP_ACTIVITY]
11-11 03:22:20.221 I/wm_on_destroy_called(23464): [99737366,com.tencent.qqlive.ona.activity.VideoListExhibitActivity,performDestroy]
11-11 03:22:20.287 I/am_pss ( 1491): [7746,10065,com.android.gallery3d,8859648,5746688,969728,84570112,0,19,6]
11-11 03:22:20.295 I/am_pss ( 1491): [7739,10020,com.android.documentsui,15010816,11804672,349184,101433344,0,19,6]
11-11 03:22:20.295 I/auditd ( 0): type=1400 audit(0.0:16461): avc: denied { kill } for comm="swapper/2" capability=5 scontext=u:r:kernel:s0 tcontext=u:r:kernel:s0 tclass=capability permissive=0
11-11 03:22:21.231 I/netstats_mobile_sample( 1491): [0,0,0,0,0,0,0,0,0,0,0,0,1668093741231]
11-11 03:22:21.231 I/netstats_wifi_sample( 1491): [1952710143,1781599,188283256,891347,1952710143,1781599,188283256,891347,2280298373,2239804,123671400,771358,1668093741231]
11-11 03:22:21.279 I/auditd (16116): type=1400 audit(0.0:16462): avc: denied { read } for comm="aker:messagesdk" name="tcp" dev="proc" ino=4026532256 scontext=u:r:untrusted_app_29:s0:c99,c256,c512,c768 tcontext=u:object_r:proc_net_tcp_udp:s0 tclass=file permissive=0 app=com.smile.gifmaker
11-11 03:22:21.295 I/auditd ( 0): type=1400 audit(0.0:16463): avc: denied { kill } for comm="swapper/2" capability=5 scontext=u:r:kernel:s0 tcontext=u:r:kernel:s0 tclass=capability permissive=0
11-11 03:22:22.295 I/auditd ( 0): type=1400 audit(0.0:16464): avc: denied { kill } for comm="swapper/2" capability=5 scontext=u:r:kernel:s0 tcontext=u:r:kernel:s0 tclass=capability permissive=0
11-11 03:22:23.295 I/auditd ( 0): type=1400 audit(0.0:16465): avc: denied { kill } for comm="swapper/2" capability=5 scontext=u:r:kernel:s0 tcontext=u:r:kernel:s0 tclass=capability permissive=0
11-11 03:22:23.810 I/input_interaction( 1491): Interaction with: 35d841e com.tencent.qqlive/com.tencent.qqlive.ona.activity.SplashHomeActivity (server), edge-swipe (server), swipe-up (server), PointerEventDispatcher0 (server),
11-11 03:22:23.833 I/wm_task_moved( 1491): [1,0,0]
11-11 03:22:23.834 I/wm_task_moved( 1491): [1,0,13]
11-11 03:22:23.845 I/wm_on_restart_called( 2490): [146330618,com.android.launcher3.uioverrides.QuickstepLauncher,performRestartActivity]
11-11 03:22:23.895 I/wm_on_start_called( 2490): [146330618,com.android.launcher3.uioverrides.QuickstepLauncher,handleStartActivity]
11-11 03:22:23.922 I/sysui_multi_action( 1491): [319,7,322,75,325,12124,757,761,758,9,759,5,806,com.android.launcher3,871,com.android.launcher3.uioverrides.QuickstepLauncher,905,0,1320,8,1321,5]
11-11 03:22:24.051 I/wm_task_moved( 1491): [1,0,13]
11-11 03:22:24.051 I/wm_add_to_stopping( 1491): [0,146330618,com.android.launcher3/.uioverrides.QuickstepLauncher,makeInvisible]
11-11 03:22:24.057 I/wm_stop_activity( 1491): [0,146330618,com.android.launcher3/.uioverrides.QuickstepLauncher]
11-11 03:22:24.068 I/wm_on_stop_called( 2490): [146330618,com.android.launcher3.uioverrides.QuickstepLauncher,STOP_ACTIVITY_ITEM]
11-11 03:22:24.074 I/am_pss ( 1491): [5486,10051,com.thundercomm.screensaver,37592064,30662656,308224,140857344,0,19,6]
11-11 03:22:24.103 I/commit_sys_config_file( 1491): [settings-1-0,7]
11-11 03:22:24.295 I/auditd ( 0): type=1400 audit(0.0:16466): avc: denied { kill } for comm="swapper/2" capability=5 scontext=u:r:kernel:s0 tcontext=u:r:kernel:s0 tclass=capability permissive=0
11-11 03:22:25.295 I/auditd ( 0): type=1400 audit(0.0:16467): avc: denied { kill } for comm="swapper/2" capability=5 scontext=u:r:kernel:s0 tcontext=u:r:kernel:s0 tclass=capability permissive=0
11-11 03:22:26.295 I/auditd ( 0): type=1400 audit(0.0:16468): avc: denied { kill } for comm="swapper/2" capability=5 scontext=u:r:kernel:s0 tcontext=u:r:kernel:s0 tclass=capability permissive=0
11-11 03:22:27.295 I/auditd ( 0): type=1400 audit(0.0:16469): avc: denied { kill } for comm="swapper/2" capability=5 scontext=u:r:kernel:s0 tcontext=u:r:kernel:s0 tclass=capability permissive=0
11-11 03:22:28.295 I/auditd ( 0): type=1400 audit(0.0:16470): avc: denied { kill } for comm="swapper/2" capability=5 scontext=u:r:kernel:s0 tcontext=u:r:kernel:s0 tclass=capability permissive=0
11-11 03:22:30.295 I/auditd (12744): type=1400 audit(0.0:16471): avc: denied { kill } for comm="kworker/u17:1" capability=5 scontext=u:r:kernel:s0 tcontext=u:r:kernel:s0 tclass=capability permissive=0
11-11 03:22:31.295 I/auditd ( 0): type=1400 audit(0.0:16472): avc: denied { kill } for comm="swapper/1" capability=5 scontext=u:r:kernel:s0 tcontext=u:r:kernel:s0 tclass=capability permissive=0
11-11 03:22:32.295 I/auditd ( 0): type=1400 audit(0.0:16473): avc: denied { kill } for comm="swapper/1" capability=5 scontext=u:r:kernel:s0 tcontext=u:r:kernel:s0 tclass=capability permissive=0
11-11 03:22:33.295 I/auditd ( 0): type=1400 audit(0.0:16474): avc: denied { kill } for comm="swapper/1" capability=5 scontext=u:r:kernel:s0 tcontext=u:r:kernel:s0 tclass=capability permissive=0
11-11 03:22:33.781 I/wm_task_moved( 1491): [129,1,14]
11-11 03:22:33.781 I/wm_set_resumed_activity( 1491): [0,com.tencent.qqlive/.ona.activity.SplashHomeActivity,positionChildAt]
11-11 03:22:33.781 I/wm_create_activity( 1491): [0,34819976,129,com.tencent.qqlive/.modules.vb.loginbusiness.VBLoginVDlgPortraitActivity,NULL,NULL,NULL,0]
11-11 03:22:33.782 I/wm_pause_activity( 1491): [0,140470803,com.tencent.qqlive/.ona.activity.SplashHomeActivity,userLeaving=true,resumeTopActivityInnerLocked]
11-11 03:22:33.786 I/wm_on_top_resumed_lost_called(23464): [140470803,com.tencent.qqlive.ona.activity.SplashHomeActivity,topStateChangedWhenResumed]
11-11 03:22:33.789 I/wm_on_paused_called(23464): [140470803,com.tencent.qqlive.ona.activity.SplashHomeActivity,performPause]
11-11 03:22:33.790 I/wm_restart_activity( 1491): [0,34819976,129,com.tencent.qqlive/.modules.vb.loginbusiness.VBLoginVDlgPortraitActivity]
11-11 03:22:33.791 I/wm_set_resumed_activity( 1491): [0,com.tencent.qqlive/.modules.vb.loginbusiness.VBLoginVDlgPortraitActivity,minimalResumeActivityLocked]
11-11 03:22:33.793 I/sysui_multi_action( 1491): [757,803,799,window_time_0,802,14]
11-11 03:22:33.858 I/wm_on_create_called(23464): [34819976,com.tencent.qqlive.modules.vb.loginbusiness.VBLoginVDlgPortraitActivity,performCreate]
11-11 03:22:33.859 I/wm_on_start_called(23464): [34819976,com.tencent.qqlive.modules.vb.loginbusiness.VBLoginVDlgPortraitActivity,handleStartActivity]
11-11 03:22:33.862 I/wm_on_resume_called(23464): [34819976,com.tencent.qqlive.modules.vb.loginbusiness.VBLoginVDlgPortraitActivity,RESUME_ACTIVITY]
11-11 03:22:33.864 I/wm_on_top_resumed_gained_called(23464): [34819976,com.tencent.qqlive.modules.vb.loginbusiness.VBLoginVDlgPortraitActivity,topStateChangedWhenResumed]
11-11 03:22:33.869 I/input_focus( 1491): [Focus request aff08a3 com.tencent.qqlive/com.tencent.qqlive.modules.vb.loginbusiness.VBLoginVDlgPortraitActivity,reason=UpdateInputWindows]
11-11 03:22:33.882 I/wm_activity_launch_time( 1491): [0,34819976,com.tencent.qqlive/.modules.vb.loginbusiness.VBLoginVDlgPortraitActivity,108]
11-11 03:22:33.889 I/input_focus( 1491): [Focus leaving 35d841e com.tencent.qqlive/com.tencent.qqlive.ona.activity.SplashHomeActivity (server),reason=Waiting for window because NOT_VISIBLE]
11-11 03:22:33.903 I/input_focus( 1491): [Focus entering aff08a3 com.tencent.qqlive/com.tencent.qqlive.modules.vb.loginbusiness.VBLoginVDlgPortraitActivity (server),reason=Window became focusable. Previous reason: NOT_VISIBLE]
11-11 03:22:34.295 I/auditd ( 0): type=1400 audit(0.0:16475): avc: denied { kill } for comm="swapper/1" capability=5 scontext=u:r:kernel:s0 tcontext=u:r:kernel:s0 tclass=capability permissive=0
11-11 03:22:35.295 I/auditd ( 0): type=1400 audit(0.0:16476): avc: denied { kill } for comm="swapper/1" capability=5 scontext=u:r:kernel:s0 tcontext=u:r:kernel:s0 tclass=capability permissive=0
11-11 03:22:36.295 I/auditd ( 0): type=1400 audit(0.0:16477): avc: denied { kill } for comm="swapper/1" capability=5 scontext=u:r:kernel:s0 tcontext=u:r:kernel:s0 tclass=capability permissive=0
11-11 03:22:36.518 I/input_interaction( 1491): Interaction with: aff08a3 com.tencent.qqlive/com.tencent.qqlive.modules.vb.loginbusiness.VBLoginVDlgPortraitActivity (server), edge-swipe (server), swipe-up (server), PointerEventDispatcher0 (server),
11-11 03:22:38.295 I/auditd ( 0): type=1400 audit(0.0:16478): avc: denied { kill } for comm="swapper/1" capability=5 scontext=u:r:kernel:s0 tcontext=u:r:kernel:s0 tclass=capability permissive=0
11-11 03:22:39.295 I/auditd ( 0): type=1400 audit(0.0:16479): avc: denied { kill } for comm="swapper/1" capability=5 scontext=u:r:kernel:s0 tcontext=u:r:kernel:s0 tclass=capability permissive=0
11-11 03:22:40.295 I/auditd ( 0): type=1400 audit(0.0:16480): avc: denied { kill } for comm="swapper/1" capability=5 scontext=u:r:kernel:s0 tcontext=u:r:kernel:s0 tclass=capability permissive=0
11-11 03:22:42.719 I/service_manager_stats( 1491): [100,51,24646]
11-11 03:22:43.295 I/auditd ( 0): type=1400 audit(0.0:16481): avc: denied { kill } for comm="swapper/2" capability=5 scontext=u:r:kernel:s0 tcontext=u:r:kernel:s0 tclass=capability permissive=0
11-11 03:22:44.295 I/auditd ( 0): type=1400 audit(0.0:16482): avc: denied { kill } for comm="swapper/2" capability=5 scontext=u:r:kernel:s0 tcontext=u:r:kernel:s0 tclass=capability permissive=0
11-11 03:22:45.295 I/auditd ( 0): type=1400 audit(0.0:16483): avc: denied { kill } for comm="swapper/2" capability=5 scontext=u:r:kernel:s0 tcontext=u:r:kernel:s0 tclass=capability permissive=0
11-11 03:22:46.271 I/auditd (23600): type=1400 audit(0.0:16484): avc: denied { read } for comm="cableThread" name="snmp" dev="proc" ino=4026532261 scontext=u:r:untrusted_app:s0:c101,c256,c512,c768 tcontext=u:object_r:proc_net:s0 tclass=file permissive=0 app=com.tencent.qqlive
11-11 03:22:46.295 I/auditd ( 0): type=1400 audit(0.0:16485): avc: denied { kill } for comm="swapper/2" capability=5 scontext=u:r:kernel:s0 tcontext=u:r:kernel:s0 tclass=capability permissive=0
11-11 03:22:47.295 I/auditd ( 0): type=1400 audit(0.0:16486): avc: denied { kill } for comm="swapper/2" capability=5 scontext=u:r:kernel:s0 tcontext=u:r:kernel:s0 tclass=capability permissive=0
11-11 03:22:48.295 I/auditd ( 0): type=1400 audit(0.0:16487): avc: denied { kill } for comm="swapper/2" capability=5 scontext=u:r:kernel:s0 tcontext=u:r:kernel:s0 tclass=capability permissive=0
11-11 03:22:49.295 I/auditd ( 0): type=1400 audit(0.0:16488): avc: denied { kill } for comm="swapper/2" capability=5 scontext=u:r:kernel:s0 tcontext=u:r:kernel:s0 tclass=capability permissive=0
11-11 03:22:49.682 I/input_interaction( 1491): Interaction with: 892079 StatusBar (server), edge-swipe (server), swipe-up (server), PointerEventDispatcher0 (server),
11-11 03:22:49.686 I/sysui_multi_action( 1971): [757,803,799,panel_open,802,1]
11-11 03:22:49.687 I/sysui_multi_action( 1971): [757,1328,758,4,1326,38,1327,2,1329,0]
11-11 03:22:49.744 I/sysui_multi_action( 1491): [757,127,758,1]
11-11 03:22:49.744 I/sysui_multi_action( 1491): [757,804,799,note_load,801,2,802,1]
11-11 03:22:49.745 I/notification_panel_revealed( 1491): 2
11-11 03:22:49.753 I/input_focus( 1491): [Focus request 4ae03d4 NotificationShade,reason=UpdateInputWindows]
11-11 03:22:49.765 I/sysui_multi_action( 1491): [757,128,758,1,793,424558472,794,0,795,424558472,796,26,798,0,806,android,857,DEVELOPER_IMPORTANT,858,4,947,0,1395,2,1500,424558223,1688,1]
11-11 03:22:49.765 I/sysui_multi_action( 1491): [757,804,799,note_freshness,801,424558472,802,1]
11-11 03:22:49.766 I/notification_visibility( 1491): [-1|android|26|null|1000,1,424558472,424558472,0,0]
11-11 03:22:49.766 I/sysui_multi_action( 1491): [757,128,758,1,793,424559054,794,0,795,424559054,796,32,798,1,806,android,857,USB,858,1,947,0,1395,2,1500,424558795,1688,1]
11-11 03:22:49.766 I/sysui_multi_action( 1491): [757,804,799,note_freshness,801,424559054,802,1]
11-11 03:22:49.766 I/notification_visibility( 1491): [-1|android|32|null|1000,1,424559054,424559054,0,1]
11-11 03:22:49.776 I/input_focus( 1491): [Focus leaving aff08a3 com.tencent.qqlive/com.tencent.qqlive.modules.vb.loginbusiness.VBLoginVDlgPortraitActivity (server),reason=setFocusedWindow]
11-11 03:22:49.776 I/input_focus( 1491): [Focus entering 4ae03d4 NotificationShade (server),reason=setFocusedWindow]
11-11 03:22:49.840 I/sysui_multi_action( 1971): [757,111,758,1]
11-11 03:22:49.841 I/sysui_multi_action( 1971): [757,126,758,1,759,126,927,0,928,1,1593,0]
11-11 03:22:49.841 I/sysui_multi_action( 1971): [757,113,758,1,759,113,927,1,928,1,1593,0]
11-11 03:22:49.841 I/sysui_multi_action( 1971): [757,0,758,1,759,0,927,2,928,0,1593,0]
11-11 03:22:49.841 I/sysui_multi_action( 1971): [757,0,758,1,759,0,927,3,928,0,1593,0]
11-11 03:22:49.841 I/sysui_multi_action( 1971): [757,491,758,1,759,491,927,4,928,0,1311,-1,1593,0]
11-11 03:22:49.841 I/sysui_multi_action( 1971): [757,0,758,1,759,0,927,5,928,0,1593,0]
11-11 03:22:49.842 I/sysui_multi_action( 1971): [757,111,758,1]
11-11 03:22:49.842 I/sysui_multi_action( 1971): [757,126,758,1,759,126,927,0,928,1,1593,0]
11-11 03:22:49.842 I/sysui_multi_action( 1971): [757,113,758,1,759,113,927,1,928,1,1593,0]
11-11 03:22:49.842 I/sysui_multi_action( 1971): [757,0,758,1,759,0,927,2,928,0,1593,0]
11-11 03:22:49.842 I/sysui_multi_action( 1971): [757,0,758,1,759,0,927,3,928,0,1593,0]
11-11 03:22:50.295 I/auditd ( 0): type=1400 audit(0.0:16489): avc: denied { kill } for comm="swapper/2" capability=5 scontext=u:r:kernel:s0 tcontext=u:r:kernel:s0 tclass=capability permissive=0
11-11 03:22:50.967 I/input_interaction( 1491): Interaction with: 4ae03d4 NotificationShade (server), edge-swipe (server), swipe-up (server), PointerEventDispatcher0 (server),
11-11 03:22:51.380 I/sysui_multi_action( 1971): [757,111,758,2]
11-11 03:22:51.380 I/sysui_multi_action( 1971): [757,111,758,2]
11-11 03:22:51.491 I/input_focus( 1491): [Focus request aff08a3 com.tencent.qqlive/com.tencent.qqlive.modules.vb.loginbusiness.VBLoginVDlgPortraitActivity,reason=UpdateInputWindows]
11-11 03:22:51.493 I/sysui_multi_action( 1491): [757,128,758,2,793,424560200,794,1728,795,424560200,796,26,798,0,806,android,857,DEVELOPER_IMPORTANT,858,4,947,0,1395,2,1500,424559951,1688,1]
11-11 03:22:51.493 I/notification_visibility( 1491): [-1|android|26|null|1000,0,424560200,424560200,0,0]
11-11 03:22:51.493 I/sysui_multi_action( 1491): [757,128,758,2,793,424560781,794,1727,795,424560781,796,32,798,1,806,android,857,USB,858,1,947,0,1395,2,1500,424560522,1688,1]
11-11 03:22:51.493 I/notification_visibility( 1491): [-1|android|32|null|1000,0,424560781,424560781,0,1]
11-11 03:22:51.494 I/sysui_multi_action( 1491): [757,127,758,2]
11-11 03:22:51.494 I/notification_panel_hidden( 1491):
11-11 03:22:51.514 I/input_focus( 1491): [Focus leaving 4ae03d4 NotificationShade (server),reason=NO_WINDOW]
11-11 03:22:51.515 I/input_focus( 1491): [Focus entering aff08a3 com.tencent.qqlive/com.tencent.qqlive.modules.vb.loginbusiness.VBLoginVDlgPortraitActivity (server),reason=setFocusedWindow]
11-11 03:22:52.295 I/auditd ( 0): type=1400 audit(0.0:16490): avc: denied { kill } for comm="swapper/0" capability=5 scontext=u:r:kernel:s0 tcontext=u:r:kernel:s0 tclass=capability permissive=0
11-11 03:22:52.359 I/netstats_mobile_sample( 1491): [0,0,0,0,0,0,0,0,0,0,0,0,1668093772359]
11-11 03:22:52.359 I/netstats_wifi_sample( 1491): [1954351544,1784841,188941098,895035,1954351544,1784841,188941098,895035,2282235139,2243456,124155036,774658,1668093772359]
11-11 03:22:53.295 I/auditd ( 0): type=1400 audit(0.0:16491): avc: denied { kill } for comm="swapper/0" capability=5 scontext=u:r:kernel:s0 tcontext=u:r:kernel:s0 tclass=capability permissive=0
11-11 03:22:53.695 I/input_interaction( 1491): Interaction with: aff08a3 com.tencent.qqlive/com.tencent.qqlive.modules.vb.loginbusiness.VBLoginVDlgPortraitActivity (server), edge-swipe (server), swipe-up (server), PointerEventDispatcher0 (server),
11-11 03:22:54.295 I/auditd ( 0): type=1400 audit(0.0:16492): avc: denied { kill } for comm="swapper/0" capability=5 scontext=u:r:kernel:s0 tcontext=u:r:kernel:s0 tclass=capability permissive=0
11-11 03:22:55.295 I/auditd ( 0): type=1400 audit(0.0:16493): avc: denied { kill } for comm="swapper/0" capability=5 scontext=u:r:kernel:s0 tcontext=u:r:kernel:s0 tclass=capability permissive=0
11-11 03:22:56.295 I/auditd ( 0): type=1400 audit(0.0:16494): avc: denied { kill } for comm="swapper/0" capability=5 scontext=u:r:kernel:s0 tcontext=u:r:kernel:s0 tclass=capability permissive=0
11-11 03:22:57.295 I/auditd ( 0): type=1400 audit(0.0:16495): avc: denied { kill } for comm="swapper/0" capability=5 scontext=u:r:kernel:s0 tcontext=u:r:kernel:s0 tclass=capability permissive=0
11-11 03:22:58.295 I/auditd ( 0): type=1400 audit(0.0:16496): avc: denied { kill } for comm="swapper/0" capability=5 scontext=u:r:kernel:s0 tcontext=u:r:kernel:s0 tclass=capability permissive=0
11-11 03:22:59.295 I/auditd ( 0): type=1400 audit(0.0:16497): avc: denied { kill } for comm="swapper/0" capability=5 scontext=u:r:kernel:s0 tcontext=u:r:kernel:s0 tclass=capability permissive=0
11-11 03:23:00.295 I/auditd ( 0): type=1400 audit(0.0:16498): avc: denied { kill } for comm="swapper/0" capability=5 scontext=u:r:kernel:s0 tcontext=u:r:kernel:s0 tclass=capability permissive=0
11-11 03:23:00.417 I/am_uid_idle( 1491): 10051
11-11 03:23:01.295 I/auditd ( 0): type=1400 audit(0.0:16499): avc: denied { kill } for comm="swapper/0" capability=5 scontext=u:r:kernel:s0 tcontext=u:r:kernel:s0 tclass=capability permissive=0
11-11 03:23:02.295 I/auditd ( 0): type=1400 audit(0.0:16500): avc: denied { kill } for comm="swapper/0" capability=5 scontext=u:r:kernel:s0 tcontext=u:r:kernel:s0 tclass=capability permissive=0
