11-11 04:09:30.329 W/View ( 1971): requestLayout() improperly called by android.widget.FrameLayout{6741a03 I.E...... ......ID 0,0-780,182 #2bc} during second layout pass: posting in next frame
11-11 04:09:30.329 W/View ( 1971): requestLayout() improperly called by com.android.systemui.statusbar.AlphaOptimizedImageView{251aab2 VFED..C.. ......ID 0,0-140,182} during second layout pass: posting in next frame
11-11 04:09:30.329 D/BluetoothPbapService( 7489): getConnectionState: 60:F4:3A:B2:E8:8D
11-11 04:09:30.331 D/HearingAidService( 7489): getActiveDevices
11-11 04:09:30.340 D/MicroService( 2135): getEvent: clientSocket = Socket[address=/192.168.4.4,port=47618,localPort=9999]
11-11 04:09:30.340 D/MicroService( 2135): run: called
11-11 04:09:30.340 D/MicroService( 2135): getEvent: start waiting...
11-11 04:09:30.340 W/View ( 1971): requestLayout() improperly called by android.widget.FrameLayout{6741a03 I.E...... ......ID 0,0-780,182 #2bc} during layout: running second layout pass
11-11 04:09:30.340 W/View ( 1971): requestLayout() improperly called by com.android.systemui.statusbar.AlphaOptimizedImageView{251aab2 VFED..C.. ......ID 0,0-140,182} during layout: running second layout pass
11-11 04:09:30.341 I/MicroService( 2135): getStringByData(noZero): IDCM_CarAudioService
11-11 04:09:30.341 I/MicroService( 2135): getStringByData(noZero): FSEM_AudioService
11-11 04:09:30.341 I/MicroService( 2135): getStringByData: {"srcService":"IDCM_CarAudioService","dstService":"FSEM_AudioService","methodName":"setVolume","messageType":0,"uuid":14960282583562,"parameters":{"functionInfo":{"IDCM_VolumeValue_Media":"18"}}}
11-11 04:09:30.341 I/MicroService( 2135): Receive message: SocketMessageBean{businessData='21930', srcService='IDCM_CarAudioService', destService='FSEM_AudioService', messageType='0', uuid='14960282583562', payloadData={"srcService":"IDCM_CarAudioService","dstService":"FSEM_AudioService","methodName":"setVolume","messageType":0,"uuid":14960282583562,"parameters":{"functionInfo":{"IDCM_VolumeValue_Media":"18"}}}}
11-11 04:09:30.341 I/MicroService( 2135): dealMessage: 0
11-11 04:09:30.341 I/MicroService( 2135): onRequest(setVolume): {"functionInfo":{"IDCM_VolumeValue_Media":"18"}}
11-11 04:09:30.342 W/View ( 1971): requestLayout() improperly called by android.widget.FrameLayout{6741a03 I.E...... ......ID 0,0-780,182 #2bc} during second layout pass: posting in next frame
11-11 04:09:30.342 W/View ( 1971): requestLayout() improperly called by com.android.systemui.statusbar.AlphaOptimizedImageView{251aab2 VFED..C.. ......ID 0,0-140,182} during second layout pass: posting in next frame
11-11 04:09:30.345 I/volume_changed( 1491): [3,17,18,39,android]
11-11 04:09:30.346 I/vol.Events( 1971): writeEvent level_changed STREAM_MUSIC 18
11-11 04:09:30.357 W/View ( 1971): requestLayout() improperly called by android.widget.FrameLayout{6741a03 I.E...... ......ID 0,0-780,182 #2bc} during layout: running second layout pass
11-11 04:09:30.357 W/View ( 1971): requestLayout() improperly called by com.android.systemui.statusbar.AlphaOptimizedImageView{251aab2 VFED..C.. ......ID 0,0-140,182} during layout: running second layout pass
11-11 04:09:30.363 I/sysui_multi_action( 1971): [757,207,758,1]
11-11 04:09:30.363 I/sysui_multi_action( 1971): [757,804,799,volume_from_keyguard,801,0,802,1]
11-11 04:09:30.363 I/vol.Events( 1971): writeEvent show_dialog volume_changed keyguard=false
11-11 04:09:30.363 W/View ( 1971): requestLayout() improperly called by android.widget.FrameLayout{6741a03 I.E...... ......ID 0,0-780,182 #2bc} during second layout pass: posting in next frame
11-11 04:09:30.363 W/View ( 1971): requestLayout() improperly called by com.android.systemui.statusbar.AlphaOptimizedImageView{251aab2 VFED..C.. ......ID 0,0-140,182} during second layout pass: posting in next frame
11-11 04:09:30.364 D/BluetoothDatabase( 7489): getBondedDevicesOrdered: Invalid address for device LocalStorage
11-11 04:09:30.365 W/kcp_info(26818): HCDN_LOG: [T:27125]Update: udp kcp size[0], timeout kcp size[0]
11-11 04:09:30.366 E/HeadsetStateMachine( 7489): returning mCurrentState as Disconnected
11-11 04:09:30.367 D/BluetoothPbapService( 7489): getConnectionState: 60:F4:3A:B2:E8:8D
11-11 04:09:30.368 D/HearingAidService( 7489): getActiveDevices
11-11 04:09:30.374 W/View ( 1971): requestLayout() improperly called by android.widget.FrameLayout{6741a03 I.E...... ......ID 0,0-780,182 #2bc} during layout: running second layout pass
11-11 04:09:30.374 W/View ( 1971): requestLayout() improperly called by com.android.systemui.statusbar.AlphaOptimizedImageView{251aab2 VFED..C.. ......ID 0,0-140,182} during layout: running second layout pass
11-11 04:09:30.390 W/View ( 1971): requestLayout() improperly called by android.widget.FrameLayout{6741a03 I.E...... ......ID 0,0-780,182 #2bc} during second layout pass: posting in next frame
11-11 04:09:30.390 W/View ( 1971): requestLayout() improperly called by com.android.systemui.statusbar.AlphaOptimizedImageView{251aab2 VFED..C.. ......ID 0,0-140,182} during second layout pass: posting in next frame
11-11 04:09:30.409 W/View ( 1971): requestLayout() improperly called by android.widget.FrameLayout{6741a03 I.E...... ......ID 0,0-780,182 #2bc} during layout: running second layout pass
11-11 04:09:30.409 W/View ( 1971): requestLayout() improperly called by com.android.systemui.statusbar.AlphaOptimizedImageView{251aab2 VFED..C.. ......ID 0,0-140,182} during layout: running second layout pass
11-11 04:09:30.411 W/View ( 1971): requestLayout() improperly called by android.widget.FrameLayout{6741a03 I.E...... ......ID 0,0-780,182 #2bc} during second layout pass: posting in next frame
11-11 04:09:30.411 W/View ( 1971): requestLayout() improperly called by com.android.systemui.statusbar.AlphaOptimizedImageView{251aab2 VFED..C.. ......ID 0,0-140,182} during second layout pass: posting in next frame
11-11 04:09:30.424 W/View ( 1971): requestLayout() improperly called by android.widget.FrameLayout{6741a03 I.E...... ......ID 0,0-780,182 #2bc} during layout: running second layout pass
11-11 04:09:30.424 W/View ( 1971): requestLayout() improperly called by com.android.systemui.statusbar.AlphaOptimizedImageView{251aab2 VFED..C.. ......ID 0,0-140,182} during layout: running second layout pass
11-11 04:09:30.426 W/View ( 1971): requestLayout() improperly called by android.widget.FrameLayout{6741a03 I.E...... ......ID 0,0-780,182 #2bc} during second layout pass: posting in next frame
11-11 04:09:30.426 W/View ( 1971): requestLayout() improperly called by com.android.systemui.statusbar.AlphaOptimizedImageView{251aab2 VFED..C.. ......ID 0,0-140,182} during second layout pass: posting in next frame
11-11 04:09:30.428 I/mpu_uart( 648): [MSG-P:RECV]:No message received in 1000 ms
11-11 04:09:30.440 W/View ( 1971): requestLayout() improperly called by android.widget.FrameLayout{6741a03 I.E...... ......ID 0,0-780,182 #2bc} during layout: running second layout pass
11-11 04:09:30.440 W/View ( 1971): requestLayout() improperly called by com.android.systemui.statusbar.AlphaOptimizedImageView{251aab2 VFED..C.. ......ID 0,0-140,182} during layout: running second layout pass
11-11 04:09:30.441 W/View ( 1971): requestLayout() improperly called by android.widget.FrameLayout{6741a03 I.E...... ......ID 0,0-780,182 #2bc} during second layout pass: posting in next frame
11-11 04:09:30.442 W/View ( 1971): requestLayout() improperly called by com.android.systemui.statusbar.AlphaOptimizedImageView{251aab2 VFED..C.. ......ID 0,0-140,182} during second layout pass: posting in next frame
11-11 04:09:30.458 W/View ( 1971): requestLayout() improperly called by android.widget.FrameLayout{6741a03 I.E...... ......ID 0,0-780,182 #2bc} during layout: running second layout pass
11-11 04:09:30.458 W/View ( 1971): requestLayout() improperly called by com.android.systemui.statusbar.AlphaOptimizedImageView{251aab2 VFED..C.. ......ID 0,0-140,182} during layout: running second layout pass
11-11 04:09:30.460 W/View ( 1971): requestLayout() improperly called by android.widget.FrameLayout{6741a03 I.E...... ......ID 0,0-780,182 #2bc} during second layout pass: posting in next frame
11-11 04:09:30.460 W/View ( 1971): requestLayout() improperly called by com.android.systemui.statusbar.AlphaOptimizedImageView{251aab2 VFED..C.. ......ID 0,0-140,182} during second layout pass: posting in next frame
11-11 04:09:30.474 W/View ( 1971): requestLayout() improperly called by android.widget.FrameLayout{6741a03 I.E...... ......ID 0,0-780,182 #2bc} during layout: running second layout pass
11-11 04:09:30.474 W/View ( 1971): requestLayout() improperly called by com.android.systemui.statusbar.AlphaOptimizedImageView{251aab2 VFED..C.. ......ID 0,0-140,182} during layout: running second layout pass
11-11 04:09:30.538 I/commit_sys_config_file( 1491): [settings-1-0,6]
11-11 04:09:30.577 D/RemoteControlService( 2278): getEvent: clientSocket = Socket[address=/192.168.4.4,port=59633,localPort=12600]
11-11 04:09:30.578 D/RemoteControlService( 2278): run: called
11-11 04:09:30.578 D/RemoteControlService( 2278): getEvent: start waiting...
11-11 04:09:30.578 E/RemoteControlService( 2278): Enter ListenSocketRunnable
11-11 04:09:30.579 D/RemoteControlService( 2278): After desEncrypt json is [{"source":1,"token":"FRfIetuZniCbiao"}]
11-11 04:09:30.579 D/RemoteControlService( 2278): buildRemoteCommand:type=38
11-11 04:09:30.579 D/RemoteControlService( 2278): Request params: BaseRequestCommandBean{source=1, token='FRfIetuZniCbiao', type='null', value='null'}
11-11 04:09:30.579 D/RemoteControlService( 2278): handleMessage called
11-11 04:09:30.579 D/RemoteControlService( 2278): Is not connect command
11-11 04:09:30.579 D/RemoteControlService( 2278): haveControl ? clientcom.thundercomm.remotecontrolservice.RemoteControllerClient@137a197
11-11 04:09:30.579 D/RemoteControlService( 2278): Client have control
11-11 04:09:30.580 I/RemoteControlService( 2278): RemoteMousePointQueryCommand doAction send message: {"source":0,"token":"FRfIetuZniCbiao","type":"muse_point","value":"{\"x\":1425.01171875,\"y\":976}"}
11-11 04:09:30.580 D/RemoteControlService( 2278): Digest: 27B16B0AEBC334F75DA4C85AF8506C4FE9F48C13D5AD7EB9D9F0F911054A7394
11-11 04:09:30.580 D/RemoteControlService( 2278): Send data length: 149
11-11 04:09:30.581 D/RemoteControlService( 2278): Send message finished. direction: 32, messageType: 38, json: {"source":0,"token":"FRfIetuZniCbiao","type":"muse_point","value":"{\"x\":1425.01171875,\"y\":976}"}
11-11 04:09:30.581 D/RemoteControlService( 2278): RemoteMousePointQueryCommand ResponseSpeedTest - use time: 4
11-11 04:09:30.585 D/RemoteControlService( 2278): getEvent: clientSocket = Socket[address=/192.168.4.4,port=33617,localPort=12600]
11-11 04:09:30.586 D/RemoteControlService( 2278): run: called
11-11 04:09:30.586 D/RemoteControlService( 2278): getEvent: start waiting...
11-11 04:09:30.586 E/RemoteControlService( 2278): Enter ListenSocketRunnable
11-11 04:09:30.586 D/RemoteControlService( 2278): After desEncrypt json is [{"type":"swipe_action","source":1,"token":"FRfIetuZniCbiao","value":"{\"type\":\"down\",\"relX\":1425,\"relY\":976}"}]
11-11 04:09:30.586 D/RemoteControlService( 2278): buildRemoteCommand:type=35
11-11 04:09:30.586 D/RemoteControlService( 2278): Request params: BaseRequestCommandBean{source=1, token='FRfIetuZniCbiao', type='swipe_action', value='{"type":"down","relX":1425,"relY":976}'}
11-11 04:09:30.586 D/RemoteControlService( 2278): handleMessage called
11-11 04:09:30.586 D/RemoteControlService( 2278): Is not connect command
11-11 04:09:30.586 D/RemoteControlService( 2278): haveControl ? clientcom.thundercomm.remotecontrolservice.RemoteControllerClient@137a197
11-11 04:09:30.586 D/RemoteControlService( 2278): Client have control
11-11 04:09:30.586 I/RemoteControlService( 2278): Swipe down: (1425.0, 976.0)
11-11 04:09:30.587 I/RemoteControlService( 2278): injectMotionEvent: MotionEvent { action=ACTION_DOWN, actionButton=0, id[0]=0, x[0]=1425.0, y[0]=976.0, toolType[0]=TOOL_TYPE_UNKNOWN, buttonState=0, classification=NONE, metaState=0, flags=0x0, edgeFlags=0x0, pointerCount=1, historySize=0, eventTime=14951481, downTime=14951481, deviceId=3, source=0x102, displayId=0, eventId=-824861816 }
11-11 04:09:30.588 I/sysui_multi_action( 1971): [757,207,758,2]
11-11 04:09:30.589 I/vol.Events( 1971): writeEvent dismiss_dialog touch_outside
11-11 04:09:30.589 I/RemoteControlService( 2278): injectMotionEvent: MotionEvent { action=ACTION_MOVE, actionButton=0, id[0]=0, x[0]=1425.0, y[0]=976.0, toolType[0]=TOOL_TYPE_UNKNOWN, buttonState=0, classification=NONE, metaState=0, flags=0x0, edgeFlags=0x0, pointerCount=1, historySize=0, eventTime=14951481, downTime=14951481, deviceId=3, source=0x102, displayId=0, eventId=-154128723 }
11-11 04:09:30.590 I/sysui_multi_action( 1971): [757,210,758,4,759,-1]
11-11 04:09:30.590 I/vol.Events( 1971): writeEvent active_stream_changed UNKNOWN_STREAM_-1
11-11 04:09:30.591 W/View ( 1971): requestLayout() improperly called by android.widget.FrameLayout{6741a03 I.E...... ......ID 0,0-780,182 #2bc} during second layout pass: posting in next frame
11-11 04:09:30.591 W/View ( 1971): requestLayout() improperly called by com.android.systemui.statusbar.AlphaOptimizedImageView{251aab2 VFED..C.. ......ID 0,0-140,182} during second layout pass: posting in next frame
11-11 04:09:30.595 D/RemoteControlService( 2278): getEvent: clientSocket = Socket[address=/192.168.4.4,port=60979,localPort=12600]
11-11 04:09:30.596 D/RemoteControlService( 2278): run: called
11-11 04:09:30.596 E/RemoteControlService( 2278): Enter ListenSocketRunnable
11-11 04:09:30.596 D/RemoteControlService( 2278): getEvent: start waiting...
11-11 04:09:30.596 D/RemoteControlService( 2278): After desEncrypt json is [{"type":"swipe_action","source":1,"token":"FRfIetuZniCbiao","value":"{\"type\":\"move\",\"relX\":0,\"relY\":0}"}]
11-11 04:09:30.597 D/RemoteControlService( 2278): buildRemoteCommand:type=35
11-11 04:09:30.597 D/RemoteControlService( 2278): Request params: BaseRequestCommandBean{source=1, token='FRfIetuZniCbiao', type='swipe_action', value='{"type":"move","relX":0,"relY":0}'}
11-11 04:09:30.607 D/RemoteControlService( 2278): Digest: 21BD924A843BD050F9ABFD2040AC62C3F341B79C52E5B9C04F01D2A84E893AA5
11-11 04:09:30.607 D/RemoteControlService( 2278): Send data length: 133
11-11 04:09:30.607 D/RemoteControlService( 2278): Send message finished. direction: 1, messageType: 35, json: {"source":0,"token":"FRfIetuZniCbiao","type":"swipe_action","value":"2380,1020"}
11-11 04:09:30.608 D/RemoteControlService( 2278): RemoteSwipeCommand ResponseSpeedTest - use time: 23
11-11 04:09:30.608 D/RemoteControlService( 2278): handleMessage called
11-11 04:09:30.608 D/RemoteControlService( 2278): Is not connect command
11-11 04:09:30.608 D/RemoteControlService( 2278): haveControl ? clientcom.thundercomm.remotecontrolservice.RemoteControllerClient@137a197
11-11 04:09:30.608 D/RemoteControlService( 2278): Client have control
11-11 04:09:30.608 W/View ( 1971): requestLayout() improperly called by android.widget.FrameLayout{6741a03 I.E...... ......ID 0,0-780,182 #2bc} during layout: running second layout pass
11-11 04:09:30.608 W/View ( 1971): requestLayout() improperly called by com.android.systemui.statusbar.AlphaOptimizedImageView{251aab2 VFED..C.. ......ID 0,0-140,182} during layout: running second layout pass
11-11 04:09:30.608 I/RemoteControlService( 2278): injectMotionEvent: MotionEvent { action=ACTION_MOVE, actionButton=0, id[0]=0, x[0]=1425.0, y[0]=976.0, toolType[0]=TOOL_TYPE_UNKNOWN, buttonState=0, classification=NONE, metaState=0, flags=0x0, edgeFlags=0x0, pointerCount=1, historySize=0, eventTime=14951502, downTime=14951502, deviceId=3, source=0x102, displayId=0, eventId=-310474156 }
11-11 04:09:30.610 W/View ( 1971): requestLayout() improperly called by android.widget.FrameLayout{6741a03 I.E...... ......ID 0,0-780,182 #2bc} during second layout pass: posting in next frame
11-11 04:09:30.610 W/View ( 1971): requestLayout() improperly called by com.android.systemui.statusbar.AlphaOptimizedImageView{251aab2 VFED..C.. ......ID 0,0-140,182} during second layout pass: posting in next frame
11-11 04:09:30.612 D/RemoteControlService( 2278): getEvent: clientSocket = Socket[address=/192.168.4.4,port=45623,localPort=12600]
11-11 04:09:30.612 D/RemoteControlService( 2278): run: called
11-11 04:09:30.612 D/RemoteControlService( 2278): getEvent: start waiting...
11-11 04:09:30.613 E/RemoteControlService( 2278): Enter ListenSocketRunnable
11-11 04:09:30.614 D/RemoteControlService( 2278): After desEncrypt json is [{"type":"swipe_action","source":1,"token":"FRfIetuZniCbiao","value":"{\"type\":\"up\",\"relX\":0,\"relY\":0}"}]
11-11 04:09:30.614 D/RemoteControlService( 2278): buildRemoteCommand:type=35
11-11 04:09:30.614 D/RemoteControlService( 2278): Request params: BaseRequestCommandBean{source=1, token='FRfIetuZniCbiao', type='swipe_action', value='{"type":"up","relX":0,"relY":0}'}
11-11 04:09:30.624 W/View ( 1971): requestLayout() improperly called by android.widget.FrameLayout{6741a03 I.E...... ......ID 0,0-780,182 #2bc} during layout: running second layout pass
11-11 04:09:30.624 W/View ( 1971): requestLayout() improperly called by com.android.systemui.statusbar.AlphaOptimizedImageView{251aab2 VFED..C.. ......ID 0,0-140,182} during layout: running second layout pass
11-11 04:09:30.625 D/RemoteControlService( 2278): RemoteSwipeCommand ResponseSpeedTest - use time: 30
11-11 04:09:30.625 D/RemoteControlService( 2278): handleMessage called
11-11 04:09:30.625 D/RemoteControlService( 2278): Is not connect command
11-11 04:09:30.625 D/RemoteControlService( 2278): haveControl ? clientcom.thundercomm.remotecontrolservice.RemoteControllerClient@137a197
11-11 04:09:30.625 D/RemoteControlService( 2278): Client have control
11-11 04:09:30.625 I/RemoteControlService( 2278): injectMotionEvent: MotionEvent { action=ACTION_UP, actionButton=0, id[0]=0, x[0]=1425.0, y[0]=976.0, toolType[0]=TOOL_TYPE_UNKNOWN, buttonState=0, classification=NONE, metaState=0, flags=0x0, edgeFlags=0x0, pointerCount=1, historySize=0, eventTime=14951519, downTime=14951519, deviceId=3, source=0x102, displayId=0, eventId=-267360425 }
11-11 04:09:30.630 D/RemoteControlService( 2278): Digest: 21BD924A843BD050F9ABFD2040AC62C3F341B79C52E5B9C04F01D2A84E893AA5
11-11 04:09:30.631 D/RemoteControlService( 2278): Send data length: 133
11-11 04:09:30.631 D/RemoteControlService( 2278): Send message finished. direction: 1, messageType: 35, json: {"source":0,"token":"FRfIetuZniCbiao","type":"swipe_action","value":"2380,1020"}
11-11 04:09:30.631 D/RemoteControlService( 2278): RemoteSwipeCommand ResponseSpeedTest - use time: 19
11-11 04:09:30.632 W/View ( 1971): requestLayout() improperly called by android.widget.FrameLayout{6741a03 I.E...... ......ID 0,0-780,182 #2bc} during second layout pass: posting in next frame
11-11 04:09:30.632 W/View ( 1971): requestLayout() improperly called by com.android.systemui.statusbar.AlphaOptimizedImageView{251aab2 VFED..C.. ......ID 0,0-140,182} during second layout pass: posting in next frame
11-11 04:09:30.641 W/View ( 1971): requestLayout() improperly called by android.widget.FrameLayout{6741a03 I.E...... ......ID 0,0-780,182 #2bc} during layout: running second layout pass
11-11 04:09:30.641 W/View ( 1971): requestLayout() improperly called by com.android.systemui.statusbar.AlphaOptimizedImageView{251aab2 VFED..C.. ......ID 0,0-140,182} during layout: running second layout pass
11-11 04:09:30.643 W/View ( 1971): requestLayout() improperly called by android.widget.FrameLayout{6741a03 I.E...... ......ID 0,0-780,182 #2bc} during second layout pass: posting in next frame
11-11 04:09:30.643 W/View ( 1971): requestLayout() improperly called by com.android.systemui.statusbar.AlphaOptimizedImageView{251aab2 VFED..C.. ......ID 0,0-140,182} during second layout pass: posting in next frame
11-11 04:09:30.658 W/View ( 1971): requestLayout() improperly called by android.widget.FrameLayout{6741a03 I.E...... ......ID 0,0-780,182 #2bc} during layout: running second layout pass
11-11 04:09:30.658 W/View ( 1971): requestLayout() improperly called by com.android.systemui.statusbar.AlphaOptimizedImageView{251aab2 VFED..C.. ......ID 0,0-140,182} during layout: running second layout pass
11-11 04:09:30.660 W/View ( 1971): requestLayout() improperly called by android.widget.FrameLayout{6741a03 I.E...... ......ID 0,0-780,182 #2bc} during second layout pass: posting in next frame
11-11 04:09:30.661 W/View ( 1971): requestLayout() improperly called by com.android.systemui.statusbar.AlphaOptimizedImageView{251aab2 VFED..C.. ......ID 0,0-140,182} during second layout pass: posting in next frame
11-11 04:09:30.675 W/View ( 1971): requestLayout() improperly called by android.widget.FrameLayout{6741a03 I.E...... ......ID 0,0-780,182 #2bc} during layout: running second layout pass
11-11 04:09:30.675 W/View ( 1971): requestLayout() improperly called by com.android.systemui.statusbar.AlphaOptimizedImageView{251aab2 VFED..C.. ......ID 0,0-140,182} during layout: running second layout pass
11-11 04:09:30.677 W/View ( 1971): requestLayout() improperly called by android.widget.FrameLayout{6741a03 I.E...... ......ID 0,0-780,182 #2bc} during second layout pass: posting in next frame
11-11 04:09:30.677 W/View ( 1971): requestLayout() improperly called by com.android.systemui.statusbar.AlphaOptimizedImageView{251aab2 VFED..C.. ......ID 0,0-140,182} during second layout pass: posting in next frame
11-11 04:09:30.691 W/View ( 1971): requestLayout() improperly called by android.widget.FrameLayout{6741a03 I.E...... ......ID 0,0-780,182 #2bc} during layout: running second layout pass
11-11 04:09:30.691 W/View ( 1971): requestLayout() improperly called by com.android.systemui.statusbar.AlphaOptimizedImageView{251aab2 VFED..C.. ......ID 0,0-140,182} during layout: running second layout pass
11-11 04:09:30.692 W/View ( 1971): requestLayout() improperly called by android.widget.FrameLayout{6741a03 I.E...... ......ID 0,0-780,182 #2bc} during second layout pass: posting in next frame
11-11 04:09:30.692 W/View ( 1971): requestLayout() improperly called by com.android.systemui.statusbar.AlphaOptimizedImageView{251aab2 VFED..C.. ......ID 0,0-140,182} during second layout pass: posting in next frame
11-11 04:09:30.708 W/View ( 1971): requestLayout() improperly called by android.widget.FrameLayout{6741a03 I.E...... ......ID 0,0-780,182 #2bc} during layout: running second layout pass
11-11 04:09:30.708 W/View ( 1971): requestLayout() improperly called by com.android.systemui.statusbar.AlphaOptimizedImageView{251aab2 VFED..C.. ......ID 0,0-140,182} during layout: running second layout pass
11-11 04:09:30.711 W/View ( 1971): requestLayout() improperly called by android.widget.FrameLayout{6741a03 I.E...... ......ID 0,0-780,182 #2bc} during second layout pass: posting in next frame
11-11 04:09:30.712 W/View ( 1971): requestLayout() improperly called by com.android.systemui.statusbar.AlphaOptimizedImageView{251aab2 VFED..C.. ......ID 0,0-140,182} during second layout pass: posting in next frame
11-11 04:09:30.726 W/View ( 1971): requestLayout() improperly called by android.widget.FrameLayout{6741a03 I.E...... ......ID 0,0-780,182 #2bc} during layout: running second layout pass
11-11 04:09:30.726 W/View ( 1971): requestLayout() improperly called by com.android.systemui.statusbar.AlphaOptimizedImageView{251aab2 VFED..C.. ......ID 0,0-140,182} during layout: running second layout pass
11-11 04:09:30.727 W/View ( 1971): requestLayout() improperly called by android.widget.FrameLayout{6741a03 I.E...... ......ID 0,0-780,182 #2bc} during second layout pass: posting in next frame
11-11 04:09:30.728 W/View ( 1971): requestLayout() improperly called by com.android.systemui.statusbar.AlphaOptimizedImageView{251aab2 VFED..C.. ......ID 0,0-140,182} during second layout pass: posting in next frame
11-11 04:09:30.742 W/View ( 1971): requestLayout() improperly called by android.widget.FrameLayout{6741a03 I.E...... ......ID 0,0-780,182 #2bc} during layout: running second layout pass
11-11 04:09:30.742 W/View ( 1971): requestLayout() improperly called by com.android.systemui.statusbar.AlphaOptimizedImageView{251aab2 VFED..C.. ......ID 0,0-140,182} during layout: running second layout pass
11-11 04:09:30.744 W/View ( 1971): requestLayout() improperly called by android.widget.FrameLayout{6741a03 I.E...... ......ID 0,0-780,182 #2bc} during second layout pass: posting in next frame
11-11 04:09:30.744 W/View ( 1971): requestLayout() improperly called by com.android.systemui.statusbar.AlphaOptimizedImageView{251aab2 VFED..C.. ......ID 0,0-140,182} during second layout pass: posting in next frame
11-11 04:09:30.758 W/View ( 1971): requestLayout() improperly called by android.widget.FrameLayout{6741a03 I.E...... ......ID 0,0-780,182 #2bc} during layout: running second layout pass
11-11 04:09:30.759 W/View ( 1971): requestLayout() improperly called by com.android.systemui.statusbar.AlphaOptimizedImageView{251aab2 VFED..C.. ......ID 0,0-140,182} during layout: running second layout pass
11-11 04:09:30.763 W/View ( 1971): requestLayout() improperly called by android.widget.FrameLayout{6741a03 I.E...... ......ID 0,0-780,182 #2bc} during second layout pass: posting in next frame
11-11 04:09:30.763 W/View ( 1971): requestLayout() improperly called by com.android.systemui.statusbar.AlphaOptimizedImageView{251aab2 VFED..C.. ......ID 0,0-140,182} during second layout pass: posting in next frame
11-11 04:09:30.775 W/View ( 1971): requestLayout() improperly called by android.widget.FrameLayout{6741a03 I.E...... ......ID 0,0-780,182 #2bc} during layout: running second layout pass
11-11 04:09:30.775 W/View ( 1971): requestLayout() improperly called by com.android.systemui.statusbar.AlphaOptimizedImageView{251aab2 VFED..C.. ......ID 0,0-140,182} during layout: running second layout pass
11-11 04:09:30.777 W/View ( 1971): requestLayout() improperly called by android.widget.FrameLayout{6741a03 I.E...... ......ID 0,0-780,182 #2bc} during second layout pass: posting in next frame
11-11 04:09:30.777 W/View ( 1971): requestLayout() improperly called by com.android.systemui.statusbar.AlphaOptimizedImageView{251aab2 VFED..C.. ......ID 0,0-140,182} during second layout pass: posting in next frame
11-11 04:09:30.793 W/View ( 1971): requestLayout() improperly called by android.widget.FrameLayout{6741a03 I.E...... ......ID 0,0-780,182 #2bc} during layout: running second layout pass
11-11 04:09:30.793 W/View ( 1971): requestLayout() improperly called by com.android.systemui.statusbar.AlphaOptimizedImageView{251aab2 VFED..C.. ......ID 0,0-140,182} during layout: running second layout pass
11-11 04:09:30.796 W/View ( 1971): requestLayout() improperly called by android.widget.FrameLayout{6741a03 I.E...... ......ID 0,0-780,182 #2bc} during second layout pass: posting in next frame
11-11 04:09:30.797 W/View ( 1971): requestLayout() improperly called by com.android.systemui.statusbar.AlphaOptimizedImageView{251aab2 VFED..C.. ......ID 0,0-140,182} during second layout pass: posting in next frame
11-11 04:09:30.808 W/View ( 1971): requestLayout() improperly called by android.widget.FrameLayout{6741a03 I.E...... ......ID 0,0-780,182 #2bc} during layout: running second layout pass
11-11 04:09:30.808 W/View ( 1971): requestLayout() improperly called by com.android.systemui.statusbar.AlphaOptimizedImageView{251aab2 VFED..C.. ......ID 0,0-140,182} during layout: running second layout pass
11-11 04:09:30.812 W/View ( 1971): requestLayout() improperly called by android.widget.FrameLayout{6741a03 I.E...... ......ID 0,0-780,182 #2bc} during second layout pass: posting in next frame
11-11 04:09:30.812 W/View ( 1971): requestLayout() improperly called by com.android.systemui.statusbar.AlphaOptimizedImageView{251aab2 VFED..C.. ......ID 0,0-140,182} during second layout pass: posting in next frame
11-11 04:09:30.826 W/View ( 1971): requestLayout() improperly called by android.widget.FrameLayout{6741a03 I.E...... ......ID 0,0-780,182 #2bc} during layout: running second layout pass
11-11 04:09:30.826 W/View ( 1971): requestLayout() improperly called by com.android.systemui.statusbar.AlphaOptimizedImageView{251aab2 VFED..C.. ......ID 0,0-140,182} during layout: running second layout pass
11-11 04:09:30.828 W/View ( 1971): requestLayout() improperly called by android.widget.FrameLayout{6741a03 I.E...... ......ID 0,0-780,182 #2bc} during second layout pass: posting in next frame
11-11 04:09:30.828 D/RemoteControlService( 2278): heart beat timer called
11-11 04:09:30.828 W/View ( 1971): requestLayout() improperly called by com.android.systemui.statusbar.AlphaOptimizedImageView{251aab2 VFED..C.. ......ID 0,0-140,182} during second layout pass: posting in next frame
11-11 04:09:30.842 W/View ( 1971): requestLayout() improperly called by android.widget.FrameLayout{6741a03 I.E...... ......ID 0,0-780,182 #2bc} during layout: running second layout pass
11-11 04:09:30.842 W/View ( 1971): requestLayout() improperly called by com.android.systemui.statusbar.AlphaOptimizedImageView{251aab2 VFED..C.. ......ID 0,0-140,182} during layout: running second layout pass
11-11 04:09:30.846 W/View ( 1971): requestLayout() improperly called by android.widget.FrameLayout{6741a03 I.E...... ......ID 0,0-780,182 #2bc} during second layout pass: posting in next frame
11-11 04:09:30.846 W/View ( 1971): requestLayout() improperly called by com.android.systemui.statusbar.AlphaOptimizedImageView{251aab2 VFED..C.. ......ID 0,0-140,182} during second layout pass: posting in next frame
11-11 04:09:30.847 I/am_uid_idle( 1491): 10095
11-11 04:09:30.848 W/kcp_info(17338): HCDN_LOG: [T:18541]Update: udp kcp size[0], timeout kcp size[0]
11-11 04:09:30.858 W/View ( 1971): requestLayout() improperly called by android.widget.FrameLayout{6741a03 I.E...... ......ID 0,0-780,182 #2bc} during layout: running second layout pass
11-11 04:09:30.858 W/View ( 1971): requestLayout() improperly called by com.android.systemui.statusbar.AlphaOptimizedImageView{251aab2 VFED..C.. ......ID 0,0-140,182} during layout: running second layout pass
11-11 04:09:30.876 W/ActivityManager( 1491): Background start not allowed: service Intent { cmp=tv.danmaku.bilibilihd/com.bilibili.lib.neuron.internal.NeuronLocalService (has extras) } to tv.danmaku.bilibilihd/com.bilibili.lib.neuron.internal.NeuronLocalService from pid=13529 uid=10103 pkg=tv.danmaku.bilibilihd startFg?=false
11-11 04:09:30.878 E/neuron.client(13529): [main] startService with throwable t=[Ljava.lang.StackTraceElement;@a5182a9
11-11 04:09:30.879 E/neuron.client(13529): [main] fireEvents start service intent=99e942aa-568c-443c-ac8f-f2ccd45fcdba failed, handle lost event
11-11 04:09:30.896 W/InputManager-JNI( 1491): Input channel object 'd897eed VolumeDialogImpl (client)' was disposed without first being removed with the input manager!
11-11 04:09:31.202 D/MicroService( 2135): getEvent: clientSocket = Socket[address=/192.168.4.4,port=47620,localPort=9999]
11-11 04:09:31.203 D/MicroService( 2135): run: called
11-11 04:09:31.203 D/MicroService( 2135): getEvent: start waiting...
11-11 04:09:31.203 I/MicroService( 2135): getStringByData(noZero): IDCM_CarAudioService
11-11 04:09:31.203 I/MicroService( 2135): getStringByData(noZero): FSEM_AudioService
11-11 04:09:31.203 I/MicroService( 2135): getStringByData: {"srcService":"IDCM_CarAudioService","dstService":"FSEM_AudioService","methodName":"setVolume","messageType":0,"uuid":14961139792520,"parameters":{"functionInfo":{"IDCM_VolumeValue_Media":"19"}}}
11-11 04:09:31.204 I/MicroService( 2135): Receive message: SocketMessageBean{businessData='21930', srcService='IDCM_CarAudioService', destService='FSEM_AudioService', messageType='0', uuid='14961139792520', payloadData={"srcService":"IDCM_CarAudioService","dstService":"FSEM_AudioService","methodName":"setVolume","messageType":0,"uuid":14961139792520,"parameters":{"functionInfo":{"IDCM_VolumeValue_Media":"19"}}}}
11-11 04:09:31.204 I/MicroService( 2135): dealMessage: 0
11-11 04:09:31.204 I/MicroService( 2135): onRequest(setVolume): {"functionInfo":{"IDCM_VolumeValue_Media":"19"}}
11-11 04:09:31.210 I/volume_changed( 1491): [3,18,19,39,android]
11-11 04:09:31.212 I/sysui_multi_action( 1971): [757,210,758,4,759,3]
11-11 04:09:31.212 I/vol.Events( 1971): writeEvent active_stream_changed STREAM_MUSIC
11-11 04:09:31.222 I/vol.Events( 1971): writeEvent level_changed STREAM_MUSIC 19
11-11 04:09:31.226 D/BluetoothDatabase( 7489): getBondedDevicesOrdered: Invalid address for device LocalStorage
11-11 04:09:31.227 E/HeadsetStateMachine( 7489): returning mCurrentState as Disconnected
11-11 04:09:31.229 D/BluetoothPbapService( 7489): getConnectionState: 60:F4:3A:B2:E8:8D
11-11 04:09:31.232 D/HearingAidService( 7489): getActiveDevices
11-11 04:09:31.235 I/sysui_multi_action( 1971): [757,207,758,1]
11-11 04:09:31.235 I/sysui_multi_action( 1971): [757,804,799,volume_from_keyguard,801,0,802,1]
11-11 04:09:31.236 I/vol.Events( 1971): writeEvent show_dialog volume_changed keyguard=false
11-11 04:09:31.236 D/MicroService( 2135): getEvent: clientSocket = Socket[address=/192.168.4.4,port=47622,localPort=9999]
11-11 04:09:31.237 D/MicroService( 2135): run: called
11-11 04:09:31.237 D/MicroService( 2135): getEvent: start waiting...
11-11 04:09:31.237 I/MicroService( 2135): getStringByData(noZero): IDCM_CarAudioService
11-11 04:09:31.237 I/MicroService( 2135): getStringByData(noZero): FSEM_AudioService
11-11 04:09:31.237 I/MicroService( 2135): getStringByData: {"srcService":"IDCM_CarAudioService","dstService":"FSEM_AudioService","methodName":"setVolume","messageType":0,"uuid":14961174203145,"parameters":{"functionInfo":{"IDCM_VolumeValue_Media":"20"}}}
11-11 04:09:31.237 I/MicroService( 2135): Receive message: SocketMessageBean{businessData='21930', srcService='IDCM_CarAudioService', destService='FSEM_AudioService', messageType='0', uuid='14961174203145', payloadData={"srcService":"IDCM_CarAudioService","dstService":"FSEM_AudioService","methodName":"setVolume","messageType":0,"uuid":14961174203145,"parameters":{"functionInfo":{"IDCM_VolumeValue_Media":"20"}}}}
11-11 04:09:31.237 I/MicroService( 2135): dealMessage: 0
11-11 04:09:31.238 I/MicroService( 2135): onRequest(setVolume): {"functionInfo":{"IDCM_VolumeValue_Media":"20"}}
11-11 04:09:31.252 I/volume_changed( 1491): [3,19,20,39,android]
11-11 04:09:31.253 I/vol.Events( 1971): writeEvent level_changed STREAM_RING 4
11-11 04:09:31.253 I/vol.Events( 1971): writeEvent level_changed STREAM_SYSTEM 4
11-11 04:09:31.263 I/vol.Events( 1971): writeEvent level_changed STREAM_MUSIC 20
11-11 04:09:31.268 W/View ( 1971): requestLayout() improperly called by android.widget.FrameLayout{6741a03 I.E...... ......ID 0,0-780,182 #2bc} during second layout pass: posting in next frame
11-11 04:09:31.269 W/View ( 1971): requestLayout() improperly called by com.android.systemui.statusbar.AlphaOptimizedImageView{251aab2 VFED..C.. ......ID 0,0-140,182} during second layout pass: posting in next frame
11-11 04:09:31.271 D/MicroService( 2135): getEvent: clientSocket = Socket[address=/192.168.4.4,port=47624,localPort=9999]
11-11 04:09:31.272 D/MicroService( 2135): run: called
11-11 04:09:31.272 D/MicroService( 2135): getEvent: start waiting...
11-11 04:09:31.272 I/MicroService( 2135): getStringByData(noZero): IDCM_CarAudioService
11-11 04:09:31.272 I/MicroService( 2135): getStringByData(noZero): FSEM_AudioService
11-11 04:09:31.272 I/MicroService( 2135): getStringByData: {"srcService":"IDCM_CarAudioService","dstService":"FSEM_AudioService","methodName":"setVolume","messageType":0,"uuid":14961197804447,"parameters":{"functionInfo":{"IDCM_VolumeValue_Media":"21"}}}
11-11 04:09:31.273 I/MicroService( 2135): Receive message: SocketMessageBean{businessData='21930', srcService='IDCM_CarAudioService', destService='FSEM_AudioService', messageType='0', uuid='14961197804447', payloadData={"srcService":"IDCM_CarAudioService","dstService":"FSEM_AudioService","methodName":"setVolume","messageType":0,"uuid":14961197804447,"parameters":{"functionInfo":{"IDCM_VolumeValue_Media":"21"}}}}
11-11 04:09:31.273 I/MicroService( 2135): dealMessage: 0
11-11 04:09:31.273 I/MicroService( 2135): onRequest(setVolume): {"functionInfo":{"IDCM_VolumeValue_Media":"21"}}
11-11 04:09:31.279 I/volume_changed( 1491): [3,20,21,39,android]
11-11 04:09:31.281 I/vol.Events( 1971): writeEvent level_changed STREAM_MUSIC 21
11-11 04:09:31.282 W/View ( 1971): requestLayout() improperly called by android.widget.FrameLayout{6741a03 I.E...... ......ID 0,0-780,182 #2bc} during layout: running second layout pass
11-11 04:09:31.282 W/View ( 1971): requestLayout() improperly called by com.android.systemui.statusbar.AlphaOptimizedImageView{251aab2 VFED..C.. ......ID 0,0-140,182} during layout: running second layout pass
11-11 04:09:31.286 D/BluetoothDatabase( 7489): getBondedDevicesOrdered: Invalid address for device LocalStorage
11-11 04:09:31.287 D/MicroService( 2135): getEvent: clientSocket = Socket[address=/192.168.4.4,port=47626,localPort=9999]
11-11 04:09:31.287 D/MicroService( 2135): run: called
11-11 04:09:31.287 D/MicroService( 2135): getEvent: start waiting...
11-11 04:09:31.288 E/HeadsetStateMachine( 7489): returning mCurrentState as Disconnected
11-11 04:09:31.289 D/BluetoothPbapService( 7489): getConnectionState: 60:F4:3A:B2:E8:8D
11-11 04:09:31.289 I/sysui_multi_action( 1971): [757,207,758,1]
11-11 04:09:31.290 I/sysui_multi_action( 1971): [757,804,799,volume_from_keyguard,801,0,802,1]
11-11 04:09:31.290 I/vol.Events( 1971): writeEvent show_dialog volume_changed keyguard=false
11-11 04:09:31.292 D/HearingAidService( 7489): getActiveDevices
11-11 04:09:31.292 I/MicroService( 2135): getStringByData(noZero): IDCM_CarAudioService
11-11 04:09:31.292 I/MicroService( 2135): getStringByData(noZero): FSEM_AudioService
11-11 04:09:31.293 I/MicroService( 2135): getStringByData: {"srcService":"IDCM_CarAudioService","dstService":"FSEM_AudioService","methodName":"setVolume","messageType":0,"uuid":14961226335072,"parameters":{"functionInfo":{"IDCM_VolumeValue_Media":"22"}}}
11-11 04:09:31.293 I/MicroService( 2135): Receive message: SocketMessageBean{businessData='21930', srcService='IDCM_CarAudioService', destService='FSEM_AudioService', messageType='0', uuid='14961226335072', payloadData={"srcService":"IDCM_CarAudioService","dstService":"FSEM_AudioService","methodName":"setVolume","messageType":0,"uuid":14961226335072,"parameters":{"functionInfo":{"IDCM_VolumeValue_Media":"22"}}}}
11-11 04:09:31.294 I/sysui_multi_action( 1971): [757,207,758,1]
11-11 04:09:31.294 I/sysui_multi_action( 1971): [757,804,799,volume_from_keyguard,801,0,802,1]
11-11 04:09:31.294 I/vol.Events( 1971): writeEvent show_dialog volume_changed keyguard=false
11-11 04:09:31.294 W/View ( 1971): requestLayout() improperly called by android.widget.FrameLayout{6741a03 I.E...... ......ID 0,0-780,182 #2bc} during second layout pass: posting in next frame
11-11 04:09:31.294 W/View ( 1971): requestLayout() improperly called by com.android.systemui.statusbar.AlphaOptimizedImageView{251aab2 VFED..C.. ......ID 0,0-140,182} during second layout pass: posting in next frame
11-11 04:09:31.295 D/BluetoothDatabase( 7489): getBondedDevicesOrdered: Invalid address for device LocalStorage
11-11 04:09:31.296 E/HeadsetStateMachine( 7489): returning mCurrentState as Disconnected
11-11 04:09:31.296 W/View ( 1971): requestLayout() improperly called by android.widget.FrameLayout{6741a03 I.E...... ......ID 0,0-780,182 #2bc} during layout: running second layout pass
11-11 04:09:31.296 W/View ( 1971): requestLayout() improperly called by com.android.systemui.statusbar.AlphaOptimizedImageView{251aab2 VFED..C.. ......ID 0,0-140,182} during layout: running second layout pass
11-11 04:09:31.293 I/MicroService( 2135): dealMessage: 0
11-11 04:09:31.297 I/MicroService( 2135): onRequest(setVolume): {"functionInfo":{"IDCM_VolumeValue_Media":"22"}}
11-11 04:09:31.297 D/BluetoothPbapService( 7489): getConnectionState: 60:F4:3A:B2:E8:8D
11-11 04:09:31.298 D/HearingAidService( 7489): getActiveDevices
11-11 04:09:31.302 I/volume_changed( 1491): [3,21,22,39,android]
11-11 04:09:31.303 I/vol.Events( 1971): writeEvent level_changed STREAM_MUSIC 22
11-11 04:09:31.305 D/BluetoothDatabase( 7489): getBondedDevicesOrdered: Invalid address for device LocalStorage
11-11 04:09:31.306 E/HeadsetStateMachine( 7489): returning mCurrentState as Disconnected
11-11 04:09:31.307 D/BluetoothPbapService( 7489): getConnectionState: 60:F4:3A:B2:E8:8D
11-11 04:09:31.308 D/HearingAidService( 7489): getActiveDevices
11-11 04:09:31.312 I/sysui_multi_action( 1971): [757,207,758,1]
11-11 04:09:31.312 I/sysui_multi_action( 1971): [757,804,799,volume_from_keyguard,801,0,802,1]
11-11 04:09:31.312 I/vol.Events( 1971): writeEvent show_dialog volume_changed keyguard=false
11-11 04:09:31.315 W/View ( 1971): requestLayout() improperly called by android.widget.FrameLayout{6741a03 I.E...... ......ID 0,0-780,182 #2bc} during second layout pass: posting in next frame
11-11 04:09:31.316 W/View ( 1971): requestLayout() improperly called by com.android.systemui.statusbar.AlphaOptimizedImageView{251aab2 VFED..C.. ......ID 0,0-140,182} during second layout pass: posting in next frame
11-11 04:09:31.325 D/MicroService( 2135): getEvent: clientSocket = Socket[address=/192.168.4.4,port=47628,localPort=9999]
11-11 04:09:31.325 D/MicroService( 2135): run: called
11-11 04:09:31.325 D/MicroService( 2135): getEvent: start waiting...
11-11 04:09:31.326 W/View ( 1971): requestLayout() improperly called by android.widget.FrameLayout{6741a03 I.E...... ......ID 0,0-780,182 #2bc} during layout: running second layout pass
11-11 04:09:31.326 W/View ( 1971): requestLayout() improperly called by com.android.systemui.statusbar.AlphaOptimizedImageView{251aab2 VFED..C.. ......ID 0,0-140,182} during layout: running second layout pass
11-11 04:09:31.328 W/View ( 1971): requestLayout() improperly called by android.widget.FrameLayout{6741a03 I.E...... ......ID 0,0-780,182 #2bc} during second layout pass: posting in next frame
11-11 04:09:31.328 W/View ( 1971): requestLayout() improperly called by com.android.systemui.statusbar.AlphaOptimizedImageView{251aab2 VFED..C.. ......ID 0,0-140,182} during second layout pass: posting in next frame
11-11 04:09:31.328 I/MicroService( 2135): getStringByData(noZero): IDCM_CarAudioService
11-11 04:09:31.328 I/MicroService( 2135): getStringByData(noZero): FSEM_AudioService
11-11 04:09:31.328 I/MicroService( 2135): getStringByData: {"srcService":"IDCM_CarAudioService","dstService":"FSEM_AudioService","methodName":"setVolume","messageType":0,"uuid":14961253096010,"parameters":{"functionInfo":{"IDCM_VolumeValue_Media":"23"}}}
11-11 04:09:31.328 I/MicroService( 2135): Receive message: SocketMessageBean{businessData='21930', srcService='IDCM_CarAudioService', destService='FSEM_AudioService', messageType='0', uuid='14961253096010', payloadData={"srcService":"IDCM_CarAudioService","dstService":"FSEM_AudioService","methodName":"setVolume","messageType":0,"uuid":14961253096010,"parameters":{"functionInfo":{"IDCM_VolumeValue_Media":"23"}}}}
11-11 04:09:31.328 I/MicroService( 2135): dealMessage: 0
11-11 04:09:31.328 I/MicroService( 2135): onRequest(setVolume): {"functionInfo":{"IDCM_VolumeValue_Media":"23"}}
11-11 04:09:31.333 I/volume_changed( 1491): [3,22,23,39,android]
11-11 04:09:31.334 I/vol.Events( 1971): writeEvent level_changed STREAM_ALARM 5
11-11 04:09:31.335 I/vol.Events( 1971): writeEvent level_changed STREAM_MUSIC 23
11-11 04:09:31.342 D/MicroService( 2135): getEvent: clientSocket = Socket[address=/192.168.4.4,port=47630,localPort=9999]
11-11 04:09:31.342 D/MicroService( 2135): run: called
11-11 04:09:31.342 D/MicroService( 2135): getEvent: start waiting...
11-11 04:09:31.343 W/View ( 1971): requestLayout() improperly called by android.widget.FrameLayout{6741a03 I.E...... ......ID 0,0-780,182 #2bc} during layout: running second layout pass
11-11 04:09:31.343 W/View ( 1971): requestLayout() improperly called by com.android.systemui.statusbar.AlphaOptimizedImageView{251aab2 VFED..C.. ......ID 0,0-140,182} during layout: running second layout pass
11-11 04:09:31.343 I/MicroService( 2135): getStringByData(noZero): IDCM_CarAudioService
11-11 04:09:31.343 I/MicroService( 2135): getStringByData(noZero): FSEM_AudioService
11-11 04:09:31.343 I/MicroService( 2135): getStringByData: {"srcService":"IDCM_CarAudioService","dstService":"FSEM_AudioService","methodName":"setVolume","messageType":0,"uuid":14961267358718,"parameters":{"functionInfo":{"IDCM_VolumeValue_Media":"23"}}}
11-11 04:09:31.343 I/MicroService( 2135): Receive message: SocketMessageBean{businessData='21930', srcService='IDCM_CarAudioService', destService='FSEM_AudioService', messageType='0', uuid='14961267358718', payloadData={"srcService":"IDCM_CarAudioService","dstService":"FSEM_AudioService","methodName":"setVolume","messageType":0,"uuid":14961267358718,"parameters":{"functionInfo":{"IDCM_VolumeValue_Media":"23"}}}}
11-11 04:09:31.343 I/MicroService( 2135): dealMessage: 0
11-11 04:09:31.343 I/MicroService( 2135): onRequest(setVolume): {"functionInfo":{"IDCM_VolumeValue_Media":"23"}}
11-11 04:09:31.347 I/sysui_multi_action( 1971): [757,207,758,1]
11-11 04:09:31.347 I/sysui_multi_action( 1971): [757,804,799,volume_from_keyguard,801,0,802,1]
11-11 04:09:31.347 I/vol.Events( 1971): writeEvent show_dialog volume_changed keyguard=false
11-11 04:09:31.347 W/View ( 1971): requestLayout() improperly called by android.widget.FrameLayout{6741a03 I.E...... ......ID 0,0-780,182 #2bc} during second layout pass: posting in next frame
11-11 04:09:31.348 W/View ( 1971): requestLayout() improperly called by com.android.systemui.statusbar.AlphaOptimizedImageView{251aab2 VFED..C.. ......ID 0,0-140,182} during second layout pass: posting in next frame
11-11 04:09:31.350 D/BluetoothDatabase( 7489): getBondedDevicesOrdered: Invalid address for device LocalStorage
11-11 04:09:31.351 E/HeadsetStateMachine( 7489): returning mCurrentState as Disconnected
11-11 04:09:31.352 D/BluetoothPbapService( 7489): getConnectionState: 60:F4:3A:B2:E8:8D
11-11 04:09:31.353 D/HearingAidService( 7489): getActiveDevices
11-11 04:09:31.355 D/MicroService( 2135): getEvent: clientSocket = Socket[address=/192.168.4.4,port=47632,localPort=9999]
11-11 04:09:31.355 D/MicroService( 2135): run: called
11-11 04:09:31.355 D/MicroService( 2135): getEvent: start waiting...
11-11 04:09:31.355 I/MicroService( 2135): getStringByData(noZero): IDCM_CarAudioService
11-11 04:09:31.355 I/MicroService( 2135): getStringByData(noZero): FSEM_AudioService
11-11 04:09:31.355 I/MicroService( 2135): getStringByData: {"srcService":"IDCM_CarAudioService","dstService":"FSEM_AudioService","methodName":"setVolume","messageType":0,"uuid":14961287066791,"parameters":{"functionInfo":{"IDCM_VolumeValue_Media":"24"}}}
11-11 04:09:31.356 I/MicroService( 2135): Receive message: SocketMessageBean{businessData='21930', srcService='IDCM_CarAudioService', destService='FSEM_AudioService', messageType='0', uuid='14961287066791', payloadData={"srcService":"IDCM_CarAudioService","dstService":"FSEM_AudioService","methodName":"setVolume","messageType":0,"uuid":14961287066791,"parameters":{"functionInfo":{"IDCM_VolumeValue_Media":"24"}}}}
11-11 04:09:31.356 I/MicroService( 2135): dealMessage: 0
11-11 04:09:31.356 I/MicroService( 2135): onRequest(setVolume): {"functionInfo":{"IDCM_VolumeValue_Media":"24"}}
11-11 04:09:31.361 I/volume_changed( 1491): [3,23,24,39,android]
11-11 04:09:31.366 W/View ( 1971): requestLayout() improperly called by android.widget.FrameLayout{6741a03 I.E...... ......ID 0,0-780,182 #2bc} during layout: running second layout pass
11-11 04:09:31.366 W/View ( 1971): requestLayout() improperly called by com.android.systemui.statusbar.AlphaOptimizedImageView{251aab2 VFED..C.. ......ID 0,0-140,182} during layout: running second layout pass
11-11 04:09:31.367 I/sysui_multi_action( 1971): [757,207,758,1]
11-11 04:09:31.367 I/sysui_multi_action( 1971): [757,804,799,volume_from_keyguard,801,0,802,1]
11-11 04:09:31.367 I/vol.Events( 1971): writeEvent show_dialog volume_changed keyguard=false
11-11 04:09:31.370 D/MicroService( 2135): getEvent: clientSocket = Socket[address=/192.168.4.4,port=47634,localPort=9999]
11-11 04:09:31.370 D/MicroService( 2135): run: called
11-11 04:09:31.370 D/MicroService( 2135): getEvent: start waiting...
11-11 04:09:31.372 I/vol.Events( 1971): writeEvent level_changed STREAM_MUSIC 24
11-11 04:09:31.372 I/vol.Events( 1971): writeEvent level_changed STREAM_VOICE_CALL 4
11-11 04:09:31.372 I/MicroService( 2135): getStringByData(noZero): IDCM_CarAudioService
11-11 04:09:31.372 I/MicroService( 2135): getStringByData(noZero): FSEM_AudioService
11-11 04:09:31.372 I/MicroService( 2135): getStringByData: {"srcService":"IDCM_CarAudioService","dstService":"FSEM_AudioService","methodName":"setVolume","messageType":0,"uuid":14961304443353,"parameters":{"functionInfo":{"IDCM_VolumeValue_Media":"24"}}}
11-11 04:09:31.373 I/MicroService( 2135): Receive message: SocketMessageBean{businessData='21930', srcService='IDCM_CarAudioService', destService='FSEM_AudioService', messageType='0', uuid='14961304443353', payloadData={"srcService":"IDCM_CarAudioService","dstService":"FSEM_AudioService","methodName":"setVolume","messageType":0,"uuid":14961304443353,"parameters":{"functionInfo":{"IDCM_VolumeValue_Media":"24"}}}}
11-11 04:09:31.373 I/MicroService( 2135): dealMessage: 0
11-11 04:09:31.373 I/MicroService( 2135): onRequest(setVolume): {"functionInfo":{"IDCM_VolumeValue_Media":"24"}}
11-11 04:09:31.374 D/BluetoothDatabase( 7489): getBondedDevicesOrdered: Invalid address for device LocalStorage
11-11 04:09:31.377 E/HeadsetStateMachine( 7489): returning mCurrentState as Disconnected
11-11 04:09:31.377 I/sysui_multi_action( 1971): [757,207,758,1]
