11-11 04:05:30.295 I/auditd ( 0): type=1400 audit(0.0:19846): avc: denied { kill } for comm="swapper/1" capability=5 scontext=u:r:kernel:s0 tcontext=u:r:kernel:s0 tclass=capability permissive=0
11-11 04:05:31.295 I/auditd ( 0): type=1400 audit(0.0:19847): avc: denied { kill } for comm="swapper/1" capability=5 scontext=u:r:kernel:s0 tcontext=u:r:kernel:s0 tclass=capability permissive=0
11-11 04:05:32.295 I/auditd ( 0): type=1400 audit(0.0:19848): avc: denied { kill } for comm="swapper/1" capability=5 scontext=u:r:kernel:s0 tcontext=u:r:kernel:s0 tclass=capability permissive=0
11-11 04:05:33.295 I/auditd ( 0): type=1400 audit(0.0:19849): avc: denied { kill } for comm="swapper/1" capability=5 scontext=u:r:kernel:s0 tcontext=u:r:kernel:s0 tclass=capability permissive=0
11-11 04:05:34.295 I/auditd ( 0): type=1400 audit(0.0:19850): avc: denied { kill } for comm="swapper/1" capability=5 scontext=u:r:kernel:s0 tcontext=u:r:kernel:s0 tclass=capability permissive=0
11-11 04:05:35.295 I/auditd ( 0): type=1400 audit(0.0:19851): avc: denied { kill } for comm="swapper/1" capability=5 scontext=u:r:kernel:s0 tcontext=u:r:kernel:s0 tclass=capability permissive=0
11-11 04:05:36.295 I/auditd ( 0): type=1400 audit(0.0:19852): avc: denied { kill } for comm="swapper/1" capability=5 scontext=u:r:kernel:s0 tcontext=u:r:kernel:s0 tclass=capability permissive=0
11-11 04:05:37.295 I/auditd ( 0): type=1400 audit(0.0:19853): avc: denied { kill } for comm="swapper/1" capability=5 scontext=u:r:kernel:s0 tcontext=u:r:kernel:s0 tclass=capability permissive=0
11-11 04:05:38.295 I/auditd ( 0): type=1400 audit(0.0:19854): avc: denied { kill } for comm="swapper/1" capability=5 scontext=u:r:kernel:s0 tcontext=u:r:kernel:s0 tclass=capability permissive=0
11-11 04:05:39.295 I/auditd ( 0): type=1400 audit(0.0:19855): avc: denied { kill } for comm="swapper/1" capability=5 scontext=u:r:kernel:s0 tcontext=u:r:kernel:s0 tclass=capability permissive=0
11-11 04:05:40.295 I/auditd ( 0): type=1400 audit(0.0:19856): avc: denied { kill } for comm="swapper/1" capability=5 scontext=u:r:kernel:s0 tcontext=u:r:kernel:s0 tclass=capability permissive=0
11-11 04:05:41.295 I/auditd ( 0): type=1400 audit(0.0:19857): avc: denied { kill } for comm="swapper/1" capability=5 scontext=u:r:kernel:s0 tcontext=u:r:kernel:s0 tclass=capability permissive=0
11-11 04:05:43.295 I/auditd ( 0): type=1400 audit(0.0:19858): avc: denied { kill } for comm="swapper/1" capability=5 scontext=u:r:kernel:s0 tcontext=u:r:kernel:s0 tclass=capability permissive=0
11-11 04:05:44.295 I/auditd ( 0): type=1400 audit(0.0:19859): avc: denied { kill } for comm="swapper/1" capability=5 scontext=u:r:kernel:s0 tcontext=u:r:kernel:s0 tclass=capability permissive=0
11-11 04:05:45.295 I/auditd ( 0): type=1400 audit(0.0:19860): avc: denied { kill } for comm="swapper/1" capability=5 scontext=u:r:kernel:s0 tcontext=u:r:kernel:s0 tclass=capability permissive=0
11-11 04:05:47.295 I/auditd ( 0): type=1400 audit(0.0:19861): avc: denied { kill } for comm="swapper/1" capability=5 scontext=u:r:kernel:s0 tcontext=u:r:kernel:s0 tclass=capability permissive=0
11-11 04:05:48.295 I/auditd ( 0): type=1400 audit(0.0:19862): avc: denied { kill } for comm="swapper/1" capability=5 scontext=u:r:kernel:s0 tcontext=u:r:kernel:s0 tclass=capability permissive=0
11-11 04:05:49.295 I/auditd ( 0): type=1400 audit(0.0:19863): avc: denied { kill } for comm="swapper/1" capability=5 scontext=u:r:kernel:s0 tcontext=u:r:kernel:s0 tclass=capability permissive=0
11-11 04:05:50.299 I/auditd ( 0): type=1400 audit(0.0:19864): avc: denied { kill } for comm="swapper/1" capability=5 scontext=u:r:kernel:s0 tcontext=u:r:kernel:s0 tclass=capability permissive=0
11-11 04:05:51.295 I/auditd ( 0): type=1400 audit(0.0:19865): avc: denied { kill } for comm="swapper/1" capability=5 scontext=u:r:kernel:s0 tcontext=u:r:kernel:s0 tclass=capability permissive=0
11-11 04:05:52.295 I/auditd ( 0): type=1400 audit(0.0:19866): avc: denied { kill } for comm="swapper/1" capability=5 scontext=u:r:kernel:s0 tcontext=u:r:kernel:s0 tclass=capability permissive=0
11-11 04:05:53.295 I/auditd ( 0): type=1400 audit(0.0:19867): avc: denied { kill } for comm="swapper/1" capability=5 scontext=u:r:kernel:s0 tcontext=u:r:kernel:s0 tclass=capability permissive=0
11-11 04:05:53.811 I/auditd (13529): type=1400 audit(0.0:19868): avc: denied { read } for comm="Thread-29" name="tcp" dev="proc" ino=4026532256 scontext=u:r:untrusted_app:s0:c103,c256,c512,c768 tcontext=u:object_r:proc_net_tcp_udp:s0 tclass=file permissive=0 app=tv.danmaku.bilibilihd
11-11 04:05:54.295 I/auditd ( 0): type=1400 audit(0.0:19869): avc: denied { kill } for comm="swapper/1" capability=5 scontext=u:r:kernel:s0 tcontext=u:r:kernel:s0 tclass=capability permissive=0
11-11 04:05:56.295 I/auditd ( 0): type=1400 audit(0.0:19870): avc: denied { kill } for comm="swapper/1" capability=5 scontext=u:r:kernel:s0 tcontext=u:r:kernel:s0 tclass=capability permissive=0
11-11 04:05:57.295 I/auditd ( 0): type=1400 audit(0.0:19871): avc: denied { kill } for comm="swapper/1" capability=5 scontext=u:r:kernel:s0 tcontext=u:r:kernel:s0 tclass=capability permissive=0
11-11 04:05:58.295 I/auditd ( 0): type=1400 audit(0.0:19872): avc: denied { kill } for comm="swapper/1" capability=5 scontext=u:r:kernel:s0 tcontext=u:r:kernel:s0 tclass=capability permissive=0
11-11 04:05:59.295 I/auditd ( 0): type=1400 audit(0.0:19873): avc: denied { kill } for comm="swapper/1" capability=5 scontext=u:r:kernel:s0 tcontext=u:r:kernel:s0 tclass=capability permissive=0
11-11 04:06:00.295 I/auditd ( 0): type=1400 audit(0.0:19874): avc: denied { kill } for comm="swapper/1" capability=5 scontext=u:r:kernel:s0 tcontext=u:r:kernel:s0 tclass=capability permissive=0
11-11 04:06:01.295 I/auditd ( 0): type=1400 audit(0.0:19875): avc: denied { kill } for comm="swapper/1" capability=5 scontext=u:r:kernel:s0 tcontext=u:r:kernel:s0 tclass=capability permissive=0
11-11 04:06:02.295 I/auditd ( 0): type=1400 audit(0.0:19876): avc: denied { kill } for comm="swapper/1" capability=5 scontext=u:r:kernel:s0 tcontext=u:r:kernel:s0 tclass=capability permissive=0
11-11 04:06:03.295 I/auditd ( 0): type=1400 audit(0.0:19877): avc: denied { kill } for comm="swapper/1" capability=5 scontext=u:r:kernel:s0 tcontext=u:r:kernel:s0 tclass=capability permissive=0
11-11 04:06:04.295 I/auditd ( 0): type=1400 audit(0.0:19878): avc: denied { kill } for comm="swapper/1" capability=5 scontext=u:r:kernel:s0 tcontext=u:r:kernel:s0 tclass=capability permissive=0
11-11 04:06:04.351 I/am_uid_idle( 1491): 10064
11-11 04:06:05.295 I/auditd ( 0): type=1400 audit(0.0:19879): avc: denied { kill } for comm="swapper/1" capability=5 scontext=u:r:kernel:s0 tcontext=u:r:kernel:s0 tclass=capability permissive=0
11-11 04:06:06.295 I/auditd ( 0): type=1400 audit(0.0:19880): avc: denied { kill } for comm="swapper/1" capability=5 scontext=u:r:kernel:s0 tcontext=u:r:kernel:s0 tclass=capability permissive=0
11-11 04:06:07.295 I/auditd ( 0): type=1400 audit(0.0:19881): avc: denied { kill } for comm="swapper/1" capability=5 scontext=u:r:kernel:s0 tcontext=u:r:kernel:s0 tclass=capability permissive=0
11-11 04:06:08.299 I/auditd ( 0): type=1400 audit(0.0:19882): avc: denied { kill } for comm="swapper/1" capability=5 scontext=u:r:kernel:s0 tcontext=u:r:kernel:s0 tclass=capability permissive=0
11-11 04:06:09.295 I/auditd ( 0): type=1400 audit(0.0:19883): avc: denied { kill } for comm="swapper/1" capability=5 scontext=u:r:kernel:s0 tcontext=u:r:kernel:s0 tclass=capability permissive=0
11-11 04:06:10.295 I/auditd ( 0): type=1400 audit(0.0:19884): avc: denied { kill } for comm="swapper/1" capability=5 scontext=u:r:kernel:s0 tcontext=u:r:kernel:s0 tclass=capability permissive=0
11-11 04:06:11.295 I/auditd ( 0): type=1400 audit(0.0:19885): avc: denied { kill } for comm="swapper/1" capability=5 scontext=u:r:kernel:s0 tcontext=u:r:kernel:s0 tclass=capability permissive=0
11-11 04:06:12.299 I/auditd ( 0): type=1400 audit(0.0:19886): avc: denied { kill } for comm="swapper/1" capability=5 scontext=u:r:kernel:s0 tcontext=u:r:kernel:s0 tclass=capability permissive=0
11-11 04:06:13.295 I/auditd ( 0): type=1400 audit(0.0:19887): avc: denied { kill } for comm="swapper/1" capability=5 scontext=u:r:kernel:s0 tcontext=u:r:kernel:s0 tclass=capability permissive=0
11-11 04:06:14.295 I/auditd ( 0): type=1400 audit(0.0:19888): avc: denied { kill } for comm="swapper/1" capability=5 scontext=u:r:kernel:s0 tcontext=u:r:kernel:s0 tclass=capability permissive=0
11-11 04:06:15.295 I/auditd ( 0): type=1400 audit(0.0:19889): avc: denied { kill } for comm="swapper/1" capability=5 scontext=u:r:kernel:s0 tcontext=u:r:kernel:s0 tclass=capability permissive=0
11-11 04:06:15.899 I/am_freeze( 1491): [9548,com.qti.diagservices]
11-11 04:06:15.903 I/am_freeze( 1491): [27535,com.microsoft.emmx]
11-11 04:06:15.915 I/am_freeze( 1491): [27536,com.android.documentsui]
11-11 04:06:15.918 I/am_freeze( 1491): [27537,com.android.gallery3d]
11-11 04:06:15.918 I/netstats_mobile_sample( 1491): [0,0,0,0,0,0,0,0,0,0,0,0,1668096375918]
11-11 04:06:15.919 I/netstats_wifi_sample( 1491): [2157943263,2015482,228109574,1064086,2157943263,2015482,228109574,1064086,2537489103,2587057,149974864,918745,1668096375918]
11-11 04:06:15.921 I/am_kill ( 1491): [0,9548,com.qti.diagservices,995,Unable to freeze binder interface]
11-11 04:06:15.922 I/am_kill ( 1491): [0,27535,com.microsoft.emmx,955,Unable to freeze binder interface]
11-11 04:06:15.923 I/am_kill ( 1491): [0,27536,com.android.documentsui,945,Unable to freeze binder interface]
11-11 04:06:15.923 I/am_kill ( 1491): [0,27537,com.android.gallery3d,945,Unable to freeze binder interface]
11-11 04:06:15.946 I/am_proc_died( 1491): [0,9548,com.qti.diagservices,995,10]
11-11 04:06:15.947 I/am_schedule_service_restart( 1491): [0,com.qti.diagservices/.QTIDiagServices,1000]
11-11 04:06:15.955 I/am_proc_died( 1491): [0,27535,com.microsoft.emmx,955,19]
11-11 04:06:15.956 I/am_uid_stopped( 1491): 10034
11-11 04:06:15.962 I/am_uid_stopped( 1491): 10020
11-11 04:06:15.962 I/am_uid_running( 1491): 10020
11-11 04:06:15.963 I/am_pss ( 1491): [29058,10100,com.qiyi.video.pad:plugin1,53698560,29253632,23552,176652288,0,19,10]
11-11 04:06:15.963 I/am_uid_stopped( 1491): 10065
11-11 04:06:15.963 I/am_uid_running( 1491): 10065
11-11 04:06:15.964 I/am_proc_died( 1491): [0,27537,com.android.gallery3d,945,19]
11-11 04:06:15.967 I/am_proc_died( 1491): [0,27536,com.android.documentsui,945,19]
11-11 04:06:15.984 I/am_proc_start( 1491): [0,30057,10020,com.android.documentsui,NULL,]
11-11 04:06:15.993 I/am_proc_start( 1491): [0,30058,10065,com.android.gallery3d,NULL,]
11-11 04:06:16.022 I/am_proc_bound( 1491): [0,30057,com.android.documentsui]
11-11 04:06:16.027 I/am_proc_bound( 1491): [0,30058,com.android.gallery3d]
11-11 04:06:16.295 I/auditd ( 0): type=1400 audit(0.0:19890): avc: denied { kill } for comm="swapper/1" capability=5 scontext=u:r:kernel:s0 tcontext=u:r:kernel:s0 tclass=capability permissive=0
11-11 04:06:16.978 I/am_proc_start( 1491): [0,30101,1000,com.qti.diagservices,service,{com.qti.diagservices/com.qti.diagservices.QTIDiagServices}]
11-11 04:06:17.022 I/am_proc_bound( 1491): [0,30101,com.qti.diagservices]
11-11 04:06:17.067 I/auditd (30101): type=1400 audit(0.0:19891): avc: denied { read write } for comm="ti.diagservices" name="diag" dev="tmpfs" ino=2148 scontext=u:r:system_app:s0 tcontext=u:object_r:vendor_diag_device:s0 tclass=chr_file permissive=0
11-11 04:06:17.295 I/auditd ( 0): type=1400 audit(0.0:19892): avc: denied { kill } for comm="swapper/1" capability=5 scontext=u:r:kernel:s0 tcontext=u:r:kernel:s0 tclass=capability permissive=0
11-11 04:06:17.839 I/auditd (13536): type=1400 audit(0.0:19893): avc: denied { read } for comm=5468726561642D32202D2031333538 name="tcp" dev="proc" ino=4026532256 scontext=u:r:untrusted_app_29:s0:c99,c256,c512,c768 tcontext=u:object_r:proc_net_tcp_udp:s0 tclass=file permissive=0 app=com.smile.gifmaker
11-11 04:06:18.295 I/auditd ( 0): type=1400 audit(0.0:19894): avc: denied { kill } for comm="swapper/1" capability=5 scontext=u:r:kernel:s0 tcontext=u:r:kernel:s0 tclass=capability permissive=0
11-11 04:06:18.763 I/auditd (13483): type=1400 audit(0.0:19895): avc: granted { nlmsg_readpriv } for comm="ChromiumNet0" scontext=u:r:untrusted_app_29:s0:c98,c256,c512,c768 tcontext=u:r:untrusted_app_29:s0:c98,c256,c512,c768 tclass=netlink_route_socket app=com.ss.android.ugc.aweme
11-11 04:06:19.295 I/auditd ( 0): type=1400 audit(0.0:19896): avc: denied { kill } for comm="swapper/1" capability=5 scontext=u:r:kernel:s0 tcontext=u:r:kernel:s0 tclass=capability permissive=0
11-11 04:06:20.295 I/auditd ( 0): type=1400 audit(0.0:19897): avc: denied { kill } for comm="swapper/1" capability=5 scontext=u:r:kernel:s0 tcontext=u:r:kernel:s0 tclass=capability permissive=0
11-11 04:06:21.295 I/auditd ( 0): type=1400 audit(0.0:19898): avc: denied { kill } for comm="swapper/1" capability=5 scontext=u:r:kernel:s0 tcontext=u:r:kernel:s0 tclass=capability permissive=0
11-11 04:06:21.384 I/am_uid_active( 1491): 10101
11-11 04:06:22.295 I/auditd ( 0): type=1400 audit(0.0:19899): avc: denied { kill } for comm="swapper/1" capability=5 scontext=u:r:kernel:s0 tcontext=u:r:kernel:s0 tclass=capability permissive=0
11-11 04:06:23.295 I/auditd ( 0): type=1400 audit(0.0:19900): avc: denied { kill } for comm="swapper/1" capability=5 scontext=u:r:kernel:s0 tcontext=u:r:kernel:s0 tclass=capability permissive=0
11-11 04:06:23.899 I/auditd (13529): type=1400 audit(0.0:19901): avc: denied { read } for comm="Thread-29" name="tcp" dev="proc" ino=4026532256 scontext=u:r:untrusted_app:s0:c103,c256,c512,c768 tcontext=u:object_r:proc_net_tcp_udp:s0 tclass=file permissive=0 app=tv.danmaku.bilibilihd
11-11 04:06:24.295 I/auditd ( 0): type=1400 audit(0.0:19902): avc: denied { kill } for comm="swapper/1" capability=5 scontext=u:r:kernel:s0 tcontext=u:r:kernel:s0 tclass=capability permissive=0
11-11 04:06:26.295 I/auditd ( 0): type=1400 audit(0.0:19903): avc: denied { kill } for comm="swapper/1" capability=5 scontext=u:r:kernel:s0 tcontext=u:r:kernel:s0 tclass=capability permissive=0
11-11 04:06:27.295 I/auditd ( 0): type=1400 audit(0.0:19904): avc: denied { kill } for comm="swapper/1" capability=5 scontext=u:r:kernel:s0 tcontext=u:r:kernel:s0 tclass=capability permissive=0
11-11 04:06:28.295 I/auditd ( 0): type=1400 audit(0.0:19905): avc: denied { kill } for comm="swapper/1" capability=5 scontext=u:r:kernel:s0 tcontext=u:r:kernel:s0 tclass=capability permissive=0
11-11 04:06:28.746 I/am_kill ( 1491): [0,14597,com.tencent.qqlive:services,975,empty for 1801s]
11-11 04:06:28.751 I/am_kill ( 1491): [0,15099,com.tencent.qqlive:cache,975,empty for 1801s]
11-11 04:06:28.753 I/am_uid_active( 1491): 10099
11-11 04:06:28.792 I/am_proc_died( 1491): [0,14597,com.tencent.qqlive:services,975,19]
11-11 04:06:28.794 I/am_schedule_service_restart( 1491): [0,com.tencent.qqlive/.pay.service.PayService,1000]
11-11 04:06:28.798 I/am_proc_died( 1491): [0,15099,com.tencent.qqlive:cache,975,19]
11-11 04:06:28.895 I/auditd (15150): type=1400 audit(0.0:19906): avc: denied { read } for comm="aker:messagesdk" name="tcp" dev="proc" ino=4026532256 scontext=u:r:untrusted_app_29:s0:c99,c256,c512,c768 tcontext=u:object_r:proc_net_tcp_udp:s0 tclass=file permissive=0 app=com.smile.gifmaker
11-11 04:06:29.295 I/auditd ( 0): type=1400 audit(0.0:19907): avc: denied { kill } for comm="swapper/1" capability=5 scontext=u:r:kernel:s0 tcontext=u:r:kernel:s0 tclass=capability permissive=0
11-11 04:06:29.815 I/am_proc_start( 1491): [0,30197,10101,com.tencent.qqlive:services,service,{com.tencent.qqlive/com.tencent.qqlive.pay.service.PayService}]
11-11 04:06:29.856 I/am_proc_bound( 1491): [0,30197,com.tencent.qqlive:services]
11-11 04:06:30.140 I/am_proc_start( 1491): [0,30255,10101,com.tencent.qqlive:cache,service,{com.tencent.qqlive/com.tencent.qqlive.ipc.BroadcastService}]
11-11 04:06:30.164 I/am_proc_bound( 1491): [0,30255,com.tencent.qqlive:cache]
11-11 04:06:30.475 I/auditd (30356): type=1400 audit(0.0:19908): avc: denied { getattr } for comm="stat" path="/mnt/sdcard" dev="tmpfs" ino=16024 scontext=u:r:untrusted_app:s0:c101,c256,c512,c768 tcontext=u:object_r:mnt_sdcard_file:s0 tclass=lnk_file permissive=0 app=com.tencent.qqlive
11-11 04:06:30.479 I/auditd (30197): type=1400 audit(0.0:19909): avc: denied { getattr } for comm="qm-thread-1" path="/mnt/sdcard" dev="tmpfs" ino=16024 scontext=u:r:untrusted_app:s0:c101,c256,c512,c768 tcontext=u:object_r:mnt_sdcard_file:s0 tclass=lnk_file permissive=0 app=com.tencent.qqlive
11-11 04:06:30.479 I/auditd (30197): type=1400 audit(0.0:19910): avc: denied { getattr } for comm="qm-thread-1" path="/mnt/sdcard" dev="tmpfs" ino=16024 scontext=u:r:untrusted_app:s0:c101,c256,c512,c768 tcontext=u:object_r:mnt_sdcard_file:s0 tclass=lnk_file permissive=0 app=com.tencent.qqlive
11-11 04:06:30.491 I/auditd (30197): type=1400 audit(0.0:19911): avc: denied { read } for comm="qm-thread-1" name="/" dev="dm-5" ino=2 scontext=u:r:untrusted_app:s0:c101,c256,c512,c768 tcontext=u:object_r:rootfs:s0 tclass=dir permissive=0 app=com.tencent.qqlive
11-11 04:06:30.903 I/auditd (30444): type=1400 audit(0.0:19912): avc: denied { getattr } for comm="stat" path="/mnt/sdcard" dev="tmpfs" ino=16024 scontext=u:r:untrusted_app:s0:c101,c256,c512,c768 tcontext=u:object_r:mnt_sdcard_file:s0 tclass=lnk_file permissive=0 app=com.tencent.qqlive
11-11 04:06:30.903 I/auditd (30255): type=1400 audit(0.0:19913): avc: denied { getattr } for comm="qm-thread-1" path="/mnt/sdcard" dev="tmpfs" ino=16024 scontext=u:r:untrusted_app:s0:c101,c256,c512,c768 tcontext=u:object_r:mnt_sdcard_file:s0 tclass=lnk_file permissive=0 app=com.tencent.qqlive
11-11 04:06:32.295 I/auditd ( 0): type=1400 audit(0.0:19917): avc: denied { kill } for comm="swapper/2" capability=5 scontext=u:r:kernel:s0 tcontext=u:r:kernel:s0 tclass=capability permissive=0
11-11 04:06:33.295 I/auditd ( 0): type=1400 audit(0.0:19918): avc: denied { kill } for comm="swapper/2" capability=5 scontext=u:r:kernel:s0 tcontext=u:r:kernel:s0 tclass=capability permissive=0
11-11 04:06:33.515 I/auditd (30197): type=1400 audit(0.0:19919): avc: denied { read } for comm="Shark-Looper-Ma" name="version" dev="proc" ino=4026532238 scontext=u:r:untrusted_app:s0:c101,c256,c512,c768 tcontext=u:object_r:proc_version:s0 tclass=file permissive=0 app=com.tencent.qqlive
11-11 04:06:33.535 I/auditd (30197): type=1400 audit(0.0:19920): avc: denied { read } for comm="Shark-Looper-Ma" name="version" dev="proc" ino=4026532238 scontext=u:r:untrusted_app:s0:c101,c256,c512,c768 tcontext=u:object_r:proc_version:s0 tclass=file permissive=0 app=com.tencent.qqlive
11-11 04:06:33.564 I/service_manager_stats( 1491): [100,16,94962]
11-11 04:06:33.572 I/netstats_mobile_sample( 1491): [0,0,0,0,0,0,0,0,0,0,0,0,1668096393572]
11-11 04:06:33.572 I/netstats_wifi_sample( 1491): [2158372699,2016370,228444123,1065160,2158372699,2016370,228444123,1065160,2538078911,2588522,150208217,919588,1668096393572]
11-11 04:06:34.295 I/auditd ( 0): type=1400 audit(0.0:19921): avc: denied { kill } for comm="swapper/2" capability=5 scontext=u:r:kernel:s0 tcontext=u:r:kernel:s0 tclass=capability permissive=0
11-11 04:06:35.295 I/auditd ( 0): type=1400 audit(0.0:19922): avc: denied { kill } for comm="swapper/2" capability=5 scontext=u:r:kernel:s0 tcontext=u:r:kernel:s0 tclass=capability permissive=0
11-11 04:06:36.295 I/auditd ( 0): type=1400 audit(0.0:19923): avc: denied { kill } for comm="swapper/2" capability=5 scontext=u:r:kernel:s0 tcontext=u:r:kernel:s0 tclass=capability permissive=0
11-11 04:06:37.295 I/auditd ( 0): type=1400 audit(0.0:19924): avc: denied { kill } for comm="swapper/2" capability=5 scontext=u:r:kernel:s0 tcontext=u:r:kernel:s0 tclass=capability permissive=0
11-11 04:06:38.295 I/auditd ( 0): type=1400 audit(0.0:19925): avc: denied { kill } for comm="swapper/2" capability=5 scontext=u:r:kernel:s0 tcontext=u:r:kernel:s0 tclass=capability permissive=0
11-11 04:06:38.812 I/am_pss ( 1491): [30101,1000,com.qti.diagservices,6578176,4239360,46080,88510464,0,10,13]
11-11 04:06:38.822 I/am_pss ( 1491): [30058,10065,com.android.gallery3d,7571456,5586944,47104,88653824,0,19,8]
11-11 04:06:38.819 I/auditd (30197): type=1400 audit(0.0:19926): avc: denied { read } for comm="qm-thread-2" name="/" dev="dm-5" ino=2 scontext=u:r:untrusted_app:s0:c101,c256,c512,c768 tcontext=u:object_r:rootfs:s0 tclass=dir permissive=0 app=com.tencent.qqlive
11-11 04:06:38.832 I/am_pss ( 1491): [30057,10020,com.android.documentsui,13848576,11288576,47104,102404096,0,19,8]
11-11 04:06:39.295 I/auditd ( 0): type=1400 audit(0.0:19927): avc: denied { kill } for comm="swapper/2" capability=5 scontext=u:r:kernel:s0 tcontext=u:r:kernel:s0 tclass=capability permissive=0
11-11 04:06:40.195 I/auditd (30255): type=1400 audit(0.0:19928): avc: denied { read } for comm="qm-thread-2" name="/" dev="dm-5" ino=2 scontext=u:r:untrusted_app:s0:c101,c256,c512,c768 tcontext=u:object_r:rootfs:s0 tclass=dir permissive=0 app=com.tencent.qqlive
11-11 04:06:41.295 I/auditd ( 0): type=1400 audit(0.0:19929): avc: denied { kill } for comm="swapper/1" capability=5 scontext=u:r:kernel:s0 tcontext=u:r:kernel:s0 tclass=capability permissive=0
11-11 04:06:42.295 I/auditd ( 0): type=1400 audit(0.0:19930): avc: denied { kill } for comm="swapper/1" capability=5 scontext=u:r:kernel:s0 tcontext=u:r:kernel:s0 tclass=capability permissive=0
11-11 04:06:43.295 I/auditd ( 0): type=1400 audit(0.0:19931): avc: denied { kill } for comm="swapper/1" capability=5 scontext=u:r:kernel:s0 tcontext=u:r:kernel:s0 tclass=capability permissive=0
11-11 04:06:45.295 I/auditd ( 0): type=1400 audit(0.0:19932): avc: denied { kill } for comm="swapper/3" capability=5 scontext=u:r:kernel:s0 tcontext=u:r:kernel:s0 tclass=capability permissive=0
11-11 04:06:46.295 I/auditd ( 0): type=1400 audit(0.0:19933): avc: denied { kill } for comm="swapper/3" capability=5 scontext=u:r:kernel:s0 tcontext=u:r:kernel:s0 tclass=capability permissive=0
11-11 04:06:47.299 I/auditd ( 0): type=1400 audit(0.0:19934): avc: denied { kill } for comm="swapper/3" capability=5 scontext=u:r:kernel:s0 tcontext=u:r:kernel:s0 tclass=capability permissive=0
11-11 04:06:48.095 I/auditd (30197): type=1400 audit(0.0:19935): avc: denied { read } for comm="qm-thread-2" name="/" dev="dm-5" ino=2 scontext=u:r:untrusted_app:s0:c101,c256,c512,c768 tcontext=u:object_r:rootfs:s0 tclass=dir permissive=0 app=com.tencent.qqlive
11-11 04:06:48.295 I/auditd ( 0): type=1400 audit(0.0:19936): avc: denied { kill } for comm="swapper/3" capability=5 scontext=u:r:kernel:s0 tcontext=u:r:kernel:s0 tclass=capability permissive=0
11-11 04:06:49.295 I/auditd ( 0): type=1400 audit(0.0:19937): avc: denied { kill } for comm="swapper/3" capability=5 scontext=u:r:kernel:s0 tcontext=u:r:kernel:s0 tclass=capability permissive=0
11-11 04:06:50.295 I/auditd ( 0): type=1400 audit(0.0:19938): avc: denied { kill } for comm="swapper/3" capability=5 scontext=u:r:kernel:s0 tcontext=u:r:kernel:s0 tclass=capability permissive=0
11-11 04:06:50.459 I/auditd (30255): type=1400 audit(0.0:19939): avc: denied { read } for comm="qm-thread-1" name="/" dev="dm-5" ino=2 scontext=u:r:untrusted_app:s0:c101,c256,c512,c768 tcontext=u:object_r:rootfs:s0 tclass=dir permissive=0 app=com.tencent.qqlive
11-11 04:06:51.295 I/auditd ( 0): type=1400 audit(0.0:19940): avc: denied { kill } for comm="swapper/3" capability=5 scontext=u:r:kernel:s0 tcontext=u:r:kernel:s0 tclass=capability permissive=0
11-11 04:06:52.295 I/auditd ( 0): type=1400 audit(0.0:19941): avc: denied { kill } for comm="swapper/3" capability=5 scontext=u:r:kernel:s0 tcontext=u:r:kernel:s0 tclass=capability permissive=0
11-11 04:06:53.295 I/auditd ( 0): type=1400 audit(0.0:19942): avc: denied { kill } for comm="swapper/3" capability=5 scontext=u:r:kernel:s0 tcontext=u:r:kernel:s0 tclass=capability permissive=0
11-11 04:06:54.007 I/auditd (13529): type=1400 audit(0.0:19943): avc: denied { read } for comm="Thread-29" name="tcp" dev="proc" ino=4026532256 scontext=u:r:untrusted_app:s0:c103,c256,c512,c768 tcontext=u:object_r:proc_net_tcp_udp:s0 tclass=file permissive=0 app=tv.danmaku.bilibilihd
11-11 04:06:54.299 I/auditd ( 0): type=1400 audit(0.0:19944): avc: denied { kill } for comm="swapper/3" capability=5 scontext=u:r:kernel:s0 tcontext=u:r:kernel:s0 tclass=capability permissive=0
11-11 04:06:55.299 I/auditd ( 0): type=1400 audit(0.0:19945): avc: denied { kill } for comm="swapper/3" capability=5 scontext=u:r:kernel:s0 tcontext=u:r:kernel:s0 tclass=capability permissive=0
11-11 04:06:56.295 I/auditd ( 0): type=1400 audit(0.0:19946): avc: denied { kill } for comm="swapper/3" capability=5 scontext=u:r:kernel:s0 tcontext=u:r:kernel:s0 tclass=capability permissive=0
11-11 04:06:57.295 I/auditd ( 0): type=1400 audit(0.0:19947): avc: denied { kill } for comm="swapper/3" capability=5 scontext=u:r:kernel:s0 tcontext=u:r:kernel:s0 tclass=capability permissive=0
11-11 04:06:58.295 I/auditd ( 0): type=1400 audit(0.0:19948): avc: denied { kill } for comm="swapper/3" capability=5 scontext=u:r:kernel:s0 tcontext=u:r:kernel:s0 tclass=capability permissive=0
11-11 04:06:59.295 I/auditd ( 0): type=1400 audit(0.0:19949): avc: denied { kill } for comm="swapper/3" capability=5 scontext=u:r:kernel:s0 tcontext=u:r:kernel:s0 tclass=capability permissive=0
11-11 04:07:00.299 I/auditd ( 0): type=1400 audit(0.0:19950): avc: denied { kill } for comm="swapper/3" capability=5 scontext=u:r:kernel:s0 tcontext=u:r:kernel:s0 tclass=capability permissive=0
11-11 04:07:00.391 I/auditd (30197): type=1400 audit(0.0:19951): avc: denied { read } for comm="qm-thread-2" name="/" dev="dm-5" ino=2 scontext=u:r:untrusted_app:s0:c101,c256,c512,c768 tcontext=u:object_r:rootfs:s0 tclass=dir permissive=0 app=com.tencent.qqlive
11-11 04:07:01.295 I/auditd ( 0): type=1400 audit(0.0:19952): avc: denied { kill } for comm="swapper/3" capability=5 scontext=u:r:kernel:s0 tcontext=u:r:kernel:s0 tclass=capability permissive=0
11-11 04:07:02.719 I/auditd (30255): type=1400 audit(0.0:19953): avc: denied { read } for comm="qm-thread-1" name="/" dev="dm-5" ino=2 scontext=u:r:untrusted_app:s0:c101,c256,c512,c768 tcontext=u:object_r:rootfs:s0 tclass=dir permissive=0 app=com.tencent.qqlive
11-11 04:07:03.295 I/auditd ( 0): type=1400 audit(0.0:19954): avc: denied { kill } for comm="swapper/3" capability=5 scontext=u:r:kernel:s0 tcontext=u:r:kernel:s0 tclass=capability permissive=0
11-11 04:07:04.295 I/auditd ( 0): type=1400 audit(0.0:19955): avc: denied { kill } for comm="swapper/3" capability=5 scontext=u:r:kernel:s0 tcontext=u:r:kernel:s0 tclass=capability permissive=0
11-11 04:07:05.295 I/auditd ( 0): type=1400 audit(0.0:19956): avc: denied { kill } for comm="swapper/3" capability=5 scontext=u:r:kernel:s0 tcontext=u:r:kernel:s0 tclass=capability permissive=0
11-11 04:07:06.295 I/auditd ( 0): type=1400 audit(0.0:19957): avc: denied { kill } for comm="swapper/3" capability=5 scontext=u:r:kernel:s0 tcontext=u:r:kernel:s0 tclass=capability permissive=0
11-11 04:07:08.295 I/auditd ( 0): type=1400 audit(0.0:19958): avc: denied { kill } for comm="swapper/3" capability=5 scontext=u:r:kernel:s0 tcontext=u:r:kernel:s0 tclass=capability permissive=0
11-11 04:07:09.295 I/auditd ( 0): type=1400 audit(0.0:19959): avc: denied { kill } for comm="swapper/3" capability=5 scontext=u:r:kernel:s0 tcontext=u:r:kernel:s0 tclass=capability permissive=0
11-11 04:07:10.295 I/auditd ( 0): type=1400 audit(0.0:19960): avc: denied { kill } for comm="swapper/3" capability=5 scontext=u:r:kernel:s0 tcontext=u:r:kernel:s0 tclass=capability permissive=0
11-11 04:07:11.295 I/auditd ( 0): type=1400 audit(0.0:19961): avc: denied { kill } for comm="swapper/3" capability=5 scontext=u:r:kernel:s0 tcontext=u:r:kernel:s0 tclass=capability permissive=0
11-11 04:07:12.295 I/auditd ( 0): type=1400 audit(0.0:19962): avc: denied { kill } for comm="swapper/3" capability=5 scontext=u:r:kernel:s0 tcontext=u:r:kernel:s0 tclass=capability permissive=0
11-11 04:07:13.295 I/auditd ( 0): type=1400 audit(0.0:19963): avc: denied { kill } for comm="swapper/3" capability=5 scontext=u:r:kernel:s0 tcontext=u:r:kernel:s0 tclass=capability permissive=0
11-11 04:07:14.295 I/auditd ( 0): type=1400 audit(0.0:19964): avc: denied { kill } for comm="swapper/3" capability=5 scontext=u:r:kernel:s0 tcontext=u:r:kernel:s0 tclass=capability permissive=0
11-11 04:07:15.230 I/am_freeze( 1491): [27844,com.android.music]
11-11 04:07:15.232 I/am_kill ( 1491): [0,27844,com.android.music,955,Unable to freeze binder interface]
11-11 04:07:15.262 I/am_proc_died( 1491): [0,27844,com.android.music,955,19]
11-11 04:07:15.262 I/am_uid_stopped( 1491): 10086
11-11 04:07:15.267 I/am_uid_running( 1491): 10086
11-11 04:07:15.284 I/am_pss ( 1491): [13511,10101,com.tencent.qqlive,111241216,70246400,23552,267649024,0,10,17]
11-11 04:07:15.284 I/am_proc_start( 1491): [0,30622,10086,com.android.music,NULL,]
11-11 04:07:15.298 I/am_pss ( 1491): [30255,10101,com.tencent.qqlive:cache,53809152,18837504,23552,192933888,0,10,12]
11-11 04:07:15.312 I/am_pss ( 1491): [30197,10101,com.tencent.qqlive:services,55925760,20340736,23552,195719168,0,10,12]
11-11 04:07:15.320 I/am_proc_bound( 1491): [0,30622,com.android.music]
11-11 04:07:15.320 I/am_pss ( 1491): [30101,1000,com.qti.diagservices,6589440,4239360,46080,88510464,0,10,6]
11-11 04:07:15.326 I/am_pss ( 1491): [30058,10065,com.android.gallery3d,7573504,5586944,47104,88653824,0,19,5]
11-11 04:07:15.333 I/am_pss ( 1491): [30057,10020,com.android.documentsui,13854720,11288576,47104,102404096,0,19,6]
11-11 04:07:16.295 I/auditd ( 0): type=1400 audit(0.0:19965): avc: denied { kill } for comm="swapper/3" capability=5 scontext=u:r:kernel:s0 tcontext=u:r:kernel:s0 tclass=capability permissive=0
11-11 04:07:17.295 I/auditd ( 0): type=1400 audit(0.0:19966): avc: denied { kill } for comm="swapper/3" capability=5 scontext=u:r:kernel:s0 tcontext=u:r:kernel:s0 tclass=capability permissive=0
11-11 04:07:17.867 I/auditd (13536): type=1400 audit(0.0:19967): avc: denied { read } for comm=5468726561642D32202D2031333538 name="tcp" dev="proc" ino=4026532256 scontext=u:r:untrusted_app_29:s0:c99,c256,c512,c768 tcontext=u:object_r:proc_net_tcp_udp:s0 tclass=file permissive=0 app=com.smile.gifmaker
11-11 04:07:18.295 I/auditd ( 0): type=1400 audit(0.0:19968): avc: denied { kill } for comm="swapper/3" capability=5 scontext=u:r:kernel:s0 tcontext=u:r:kernel:s0 tclass=capability permissive=0
11-11 04:07:19.295 I/auditd ( 0): type=1400 audit(0.0:19969): avc: denied { kill } for comm="swapper/3" capability=5 scontext=u:r:kernel:s0 tcontext=u:r:kernel:s0 tclass=capability permissive=0
11-11 04:07:20.295 I/auditd ( 0): type=1400 audit(0.0:19970): avc: denied { kill } for comm="swapper/3" capability=5 scontext=u:r:kernel:s0 tcontext=u:r:kernel:s0 tclass=capability permissive=0
11-11 04:07:21.295 I/auditd ( 0): type=1400 audit(0.0:19971): avc: denied { kill } for comm="swapper/3" capability=5 scontext=u:r:kernel:s0 tcontext=u:r:kernel:s0 tclass=capability permissive=0
11-11 04:07:22.295 I/auditd ( 0): type=1400 audit(0.0:19972): avc: denied { kill } for comm="swapper/3" capability=5 scontext=u:r:kernel:s0 tcontext=u:r:kernel:s0 tclass=capability permissive=0
11-11 04:07:23.295 I/auditd ( 0): type=1400 audit(0.0:19973): avc: denied { kill } for comm="swapper/3" capability=5 scontext=u:r:kernel:s0 tcontext=u:r:kernel:s0 tclass=capability permissive=0
11-11 04:07:24.087 I/auditd (13529): type=1400 audit(0.0:19974): avc: denied { read } for comm="Thread-29" name="tcp" dev="proc" ino=4026532256 scontext=u:r:untrusted_app:s0:c103,c256,c512,c768 tcontext=u:object_r:proc_net_tcp_udp:s0 tclass=file permissive=0 app=tv.danmaku.bilibilihd
11-11 04:07:24.295 I/auditd ( 0): type=1400 audit(0.0:19975): avc: denied { kill } for comm="swapper/3" capability=5 scontext=u:r:kernel:s0 tcontext=u:r:kernel:s0 tclass=capability permissive=0
11-11 04:07:25.295 I/auditd ( 0): type=1400 audit(0.0:19976): avc: denied { kill } for comm="swapper/3" capability=5 scontext=u:r:kernel:s0 tcontext=u:r:kernel:s0 tclass=capability permissive=0
11-11 04:07:26.299 I/auditd ( 0): type=1400 audit(0.0:19977): avc: denied { kill } for comm="swapper/3" capability=5 scontext=u:r:kernel:s0 tcontext=u:r:kernel:s0 tclass=capability permissive=0
11-11 04:07:26.515 I/am_freeze( 1491): [27949,tv.danmaku.bilibilihd:ijkservice]
11-11 04:07:26.522 I/am_freeze( 1491): [27892,tv.danmaku.bilibilihd:pushservice]
11-11 04:07:26.524 I/am_kill ( 1491): [0,27949,tv.danmaku.bilibilihd:ijkservice,945,Unable to freeze binder interface]
11-11 04:07:26.528 I/am_kill ( 1491): [0,27892,tv.danmaku.bilibilihd:pushservice,955,Unable to freeze binder interface]
11-11 04:07:26.559 I/am_proc_died( 1491): [0,27949,tv.danmaku.bilibilihd:ijkservice,945,19]
11-11 04:07:26.560 I/am_schedule_service_restart( 1491): [0,tv.danmaku.bilibilihd/tv.danmaku.ijk.media.player.services.IjkMediaPlayerService,1000]
11-11 04:07:26.562 I/am_proc_died( 1491): [0,27892,tv.danmaku.bilibilihd:pushservice,955,19]
11-11 04:07:26.689 I/am_proc_start( 1491): [0,30671,10103,tv.danmaku.bilibilihd:pushservice,content provider,{tv.danmaku.bilibilihd/com.bilibili.lib.neuron.internal2.provider.NeuronContentProvider}]
11-11 04:07:26.728 I/am_proc_bound( 1491): [0,30671,tv.danmaku.bilibilihd:pushservice]
11-11 04:07:27.295 I/auditd ( 0): type=1400 audit(0.0:19978): avc: denied { kill } for comm="swapper/3" capability=5 scontext=u:r:kernel:s0 tcontext=u:r:kernel:s0 tclass=capability permissive=0
11-11 04:07:27.581 I/am_proc_start( 1491): [0,30727,10103,tv.danmaku.bilibilihd:ijkservice,service,{tv.danmaku.bilibilihd/tv.danmaku.ijk.media.player.services.IjkMediaPlayerService}]
11-11 04:07:27.613 I/am_proc_bound( 1491): [0,30727,tv.danmaku.bilibilihd:ijkservice]
11-11 04:07:28.295 I/auditd ( 0): type=1400 audit(0.0:19979): avc: denied { kill } for comm="swapper/3" capability=5 scontext=u:r:kernel:s0 tcontext=u:r:kernel:s0 tclass=capability permissive=0
11-11 04:07:28.907 I/auditd (15150): type=1400 audit(0.0:19980): avc: denied { read } for comm="aker:messagesdk" name="tcp" dev="proc" ino=4026532256 scontext=u:r:untrusted_app_29:s0:c99,c256,c512,c768 tcontext=u:object_r:proc_net_tcp_udp:s0 tclass=file permissive=0 app=com.smile.gifmaker
11-11 04:07:29.295 I/auditd ( 0): type=1400 audit(0.0:19981): avc: denied { kill } for comm="swapper/3" capability=5 scontext=u:r:kernel:s0 tcontext=u:r:kernel:s0 tclass=capability permissive=0
11-11 04:07:30.295 I/auditd ( 0): type=1400 audit(0.0:19982): avc: denied { kill } for comm="swapper/3" capability=5 scontext=u:r:kernel:s0 tcontext=u:r:kernel:s0 tclass=capability permissive=0
11-11 04:07:31.295 I/auditd ( 0): type=1400 audit(0.0:19983): avc: denied { kill } for comm="swapper/3" capability=5 scontext=u:r:kernel:s0 tcontext=u:r:kernel:s0 tclass=capability permissive=0
11-11 04:07:31.402 I/am_uid_idle( 1491): 10101
11-11 04:07:31.402 I/am_stop_idle_service( 1491): [10101,com.tencent.qqlive/.ipc.BroadcastService]
11-11 04:07:32.295 I/auditd ( 0): type=1400 audit(0.0:19984): avc: denied { kill } for comm="swapper/3" capability=5 scontext=u:r:kernel:s0 tcontext=u:r:kernel:s0 tclass=capability permissive=0
11-11 04:07:33.295 I/auditd ( 0): type=1400 audit(0.0:19985): avc: denied { kill } for comm="swapper/3" capability=5 scontext=u:r:kernel:s0 tcontext=u:r:kernel:s0 tclass=capability permissive=0
11-11 04:07:34.295 I/auditd ( 0): type=1400 audit(0.0:19986): avc: denied { kill } for comm="swapper/3" capability=5 scontext=u:r:kernel:s0 tcontext=u:r:kernel:s0 tclass=capability permissive=0
11-11 04:07:35.295 I/auditd ( 0): type=1400 audit(0.0:19987): avc: denied { kill } for comm="swapper/3" capability=5 scontext=u:r:kernel:s0 tcontext=u:r:kernel:s0 tclass=capability permissive=0
11-11 04:07:36.295 I/auditd ( 0): type=1400 audit(0.0:19988): avc: denied { kill } for comm="swapper/3" capability=5 scontext=u:r:kernel:s0 tcontext=u:r:kernel:s0 tclass=capability permissive=0
11-11 04:07:37.295 I/auditd ( 0): type=1400 audit(0.0:19989): avc: denied { kill } for comm="swapper/3" capability=5 scontext=u:r:kernel:s0 tcontext=u:r:kernel:s0 tclass=capability permissive=0
11-11 04:07:37.575 I/service_manager_stats(13536): [200,85,1768050]
11-11 04:07:38.030 I/netstats_mobile_sample( 1491): [0,0,0,0,0,0,0,0,0,0,0,0,1668096458029]
11-11 04:07:38.030 I/netstats_wifi_sample( 1491): [2159230567,2018175,229314431,1067887,2159230567,2018175,229314431,1067887,2539368030,2591601,150716200,921507,1668096458029]
11-11 04:07:38.295 I/auditd ( 0): type=1400 audit(0.0:19990): avc: denied { kill } for comm="swapper/3" capability=5 scontext=u:r:kernel:s0 tcontext=u:r:kernel:s0 tclass=capability permissive=0
11-11 04:07:38.795 I/am_uid_idle( 1491): 10099
11-11 04:07:38.795 I/am_stop_idle_service( 1491): [10099,com.smile.gifmaker/com.kwai.chat.kwailink.service.NewKwaiLinkService]
11-11 04:07:39.295 I/auditd ( 0): type=1400 audit(0.0:19991): avc: denied { kill } for comm="swapper/3" capability=5 scontext=u:r:kernel:s0 tcontext=u:r:kernel:s0 tclass=capability permissive=0
11-11 04:07:40.295 I/auditd ( 0): type=1400 audit(0.0:19992): avc: denied { kill } for comm="swapper/3" capability=5 scontext=u:r:kernel:s0 tcontext=u:r:kernel:s0 tclass=capability permissive=0
11-11 04:07:41.295 I/auditd ( 0): type=1400 audit(0.0:19993): avc: denied { kill } for comm="swapper/3" capability=5 scontext=u:r:kernel:s0 tcontext=u:r:kernel:s0 tclass=capability permissive=0
11-11 04:07:42.295 I/auditd ( 0): type=1400 audit(0.0:19994): avc: denied { kill } for comm="swapper/3" capability=5 scontext=u:r:kernel:s0 tcontext=u:r:kernel:s0 tclass=capability permissive=0
11-11 04:07:43.295 I/auditd ( 0): type=1400 audit(0.0:19995): avc: denied { kill } for comm="swapper/3" capability=5 scontext=u:r:kernel:s0 tcontext=u:r:kernel:s0 tclass=capability permissive=0
11-11 04:07:44.295 I/auditd ( 0): type=1400 audit(0.0:19996): avc: denied { kill } for comm="swapper/3" capability=5 scontext=u:r:kernel:s0 tcontext=u:r:kernel:s0 tclass=capability permissive=0
11-11 04:07:45.295 I/auditd ( 0): type=1400 audit(0.0:19997): avc: denied { kill } for comm="swapper/3" capability=5 scontext=u:r:kernel:s0 tcontext=u:r:kernel:s0 tclass=capability permissive=0
11-11 04:07:46.295 I/auditd ( 0): type=1400 audit(0.0:19998): avc: denied { kill } for comm="swapper/1" capability=5 scontext=u:r:kernel:s0 tcontext=u:r:kernel:s0 tclass=capability permissive=0
11-11 04:07:47.295 I/auditd ( 0): type=1400 audit(0.0:19999): avc: denied { kill } for comm="swapper/1" capability=5 scontext=u:r:kernel:s0 tcontext=u:r:kernel:s0 tclass=capability permissive=0
11-11 04:07:48.259 I/am_pss ( 1491): [30671,10103,tv.danmaku.bilibilihd:pushservice,39260160,14807040,46080,170921984,0,19,19]
11-11 04:07:48.295 I/auditd ( 0): type=1400 audit(0.0:20000): avc: denied { kill } for comm="swapper/1" capability=5 scontext=u:r:kernel:s0 tcontext=u:r:kernel:s0 tclass=capability permissive=0
11-11 04:07:49.295 I/auditd ( 0): type=1400 audit(0.0:20001): avc: denied { kill } for comm="swapper/1" capability=5 scontext=u:r:kernel:s0 tcontext=u:r:kernel:s0 tclass=capability permissive=0
11-11 04:07:50.295 I/auditd ( 0): type=1400 audit(0.0:20002): avc: denied { kill } for comm="swapper/1" capability=5 scontext=u:r:kernel:s0 tcontext=u:r:kernel:s0 tclass=capability permissive=0
11-11 04:07:51.295 I/auditd ( 0): type=1400 audit(0.0:20003): avc: denied { kill } for comm="swapper/1" capability=5 scontext=u:r:kernel:s0 tcontext=u:r:kernel:s0 tclass=capability permissive=0
11-11 04:07:52.295 I/auditd ( 0): type=1400 audit(0.0:20004): avc: denied { kill } for comm="swapper/1" capability=5 scontext=u:r:kernel:s0 tcontext=u:r:kernel:s0 tclass=capability permissive=0
11-11 04:07:53.295 I/auditd ( 0): type=1400 audit(0.0:20005): avc: denied { kill } for comm="swapper/1" capability=5 scontext=u:r:kernel:s0 tcontext=u:r:kernel:s0 tclass=capability permissive=0
11-11 04:07:54.183 I/auditd (13529): type=1400 audit(0.0:20006): avc: denied { read } for comm="Thread-29" name="tcp" dev="proc" ino=4026532256 scontext=u:r:untrusted_app:s0:c103,c256,c512,c768 tcontext=u:object_r:proc_net_tcp_udp:s0 tclass=file permissive=0 app=tv.danmaku.bilibilihd
11-11 04:07:54.295 I/auditd ( 0): type=1400 audit(0.0:20007): avc: denied { kill } for comm="swapper/1" capability=5 scontext=u:r:kernel:s0 tcontext=u:r:kernel:s0 tclass=capability permissive=0
11-11 04:07:55.295 I/auditd ( 0): type=1400 audit(0.0:20008): avc: denied { kill } for comm="swapper/1" capability=5 scontext=u:r:kernel:s0 tcontext=u:r:kernel:s0 tclass=capability permissive=0
11-11 04:07:56.295 I/auditd ( 0): type=1400 audit(0.0:20009): avc: denied { kill } for comm="swapper/1" capability=5 scontext=u:r:kernel:s0 tcontext=u:r:kernel:s0 tclass=capability permissive=0
11-11 04:07:58.295 I/auditd ( 0): type=1400 audit(0.0:20010): avc: denied { kill } for comm="swapper/1" capability=5 scontext=u:r:kernel:s0 tcontext=u:r:kernel:s0 tclass=capability permissive=0
11-11 04:07:59.295 I/auditd ( 0): type=1400 audit(0.0:20011): avc: denied { kill } for comm="swapper/1" capability=5 scontext=u:r:kernel:s0 tcontext=u:r:kernel:s0 tclass=capability permissive=0
11-11 04:08:00.295 I/auditd ( 0): type=1400 audit(0.0:20012): avc: denied { kill } for comm="swapper/1" capability=5 scontext=u:r:kernel:s0 tcontext=u:r:kernel:s0 tclass=capability permissive=0
11-11 04:08:01.295 I/auditd ( 0): type=1400 audit(0.0:20013): avc: denied { kill } for comm="swapper/1" capability=5 scontext=u:r:kernel:s0 tcontext=u:r:kernel:s0 tclass=capability permissive=0
11-11 04:08:02.299 I/auditd ( 0): type=1400 audit(0.0:20014): avc: denied { kill } for comm="swapper/1" capability=5 scontext=u:r:kernel:s0 tcontext=u:r:kernel:s0 tclass=capability permissive=0
11-11 04:08:03.295 I/auditd ( 0): type=1400 audit(0.0:20015): avc: denied { kill } for comm="swapper/1" capability=5 scontext=u:r:kernel:s0 tcontext=u:r:kernel:s0 tclass=capability permissive=0
11-11 04:08:04.295 I/auditd ( 0): type=1400 audit(0.0:20016): avc: denied { kill } for comm="swapper/1" capability=5 scontext=u:r:kernel:s0 tcontext=u:r:kernel:s0 tclass=capability permissive=0
11-11 04:08:05.295 I/auditd ( 0): type=1400 audit(0.0:20017): avc: denied { kill } for comm="swapper/1" capability=5 scontext=u:r:kernel:s0 tcontext=u:r:kernel:s0 tclass=capability permissive=0
11-11 04:08:06.295 I/auditd ( 0): type=1400 audit(0.0:20018): avc: denied { kill } for comm="swapper/1" capability=5 scontext=u:r:kernel:s0 tcontext=u:r:kernel:s0 tclass=capability permissive=0
11-11 04:08:07.295 I/auditd ( 0): type=1400 audit(0.0:20019): avc: denied { kill } for comm="swapper/1" capability=5 scontext=u:r:kernel:s0 tcontext=u:r:kernel:s0 tclass=capability permissive=0
11-11 04:08:08.295 I/auditd ( 0): type=1400 audit(0.0:20020): avc: denied { kill } for comm="swapper/1" capability=5 scontext=u:r:kernel:s0 tcontext=u:r:kernel:s0 tclass=capability permissive=0
11-11 04:08:09.295 I/auditd ( 0): type=1400 audit(0.0:20021): avc: denied { kill } for comm="swapper/1" capability=5 scontext=u:r:kernel:s0 tcontext=u:r:kernel:s0 tclass=capability permissive=0
11-11 04:08:09.545 I/am_pss ( 1491): [30671,10103,tv.danmaku.bilibilihd:pushservice,39168000,14606336,46080,171032576,0,19,11]
11-11 04:08:10.295 I/auditd ( 0): type=1400 audit(0.0:20022): avc: denied { kill } for comm="swapper/1" capability=5 scontext=u:r:kernel:s0 tcontext=u:r:kernel:s0 tclass=capability permissive=0
11-11 04:08:12.299 I/auditd ( 0): type=1400 audit(0.0:20023): avc: denied { kill } for comm="swapper/1" capability=5 scontext=u:r:kernel:s0 tcontext=u:r:kernel:s0 tclass=capability permissive=0
11-11 04:08:13.295 I/auditd ( 0): type=1400 audit(0.0:20024): avc: denied { kill } for comm="swapper/1" capability=5 scontext=u:r:kernel:s0 tcontext=u:r:kernel:s0 tclass=capability permissive=0
11-11 04:08:14.295 I/auditd ( 0): type=1400 audit(0.0:20025): avc: denied { kill } for comm="swapper/1" capability=5 scontext=u:r:kernel:s0 tcontext=u:r:kernel:s0 tclass=capability permissive=0
11-11 04:08:15.295 I/auditd ( 0): type=1400 audit(0.0:20026): avc: denied { kill } for comm="swapper/1" capability=5 scontext=u:r:kernel:s0 tcontext=u:r:kernel:s0 tclass=capability permissive=0
11-11 04:08:16.299 I/auditd ( 0): type=1400 audit(0.0:20027): avc: denied { kill } for comm="swapper/1" capability=5 scontext=u:r:kernel:s0 tcontext=u:r:kernel:s0 tclass=capability permissive=0
11-11 04:08:17.295 I/auditd ( 0): type=1400 audit(0.0:20028): avc: denied { kill } for comm="swapper/1" capability=5 scontext=u:r:kernel:s0 tcontext=u:r:kernel:s0 tclass=capability permissive=0
11-11 04:08:17.895 I/auditd (13536): type=1400 audit(0.0:20029): avc: denied { read } for comm=5468726561642D32202D2031333538 name="tcp" dev="proc" ino=4026532256 scontext=u:r:untrusted_app_29:s0:c99,c256,c512,c768 tcontext=u:object_r:proc_net_tcp_udp:s0 tclass=file permissive=0 app=com.smile.gifmaker
11-11 04:08:18.299 I/auditd ( 0): type=1400 audit(0.0:20030): avc: denied { kill } for comm="swapper/1" capability=5 scontext=u:r:kernel:s0 tcontext=u:r:kernel:s0 tclass=capability permissive=0
11-11 04:08:19.295 I/auditd ( 0): type=1400 audit(0.0:20031): avc: denied { kill } for comm="swapper/1" capability=5 scontext=u:r:kernel:s0 tcontext=u:r:kernel:s0 tclass=capability permissive=0
11-11 04:08:20.793 I/am_uid_active( 1491): 10095
11-11 04:08:20.818 I/am_pss ( 1491): [30727,10103,tv.danmaku.bilibilihd:ijkservice,43137024,21590016,46080,169361408,0,19,17]
11-11 04:08:20.825 I/am_pss ( 1491): [30622,10086,com.android.music,7045120,4796416,47104,86290432,0,19,6]
11-11 04:08:21.295 I/auditd ( 0): type=1400 audit(0.0:20032): avc: denied { kill } for comm="swapper/1" capability=5 scontext=u:r:kernel:s0 tcontext=u:r:kernel:s0 tclass=capability permissive=0
11-11 04:08:22.295 I/auditd ( 0): type=1400 audit(0.0:20033): avc: denied { kill } for comm="swapper/1" capability=5 scontext=u:r:kernel:s0 tcontext=u:r:kernel:s0 tclass=capability permissive=0
11-11 04:08:23.295 I/auditd ( 0): type=1400 audit(0.0:20034): avc: denied { kill } for comm="swapper/1" capability=5 scontext=u:r:kernel:s0 tcontext=u:r:kernel:s0 tclass=capability permissive=0
11-11 04:08:24.267 I/auditd (13529): type=1400 audit(0.0:20035): avc: denied { read } for comm="Thread-29" name="tcp" dev="proc" ino=4026532256 scontext=u:r:untrusted_app:s0:c103,c256,c512,c768 tcontext=u:object_r:proc_net_tcp_udp:s0 tclass=file permissive=0 app=tv.danmaku.bilibilihd
11-11 04:08:24.295 I/auditd ( 0): type=1400 audit(0.0:20036): avc: denied { kill } for comm="swapper/1" capability=5 scontext=u:r:kernel:s0 tcontext=u:r:kernel:s0 tclass=capability permissive=0
11-11 04:08:25.295 I/auditd ( 0): type=1400 audit(0.0:20037): avc: denied { kill } for comm="swapper/1" capability=5 scontext=u:r:kernel:s0 tcontext=u:r:kernel:s0 tclass=capability permissive=0
11-11 04:08:26.295 I/auditd ( 0): type=1400 audit(0.0:20038): avc: denied { kill } for comm="swapper/1" capability=5 scontext=u:r:kernel:s0 tcontext=u:r:kernel:s0 tclass=capability permissive=0
11-11 04:08:27.295 I/auditd ( 0): type=1400 audit(0.0:20039): avc: denied { kill } for comm="swapper/1" capability=5 scontext=u:r:kernel:s0 tcontext=u:r:kernel:s0 tclass=capability permissive=0
11-11 04:08:28.295 I/auditd ( 0): type=1400 audit(0.0:20040): avc: denied { kill } for comm="swapper/1" capability=5 scontext=u:r:kernel:s0 tcontext=u:r:kernel:s0 tclass=capability permissive=0
11-11 04:08:28.947 I/auditd (15150): type=1400 audit(0.0:20041): avc: denied { read } for comm="aker:messagesdk" name="tcp" dev="proc" ino=4026532256 scontext=u:r:untrusted_app_29:s0:c99,c256,c512,c768 tcontext=u:object_r:proc_net_tcp_udp:s0 tclass=file permissive=0 app=com.smile.gifmaker
11-11 04:08:29.295 I/auditd ( 0): type=1400 audit(0.0:20042): avc: denied { kill } for comm="swapper/1" capability=5 scontext=u:r:kernel:s0 tcontext=u:r:kernel:s0 tclass=capability permissive=0
11-11 04:08:30.295 I/auditd ( 0): type=1400 audit(0.0:20043): avc: denied { kill } for comm="swapper/1" capability=5 scontext=u:r:kernel:s0 tcontext=u:r:kernel:s0 tclass=capability permissive=0
11-11 04:08:31.295 I/auditd ( 0): type=1400 audit(0.0:20044): avc: denied { kill } for comm="swapper/1" capability=5 scontext=u:r:kernel:s0 tcontext=u:r:kernel:s0 tclass=capability permissive=0
11-11 04:08:32.295 I/auditd ( 0): type=1400 audit(0.0:20045): avc: denied { kill } for comm="swapper/1" capability=5 scontext=u:r:kernel:s0 tcontext=u:r:kernel:s0 tclass=capability permissive=0
11-11 04:08:33.295 I/auditd ( 0): type=1400 audit(0.0:20046): avc: denied { kill } for comm="swapper/1" capability=5 scontext=u:r:kernel:s0 tcontext=u:r:kernel:s0 tclass=capability permissive=0
11-11 04:08:34.295 I/auditd ( 0): type=1400 audit(0.0:20047): avc: denied { kill } for comm="swapper/1" capability=5 scontext=u:r:kernel:s0 tcontext=u:r:kernel:s0 tclass=capability permissive=0
11-11 04:08:35.295 I/auditd ( 0): type=1400 audit(0.0:20048): avc: denied { kill } for comm="swapper/1" capability=5 scontext=u:r:kernel:s0 tcontext=u:r:kernel:s0 tclass=capability permissive=0
11-11 04:08:36.295 I/auditd ( 0): type=1400 audit(0.0:20049): avc: denied { kill } for comm="swapper/1" capability=5 scontext=u:r:kernel:s0 tcontext=u:r:kernel:s0 tclass=capability permissive=0
11-11 04:08:37.295 I/auditd ( 0): type=1400 audit(0.0:20050): avc: denied { kill } for comm="swapper/1" capability=5 scontext=u:r:kernel:s0 tcontext=u:r:kernel:s0 tclass=capability permissive=0
11-11 04:08:38.295 I/auditd ( 0): type=1400 audit(0.0:20051): avc: denied { kill } for comm="swapper/1" capability=5 scontext=u:r:kernel:s0 tcontext=u:r:kernel:s0 tclass=capability permissive=0
11-11 04:08:39.295 I/auditd ( 0): type=1400 audit(0.0:20052): avc: denied { kill } for comm="swapper/1" capability=5 scontext=u:r:kernel:s0 tcontext=u:r:kernel:s0 tclass=capability permissive=0
11-11 04:08:40.295 I/auditd ( 0): type=1400 audit(0.0:20053): avc: denied { kill } for comm="swapper/1" capability=5 scontext=u:r:kernel:s0 tcontext=u:r:kernel:s0 tclass=capability permissive=0
