11-11 03:48:44.240 I/input_interaction( 1491): Interaction with: a00ca2d com.android.settings/com.android.settings.homepage.SettingsHomepageActivity (server), PointerEventDispatcher0 (server),
11-11 03:48:44.244 I/wm_task_moved( 1491): [140,0,0]
11-11 03:48:44.247 I/wm_focused_root_task( 1491): [0,0,1,140,moveTaskToBackLocked]
11-11 03:48:44.248 I/wm_add_to_stopping( 1491): [0,81920312,com.android.settings/.homepage.SettingsHomepageActivity,makeInvisible]
11-11 03:48:44.250 I/wm_pause_activity( 1491): [0,81920312,com.android.settings/.homepage.SettingsHomepageActivity,userLeaving=false,pauseBackTasks]
11-11 03:48:44.253 I/wm_set_resumed_activity( 1491): [0,com.android.launcher3/.uioverrides.QuickstepLauncher,resumeTopActivityInnerLocked]
11-11 03:48:44.256 I/wm_resume_activity( 1491): [0,146330618,90,com.android.launcher3/.uioverrides.QuickstepLauncher]
11-11 03:48:44.257 I/wm_on_top_resumed_lost_called(13484): [81920312,com.android.settings.homepage.SettingsHomepageActivity,topStateChangedWhenResumed]
11-11 03:48:44.269 I/sysui_multi_action(13484): [757,35,758,2,1089,25892]
11-11 03:48:44.269 I/sysui_multi_action(13484): [757,747,758,2,1089,25891]
11-11 03:48:44.269 I/sysui_multi_action( 1491): [757,803,799,window_time_0,802,26]
11-11 03:48:44.269 I/wm_on_paused_called(13484): [81920312,com.android.settings.homepage.SettingsHomepageActivity,performPause]
11-11 03:48:44.272 I/wm_on_restart_called( 2490): [146330618,com.android.launcher3.uioverrides.QuickstepLauncher,performRestartActivity]
11-11 03:48:44.273 I/wm_on_start_called( 2490): [146330618,com.android.launcher3.uioverrides.QuickstepLauncher,handleStartActivity]
11-11 03:48:44.273 I/wm_on_resume_called( 2490): [146330618,com.android.launcher3.uioverrides.QuickstepLauncher,RESUME_ACTIVITY]
11-11 03:48:44.274 I/wm_on_top_resumed_gained_called( 2490): [146330618,com.android.launcher3.uioverrides.QuickstepLauncher,topStateChangedWhenResumed]
11-11 03:48:44.279 I/input_focus( 1491): [Focus leaving a00ca2d com.android.settings/com.android.settings.homepage.SettingsHomepageActivity (server),reason=NO_WINDOW]
11-11 03:48:44.282 I/input_focus( 1491): [Focus request 61dc244 com.android.launcher3/com.android.launcher3.uioverrides.QuickstepLauncher,reason=UpdateInputWindows]
11-11 03:48:44.287 I/am_pss ( 1491): [15150,10099,com.smile.gifmaker:messagesdk,73663488,27303936,183296,198090752,0,8,13]
11-11 03:48:44.311 I/input_focus( 1491): [Focus entering 61dc244 com.android.launcher3/com.android.launcher3.uioverrides.QuickstepLauncher (server),reason=Window became focusable. Previous reason: NOT_VISIBLE]
11-11 03:48:44.316 I/am_pss ( 1491): [13536,10099,com.smile.gifmaker,262253568,212013056,22528,401326080,0,8,28]
11-11 03:48:44.327 I/am_pss ( 1491): [24008,10103,tv.danmaku.bilibilihd:ijkservice,41897984,20492288,44032,168902656,0,19,9]
11-11 03:48:44.334 I/am_pss ( 1491): [23959,10086,com.android.music,6912000,4694016,44032,86138880,0,19,6]
11-11 03:48:44.349 I/am_pss ( 1491): [16828,10098,com.ss.android.ugc.aweme:sandboxed_process1,61521920,30265344,248832,222453760,0,19,14]
11-11 03:48:44.440 I/input_interaction( 1491): Interaction with: 892079 StatusBar (server), PointerEventDispatcher0 (server),
11-11 03:48:44.666 I/wm_stop_activity( 1491): [0,81920312,com.android.settings/.homepage.SettingsHomepageActivity]
11-11 03:48:44.702 I/wm_on_stop_called(13484): [81920312,com.android.settings.homepage.SettingsHomepageActivity,STOP_ACTIVITY_ITEM]
11-11 03:48:44.904 I/service_manager_stats( 1491): [100,76,10740]
11-11 03:48:45.295 I/auditd ( 0): type=1400 audit(0.0:18722): avc: denied { kill } for comm="swapper/3" capability=5 scontext=u:r:kernel:s0 tcontext=u:r:kernel:s0 tclass=capability permissive=0
11-11 03:48:45.458 I/volume_changed( 1491): [3,11,10,39,android]
11-11 03:48:45.459 I/sysui_multi_action( 1971): [757,210,758,4,759,3]
11-11 03:48:45.482 I/sysui_multi_action( 1971): [757,207,758,1]
11-11 03:48:45.483 I/sysui_multi_action( 1971): [757,804,799,volume_from_keyguard,801,0,802,1]
11-11 03:48:45.496 I/volume_changed( 1491): [3,10,9,39,android]
11-11 03:48:45.507 I/sysui_multi_action( 1971): [757,207,758,1]
11-11 03:48:45.508 I/sysui_multi_action( 1971): [757,804,799,volume_from_keyguard,801,0,802,1]
11-11 03:48:45.514 I/sysui_multi_action( 1971): [757,207,758,1]
11-11 03:48:45.515 I/sysui_multi_action( 1971): [757,804,799,volume_from_keyguard,801,0,802,1]
11-11 03:48:45.515 I/sysui_multi_action( 1971): [757,207,758,1]
11-11 03:48:45.515 I/sysui_multi_action( 1971): [757,804,799,volume_from_keyguard,801,0,802,1]
11-11 03:48:45.535 I/sysui_multi_action( 1971): [757,207,758,1]
11-11 03:48:45.536 I/sysui_multi_action( 1971): [757,804,799,volume_from_keyguard,801,0,802,1]
11-11 03:48:45.921 I/input_interaction( 1491): Interaction with: 892079 StatusBar (server), edge-swipe (server), swipe-up (server), PointerEventDispatcher0 (server),
11-11 03:48:45.922 I/sysui_multi_action( 1971): [757,207,758,2]
11-11 03:48:45.925 I/sysui_multi_action( 1971): [757,803,799,panel_open,802,1]
11-11 03:48:45.926 I/sysui_multi_action( 1971): [757,1328,758,4,1326,99,1327,0,1329,0]
11-11 03:48:45.929 I/sysui_multi_action( 1971): [757,210,758,4,759,-1]
11-11 03:48:45.951 I/sysui_multi_action( 1491): [757,127,758,1]
11-11 03:48:45.951 I/sysui_multi_action( 1491): [757,804,799,note_load,801,2,802,1]
11-11 03:48:45.951 I/notification_panel_revealed( 1491): 2
11-11 03:48:45.963 I/input_focus( 1491): [Focus request 4ae03d4 NotificationShade,reason=UpdateInputWindows]
11-11 03:48:45.983 I/input_focus( 1491): [Focus leaving 61dc244 com.android.launcher3/com.android.launcher3.uioverrides.QuickstepLauncher (server),reason=Waiting for window because NOT_VISIBLE]
11-11 03:48:45.985 I/sysui_multi_action( 1491): [757,128,758,1,793,426114692,794,0,795,426114692,796,26,798,0,806,android,857,DEVELOPER_IMPORTANT,858,4,947,0,1395,2,1500,426114443,1688,1]
11-11 03:48:45.985 I/sysui_multi_action( 1491): [757,804,799,note_freshness,801,426114692,802,1]
11-11 03:48:45.985 I/notification_visibility( 1491): [-1|android|26|null|1000,1,426114692,426114692,0,0]
11-11 03:48:45.985 I/sysui_multi_action( 1491): [757,128,758,1,793,426115273,794,0,795,426115273,796,32,798,1,806,android,857,USB,858,1,947,0,1395,2,1500,426115014,1688,1]
11-11 03:48:45.985 I/sysui_multi_action( 1491): [757,804,799,note_freshness,801,426115273,802,1]
11-11 03:48:45.986 I/notification_visibility( 1491): [-1|android|32|null|1000,1,426115273,426115273,0,1]
11-11 03:48:45.986 I/sysui_multi_action( 1971): [757,111,758,1]
11-11 03:48:45.986 I/sysui_multi_action( 1971): [757,126,758,1,759,126,927,0,928,1,1593,1]
11-11 03:48:45.986 I/sysui_multi_action( 1971): [757,113,758,1,759,113,927,1,928,1,1593,1]
11-11 03:48:45.986 I/sysui_multi_action( 1971): [757,0,758,1,759,0,927,2,928,0,1593,1]
11-11 03:48:45.986 I/sysui_multi_action( 1971): [757,0,758,1,759,0,927,3,928,0,1593,1]
11-11 03:48:45.986 I/sysui_multi_action( 1971): [757,491,758,1,759,491,927,4,928,0,1311,-1,1593,1]
11-11 03:48:45.986 I/sysui_multi_action( 1971): [757,0,758,1,759,0,927,5,928,0,1593,1]
11-11 03:48:45.986 I/sysui_multi_action( 1971): [757,111,758,1]
11-11 03:48:45.987 I/sysui_multi_action( 1971): [757,126,758,1,759,126,927,0,928,1,1593,1]
11-11 03:48:45.987 I/sysui_multi_action( 1971): [757,113,758,1,759,113,927,1,928,1,1593,1]
11-11 03:48:45.987 I/sysui_multi_action( 1971): [757,0,758,1,759,0,927,2,928,0,1593,1]
11-11 03:48:45.987 I/sysui_multi_action( 1971): [757,0,758,1,759,0,927,3,928,0,1593,1]
11-11 03:48:46.000 I/input_focus( 1491): [Focus entering 4ae03d4 NotificationShade (server),reason=Window became focusable. Previous reason: NOT_VISIBLE]
11-11 03:48:46.175 I/commit_sys_config_file( 1491): [settings-1-0,4]
11-11 03:48:46.295 I/auditd ( 0): type=1400 audit(0.0:18723): avc: denied { kill } for comm="swapper/3" capability=5 scontext=u:r:kernel:s0 tcontext=u:r:kernel:s0 tclass=capability permissive=0
11-11 03:48:46.417 I/input_interaction( 1491): Interaction with: 4ae03d4 NotificationShade (server), c2fbbf0 com.android.systemui.ImageWallpaper (server), edge-swipe (server), swipe-up (server), PointerEventDispatcher0 (server),
11-11 03:48:46.418 I/sysui_multi_action( 1971): [757,111,758,2]
11-11 03:48:46.418 I/sysui_multi_action( 1971): [757,111,758,2]
11-11 03:48:46.452 I/sysui_multi_action( 1971): [757,111,758,1]
11-11 03:48:46.453 I/sysui_multi_action( 1971): [757,126,758,1,759,126,927,0,928,1,1593,1]
11-11 03:48:46.453 I/sysui_multi_action( 1971): [757,113,758,1,759,113,927,1,928,1,1593,1]
11-11 03:48:46.453 I/sysui_multi_action( 1971): [757,0,758,1,759,0,927,2,928,0,1593,1]
11-11 03:48:46.453 I/sysui_multi_action( 1971): [757,0,758,1,759,0,927,3,928,0,1593,1]
11-11 03:48:46.453 I/sysui_multi_action( 1971): [757,491,758,1,759,491,927,4,928,0,1311,-1,1593,1]
11-11 03:48:46.453 I/sysui_multi_action( 1971): [757,0,758,1,759,0,927,5,928,0,1593,1]
11-11 03:48:46.453 I/sysui_multi_action( 1971): [757,111,758,1]
11-11 03:48:46.453 I/sysui_multi_action( 1971): [757,126,758,1,759,126,927,0,928,1,1593,1]
11-11 03:48:46.453 I/sysui_multi_action( 1971): [757,113,758,1,759,113,927,1,928,1,1593,1]
11-11 03:48:46.453 I/sysui_multi_action( 1971): [757,0,758,1,759,0,927,2,928,0,1593,1]
11-11 03:48:46.454 I/sysui_multi_action( 1971): [757,0,758,1,759,0,927,3,928,0,1593,1]
11-11 03:48:47.295 I/auditd ( 0): type=1400 audit(0.0:18724): avc: denied { kill } for comm="swapper/3" capability=5 scontext=u:r:kernel:s0 tcontext=u:r:kernel:s0 tclass=capability permissive=0
11-11 03:48:47.503 I/sysui_multi_action( 1971): [757,111,758,2]
11-11 03:48:47.503 I/sysui_multi_action( 1971): [757,111,758,2]
11-11 03:48:47.666 I/input_focus( 1491): [Focus request 61dc244 com.android.launcher3/com.android.launcher3.uioverrides.QuickstepLauncher,reason=UpdateInputWindows]
11-11 03:48:47.670 I/sysui_multi_action( 1491): [757,128,758,2,793,426116377,794,1685,795,426116377,796,26,798,0,806,android,857,DEVELOPER_IMPORTANT,858,4,947,0,1395,2,1500,426116128,1688,1]
11-11 03:48:47.671 I/notification_visibility( 1491): [-1|android|26|null|1000,0,426116377,426116377,0,0]
11-11 03:48:47.672 I/sysui_multi_action( 1491): [757,128,758,2,793,426116960,794,1687,795,426116960,796,32,798,1,806,android,857,USB,858,1,947,0,1395,2,1500,426116701,1688,1]
11-11 03:48:47.672 I/notification_visibility( 1491): [-1|android|32|null|1000,0,426116960,426116960,0,1]
11-11 03:48:47.672 I/sysui_multi_action( 1491): [757,127,758,2]
11-11 03:48:47.673 I/notification_panel_hidden( 1491):
11-11 03:48:47.690 I/input_focus( 1491): [Focus leaving 4ae03d4 NotificationShade (server),reason=NO_WINDOW]
11-11 03:48:47.690 I/input_focus( 1491): [Focus entering 61dc244 com.android.launcher3/com.android.launcher3.uioverrides.QuickstepLauncher (server),reason=setFocusedWindow]
11-11 03:48:48.295 I/auditd ( 0): type=1400 audit(0.0:18725): avc: denied { kill } for comm="swapper/3" capability=5 scontext=u:r:kernel:s0 tcontext=u:r:kernel:s0 tclass=capability permissive=0
11-11 03:48:49.295 I/auditd ( 0): type=1400 audit(0.0:18726): avc: denied { kill } for comm="swapper/3" capability=5 scontext=u:r:kernel:s0 tcontext=u:r:kernel:s0 tclass=capability permissive=0
11-11 03:48:50.093 I/input_interaction( 1491): Interaction with: 892079 StatusBar (server), edge-swipe (server), swipe-up (server), PointerEventDispatcher0 (server),
11-11 03:48:50.095 I/sysui_multi_action( 1971): [757,803,799,panel_open,802,1]
11-11 03:48:50.097 I/sysui_multi_action( 1971): [757,1328,758,4,1326,99,1327,0,1329,0]
11-11 03:48:50.130 I/view_enqueue_input_event( 1971): [Motion - Cancel,StatusBar]
11-11 03:48:50.133 I/input_interaction( 1491): Interaction with: edge-swipe (server), swipe-up (server), PointerEventDispatcher0 (server),
11-11 03:48:50.488 I/sysui_multi_action( 1491): [757,803,799,key_back_press,802,1]
11-11 03:48:50.492 I/input_interaction( 1491): Interaction with: 61dc244 com.android.launcher3/com.android.launcher3.uioverrides.QuickstepLauncher (server), PointerEventDispatcher0 (server),
11-11 03:48:50.719 I/auditd (13529): type=1400 audit(0.0:18727): avc: denied { read } for comm="Thread-29" name="tcp" dev="proc" ino=4026532256 scontext=u:r:untrusted_app:s0:c103,c256,c512,c768 tcontext=u:object_r:proc_net_tcp_udp:s0 tclass=file permissive=0 app=tv.danmaku.bilibilihd
11-11 03:48:50.980 I/input_interaction( 1491): Interaction with: 892079 StatusBar (server), edge-swipe (server), swipe-up (server), PointerEventDispatcher0 (server),
11-11 03:48:50.984 I/sysui_multi_action( 1971): [757,803,799,panel_open,802,1]
11-11 03:48:50.985 I/sysui_multi_action( 1971): [757,1328,758,4,1326,99,1327,0,1329,0]
11-11 03:48:51.020 I/view_enqueue_input_event( 1971): [Motion - Cancel,StatusBar]
11-11 03:48:51.021 I/input_interaction( 1491): Interaction with: edge-swipe (server), swipe-up (server), PointerEventDispatcher0 (server),
11-11 03:48:51.295 I/auditd ( 0): type=1400 audit(0.0:18728): avc: denied { kill } for comm="swapper/2" capability=5 scontext=u:r:kernel:s0 tcontext=u:r:kernel:s0 tclass=capability permissive=0
11-11 03:48:51.490 I/sysui_multi_action( 1491): [757,803,799,key_back_press,802,1]
11-11 03:48:51.499 I/input_interaction( 1491): Interaction with: 61dc244 com.android.launcher3/com.android.launcher3.uioverrides.QuickstepLauncher (server), PointerEventDispatcher0 (server),
11-11 03:48:52.295 I/auditd ( 0): type=1400 audit(0.0:18729): avc: denied { kill } for comm="swapper/2" capability=5 scontext=u:r:kernel:s0 tcontext=u:r:kernel:s0 tclass=capability permissive=0
11-11 03:48:53.295 I/auditd ( 0): type=1400 audit(0.0:18730): avc: denied { kill } for comm="swapper/2" capability=5 scontext=u:r:kernel:s0 tcontext=u:r:kernel:s0 tclass=capability permissive=0
11-11 03:48:54.007 I/input_interaction( 1491): Interaction with: 892079 StatusBar (server), edge-swipe (server), swipe-up (server), PointerEventDispatcher0 (server),
11-11 03:48:54.010 I/sysui_multi_action( 1971): [757,803,799,panel_open,802,1]
11-11 03:48:54.010 I/sysui_multi_action( 1971): [757,1328,758,4,1326,99,1327,0,1329,0]
11-11 03:48:54.036 I/input_interaction( 1491): Interaction with: 892079 StatusBar (server), PointerEventDispatcher0 (server),
11-11 03:48:54.042 I/view_enqueue_input_event( 1971): [Motion - Cancel,StatusBar]
11-11 03:48:54.295 I/auditd ( 0): type=1400 audit(0.0:18731): avc: denied { kill } for comm="swapper/2" capability=5 scontext=u:r:kernel:s0 tcontext=u:r:kernel:s0 tclass=capability permissive=0
11-11 03:48:55.295 I/auditd ( 0): type=1400 audit(0.0:18732): avc: denied { kill } for comm="swapper/2" capability=5 scontext=u:r:kernel:s0 tcontext=u:r:kernel:s0 tclass=capability permissive=0
11-11 03:48:55.975 I/input_interaction( 1491): Interaction with: 892079 StatusBar (server), edge-swipe (server), swipe-up (server), PointerEventDispatcher0 (server),
11-11 03:48:55.977 I/sysui_multi_action( 1971): [757,803,799,panel_open,802,1]
11-11 03:48:55.979 I/sysui_multi_action( 1971): [757,1328,758,4,1326,99,1327,0,1329,0]
11-11 03:48:56.020 I/sysui_multi_action( 1491): [757,127,758,1]
11-11 03:48:56.020 I/sysui_multi_action( 1491): [757,804,799,note_load,801,2,802,1]
11-11 03:48:56.020 I/notification_panel_revealed( 1491): 2
11-11 03:48:56.032 I/input_focus( 1491): [Focus request 4ae03d4 NotificationShade,reason=UpdateInputWindows]
11-11 03:48:56.044 I/sysui_multi_action( 1491): [757,128,758,1,793,426124751,794,0,795,426124751,796,26,798,0,806,android,857,DEVELOPER_IMPORTANT,858,4,947,0,1395,2,1500,426124502,1688,1]
11-11 03:48:56.044 I/sysui_multi_action( 1491): [757,804,799,note_freshness,801,426124751,802,1]
11-11 03:48:56.044 I/notification_visibility( 1491): [-1|android|26|null|1000,1,426124751,426124751,0,0]
11-11 03:48:56.044 I/sysui_multi_action( 1491): [757,128,758,1,793,426125332,794,0,795,426125332,796,32,798,1,806,android,857,USB,858,1,947,0,1395,2,1500,426125073,1688,1]
11-11 03:48:56.045 I/sysui_multi_action( 1491): [757,804,799,note_freshness,801,426125332,802,1]
11-11 03:48:56.045 I/notification_visibility( 1491): [-1|android|32|null|1000,1,426125332,426125332,0,1]
11-11 03:48:56.059 I/input_focus( 1491): [Focus leaving 61dc244 com.android.launcher3/com.android.launcher3.uioverrides.QuickstepLauncher (server),reason=setFocusedWindow]
11-11 03:48:56.060 I/input_focus( 1491): [Focus entering 4ae03d4 NotificationShade (server),reason=setFocusedWindow]
11-11 03:48:56.072 I/sysui_multi_action( 1971): [757,111,758,1]
11-11 03:48:56.072 I/sysui_multi_action( 1971): [757,126,758,1,759,126,927,0,928,1,1593,0]
11-11 03:48:56.072 I/sysui_multi_action( 1971): [757,113,758,1,759,113,927,1,928,1,1593,0]
11-11 03:48:56.072 I/sysui_multi_action( 1971): [757,0,758,1,759,0,927,2,928,0,1593,0]
11-11 03:48:56.072 I/sysui_multi_action( 1971): [757,0,758,1,759,0,927,3,928,0,1593,0]
11-11 03:48:56.073 I/sysui_multi_action( 1971): [757,491,758,1,759,491,927,4,928,0,1311,-1,1593,0]
11-11 03:48:56.073 I/sysui_multi_action( 1971): [757,0,758,1,759,0,927,5,928,0,1593,0]
11-11 03:48:56.073 I/sysui_multi_action( 1971): [757,111,758,1]
11-11 03:48:56.073 I/sysui_multi_action( 1971): [757,126,758,1,759,126,927,0,928,1,1593,0]
11-11 03:48:56.073 I/sysui_multi_action( 1971): [757,113,758,1,759,113,927,1,928,1,1593,0]
11-11 03:48:56.073 I/sysui_multi_action( 1971): [757,0,758,1,759,0,927,2,928,0,1593,0]
11-11 03:48:56.073 I/sysui_multi_action( 1971): [757,0,758,1,759,0,927,3,928,0,1593,0]
11-11 03:48:56.295 I/auditd ( 0): type=1400 audit(0.0:18733): avc: denied { kill } for comm="swapper/2" capability=5 scontext=u:r:kernel:s0 tcontext=u:r:kernel:s0 tclass=capability permissive=0
11-11 03:48:56.555 I/input_interaction( 1491): Interaction with: 4ae03d4 NotificationShade (server), edge-swipe (server), swipe-up (server), PointerEventDispatcher0 (server),
11-11 03:48:57.295 I/auditd ( 0): type=1400 audit(0.0:18734): avc: denied { kill } for comm="swapper/2" capability=5 scontext=u:r:kernel:s0 tcontext=u:r:kernel:s0 tclass=capability permissive=0
11-11 03:48:57.411 I/sysui_multi_action( 1971): [757,111,758,2]
11-11 03:48:57.411 I/sysui_multi_action( 1971): [757,111,758,2]
11-11 03:48:57.550 I/input_focus( 1491): [Focus request 61dc244 com.android.launcher3/com.android.launcher3.uioverrides.QuickstepLauncher,reason=UpdateInputWindows]
11-11 03:48:57.552 I/sysui_multi_action( 1491): [757,128,758,2,793,426126259,794,1508,795,426126259,796,26,798,0,806,android,857,DEVELOPER_IMPORTANT,858,4,947,0,1395,2,1500,426126010,1688,1]
11-11 03:48:57.552 I/notification_visibility( 1491): [-1|android|26|null|1000,0,426126259,426126259,0,0]
11-11 03:48:57.552 I/sysui_multi_action( 1491): [757,128,758,2,793,426126840,794,1508,795,426126840,796,32,798,1,806,android,857,USB,858,1,947,0,1395,2,1500,426126581,1688,1]
11-11 03:48:57.553 I/notification_visibility( 1491): [-1|android|32|null|1000,0,426126840,426126840,0,1]
11-11 03:48:57.553 I/sysui_multi_action( 1491): [757,127,758,2]
11-11 03:48:57.553 I/notification_panel_hidden( 1491):
11-11 03:48:57.578 I/input_focus( 1491): [Focus leaving 4ae03d4 NotificationShade (server),reason=NO_WINDOW]
11-11 03:48:57.578 I/input_focus( 1491): [Focus entering 61dc244 com.android.launcher3/com.android.launcher3.uioverrides.QuickstepLauncher (server),reason=setFocusedWindow]
11-11 03:48:58.295 I/auditd ( 0): type=1400 audit(0.0:18735): avc: denied { kill } for comm="swapper/2" capability=5 scontext=u:r:kernel:s0 tcontext=u:r:kernel:s0 tclass=capability permissive=0
11-11 03:48:59.295 I/auditd ( 0): type=1400 audit(0.0:18736): avc: denied { kill } for comm="swapper/2" capability=5 scontext=u:r:kernel:s0 tcontext=u:r:kernel:s0 tclass=capability permissive=0
11-11 03:49:00.272 I/input_interaction( 1491): Interaction with: 892079 StatusBar (server), edge-swipe (server), swipe-up (server), PointerEventDispatcher0 (server),
11-11 03:49:00.275 I/sysui_multi_action( 1971): [757,803,799,panel_open,802,1]
11-11 03:49:00.276 I/sysui_multi_action( 1971): [757,1328,758,4,1326,99,1327,0,1329,0]
11-11 03:49:00.295 I/auditd ( 0): type=1400 audit(0.0:18737): avc: denied { kill } for comm="swapper/2" capability=5 scontext=u:r:kernel:s0 tcontext=u:r:kernel:s0 tclass=capability permissive=0
11-11 03:49:00.322 I/sysui_multi_action( 1971): [757,803,799,panel_open,802,1]
11-11 03:49:00.322 I/sysui_multi_action( 1971): [757,1328,758,4,1326,99,1327,0,1329,0]
11-11 03:49:00.361 I/sysui_multi_action( 1971): [757,803,799,panel_open,802,1]
11-11 03:49:00.361 I/sysui_multi_action( 1971): [757,1328,758,4,1326,99,1327,0,1329,0]
11-11 03:49:00.372 I/view_enqueue_input_event( 1971): [Motion - Cancel,StatusBar]
11-11 03:49:00.374 I/sysui_multi_action( 1971): [757,803,799,panel_open,802,1]
11-11 03:49:00.374 I/sysui_multi_action( 1971): [757,1328,758,4,1326,99,1327,0,1329,0]
11-11 03:49:01.299 I/auditd ( 0): type=1400 audit(0.0:18738): avc: denied { kill } for comm="swapper/2" capability=5 scontext=u:r:kernel:s0 tcontext=u:r:kernel:s0 tclass=capability permissive=0
11-11 03:49:02.042 I/input_interaction( 1491): Interaction with: 892079 StatusBar (server), PointerEventDispatcher0 (server),
11-11 03:49:02.045 I/view_enqueue_input_event( 1971): [Motion - Cancel,StatusBar]
11-11 03:49:02.061 I/input_interaction( 1491): Interaction with: 61dc244 com.android.launcher3/com.android.launcher3.uioverrides.QuickstepLauncher (server), 892079 StatusBar (server), PointerEventDispatcher0 (server),
11-11 03:49:02.073 I/input_interaction( 1491): Interaction with: 61dc244 com.android.launcher3/com.android.launcher3.uioverrides.QuickstepLauncher (server), PointerEventDispatcher0 (server),
11-11 03:49:02.295 I/auditd ( 0): type=1400 audit(0.0:18739): avc: denied { kill } for comm="swapper/2" capability=5 scontext=u:r:kernel:s0 tcontext=u:r:kernel:s0 tclass=capability permissive=0
11-11 03:49:03.295 I/auditd ( 0): type=1400 audit(0.0:18740): avc: denied { kill } for comm="swapper/2" capability=5 scontext=u:r:kernel:s0 tcontext=u:r:kernel:s0 tclass=capability permissive=0
11-11 03:49:04.295 I/auditd ( 0): type=1400 audit(0.0:18741): avc: denied { kill } for comm="swapper/2" capability=5 scontext=u:r:kernel:s0 tcontext=u:r:kernel:s0 tclass=capability permissive=0
11-11 03:49:04.709 I/input_interaction( 1491): Interaction with: 61dc244 com.android.launcher3/com.android.launcher3.uioverrides.QuickstepLauncher (server), c2fbbf0 com.android.systemui.ImageWallpaper (server), edge-swipe (server), swipe-up (server), PointerEventDispatcher0 (server),
11-11 03:49:05.046 I/view_enqueue_input_event( 2490): [Motion - Cancel,com.android.launcher3/com.android.launcher3.uioverrides.QuickstepLauncher]
11-11 03:49:05.743 I/view_enqueue_input_event( 2490): [Motion - Cancel,com.android.launcher3/com.android.launcher3.uioverrides.QuickstepLauncher]
11-11 03:49:06.049 I/view_enqueue_input_event( 2490): [Motion - Cancel,com.android.launcher3/com.android.launcher3.uioverrides.QuickstepLauncher]
11-11 03:49:06.295 I/auditd ( 0): type=1400 audit(0.0:18742): avc: denied { kill } for comm="swapper/3" capability=5 scontext=u:r:kernel:s0 tcontext=u:r:kernel:s0 tclass=capability permissive=0
11-11 03:49:07.295 I/auditd ( 0): type=1400 audit(0.0:18743): avc: denied { kill } for comm="swapper/3" capability=5 scontext=u:r:kernel:s0 tcontext=u:r:kernel:s0 tclass=capability permissive=0
11-11 03:49:07.615 I/view_enqueue_input_event( 2490): [Motion - Cancel,com.android.launcher3/com.android.launcher3.uioverrides.QuickstepLauncher]
11-11 03:49:07.699 I/input_interaction( 1491): Interaction with: edge-swipe (server), swipe-up (server), PointerEventDispatcher0 (server),
11-11 03:49:07.699 I/view_enqueue_input_event( 2490): [Motion - Cancel,com.android.launcher3/com.android.launcher3.uioverrides.QuickstepLauncher]
11-11 03:49:07.851 I/commit_sys_config_file( 1491): [settings-1-0,4]
11-11 03:49:08.239 I/commit_sys_config_file( 1491): [settings-1-0,4]
11-11 03:49:08.295 I/auditd ( 0): type=1400 audit(0.0:18744): avc: denied { kill } for comm="swapper/3" capability=5 scontext=u:r:kernel:s0 tcontext=u:r:kernel:s0 tclass=capability permissive=0
11-11 03:49:09.295 I/auditd ( 0): type=1400 audit(0.0:18745): avc: denied { kill } for comm="swapper/3" capability=5 scontext=u:r:kernel:s0 tcontext=u:r:kernel:s0 tclass=capability permissive=0
11-11 03:49:10.299 I/auditd ( 0): type=1400 audit(0.0:18746): avc: denied { kill } for comm="swapper/3" capability=5 scontext=u:r:kernel:s0 tcontext=u:r:kernel:s0 tclass=capability permissive=0
11-11 03:49:12.295 I/auditd ( 0): type=1400 audit(0.0:18747): avc: denied { kill } for comm="swapper/3" capability=5 scontext=u:r:kernel:s0 tcontext=u:r:kernel:s0 tclass=capability permissive=0
11-11 03:49:13.295 I/auditd ( 0): type=1400 audit(0.0:18748): avc: denied { kill } for comm="swapper/3" capability=5 scontext=u:r:kernel:s0 tcontext=u:r:kernel:s0 tclass=capability permissive=0
11-11 03:49:14.295 I/auditd ( 0): type=1400 audit(0.0:18749): avc: denied { kill } for comm="swapper/3" capability=5 scontext=u:r:kernel:s0 tcontext=u:r:kernel:s0 tclass=capability permissive=0
11-11 03:49:15.295 I/auditd ( 0): type=1400 audit(0.0:18750): avc: denied { kill } for comm="swapper/3" capability=5 scontext=u:r:kernel:s0 tcontext=u:r:kernel:s0 tclass=capability permissive=0
11-11 03:49:16.295 I/auditd ( 0): type=1400 audit(0.0:18751): avc: denied { kill } for comm="swapper/3" capability=5 scontext=u:r:kernel:s0 tcontext=u:r:kernel:s0 tclass=capability permissive=0
11-11 03:49:16.793 I/input_interaction( 1491): Interaction with: 61dc244 com.android.launcher3/com.android.launcher3.uioverrides.QuickstepLauncher (server), PointerEventDispatcher0 (server),
11-11 03:49:17.255 I/auditd (13536): type=1400 audit(0.0:18752): avc: denied { read } for comm=5468726561642D32202D2031333538 name="tcp" dev="proc" ino=4026532256 scontext=u:r:untrusted_app_29:s0:c99,c256,c512,c768 tcontext=u:object_r:proc_net_tcp_udp:s0 tclass=file permissive=0 app=com.smile.gifmaker
11-11 03:49:17.295 I/auditd ( 0): type=1400 audit(0.0:18753): avc: denied { kill } for comm="swapper/3" capability=5 scontext=u:r:kernel:s0 tcontext=u:r:kernel:s0 tclass=capability permissive=0
11-11 03:49:17.690 I/input_interaction( 1491): Interaction with: 61dc244 com.android.launcher3/com.android.launcher3.uioverrides.QuickstepLauncher (server), c2fbbf0 com.android.systemui.ImageWallpaper (server), edge-swipe (server), swipe-up (server), PointerEventDispatcher0 (server),
11-11 03:49:18.299 I/auditd ( 0): type=1400 audit(0.0:18754): avc: denied { kill } for comm="swapper/3" capability=5 scontext=u:r:kernel:s0 tcontext=u:r:kernel:s0 tclass=capability permissive=0
11-11 03:49:18.948 I/am_uid_idle( 1491): 10051
11-11 03:49:19.295 I/auditd ( 0): type=1400 audit(0.0:18755): avc: denied { kill } for comm="swapper/3" capability=5 scontext=u:r:kernel:s0 tcontext=u:r:kernel:s0 tclass=capability permissive=0
11-11 03:49:20.295 I/auditd ( 0): type=1400 audit(0.0:18756): avc: denied { kill } for comm="swapper/3" capability=5 scontext=u:r:kernel:s0 tcontext=u:r:kernel:s0 tclass=capability permissive=0
11-11 03:49:20.823 I/auditd (13529): type=1400 audit(0.0:18757): avc: denied { read } for comm="Thread-29" name="tcp" dev="proc" ino=4026532256 scontext=u:r:untrusted_app:s0:c103,c256,c512,c768 tcontext=u:object_r:proc_net_tcp_udp:s0 tclass=file permissive=0 app=tv.danmaku.bilibilihd
11-11 03:49:20.835 I/volume_changed( 1491): [3,9,8,39,android]
11-11 03:49:20.846 I/sysui_multi_action( 1971): [757,210,758,4,759,3]
11-11 03:49:20.867 I/volume_changed( 1491): [3,8,7,39,android]
11-11 03:49:20.869 I/sysui_multi_action( 1971): [757,207,758,1]
11-11 03:49:20.870 I/sysui_multi_action( 1971): [757,804,799,volume_from_keyguard,801,0,802,1]
11-11 03:49:20.870 I/sysui_multi_action( 1971): [757,207,758,1]
11-11 03:49:20.870 I/sysui_multi_action( 1971): [757,804,799,volume_from_keyguard,801,0,802,1]
11-11 03:49:20.888 I/sysui_multi_action( 1971): [757,207,758,1]
11-11 03:49:20.888 I/sysui_multi_action( 1971): [757,804,799,volume_from_keyguard,801,0,802,1]
11-11 03:49:20.892 I/sysui_multi_action( 1971): [757,207,758,1]
11-11 03:49:20.892 I/sysui_multi_action( 1971): [757,804,799,volume_from_keyguard,801,0,802,1]
11-11 03:49:21.118 I/volume_changed( 1491): [3,7,8,39,android]
11-11 03:49:21.142 I/sysui_multi_action( 1971): [757,207,758,1]
11-11 03:49:21.143 I/sysui_multi_action( 1971): [757,804,799,volume_from_keyguard,801,0,802,1]
11-11 03:49:21.295 I/auditd ( 0): type=1400 audit(0.0:18758): avc: denied { kill } for comm="swapper/3" capability=5 scontext=u:r:kernel:s0 tcontext=u:r:kernel:s0 tclass=capability permissive=0
11-11 03:49:21.554 I/commit_sys_config_file( 1491): [settings-1-0,6]
11-11 03:49:21.851 I/volume_changed( 1491): [3,8,7,39,android]
11-11 03:49:21.868 I/sysui_multi_action( 1971): [757,207,758,1]
11-11 03:49:21.869 I/sysui_multi_action( 1971): [757,804,799,volume_from_keyguard,801,0,802,1]
11-11 03:49:22.295 I/auditd ( 101): type=1400 audit(0.0:18759): avc: denied { kill } for comm="irq/41-tsens-up" capability=5 scontext=u:r:kernel:s0 tcontext=u:r:kernel:s0 tclass=capability permissive=0
11-11 03:49:22.571 I/commit_sys_config_file( 1491): [settings-1-0,4]
11-11 03:49:22.854 I/sysui_multi_action( 1971): [757,207,758,2]
11-11 03:49:22.859 I/service_manager_stats( 1491): [100,70,37954]
11-11 03:49:22.860 I/sysui_multi_action( 1971): [757,210,758,4,759,-1]
11-11 03:49:22.894 I/sysui_multi_action( 1971): [757,210,758,4,759,3]
11-11 03:49:22.900 I/sysui_multi_action( 1971): [757,207,758,1]
11-11 03:49:22.900 I/sysui_multi_action( 1971): [757,804,799,volume_from_keyguard,801,0,802,1]
11-11 03:49:22.919 I/volume_changed( 1491): [3,7,6,39,android]
11-11 03:49:22.933 I/volume_changed( 1491): [3,6,5,39,android]
11-11 03:49:22.935 I/sysui_multi_action( 1971): [757,207,758,1]
11-11 03:49:22.935 I/sysui_multi_action( 1971): [757,804,799,volume_from_keyguard,801,0,802,1]
11-11 03:49:22.935 I/sysui_multi_action( 1971): [757,207,758,1]
11-11 03:49:22.936 I/sysui_multi_action( 1971): [757,804,799,volume_from_keyguard,801,0,802,1]
11-11 03:49:22.948 I/sysui_multi_action( 1971): [757,207,758,1]
11-11 03:49:22.949 I/sysui_multi_action( 1971): [757,804,799,volume_from_keyguard,801,0,802,1]
11-11 03:49:22.954 I/sysui_multi_action( 1971): [757,207,758,1]
11-11 03:49:22.954 I/sysui_multi_action( 1971): [757,804,799,volume_from_keyguard,801,0,802,1]
11-11 03:49:22.967 I/volume_changed( 1491): [3,5,4,39,android]
11-11 03:49:22.986 I/sysui_multi_action( 1971): [757,207,758,1]
11-11 03:49:22.986 I/sysui_multi_action( 1971): [757,804,799,volume_from_keyguard,801,0,802,1]
11-11 03:49:22.992 I/sysui_multi_action( 1971): [757,207,758,1]
11-11 03:49:22.992 I/sysui_multi_action( 1971): [757,804,799,volume_from_keyguard,801,0,802,1]
11-11 03:49:22.998 I/volume_changed( 1491): [3,4,3,39,android]
11-11 03:49:23.022 I/volume_changed( 1491): [3,3,2,39,android]
11-11 03:49:23.027 I/sysui_multi_action( 1971): [757,207,758,1]
11-11 03:49:23.027 I/sysui_multi_action( 1971): [757,804,799,volume_from_keyguard,801,0,802,1]
11-11 03:49:23.040 I/sysui_multi_action( 1971): [757,207,758,1]
11-11 03:49:23.040 I/sysui_multi_action( 1971): [757,804,799,volume_from_keyguard,801,0,802,1]
11-11 03:49:23.042 I/volume_changed( 1491): [3,2,1,39,android]
11-11 03:49:23.063 I/sysui_multi_action( 1971): [757,207,758,1]
11-11 03:49:23.063 I/sysui_multi_action( 1971): [757,804,799,volume_from_keyguard,801,0,802,1]
11-11 03:49:23.067 I/volume_changed( 1491): [3,1,0,39,android]
11-11 03:49:23.071 I/sysui_multi_action( 1971): [757,207,758,1]
11-11 03:49:23.072 I/sysui_multi_action( 1971): [757,804,799,volume_from_keyguard,801,0,802,1]
11-11 03:49:23.123 I/sysui_multi_action( 1971): [757,207,758,1]
11-11 03:49:23.123 I/sysui_multi_action( 1971): [757,804,799,volume_from_keyguard,801,0,802,1]
11-11 03:49:23.129 I/sysui_multi_action( 1971): [757,207,758,1]
11-11 03:49:23.129 I/sysui_multi_action( 1971): [757,804,799,volume_from_keyguard,801,0,802,1]
11-11 03:49:23.129 I/sysui_multi_action( 1971): [757,207,758,1]
11-11 03:49:23.130 I/sysui_multi_action( 1971): [757,804,799,volume_from_keyguard,801,0,802,1]
11-11 03:49:23.130 I/sysui_multi_action( 1971): [757,207,758,1]
11-11 03:49:23.130 I/sysui_multi_action( 1971): [757,804,799,volume_from_keyguard,801,0,802,1]
11-11 03:49:23.140 I/sysui_multi_action( 1971): [757,207,758,1]
11-11 03:49:23.140 I/sysui_multi_action( 1971): [757,804,799,volume_from_keyguard,801,0,802,1]
11-11 03:49:23.141 I/sysui_multi_action( 1971): [757,207,758,1]
11-11 03:49:23.141 I/sysui_multi_action( 1971): [757,804,799,volume_from_keyguard,801,0,802,1]
11-11 03:49:23.141 I/sysui_multi_action( 1971): [757,207,758,1]
11-11 03:49:23.141 I/sysui_multi_action( 1971): [757,804,799,volume_from_keyguard,801,0,802,1]
11-11 03:49:23.150 I/sysui_multi_action( 1971): [757,207,758,1]
11-11 03:49:23.151 I/sysui_multi_action( 1971): [757,804,799,volume_from_keyguard,801,0,802,1]
11-11 03:49:23.174 I/sysui_multi_action( 1971): [757,207,758,1]
11-11 03:49:23.174 I/sysui_multi_action( 1971): [757,804,799,volume_from_keyguard,801,0,802,1]
11-11 03:49:23.194 I/sysui_multi_action( 1971): [757,207,758,1]
11-11 03:49:23.194 I/sysui_multi_action( 1971): [757,804,799,volume_from_keyguard,801,0,802,1]
11-11 03:49:23.202 I/volume_changed( 1491): [3,0,1,39,android]
11-11 03:49:23.263 I/volume_changed( 1491): [3,1,0,39,android]
11-11 03:49:23.295 I/auditd ( 0): type=1400 audit(0.0:18760): avc: denied { kill } for comm="swapper/3" capability=5 scontext=u:r:kernel:s0 tcontext=u:r:kernel:s0 tclass=capability permissive=0
11-11 03:49:23.307 I/sysui_multi_action( 1971): [757,207,758,1]
11-11 03:49:23.308 I/sysui_multi_action( 1971): [757,804,799,volume_from_keyguard,801,0,802,1]
11-11 03:49:23.311 I/sysui_multi_action( 1971): [757,207,758,1]
11-11 03:49:23.311 I/sysui_multi_action( 1971): [757,804,799,volume_from_keyguard,801,0,802,1]
11-11 03:49:23.328 I/sysui_multi_action( 1971): [757,207,758,1]
11-11 03:49:23.328 I/sysui_multi_action( 1971): [757,804,799,volume_from_keyguard,801,0,802,1]
11-11 03:49:23.329 I/sysui_multi_action( 1971): [757,207,758,1]
11-11 03:49:23.330 I/sysui_multi_action( 1971): [757,804,799,volume_from_keyguard,801,0,802,1]
11-11 03:49:23.330 I/sysui_multi_action( 1971): [757,207,758,1]
11-11 03:49:23.330 I/sysui_multi_action( 1971): [757,804,799,volume_from_keyguard,801,0,802,1]
11-11 03:49:23.330 I/sysui_multi_action( 1971): [757,207,758,1]
11-11 03:49:23.331 I/sysui_multi_action( 1971): [757,804,799,volume_from_keyguard,801,0,802,1]
11-11 03:49:23.331 I/sysui_multi_action( 1971): [757,207,758,1]
11-11 03:49:23.331 I/sysui_multi_action( 1971): [757,804,799,volume_from_keyguard,801,0,802,1]
11-11 03:49:23.334 I/sysui_multi_action( 1971): [757,207,758,1]
11-11 03:49:23.335 I/sysui_multi_action( 1971): [757,804,799,volume_from_keyguard,801,0,802,1]
11-11 03:49:23.335 I/sysui_multi_action( 1971): [757,207,758,1]
11-11 03:49:23.335 I/sysui_multi_action( 1971): [757,804,799,volume_from_keyguard,801,0,802,1]
11-11 03:49:23.336 I/sysui_multi_action( 1971): [757,207,758,1]
11-11 03:49:23.336 I/sysui_multi_action( 1971): [757,804,799,volume_from_keyguard,801,0,802,1]
11-11 03:49:23.338 I/sysui_multi_action( 1971): [757,207,758,1]
11-11 03:49:23.339 I/sysui_multi_action( 1971): [757,804,799,volume_from_keyguard,801,0,802,1]
11-11 03:49:23.441 I/sysui_multi_action( 1971): [757,207,758,1]
11-11 03:49:23.442 I/sysui_multi_action( 1971): [757,804,799,volume_from_keyguard,801,0,802,1]
11-11 03:49:23.459 I/sysui_multi_action( 1971): [757,207,758,1]
11-11 03:49:23.459 I/sysui_multi_action( 1971): [757,804,799,volume_from_keyguard,801,0,802,1]
11-11 03:49:23.478 I/sysui_multi_action( 1971): [757,207,758,1]
11-11 03:49:23.478 I/sysui_multi_action( 1971): [757,804,799,volume_from_keyguard,801,0,802,1]
11-11 03:49:23.497 I/sysui_multi_action( 1971): [757,207,758,1]
11-11 03:49:23.497 I/sysui_multi_action( 1971): [757,804,799,volume_from_keyguard,801,0,802,1]
11-11 03:49:23.498 I/sysui_multi_action( 1971): [757,207,758,1]
11-11 03:49:23.498 I/sysui_multi_action( 1971): [757,804,799,volume_from_keyguard,801,0,802,1]
11-11 03:49:23.524 I/sysui_multi_action( 1971): [757,207,758,1]
11-11 03:49:23.524 I/sysui_multi_action( 1971): [757,804,799,volume_from_keyguard,801,0,802,1]
11-11 03:49:23.544 I/sysui_multi_action( 1971): [757,207,758,1]
11-11 03:49:23.544 I/sysui_multi_action( 1971): [757,804,799,volume_from_keyguard,801,0,802,1]
11-11 03:49:23.546 I/sysui_multi_action( 1971): [757,207,758,1]
11-11 03:49:23.546 I/sysui_multi_action( 1971): [757,804,799,volume_from_keyguard,801,0,802,1]
11-11 03:49:23.559 I/sysui_multi_action( 1971): [757,207,758,1]
11-11 03:49:23.559 I/sysui_multi_action( 1971): [757,804,799,volume_from_keyguard,801,0,802,1]
11-11 03:49:23.576 I/sysui_multi_action( 1971): [757,207,758,1]
11-11 03:49:23.577 I/sysui_multi_action( 1971): [757,804,799,volume_from_keyguard,801,0,802,1]
11-11 03:49:23.592 I/sysui_multi_action( 1971): [757,207,758,1]
11-11 03:49:23.592 I/sysui_multi_action( 1971): [757,804,799,volume_from_keyguard,801,0,802,1]
11-11 03:49:23.610 I/sysui_multi_action( 1971): [757,207,758,1]
11-11 03:49:23.610 I/sysui_multi_action( 1971): [757,804,799,volume_from_keyguard,801,0,802,1]
11-11 03:49:23.632 I/commit_sys_config_file( 1491): [settings-1-0,3]
11-11 03:49:23.643 I/sysui_multi_action( 1971): [757,207,758,1]
11-11 03:49:23.643 I/sysui_multi_action( 1971): [757,804,799,volume_from_keyguard,801,0,802,1]
11-11 03:49:23.958 I/volume_changed( 1491): [3,0,1,39,android]
11-11 03:49:24.021 I/volume_changed( 1491): [3,1,2,39,android]
11-11 03:49:24.033 I/sysui_multi_action( 1971): [757,207,758,1]
11-11 03:49:24.033 I/sysui_multi_action( 1971): [757,804,799,volume_from_keyguard,801,0,802,1]
11-11 03:49:24.041 I/volume_changed( 1491): [3,2,3,39,android]
11-11 03:49:24.044 I/sysui_multi_action( 1971): [757,207,758,1]
11-11 03:49:24.044 I/sysui_multi_action( 1971): [757,804,799,volume_from_keyguard,801,0,802,1]
11-11 03:49:24.059 I/volume_changed( 1491): [3,3,4,39,android]
11-11 03:49:24.061 I/sysui_multi_action( 1971): [757,207,758,1]
11-11 03:49:24.062 I/sysui_multi_action( 1971): [757,804,799,volume_from_keyguard,801,0,802,1]
11-11 03:49:24.063 I/sysui_multi_action( 1971): [757,207,758,1]
11-11 03:49:24.064 I/sysui_multi_action( 1971): [757,804,799,volume_from_keyguard,801,0,802,1]
11-11 03:49:24.078 I/sysui_multi_action( 1971): [757,207,758,1]
11-11 03:49:24.078 I/sysui_multi_action( 1971): [757,804,799,volume_from_keyguard,801,0,802,1]
11-11 03:49:24.081 I/sysui_multi_action( 1971): [757,207,758,1]
11-11 03:49:24.081 I/sysui_multi_action( 1971): [757,804,799,volume_from_keyguard,801,0,802,1]
11-11 03:49:24.086 I/volume_changed( 1491): [3,4,5,39,android]
11-11 03:49:24.098 I/sysui_multi_action( 1971): [757,207,758,1]
11-11 03:49:24.098 I/sysui_multi_action( 1971): [757,804,799,volume_from_keyguard,801,0,802,1]
11-11 03:49:24.107 I/sysui_multi_action( 1971): [757,207,758,1]
11-11 03:49:24.108 I/sysui_multi_action( 1971): [757,804,799,volume_from_keyguard,801,0,802,1]
11-11 03:49:24.114 I/volume_changed( 1491): [3,5,6,39,android]
11-11 03:49:24.133 I/volume_changed( 1491): [3,6,7,39,android]
11-11 03:49:24.136 I/sysui_multi_action( 1971): [757,207,758,1]
11-11 03:49:24.136 I/sysui_multi_action( 1971): [757,804,799,volume_from_keyguard,801,0,802,1]
11-11 03:49:24.154 I/sysui_multi_action( 1971): [757,207,758,1]
11-11 03:49:24.155 I/sysui_multi_action( 1971): [757,804,799,volume_from_keyguard,801,0,802,1]
11-11 03:49:24.156 I/sysui_multi_action( 1971): [757,207,758,1]
11-11 03:49:24.157 I/sysui_multi_action( 1971): [757,804,799,volume_from_keyguard,801,0,802,1]
11-11 03:49:24.158 I/volume_changed( 1491): [3,7,8,39,android]
11-11 03:49:24.176 I/sysui_multi_action( 1971): [757,207,758,1]
11-11 03:49:24.176 I/sysui_multi_action( 1971): [757,804,799,volume_from_keyguard,801,0,802,1]
11-11 03:49:24.177 I/sysui_multi_action( 1971): [757,207,758,1]
11-11 03:49:24.177 I/sysui_multi_action( 1971): [757,804,799,volume_from_keyguard,801,0,802,1]
11-11 03:49:24.196 I/volume_changed( 1491): [3,8,9,39,android]
11-11 03:49:24.215 I/sysui_multi_action( 1971): [757,207,758,1]
11-11 03:49:24.216 I/sysui_multi_action( 1971): [757,804,799,volume_from_keyguard,801,0,802,1]
11-11 03:49:24.216 I/sysui_multi_action( 1971): [757,207,758,1]
11-11 03:49:24.217 I/sysui_multi_action( 1971): [757,804,799,volume_from_keyguard,801,0,802,1]
11-11 03:49:24.226 I/sysui_multi_action( 1971): [757,207,758,1]
11-11 03:49:24.226 I/sysui_multi_action( 1971): [757,804,799,volume_from_keyguard,801,0,802,1]
11-11 03:49:24.238 I/volume_changed( 1491): [3,9,10,39,android]
11-11 03:49:24.251 I/sysui_multi_action( 1971): [757,207,758,1]
11-11 03:49:24.251 I/sysui_multi_action( 1971): [757,804,799,volume_from_keyguard,801,0,802,1]
11-11 03:49:24.263 I/sysui_multi_action( 1971): [757,207,758,1]
11-11 03:49:24.263 I/sysui_multi_action( 1971): [757,804,799,volume_from_keyguard,801,0,802,1]
11-11 03:49:24.269 I/volume_changed( 1491): [3,10,11,39,android]
11-11 03:49:24.297 I/sysui_multi_action( 1971): [757,207,758,1]
11-11 03:49:24.297 I/sysui_multi_action( 1971): [757,804,799,volume_from_keyguard,801,0,802,1]
11-11 03:49:24.300 I/sysui_multi_action( 1971): [757,207,758,1]
11-11 03:49:24.300 I/sysui_multi_action( 1971): [757,804,799,volume_from_keyguard,801,0,802,1]
11-11 03:49:24.306 I/volume_changed( 1491): [3,11,12,39,android]
11-11 03:49:24.322 I/sysui_multi_action( 1971): [757,207,758,1]
11-11 03:49:24.322 I/sysui_multi_action( 1971): [757,804,799,volume_from_keyguard,801,0,802,1]
11-11 03:49:24.323 I/sysui_multi_action( 1971): [757,207,758,1]
11-11 03:49:24.323 I/sysui_multi_action( 1971): [757,804,799,volume_from_keyguard,801,0,802,1]
11-11 03:49:24.351 I/volume_changed( 1491): [3,12,13,39,android]
11-11 03:49:24.379 I/sysui_multi_action( 1971): [757,207,758,1]
11-11 03:49:24.380 I/sysui_multi_action( 1971): [757,804,799,volume_from_keyguard,801,0,802,1]
11-11 03:49:24.674 I/commit_sys_config_file( 1491): [settings-1-0,3]
11-11 03:49:24.783 I/volume_changed( 1491): [3,13,14,39,android]
11-11 03:49:24.803 I/sysui_multi_action( 1971): [757,207,758,1]
11-11 03:49:24.803 I/sysui_multi_action( 1971): [757,804,799,volume_from_keyguard,801,0,802,1]
11-11 03:49:24.804 I/sysui_multi_action( 1971): [757,207,758,1]
11-11 03:49:24.804 I/sysui_multi_action( 1971): [757,804,799,volume_from_keyguard,801,0,802,1]
11-11 03:49:24.823 I/volume_changed( 1491): [3,14,15,39,android]
11-11 03:49:24.839 I/sysui_multi_action( 1971): [757,207,758,1]
11-11 03:49:24.839 I/sysui_multi_action( 1971): [757,804,799,volume_from_keyguard,801,0,802,1]
11-11 03:49:24.844 I/sysui_multi_action( 1971): [757,207,758,1]
11-11 03:49:24.844 I/sysui_multi_action( 1971): [757,804,799,volume_from_keyguard,801,0,802,1]
11-11 03:49:24.852 I/sysui_multi_action( 1971): [757,207,758,1]
11-11 03:49:24.852 I/sysui_multi_action( 1971): [757,804,799,volume_from_keyguard,801,0,802,1]
11-11 03:49:24.872 I/volume_changed( 1491): [3,15,16,39,android]
11-11 03:49:24.886 I/sysui_multi_action( 1971): [757,207,758,1]
11-11 03:49:24.887 I/sysui_multi_action( 1971): [757,804,799,volume_from_keyguard,801,0,802,1]
11-11 03:49:24.889 I/sysui_multi_action( 1971): [757,207,758,1]
11-11 03:49:24.889 I/sysui_multi_action( 1971): [757,804,799,volume_from_keyguard,801,0,802,1]
11-11 03:49:24.903 I/volume_changed( 1491): [3,16,17,39,android]
11-11 03:49:24.912 I/sysui_multi_action( 1971): [757,207,758,1]
11-11 03:49:24.912 I/sysui_multi_action( 1971): [757,804,799,volume_from_keyguard,801,0,802,1]
11-11 03:49:24.931 I/volume_changed( 1491): [3,17,18,39,android]
11-11 03:49:24.939 I/sysui_multi_action( 1971): [757,207,758,1]
11-11 03:49:24.939 I/sysui_multi_action( 1971): [757,804,799,volume_from_keyguard,801,0,802,1]
11-11 03:49:24.948 I/volume_changed( 1491): [3,18,19,39,android]
11-11 03:49:24.949 I/sysui_multi_action( 1971): [757,207,758,1]
11-11 03:49:24.949 I/sysui_multi_action( 1971): [757,804,799,volume_from_keyguard,801,0,802,1]
11-11 03:49:24.960 I/sysui_multi_action( 1971): [757,207,758,1]
11-11 03:49:24.960 I/sysui_multi_action( 1971): [757,804,799,volume_from_keyguard,801,0,802,1]
11-11 03:49:24.988 I/commit_sys_config_file( 1491): [settings-1-0,3]
11-11 03:49:25.280 I/volume_changed( 1491): [3,19,18,39,android]
11-11 03:49:25.296 I/sysui_multi_action( 1971): [757,207,758,1]
11-11 03:49:25.297 I/sysui_multi_action( 1971): [757,804,799,volume_from_keyguard,801,0,802,1]
11-11 03:49:25.295 I/auditd ( 0): type=1400 audit(0.0:18761): avc: denied { kill } for comm="swapper/3" capability=5 scontext=u:r:kernel:s0 tcontext=u:r:kernel:s0 tclass=capability permissive=0
11-11 03:49:25.507 I/commit_sys_config_file( 1491): [settings-1-0,13]
11-11 03:49:25.520 I/volume_changed( 1491): [3,18,17,39,android]
11-11 03:49:25.553 I/sysui_multi_action( 1971): [757,207,758,1]
11-11 03:49:25.553 I/sysui_multi_action( 1971): [757,804,799,volume_from_keyguard,801,0,802,1]
11-11 03:49:25.554 I/sysui_multi_action( 1971): [757,207,758,1]
11-11 03:49:25.555 I/sysui_multi_action( 1971): [757,804,799,volume_from_keyguard,801,0,802,1]
11-11 03:49:25.576 I/volume_changed( 1491): [3,17,16,39,android]
11-11 03:49:25.597 I/sysui_multi_action( 1971): [757,207,758,1]
11-11 03:49:25.597 I/sysui_multi_action( 1971): [757,804,799,volume_from_keyguard,801,0,802,1]
11-11 03:49:25.606 I/volume_changed( 1491): [3,16,15,39,android]
11-11 03:49:25.617 I/sysui_multi_action( 1971): [757,207,758,1]
11-11 03:49:25.618 I/sysui_multi_action( 1971): [757,804,799,volume_from_keyguard,801,0,802,1]
11-11 03:49:25.629 I/sysui_multi_action( 1971): [757,207,758,1]
11-11 03:49:25.629 I/sysui_multi_action( 1971): [757,804,799,volume_from_keyguard,801,0,802,1]
11-11 03:49:25.639 I/volume_changed( 1491): [3,15,14,39,android]
11-11 03:49:25.650 I/sysui_multi_action( 1971): [757,207,758,1]
11-11 03:49:25.650 I/sysui_multi_action( 1971): [757,804,799,volume_from_keyguard,801,0,802,1]
11-11 03:49:25.662 I/sysui_multi_action( 1971): [757,207,758,1]
11-11 03:49:25.663 I/sysui_multi_action( 1971): [757,804,799,volume_from_keyguard,801,0,802,1]
11-11 03:49:25.707 I/volume_changed( 1491): [3,14,13,39,android]
11-11 03:49:25.718 I/volume_changed( 1491): [3,13,12,39,android]
11-11 03:49:25.728 I/sysui_multi_action( 1971): [757,207,758,1]
11-11 03:49:25.729 I/sysui_multi_action( 1971): [757,804,799,volume_from_keyguard,801,0,802,1]
11-11 03:49:25.735 I/sysui_multi_action( 1971): [757,207,758,1]
11-11 03:49:25.735 I/sysui_multi_action( 1971): [757,804,799,volume_from_keyguard,801,0,802,1]
11-11 03:49:25.802 I/volume_changed( 1491): [3,12,11,39,android]
11-11 03:49:25.831 I/sysui_multi_action( 1971): [757,207,758,1]
11-11 03:49:25.832 I/sysui_multi_action( 1971): [757,804,799,volume_from_keyguard,801,0,802,1]
11-11 03:49:25.857 I/volume_changed( 1491): [3,11,10,39,android]
11-11 03:49:25.883 I/sysui_multi_action( 1971): [757,207,758,1]
11-11 03:49:25.884 I/sysui_multi_action( 1971): [757,804,799,volume_from_keyguard,801,0,802,1]
11-11 03:49:25.954 I/volume_changed( 1491): [3,10,11,39,android]
11-11 03:49:25.985 I/sysui_multi_action( 1971): [757,207,758,1]
11-11 03:49:25.986 I/sysui_multi_action( 1971): [757,804,799,volume_from_keyguard,801,0,802,1]
11-11 03:49:25.999 I/commit_sys_config_file( 1491): [settings-1-0,6]
11-11 03:49:26.075 I/volume_changed( 1491): [3,11,12,39,android]
11-11 03:49:26.101 I/sysui_multi_action( 1971): [757,207,758,1]
11-11 03:49:26.101 I/sysui_multi_action( 1971): [757,804,799,volume_from_keyguard,801,0,802,1]
11-11 03:49:26.112 I/sysui_multi_action( 1971): [757,207,758,1]
11-11 03:49:26.112 I/sysui_multi_action( 1971): [757,804,799,volume_from_keyguard,801,0,802,1]
11-11 03:49:26.112 I/sysui_multi_action( 1971): [757,207,758,1]
11-11 03:49:26.113 I/sysui_multi_action( 1971): [757,804,799,volume_from_keyguard,801,0,802,1]
11-11 03:49:26.120 I/volume_changed( 1491): [3,12,13,39,android]
11-11 03:49:26.137 I/sysui_multi_action( 1971): [757,207,758,1]
11-11 03:49:26.137 I/sysui_multi_action( 1971): [757,804,799,volume_from_keyguard,801,0,802,1]
11-11 03:49:26.137 I/sysui_multi_action( 1971): [757,207,758,1]
11-11 03:49:26.138 I/sysui_multi_action( 1971): [757,804,799,volume_from_keyguard,801,0,802,1]
11-11 03:49:26.157 I/volume_changed( 1491): [3,13,14,39,android]
11-11 03:49:26.172 I/volume_changed( 1491): [3,14,15,39,android]
11-11 03:49:26.182 I/sysui_multi_action( 1971): [757,207,758,1]
11-11 03:49:26.182 I/sysui_multi_action( 1971): [757,804,799,volume_from_keyguard,801,0,802,1]
11-11 03:49:26.190 I/sysui_multi_action( 1971): [757,207,758,1]
11-11 03:49:26.190 I/sysui_multi_action( 1971): [757,804,799,volume_from_keyguard,801,0,802,1]
11-11 03:49:26.191 I/sysui_multi_action( 1971): [757,207,758,1]
11-11 03:49:26.191 I/sysui_multi_action( 1971): [757,804,799,volume_from_keyguard,801,0,802,1]
11-11 03:49:26.200 I/volume_changed( 1491): [3,15,16,39,android]
11-11 03:49:26.219 I/sysui_multi_action( 1971): [757,207,758,1]
11-11 03:49:26.219 I/sysui_multi_action( 1971): [757,804,799,volume_from_keyguard,801,0,802,1]
11-11 03:49:26.236 I/volume_changed( 1491): [3,16,17,39,android]
11-11 03:49:26.247 I/sysui_multi_action( 1971): [757,207,758,1]
11-11 03:49:26.248 I/sysui_multi_action( 1971): [757,804,799,volume_from_keyguard,801,0,802,1]
11-11 03:49:26.255 I/commit_sys_config_file( 1491): [settings-1-0,2]
11-11 03:49:26.264 I/volume_changed( 1491): [3,17,18,39,android]
11-11 03:49:26.283 I/sysui_multi_action( 1971): [757,207,758,1]
11-11 03:49:26.283 I/sysui_multi_action( 1971): [757,804,799,volume_from_keyguard,801,0,802,1]
11-11 03:49:26.295 I/auditd ( 0): type=1400 audit(0.0:18762): avc: denied { kill } for comm="swapper/3" capability=5 scontext=u:r:kernel:s0 tcontext=u:r:kernel:s0 tclass=capability permissive=0
11-11 03:49:26.344 I/volume_changed( 1491): [3,18,17,39,android]
11-11 03:49:26.361 I/sysui_multi_action( 1971): [757,207,758,1]
11-11 03:49:26.361 I/sysui_multi_action( 1971): [757,804,799,volume_from_keyguard,801,0,802,1]
11-11 03:49:26.403 I/volume_changed( 1491): [3,17,16,39,android]
11-11 03:49:26.423 I/sysui_multi_action( 1971): [757,207,758,1]
11-11 03:49:26.423 I/sysui_multi_action( 1971): [757,804,799,volume_from_keyguard,801,0,802,1]
11-11 03:49:26.424 I/sysui_multi_action( 1971): [757,207,758,1]
