11-11 04:09:28.774 I/MicroService( 2135): Receive message: SocketMessageBean{businessData='21930', srcService='IDCM_CarAudioService', destService='FSEM_AudioService', messageType='0', uuid='14958697224396', payloadData={"srcService":"IDCM_CarAudioService","dstService":"FSEM_AudioService","methodName":"setVolume","messageType":0,"uuid":14958697224396,"parameters":{"functionInfo":{"IDCM_VolumeValue_Media":"10"}}}}
11-11 04:09:28.774 I/MicroService( 2135): dealMessage: 0
11-11 04:09:28.774 I/MicroService( 2135): onRequest(setVolume): {"functionInfo":{"IDCM_VolumeValue_Media":"10"}}
11-11 04:09:28.783 I/volume_changed( 1491): [3,9,10,39,android]
11-11 04:09:28.797 I/vol.Events( 1971): writeEvent level_changed STREAM_MUSIC 10
11-11 04:09:28.797 I/vol.Events( 1971): writeEvent level_changed STREAM_ALARM 3
11-11 04:09:28.800 W/kcp_info(17338): HCDN_LOG: [T:18541]Update: udp kcp size[0], timeout kcp size[0]
11-11 04:09:28.807 I/sysui_multi_action( 1971): [757,207,758,1]
11-11 04:09:28.808 D/BluetoothDatabase( 7489): getBondedDevicesOrdered: Invalid address for device LocalStorage
11-11 04:09:28.808 I/sysui_multi_action( 1971): [757,804,799,volume_from_keyguard,801,0,802,1]
11-11 04:09:28.809 I/vol.Events( 1971): writeEvent show_dialog volume_changed keyguard=false
11-11 04:09:28.809 D/MicroService( 2135): getEvent: clientSocket = Socket[address=/192.168.4.4,port=47560,localPort=9999]
11-11 04:09:28.810 D/MicroService( 2135): run: called
11-11 04:09:28.810 D/MicroService( 2135): getEvent: start waiting...
11-11 04:09:28.810 E/HeadsetStateMachine( 7489): returning mCurrentState as Disconnected
11-11 04:09:28.814 I/MicroService( 2135): getStringByData(noZero): IDCM_CarAudioService
11-11 04:09:28.814 I/MicroService( 2135): getStringByData(noZero): FSEM_AudioService
11-11 04:09:28.814 D/BluetoothPbapService( 7489): getConnectionState: 60:F4:3A:B2:E8:8D
11-11 04:09:28.815 I/MicroService( 2135): getStringByData: {"srcService":"IDCM_CarAudioService","dstService":"FSEM_AudioService","methodName":"setVolume","messageType":0,"uuid":14958733513719,"parameters":{"functionInfo":{"IDCM_VolumeValue_Media":"11"}}}
11-11 04:09:28.815 I/MicroService( 2135): Receive message: SocketMessageBean{businessData='21930', srcService='IDCM_CarAudioService', destService='FSEM_AudioService', messageType='0', uuid='14958733513719', payloadData={"srcService":"IDCM_CarAudioService","dstService":"FSEM_AudioService","methodName":"setVolume","messageType":0,"uuid":14958733513719,"parameters":{"functionInfo":{"IDCM_VolumeValue_Media":"11"}}}}
11-11 04:09:28.815 I/MicroService( 2135): dealMessage: 0
11-11 04:09:28.815 I/MicroService( 2135): onRequest(setVolume): {"functionInfo":{"IDCM_VolumeValue_Media":"11"}}
11-11 04:09:28.816 W/View ( 1971): requestLayout() improperly called by android.widget.FrameLayout{6741a03 I.E...... ......ID 0,0-780,182 #2bc} during second layout pass: posting in next frame
11-11 04:09:28.816 W/View ( 1971): requestLayout() improperly called by com.android.systemui.statusbar.AlphaOptimizedImageView{251aab2 VFED..C.. ......ID 0,0-140,182} during second layout pass: posting in next frame
11-11 04:09:28.819 D/HearingAidService( 7489): getActiveDevices
11-11 04:09:28.820 I/volume_changed( 1491): [3,10,11,39,android]
11-11 04:09:28.826 W/View ( 1971): requestLayout() improperly called by android.widget.FrameLayout{6741a03 I.E...... ......ID 0,0-780,182 #2bc} during layout: running second layout pass
11-11 04:09:28.826 W/View ( 1971): requestLayout() improperly called by com.android.systemui.statusbar.AlphaOptimizedImageView{251aab2 VFED..C.. ......ID 0,0-140,182} during layout: running second layout pass
11-11 04:09:28.832 D/BluetoothDatabase( 7489): getBondedDevicesOrdered: Invalid address for device LocalStorage
11-11 04:09:28.833 E/HeadsetStateMachine( 7489): returning mCurrentState as Disconnected
11-11 04:09:28.834 I/vol.Events( 1971): writeEvent level_changed STREAM_MUSIC 11
11-11 04:09:28.834 D/BluetoothPbapService( 7489): getConnectionState: 60:F4:3A:B2:E8:8D
11-11 04:09:28.836 D/HearingAidService( 7489): getActiveDevices
11-11 04:09:28.836 I/sysui_multi_action( 1971): [757,207,758,1]
11-11 04:09:28.837 I/sysui_multi_action( 1971): [757,804,799,volume_from_keyguard,801,0,802,1]
11-11 04:09:28.838 I/vol.Events( 1971): writeEvent show_dialog volume_changed keyguard=false
11-11 04:09:28.839 W/View ( 1971): requestLayout() improperly called by android.widget.FrameLayout{6741a03 I.E...... ......ID 0,0-780,182 #2bc} during second layout pass: posting in next frame
11-11 04:09:28.839 W/View ( 1971): requestLayout() improperly called by com.android.systemui.statusbar.AlphaOptimizedImageView{251aab2 VFED..C.. ......ID 0,0-140,182} during second layout pass: posting in next frame
11-11 04:09:28.841 D/MicroService( 2135): getEvent: clientSocket = Socket[address=/192.168.4.4,port=47562,localPort=9999]
11-11 04:09:28.842 D/MicroService( 2135): run: called
11-11 04:09:28.842 D/MicroService( 2135): getEvent: start waiting...
11-11 04:09:28.842 I/MicroService( 2135): getStringByData(noZero): IDCM_CarAudioService
11-11 04:09:28.842 I/MicroService( 2135): getStringByData(noZero): FSEM_AudioService
11-11 04:09:28.842 I/MicroService( 2135): getStringByData: {"srcService":"IDCM_CarAudioService","dstService":"FSEM_AudioService","methodName":"setVolume","messageType":0,"uuid":14958766611167,"parameters":{"functionInfo":{"IDCM_VolumeValue_Media":"12"}}}
11-11 04:09:28.842 I/MicroService( 2135): Receive message: SocketMessageBean{businessData='21930', srcService='IDCM_CarAudioService', destService='FSEM_AudioService', messageType='0', uuid='14958766611167', payloadData={"srcService":"IDCM_CarAudioService","dstService":"FSEM_AudioService","methodName":"setVolume","messageType":0,"uuid":14958766611167,"parameters":{"functionInfo":{"IDCM_VolumeValue_Media":"12"}}}}
11-11 04:09:28.842 I/MicroService( 2135): dealMessage: 0
11-11 04:09:28.842 I/MicroService( 2135): onRequest(setVolume): {"functionInfo":{"IDCM_VolumeValue_Media":"12"}}
11-11 04:09:28.846 I/volume_changed( 1491): [3,11,12,39,android]
11-11 04:09:28.853 W/View ( 1971): requestLayout() improperly called by android.widget.FrameLayout{6741a03 I.E...... ......ID 0,0-780,182 #2bc} during layout: running second layout pass
11-11 04:09:28.854 W/View ( 1971): requestLayout() improperly called by com.android.systemui.statusbar.AlphaOptimizedImageView{251aab2 VFED..C.. ......ID 0,0-140,182} during layout: running second layout pass
11-11 04:09:28.854 I/vol.Events( 1971): writeEvent level_changed STREAM_MUSIC 12
11-11 04:09:28.858 W/View ( 1971): requestLayout() improperly called by android.widget.FrameLayout{6741a03 I.E...... ......ID 0,0-780,182 #2bc} during second layout pass: posting in next frame
11-11 04:09:28.859 W/View ( 1971): requestLayout() improperly called by com.android.systemui.statusbar.AlphaOptimizedImageView{251aab2 VFED..C.. ......ID 0,0-140,182} during second layout pass: posting in next frame
11-11 04:09:28.860 I/sysui_multi_action( 1971): [757,207,758,1]
11-11 04:09:28.860 I/sysui_multi_action( 1971): [757,804,799,volume_from_keyguard,801,0,802,1]
11-11 04:09:28.860 I/vol.Events( 1971): writeEvent show_dialog volume_changed keyguard=false
11-11 04:09:28.870 W/View ( 1971): requestLayout() improperly called by android.widget.FrameLayout{6741a03 I.E...... ......ID 0,0-780,182 #2bc} during layout: running second layout pass
11-11 04:09:28.870 W/View ( 1971): requestLayout() improperly called by com.android.systemui.statusbar.AlphaOptimizedImageView{251aab2 VFED..C.. ......ID 0,0-140,182} during layout: running second layout pass
11-11 04:09:28.875 D/BluetoothDatabase( 7489): getBondedDevicesOrdered: Invalid address for device LocalStorage
11-11 04:09:28.877 E/HeadsetStateMachine( 7489): returning mCurrentState as Disconnected
11-11 04:09:28.878 D/MicroService( 2135): getEvent: clientSocket = Socket[address=/192.168.4.4,port=47564,localPort=9999]
11-11 04:09:28.878 D/MicroService( 2135): run: called
11-11 04:09:28.878 D/MicroService( 2135): getEvent: start waiting...
11-11 04:09:28.879 D/BluetoothPbapService( 7489): getConnectionState: 60:F4:3A:B2:E8:8D
11-11 04:09:28.879 I/MicroService( 2135): getStringByData(noZero): IDCM_CarAudioService
11-11 04:09:28.879 I/MicroService( 2135): getStringByData(noZero): FSEM_AudioService
11-11 04:09:28.879 I/MicroService( 2135): getStringByData: {"srcService":"IDCM_CarAudioService","dstService":"FSEM_AudioService","methodName":"setVolume","messageType":0,"uuid":14958811176167,"parameters":{"functionInfo":{"IDCM_VolumeValue_Media":"13"}}}
11-11 04:09:28.879 I/MicroService( 2135): Receive message: SocketMessageBean{businessData='21930', srcService='IDCM_CarAudioService', destService='FSEM_AudioService', messageType='0', uuid='14958811176167', payloadData={"srcService":"IDCM_CarAudioService","dstService":"FSEM_AudioService","methodName":"setVolume","messageType":0,"uuid":14958811176167,"parameters":{"functionInfo":{"IDCM_VolumeValue_Media":"13"}}}}
11-11 04:09:28.879 I/MicroService( 2135): dealMessage: 0
11-11 04:09:28.879 I/MicroService( 2135): onRequest(setVolume): {"functionInfo":{"IDCM_VolumeValue_Media":"13"}}
11-11 04:09:28.880 D/HearingAidService( 7489): getActiveDevices
11-11 04:09:28.882 I/volume_changed( 1491): [3,12,13,39,android]
11-11 04:09:28.890 W/View ( 1971): requestLayout() improperly called by android.widget.FrameLayout{6741a03 I.E...... ......ID 0,0-780,182 #2bc} during second layout pass: posting in next frame
11-11 04:09:28.890 W/View ( 1971): requestLayout() improperly called by com.android.systemui.statusbar.AlphaOptimizedImageView{251aab2 VFED..C.. ......ID 0,0-140,182} during second layout pass: posting in next frame
11-11 04:09:28.895 I/vol.Events( 1971): writeEvent level_changed STREAM_MUSIC 13
11-11 04:09:28.904 W/View ( 1971): requestLayout() improperly called by android.widget.FrameLayout{6741a03 I.E...... ......ID 0,0-780,182 #2bc} during layout: running second layout pass
11-11 04:09:28.904 W/View ( 1971): requestLayout() improperly called by com.android.systemui.statusbar.AlphaOptimizedImageView{251aab2 VFED..C.. ......ID 0,0-140,182} during layout: running second layout pass
11-11 04:09:28.908 I/sysui_multi_action( 1971): [757,207,758,1]
11-11 04:09:28.908 I/sysui_multi_action( 1971): [757,804,799,volume_from_keyguard,801,0,802,1]
11-11 04:09:28.908 I/vol.Events( 1971): writeEvent show_dialog volume_changed keyguard=false
11-11 04:09:28.910 W/View ( 1971): requestLayout() improperly called by android.widget.FrameLayout{6741a03 I.E...... ......ID 0,0-780,182 #2bc} during second layout pass: posting in next frame
11-11 04:09:28.910 W/View ( 1971): requestLayout() improperly called by com.android.systemui.statusbar.AlphaOptimizedImageView{251aab2 VFED..C.. ......ID 0,0-140,182} during second layout pass: posting in next frame
11-11 04:09:28.912 D/MicroService( 2135): getEvent: clientSocket = Socket[address=/192.168.4.4,port=47566,localPort=9999]
11-11 04:09:28.912 D/MicroService( 2135): run: called
11-11 04:09:28.912 D/MicroService( 2135): getEvent: start waiting...
11-11 04:09:28.912 D/BluetoothDatabase( 7489): getBondedDevicesOrdered: Invalid address for device LocalStorage
11-11 04:09:28.913 E/HeadsetStateMachine( 7489): returning mCurrentState as Disconnected
11-11 04:09:28.914 D/BluetoothPbapService( 7489): getConnectionState: 60:F4:3A:B2:E8:8D
11-11 04:09:28.915 D/HearingAidService( 7489): getActiveDevices
11-11 04:09:28.918 I/MicroService( 2135): getStringByData(noZero): IDCM_CarAudioService
11-11 04:09:28.918 I/MicroService( 2135): getStringByData(noZero): FSEM_AudioService
11-11 04:09:28.918 I/MicroService( 2135): getStringByData: {"srcService":"IDCM_CarAudioService","dstService":"FSEM_AudioService","methodName":"setVolume","messageType":0,"uuid":14958849966479,"parameters":{"functionInfo":{"IDCM_VolumeValue_Media":"14"}}}
11-11 04:09:28.918 I/MicroService( 2135): Receive message: SocketMessageBean{businessData='21930', srcService='IDCM_CarAudioService', destService='FSEM_AudioService', messageType='0', uuid='14958849966479', payloadData={"srcService":"IDCM_CarAudioService","dstService":"FSEM_AudioService","methodName":"setVolume","messageType":0,"uuid":14958849966479,"parameters":{"functionInfo":{"IDCM_VolumeValue_Media":"14"}}}}
11-11 04:09:28.918 I/MicroService( 2135): dealMessage: 0
11-11 04:09:28.918 I/MicroService( 2135): onRequest(setVolume): {"functionInfo":{"IDCM_VolumeValue_Media":"14"}}
11-11 04:09:28.922 W/View ( 1971): requestLayout() improperly called by android.widget.FrameLayout{6741a03 I.E...... ......ID 0,0-780,182 #2bc} during layout: running second layout pass
11-11 04:09:28.923 W/View ( 1971): requestLayout() improperly called by com.android.systemui.statusbar.AlphaOptimizedImageView{251aab2 VFED..C.. ......ID 0,0-140,182} during layout: running second layout pass
11-11 04:09:28.923 I/volume_changed( 1491): [3,13,14,39,android]
11-11 04:09:28.933 I/vol.Events( 1971): writeEvent level_changed STREAM_MUSIC 14
11-11 04:09:28.933 I/vol.Events( 1971): writeEvent level_changed STREAM_RING 3
11-11 04:09:28.933 I/vol.Events( 1971): writeEvent level_changed STREAM_SYSTEM 3
11-11 04:09:28.935 I/sysui_multi_action( 1971): [757,207,758,1]
11-11 04:09:28.935 I/sysui_multi_action( 1971): [757,804,799,volume_from_keyguard,801,0,802,1]
11-11 04:09:28.935 I/vol.Events( 1971): writeEvent show_dialog volume_changed keyguard=false
11-11 04:09:28.939 D/BluetoothDatabase( 7489): getBondedDevicesOrdered: Invalid address for device LocalStorage
11-11 04:09:28.940 E/HeadsetStateMachine( 7489): returning mCurrentState as Disconnected
11-11 04:09:28.940 W/View ( 1971): requestLayout() improperly called by android.widget.FrameLayout{6741a03 I.E...... ......ID 0,0-780,182 #2bc} during second layout pass: posting in next frame
11-11 04:09:28.940 W/View ( 1971): requestLayout() improperly called by com.android.systemui.statusbar.AlphaOptimizedImageView{251aab2 VFED..C.. ......ID 0,0-140,182} during second layout pass: posting in next frame
11-11 04:09:28.941 D/BluetoothPbapService( 7489): getConnectionState: 60:F4:3A:B2:E8:8D
11-11 04:09:28.943 D/HearingAidService( 7489): getActiveDevices
11-11 04:09:28.948 D/MicroService( 2135): getEvent: clientSocket = Socket[address=/192.168.4.4,port=47568,localPort=9999]
11-11 04:09:28.949 D/MicroService( 2135): run: called
11-11 04:09:28.949 D/MicroService( 2135): getEvent: start waiting...
11-11 04:09:28.949 I/MicroService( 2135): getStringByData(noZero): IDCM_CarAudioService
11-11 04:09:28.949 I/MicroService( 2135): getStringByData(noZero): FSEM_AudioService
11-11 04:09:28.949 I/MicroService( 2135): getStringByData: {"srcService":"IDCM_CarAudioService","dstService":"FSEM_AudioService","methodName":"setVolume","messageType":0,"uuid":14958885850750,"parameters":{"functionInfo":{"IDCM_VolumeValue_Media":"15"}}}
11-11 04:09:28.949 I/MicroService( 2135): Receive message: SocketMessageBean{businessData='21930', srcService='IDCM_CarAudioService', destService='FSEM_AudioService', messageType='0', uuid='14958885850750', payloadData={"srcService":"IDCM_CarAudioService","dstService":"FSEM_AudioService","methodName":"setVolume","messageType":0,"uuid":14958885850750,"parameters":{"functionInfo":{"IDCM_VolumeValue_Media":"15"}}}}
11-11 04:09:28.949 I/MicroService( 2135): dealMessage: 0
11-11 04:09:28.949 I/MicroService( 2135): onRequest(setVolume): {"functionInfo":{"IDCM_VolumeValue_Media":"15"}}
11-11 04:09:28.954 W/View ( 1971): requestLayout() improperly called by android.widget.FrameLayout{6741a03 I.E...... ......ID 0,0-780,182 #2bc} during layout: running second layout pass
11-11 04:09:28.954 W/View ( 1971): requestLayout() improperly called by com.android.systemui.statusbar.AlphaOptimizedImageView{251aab2 VFED..C.. ......ID 0,0-140,182} during layout: running second layout pass
11-11 04:09:28.954 I/volume_changed( 1491): [3,14,15,39,android]
11-11 04:09:28.955 D/AudioAnalytics( 1199): gc(1700, 2000): log size:1700 item map size:103, item map items:1700
11-11 04:09:28.955 W/View ( 1971): requestLayout() improperly called by android.widget.FrameLayout{6741a03 I.E...... ......ID 0,0-780,182 #2bc} during second layout pass: posting in next frame
11-11 04:09:28.955 W/View ( 1971): requestLayout() improperly called by com.android.systemui.statusbar.AlphaOptimizedImageView{251aab2 VFED..C.. ......ID 0,0-140,182} during second layout pass: posting in next frame
11-11 04:09:28.956 I/vol.Events( 1971): writeEvent level_changed STREAM_MUSIC 15
11-11 04:09:28.960 I/vol.Events( 1971): writeEvent level_changed STREAM_VOICE_CALL 3
11-11 04:09:28.972 W/View ( 1971): requestLayout() improperly called by android.widget.FrameLayout{6741a03 I.E...... ......ID 0,0-780,182 #2bc} during layout: running second layout pass
11-11 04:09:28.972 W/View ( 1971): requestLayout() improperly called by com.android.systemui.statusbar.AlphaOptimizedImageView{251aab2 VFED..C.. ......ID 0,0-140,182} during layout: running second layout pass
11-11 04:09:28.975 I/sysui_multi_action( 1971): [757,207,758,1]
11-11 04:09:28.976 I/sysui_multi_action( 1971): [757,804,799,volume_from_keyguard,801,0,802,1]
11-11 04:09:28.976 I/vol.Events( 1971): writeEvent show_dialog volume_changed keyguard=false
11-11 04:09:28.978 W/View ( 1971): requestLayout() improperly called by android.widget.FrameLayout{6741a03 I.E...... ......ID 0,0-780,182 #2bc} during second layout pass: posting in next frame
11-11 04:09:28.978 W/View ( 1971): requestLayout() improperly called by com.android.systemui.statusbar.AlphaOptimizedImageView{251aab2 VFED..C.. ......ID 0,0-140,182} during second layout pass: posting in next frame
11-11 04:09:28.980 D/BluetoothDatabase( 7489): getBondedDevicesOrdered: Invalid address for device LocalStorage
11-11 04:09:28.981 E/HeadsetStateMachine( 7489): returning mCurrentState as Disconnected
11-11 04:09:28.982 D/BluetoothPbapService( 7489): getConnectionState: 60:F4:3A:B2:E8:8D
11-11 04:09:28.984 D/HearingAidService( 7489): getActiveDevices
11-11 04:09:28.991 W/View ( 1971): requestLayout() improperly called by android.widget.FrameLayout{6741a03 I.E...... ......ID 0,0-780,182 #2bc} during layout: running second layout pass
11-11 04:09:28.991 W/View ( 1971): requestLayout() improperly called by com.android.systemui.statusbar.AlphaOptimizedImageView{251aab2 VFED..C.. ......ID 0,0-140,182} during layout: running second layout pass
11-11 04:09:28.987 I/auditd (15150): type=1400 audit(0.0:20105): avc: denied { read } for comm="aker:messagesdk" name="tcp" dev="proc" ino=4026532256 scontext=u:r:untrusted_app_29:s0:c99,c256,c512,c768 tcontext=u:object_r:proc_net_tcp_udp:s0 tclass=file permissive=0 app=com.smile.gifmaker
11-11 04:09:28.987 W/aker:messagesdk(15150): type=1400 audit(0.0:20105): avc: denied { read } for name="tcp" dev="proc" ino=4026532256 scontext=u:r:untrusted_app_29:s0:c99,c256,c512,c768 tcontext=u:object_r:proc_net_tcp_udp:s0 tclass=file permissive=0 app=com.smile.gifmaker
11-11 04:09:29.004 D/MicroService( 2135): getEvent: clientSocket = Socket[address=/192.168.4.4,port=47570,localPort=9999]
11-11 04:09:29.005 D/MicroService( 2135): run: called
11-11 04:09:29.005 D/MicroService( 2135): getEvent: start waiting...
11-11 04:09:29.007 I/MicroService( 2135): getStringByData(noZero): IDCM_CarAudioService
11-11 04:09:29.007 I/MicroService( 2135): getStringByData(noZero): FSEM_AudioService
11-11 04:09:29.007 I/MicroService( 2135): getStringByData: {"srcService":"IDCM_CarAudioService","dstService":"FSEM_AudioService","methodName":"setVolume","messageType":0,"uuid":14958938369448,"parameters":{"functionInfo":{"IDCM_VolumeValue_Media":"16"}}}
11-11 04:09:29.007 I/MicroService( 2135): Receive message: SocketMessageBean{businessData='21930', srcService='IDCM_CarAudioService', destService='FSEM_AudioService', messageType='0', uuid='14958938369448', payloadData={"srcService":"IDCM_CarAudioService","dstService":"FSEM_AudioService","methodName":"setVolume","messageType":0,"uuid":14958938369448,"parameters":{"functionInfo":{"IDCM_VolumeValue_Media":"16"}}}}
11-11 04:09:29.007 I/MicroService( 2135): dealMessage: 0
11-11 04:09:29.007 I/MicroService( 2135): onRequest(setVolume): {"functionInfo":{"IDCM_VolumeValue_Media":"16"}}
11-11 04:09:29.008 W/View ( 1971): requestLayout() improperly called by android.widget.FrameLayout{6741a03 I.E...... ......ID 0,0-780,182 #2bc} during second layout pass: posting in next frame
11-11 04:09:29.008 W/View ( 1971): requestLayout() improperly called by com.android.systemui.statusbar.AlphaOptimizedImageView{251aab2 VFED..C.. ......ID 0,0-140,182} during second layout pass: posting in next frame
11-11 04:09:29.014 I/vol.Events( 1971): writeEvent level_changed STREAM_ALARM 4
11-11 04:09:29.015 I/volume_changed( 1491): [3,15,16,39,android]
11-11 04:09:29.016 I/vol.Events( 1971): writeEvent level_changed STREAM_MUSIC 16
11-11 04:09:29.021 W/View ( 1971): requestLayout() improperly called by android.widget.FrameLayout{6741a03 I.E...... ......ID 0,0-780,182 #2bc} during layout: running second layout pass
11-11 04:09:29.021 W/View ( 1971): requestLayout() improperly called by com.android.systemui.statusbar.AlphaOptimizedImageView{251aab2 VFED..C.. ......ID 0,0-140,182} during layout: running second layout pass
11-11 04:09:29.026 W/View ( 1971): requestLayout() improperly called by android.widget.FrameLayout{6741a03 I.E...... ......ID 0,0-780,182 #2bc} during second layout pass: posting in next frame
11-11 04:09:29.026 W/View ( 1971): requestLayout() improperly called by com.android.systemui.statusbar.AlphaOptimizedImageView{251aab2 VFED..C.. ......ID 0,0-140,182} during second layout pass: posting in next frame
11-11 04:09:29.026 I/sysui_multi_action( 1971): [757,207,758,1]
11-11 04:09:29.027 I/sysui_multi_action( 1971): [757,804,799,volume_from_keyguard,801,0,802,1]
11-11 04:09:29.028 I/vol.Events( 1971): writeEvent show_dialog volume_changed keyguard=false
11-11 04:09:29.031 D/BluetoothDatabase( 7489): getBondedDevicesOrdered: Invalid address for device LocalStorage
11-11 04:09:29.032 E/HeadsetStateMachine( 7489): returning mCurrentState as Disconnected
11-11 04:09:29.033 D/BluetoothPbapService( 7489): getConnectionState: 60:F4:3A:B2:E8:8D
11-11 04:09:29.034 D/HearingAidService( 7489): getActiveDevices
11-11 04:09:29.037 W/View ( 1971): requestLayout() improperly called by android.widget.FrameLayout{6741a03 I.E...... ......ID 0,0-780,182 #2bc} during layout: running second layout pass
11-11 04:09:29.037 W/View ( 1971): requestLayout() improperly called by com.android.systemui.statusbar.AlphaOptimizedImageView{251aab2 VFED..C.. ......ID 0,0-140,182} during layout: running second layout pass
11-11 04:09:29.053 W/View ( 1971): requestLayout() improperly called by android.widget.FrameLayout{6741a03 I.E...... ......ID 0,0-780,182 #2bc} during second layout pass: posting in next frame
11-11 04:09:29.053 W/View ( 1971): requestLayout() improperly called by com.android.systemui.statusbar.AlphaOptimizedImageView{251aab2 VFED..C.. ......ID 0,0-140,182} during second layout pass: posting in next frame
11-11 04:09:29.061 D/MicroService( 2135): getEvent: clientSocket = Socket[address=/192.168.4.4,port=47572,localPort=9999]
11-11 04:09:29.062 D/MicroService( 2135): run: called
11-11 04:09:29.062 D/MicroService( 2135): getEvent: start waiting...
11-11 04:09:29.063 I/MicroService( 2135): getStringByData(noZero): IDCM_CarAudioService
11-11 04:09:29.063 I/MicroService( 2135): getStringByData(noZero): FSEM_AudioService
11-11 04:09:29.063 I/MicroService( 2135): getStringByData: {"srcService":"IDCM_CarAudioService","dstService":"FSEM_AudioService","methodName":"setVolume","messageType":0,"uuid":14958985762521,"parameters":{"functionInfo":{"IDCM_VolumeValue_Media":"17"}}}
11-11 04:09:29.064 I/MicroService( 2135): Receive message: SocketMessageBean{businessData='21930', srcService='IDCM_CarAudioService', destService='FSEM_AudioService', messageType='0', uuid='14958985762521', payloadData={"srcService":"IDCM_CarAudioService","dstService":"FSEM_AudioService","methodName":"setVolume","messageType":0,"uuid":14958985762521,"parameters":{"functionInfo":{"IDCM_VolumeValue_Media":"17"}}}}
11-11 04:09:29.064 I/MicroService( 2135): dealMessage: 0
11-11 04:09:29.064 I/MicroService( 2135): onRequest(setVolume): {"functionInfo":{"IDCM_VolumeValue_Media":"17"}}
11-11 04:09:29.071 W/View ( 1971): requestLayout() improperly called by android.widget.FrameLayout{6741a03 I.E...... ......ID 0,0-780,182 #2bc} during layout: running second layout pass
11-11 04:09:29.072 W/View ( 1971): requestLayout() improperly called by com.android.systemui.statusbar.AlphaOptimizedImageView{251aab2 VFED..C.. ......ID 0,0-140,182} during layout: running second layout pass
11-11 04:09:29.074 I/volume_changed( 1491): [3,16,17,39,android]
11-11 04:09:29.088 I/vol.Events( 1971): writeEvent level_changed STREAM_MUSIC 17
11-11 04:09:29.095 W/View ( 1971): requestLayout() improperly called by android.widget.FrameLayout{6741a03 I.E...... ......ID 0,0-780,182 #2bc} during second layout pass: posting in next frame
11-11 04:09:29.095 W/View ( 1971): requestLayout() improperly called by com.android.systemui.statusbar.AlphaOptimizedImageView{251aab2 VFED..C.. ......ID 0,0-140,182} during second layout pass: posting in next frame
11-11 04:09:29.097 W/View ( 1971): requestLayout() improperly called by android.widget.FrameLayout{6741a03 I.E...... ......ID 0,0-780,182 #2bc} during layout: running second layout pass
11-11 04:09:29.097 W/View ( 1971): requestLayout() improperly called by com.android.systemui.statusbar.AlphaOptimizedImageView{251aab2 VFED..C.. ......ID 0,0-140,182} during layout: running second layout pass
11-11 04:09:29.098 D/MicroService( 2135): getEvent: clientSocket = Socket[address=/192.168.4.4,port=47574,localPort=9999]
11-11 04:09:29.099 D/MicroService( 2135): run: called
11-11 04:09:29.099 D/MicroService( 2135): getEvent: start waiting...
11-11 04:09:29.100 I/sysui_multi_action( 1971): [757,207,758,1]
11-11 04:09:29.100 I/MicroService( 2135): getStringByData(noZero): IDCM_CarAudioService
11-11 04:09:29.100 I/sysui_multi_action( 1971): [757,804,799,volume_from_keyguard,801,0,802,1]
11-11 04:09:29.100 I/MicroService( 2135): getStringByData(noZero): FSEM_AudioService
11-11 04:09:29.100 I/MicroService( 2135): getStringByData: {"srcService":"IDCM_CarAudioService","dstService":"FSEM_AudioService","methodName":"setVolume","messageType":0,"uuid":14959037769813,"parameters":{"functionInfo":{"IDCM_VolumeValue_Media":"18"}}}
11-11 04:09:29.101 I/vol.Events( 1971): writeEvent show_dialog volume_changed keyguard=false
11-11 04:09:29.101 I/MicroService( 2135): Receive message: SocketMessageBean{businessData='21930', srcService='IDCM_CarAudioService', destService='FSEM_AudioService', messageType='0', uuid='14959037769813', payloadData={"srcService":"IDCM_CarAudioService","dstService":"FSEM_AudioService","methodName":"setVolume","messageType":0,"uuid":14959037769813,"parameters":{"functionInfo":{"IDCM_VolumeValue_Media":"18"}}}}
11-11 04:09:29.101 I/MicroService( 2135): dealMessage: 0
11-11 04:09:29.101 I/MicroService( 2135): onRequest(setVolume): {"functionInfo":{"IDCM_VolumeValue_Media":"18"}}
11-11 04:09:29.101 D/BluetoothDatabase( 7489): getBondedDevicesOrdered: Invalid address for device LocalStorage
11-11 04:09:29.106 W/View ( 1971): requestLayout() improperly called by android.widget.FrameLayout{6741a03 I.E...... ......ID 0,0-780,182 #2bc} during second layout pass: posting in next frame
11-11 04:09:29.106 W/View ( 1971): requestLayout() improperly called by com.android.systemui.statusbar.AlphaOptimizedImageView{251aab2 VFED..C.. ......ID 0,0-140,182} during second layout pass: posting in next frame
11-11 04:09:29.106 I/volume_changed( 1491): [3,17,18,39,android]
11-11 04:09:29.108 E/HeadsetStateMachine( 7489): returning mCurrentState as Disconnected
11-11 04:09:29.112 D/BluetoothPbapService( 7489): getConnectionState: 60:F4:3A:B2:E8:8D
11-11 04:09:29.113 D/HearingAidService( 7489): getActiveDevices
11-11 04:09:29.117 I/vol.Events( 1971): writeEvent level_changed STREAM_MUSIC 18
11-11 04:09:29.121 W/View ( 1971): requestLayout() improperly called by android.widget.FrameLayout{6741a03 I.E...... ......ID 0,0-780,182 #2bc} during layout: running second layout pass
11-11 04:09:29.121 W/View ( 1971): requestLayout() improperly called by com.android.systemui.statusbar.AlphaOptimizedImageView{251aab2 VFED..C.. ......ID 0,0-140,182} during layout: running second layout pass
11-11 04:09:29.126 I/sysui_multi_action( 1971): [757,207,758,1]
11-11 04:09:29.127 I/sysui_multi_action( 1971): [757,804,799,volume_from_keyguard,801,0,802,1]
11-11 04:09:29.127 D/BluetoothDatabase( 7489): getBondedDevicesOrdered: Invalid address for device LocalStorage
11-11 04:09:29.127 I/vol.Events( 1971): writeEvent show_dialog volume_changed keyguard=false
11-11 04:09:29.128 W/View ( 1971): requestLayout() improperly called by android.widget.FrameLayout{6741a03 I.E...... ......ID 0,0-780,182 #2bc} during second layout pass: posting in next frame
11-11 04:09:29.128 E/HeadsetStateMachine( 7489): returning mCurrentState as Disconnected
11-11 04:09:29.128 W/View ( 1971): requestLayout() improperly called by com.android.systemui.statusbar.AlphaOptimizedImageView{251aab2 VFED..C.. ......ID 0,0-140,182} during second layout pass: posting in next frame
11-11 04:09:29.129 D/BluetoothPbapService( 7489): getConnectionState: 60:F4:3A:B2:E8:8D
11-11 04:09:29.131 D/HearingAidService( 7489): getActiveDevices
11-11 04:09:29.138 W/View ( 1971): requestLayout() improperly called by android.widget.FrameLayout{6741a03 I.E...... ......ID 0,0-780,182 #2bc} during layout: running second layout pass
11-11 04:09:29.138 W/View ( 1971): requestLayout() improperly called by com.android.systemui.statusbar.AlphaOptimizedImageView{251aab2 VFED..C.. ......ID 0,0-140,182} during layout: running second layout pass
11-11 04:09:29.154 W/View ( 1971): requestLayout() improperly called by android.widget.FrameLayout{6741a03 I.E...... ......ID 0,0-780,182 #2bc} during second layout pass: posting in next frame
11-11 04:09:29.155 W/View ( 1971): requestLayout() improperly called by com.android.systemui.statusbar.AlphaOptimizedImageView{251aab2 VFED..C.. ......ID 0,0-140,182} during second layout pass: posting in next frame
11-11 04:09:29.173 W/View ( 1971): requestLayout() improperly called by android.widget.FrameLayout{6741a03 I.E...... ......ID 0,0-780,182 #2bc} during layout: running second layout pass
11-11 04:09:29.173 W/View ( 1971): requestLayout() improperly called by com.android.systemui.statusbar.AlphaOptimizedImageView{251aab2 VFED..C.. ......ID 0,0-140,182} during layout: running second layout pass
11-11 04:09:29.184 W/View ( 1971): requestLayout() improperly called by android.widget.FrameLayout{6741a03 I.E...... ......ID 0,0-780,182 #2bc} during second layout pass: posting in next frame
11-11 04:09:29.185 W/View ( 1971): requestLayout() improperly called by com.android.systemui.statusbar.AlphaOptimizedImageView{251aab2 VFED..C.. ......ID 0,0-140,182} during second layout pass: posting in next frame
11-11 04:09:29.188 W/View ( 1971): requestLayout() improperly called by android.widget.FrameLayout{6741a03 I.E...... ......ID 0,0-780,182 #2bc} during layout: running second layout pass
11-11 04:09:29.188 W/View ( 1971): requestLayout() improperly called by com.android.systemui.statusbar.AlphaOptimizedImageView{251aab2 VFED..C.. ......ID 0,0-140,182} during layout: running second layout pass
11-11 04:09:29.190 W/View ( 1971): requestLayout() improperly called by android.widget.FrameLayout{6741a03 I.E...... ......ID 0,0-780,182 #2bc} during second layout pass: posting in next frame
11-11 04:09:29.190 W/View ( 1971): requestLayout() improperly called by com.android.systemui.statusbar.AlphaOptimizedImageView{251aab2 VFED..C.. ......ID 0,0-140,182} during second layout pass: posting in next frame
11-11 04:09:29.205 W/View ( 1971): requestLayout() improperly called by android.widget.FrameLayout{6741a03 I.E...... ......ID 0,0-780,182 #2bc} during layout: running second layout pass
11-11 04:09:29.205 W/View ( 1971): requestLayout() improperly called by com.android.systemui.statusbar.AlphaOptimizedImageView{251aab2 VFED..C.. ......ID 0,0-140,182} during layout: running second layout pass
11-11 04:09:29.207 W/View ( 1971): requestLayout() improperly called by android.widget.FrameLayout{6741a03 I.E...... ......ID 0,0-780,182 #2bc} during second layout pass: posting in next frame
11-11 04:09:29.207 W/View ( 1971): requestLayout() improperly called by com.android.systemui.statusbar.AlphaOptimizedImageView{251aab2 VFED..C.. ......ID 0,0-140,182} during second layout pass: posting in next frame
11-11 04:09:29.221 W/View ( 1971): requestLayout() improperly called by android.widget.FrameLayout{6741a03 I.E...... ......ID 0,0-780,182 #2bc} during layout: running second layout pass
11-11 04:09:29.222 W/View ( 1971): requestLayout() improperly called by com.android.systemui.statusbar.AlphaOptimizedImageView{251aab2 VFED..C.. ......ID 0,0-140,182} during layout: running second layout pass
11-11 04:09:29.227 W/View ( 1971): requestLayout() improperly called by android.widget.FrameLayout{6741a03 I.E...... ......ID 0,0-780,182 #2bc} during second layout pass: posting in next frame
11-11 04:09:29.227 W/View ( 1971): requestLayout() improperly called by com.android.systemui.statusbar.AlphaOptimizedImageView{251aab2 VFED..C.. ......ID 0,0-140,182} during second layout pass: posting in next frame
11-11 04:09:29.238 W/View ( 1971): requestLayout() improperly called by android.widget.FrameLayout{6741a03 I.E...... ......ID 0,0-780,182 #2bc} during layout: running second layout pass
11-11 04:09:29.238 W/View ( 1971): requestLayout() improperly called by com.android.systemui.statusbar.AlphaOptimizedImageView{251aab2 VFED..C.. ......ID 0,0-140,182} during layout: running second layout pass
11-11 04:09:29.328 W/kcp_info(26818): HCDN_LOG: [T:27125]Update: udp kcp size[0], timeout kcp size[0]
11-11 04:09:29.428 I/mpu_uart( 648): [MSG-P:RECV]:No message received in 1000 ms
11-11 04:09:29.486 D/MicroService( 2135): getEvent: clientSocket = Socket[address=/192.168.4.4,port=47580,localPort=9999]
11-11 04:09:29.487 D/MicroService( 2135): run: called
11-11 04:09:29.487 D/MicroService( 2135): getEvent: start waiting...
11-11 04:09:29.489 I/MicroService( 2135): getStringByData(noZero): IDCM_CarAudioService
11-11 04:09:29.489 I/MicroService( 2135): getStringByData(noZero): FSEM_AudioService
11-11 04:09:29.489 I/MicroService( 2135): getStringByData: {"srcService":"IDCM_CarAudioService","dstService":"FSEM_AudioService","methodName":"setVolume","messageType":0,"uuid":14959412321323,"parameters":{"functionInfo":{"IDCM_VolumeValue_Media":"17"}}}
11-11 04:09:29.489 I/MicroService( 2135): Receive message: SocketMessageBean{businessData='21930', srcService='IDCM_CarAudioService', destService='FSEM_AudioService', messageType='0', uuid='14959412321323', payloadData={"srcService":"IDCM_CarAudioService","dstService":"FSEM_AudioService","methodName":"setVolume","messageType":0,"uuid":14959412321323,"parameters":{"functionInfo":{"IDCM_VolumeValue_Media":"17"}}}}
11-11 04:09:29.489 I/MicroService( 2135): dealMessage: 0
11-11 04:09:29.490 I/MicroService( 2135): onRequest(setVolume): {"functionInfo":{"IDCM_VolumeValue_Media":"17"}}
11-11 04:09:29.495 I/volume_changed( 1491): [3,18,17,39,android]
11-11 04:09:29.504 I/commit_sys_config_file( 1491): [settings-1-0,5]
11-11 04:09:29.505 W/View ( 1971): requestLayout() improperly called by android.widget.FrameLayout{6741a03 I.E...... ......ID 0,0-780,182 #2bc} during second layout pass: posting in next frame
11-11 04:09:29.505 W/View ( 1971): requestLayout() improperly called by com.android.systemui.statusbar.AlphaOptimizedImageView{251aab2 VFED..C.. ......ID 0,0-140,182} during second layout pass: posting in next frame
11-11 04:09:29.505 I/vol.Events( 1971): writeEvent level_changed STREAM_MUSIC 17
11-11 04:09:29.522 W/View ( 1971): requestLayout() improperly called by android.widget.FrameLayout{6741a03 I.E...... ......ID 0,0-780,182 #2bc} during layout: running second layout pass
11-11 04:09:29.522 W/View ( 1971): requestLayout() improperly called by com.android.systemui.statusbar.AlphaOptimizedImageView{251aab2 VFED..C.. ......ID 0,0-140,182} during layout: running second layout pass
11-11 04:09:29.526 I/sysui_multi_action( 1971): [757,207,758,1]
11-11 04:09:29.526 I/sysui_multi_action( 1971): [757,804,799,volume_from_keyguard,801,0,802,1]
11-11 04:09:29.526 I/vol.Events( 1971): writeEvent show_dialog volume_changed keyguard=false
11-11 04:09:29.528 D/BluetoothDatabase( 7489): getBondedDevicesOrdered: Invalid address for device LocalStorage
11-11 04:09:29.530 E/HeadsetStateMachine( 7489): returning mCurrentState as Disconnected
11-11 04:09:29.531 D/BluetoothPbapService( 7489): getConnectionState: 60:F4:3A:B2:E8:8D
11-11 04:09:29.532 D/HearingAidService( 7489): getActiveDevices
11-11 04:09:29.538 W/View ( 1971): requestLayout() improperly called by android.widget.FrameLayout{6741a03 I.E...... ......ID 0,0-780,182 #2bc} during second layout pass: posting in next frame
11-11 04:09:29.538 W/View ( 1971): requestLayout() improperly called by com.android.systemui.statusbar.AlphaOptimizedImageView{251aab2 VFED..C.. ......ID 0,0-140,182} during second layout pass: posting in next frame
11-11 04:09:29.545 D/MicroService( 2135): getEvent: clientSocket = Socket[address=/192.168.4.4,port=47582,localPort=9999]
11-11 04:09:29.546 D/MicroService( 2135): run: called
11-11 04:09:29.546 D/MicroService( 2135): getEvent: start waiting...
11-11 04:09:29.547 I/MicroService( 2135): getStringByData(noZero): IDCM_CarAudioService
11-11 04:09:29.547 I/MicroService( 2135): getStringByData(noZero): FSEM_AudioService
11-11 04:09:29.547 I/MicroService( 2135): getStringByData: {"srcService":"IDCM_CarAudioService","dstService":"FSEM_AudioService","methodName":"setVolume","messageType":0,"uuid":14959477787312,"parameters":{"functionInfo":{"IDCM_VolumeValue_Media":"16"}}}
11-11 04:09:29.547 I/MicroService( 2135): Receive message: SocketMessageBean{businessData='21930', srcService='IDCM_CarAudioService', destService='FSEM_AudioService', messageType='0', uuid='14959477787312', payloadData={"srcService":"IDCM_CarAudioService","dstService":"FSEM_AudioService","methodName":"setVolume","messageType":0,"uuid":14959477787312,"parameters":{"functionInfo":{"IDCM_VolumeValue_Media":"16"}}}}
11-11 04:09:29.547 I/MicroService( 2135): dealMessage: 0
11-11 04:09:29.547 I/MicroService( 2135): onRequest(setVolume): {"functionInfo":{"IDCM_VolumeValue_Media":"16"}}
11-11 04:09:29.556 W/View ( 1971): requestLayout() improperly called by android.widget.FrameLayout{6741a03 I.E...... ......ID 0,0-780,182 #2bc} during layout: running second layout pass
11-11 04:09:29.556 W/View ( 1971): requestLayout() improperly called by com.android.systemui.statusbar.AlphaOptimizedImageView{251aab2 VFED..C.. ......ID 0,0-140,182} during layout: running second layout pass
11-11 04:09:29.559 D/MicroService( 2135): getEvent: clientSocket = Socket[address=/192.168.4.4,port=47584,localPort=9999]
11-11 04:09:29.560 D/MicroService( 2135): run: called
11-11 04:09:29.560 D/MicroService( 2135): getEvent: start waiting...
11-11 04:09:29.560 W/View ( 1971): requestLayout() improperly called by android.widget.FrameLayout{6741a03 I.E...... ......ID 0,0-780,182 #2bc} during second layout pass: posting in next frame
11-11 04:09:29.560 W/View ( 1971): requestLayout() improperly called by com.android.systemui.statusbar.AlphaOptimizedImageView{251aab2 VFED..C.. ......ID 0,0-140,182} during second layout pass: posting in next frame
11-11 04:09:29.561 I/volume_changed( 1491): [3,17,16,39,android]
11-11 04:09:29.566 I/MicroService( 2135): getStringByData(noZero): IDCM_CarAudioService
11-11 04:09:29.566 I/MicroService( 2135): getStringByData(noZero): FSEM_AudioService
11-11 04:09:29.566 I/MicroService( 2135): getStringByData: {"srcService":"IDCM_CarAudioService","dstService":"FSEM_AudioService","methodName":"setVolume","messageType":0,"uuid":14959486337156,"parameters":{"functionInfo":{"IDCM_VolumeValue_Media":"16"}}}
11-11 04:09:29.566 I/MicroService( 2135): Receive message: SocketMessageBean{businessData='21930', srcService='IDCM_CarAudioService', destService='FSEM_AudioService', messageType='0', uuid='14959486337156', payloadData={"srcService":"IDCM_CarAudioService","dstService":"FSEM_AudioService","methodName":"setVolume","messageType":0,"uuid":14959486337156,"parameters":{"functionInfo":{"IDCM_VolumeValue_Media":"16"}}}}
11-11 04:09:29.566 I/MicroService( 2135): dealMessage: 0
11-11 04:09:29.566 I/MicroService( 2135): onRequest(setVolume): {"functionInfo":{"IDCM_VolumeValue_Media":"16"}}
11-11 04:09:29.567 I/vol.Events( 1971): writeEvent level_changed STREAM_MUSIC 16
11-11 04:09:29.573 D/MicroService( 2135): getEvent: clientSocket = Socket[address=/192.168.4.4,port=47586,localPort=9999]
11-11 04:09:29.574 D/MicroService( 2135): run: called
11-11 04:09:29.574 D/MicroService( 2135): getEvent: start waiting...
11-11 04:09:29.575 W/View ( 1971): requestLayout() improperly called by android.widget.FrameLayout{6741a03 I.E...... ......ID 0,0-780,182 #2bc} during layout: running second layout pass
11-11 04:09:29.575 W/View ( 1971): requestLayout() improperly called by com.android.systemui.statusbar.AlphaOptimizedImageView{251aab2 VFED..C.. ......ID 0,0-140,182} during layout: running second layout pass
11-11 04:09:29.577 I/MicroService( 2135): getStringByData(noZero): IDCM_CarAudioService
11-11 04:09:29.577 I/MicroService( 2135): getStringByData(noZero): FSEM_AudioService
11-11 04:09:29.577 I/MicroService( 2135): getStringByData: {"srcService":"IDCM_CarAudioService","dstService":"FSEM_AudioService","methodName":"setVolume","messageType":0,"uuid":14959510846271,"parameters":{"functionInfo":{"IDCM_VolumeValue_Media":"15"}}}
11-11 04:09:29.577 I/MicroService( 2135): Receive message: SocketMessageBean{businessData='21930', srcService='IDCM_CarAudioService', destService='FSEM_AudioService', messageType='0', uuid='14959510846271', payloadData={"srcService":"IDCM_CarAudioService","dstService":"FSEM_AudioService","methodName":"setVolume","messageType":0,"uuid":14959510846271,"parameters":{"functionInfo":{"IDCM_VolumeValue_Media":"15"}}}}
11-11 04:09:29.577 I/MicroService( 2135): dealMessage: 0
11-11 04:09:29.577 I/MicroService( 2135): onRequest(setVolume): {"functionInfo":{"IDCM_VolumeValue_Media":"15"}}
11-11 04:09:29.579 I/sysui_multi_action( 1971): [757,207,758,1]
11-11 04:09:29.579 I/sysui_multi_action( 1971): [757,804,799,volume_from_keyguard,801,0,802,1]
11-11 04:09:29.579 I/vol.Events( 1971): writeEvent show_dialog volume_changed keyguard=false
11-11 04:09:29.579 W/View ( 1971): requestLayout() improperly called by android.widget.FrameLayout{6741a03 I.E...... ......ID 0,0-780,182 #2bc} during second layout pass: posting in next frame
11-11 04:09:29.579 W/View ( 1971): requestLayout() improperly called by com.android.systemui.statusbar.AlphaOptimizedImageView{251aab2 VFED..C.. ......ID 0,0-140,182} during second layout pass: posting in next frame
11-11 04:09:29.580 D/BluetoothDatabase( 7489): getBondedDevicesOrdered: Invalid address for device LocalStorage
11-11 04:09:29.581 E/HeadsetStateMachine( 7489): returning mCurrentState as Disconnected
11-11 04:09:29.582 D/BluetoothPbapService( 7489): getConnectionState: 60:F4:3A:B2:E8:8D
11-11 04:09:29.585 D/HearingAidService( 7489): getActiveDevices
11-11 04:09:29.586 I/volume_changed( 1491): [3,16,15,39,android]
11-11 04:09:29.587 I/vol.Events( 1971): writeEvent level_changed STREAM_ALARM 3
11-11 04:09:29.589 I/vol.Events( 1971): writeEvent level_changed STREAM_MUSIC 15
11-11 04:09:29.589 W/View ( 1971): requestLayout() improperly called by android.widget.FrameLayout{6741a03 I.E...... ......ID 0,0-780,182 #2bc} during layout: running second layout pass
11-11 04:09:29.589 W/View ( 1971): requestLayout() improperly called by com.android.systemui.statusbar.AlphaOptimizedImageView{251aab2 VFED..C.. ......ID 0,0-140,182} during layout: running second layout pass
11-11 04:09:29.591 I/sysui_multi_action( 1971): [757,207,758,1]
11-11 04:09:29.591 I/sysui_multi_action( 1971): [757,804,799,volume_from_keyguard,801,0,802,1]
11-11 04:09:29.591 I/vol.Events( 1971): writeEvent show_dialog volume_changed keyguard=false
11-11 04:09:29.602 D/BluetoothDatabase( 7489): getBondedDevicesOrdered: Invalid address for device LocalStorage
11-11 04:09:29.603 E/HeadsetStateMachine( 7489): returning mCurrentState as Disconnected
11-11 04:09:29.605 D/BluetoothPbapService( 7489): getConnectionState: 60:F4:3A:B2:E8:8D
11-11 04:09:29.606 D/HearingAidService( 7489): getActiveDevices
11-11 04:09:29.609 I/sysui_multi_action( 1971): [757,207,758,1]
11-11 04:09:29.610 D/MicroService( 2135): getEvent: clientSocket = Socket[address=/192.168.4.4,port=47588,localPort=9999]
11-11 04:09:29.610 D/MicroService( 2135): run: called
11-11 04:09:29.610 D/MicroService( 2135): getEvent: start waiting...
11-11 04:09:29.611 I/sysui_multi_action( 1971): [757,804,799,volume_from_keyguard,801,0,802,1]
11-11 04:09:29.611 I/vol.Events( 1971): writeEvent show_dialog volume_changed keyguard=false
11-11 04:09:29.611 W/View ( 1971): requestLayout() improperly called by android.widget.FrameLayout{6741a03 I.E...... ......ID 0,0-780,182 #2bc} during second layout pass: posting in next frame
11-11 04:09:29.611 W/View ( 1971): requestLayout() improperly called by com.android.systemui.statusbar.AlphaOptimizedImageView{251aab2 VFED..C.. ......ID 0,0-140,182} during second layout pass: posting in next frame
11-11 04:09:29.612 I/MicroService( 2135): getStringByData(noZero): IDCM_CarAudioService
11-11 04:09:29.612 I/MicroService( 2135): getStringByData(noZero): FSEM_AudioService
11-11 04:09:29.612 I/MicroService( 2135): getStringByData: {"srcService":"IDCM_CarAudioService","dstService":"FSEM_AudioService","methodName":"setVolume","messageType":0,"uuid":14959541363979,"parameters":{"functionInfo":{"IDCM_VolumeValue_Media":"14"}}}
11-11 04:09:29.612 I/MicroService( 2135): Receive message: SocketMessageBean{businessData='21930', srcService='IDCM_CarAudioService', destService='FSEM_AudioService', messageType='0', uuid='14959541363979', payloadData={"srcService":"IDCM_CarAudioService","dstService":"FSEM_AudioService","methodName":"setVolume","messageType":0,"uuid":14959541363979,"parameters":{"functionInfo":{"IDCM_VolumeValue_Media":"14"}}}}
11-11 04:09:29.612 I/MicroService( 2135): dealMessage: 0
11-11 04:09:29.612 I/MicroService( 2135): onRequest(setVolume): {"functionInfo":{"IDCM_VolumeValue_Media":"14"}}
11-11 04:09:29.620 I/vol.Events( 1971): writeEvent level_changed STREAM_VOICE_CALL 2
11-11 04:09:29.622 W/View ( 1971): requestLayout() improperly called by android.widget.FrameLayout{6741a03 I.E...... ......ID 0,0-780,182 #2bc} during layout: running second layout pass
11-11 04:09:29.622 W/View ( 1971): requestLayout() improperly called by com.android.systemui.statusbar.AlphaOptimizedImageView{251aab2 VFED..C.. ......ID 0,0-140,182} during layout: running second layout pass
11-11 04:09:29.624 I/volume_changed( 1491): [3,15,14,39,android]
11-11 04:09:29.627 W/View ( 1971): requestLayout() improperly called by android.widget.FrameLayout{6741a03 I.E...... ......ID 0,0-780,182 #2bc} during second layout pass: posting in next frame
11-11 04:09:29.627 W/View ( 1971): requestLayout() improperly called by com.android.systemui.statusbar.AlphaOptimizedImageView{251aab2 VFED..C.. ......ID 0,0-140,182} during second layout pass: posting in next frame
11-11 04:09:29.629 I/vol.Events( 1971): writeEvent level_changed STREAM_MUSIC 14
11-11 04:09:29.639 W/View ( 1971): requestLayout() improperly called by android.widget.FrameLayout{6741a03 I.E...... ......ID 0,0-780,182 #2bc} during layout: running second layout pass
11-11 04:09:29.639 W/View ( 1971): requestLayout() improperly called by com.android.systemui.statusbar.AlphaOptimizedImageView{251aab2 VFED..C.. ......ID 0,0-140,182} during layout: running second layout pass
11-11 04:09:29.642 I/sysui_multi_action( 1971): [757,207,758,1]
11-11 04:09:29.642 I/sysui_multi_action( 1971): [757,804,799,volume_from_keyguard,801,0,802,1]
11-11 04:09:29.643 I/vol.Events( 1971): writeEvent show_dialog volume_changed keyguard=false
11-11 04:09:29.644 D/BluetoothDatabase( 7489): getBondedDevicesOrdered: Invalid address for device LocalStorage
11-11 04:09:29.645 E/HeadsetStateMachine( 7489): returning mCurrentState as Disconnected
11-11 04:09:29.645 D/MicroService( 2135): getEvent: clientSocket = Socket[address=/192.168.4.4,port=47590,localPort=9999]
11-11 04:09:29.646 D/MicroService( 2135): run: called
11-11 04:09:29.646 D/MicroService( 2135): getEvent: start waiting...
11-11 04:09:29.646 I/MicroService( 2135): getStringByData(noZero): IDCM_CarAudioService
11-11 04:09:29.646 I/MicroService( 2135): getStringByData(noZero): FSEM_AudioService
11-11 04:09:29.646 I/MicroService( 2135): getStringByData: {"srcService":"IDCM_CarAudioService","dstService":"FSEM_AudioService","methodName":"setVolume","messageType":0,"uuid":14959571863042,"parameters":{"functionInfo":{"IDCM_VolumeValue_Media":"13"}}}
11-11 04:09:29.646 I/MicroService( 2135): Receive message: SocketMessageBean{businessData='21930', srcService='IDCM_CarAudioService', destService='FSEM_AudioService', messageType='0', uuid='14959571863042', payloadData={"srcService":"IDCM_CarAudioService","dstService":"FSEM_AudioService","methodName":"setVolume","messageType":0,"uuid":14959571863042,"parameters":{"functionInfo":{"IDCM_VolumeValue_Media":"13"}}}}
11-11 04:09:29.646 I/MicroService( 2135): dealMessage: 0
11-11 04:09:29.646 I/MicroService( 2135): onRequest(setVolume): {"functionInfo":{"IDCM_VolumeValue_Media":"13"}}
11-11 04:09:29.646 D/BluetoothPbapService( 7489): getConnectionState: 60:F4:3A:B2:E8:8D
11-11 04:09:29.648 D/HearingAidService( 7489): getActiveDevices
11-11 04:09:29.653 I/volume_changed( 1491): [3,14,13,39,android]
