11-11 04:09:23.881 I/EthernetNetworkFactory( 1491): networkForRequest, request: NetworkRequest [ REQUEST id=325, [ Capabilities: INTERNET&NOT_RESTRICTED&TRUSTED&NOT_VCN_MANAGED Uid: 10098 RequestorUid: 10098 RequestorPkg: com.ss.android.ugc.aweme] ], network: NetworkInterfaceState{ refCount: 17, iface: eth0, up: true, hwAddress: 36:7c:7c:00:00:0f, networkCapabilities: [ Transports: ETHERNET Capabilities: NOT_METERED&INTERNET&NOT_RESTRICTED&TRUSTED&NOT_VPN&NOT_ROAMING&NOT_CONGESTED&NOT_SUSPENDED&NOT_VCN_MANAGED LinkUpBandwidth>=100000Kbps LinkDnBandwidth>=100000Kbps], networkAgent: null, score: 70, ipClient: android.net.ip.IIpClient$Stub$Proxy@eb2e1b4,linkProperties: {InterfaceName: eth0 LinkAddresses: [ fe80::f3c0:a117:ee4a:c99c/64 ] DnsAddresses: [ ] Domains: null MTU: 0 TcpBufferSizes: 524288,1048576,3145728,524288,1048576,2097152 Routes: [ fe80::/64 -> :: eth0 mtu 0 ]}}
11-11 04:09:23.881 I/EthernetNetworkFactory( 1491): networkForRequest, request: NetworkRequest [ REQUEST id=325, [ Capabilities: INTERNET&NOT_RESTRICTED&TRUSTED&NOT_VCN_MANAGED Uid: 10098 RequestorUid: 10098 RequestorPkg: com.ss.android.ugc.aweme] ], network: NetworkInterfaceState{ refCount: 17, iface: eth0, up: true, hwAddress: 36:7c:7c:00:00:0f, networkCapabilities: [ Transports: ETHERNET Capabilities: NOT_METERED&INTERNET&NOT_RESTRICTED&TRUSTED&NOT_VPN&NOT_ROAMING&NOT_CONGESTED&NOT_SUSPENDED&NOT_VCN_MANAGED LinkUpBandwidth>=100000Kbps LinkDnBandwidth>=100000Kbps], networkAgent: null, score: 70, ipClient: android.net.ip.IIpClient$Stub$Proxy@eb2e1b4,linkProperties: {InterfaceName: eth0 LinkAddresses: [ fe80::f3c0:a117:ee4a:c99c/64 ] DnsAddresses: [ ] Domains: null MTU: 0 TcpBufferSizes: 524288,1048576,3145728,524288,1048576,2097152 Routes: [ fe80::/64 -> :: eth0 mtu 0 ]}}
11-11 04:09:23.894 D/ConnectivityService( 1491): NetReassign [no changes]
11-11 04:09:23.904 D/Monitor (31089): BinderMonitor JNI_OnLoad
11-11 04:09:23.904 D/Monitor (31089): fakeapi success!
11-11 04:09:23.905 D/Monitor (31089): OnLoad success!method_size(32), jni_code_off(16), IsArt(1)
11-11 04:09:23.908 D/Monitor (31089): BinderMonitor nativeInit from jni
11-11 04:09:23.914 I/cr_WVCFactoryProvider(31089): Loaded version=95.0.4638.74 minSdkVersion=21 isBundle=false multiprocess=true packageId=2
11-11 04:09:23.949 I/NPTH (31089): anr_monitor_init succsess!
11-11 04:09:23.957 I/cr_LibraryLoader(31089): Successfully loaded native library
11-11 04:09:23.965 I/cr_CachingUmaRecorder(31089): Flushed 7 samples from 7 histograms.
11-11 04:09:23.972 W/bytehook_tag(31089): bytehook already inited, return 0
11-11 04:09:23.978 W/ActivityManager( 1491): Background start not allowed: service Intent { cmp=com.ss.android.ugc.aweme/com.bytedance.common.wschannel.server.WsChannelService } to com.ss.android.ugc.aweme/com.bytedance.common.wschannel.server.WsChannelService from pid=31089 uid=10098 pkg=com.ss.android.ugc.aweme startFg?=false
11-11 04:09:24.004 W/ActivityManager( 1491): Background start not allowed: service Intent { cmp=com.ss.android.ugc.aweme/com.bytedance.common.wschannel.client.WsClientService } to com.ss.android.ugc.aweme/com.bytedance.common.wschannel.client.WsClientService from pid=31089 uid=10098 pkg=com.ss.android.ugc.aweme startFg?=false
11-11 04:09:24.010 D/CompatibilityInfo( 1491): mCompatibilityFlags - 4
11-11 04:09:24.010 D/CompatibilityInfo( 1491): applicationDensity - 240
11-11 04:09:24.010 D/CompatibilityInfo( 1491): applicationScale - 1.0
11-11 04:09:24.024 I/System.out(31089): InitReparoTask....exec cmd: cat /proc/sys/kernel/random/boot_id
11-11 04:09:24.059 I/System.out(31089): 2f2cac2a-3e3c-4d29-87e1-16df6b6e6c43
11-11 04:09:24.108 W/ActivityManager( 1491): Unable to start service Intent { act=com.bun.msa.action.start.service cmp=com.mdid.msa/.service.MsaKlService (has extras) } U=0: not found
11-11 04:09:24.115 W/ActivityManager( 1491): Unable to start service Intent { act=com.bun.msa.action.bindto.service cmp=com.mdid.msa/.service.MsaIdService (has extras) } U=0: not found
11-11 04:09:24.145 W/kcp_info(26818): HCDN_LOG: [T:27125]Update: udp kcp size[0], timeout kcp size[0]
11-11 04:09:24.147 D/CompatibilityInfo( 1491): mCompatibilityFlags - 4
11-11 04:09:24.147 D/CompatibilityInfo( 1491): applicationDensity - 240
11-11 04:09:24.147 D/CompatibilityInfo( 1491): applicationScale - 1.0
11-11 04:09:24.295 I/auditd ( 0): type=1400 audit(0.0:20099): avc: denied { kill } for comm="swapper/1" capability=5 scontext=u:r:kernel:s0 tcontext=u:r:kernel:s0 tclass=capability permissive=0
11-11 04:09:24.295 W/swapper/1( 0): type=1400 audit(0.0:20099): avc: denied { kill } for capability=5 scontext=u:r:kernel:s0 tcontext=u:r:kernel:s0 tclass=capability permissive=0
11-11 04:09:24.426 I/mpu_uart( 648): [MSG-P:RECV]:No message received in 1000 ms
11-11 04:09:24.463 I/auditd (13529): type=1400 audit(0.0:20100): avc: denied { read } for comm="Thread-29" name="tcp" dev="proc" ino=4026532256 scontext=u:r:untrusted_app:s0:c103,c256,c512,c768 tcontext=u:object_r:proc_net_tcp_udp:s0 tclass=file permissive=0 app=tv.danmaku.bilibilihd
11-11 04:09:24.463 W/Thread-29(13529): type=1400 audit(0.0:20100): avc: denied { read } for name="tcp" dev="proc" ino=4026532256 scontext=u:r:untrusted_app:s0:c103,c256,c512,c768 tcontext=u:object_r:proc_net_tcp_udp:s0 tclass=file permissive=0 app=tv.danmaku.bilibilihd
11-11 04:09:24.665 W/kcp_info(17338): HCDN_LOG: [T:18541]Update: udp kcp size[0], timeout kcp size[0]
11-11 04:09:24.959 W/nt.qqlive:cach(30255): Profile data size exceeds 500000 bytes. It has 658918 bytes.
11-11 04:09:25.163 W/System (13529): A resource failed to call close.
11-11 04:09:25.163 W/System (13529): A resource failed to call close.
11-11 04:09:25.187 W/kcp_info(26818): HCDN_LOG: [T:27125]Update: udp kcp size[0], timeout kcp size[0]
11-11 04:09:25.295 I/auditd ( 0): type=1400 audit(0.0:20101): avc: denied { kill } for comm="swapper/1" capability=5 scontext=u:r:kernel:s0 tcontext=u:r:kernel:s0 tclass=capability permissive=0
11-11 04:09:25.295 W/swapper/1( 0): type=1400 audit(0.0:20101): avc: denied { kill } for capability=5 scontext=u:r:kernel:s0 tcontext=u:r:kernel:s0 tclass=capability permissive=0
11-11 04:09:25.427 I/mpu_uart( 648): [MSG-P:RECV]:No message received in 1000 ms
11-11 04:09:25.471 I/KEVA.NATIVE(31089): byte array do not exist
11-11 04:09:25.590 I/unknown (13536): khook pthread_attr_init_callback set thread stack from 1008 to 256 KB
11-11 04:09:25.622 W/.smile.gifmake(13536): Profile data size exceeds 500000 bytes. It has 501019 bytes.
11-11 04:09:25.666 I/mpu_uart( 648): [MSG-P:R]:recv sync frame timeout
11-11 04:09:25.685 W/kcp_info(17338): HCDN_LOG: [T:18541]Update: udp kcp size[0], timeout kcp size[0]
11-11 04:09:25.767 W/System (30671): A resource failed to call close.
11-11 04:09:25.931 D/MemoryCeilingMonitor( 3088): [handleMemoryCalculate]
11-11 04:09:25.931 D/MemoryCeilingMonitor( 3088): [calculate] tot: 11357461, max: 268435456, free: 3833885, heap: 7523576, per: 0.028027504682540894
11-11 04:09:25.953 W/ActivityManager( 1491): Background start not allowed: service Intent { cmp=tv.danmaku.bilibilihd/com.bilibili.lib.neuron.internal.NeuronLocalService (has extras) } to tv.danmaku.bilibilihd/com.bilibili.lib.neuron.internal.NeuronLocalService from pid=13529 uid=10103 pkg=tv.danmaku.bilibilihd startFg?=false
11-11 04:09:25.954 E/neuron.client(13529): [main] startService with throwable t=[Ljava.lang.StackTraceElement;@bb25630
11-11 04:09:25.955 E/neuron.client(13529): [main] fireEvents start service intent=33ee1425-a6d8-4775-add7-1dc8a681fec8 failed, handle lost event
11-11 04:09:26.216 W/kcp_info(26818): HCDN_LOG: [T:27125]Update: udp kcp size[0], timeout kcp size[0]
11-11 04:09:26.295 I/auditd ( 0): type=1400 audit(0.0:20102): avc: denied { kill } for comm="swapper/1" capability=5 scontext=u:r:kernel:s0 tcontext=u:r:kernel:s0 tclass=capability permissive=0
11-11 04:09:26.295 W/swapper/1( 0): type=1400 audit(0.0:20102): avc: denied { kill } for capability=5 scontext=u:r:kernel:s0 tcontext=u:r:kernel:s0 tclass=capability permissive=0
11-11 04:09:26.427 I/mpu_uart( 648): [MSG-P:RECV]:No message received in 1000 ms
11-11 04:09:26.658 W/System (13483): A resource failed to call close.
11-11 04:09:26.659 W/System (13483): A resource failed to call close.
11-11 04:09:26.659 W/System (13483): A resource failed to call close.
11-11 04:09:26.659 W/System (13483): A resource failed to call close.
11-11 04:09:26.659 W/System (13483): A resource failed to call close.
11-11 04:09:26.659 W/System (13483): A resource failed to call close.
11-11 04:09:26.659 W/System (13483): A resource failed to call close.
11-11 04:09:26.659 W/System (13483): A resource failed to call close.
11-11 04:09:26.659 W/System (13483): A resource failed to call close.
11-11 04:09:26.659 W/System (13483): A resource failed to call close.
11-11 04:09:26.725 W/kcp_info(17338): HCDN_LOG: [T:18541]Update: udp kcp size[0], timeout kcp size[0]
11-11 04:09:26.976 D/MicroService( 2135): getEvent: clientSocket = Socket[address=/192.168.4.4,port=47514,localPort=9999]
11-11 04:09:26.978 D/MicroService( 2135): run: called
11-11 04:09:26.978 D/MicroService( 2135): getEvent: start waiting...
11-11 04:09:26.979 I/MicroService( 2135): getStringByData(noZero): IDCM_CarAudioService
11-11 04:09:26.979 I/MicroService( 2135): getStringByData(noZero): FSEM_AudioService
11-11 04:09:26.979 I/MicroService( 2135): getStringByData: {"srcService":"IDCM_CarAudioService","dstService":"FSEM_AudioService","methodName":"setVolume","messageType":0,"uuid":14956902687678,"parameters":{"functionInfo":{"IDCM_VolumeValue_Media":"9"}}}
11-11 04:09:26.979 I/MicroService( 2135): Receive message: SocketMessageBean{businessData='21930', srcService='IDCM_CarAudioService', destService='FSEM_AudioService', messageType='0', uuid='14956902687678', payloadData={"srcService":"IDCM_CarAudioService","dstService":"FSEM_AudioService","methodName":"setVolume","messageType":0,"uuid":14956902687678,"parameters":{"functionInfo":{"IDCM_VolumeValue_Media":"9"}}}}
11-11 04:09:26.979 I/MicroService( 2135): dealMessage: 0
11-11 04:09:26.980 I/MicroService( 2135): onRequest(setVolume): {"functionInfo":{"IDCM_VolumeValue_Media":"9"}}
11-11 04:09:27.001 I/volume_changed( 1491): [3,8,9,39,android]
11-11 04:09:27.005 I/vol.Events( 1971): writeEvent level_changed STREAM_RING 2
11-11 04:09:27.006 I/vol.Events( 1971): writeEvent level_changed STREAM_SYSTEM 2
11-11 04:09:27.008 D/MicroService( 2135): getEvent: clientSocket = Socket[address=/192.168.4.4,port=47516,localPort=9999]
11-11 04:09:27.008 D/MicroService( 2135): run: called
11-11 04:09:27.008 D/MicroService( 2135): getEvent: start waiting...
11-11 04:09:27.010 I/MicroService( 2135): getStringByData(noZero): IDCM_CarAudioService
11-11 04:09:27.010 I/MicroService( 2135): getStringByData(noZero): FSEM_AudioService
11-11 04:09:27.010 I/MicroService( 2135): getStringByData: {"srcService":"IDCM_CarAudioService","dstService":"FSEM_AudioService","methodName":"setVolume","messageType":0,"uuid":14956942552678,"parameters":{"functionInfo":{"IDCM_VolumeValue_Media":"10"}}}
11-11 04:09:27.010 I/sysui_multi_action( 1971): [757,210,758,4,759,3]
11-11 04:09:27.010 I/MicroService( 2135): Receive message: SocketMessageBean{businessData='21930', srcService='IDCM_CarAudioService', destService='FSEM_AudioService', messageType='0', uuid='14956942552678', payloadData={"srcService":"IDCM_CarAudioService","dstService":"FSEM_AudioService","methodName":"setVolume","messageType":0,"uuid":14956942552678,"parameters":{"functionInfo":{"IDCM_VolumeValue_Media":"10"}}}}
11-11 04:09:27.010 I/MicroService( 2135): dealMessage: 0
11-11 04:09:27.010 I/vol.Events( 1971): writeEvent active_stream_changed STREAM_MUSIC
11-11 04:09:27.011 I/MicroService( 2135): onRequest(setVolume): {"functionInfo":{"IDCM_VolumeValue_Media":"10"}}
11-11 04:09:27.021 I/volume_changed( 1491): [3,9,10,39,android]
11-11 04:09:27.021 I/vol.Events( 1971): writeEvent level_changed STREAM_MUSIC 10
11-11 04:09:27.021 I/vol.Events( 1971): writeEvent level_changed STREAM_MUSIC 9
11-11 04:09:27.022 I/vol.Events( 1971): writeEvent level_changed STREAM_ALARM 3
11-11 04:09:27.029 I/vol.Events( 1971): writeEvent level_changed STREAM_MUSIC 10
11-11 04:09:27.034 D/BluetoothDatabase( 7489): getBondedDevicesOrdered: Invalid address for device LocalStorage
11-11 04:09:27.036 E/HeadsetStateMachine( 7489): returning mCurrentState as Disconnected
11-11 04:09:27.036 D/RemoteControlService( 2278): getEvent: clientSocket = Socket[address=/192.168.4.4,port=43491,localPort=12600]
11-11 04:09:27.036 D/BluetoothPbapService( 7489): getConnectionState: 60:F4:3A:B2:E8:8D
11-11 04:09:27.037 D/RemoteControlService( 2278): run: called
11-11 04:09:27.037 D/RemoteControlService( 2278): getEvent: start waiting...
11-11 04:09:27.037 E/RemoteControlService( 2278): Enter ListenSocketRunnable
11-11 04:09:27.038 I/sysui_multi_action( 1971): [757,207,758,1]
11-11 04:09:27.038 D/HearingAidService( 7489): getActiveDevices
11-11 04:09:27.038 I/sysui_multi_action( 1971): [757,804,799,volume_from_keyguard,801,0,802,1]
11-11 04:09:27.038 D/RemoteControlService( 2278): After desEncrypt json is [{"source":1,"token":"FRfIetuZniCbiao"}]
11-11 04:09:27.039 D/RemoteControlService( 2278): buildRemoteCommand:type=38
11-11 04:09:27.039 I/vol.Events( 1971): writeEvent show_dialog volume_changed keyguard=false
11-11 04:09:27.039 D/RemoteControlService( 2278): Request params: BaseRequestCommandBean{source=1, token='FRfIetuZniCbiao', type='null', value='null'}
11-11 04:09:27.039 D/RemoteControlService( 2278): handleMessage called
11-11 04:09:27.039 D/RemoteControlService( 2278): Is not connect command
11-11 04:09:27.039 D/RemoteControlService( 2278): haveControl ? clientcom.thundercomm.remotecontrolservice.RemoteControllerClient@137a197
11-11 04:09:27.039 D/RemoteControlService( 2278): Client have control
11-11 04:09:27.041 I/RemoteControlService( 2278): RemoteMousePointQueryCommand doAction send message: {"source":0,"token":"FRfIetuZniCbiao","type":"muse_point","value":"{\"x\":1425.01171875,\"y\":976}"}
11-11 04:09:27.041 D/RemoteControlService( 2278): Digest: 27B16B0AEBC334F75DA4C85AF8506C4FE9F48C13D5AD7EB9D9F0F911054A7394
11-11 04:09:27.041 D/RemoteControlService( 2278): Send data length: 149
11-11 04:09:27.041 D/RemoteControlService( 2278): Send message finished. direction: 32, messageType: 38, json: {"source":0,"token":"FRfIetuZniCbiao","type":"muse_point","value":"{\"x\":1425.01171875,\"y\":976}"}
11-11 04:09:27.042 D/RemoteControlService( 2278): RemoteMousePointQueryCommand ResponseSpeedTest - use time: 6
11-11 04:09:27.044 I/sysui_multi_action( 1971): [757,207,758,1]
11-11 04:09:27.044 I/sysui_multi_action( 1971): [757,804,799,volume_from_keyguard,801,0,802,1]
11-11 04:09:27.045 I/vol.Events( 1971): writeEvent show_dialog volume_changed keyguard=false
11-11 04:09:27.047 D/BluetoothDatabase( 7489): getBondedDevicesOrdered: Invalid address for device LocalStorage
11-11 04:09:27.048 E/HeadsetStateMachine( 7489): returning mCurrentState as Disconnected
11-11 04:09:27.049 D/BluetoothPbapService( 7489): getConnectionState: 60:F4:3A:B2:E8:8D
11-11 04:09:27.050 D/HearingAidService( 7489): getActiveDevices
11-11 04:09:27.051 D/RemoteControlService( 2278): getEvent: clientSocket = Socket[address=/192.168.4.4,port=47651,localPort=12600]
11-11 04:09:27.051 D/RemoteControlService( 2278): run: called
11-11 04:09:27.051 D/RemoteControlService( 2278): getEvent: start waiting...
11-11 04:09:27.051 E/RemoteControlService( 2278): Enter ListenSocketRunnable
11-11 04:09:27.052 D/RemoteControlService( 2278): After desEncrypt json is [{"type":"swipe_action","source":1,"token":"FRfIetuZniCbiao","value":"{\"type\":\"down\",\"relX\":1425,\"relY\":976}"}]
11-11 04:09:27.052 D/RemoteControlService( 2278): buildRemoteCommand:type=35
11-11 04:09:27.052 D/RemoteControlService( 2278): Request params: BaseRequestCommandBean{source=1, token='FRfIetuZniCbiao', type='swipe_action', value='{"type":"down","relX":1425,"relY":976}'}
11-11 04:09:27.053 D/RemoteControlService( 2278): handleMessage called
11-11 04:09:27.053 D/RemoteControlService( 2278): Is not connect command
11-11 04:09:27.053 D/RemoteControlService( 2278): haveControl ? clientcom.thundercomm.remotecontrolservice.RemoteControllerClient@137a197
11-11 04:09:27.053 D/RemoteControlService( 2278): Client have control
11-11 04:09:27.053 I/RemoteControlService( 2278): Swipe down: (1425.0, 976.0)
11-11 04:09:27.054 D/RemoteControlService( 2278): getEvent: clientSocket = Socket[address=/192.168.4.4,port=40707,localPort=12600]
11-11 04:09:27.054 I/RemoteControlService( 2278): injectMotionEvent: MotionEvent { action=ACTION_DOWN, actionButton=0, id[0]=0, x[0]=1425.0, y[0]=976.0, toolType[0]=TOOL_TYPE_UNKNOWN, buttonState=0, classification=NONE, metaState=0, flags=0x0, edgeFlags=0x0, pointerCount=1, historySize=0, eventTime=14947948, downTime=14947948, deviceId=3, source=0x102, displayId=0, eventId=-636830525 }
11-11 04:09:27.054 D/RemoteControlService( 2278): run: called
11-11 04:09:27.054 D/RemoteControlService( 2278): getEvent: start waiting...
11-11 04:09:27.054 E/RemoteControlService( 2278): Enter ListenSocketRunnable
11-11 04:09:27.054 D/RemoteControlService( 2278): After desEncrypt json is [{"type":"swipe_action","source":1,"token":"FRfIetuZniCbiao","value":"{\"type\":\"move\",\"relX\":12,\"relY\":-43}"}]
11-11 04:09:27.054 D/RemoteControlService( 2278): buildRemoteCommand:type=35
11-11 04:09:27.054 D/RemoteControlService( 2278): Request params: BaseRequestCommandBean{source=1, token='FRfIetuZniCbiao', type='swipe_action', value='{"type":"move","relX":12,"relY":-43}'}
11-11 04:09:27.055 I/input_interaction( 1491): Interaction with: 61dc244 com.android.launcher3/com.android.launcher3.uioverrides.QuickstepLauncher (server), c2fbbf0 com.android.systemui.ImageWallpaper (server), edge-swipe (server), swipe-up (server), PointerEventDispatcher0 (server),
11-11 04:09:27.063 I/RemoteControlService( 2278): injectMotionEvent: MotionEvent { action=ACTION_MOVE, actionButton=0, id[0]=0, x[0]=1425.0, y[0]=976.0, toolType[0]=TOOL_TYPE_UNKNOWN, buttonState=0, classification=NONE, metaState=0, flags=0x0, edgeFlags=0x0, pointerCount=1, historySize=0, eventTime=14947948, downTime=14947948, deviceId=3, source=0x102, displayId=0, eventId=-82515610 }
11-11 04:09:27.064 D/RemoteControlService( 2278): getEvent: clientSocket = Socket[address=/192.168.4.4,port=39947,localPort=12600]
11-11 04:09:27.064 D/RemoteControlService( 2278): run: called
11-11 04:09:27.064 D/RemoteControlService( 2278): getEvent: start waiting...
11-11 04:09:27.064 E/RemoteControlService( 2278): Enter ListenSocketRunnable
11-11 04:09:27.065 D/RemoteControlService( 2278): After desEncrypt json is [{"type":"swipe_action","source":1,"token":"FRfIetuZniCbiao","value":"{\"type\":\"move\",\"relX\":-1,\"relY\":-14}"}]
11-11 04:09:27.065 D/RemoteControlService( 2278): buildRemoteCommand:type=35
11-11 04:09:27.065 W/View ( 1971): requestLayout() improperly called by android.widget.FrameLayout{6741a03 I.E...... ......ID 0,0-780,182 #2bc} during second layout pass: posting in next frame
11-11 04:09:27.065 D/RemoteControlService( 2278): Request params: BaseRequestCommandBean{source=1, token='FRfIetuZniCbiao', type='swipe_action', value='{"type":"move","relX":-1,"relY":-14}'}
11-11 04:09:27.065 W/View ( 1971): requestLayout() improperly called by com.android.systemui.statusbar.AlphaOptimizedImageView{251aab2 VFED..C.. ......ID 0,0-140,182} during second layout pass: posting in next frame
11-11 04:09:27.067 W/View ( 1971): requestLayout() improperly called by android.widget.FrameLayout{6741a03 I.E...... ......ID 0,0-780,182 #2bc} during layout: running second layout pass
11-11 04:09:27.067 W/View ( 1971): requestLayout() improperly called by com.android.systemui.statusbar.AlphaOptimizedImageView{251aab2 VFED..C.. ......ID 0,0-140,182} during layout: running second layout pass
11-11 04:09:27.075 D/RemoteControlService( 2278): Digest: 21BD924A843BD050F9ABFD2040AC62C3F341B79C52E5B9C04F01D2A84E893AA5
11-11 04:09:27.076 D/RemoteControlService( 2278): Send data length: 133
11-11 04:09:27.076 D/RemoteControlService( 2278): Send message finished. direction: 1, messageType: 35, json: {"source":0,"token":"FRfIetuZniCbiao","type":"swipe_action","value":"2380,1020"}
11-11 04:09:27.076 D/RemoteControlService( 2278): RemoteSwipeCommand ResponseSpeedTest - use time: 25
11-11 04:09:27.076 D/RemoteControlService( 2278): handleMessage called
11-11 04:09:27.076 D/RemoteControlService( 2278): Is not connect command
11-11 04:09:27.076 D/RemoteControlService( 2278): haveControl ? clientcom.thundercomm.remotecontrolservice.RemoteControllerClient@137a197
11-11 04:09:27.076 D/RemoteControlService( 2278): Client have control
11-11 04:09:27.076 I/RemoteControlService( 2278): injectMotionEvent: MotionEvent { action=ACTION_MOVE, actionButton=0, id[0]=0, x[0]=1437.0, y[0]=933.0, toolType[0]=TOOL_TYPE_UNKNOWN, buttonState=0, classification=NONE, metaState=0, flags=0x0, edgeFlags=0x0, pointerCount=1, historySize=0, eventTime=14947971, downTime=14947971, deviceId=3, source=0x102, displayId=0, eventId=-24888477 }
11-11 04:09:27.077 W/View ( 1971): requestLayout() improperly called by android.widget.FrameLayout{6741a03 I.E...... ......ID 0,0-780,182 #2bc} during second layout pass: posting in next frame
11-11 04:09:27.077 W/View ( 1971): requestLayout() improperly called by com.android.systemui.statusbar.AlphaOptimizedImageView{251aab2 VFED..C.. ......ID 0,0-140,182} during second layout pass: posting in next frame
11-11 04:09:27.083 W/View ( 1971): requestLayout() improperly called by android.widget.FrameLayout{6741a03 I.E...... ......ID 0,0-780,182 #2bc} during layout: running second layout pass
11-11 04:09:27.083 W/View ( 1971): requestLayout() improperly called by com.android.systemui.statusbar.AlphaOptimizedImageView{251aab2 VFED..C.. ......ID 0,0-140,182} during layout: running second layout pass
11-11 04:09:27.085 W/View ( 1971): requestLayout() improperly called by android.widget.FrameLayout{6741a03 I.E...... ......ID 0,0-780,182 #2bc} during second layout pass: posting in next frame
11-11 04:09:27.085 W/View ( 1971): requestLayout() improperly called by com.android.systemui.statusbar.AlphaOptimizedImageView{251aab2 VFED..C.. ......ID 0,0-140,182} during second layout pass: posting in next frame
11-11 04:09:27.098 W/View ( 1971): requestLayout() improperly called by android.widget.FrameLayout{6741a03 I.E...... ......ID 0,0-780,182 #2bc} during layout: running second layout pass
11-11 04:09:27.098 W/View ( 1971): requestLayout() improperly called by com.android.systemui.statusbar.AlphaOptimizedImageView{251aab2 VFED..C.. ......ID 0,0-140,182} during layout: running second layout pass
11-11 04:09:27.098 D/EditModeHelper( 2490): setHotseatVisibility: 8
11-11 04:09:27.099 D/RemoteControlService( 2278): RemoteSwipeCommand ResponseSpeedTest - use time: 45
11-11 04:09:27.099 D/RemoteControlService( 2278): handleMessage called
11-11 04:09:27.099 D/RemoteControlService( 2278): Is not connect command
11-11 04:09:27.099 D/RemoteControlService( 2278): haveControl ? clientcom.thundercomm.remotecontrolservice.RemoteControllerClient@137a197
11-11 04:09:27.099 D/RemoteControlService( 2278): Client have control
11-11 04:09:27.099 I/RemoteControlService( 2278): injectMotionEvent: MotionEvent { action=ACTION_MOVE, actionButton=0, id[0]=0, x[0]=1436.0, y[0]=919.0, toolType[0]=TOOL_TYPE_UNKNOWN, buttonState=0, classification=NONE, metaState=0, flags=0x0, edgeFlags=0x0, pointerCount=1, historySize=0, eventTime=14947994, downTime=14947994, deviceId=3, source=0x102, displayId=0, eventId=-144085959 }
11-11 04:09:27.101 W/FreeFormWindowHelper( 1491): Current Display FreeFormTask is null
11-11 04:09:27.101 D/FreeWindowContainer( 2490): reloadTask: null
11-11 04:09:27.101 W/FreeFormWindowHelper( 1491): Current Display FreeFormTask is null
11-11 04:09:27.105 V/GameTypeUtils( 2490): judge isGame:com.android.gallery3d
11-11 04:09:27.105 V/GameTypeUtils( 2490): judge isGame:com.android.music
11-11 04:09:27.106 V/GameTypeUtils( 2490): judge isGame:com.android.music
11-11 04:09:27.106 V/GameTypeUtils( 2490): judge isGame:com.microsoft.emmx
11-11 04:09:27.106 V/GameTypeUtils( 2490): judge isGame:com.smile.gifmaker
11-11 04:09:27.106 V/GameTypeUtils( 2490): judge isGame:com.ss.android.lark
11-11 04:09:27.106 V/GameTypeUtils( 2490): judge isGame:com.android.documentsui
11-11 04:09:27.107 V/GameTypeUtils( 2490): judge isGame:com.sohu.inputmethod.sogou.car
11-11 04:09:27.107 V/GameTypeUtils( 2490): judge isGame:com.bilibili.bilithings
11-11 04:09:27.107 V/GameTypeUtils( 2490): judge isGame:com.qiyi.video.pad
11-11 04:09:27.107 V/GameTypeUtils( 2490): judge isGame:com.ss.android.ugc.aweme
11-11 04:09:27.107 V/GameTypeUtils( 2490): judge isGame:com.tencent.mobileqq
11-11 04:09:27.108 D/MicroService( 2135): getEvent: clientSocket = Socket[address=/192.168.4.4,port=47518,localPort=9999]
11-11 04:09:27.108 V/GameTypeUtils( 2490): judge isGame:com.tencent.qqlive
11-11 04:09:27.108 V/GameTypeUtils( 2490): judge isGame:com.tencent.qqmusicpad
11-11 04:09:27.108 D/MicroService( 2135): run: called
11-11 04:09:27.108 D/MicroService( 2135): getEvent: start waiting...
11-11 04:09:27.108 I/MicroService( 2135): getStringByData(noZero): IDCM_CarAudioService
11-11 04:09:27.108 I/MicroService( 2135): getStringByData(noZero): FSEM_AudioService
11-11 04:09:27.108 I/MicroService( 2135): getStringByData: {"srcService":"IDCM_CarAudioService","dstService":"FSEM_AudioService","methodName":"setVolume","messageType":0,"uuid":14957045202418,"parameters":{"functionInfo":{"IDCM_VolumeValue_Media":"11"}}}
11-11 04:09:27.109 I/MicroService( 2135): Receive message: SocketMessageBean{businessData='21930', srcService='IDCM_CarAudioService', destService='FSEM_AudioService', messageType='0', uuid='14957045202418', payloadData={"srcService":"IDCM_CarAudioService","dstService":"FSEM_AudioService","methodName":"setVolume","messageType":0,"uuid":14957045202418,"parameters":{"functionInfo":{"IDCM_VolumeValue_Media":"11"}}}}
11-11 04:09:27.109 I/MicroService( 2135): dealMessage: 0
11-11 04:09:27.109 I/MicroService( 2135): onRequest(setVolume): {"functionInfo":{"IDCM_VolumeValue_Media":"11"}}
11-11 04:09:27.110 I/volume_changed( 1491): [3,10,11,39,android]
11-11 04:09:27.112 W/FreeFormWindowHelper( 1491): Current Display FreeFormTask is null
11-11 04:09:27.112 W/FreeFormWindowHelper( 1491): Current Display FreeFormTask is null
11-11 04:09:27.113 W/View ( 1971): requestLayout() improperly called by android.widget.FrameLayout{6741a03 I.E...... ......ID 0,0-780,182 #2bc} during second layout pass: posting in next frame
11-11 04:09:27.113 W/View ( 1971): requestLayout() improperly called by com.android.systemui.statusbar.AlphaOptimizedImageView{251aab2 VFED..C.. ......ID 0,0-140,182} during second layout pass: posting in next frame
11-11 04:09:27.113 W/FreeFormWindowHelper( 1491): Current Display FreeFormTask is null
11-11 04:09:27.114 W/FreeFormWindowHelper( 1491): Current Display FreeFormTask is null
11-11 04:09:27.114 I/InputDispatcher( 1491): Monitor swipe-up (server) is stealing touch from [61dc244 com.android.launcher3/com.android.launcher3.uioverrides.QuickstepLauncher (server), c2fbbf0 com.android.systemui.ImageWallpaper (server), ]
11-11 04:09:27.115 I/view_enqueue_input_event( 2490): [Motion - Cancel,com.android.launcher3/com.android.launcher3.uioverrides.QuickstepLauncher]
11-11 04:09:27.116 W/FreeFormWindowHelper( 1491): Current Display FreeFormTask is null
11-11 04:09:27.116 W/FreeFormWindowHelper( 1491): Current Display FreeFormTask is null
11-11 04:09:27.117 W/View ( 1971): requestLayout() improperly called by android.widget.FrameLayout{6741a03 I.E...... ......ID 0,0-780,182 #2bc} during layout: running second layout pass
11-11 04:09:27.117 W/View ( 1971): requestLayout() improperly called by com.android.systemui.statusbar.AlphaOptimizedImageView{251aab2 VFED..C.. ......ID 0,0-140,182} during layout: running second layout pass
11-11 04:09:27.117 W/View ( 1971): requestLayout() improperly called by android.widget.FrameLayout{6741a03 I.E...... ......ID 0,0-780,182 #2bc} during second layout pass: posting in next frame
11-11 04:09:27.118 W/View ( 1971): requestLayout() improperly called by com.android.systemui.statusbar.AlphaOptimizedImageView{251aab2 VFED..C.. ......ID 0,0-140,182} during second layout pass: posting in next frame
11-11 04:09:27.120 D/RemoteControlService( 2278): RemoteSwipeCommand ResponseSpeedTest - use time: 56
11-11 04:09:27.121 I/vol.Events( 1971): writeEvent level_changed STREAM_MUSIC 11
11-11 04:09:27.122 W/ActivityTaskManager( 1491): getTaskSnapshot: taskId=266 not found
11-11 04:09:27.125 D/BaseIconFactory( 2490): normalizeAndWrapToAdaptiveIcon: scale=0.8095241
11-11 04:09:27.125 W/ActivityTaskManager( 1491): getTaskSnapshot: taskId=266 not found
11-11 04:09:27.125 W/ActivityTaskManager( 1491): getTaskSnapshot: taskId=266 not found
11-11 04:09:27.125 W/ActivityTaskManager( 1491): getTaskSnapshot: taskId=266 not found
11-11 04:09:27.126 W/ActivityTaskManager( 1491): getTaskSnapshot: taskId=266 not found
11-11 04:09:27.131 W/FreeFormWindowHelper( 1491): Current Display FreeFormTask is null
11-11 04:09:27.131 W/FreeFormWindowHelper( 1491): Current Display FreeFormTask is null
11-11 04:09:27.131 W/View ( 1971): requestLayout() improperly called by android.widget.FrameLayout{6741a03 I.E...... ......ID 0,0-780,182 #2bc} during layout: running second layout pass
11-11 04:09:27.132 W/View ( 1971): requestLayout() improperly called by com.android.systemui.statusbar.AlphaOptimizedImageView{251aab2 VFED..C.. ......ID 0,0-140,182} during layout: running second layout pass
11-11 04:09:27.133 I/sysui_multi_action( 1971): [757,207,758,1]
11-11 04:09:27.133 I/sysui_multi_action( 1971): [757,804,799,volume_from_keyguard,801,0,802,1]
11-11 04:09:27.133 I/vol.Events( 1971): writeEvent show_dialog volume_changed keyguard=false
11-11 04:09:27.133 V/ShadeControllerImpl( 1971): NotificationShadeWindow: com.android.systemui.statusbar.phone.NotificationShadeWindowView{88b693c I.E...... ......ID 0,0-2380,1020} canPanelBeCollapsed(): false
11-11 04:09:27.134 I/sysui_multi_action( 1971): [757,207,758,2]
11-11 04:09:27.134 I/vol.Events( 1971): writeEvent dismiss_dialog volume_controller
11-11 04:09:27.134 W/View ( 1971): requestLayout() improperly called by android.widget.FrameLayout{6741a03 I.E...... ......ID 0,0-780,182 #2bc} during second layout pass: posting in next frame
11-11 04:09:27.134 W/View ( 1971): requestLayout() improperly called by com.android.systemui.statusbar.AlphaOptimizedImageView{251aab2 VFED..C.. ......ID 0,0-140,182} during second layout pass: posting in next frame
11-11 04:09:27.134 I/sysui_multi_action( 1971): [757,210,758,4,759,-1]
11-11 04:09:27.134 I/vol.Events( 1971): writeEvent active_stream_changed UNKNOWN_STREAM_-1
11-11 04:09:27.135 D/BluetoothDatabase( 7489): getBondedDevicesOrdered: Invalid address for device LocalStorage
11-11 04:09:27.136 E/HeadsetStateMachine( 7489): returning mCurrentState as Disconnected
11-11 04:09:27.136 D/BluetoothPbapService( 7489): getConnectionState: 60:F4:3A:B2:E8:8D
11-11 04:09:27.137 D/HearingAidService( 7489): getActiveDevices
11-11 04:09:27.149 W/View ( 1971): requestLayout() improperly called by android.widget.FrameLayout{6741a03 I.E...... ......ID 0,0-780,182 #2bc} during layout: running second layout pass
11-11 04:09:27.149 W/View ( 1971): requestLayout() improperly called by com.android.systemui.statusbar.AlphaOptimizedImageView{251aab2 VFED..C.. ......ID 0,0-140,182} during layout: running second layout pass
11-11 04:09:27.165 W/View ( 1971): requestLayout() improperly called by android.widget.FrameLayout{6741a03 I.E...... ......ID 0,0-780,182 #2bc} during second layout pass: posting in next frame
11-11 04:09:27.165 W/View ( 1971): requestLayout() improperly called by com.android.systemui.statusbar.AlphaOptimizedImageView{251aab2 VFED..C.. ......ID 0,0-140,182} during second layout pass: posting in next frame
11-11 04:09:27.166 D/MicroService( 2135): getEvent: clientSocket = Socket[address=/192.168.4.4,port=47520,localPort=9999]
11-11 04:09:27.166 D/MicroService( 2135): run: called
11-11 04:09:27.166 D/MicroService( 2135): getEvent: start waiting...
11-11 04:09:27.166 I/MicroService( 2135): getStringByData(noZero): IDCM_CarAudioService
11-11 04:09:27.166 I/MicroService( 2135): getStringByData(noZero): FSEM_AudioService
11-11 04:09:27.166 I/MicroService( 2135): getStringByData: {"srcService":"IDCM_CarAudioService","dstService":"FSEM_AudioService","methodName":"setVolume","messageType":0,"uuid":14957093117313,"parameters":{"functionInfo":{"IDCM_VolumeValue_Media":"12"}}}
11-11 04:09:27.166 I/MicroService( 2135): Receive message: SocketMessageBean{businessData='21930', srcService='IDCM_CarAudioService', destService='FSEM_AudioService', messageType='0', uuid='14957093117313', payloadData={"srcService":"IDCM_CarAudioService","dstService":"FSEM_AudioService","methodName":"setVolume","messageType":0,"uuid":14957093117313,"parameters":{"functionInfo":{"IDCM_VolumeValue_Media":"12"}}}}
11-11 04:09:27.166 I/MicroService( 2135): dealMessage: 0
11-11 04:09:27.166 I/MicroService( 2135): onRequest(setVolume): {"functionInfo":{"IDCM_VolumeValue_Media":"12"}}
11-11 04:09:27.170 I/volume_changed( 1491): [3,11,12,39,android]
11-11 04:09:27.171 I/sysui_multi_action( 1971): [757,210,758,4,759,3]
11-11 04:09:27.171 I/vol.Events( 1971): writeEvent active_stream_changed STREAM_MUSIC
11-11 04:09:27.179 I/vol.Events( 1971): writeEvent level_changed STREAM_MUSIC 12
11-11 04:09:27.182 W/View ( 1971): requestLayout() improperly called by android.widget.FrameLayout{6741a03 I.E...... ......ID 0,0-780,182 #2bc} during layout: running second layout pass
11-11 04:09:27.182 W/View ( 1971): requestLayout() improperly called by com.android.systemui.statusbar.AlphaOptimizedImageView{251aab2 VFED..C.. ......ID 0,0-140,182} during layout: running second layout pass
11-11 04:09:27.186 I/sysui_multi_action( 1971): [757,207,758,1]
11-11 04:09:27.186 I/sysui_multi_action( 1971): [757,804,799,volume_from_keyguard,801,0,802,1]
11-11 04:09:27.186 I/vol.Events( 1971): writeEvent show_dialog volume_changed keyguard=false
11-11 04:09:27.186 D/BluetoothDatabase( 7489): getBondedDevicesOrdered: Invalid address for device LocalStorage
11-11 04:09:27.187 W/View ( 1971): requestLayout() improperly called by android.widget.FrameLayout{6741a03 I.E...... ......ID 0,0-780,182 #2bc} during second layout pass: posting in next frame
11-11 04:09:27.187 W/View ( 1971): requestLayout() improperly called by com.android.systemui.statusbar.AlphaOptimizedImageView{251aab2 VFED..C.. ......ID 0,0-140,182} during second layout pass: posting in next frame
11-11 04:09:27.187 E/HeadsetStateMachine( 7489): returning mCurrentState as Disconnected
11-11 04:09:27.188 D/BluetoothPbapService( 7489): getConnectionState: 60:F4:3A:B2:E8:8D
11-11 04:09:27.189 D/HearingAidService( 7489): getActiveDevices
11-11 04:09:27.199 D/MicroService( 2135): getEvent: clientSocket = Socket[address=/192.168.4.4,port=47524,localPort=9999]
11-11 04:09:27.199 W/View ( 1971): requestLayout() improperly called by android.widget.FrameLayout{6741a03 I.E...... ......ID 0,0-780,182 #2bc} during layout: running second layout pass
11-11 04:09:27.199 W/View ( 1971): requestLayout() improperly called by com.android.systemui.statusbar.AlphaOptimizedImageView{251aab2 VFED..C.. ......ID 0,0-140,182} during layout: running second layout pass
11-11 04:09:27.199 D/MicroService( 2135): run: called
11-11 04:09:27.199 D/MicroService( 2135): getEvent: start waiting...
11-11 04:09:27.202 I/MicroService( 2135): getStringByData(noZero): IDCM_CarAudioService
11-11 04:09:27.202 I/MicroService( 2135): getStringByData(noZero): FSEM_AudioService
11-11 04:09:27.202 I/MicroService( 2135): getStringByData: {"srcService":"IDCM_CarAudioService","dstService":"FSEM_AudioService","methodName":"setVolume","messageType":0,"uuid":14957130316167,"parameters":{"functionInfo":{"IDCM_VolumeValue_Media":"13"}}}
11-11 04:09:27.202 I/MicroService( 2135): Receive message: SocketMessageBean{businessData='21930', srcService='IDCM_CarAudioService', destService='FSEM_AudioService', messageType='0', uuid='14957130316167', payloadData={"srcService":"IDCM_CarAudioService","dstService":"FSEM_AudioService","methodName":"setVolume","messageType":0,"uuid":14957130316167,"parameters":{"functionInfo":{"IDCM_VolumeValue_Media":"13"}}}}
11-11 04:09:27.202 I/MicroService( 2135): dealMessage: 0
11-11 04:09:27.202 I/MicroService( 2135): onRequest(setVolume): {"functionInfo":{"IDCM_VolumeValue_Media":"13"}}
11-11 04:09:27.205 I/volume_changed( 1491): [3,12,13,39,android]
11-11 04:09:27.211 I/vol.Events( 1971): writeEvent level_changed STREAM_MUSIC 13
11-11 04:09:27.213 I/sysui_multi_action( 1971): [757,207,758,1]
11-11 04:09:27.213 I/sysui_multi_action( 1971): [757,804,799,volume_from_keyguard,801,0,802,1]
11-11 04:09:27.213 I/vol.Events( 1971): writeEvent show_dialog volume_changed keyguard=false
11-11 04:09:27.215 W/View ( 1971): requestLayout() improperly called by android.widget.FrameLayout{6741a03 I.E...... ......ID 0,0-780,182 #2bc} during second layout pass: posting in next frame
11-11 04:09:27.215 W/View ( 1971): requestLayout() improperly called by com.android.systemui.statusbar.AlphaOptimizedImageView{251aab2 VFED..C.. ......ID 0,0-140,182} during second layout pass: posting in next frame
11-11 04:09:27.218 D/BluetoothDatabase( 7489): getBondedDevicesOrdered: Invalid address for device LocalStorage
11-11 04:09:27.220 E/HeadsetStateMachine( 7489): returning mCurrentState as Disconnected
11-11 04:09:27.222 D/BluetoothPbapService( 7489): getConnectionState: 60:F4:3A:B2:E8:8D
11-11 04:09:27.223 D/HearingAidService( 7489): getActiveDevices
11-11 04:09:27.232 W/View ( 1971): requestLayout() improperly called by android.widget.FrameLayout{6741a03 I.E...... ......ID 0,0-780,182 #2bc} during layout: running second layout pass
11-11 04:09:27.232 W/View ( 1971): requestLayout() improperly called by com.android.systemui.statusbar.AlphaOptimizedImageView{251aab2 VFED..C.. ......ID 0,0-140,182} during layout: running second layout pass
11-11 04:09:27.233 W/View ( 1971): requestLayout() improperly called by android.widget.FrameLayout{6741a03 I.E...... ......ID 0,0-780,182 #2bc} during second layout pass: posting in next frame
11-11 04:09:27.233 W/View ( 1971): requestLayout() improperly called by com.android.systemui.statusbar.AlphaOptimizedImageView{251aab2 VFED..C.. ......ID 0,0-140,182} during second layout pass: posting in next frame
11-11 04:09:27.249 W/View ( 1971): requestLayout() improperly called by android.widget.FrameLayout{6741a03 I.E...... ......ID 0,0-780,182 #2bc} during layout: running second layout pass
11-11 04:09:27.249 W/View ( 1971): requestLayout() improperly called by com.android.systemui.statusbar.AlphaOptimizedImageView{251aab2 VFED..C.. ......ID 0,0-140,182} during layout: running second layout pass
11-11 04:09:27.250 W/View ( 1971): requestLayout() improperly called by android.widget.FrameLayout{6741a03 I.E...... ......ID 0,0-780,182 #2bc} during second layout pass: posting in next frame
11-11 04:09:27.250 W/View ( 1971): requestLayout() improperly called by com.android.systemui.statusbar.AlphaOptimizedImageView{251aab2 VFED..C.. ......ID 0,0-140,182} during second layout pass: posting in next frame
11-11 04:09:27.261 W/kcp_info(26818): HCDN_LOG: [T:27125]Update: udp kcp size[0], timeout kcp size[0]
11-11 04:09:27.262 D/MicroService( 2135): getEvent: clientSocket = Socket[address=/192.168.4.4,port=47528,localPort=9999]
11-11 04:09:27.262 D/MicroService( 2135): run: called
11-11 04:09:27.262 D/MicroService( 2135): getEvent: start waiting...
11-11 04:09:27.262 I/MicroService( 2135): getStringByData(noZero): IDCM_CarAudioService
11-11 04:09:27.262 I/MicroService( 2135): getStringByData(noZero): FSEM_AudioService
11-11 04:09:27.262 I/MicroService( 2135): getStringByData: {"srcService":"IDCM_CarAudioService","dstService":"FSEM_AudioService","methodName":"setVolume","messageType":0,"uuid":14957193910230,"parameters":{"functionInfo":{"IDCM_VolumeValue_Media":"14"}}}
11-11 04:09:27.262 I/MicroService( 2135): Receive message: SocketMessageBean{businessData='21930', srcService='IDCM_CarAudioService', destService='FSEM_AudioService', messageType='0', uuid='14957193910230', payloadData={"srcService":"IDCM_CarAudioService","dstService":"FSEM_AudioService","methodName":"setVolume","messageType":0,"uuid":14957193910230,"parameters":{"functionInfo":{"IDCM_VolumeValue_Media":"14"}}}}
11-11 04:09:27.262 I/MicroService( 2135): dealMessage: 0
11-11 04:09:27.262 I/MicroService( 2135): onRequest(setVolume): {"functionInfo":{"IDCM_VolumeValue_Media":"14"}}
11-11 04:09:27.264 D/AudioAnalytics( 1199): gc(1700, 2000): log size:1700 item map size:103, item map items:1700
11-11 04:09:27.266 W/View ( 1971): requestLayout() improperly called by android.widget.FrameLayout{6741a03 I.E...... ......ID 0,0-780,182 #2bc} during layout: running second layout pass
11-11 04:09:27.266 W/View ( 1971): requestLayout() improperly called by com.android.systemui.statusbar.AlphaOptimizedImageView{251aab2 VFED..C.. ......ID 0,0-140,182} during layout: running second layout pass
11-11 04:09:27.273 I/volume_changed( 1491): [3,13,14,39,android]
11-11 04:09:27.278 W/View ( 1971): requestLayout() improperly called by android.widget.FrameLayout{6741a03 I.E...... ......ID 0,0-780,182 #2bc} during second layout pass: posting in next frame
11-11 04:09:27.278 W/View ( 1971): requestLayout() improperly called by com.android.systemui.statusbar.AlphaOptimizedImageView{251aab2 VFED..C.. ......ID 0,0-140,182} during second layout pass: posting in next frame
11-11 04:09:27.281 I/vol.Events( 1971): writeEvent level_changed STREAM_MUSIC 14
11-11 04:09:27.281 I/vol.Events( 1971): writeEvent level_changed STREAM_RING 3
11-11 04:09:27.282 I/vol.Events( 1971): writeEvent level_changed STREAM_SYSTEM 3
11-11 04:09:27.283 W/View ( 1971): requestLayout() improperly called by android.widget.FrameLayout{6741a03 I.E...... ......ID 0,0-780,182 #2bc} during layout: running second layout pass
11-11 04:09:27.283 W/View ( 1971): requestLayout() improperly called by com.android.systemui.statusbar.AlphaOptimizedImageView{251aab2 VFED..C.. ......ID 0,0-140,182} during layout: running second layout pass
11-11 04:09:27.285 I/sysui_multi_action( 1971): [757,207,758,1]
11-11 04:09:27.285 I/sysui_multi_action( 1971): [757,804,799,volume_from_keyguard,801,0,802,1]
11-11 04:09:27.285 I/vol.Events( 1971): writeEvent show_dialog volume_changed keyguard=false
11-11 04:09:27.285 D/BluetoothDatabase( 7489): getBondedDevicesOrdered: Invalid address for device LocalStorage
11-11 04:09:27.286 E/HeadsetStateMachine( 7489): returning mCurrentState as Disconnected
11-11 04:09:27.287 D/BluetoothPbapService( 7489): getConnectionState: 60:F4:3A:B2:E8:8D
11-11 04:09:27.288 D/HearingAidService( 7489): getActiveDevices
11-11 04:09:27.299 W/View ( 1971): requestLayout() improperly called by android.widget.FrameLayout{6741a03 I.E...... ......ID 0,0-780,182 #2bc} during second layout pass: posting in next frame
11-11 04:09:27.299 W/View ( 1971): requestLayout() improperly called by com.android.systemui.statusbar.AlphaOptimizedImageView{251aab2 VFED..C.. ......ID 0,0-140,182} during second layout pass: posting in next frame
11-11 04:09:27.295 I/auditd ( 0): type=1400 audit(0.0:20103): avc: denied { kill } for comm="swapper/1" capability=5 scontext=u:r:kernel:s0 tcontext=u:r:kernel:s0 tclass=capability permissive=0
11-11 04:09:27.295 W/swapper/1( 0): type=1400 audit(0.0:20103): avc: denied { kill } for capability=5 scontext=u:r:kernel:s0 tcontext=u:r:kernel:s0 tclass=capability permissive=0
11-11 04:09:27.309 I/commit_sys_config_file( 1491): [settings-1-0,4]
11-11 04:09:27.316 W/View ( 1971): requestLayout() improperly called by android.widget.FrameLayout{6741a03 I.E...... ......ID 0,0-780,182 #2bc} during layout: running second layout pass
11-11 04:09:27.316 W/View ( 1971): requestLayout() improperly called by com.android.systemui.statusbar.AlphaOptimizedImageView{251aab2 VFED..C.. ......ID 0,0-140,182} during layout: running second layout pass
11-11 04:09:27.317 W/View ( 1971): requestLayout() improperly called by android.widget.FrameLayout{6741a03 I.E...... ......ID 0,0-780,182 #2bc} during second layout pass: posting in next frame
11-11 04:09:27.317 W/View ( 1971): requestLayout() improperly called by com.android.systemui.statusbar.AlphaOptimizedImageView{251aab2 VFED..C.. ......ID 0,0-140,182} during second layout pass: posting in next frame
11-11 04:09:27.332 W/View ( 1971): requestLayout() improperly called by android.widget.FrameLayout{6741a03 I.E...... ......ID 0,0-780,182 #2bc} during layout: running second layout pass
11-11 04:09:27.332 W/View ( 1971): requestLayout() improperly called by com.android.systemui.statusbar.AlphaOptimizedImageView{251aab2 VFED..C.. ......ID 0,0-140,182} during layout: running second layout pass
11-11 04:09:27.333 W/View ( 1971): requestLayout() improperly called by android.widget.FrameLayout{6741a03 I.E...... ......ID 0,0-780,182 #2bc} during second layout pass: posting in next frame
11-11 04:09:27.333 W/View ( 1971): requestLayout() improperly called by com.android.systemui.statusbar.AlphaOptimizedImageView{251aab2 VFED..C.. ......ID 0,0-140,182} during second layout pass: posting in next frame
11-11 04:09:27.349 W/View ( 1971): requestLayout() improperly called by android.widget.FrameLayout{6741a03 I.E...... ......ID 0,0-780,182 #2bc} during layout: running second layout pass
11-11 04:09:27.349 W/View ( 1971): requestLayout() improperly called by com.android.systemui.statusbar.AlphaOptimizedImageView{251aab2 VFED..C.. ......ID 0,0-140,182} during layout: running second layout pass
11-11 04:09:27.350 W/View ( 1971): requestLayout() improperly called by android.widget.FrameLayout{6741a03 I.E...... ......ID 0,0-780,182 #2bc} during second layout pass: posting in next frame
11-11 04:09:27.350 W/View ( 1971): requestLayout() improperly called by com.android.systemui.statusbar.AlphaOptimizedImageView{251aab2 VFED..C.. ......ID 0,0-140,182} during second layout pass: posting in next frame
11-11 04:09:27.366 W/View ( 1971): requestLayout() improperly called by android.widget.FrameLayout{6741a03 I.E...... ......ID 0,0-780,182 #2bc} during layout: running second layout pass
11-11 04:09:27.366 W/View ( 1971): requestLayout() improperly called by com.android.systemui.statusbar.AlphaOptimizedImageView{251aab2 VFED..C.. ......ID 0,0-140,182} during layout: running second layout pass
11-11 04:09:27.366 W/View ( 1971): requestLayout() improperly called by android.widget.FrameLayout{6741a03 I.E...... ......ID 0,0-780,182 #2bc} during second layout pass: posting in next frame
11-11 04:09:27.366 W/View ( 1971): requestLayout() improperly called by com.android.systemui.statusbar.AlphaOptimizedImageView{251aab2 VFED..C.. ......ID 0,0-140,182} during second layout pass: posting in next frame
11-11 04:09:27.383 W/View ( 1971): requestLayout() improperly called by android.widget.FrameLayout{6741a03 I.E...... ......ID 0,0-780,182 #2bc} during layout: running second layout pass
11-11 04:09:27.383 W/View ( 1971): requestLayout() improperly called by com.android.systemui.statusbar.AlphaOptimizedImageView{251aab2 VFED..C.. ......ID 0,0-140,182} during layout: running second layout pass
11-11 04:09:27.386 W/View ( 1971): requestLayout() improperly called by android.widget.FrameLayout{6741a03 I.E...... ......ID 0,0-780,182 #2bc} during second layout pass: posting in next frame
11-11 04:09:27.386 W/View ( 1971): requestLayout() improperly called by com.android.systemui.statusbar.AlphaOptimizedImageView{251aab2 VFED..C.. ......ID 0,0-140,182} during second layout pass: posting in next frame
11-11 04:09:27.399 W/View ( 1971): requestLayout() improperly called by android.widget.FrameLayout{6741a03 I.E...... ......ID 0,0-780,182 #2bc} during layout: running second layout pass
11-11 04:09:27.399 W/View ( 1971): requestLayout() improperly called by com.android.systemui.statusbar.AlphaOptimizedImageView{251aab2 VFED..C.. ......ID 0,0-140,182} during layout: running second layout pass
11-11 04:09:27.400 W/View ( 1971): requestLayout() improperly called by android.widget.FrameLayout{6741a03 I.E...... ......ID 0,0-780,182 #2bc} during second layout pass: posting in next frame
11-11 04:09:27.400 W/View ( 1971): requestLayout() improperly called by com.android.systemui.statusbar.AlphaOptimizedImageView{251aab2 VFED..C.. ......ID 0,0-140,182} during second layout pass: posting in next frame
11-11 04:09:27.416 W/View ( 1971): requestLayout() improperly called by android.widget.FrameLayout{6741a03 I.E...... ......ID 0,0-780,182 #2bc} during layout: running second layout pass
11-11 04:09:27.416 W/View ( 1971): requestLayout() improperly called by com.android.systemui.statusbar.AlphaOptimizedImageView{251aab2 VFED..C.. ......ID 0,0-140,182} during layout: running second layout pass
11-11 04:09:27.427 I/mpu_uart( 648): [MSG-P:RECV]:No message received in 1000 ms
11-11 04:09:27.453 W/InputManager-JNI( 1491): Input channel object 'e886379 VolumeDialogImpl (client)' was disposed without first being removed with the input manager!
11-11 04:09:27.461 D/MicroService( 2135): getEvent: clientSocket = Socket[address=/192.168.4.4,port=47542,localPort=9999]
11-11 04:09:27.461 D/MicroService( 2135): run: called
11-11 04:09:27.461 D/MicroService( 2135): getEvent: start waiting...
11-11 04:09:27.461 I/MicroService( 2135): getStringByData(noZero): IDCM_CarAudioService
11-11 04:09:27.461 I/MicroService( 2135): getStringByData(noZero): FSEM_AudioService
