11-11 03:40:11.808 I/input_interaction( 1491): Interaction with: a00ca2d com.android.settings/com.android.settings.homepage.SettingsHomepageActivity (server), edge-swipe (server), swipe-up (server), PointerEventDispatcher0 (server),
11-11 03:40:12.295 I/auditd ( 0): type=1400 audit(0.0:18132): avc: denied { kill } for comm="swapper/0" capability=5 scontext=u:r:kernel:s0 tcontext=u:r:kernel:s0 tclass=capability permissive=0
11-11 03:40:14.295 I/auditd ( 0): type=1400 audit(0.0:18133): avc: denied { kill } for comm="swapper/2" capability=5 scontext=u:r:kernel:s0 tcontext=u:r:kernel:s0 tclass=capability permissive=0
11-11 03:40:15.111 I/service_manager_stats( 1491): [100,83,9322]
11-11 03:40:16.295 I/auditd ( 0): type=1400 audit(0.0:18134): avc: denied { kill } for comm="swapper/3" capability=5 scontext=u:r:kernel:s0 tcontext=u:r:kernel:s0 tclass=capability permissive=0
11-11 03:40:17.011 I/auditd (13536): type=1400 audit(0.0:18135): avc: denied { read } for comm=5468726561642D32202D2031333538 name="tcp" dev="proc" ino=4026532256 scontext=u:r:untrusted_app_29:s0:c99,c256,c512,c768 tcontext=u:object_r:proc_net_tcp_udp:s0 tclass=file permissive=0 app=com.smile.gifmaker
11-11 03:40:17.295 I/auditd ( 0): type=1400 audit(0.0:18136): avc: denied { kill } for comm="swapper/3" capability=5 scontext=u:r:kernel:s0 tcontext=u:r:kernel:s0 tclass=capability permissive=0
11-11 03:40:18.295 I/auditd ( 0): type=1400 audit(0.0:18137): avc: denied { kill } for comm="swapper/3" capability=5 scontext=u:r:kernel:s0 tcontext=u:r:kernel:s0 tclass=capability permissive=0
11-11 03:40:18.326 I/volume_changed( 1491): [3,12,11,39,android]
11-11 03:40:18.328 I/sysui_multi_action( 1971): [757,210,758,4,759,3]
11-11 03:40:18.347 I/sysui_multi_action( 1971): [757,207,758,1]
11-11 03:40:18.348 I/sysui_multi_action( 1971): [757,804,799,volume_from_keyguard,801,0,802,1]
11-11 03:40:18.374 I/volume_changed( 1491): [3,11,10,39,android]
11-11 03:40:18.400 I/sysui_multi_action( 1971): [757,207,758,1]
11-11 03:40:18.401 I/sysui_multi_action( 1971): [757,804,799,volume_from_keyguard,801,0,802,1]
11-11 03:40:18.411 I/volume_changed( 1491): [3,10,9,39,android]
11-11 03:40:18.427 I/sysui_multi_action( 1971): [757,207,758,1]
11-11 03:40:18.427 I/sysui_multi_action( 1971): [757,804,799,volume_from_keyguard,801,0,802,1]
11-11 03:40:18.428 I/sysui_multi_action( 1971): [757,207,758,1]
11-11 03:40:18.429 I/sysui_multi_action( 1971): [757,804,799,volume_from_keyguard,801,0,802,1]
11-11 03:40:18.470 I/volume_changed( 1491): [3,9,8,39,android]
11-11 03:40:18.493 I/sysui_multi_action( 1971): [757,207,758,1]
11-11 03:40:18.494 I/sysui_multi_action( 1971): [757,804,799,volume_from_keyguard,801,0,802,1]
11-11 03:40:18.498 I/volume_changed( 1491): [3,8,7,39,android]
11-11 03:40:18.517 I/sysui_multi_action( 1971): [757,207,758,1]
11-11 03:40:18.518 I/sysui_multi_action( 1971): [757,804,799,volume_from_keyguard,801,0,802,1]
11-11 03:40:18.518 I/sysui_multi_action( 1971): [757,207,758,1]
11-11 03:40:18.518 I/sysui_multi_action( 1971): [757,804,799,volume_from_keyguard,801,0,802,1]
11-11 03:40:18.554 I/volume_changed( 1491): [3,7,6,39,android]
11-11 03:40:18.570 I/sysui_multi_action( 1971): [757,207,758,1]
11-11 03:40:18.570 I/sysui_multi_action( 1971): [757,804,799,volume_from_keyguard,801,0,802,1]
11-11 03:40:18.609 I/volume_changed( 1491): [3,6,5,39,android]
11-11 03:40:18.640 I/sysui_multi_action( 1971): [757,207,758,1]
11-11 03:40:18.641 I/sysui_multi_action( 1971): [757,804,799,volume_from_keyguard,801,0,802,1]
11-11 03:40:18.740 I/volume_changed( 1491): [3,5,4,39,android]
11-11 03:40:18.766 I/sysui_multi_action( 1971): [757,207,758,1]
11-11 03:40:18.766 I/sysui_multi_action( 1971): [757,804,799,volume_from_keyguard,801,0,802,1]
11-11 03:40:19.047 I/commit_sys_config_file( 1491): [settings-1-0,8]
11-11 03:40:19.219 I/auditd (13529): type=1400 audit(0.0:18138): avc: denied { read } for comm="Thread-29" name="tcp" dev="proc" ino=4026532256 scontext=u:r:untrusted_app:s0:c103,c256,c512,c768 tcontext=u:object_r:proc_net_tcp_udp:s0 tclass=file permissive=0 app=tv.danmaku.bilibilihd
11-11 03:40:19.295 I/auditd ( 0): type=1400 audit(0.0:18139): avc: denied { kill } for comm="swapper/3" capability=5 scontext=u:r:kernel:s0 tcontext=u:r:kernel:s0 tclass=capability permissive=0
11-11 03:40:19.374 I/volume_changed( 1491): [3,4,3,39,android]
11-11 03:40:19.402 I/volume_changed( 1491): [3,3,2,39,android]
11-11 03:40:19.426 I/sysui_multi_action( 1971): [757,207,758,1]
11-11 03:40:19.426 I/sysui_multi_action( 1971): [757,804,799,volume_from_keyguard,801,0,802,1]
11-11 03:40:19.434 I/sysui_multi_action( 1971): [757,207,758,1]
11-11 03:40:19.434 I/sysui_multi_action( 1971): [757,804,799,volume_from_keyguard,801,0,802,1]
11-11 03:40:19.440 I/volume_changed( 1491): [3,2,1,39,android]
11-11 03:40:19.441 I/sysui_multi_action( 1971): [757,207,758,1]
11-11 03:40:19.441 I/sysui_multi_action( 1971): [757,804,799,volume_from_keyguard,801,0,802,1]
11-11 03:40:19.453 I/sysui_multi_action( 1971): [757,207,758,1]
11-11 03:40:19.454 I/sysui_multi_action( 1971): [757,804,799,volume_from_keyguard,801,0,802,1]
11-11 03:40:19.468 I/volume_changed( 1491): [3,1,0,39,android]
11-11 03:40:19.532 I/sysui_multi_action( 1971): [757,207,758,1]
11-11 03:40:19.533 I/sysui_multi_action( 1971): [757,804,799,volume_from_keyguard,801,0,802,1]
11-11 03:40:19.540 I/sysui_multi_action( 1971): [757,207,758,1]
11-11 03:40:19.540 I/sysui_multi_action( 1971): [757,804,799,volume_from_keyguard,801,0,802,1]
11-11 03:40:19.541 I/sysui_multi_action( 1971): [757,207,758,1]
11-11 03:40:19.541 I/sysui_multi_action( 1971): [757,804,799,volume_from_keyguard,801,0,802,1]
11-11 03:40:19.541 I/sysui_multi_action( 1971): [757,207,758,1]
11-11 03:40:19.542 I/sysui_multi_action( 1971): [757,804,799,volume_from_keyguard,801,0,802,1]
11-11 03:40:19.678 I/volume_changed( 1491): [3,0,1,39,android]
11-11 03:40:19.733 I/sysui_multi_action( 1971): [757,207,758,1]
11-11 03:40:19.734 I/sysui_multi_action( 1971): [757,804,799,volume_from_keyguard,801,0,802,1]
11-11 03:40:20.093 I/commit_sys_config_file( 1491): [settings-1-0,3]
11-11 03:40:20.695 I/am_uid_active( 1491): 10095
11-11 03:40:20.710 I/am_pss ( 1491): [13546,10094,com.tencent.qqmusicpad,50608128,33992704,22528,144912384,0,4,12]
11-11 03:40:20.719 I/am_pss ( 1491): [14144,10094,com.tencent.qqmusicpad:QQPlayerService,34601984,18685952,29696,123256832,0,4,9]
11-11 03:40:21.073 I/netstats_mobile_sample( 1491): [0,0,0,0,0,0,0,0,0,0,0,0,1668094821073]
11-11 03:40:21.073 I/netstats_wifi_sample( 1491): [2128719950,1950986,206773270,981696,2128719950,1950986,206773270,981696,2489508559,2461569,137372438,855901,1668094821073]
11-11 03:40:21.295 I/auditd ( 0): type=1400 audit(0.0:18140): avc: denied { kill } for comm="swapper/3" capability=5 scontext=u:r:kernel:s0 tcontext=u:r:kernel:s0 tclass=capability permissive=0
11-11 03:40:22.295 I/auditd ( 0): type=1400 audit(0.0:18141): avc: denied { kill } for comm="swapper/3" capability=5 scontext=u:r:kernel:s0 tcontext=u:r:kernel:s0 tclass=capability permissive=0
11-11 03:40:22.735 I/sysui_multi_action( 1971): [757,207,758,2]
11-11 03:40:22.738 I/sysui_multi_action( 1971): [757,210,758,4,759,-1]
11-11 03:40:23.295 I/auditd ( 0): type=1400 audit(0.0:18142): avc: denied { kill } for comm="swapper/3" capability=5 scontext=u:r:kernel:s0 tcontext=u:r:kernel:s0 tclass=capability permissive=0
11-11 03:40:24.295 I/auditd ( 0): type=1400 audit(0.0:18143): avc: denied { kill } for comm="swapper/3" capability=5 scontext=u:r:kernel:s0 tcontext=u:r:kernel:s0 tclass=capability permissive=0
11-11 03:40:25.299 I/auditd ( 0): type=1400 audit(0.0:18144): avc: denied { kill } for comm="swapper/3" capability=5 scontext=u:r:kernel:s0 tcontext=u:r:kernel:s0 tclass=capability permissive=0
11-11 03:40:26.295 I/auditd ( 0): type=1400 audit(0.0:18145): avc: denied { kill } for comm="swapper/3" capability=5 scontext=u:r:kernel:s0 tcontext=u:r:kernel:s0 tclass=capability permissive=0
11-11 03:40:28.079 I/auditd (15150): type=1400 audit(0.0:18146): avc: denied { read } for comm="aker:messagesdk" name="tcp" dev="proc" ino=4026532256 scontext=u:r:untrusted_app_29:s0:c99,c256,c512,c768 tcontext=u:object_r:proc_net_tcp_udp:s0 tclass=file permissive=0 app=com.smile.gifmaker
11-11 03:40:28.295 I/auditd ( 0): type=1400 audit(0.0:18147): avc: denied { kill } for comm="swapper/3" capability=5 scontext=u:r:kernel:s0 tcontext=u:r:kernel:s0 tclass=capability permissive=0
11-11 03:40:29.295 I/auditd ( 0): type=1400 audit(0.0:18148): avc: denied { kill } for comm="swapper/3" capability=5 scontext=u:r:kernel:s0 tcontext=u:r:kernel:s0 tclass=capability permissive=0
11-11 03:40:29.644 I/volume_changed( 1491): [3,1,2,39,android]
11-11 03:40:29.646 I/sysui_multi_action( 1971): [757,210,758,4,759,3]
11-11 03:40:29.664 I/sysui_multi_action( 1971): [757,207,758,1]
11-11 03:40:29.665 I/sysui_multi_action( 1971): [757,804,799,volume_from_keyguard,801,0,802,1]
11-11 03:40:29.707 I/volume_changed( 1491): [3,2,3,39,android]
11-11 03:40:29.720 I/sysui_multi_action( 1971): [757,207,758,1]
11-11 03:40:29.721 I/sysui_multi_action( 1971): [757,804,799,volume_from_keyguard,801,0,802,1]
11-11 03:40:29.734 I/volume_changed( 1491): [3,3,4,39,android]
11-11 03:40:29.744 I/sysui_multi_action( 1971): [757,207,758,1]
11-11 03:40:29.744 I/sysui_multi_action( 1971): [757,804,799,volume_from_keyguard,801,0,802,1]
11-11 03:40:29.772 I/volume_changed( 1491): [3,4,5,39,android]
11-11 03:40:29.785 I/sysui_multi_action( 1971): [757,207,758,1]
11-11 03:40:29.785 I/sysui_multi_action( 1971): [757,804,799,volume_from_keyguard,801,0,802,1]
11-11 03:40:29.803 I/volume_changed( 1491): [3,5,6,39,android]
11-11 03:40:29.826 I/sysui_multi_action( 1971): [757,207,758,1]
11-11 03:40:29.826 I/sysui_multi_action( 1971): [757,804,799,volume_from_keyguard,801,0,802,1]
11-11 03:40:29.872 I/volume_changed( 1491): [3,6,7,39,android]
11-11 03:40:29.891 I/sysui_multi_action( 1971): [757,207,758,1]
11-11 03:40:29.892 I/sysui_multi_action( 1971): [757,804,799,volume_from_keyguard,801,0,802,1]
11-11 03:40:29.921 I/volume_changed( 1491): [3,7,8,39,android]
11-11 03:40:29.936 I/sysui_multi_action( 1971): [757,207,758,1]
11-11 03:40:29.936 I/sysui_multi_action( 1971): [757,804,799,volume_from_keyguard,801,0,802,1]
11-11 03:40:29.998 I/volume_changed( 1491): [3,8,9,39,android]
11-11 03:40:30.014 I/sysui_multi_action( 1971): [757,207,758,1]
11-11 03:40:30.014 I/sysui_multi_action( 1971): [757,804,799,volume_from_keyguard,801,0,802,1]
11-11 03:40:30.059 I/volume_changed( 1491): [3,9,10,39,android]
11-11 03:40:30.078 I/sysui_multi_action( 1971): [757,207,758,1]
11-11 03:40:30.079 I/sysui_multi_action( 1971): [757,804,799,volume_from_keyguard,801,0,802,1]
11-11 03:40:30.179 I/volume_changed( 1491): [3,10,11,39,android]
11-11 03:40:30.205 I/sysui_multi_action( 1971): [757,207,758,1]
11-11 03:40:30.205 I/sysui_multi_action( 1971): [757,804,799,volume_from_keyguard,801,0,802,1]
11-11 03:40:30.242 I/volume_changed( 1491): [3,11,12,39,android]
11-11 03:40:30.263 I/sysui_multi_action( 1971): [757,207,758,1]
11-11 03:40:30.263 I/sysui_multi_action( 1971): [757,804,799,volume_from_keyguard,801,0,802,1]
11-11 03:40:30.295 I/auditd ( 0): type=1400 audit(0.0:18149): avc: denied { kill } for comm="swapper/3" capability=5 scontext=u:r:kernel:s0 tcontext=u:r:kernel:s0 tclass=capability permissive=0
11-11 03:40:30.313 I/volume_changed( 1491): [3,12,13,39,android]
11-11 03:40:30.329 I/sysui_multi_action( 1971): [757,207,758,1]
11-11 03:40:30.330 I/sysui_multi_action( 1971): [757,804,799,volume_from_keyguard,801,0,802,1]
11-11 03:40:30.362 I/commit_sys_config_file( 1491): [settings-1-0,8]
11-11 03:40:30.579 I/volume_changed( 1491): [3,13,12,39,android]
11-11 03:40:30.591 I/commit_sys_config_file( 1491): [settings-1-0,4]
11-11 03:40:30.600 I/sysui_multi_action( 1971): [757,207,758,1]
11-11 03:40:30.600 I/sysui_multi_action( 1971): [757,804,799,volume_from_keyguard,801,0,802,1]
11-11 03:40:30.626 I/volume_changed( 1491): [3,12,11,39,android]
11-11 03:40:30.639 I/sysui_multi_action( 1971): [757,207,758,1]
11-11 03:40:30.640 I/sysui_multi_action( 1971): [757,804,799,volume_from_keyguard,801,0,802,1]
11-11 03:40:30.655 I/volume_changed( 1491): [3,11,10,39,android]
11-11 03:40:30.676 I/volume_changed( 1491): [3,10,9,39,android]
11-11 03:40:30.694 I/sysui_multi_action( 1971): [757,207,758,1]
11-11 03:40:30.694 I/sysui_multi_action( 1971): [757,804,799,volume_from_keyguard,801,0,802,1]
11-11 03:40:30.695 I/sysui_multi_action( 1971): [757,207,758,1]
11-11 03:40:30.695 I/sysui_multi_action( 1971): [757,804,799,volume_from_keyguard,801,0,802,1]
11-11 03:40:30.699 I/sysui_multi_action( 1971): [757,207,758,1]
11-11 03:40:30.700 I/sysui_multi_action( 1971): [757,804,799,volume_from_keyguard,801,0,802,1]
11-11 03:40:30.721 I/volume_changed( 1491): [3,9,8,39,android]
11-11 03:40:30.745 I/sysui_multi_action( 1971): [757,207,758,1]
11-11 03:40:30.746 I/sysui_multi_action( 1971): [757,804,799,volume_from_keyguard,801,0,802,1]
11-11 03:40:30.749 I/sysui_multi_action( 1971): [757,207,758,1]
11-11 03:40:30.750 I/sysui_multi_action( 1971): [757,804,799,volume_from_keyguard,801,0,802,1]
11-11 03:40:30.756 I/volume_changed( 1491): [3,8,7,39,android]
11-11 03:40:30.768 I/am_pss ( 1491): [9548,1000,com.qti.diagservices,10425344,1224704,8022016,47955968,0,10,6]
11-11 03:40:30.781 I/sysui_multi_action( 1971): [757,207,758,1]
11-11 03:40:30.781 I/sysui_multi_action( 1971): [757,804,799,volume_from_keyguard,801,0,802,1]
11-11 03:40:30.782 I/sysui_multi_action( 1971): [757,207,758,1]
11-11 03:40:30.782 I/sysui_multi_action( 1971): [757,804,799,volume_from_keyguard,801,0,802,1]
11-11 03:40:30.818 I/volume_changed( 1491): [3,7,6,39,android]
11-11 03:40:30.836 I/volume_changed( 1491): [3,6,5,39,android]
11-11 03:40:30.846 I/sysui_multi_action( 1971): [757,207,758,1]
11-11 03:40:30.846 I/sysui_multi_action( 1971): [757,804,799,volume_from_keyguard,801,0,802,1]
11-11 03:40:30.849 I/sysui_multi_action( 1971): [757,207,758,1]
11-11 03:40:30.849 I/sysui_multi_action( 1971): [757,804,799,volume_from_keyguard,801,0,802,1]
11-11 03:40:30.906 I/commit_sys_config_file( 1491): [settings-1-0,5]
11-11 03:40:31.301 I/commit_sys_config_file( 1491): [settings-1-0,5]
11-11 03:40:32.295 I/auditd ( 0): type=1400 audit(0.0:18150): avc: denied { kill } for comm="swapper/3" capability=5 scontext=u:r:kernel:s0 tcontext=u:r:kernel:s0 tclass=capability permissive=0
11-11 03:40:32.785 I/volume_changed( 1491): [3,5,6,39,android]
11-11 03:40:32.809 I/volume_changed( 1491): [3,6,7,39,android]
11-11 03:40:32.822 I/sysui_multi_action( 1971): [757,207,758,1]
11-11 03:40:32.823 I/sysui_multi_action( 1971): [757,804,799,volume_from_keyguard,801,0,802,1]
11-11 03:40:32.826 I/volume_changed( 1491): [3,7,8,39,android]
11-11 03:40:32.843 I/volume_changed( 1491): [3,8,9,39,android]
11-11 03:40:32.852 I/sysui_multi_action( 1971): [757,207,758,1]
11-11 03:40:32.853 I/sysui_multi_action( 1971): [757,804,799,volume_from_keyguard,801,0,802,1]
11-11 03:40:32.853 I/sysui_multi_action( 1971): [757,207,758,1]
11-11 03:40:32.853 I/sysui_multi_action( 1971): [757,804,799,volume_from_keyguard,801,0,802,1]
11-11 03:40:32.855 I/sysui_multi_action( 1971): [757,207,758,1]
11-11 03:40:32.855 I/sysui_multi_action( 1971): [757,804,799,volume_from_keyguard,801,0,802,1]
11-11 03:40:32.863 I/sysui_multi_action( 1971): [757,207,758,1]
11-11 03:40:32.864 I/sysui_multi_action( 1971): [757,804,799,volume_from_keyguard,801,0,802,1]
11-11 03:40:32.869 I/volume_changed( 1491): [3,9,10,39,android]
11-11 03:40:32.870 I/sysui_multi_action( 1971): [757,207,758,1]
11-11 03:40:32.871 I/sysui_multi_action( 1971): [757,804,799,volume_from_keyguard,801,0,802,1]
11-11 03:40:32.884 I/sysui_multi_action( 1971): [757,207,758,1]
11-11 03:40:32.885 I/sysui_multi_action( 1971): [757,804,799,volume_from_keyguard,801,0,802,1]
11-11 03:40:32.899 I/sysui_multi_action( 1971): [757,207,758,1]
11-11 03:40:32.900 I/sysui_multi_action( 1971): [757,804,799,volume_from_keyguard,801,0,802,1]
11-11 03:40:32.908 I/volume_changed( 1491): [3,10,11,39,android]
11-11 03:40:32.936 I/sysui_multi_action( 1971): [757,207,758,1]
11-11 03:40:32.937 I/sysui_multi_action( 1971): [757,804,799,volume_from_keyguard,801,0,802,1]
11-11 03:40:32.937 I/sysui_multi_action( 1971): [757,207,758,1]
11-11 03:40:32.938 I/sysui_multi_action( 1971): [757,804,799,volume_from_keyguard,801,0,802,1]
11-11 03:40:32.954 I/volume_changed( 1491): [3,11,12,39,android]
11-11 03:40:32.964 I/volume_changed( 1491): [3,12,13,39,android]
11-11 03:40:32.966 I/sysui_multi_action( 1971): [757,207,758,1]
11-11 03:40:32.966 I/sysui_multi_action( 1971): [757,804,799,volume_from_keyguard,801,0,802,1]
11-11 03:40:32.987 I/volume_changed( 1491): [3,13,14,39,android]
11-11 03:40:33.006 I/volume_changed( 1491): [3,14,15,39,android]
11-11 03:40:33.008 I/sysui_multi_action( 1971): [757,207,758,1]
11-11 03:40:33.008 I/sysui_multi_action( 1971): [757,804,799,volume_from_keyguard,801,0,802,1]
11-11 03:40:33.020 I/sysui_multi_action( 1971): [757,207,758,1]
11-11 03:40:33.020 I/sysui_multi_action( 1971): [757,804,799,volume_from_keyguard,801,0,802,1]
11-11 03:40:33.025 I/volume_changed( 1491): [3,15,16,39,android]
11-11 03:40:33.042 I/volume_changed( 1491): [3,16,17,39,android]
11-11 03:40:33.044 I/sysui_multi_action( 1971): [757,207,758,1]
11-11 03:40:33.044 I/sysui_multi_action( 1971): [757,804,799,volume_from_keyguard,801,0,802,1]
11-11 03:40:33.059 I/sysui_multi_action( 1971): [757,207,758,1]
11-11 03:40:33.059 I/volume_changed( 1491): [3,17,18,39,android]
11-11 03:40:33.059 I/sysui_multi_action( 1971): [757,804,799,volume_from_keyguard,801,0,802,1]
11-11 03:40:33.071 I/sysui_multi_action( 1971): [757,207,758,1]
11-11 03:40:33.071 I/sysui_multi_action( 1971): [757,804,799,volume_from_keyguard,801,0,802,1]
11-11 03:40:33.073 I/sysui_multi_action( 1971): [757,207,758,1]
11-11 03:40:33.073 I/sysui_multi_action( 1971): [757,804,799,volume_from_keyguard,801,0,802,1]
11-11 03:40:33.074 I/volume_changed( 1491): [3,18,19,39,android]
11-11 03:40:33.088 I/sysui_multi_action( 1971): [757,207,758,1]
11-11 03:40:33.089 I/sysui_multi_action( 1971): [757,804,799,volume_from_keyguard,801,0,802,1]
11-11 03:40:33.089 I/sysui_multi_action( 1971): [757,207,758,1]
11-11 03:40:33.089 I/sysui_multi_action( 1971): [757,804,799,volume_from_keyguard,801,0,802,1]
11-11 03:40:33.114 I/volume_changed( 1491): [3,19,20,39,android]
11-11 03:40:33.140 I/volume_changed( 1491): [3,20,21,39,android]
11-11 03:40:33.154 I/sysui_multi_action( 1971): [757,207,758,1]
11-11 03:40:33.155 I/sysui_multi_action( 1971): [757,804,799,volume_from_keyguard,801,0,802,1]
11-11 03:40:33.155 I/sysui_multi_action( 1971): [757,207,758,1]
11-11 03:40:33.155 I/sysui_multi_action( 1971): [757,804,799,volume_from_keyguard,801,0,802,1]
11-11 03:40:33.162 I/volume_changed( 1491): [3,21,22,39,android]
11-11 03:40:33.164 I/sysui_multi_action( 1971): [757,207,758,1]
11-11 03:40:33.164 I/sysui_multi_action( 1971): [757,804,799,volume_from_keyguard,801,0,802,1]
11-11 03:40:33.179 I/volume_changed( 1491): [3,22,23,39,android]
11-11 03:40:33.183 I/sysui_multi_action( 1971): [757,207,758,1]
11-11 03:40:33.183 I/sysui_multi_action( 1971): [757,804,799,volume_from_keyguard,801,0,802,1]
11-11 03:40:33.192 I/sysui_multi_action( 1971): [757,207,758,1]
11-11 03:40:33.193 I/sysui_multi_action( 1971): [757,804,799,volume_from_keyguard,801,0,802,1]
11-11 03:40:33.194 I/volume_changed( 1491): [3,23,22,39,android]
11-11 03:40:33.220 I/sysui_multi_action( 1971): [757,207,758,1]
11-11 03:40:33.220 I/sysui_multi_action( 1971): [757,804,799,volume_from_keyguard,801,0,802,1]
11-11 03:40:33.317 I/volume_changed( 1491): [3,22,21,39,android]
11-11 03:40:33.334 I/sysui_multi_action( 1971): [757,207,758,1]
11-11 03:40:33.335 I/sysui_multi_action( 1971): [757,804,799,volume_from_keyguard,801,0,802,1]
11-11 03:40:33.463 I/volume_changed( 1491): [3,21,20,39,android]
11-11 03:40:33.487 I/sysui_multi_action( 1971): [757,207,758,1]
11-11 03:40:33.487 I/sysui_multi_action( 1971): [757,804,799,volume_from_keyguard,801,0,802,1]
11-11 03:40:33.506 I/commit_sys_config_file( 1491): [settings-1-0,3]
11-11 03:40:33.734 I/volume_changed( 1491): [3,20,19,39,android]
11-11 03:40:33.749 I/sysui_multi_action( 1971): [757,207,758,1]
11-11 03:40:33.750 I/sysui_multi_action( 1971): [757,804,799,volume_from_keyguard,801,0,802,1]
11-11 03:40:34.034 I/commit_sys_config_file( 1491): [settings-1-0,4]
11-11 03:40:34.295 I/auditd ( 0): type=1400 audit(0.0:18151): avc: denied { kill } for comm="swapper/2" capability=5 scontext=u:r:kernel:s0 tcontext=u:r:kernel:s0 tclass=capability permissive=0
11-11 03:40:35.024 I/volume_changed( 1491): [3,19,18,39,android]
11-11 03:40:35.041 I/sysui_multi_action( 1971): [757,207,758,1]
11-11 03:40:35.041 I/sysui_multi_action( 1971): [757,804,799,volume_from_keyguard,801,0,802,1]
11-11 03:40:35.061 I/volume_changed( 1491): [3,18,17,39,android]
11-11 03:40:35.076 I/sysui_multi_action( 1971): [757,207,758,1]
11-11 03:40:35.077 I/sysui_multi_action( 1971): [757,804,799,volume_from_keyguard,801,0,802,1]
11-11 03:40:35.098 I/volume_changed( 1491): [3,17,16,39,android]
11-11 03:40:35.122 I/sysui_multi_action( 1971): [757,207,758,1]
11-11 03:40:35.123 I/sysui_multi_action( 1971): [757,804,799,volume_from_keyguard,801,0,802,1]
11-11 03:40:35.140 I/volume_changed( 1491): [3,16,15,39,android]
11-11 03:40:35.152 I/sysui_multi_action( 1971): [757,207,758,1]
11-11 03:40:35.152 I/sysui_multi_action( 1971): [757,804,799,volume_from_keyguard,801,0,802,1]
11-11 03:40:35.178 I/volume_changed( 1491): [3,15,14,39,android]
11-11 03:40:35.194 I/sysui_multi_action( 1971): [757,207,758,1]
11-11 03:40:35.195 I/sysui_multi_action( 1971): [757,804,799,volume_from_keyguard,801,0,802,1]
11-11 03:40:35.243 I/volume_changed( 1491): [3,14,13,39,android]
11-11 03:40:35.264 I/sysui_multi_action( 1971): [757,207,758,1]
11-11 03:40:35.264 I/sysui_multi_action( 1971): [757,804,799,volume_from_keyguard,801,0,802,1]
11-11 03:40:35.274 I/volume_changed( 1491): [3,13,12,39,android]
11-11 03:40:35.290 I/sysui_multi_action( 1971): [757,207,758,1]
11-11 03:40:35.290 I/sysui_multi_action( 1971): [757,804,799,volume_from_keyguard,801,0,802,1]
11-11 03:40:35.435 I/volume_changed( 1491): [3,12,13,39,android]
11-11 03:40:35.455 I/sysui_multi_action( 1971): [757,207,758,1]
11-11 03:40:35.455 I/sysui_multi_action( 1971): [757,804,799,volume_from_keyguard,801,0,802,1]
11-11 03:40:35.744 I/commit_sys_config_file( 1491): [settings-1-0,5]
11-11 03:40:36.295 I/auditd ( 0): type=1400 audit(0.0:18152): avc: denied { kill } for comm="swapper/2" capability=5 scontext=u:r:kernel:s0 tcontext=u:r:kernel:s0 tclass=capability permissive=0
11-11 03:40:36.910 I/service_manager_stats(13529): [200,84,79272]
11-11 03:40:37.295 I/auditd ( 0): type=1400 audit(0.0:18153): avc: denied { kill } for comm="swapper/2" capability=5 scontext=u:r:kernel:s0 tcontext=u:r:kernel:s0 tclass=capability permissive=0
11-11 03:40:38.295 I/auditd ( 0): type=1400 audit(0.0:18154): avc: denied { kill } for comm="swapper/2" capability=5 scontext=u:r:kernel:s0 tcontext=u:r:kernel:s0 tclass=capability permissive=0
11-11 03:40:38.456 I/sysui_multi_action( 1971): [757,207,758,2]
11-11 03:40:38.458 I/sysui_multi_action( 1971): [757,210,758,4,759,-1]
11-11 03:40:39.295 I/auditd ( 0): type=1400 audit(0.0:18155): avc: denied { kill } for comm="swapper/2" capability=5 scontext=u:r:kernel:s0 tcontext=u:r:kernel:s0 tclass=capability permissive=0
11-11 03:40:40.295 I/auditd ( 0): type=1400 audit(0.0:18156): avc: denied { kill } for comm="swapper/2" capability=5 scontext=u:r:kernel:s0 tcontext=u:r:kernel:s0 tclass=capability permissive=0
11-11 03:40:41.295 I/auditd ( 0): type=1400 audit(0.0:18157): avc: denied { kill } for comm="swapper/2" capability=5 scontext=u:r:kernel:s0 tcontext=u:r:kernel:s0 tclass=capability permissive=0
11-11 03:40:42.295 I/auditd ( 0): type=1400 audit(0.0:18158): avc: denied { kill } for comm="swapper/2" capability=5 scontext=u:r:kernel:s0 tcontext=u:r:kernel:s0 tclass=capability permissive=0
11-11 03:40:43.295 I/auditd ( 0): type=1400 audit(0.0:18159): avc: denied { kill } for comm="swapper/2" capability=5 scontext=u:r:kernel:s0 tcontext=u:r:kernel:s0 tclass=capability permissive=0
11-11 03:40:44.295 I/auditd ( 0): type=1400 audit(0.0:18160): avc: denied { kill } for comm="swapper/2" capability=5 scontext=u:r:kernel:s0 tcontext=u:r:kernel:s0 tclass=capability permissive=0
11-11 03:40:46.295 I/auditd ( 0): type=1400 audit(0.0:18161): avc: denied { kill } for comm="swapper/2" capability=5 scontext=u:r:kernel:s0 tcontext=u:r:kernel:s0 tclass=capability permissive=0
11-11 03:40:48.295 I/auditd ( 0): type=1400 audit(0.0:18162): avc: denied { kill } for comm="swapper/3" capability=5 scontext=u:r:kernel:s0 tcontext=u:r:kernel:s0 tclass=capability permissive=0
11-11 03:40:49.295 I/auditd ( 0): type=1400 audit(0.0:18163): avc: denied { kill } for comm="swapper/3" capability=5 scontext=u:r:kernel:s0 tcontext=u:r:kernel:s0 tclass=capability permissive=0
11-11 03:40:49.315 I/auditd (13529): type=1400 audit(0.0:18164): avc: denied { read } for comm="Thread-29" name="tcp" dev="proc" ino=4026532256 scontext=u:r:untrusted_app:s0:c103,c256,c512,c768 tcontext=u:object_r:proc_net_tcp_udp:s0 tclass=file permissive=0 app=tv.danmaku.bilibilihd
11-11 03:40:50.295 I/auditd ( 0): type=1400 audit(0.0:18165): avc: denied { kill } for comm="swapper/3" capability=5 scontext=u:r:kernel:s0 tcontext=u:r:kernel:s0 tclass=capability permissive=0
11-11 03:40:50.558 I/netstats_mobile_sample( 1491): [0,0,0,0,0,0,0,0,0,0,0,0,1668094850558]
11-11 03:40:50.559 I/netstats_wifi_sample( 1491): [2130409582,1954510,207316911,985013,2130409582,1954510,207316911,985013,2492260465,2468319,137752501,858847,1668094850558]
11-11 03:40:50.563 I/service_manager_stats( 1491): [100,65,35451]
11-11 03:40:51.295 I/auditd ( 0): type=1400 audit(0.0:18166): avc: denied { kill } for comm="swapper/3" capability=5 scontext=u:r:kernel:s0 tcontext=u:r:kernel:s0 tclass=capability permissive=0
11-11 03:40:52.295 I/auditd ( 0): type=1400 audit(0.0:18167): avc: denied { kill } for comm="swapper/3" capability=5 scontext=u:r:kernel:s0 tcontext=u:r:kernel:s0 tclass=capability permissive=0
11-11 03:40:54.295 I/auditd ( 0): type=1400 audit(0.0:18168): avc: denied { kill } for comm="swapper/3" capability=5 scontext=u:r:kernel:s0 tcontext=u:r:kernel:s0 tclass=capability permissive=0
11-11 03:40:55.295 I/auditd ( 0): type=1400 audit(0.0:18169): avc: denied { kill } for comm="swapper/3" capability=5 scontext=u:r:kernel:s0 tcontext=u:r:kernel:s0 tclass=capability permissive=0
11-11 03:40:56.295 I/auditd ( 0): type=1400 audit(0.0:18170): avc: denied { kill } for comm="swapper/3" capability=5 scontext=u:r:kernel:s0 tcontext=u:r:kernel:s0 tclass=capability permissive=0
11-11 03:40:57.295 I/auditd ( 0): type=1400 audit(0.0:18171): avc: denied { kill } for comm="swapper/3" capability=5 scontext=u:r:kernel:s0 tcontext=u:r:kernel:s0 tclass=capability permissive=0
11-11 03:40:58.295 I/auditd ( 0): type=1400 audit(0.0:18172): avc: denied { kill } for comm="swapper/3" capability=5 scontext=u:r:kernel:s0 tcontext=u:r:kernel:s0 tclass=capability permissive=0
11-11 03:40:59.295 I/auditd ( 0): type=1400 audit(0.0:18173): avc: denied { kill } for comm="swapper/3" capability=5 scontext=u:r:kernel:s0 tcontext=u:r:kernel:s0 tclass=capability permissive=0
11-11 03:41:00.295 I/auditd ( 0): type=1400 audit(0.0:18174): avc: denied { kill } for comm="swapper/3" capability=5 scontext=u:r:kernel:s0 tcontext=u:r:kernel:s0 tclass=capability permissive=0
11-11 03:41:01.295 I/auditd ( 0): type=1400 audit(0.0:18175): avc: denied { kill } for comm="swapper/3" capability=5 scontext=u:r:kernel:s0 tcontext=u:r:kernel:s0 tclass=capability permissive=0
11-11 03:41:03.295 I/auditd ( 0): type=1400 audit(0.0:18176): avc: denied { kill } for comm="swapper/3" capability=5 scontext=u:r:kernel:s0 tcontext=u:r:kernel:s0 tclass=capability permissive=0
11-11 03:41:04.295 I/auditd ( 0): type=1400 audit(0.0:18177): avc: denied { kill } for comm="swapper/3" capability=5 scontext=u:r:kernel:s0 tcontext=u:r:kernel:s0 tclass=capability permissive=0
11-11 03:41:05.295 I/auditd ( 0): type=1400 audit(0.0:18178): avc: denied { kill } for comm="swapper/3" capability=5 scontext=u:r:kernel:s0 tcontext=u:r:kernel:s0 tclass=capability permissive=0
11-11 03:41:06.295 I/auditd ( 0): type=1400 audit(0.0:18179): avc: denied { kill } for comm="swapper/3" capability=5 scontext=u:r:kernel:s0 tcontext=u:r:kernel:s0 tclass=capability permissive=0
11-11 03:41:07.295 I/auditd ( 0): type=1400 audit(0.0:18180): avc: denied { kill } for comm="swapper/3" capability=5 scontext=u:r:kernel:s0 tcontext=u:r:kernel:s0 tclass=capability permissive=0
11-11 03:41:08.295 I/auditd ( 0): type=1400 audit(0.0:18181): avc: denied { kill } for comm="swapper/3" capability=5 scontext=u:r:kernel:s0 tcontext=u:r:kernel:s0 tclass=capability permissive=0
11-11 03:41:09.295 I/auditd ( 0): type=1400 audit(0.0:18182): avc: denied { kill } for comm="swapper/3" capability=5 scontext=u:r:kernel:s0 tcontext=u:r:kernel:s0 tclass=capability permissive=0
11-11 03:41:11.295 I/auditd ( 0): type=1400 audit(0.0:18183): avc: denied { kill } for comm="swapper/3" capability=5 scontext=u:r:kernel:s0 tcontext=u:r:kernel:s0 tclass=capability permissive=0
11-11 03:41:12.295 I/auditd ( 0): type=1400 audit(0.0:18184): avc: denied { kill } for comm="swapper/3" capability=5 scontext=u:r:kernel:s0 tcontext=u:r:kernel:s0 tclass=capability permissive=0
11-11 03:41:14.295 I/auditd ( 0): type=1400 audit(0.0:18185): avc: denied { kill } for comm="swapper/3" capability=5 scontext=u:r:kernel:s0 tcontext=u:r:kernel:s0 tclass=capability permissive=0
11-11 03:41:15.295 I/auditd ( 0): type=1400 audit(0.0:18186): avc: denied { kill } for comm="swapper/3" capability=5 scontext=u:r:kernel:s0 tcontext=u:r:kernel:s0 tclass=capability permissive=0
11-11 03:41:16.295 I/auditd ( 0): type=1400 audit(0.0:18187): avc: denied { kill } for comm="swapper/3" capability=5 scontext=u:r:kernel:s0 tcontext=u:r:kernel:s0 tclass=capability permissive=0
11-11 03:41:16.555 I/am_uid_idle( 1491): 10064
11-11 03:41:17.051 I/auditd (13536): type=1400 audit(0.0:18188): avc: denied { read } for comm=5468726561642D32202D2031333538 name="tcp" dev="proc" ino=4026532256 scontext=u:r:untrusted_app_29:s0:c99,c256,c512,c768 tcontext=u:object_r:proc_net_tcp_udp:s0 tclass=file permissive=0 app=com.smile.gifmaker
11-11 03:41:17.295 I/auditd ( 0): type=1400 audit(0.0:18189): avc: denied { kill } for comm="swapper/3" capability=5 scontext=u:r:kernel:s0 tcontext=u:r:kernel:s0 tclass=capability permissive=0
11-11 03:41:18.788 I/liblog ( 2872): 2
11-11 03:41:19.295 I/auditd ( 0): type=1400 audit(0.0:18190): avc: denied { kill } for comm="swapper/1" capability=5 scontext=u:r:kernel:s0 tcontext=u:r:kernel:s0 tclass=capability permissive=0
11-11 03:41:19.423 I/auditd (13529): type=1400 audit(0.0:18191): avc: denied { read } for comm="Thread-29" name="tcp" dev="proc" ino=4026532256 scontext=u:r:untrusted_app:s0:c103,c256,c512,c768 tcontext=u:object_r:proc_net_tcp_udp:s0 tclass=file permissive=0 app=tv.danmaku.bilibilihd
11-11 03:41:20.627 I/am_uid_idle( 1491): 10090
11-11 03:41:20.682 I/netstats_mobile_sample( 1491): [0,0,0,0,0,0,0,0,0,0,0,0,1668094880682]
11-11 03:41:20.682 I/netstats_wifi_sample( 1491): [2132046294,1958757,207939891,989688,2132046294,1958757,207939891,989688,2494964613,2475752,138205875,863135,1668094880682]
11-11 03:41:21.017 I/input_interaction( 1491): Interaction with: a00ca2d com.android.settings/com.android.settings.homepage.SettingsHomepageActivity (server), PointerEventDispatcher0 (server),
11-11 03:41:21.295 I/auditd ( 0): type=1400 audit(0.0:18192): avc: denied { kill } for comm="swapper/3" capability=5 scontext=u:r:kernel:s0 tcontext=u:r:kernel:s0 tclass=capability permissive=0
11-11 03:41:23.295 I/auditd ( 0): type=1400 audit(0.0:18193): avc: denied { kill } for comm="swapper/3" capability=5 scontext=u:r:kernel:s0 tcontext=u:r:kernel:s0 tclass=capability permissive=0
11-11 03:41:23.413 I/input_interaction( 1491): Interaction with: a00ca2d com.android.settings/com.android.settings.homepage.SettingsHomepageActivity (server), edge-swipe (server), swipe-up (server), PointerEventDispatcher0 (server),
11-11 03:41:24.295 I/auditd ( 0): type=1400 audit(0.0:18194): avc: denied { kill } for comm="swapper/3" capability=5 scontext=u:r:kernel:s0 tcontext=u:r:kernel:s0 tclass=capability permissive=0
11-11 03:41:25.295 I/auditd ( 0): type=1400 audit(0.0:18195): avc: denied { kill } for comm="swapper/3" capability=5 scontext=u:r:kernel:s0 tcontext=u:r:kernel:s0 tclass=capability permissive=0
11-11 03:41:26.295 I/auditd ( 0): type=1400 audit(0.0:18196): avc: denied { kill } for comm="swapper/3" capability=5 scontext=u:r:kernel:s0 tcontext=u:r:kernel:s0 tclass=capability permissive=0
11-11 03:41:27.295 I/auditd ( 0): type=1400 audit(0.0:18197): avc: denied { kill } for comm="swapper/3" capability=5 scontext=u:r:kernel:s0 tcontext=u:r:kernel:s0 tclass=capability permissive=0
11-11 03:41:28.123 I/auditd (15150): type=1400 audit(0.0:18198): avc: denied { read } for comm="aker:messagesdk" name="tcp" dev="proc" ino=4026532256 scontext=u:r:untrusted_app_29:s0:c99,c256,c512,c768 tcontext=u:object_r:proc_net_tcp_udp:s0 tclass=file permissive=0 app=com.smile.gifmaker
11-11 03:41:30.173 I/service_manager_stats( 1491): [100,81,39611]
11-11 03:41:30.757 I/am_uid_idle( 1491): 10095
11-11 03:41:31.295 I/auditd ( 0): type=1400 audit(0.0:18199): avc: denied { kill } for comm="swapper/0" capability=5 scontext=u:r:kernel:s0 tcontext=u:r:kernel:s0 tclass=capability permissive=0
11-11 03:41:32.295 I/auditd ( 0): type=1400 audit(0.0:18200): avc: denied { kill } for comm="swapper/0" capability=5 scontext=u:r:kernel:s0 tcontext=u:r:kernel:s0 tclass=capability permissive=0
11-11 03:41:33.295 I/auditd ( 0): type=1400 audit(0.0:18201): avc: denied { kill } for comm="swapper/0" capability=5 scontext=u:r:kernel:s0 tcontext=u:r:kernel:s0 tclass=capability permissive=0
11-11 03:41:34.295 I/auditd ( 0): type=1400 audit(0.0:18202): avc: denied { kill } for comm="swapper/0" capability=5 scontext=u:r:kernel:s0 tcontext=u:r:kernel:s0 tclass=capability permissive=0
11-11 03:41:35.295 I/auditd ( 0): type=1400 audit(0.0:18203): avc: denied { kill } for comm="swapper/0" capability=5 scontext=u:r:kernel:s0 tcontext=u:r:kernel:s0 tclass=capability permissive=0
11-11 03:41:36.295 I/auditd ( 9): type=1400 audit(0.0:18204): avc: denied { kill } for comm="ksoftirqd/0" capability=5 scontext=u:r:kernel:s0 tcontext=u:r:kernel:s0 tclass=capability permissive=0
11-11 03:41:37.295 I/auditd ( 0): type=1400 audit(0.0:18205): avc: denied { kill } for comm="swapper/0" capability=5 scontext=u:r:kernel:s0 tcontext=u:r:kernel:s0 tclass=capability permissive=0
11-11 03:41:39.295 I/auditd ( 0): type=1400 audit(0.0:18206): avc: denied { kill } for comm="swapper/1" capability=5 scontext=u:r:kernel:s0 tcontext=u:r:kernel:s0 tclass=capability permissive=0
11-11 03:41:40.295 I/auditd ( 0): type=1400 audit(0.0:18207): avc: denied { kill } for comm="swapper/1" capability=5 scontext=u:r:kernel:s0 tcontext=u:r:kernel:s0 tclass=capability permissive=0
11-11 03:41:41.295 I/auditd ( 0): type=1400 audit(0.0:18208): avc: denied { kill } for comm="swapper/1" capability=5 scontext=u:r:kernel:s0 tcontext=u:r:kernel:s0 tclass=capability permissive=0
11-11 03:41:43.295 I/auditd ( 0): type=1400 audit(0.0:18209): avc: denied { kill } for comm="swapper/3" capability=5 scontext=u:r:kernel:s0 tcontext=u:r:kernel:s0 tclass=capability permissive=0
11-11 03:41:44.295 I/auditd ( 0): type=1400 audit(0.0:18210): avc: denied { kill } for comm="swapper/3" capability=5 scontext=u:r:kernel:s0 tcontext=u:r:kernel:s0 tclass=capability permissive=0
11-11 03:41:45.295 I/auditd ( 0): type=1400 audit(0.0:18211): avc: denied { kill } for comm="swapper/3" capability=5 scontext=u:r:kernel:s0 tcontext=u:r:kernel:s0 tclass=capability permissive=0
11-11 03:41:46.295 I/auditd ( 0): type=1400 audit(0.0:18212): avc: denied { kill } for comm="swapper/3" capability=5 scontext=u:r:kernel:s0 tcontext=u:r:kernel:s0 tclass=capability permissive=0
11-11 03:41:47.295 I/auditd ( 0): type=1400 audit(0.0:18213): avc: denied { kill } for comm="swapper/3" capability=5 scontext=u:r:kernel:s0 tcontext=u:r:kernel:s0 tclass=capability permissive=0
11-11 03:41:48.295 I/auditd ( 0): type=1400 audit(0.0:18214): avc: denied { kill } for comm="swapper/3" capability=5 scontext=u:r:kernel:s0 tcontext=u:r:kernel:s0 tclass=capability permissive=0
11-11 03:41:49.295 I/auditd ( 0): type=1400 audit(0.0:18215): avc: denied { kill } for comm="swapper/3" capability=5 scontext=u:r:kernel:s0 tcontext=u:r:kernel:s0 tclass=capability permissive=0
11-11 03:41:49.519 I/auditd (13529): type=1400 audit(0.0:18216): avc: denied { read } for comm="Thread-29" name="tcp" dev="proc" ino=4026532256 scontext=u:r:untrusted_app:s0:c103,c256,c512,c768 tcontext=u:object_r:proc_net_tcp_udp:s0 tclass=file permissive=0 app=tv.danmaku.bilibilihd
11-11 03:41:50.295 I/auditd ( 0): type=1400 audit(0.0:18217): avc: denied { kill } for comm="swapper/3" capability=5 scontext=u:r:kernel:s0 tcontext=u:r:kernel:s0 tclass=capability permissive=0
11-11 03:41:51.295 I/auditd ( 0): type=1400 audit(0.0:18218): avc: denied { kill } for comm="swapper/3" capability=5 scontext=u:r:kernel:s0 tcontext=u:r:kernel:s0 tclass=capability permissive=0
11-11 03:41:52.295 I/auditd ( 0): type=1400 audit(0.0:18219): avc: denied { kill } for comm="swapper/3" capability=5 scontext=u:r:kernel:s0 tcontext=u:r:kernel:s0 tclass=capability permissive=0
11-11 03:41:52.959 I/am_pss ( 1491): [13484,1000,com.android.settings,168008704,158773248,38912,286629888,0,2,23]
11-11 03:41:53.295 I/auditd ( 0): type=1400 audit(0.0:18220): avc: denied { kill } for comm="swapper/3" capability=5 scontext=u:r:kernel:s0 tcontext=u:r:kernel:s0 tclass=capability permissive=0
11-11 03:41:55.295 I/auditd ( 0): type=1400 audit(0.0:18221): avc: denied { kill } for comm="swapper/3" capability=5 scontext=u:r:kernel:s0 tcontext=u:r:kernel:s0 tclass=capability permissive=0
11-11 03:41:56.295 I/auditd ( 0): type=1400 audit(0.0:18222): avc: denied { kill } for comm="swapper/3" capability=5 scontext=u:r:kernel:s0 tcontext=u:r:kernel:s0 tclass=capability permissive=0
11-11 03:41:57.295 I/auditd ( 0): type=1400 audit(0.0:18223): avc: denied { kill } for comm="swapper/3" capability=5 scontext=u:r:kernel:s0 tcontext=u:r:kernel:s0 tclass=capability permissive=0
11-11 03:41:58.295 I/auditd ( 8575): type=1400 audit(0.0:18224): avc: denied { kill } for comm="kworker/u17:5" capability=5 scontext=u:r:kernel:s0 tcontext=u:r:kernel:s0 tclass=capability permissive=0
11-11 03:41:59.295 I/auditd ( 0): type=1400 audit(0.0:18225): avc: denied { kill } for comm="swapper/3" capability=5 scontext=u:r:kernel:s0 tcontext=u:r:kernel:s0 tclass=capability permissive=0
11-11 03:42:00.295 I/auditd ( 0): type=1400 audit(0.0:18226): avc: denied { kill } for comm="swapper/3" capability=5 scontext=u:r:kernel:s0 tcontext=u:r:kernel:s0 tclass=capability permissive=0
11-11 03:42:01.295 I/auditd ( 0): type=1400 audit(0.0:18227): avc: denied { kill } for comm="swapper/3" capability=5 scontext=u:r:kernel:s0 tcontext=u:r:kernel:s0 tclass=capability permissive=0
11-11 03:42:02.295 I/auditd ( 0): type=1400 audit(0.0:18228): avc: denied { kill } for comm="swapper/3" capability=5 scontext=u:r:kernel:s0 tcontext=u:r:kernel:s0 tclass=capability permissive=0
11-11 03:42:03.299 I/auditd ( 0): type=1400 audit(0.0:18229): avc: denied { kill } for comm="swapper/3" capability=5 scontext=u:r:kernel:s0 tcontext=u:r:kernel:s0 tclass=capability permissive=0
11-11 03:42:04.295 I/auditd ( 0): type=1400 audit(0.0:18230): avc: denied { kill } for comm="swapper/3" capability=5 scontext=u:r:kernel:s0 tcontext=u:r:kernel:s0 tclass=capability permissive=0
11-11 03:42:05.299 I/auditd ( 0): type=1400 audit(0.0:18231): avc: denied { kill } for comm="swapper/3" capability=5 scontext=u:r:kernel:s0 tcontext=u:r:kernel:s0 tclass=capability permissive=0
11-11 03:42:06.295 I/auditd ( 0): type=1400 audit(0.0:18232): avc: denied { kill } for comm="swapper/3" capability=5 scontext=u:r:kernel:s0 tcontext=u:r:kernel:s0 tclass=capability permissive=0
11-11 03:42:07.295 I/auditd ( 0): type=1400 audit(0.0:18233): avc: denied { kill } for comm="swapper/3" capability=5 scontext=u:r:kernel:s0 tcontext=u:r:kernel:s0 tclass=capability permissive=0
11-11 03:42:08.295 I/auditd ( 0): type=1400 audit(0.0:18234): avc: denied { kill } for comm="swapper/3" capability=5 scontext=u:r:kernel:s0 tcontext=u:r:kernel:s0 tclass=capability permissive=0
11-11 03:42:09.295 I/auditd ( 0): type=1400 audit(0.0:18235): avc: denied { kill } for comm="swapper/3" capability=5 scontext=u:r:kernel:s0 tcontext=u:r:kernel:s0 tclass=capability permissive=0
11-11 03:42:11.295 I/auditd ( 0): type=1400 audit(0.0:18236): avc: denied { kill } for comm="swapper/3" capability=5 scontext=u:r:kernel:s0 tcontext=u:r:kernel:s0 tclass=capability permissive=0
11-11 03:42:12.295 I/auditd ( 0): type=1400 audit(0.0:18237): avc: denied { kill } for comm="swapper/3" capability=5 scontext=u:r:kernel:s0 tcontext=u:r:kernel:s0 tclass=capability permissive=0
11-11 03:42:13.295 I/auditd ( 0): type=1400 audit(0.0:18238): avc: denied { kill } for comm="swapper/3" capability=5 scontext=u:r:kernel:s0 tcontext=u:r:kernel:s0 tclass=capability permissive=0
11-11 03:42:14.019 I/netstats_mobile_sample( 1491): [0,0,0,0,0,0,0,0,0,0,0,0,1668094934019]
11-11 03:42:14.020 I/netstats_wifi_sample( 1491): [2133383919,1961517,208642934,992215,2133383919,1961517,208642934,992215,2497614598,2481607,138608399,864990,1668094934019]
11-11 03:42:14.295 I/auditd ( 0): type=1400 audit(0.0:18239): avc: denied { kill } for comm="swapper/3" capability=5 scontext=u:r:kernel:s0 tcontext=u:r:kernel:s0 tclass=capability permissive=0
11-11 03:42:15.295 I/auditd ( 0): type=1400 audit(0.0:18240): avc: denied { kill } for comm="swapper/3" capability=5 scontext=u:r:kernel:s0 tcontext=u:r:kernel:s0 tclass=capability permissive=0
11-11 03:42:17.059 I/auditd (13536): type=1400 audit(0.0:18241): avc: denied { read } for comm=5468726561642D32202D2031333538 name="tcp" dev="proc" ino=4026532256 scontext=u:r:untrusted_app_29:s0:c99,c256,c512,c768 tcontext=u:object_r:proc_net_tcp_udp:s0 tclass=file permissive=0 app=com.smile.gifmaker
11-11 03:42:17.295 I/auditd ( 0): type=1400 audit(0.0:18242): avc: denied { kill } for comm="swapper/3" capability=5 scontext=u:r:kernel:s0 tcontext=u:r:kernel:s0 tclass=capability permissive=0
11-11 03:42:18.295 I/auditd ( 0): type=1400 audit(0.0:18243): avc: denied { kill } for comm="swapper/3" capability=5 scontext=u:r:kernel:s0 tcontext=u:r:kernel:s0 tclass=capability permissive=0
11-11 03:42:19.295 I/auditd ( 0): type=1400 audit(0.0:18244): avc: denied { kill } for comm="swapper/3" capability=5 scontext=u:r:kernel:s0 tcontext=u:r:kernel:s0 tclass=capability permissive=0
11-11 03:42:19.607 I/auditd (13529): type=1400 audit(0.0:18245): avc: denied { read } for comm="Thread-29" name="tcp" dev="proc" ino=4026532256 scontext=u:r:untrusted_app:s0:c103,c256,c512,c768 tcontext=u:object_r:proc_net_tcp_udp:s0 tclass=file permissive=0 app=tv.danmaku.bilibilihd
11-11 03:42:20.295 I/auditd ( 0): type=1400 audit(0.0:18246): avc: denied { kill } for comm="swapper/3" capability=5 scontext=u:r:kernel:s0 tcontext=u:r:kernel:s0 tclass=capability permissive=0
11-11 03:42:21.295 I/auditd ( 0): type=1400 audit(0.0:18247): avc: denied { kill } for comm="swapper/3" capability=5 scontext=u:r:kernel:s0 tcontext=u:r:kernel:s0 tclass=capability permissive=0
11-11 03:42:22.295 I/auditd ( 0): type=1400 audit(0.0:18248): avc: denied { kill } for comm="swapper/3" capability=5 scontext=u:r:kernel:s0 tcontext=u:r:kernel:s0 tclass=capability permissive=0
11-11 03:42:23.299 I/auditd ( 0): type=1400 audit(0.0:18249): avc: denied { kill } for comm="swapper/3" capability=5 scontext=u:r:kernel:s0 tcontext=u:r:kernel:s0 tclass=capability permissive=0
11-11 03:42:24.295 I/auditd ( 0): type=1400 audit(0.0:18250): avc: denied { kill } for comm="swapper/3" capability=5 scontext=u:r:kernel:s0 tcontext=u:r:kernel:s0 tclass=capability permissive=0
11-11 03:42:24.822 I/sysui_multi_action( 1491): [757,1696,758,6,759,2]
11-11 03:42:24.825 I/am_wtf ( 1491): [0,1491,system_server,-1,DisplayDeviceConfig,requesting nits when no mapping exists.]
11-11 03:42:24.833 I/am_wtf ( 1491): [0,1491,system_server,-1,DisplayDeviceConfig,requesting nits when no mapping exists.]
11-11 03:42:24.840 I/am_wtf ( 1491): [0,1491,system_server,-1,DisplayDeviceConfig,requesting nits when no mapping exists.]
11-11 03:42:24.842 I/am_wtf ( 1491): [0,1491,system_server,-1,DisplayDeviceConfig,requesting nits when no mapping exists.]
11-11 03:42:24.856 I/am_wtf ( 1491): [0,1491,system_server,-1,DisplayDeviceConfig,requesting nits when no mapping exists.]
11-11 03:42:24.858 I/am_wtf ( 1491): [0,1491,system_server,-1,DisplayDeviceConfig,requesting nits when no mapping exists.]
11-11 03:42:24.866 I/am_wtf ( 1491): [0,1491,system_server,-1,DisplayDeviceConfig,requesting nits when no mapping exists.]
11-11 03:42:24.867 I/am_wtf ( 1491): [0,1491,system_server,-1,DisplayDeviceConfig,requesting nits when no mapping exists.]
11-11 03:42:24.882 I/am_wtf ( 1491): [0,1491,system_server,-1,DisplayDeviceConfig,requesting nits when no mapping exists.]
11-11 03:42:24.883 I/am_wtf ( 1491): [0,1491,system_server,-1,DisplayDeviceConfig,requesting nits when no mapping exists.]
11-11 03:42:24.900 I/am_wtf ( 1491): [0,1491,system_server,-1,DisplayDeviceConfig,requesting nits when no mapping exists.]
11-11 03:42:24.901 I/am_wtf ( 1491): [0,1491,system_server,-1,DisplayDeviceConfig,requesting nits when no mapping exists.]
11-11 03:42:24.916 I/am_wtf ( 1491): [0,1491,system_server,-1,DisplayDeviceConfig,requesting nits when no mapping exists.]
11-11 03:42:24.916 I/am_wtf ( 1491): [0,1491,system_server,-1,DisplayDeviceConfig,requesting nits when no mapping exists.]
11-11 03:42:24.933 I/am_wtf ( 1491): [0,1491,system_server,-1,DisplayDeviceConfig,requesting nits when no mapping exists.]
11-11 03:42:24.937 I/am_wtf ( 1491): [0,1491,system_server,-1,DisplayDeviceConfig,requesting nits when no mapping exists.]
11-11 03:42:24.949 I/am_wtf ( 1491): [0,1491,system_server,-1,DisplayDeviceConfig,requesting nits when no mapping exists.]
11-11 03:42:24.950 I/am_wtf ( 1491): [0,1491,system_server,-1,DisplayDeviceConfig,requesting nits when no mapping exists.]
11-11 03:42:24.966 I/am_wtf ( 1491): [0,1491,system_server,-1,DisplayDeviceConfig,requesting nits when no mapping exists.]
11-11 03:42:24.966 I/am_wtf ( 1491): [0,1491,system_server,-1,DisplayDeviceConfig,requesting nits when no mapping exists.]
11-11 03:42:24.983 I/am_wtf ( 1491): [0,1491,system_server,-1,DisplayDeviceConfig,requesting nits when no mapping exists.]
11-11 03:42:24.984 I/am_wtf ( 1491): [0,1491,system_server,-1,DisplayDeviceConfig,requesting nits when no mapping exists.]
11-11 03:42:25.000 I/am_wtf ( 1491): [0,1491,system_server,-1,DisplayDeviceConfig,requesting nits when no mapping exists.]
11-11 03:42:25.000 I/am_wtf ( 1491): [0,1491,system_server,-1,DisplayDeviceConfig,requesting nits when no mapping exists.]
11-11 03:42:25.016 I/am_wtf ( 1491): [0,1491,system_server,-1,DisplayDeviceConfig,requesting nits when no mapping exists.]
11-11 03:42:25.017 I/am_wtf ( 1491): [0,1491,system_server,-1,DisplayDeviceConfig,requesting nits when no mapping exists.]
11-11 03:42:25.033 I/am_wtf ( 1491): [0,1491,system_server,-1,DisplayDeviceConfig,requesting nits when no mapping exists.]
11-11 03:42:25.034 I/am_wtf ( 1491): [0,1491,system_server,-1,DisplayDeviceConfig,requesting nits when no mapping exists.]
11-11 03:42:25.050 I/am_wtf ( 1491): [0,1491,system_server,-1,DisplayDeviceConfig,requesting nits when no mapping exists.]
11-11 03:42:25.051 I/am_wtf ( 1491): [0,1491,system_server,-1,DisplayDeviceConfig,requesting nits when no mapping exists.]
11-11 03:42:25.066 I/am_wtf ( 1491): [0,1491,system_server,-1,DisplayDeviceConfig,requesting nits when no mapping exists.]
11-11 03:42:25.067 I/am_wtf ( 1491): [0,1491,system_server,-1,DisplayDeviceConfig,requesting nits when no mapping exists.]
11-11 03:42:25.084 I/am_wtf ( 1491): [0,1491,system_server,-1,DisplayDeviceConfig,requesting nits when no mapping exists.]
11-11 03:42:25.085 I/am_wtf ( 1491): [0,1491,system_server,-1,DisplayDeviceConfig,requesting nits when no mapping exists.]
11-11 03:42:25.100 I/am_wtf ( 1491): [0,1491,system_server,-1,DisplayDeviceConfig,requesting nits when no mapping exists.]
11-11 03:42:25.102 I/am_wtf ( 1491): [0,1491,system_server,-1,DisplayDeviceConfig,requesting nits when no mapping exists.]
11-11 03:42:25.117 I/am_wtf ( 1491): [0,1491,system_server,-1,DisplayDeviceConfig,requesting nits when no mapping exists.]
11-11 03:42:25.118 I/am_wtf ( 1491): [0,1491,system_server,-1,DisplayDeviceConfig,requesting nits when no mapping exists.]
11-11 03:42:25.133 I/am_wtf ( 1491): [0,1491,system_server,-1,DisplayDeviceConfig,requesting nits when no mapping exists.]
11-11 03:42:25.134 I/am_wtf ( 1491): [0,1491,system_server,-1,DisplayDeviceConfig,requesting nits when no mapping exists.]
11-11 03:42:25.150 I/am_wtf ( 1491): [0,1491,system_server,-1,DisplayDeviceConfig,requesting nits when no mapping exists.]
11-11 03:42:25.151 I/am_wtf ( 1491): [0,1491,system_server,-1,DisplayDeviceConfig,requesting nits when no mapping exists.]
11-11 03:42:25.168 I/am_wtf ( 1491): [0,1491,system_server,-1,DisplayDeviceConfig,requesting nits when no mapping exists.]
11-11 03:42:25.169 I/am_wtf ( 1491): [0,1491,system_server,-1,DisplayDeviceConfig,requesting nits when no mapping exists.]
11-11 03:42:25.184 I/am_wtf ( 1491): [0,1491,system_server,-1,DisplayDeviceConfig,requesting nits when no mapping exists.]
11-11 03:42:25.186 I/am_wtf ( 1491): [0,1491,system_server,-1,DisplayDeviceConfig,requesting nits when no mapping exists.]
