11-11 03:25:34.295 I/auditd ( 0): type=1400 audit(0.0:16640): avc: denied { kill } for comm="swapper/1" capability=5 scontext=u:r:kernel:s0 tcontext=u:r:kernel:s0 tclass=capability permissive=0
11-11 03:25:35.295 I/auditd ( 0): type=1400 audit(0.0:16641): avc: denied { kill } for comm="swapper/1" capability=5 scontext=u:r:kernel:s0 tcontext=u:r:kernel:s0 tclass=capability permissive=0
11-11 03:25:37.295 I/auditd ( 0): type=1400 audit(0.0:16642): avc: denied { kill } for comm="swapper/1" capability=5 scontext=u:r:kernel:s0 tcontext=u:r:kernel:s0 tclass=capability permissive=0
11-11 03:25:38.295 I/auditd ( 0): type=1400 audit(0.0:16643): avc: denied { kill } for comm="swapper/1" capability=5 scontext=u:r:kernel:s0 tcontext=u:r:kernel:s0 tclass=capability permissive=0
11-11 03:25:39.295 I/auditd ( 0): type=1400 audit(0.0:16644): avc: denied { kill } for comm="swapper/1" capability=5 scontext=u:r:kernel:s0 tcontext=u:r:kernel:s0 tclass=capability permissive=0
11-11 03:25:40.295 I/auditd ( 0): type=1400 audit(0.0:16645): avc: denied { kill } for comm="swapper/1" capability=5 scontext=u:r:kernel:s0 tcontext=u:r:kernel:s0 tclass=capability permissive=0
11-11 03:25:41.295 I/auditd ( 0): type=1400 audit(0.0:16646): avc: denied { kill } for comm="swapper/1" capability=5 scontext=u:r:kernel:s0 tcontext=u:r:kernel:s0 tclass=capability permissive=0
11-11 03:25:42.295 I/auditd ( 0): type=1400 audit(0.0:16647): avc: denied { kill } for comm="swapper/1" capability=5 scontext=u:r:kernel:s0 tcontext=u:r:kernel:s0 tclass=capability permissive=0
11-11 03:25:43.295 I/auditd ( 0): type=1400 audit(0.0:16648): avc: denied { kill } for comm="swapper/1" capability=5 scontext=u:r:kernel:s0 tcontext=u:r:kernel:s0 tclass=capability permissive=0
11-11 03:25:44.295 I/auditd ( 0): type=1400 audit(0.0:16649): avc: denied { kill } for comm="swapper/1" capability=5 scontext=u:r:kernel:s0 tcontext=u:r:kernel:s0 tclass=capability permissive=0
11-11 03:25:45.295 I/auditd ( 0): type=1400 audit(0.0:16650): avc: denied { kill } for comm="swapper/1" capability=5 scontext=u:r:kernel:s0 tcontext=u:r:kernel:s0 tclass=capability permissive=0
11-11 03:25:47.295 I/auditd ( 0): type=1400 audit(0.0:16651): avc: denied { kill } for comm="swapper/2" capability=5 scontext=u:r:kernel:s0 tcontext=u:r:kernel:s0 tclass=capability permissive=0
11-11 03:25:48.295 I/auditd ( 0): type=1400 audit(0.0:16652): avc: denied { kill } for comm="swapper/2" capability=5 scontext=u:r:kernel:s0 tcontext=u:r:kernel:s0 tclass=capability permissive=0
11-11 03:25:49.295 I/auditd ( 0): type=1400 audit(0.0:16653): avc: denied { kill } for comm="swapper/2" capability=5 scontext=u:r:kernel:s0 tcontext=u:r:kernel:s0 tclass=capability permissive=0
11-11 03:25:50.295 I/auditd ( 0): type=1400 audit(0.0:16654): avc: denied { kill } for comm="swapper/2" capability=5 scontext=u:r:kernel:s0 tcontext=u:r:kernel:s0 tclass=capability permissive=0
11-11 03:25:50.903 I/auditd (23600): type=1400 audit(0.0:16655): avc: denied { read } for comm="cableThread" name="snmp" dev="proc" ino=4026532261 scontext=u:r:untrusted_app:s0:c101,c256,c512,c768 tcontext=u:object_r:proc_net:s0 tclass=file permissive=0 app=com.tencent.qqlive
11-11 03:25:52.295 I/auditd ( 0): type=1400 audit(0.0:16656): avc: denied { kill } for comm="swapper/0" capability=5 scontext=u:r:kernel:s0 tcontext=u:r:kernel:s0 tclass=capability permissive=0
11-11 03:25:53.295 I/auditd ( 0): type=1400 audit(0.0:16657): avc: denied { kill } for comm="swapper/0" capability=5 scontext=u:r:kernel:s0 tcontext=u:r:kernel:s0 tclass=capability permissive=0
11-11 03:25:54.295 I/auditd ( 0): type=1400 audit(0.0:16658): avc: denied { kill } for comm="swapper/0" capability=5 scontext=u:r:kernel:s0 tcontext=u:r:kernel:s0 tclass=capability permissive=0
11-11 03:25:54.753 I/commit_sys_config_file( 1491): [appops,12316117]
11-11 03:25:56.295 I/auditd ( 0): type=1400 audit(0.0:16659): avc: denied { kill } for comm="swapper/3" capability=5 scontext=u:r:kernel:s0 tcontext=u:r:kernel:s0 tclass=capability permissive=0
11-11 03:25:57.295 I/auditd ( 0): type=1400 audit(0.0:16660): avc: denied { kill } for comm="swapper/3" capability=5 scontext=u:r:kernel:s0 tcontext=u:r:kernel:s0 tclass=capability permissive=0
11-11 03:25:58.295 I/auditd ( 0): type=1400 audit(0.0:16661): avc: denied { kill } for comm="swapper/3" capability=5 scontext=u:r:kernel:s0 tcontext=u:r:kernel:s0 tclass=capability permissive=0
11-11 03:25:59.295 I/auditd ( 0): type=1400 audit(0.0:16662): avc: denied { kill } for comm="swapper/3" capability=5 scontext=u:r:kernel:s0 tcontext=u:r:kernel:s0 tclass=capability permissive=0
11-11 03:26:00.295 I/auditd ( 0): type=1400 audit(0.0:16663): avc: denied { kill } for comm="swapper/3" capability=5 scontext=u:r:kernel:s0 tcontext=u:r:kernel:s0 tclass=capability permissive=0
11-11 03:26:01.295 I/auditd ( 0): type=1400 audit(0.0:16664): avc: denied { kill } for comm="swapper/3" capability=5 scontext=u:r:kernel:s0 tcontext=u:r:kernel:s0 tclass=capability permissive=0
11-11 03:26:03.295 I/auditd ( 0): type=1400 audit(0.0:16665): avc: denied { kill } for comm="swapper/2" capability=5 scontext=u:r:kernel:s0 tcontext=u:r:kernel:s0 tclass=capability permissive=0
11-11 03:26:04.295 I/auditd ( 0): type=1400 audit(0.0:16666): avc: denied { kill } for comm="swapper/2" capability=5 scontext=u:r:kernel:s0 tcontext=u:r:kernel:s0 tclass=capability permissive=0
11-11 03:26:05.295 I/auditd ( 0): type=1400 audit(0.0:16667): avc: denied { kill } for comm="swapper/2" capability=5 scontext=u:r:kernel:s0 tcontext=u:r:kernel:s0 tclass=capability permissive=0
11-11 03:26:06.295 I/auditd ( 0): type=1400 audit(0.0:16668): avc: denied { kill } for comm="swapper/2" capability=5 scontext=u:r:kernel:s0 tcontext=u:r:kernel:s0 tclass=capability permissive=0
11-11 03:26:08.249 I/am_uid_idle( 1491): 10064
11-11 03:26:08.295 I/auditd ( 0): type=1400 audit(0.0:16669): avc: denied { kill } for comm="swapper/3" capability=5 scontext=u:r:kernel:s0 tcontext=u:r:kernel:s0 tclass=capability permissive=0
11-11 03:26:09.295 I/auditd ( 0): type=1400 audit(0.0:16670): avc: denied { kill } for comm="swapper/3" capability=5 scontext=u:r:kernel:s0 tcontext=u:r:kernel:s0 tclass=capability permissive=0
11-11 03:26:10.299 I/auditd ( 0): type=1400 audit(0.0:16671): avc: denied { kill } for comm="swapper/3" capability=5 scontext=u:r:kernel:s0 tcontext=u:r:kernel:s0 tclass=capability permissive=0
11-11 03:26:13.295 I/auditd ( 0): type=1400 audit(0.0:16672): avc: denied { kill } for comm="swapper/2" capability=5 scontext=u:r:kernel:s0 tcontext=u:r:kernel:s0 tclass=capability permissive=0
11-11 03:26:14.295 I/auditd ( 0): type=1400 audit(0.0:16673): avc: denied { kill } for comm="swapper/2" capability=5 scontext=u:r:kernel:s0 tcontext=u:r:kernel:s0 tclass=capability permissive=0
11-11 03:26:15.295 I/auditd ( 0): type=1400 audit(0.0:16674): avc: denied { kill } for comm="swapper/2" capability=5 scontext=u:r:kernel:s0 tcontext=u:r:kernel:s0 tclass=capability permissive=0
11-11 03:26:16.295 I/auditd ( 0): type=1400 audit(0.0:16675): avc: denied { kill } for comm="swapper/2" capability=5 scontext=u:r:kernel:s0 tcontext=u:r:kernel:s0 tclass=capability permissive=0
11-11 03:26:17.295 I/auditd ( 0): type=1400 audit(0.0:16676): avc: denied { kill } for comm="swapper/2" capability=5 scontext=u:r:kernel:s0 tcontext=u:r:kernel:s0 tclass=capability permissive=0
11-11 03:26:18.187 I/auditd (15661): type=1400 audit(0.0:16677): avc: denied { read } for comm=5468726561642D32202D2031333538 name="tcp" dev="proc" ino=4026532256 scontext=u:r:untrusted_app_29:s0:c99,c256,c512,c768 tcontext=u:object_r:proc_net_tcp_udp:s0 tclass=file permissive=0 app=com.smile.gifmaker
11-11 03:26:18.295 I/auditd ( 0): type=1400 audit(0.0:16678): avc: denied { kill } for comm="swapper/2" capability=5 scontext=u:r:kernel:s0 tcontext=u:r:kernel:s0 tclass=capability permissive=0
11-11 03:26:20.135 I/auditd (15940): type=1400 audit(0.0:16679): avc: denied { read } for comm="pool-2-thread-6" name="tcp" dev="proc" ino=4026532256 scontext=u:r:untrusted_app_29:s0:c99,c256,c512,c768 tcontext=u:object_r:proc_net_tcp_udp:s0 tclass=file permissive=0 app=com.smile.gifmaker
11-11 03:26:20.295 I/auditd ( 0): type=1400 audit(0.0:16680): avc: denied { kill } for comm="swapper/2" capability=5 scontext=u:r:kernel:s0 tcontext=u:r:kernel:s0 tclass=capability permissive=0
11-11 03:26:20.799 I/netstats_mobile_sample( 1491): [0,0,0,0,0,0,0,0,0,0,0,0,1668093980798]
11-11 03:26:20.799 I/netstats_wifi_sample( 1491): [1965604297,1800858,192231115,908348,1965604297,1800858,192231115,908348,2295690509,2265480,126275283,785345,1668093980798]
11-11 03:26:21.295 I/auditd ( 0): type=1400 audit(0.0:16681): avc: denied { kill } for comm="swapper/2" capability=5 scontext=u:r:kernel:s0 tcontext=u:r:kernel:s0 tclass=capability permissive=0
11-11 03:26:21.371 I/auditd (16116): type=1400 audit(0.0:16682): avc: denied { read } for comm="aker:messagesdk" name="tcp" dev="proc" ino=4026532256 scontext=u:r:untrusted_app_29:s0:c99,c256,c512,c768 tcontext=u:object_r:proc_net_tcp_udp:s0 tclass=file permissive=0 app=com.smile.gifmaker
11-11 03:26:23.295 I/auditd ( 0): type=1400 audit(0.0:16683): avc: denied { kill } for comm="swapper/0" capability=5 scontext=u:r:kernel:s0 tcontext=u:r:kernel:s0 tclass=capability permissive=0
11-11 03:26:24.295 I/auditd ( 0): type=1400 audit(0.0:16684): avc: denied { kill } for comm="swapper/0" capability=5 scontext=u:r:kernel:s0 tcontext=u:r:kernel:s0 tclass=capability permissive=0
11-11 03:26:25.295 I/auditd ( 0): type=1400 audit(0.0:16685): avc: denied { kill } for comm="swapper/0" capability=5 scontext=u:r:kernel:s0 tcontext=u:r:kernel:s0 tclass=capability permissive=0
11-11 03:26:26.295 I/auditd ( 0): type=1400 audit(0.0:16686): avc: denied { kill } for comm="swapper/0" capability=5 scontext=u:r:kernel:s0 tcontext=u:r:kernel:s0 tclass=capability permissive=0
11-11 03:26:27.295 I/auditd ( 0): type=1400 audit(0.0:16687): avc: denied { kill } for comm="swapper/0" capability=5 scontext=u:r:kernel:s0 tcontext=u:r:kernel:s0 tclass=capability permissive=0
11-11 03:26:28.299 I/auditd ( 0): type=1400 audit(0.0:16688): avc: denied { kill } for comm="swapper/0" capability=5 scontext=u:r:kernel:s0 tcontext=u:r:kernel:s0 tclass=capability permissive=0
11-11 03:26:29.295 I/auditd ( 0): type=1400 audit(0.0:16689): avc: denied { kill } for comm="swapper/0" capability=5 scontext=u:r:kernel:s0 tcontext=u:r:kernel:s0 tclass=capability permissive=0
11-11 03:26:30.295 I/auditd ( 0): type=1400 audit(0.0:16690): avc: denied { kill } for comm="swapper/0" capability=5 scontext=u:r:kernel:s0 tcontext=u:r:kernel:s0 tclass=capability permissive=0
11-11 03:26:31.295 I/auditd ( 0): type=1400 audit(0.0:16691): avc: denied { kill } for comm="swapper/0" capability=5 scontext=u:r:kernel:s0 tcontext=u:r:kernel:s0 tclass=capability permissive=0
11-11 03:26:32.295 I/auditd ( 0): type=1400 audit(0.0:16692): avc: denied { kill } for comm="swapper/0" capability=5 scontext=u:r:kernel:s0 tcontext=u:r:kernel:s0 tclass=capability permissive=0
11-11 03:26:33.295 I/auditd ( 0): type=1400 audit(0.0:16693): avc: denied { kill } for comm="swapper/0" capability=5 scontext=u:r:kernel:s0 tcontext=u:r:kernel:s0 tclass=capability permissive=0
11-11 03:26:34.295 I/auditd ( 0): type=1400 audit(0.0:16694): avc: denied { kill } for comm="swapper/0" capability=5 scontext=u:r:kernel:s0 tcontext=u:r:kernel:s0 tclass=capability permissive=0
11-11 03:26:35.295 I/auditd ( 0): type=1400 audit(0.0:16695): avc: denied { kill } for comm="swapper/0" capability=5 scontext=u:r:kernel:s0 tcontext=u:r:kernel:s0 tclass=capability permissive=0
11-11 03:26:37.295 I/auditd ( 0): type=1400 audit(0.0:16696): avc: denied { kill } for comm="swapper/3" capability=5 scontext=u:r:kernel:s0 tcontext=u:r:kernel:s0 tclass=capability permissive=0
11-11 03:26:38.295 I/auditd ( 0): type=1400 audit(0.0:16697): avc: denied { kill } for comm="swapper/3" capability=5 scontext=u:r:kernel:s0 tcontext=u:r:kernel:s0 tclass=capability permissive=0
11-11 03:26:39.295 I/auditd ( 0): type=1400 audit(0.0:16698): avc: denied { kill } for comm="swapper/3" capability=5 scontext=u:r:kernel:s0 tcontext=u:r:kernel:s0 tclass=capability permissive=0
11-11 03:26:40.295 I/auditd ( 0): type=1400 audit(0.0:16699): avc: denied { kill } for comm="swapper/3" capability=5 scontext=u:r:kernel:s0 tcontext=u:r:kernel:s0 tclass=capability permissive=0
11-11 03:26:41.295 I/auditd ( 0): type=1400 audit(0.0:16700): avc: denied { kill } for comm="swapper/3" capability=5 scontext=u:r:kernel:s0 tcontext=u:r:kernel:s0 tclass=capability permissive=0
11-11 03:26:42.295 I/auditd ( 0): type=1400 audit(0.0:16701): avc: denied { kill } for comm="swapper/3" capability=5 scontext=u:r:kernel:s0 tcontext=u:r:kernel:s0 tclass=capability permissive=0
11-11 03:26:43.295 I/auditd ( 0): type=1400 audit(0.0:16702): avc: denied { kill } for comm="swapper/3" capability=5 scontext=u:r:kernel:s0 tcontext=u:r:kernel:s0 tclass=capability permissive=0
11-11 03:26:44.295 I/auditd ( 0): type=1400 audit(0.0:16703): avc: denied { kill } for comm="swapper/3" capability=5 scontext=u:r:kernel:s0 tcontext=u:r:kernel:s0 tclass=capability permissive=0
11-11 03:26:45.295 I/auditd ( 0): type=1400 audit(0.0:16704): avc: denied { kill } for comm="swapper/3" capability=5 scontext=u:r:kernel:s0 tcontext=u:r:kernel:s0 tclass=capability permissive=0
11-11 03:26:46.295 I/auditd ( 0): type=1400 audit(0.0:16705): avc: denied { kill } for comm="swapper/3" capability=5 scontext=u:r:kernel:s0 tcontext=u:r:kernel:s0 tclass=capability permissive=0
11-11 03:26:47.295 I/auditd ( 0): type=1400 audit(0.0:16706): avc: denied { kill } for comm="swapper/0" capability=5 scontext=u:r:kernel:s0 tcontext=u:r:kernel:s0 tclass=capability permissive=0
11-11 03:26:48.295 I/auditd ( 0): type=1400 audit(0.0:16707): avc: denied { kill } for comm="swapper/0" capability=5 scontext=u:r:kernel:s0 tcontext=u:r:kernel:s0 tclass=capability permissive=0
11-11 03:26:49.295 I/auditd ( 0): type=1400 audit(0.0:16708): avc: denied { kill } for comm="swapper/0" capability=5 scontext=u:r:kernel:s0 tcontext=u:r:kernel:s0 tclass=capability permissive=0
11-11 03:26:50.295 I/auditd ( 0): type=1400 audit(0.0:16709): avc: denied { kill } for comm="swapper/0" capability=5 scontext=u:r:kernel:s0 tcontext=u:r:kernel:s0 tclass=capability permissive=0
11-11 03:26:51.295 I/auditd ( 0): type=1400 audit(0.0:16710): avc: denied { kill } for comm="swapper/0" capability=5 scontext=u:r:kernel:s0 tcontext=u:r:kernel:s0 tclass=capability permissive=0
11-11 03:26:53.239 I/auditd (23600): type=1400 audit(0.0:16711): avc: denied { read } for comm="cableThread" name="snmp" dev="proc" ino=4026532261 scontext=u:r:untrusted_app:s0:c101,c256,c512,c768 tcontext=u:object_r:proc_net:s0 tclass=file permissive=0 app=com.tencent.qqlive
11-11 03:26:54.295 I/auditd ( 0): type=1400 audit(0.0:16712): avc: denied { kill } for comm="swapper/2" capability=5 scontext=u:r:kernel:s0 tcontext=u:r:kernel:s0 tclass=capability permissive=0
11-11 03:26:55.295 I/auditd ( 0): type=1400 audit(0.0:16713): avc: denied { kill } for comm="swapper/2" capability=5 scontext=u:r:kernel:s0 tcontext=u:r:kernel:s0 tclass=capability permissive=0
11-11 03:26:56.295 I/auditd ( 0): type=1400 audit(0.0:16714): avc: denied { kill } for comm="swapper/2" capability=5 scontext=u:r:kernel:s0 tcontext=u:r:kernel:s0 tclass=capability permissive=0
11-11 03:26:57.295 I/auditd ( 0): type=1400 audit(0.0:16715): avc: denied { kill } for comm="swapper/2" capability=5 scontext=u:r:kernel:s0 tcontext=u:r:kernel:s0 tclass=capability permissive=0
11-11 03:26:58.295 I/auditd ( 0): type=1400 audit(0.0:16716): avc: denied { kill } for comm="swapper/2" capability=5 scontext=u:r:kernel:s0 tcontext=u:r:kernel:s0 tclass=capability permissive=0
11-11 03:26:59.295 I/auditd ( 0): type=1400 audit(0.0:16717): avc: denied { kill } for comm="swapper/2" capability=5 scontext=u:r:kernel:s0 tcontext=u:r:kernel:s0 tclass=capability permissive=0
11-11 03:27:00.295 I/auditd ( 0): type=1400 audit(0.0:16718): avc: denied { kill } for comm="swapper/2" capability=5 scontext=u:r:kernel:s0 tcontext=u:r:kernel:s0 tclass=capability permissive=0
11-11 03:27:01.295 I/auditd ( 0): type=1400 audit(0.0:16719): avc: denied { kill } for comm="swapper/2" capability=5 scontext=u:r:kernel:s0 tcontext=u:r:kernel:s0 tclass=capability permissive=0
11-11 03:27:02.295 I/auditd ( 0): type=1400 audit(0.0:16720): avc: denied { kill } for comm="swapper/2" capability=5 scontext=u:r:kernel:s0 tcontext=u:r:kernel:s0 tclass=capability permissive=0
11-11 03:27:03.295 I/auditd ( 0): type=1400 audit(0.0:16721): avc: denied { kill } for comm="swapper/2" capability=5 scontext=u:r:kernel:s0 tcontext=u:r:kernel:s0 tclass=capability permissive=0
11-11 03:27:04.295 I/auditd ( 0): type=1400 audit(0.0:16722): avc: denied { kill } for comm="swapper/2" capability=5 scontext=u:r:kernel:s0 tcontext=u:r:kernel:s0 tclass=capability permissive=0
11-11 03:27:06.295 I/auditd ( 0): type=1400 audit(0.0:16723): avc: denied { kill } for comm="swapper/0" capability=5 scontext=u:r:kernel:s0 tcontext=u:r:kernel:s0 tclass=capability permissive=0
11-11 03:27:08.295 I/auditd ( 0): type=1400 audit(0.0:16724): avc: denied { kill } for comm="swapper/2" capability=5 scontext=u:r:kernel:s0 tcontext=u:r:kernel:s0 tclass=capability permissive=0
11-11 03:27:09.295 I/auditd ( 0): type=1400 audit(0.0:16725): avc: denied { kill } for comm="swapper/2" capability=5 scontext=u:r:kernel:s0 tcontext=u:r:kernel:s0 tclass=capability permissive=0
11-11 03:27:10.295 I/auditd ( 0): type=1400 audit(0.0:16726): avc: denied { kill } for comm="swapper/2" capability=5 scontext=u:r:kernel:s0 tcontext=u:r:kernel:s0 tclass=capability permissive=0
11-11 03:27:11.295 I/auditd ( 0): type=1400 audit(0.0:16727): avc: denied { kill } for comm="swapper/2" capability=5 scontext=u:r:kernel:s0 tcontext=u:r:kernel:s0 tclass=capability permissive=0
11-11 03:27:12.295 I/auditd ( 0): type=1400 audit(0.0:16728): avc: denied { kill } for comm="swapper/2" capability=5 scontext=u:r:kernel:s0 tcontext=u:r:kernel:s0 tclass=capability permissive=0
11-11 03:27:14.295 I/auditd ( 0): type=1400 audit(0.0:16729): avc: denied { kill } for comm="swapper/1" capability=5 scontext=u:r:kernel:s0 tcontext=u:r:kernel:s0 tclass=capability permissive=0
11-11 03:27:15.295 I/auditd ( 0): type=1400 audit(0.0:16730): avc: denied { kill } for comm="swapper/1" capability=5 scontext=u:r:kernel:s0 tcontext=u:r:kernel:s0 tclass=capability permissive=0
11-11 03:27:16.295 I/auditd ( 0): type=1400 audit(0.0:16731): avc: denied { kill } for comm="swapper/1" capability=5 scontext=u:r:kernel:s0 tcontext=u:r:kernel:s0 tclass=capability permissive=0
11-11 03:27:17.295 I/auditd ( 0): type=1400 audit(0.0:16732): avc: denied { kill } for comm="swapper/1" capability=5 scontext=u:r:kernel:s0 tcontext=u:r:kernel:s0 tclass=capability permissive=0
11-11 03:27:18.227 I/auditd (15661): type=1400 audit(0.0:16733): avc: denied { read } for comm=5468726561642D32202D2031333538 name="tcp" dev="proc" ino=4026532256 scontext=u:r:untrusted_app_29:s0:c99,c256,c512,c768 tcontext=u:object_r:proc_net_tcp_udp:s0 tclass=file permissive=0 app=com.smile.gifmaker
11-11 03:27:18.295 I/auditd ( 0): type=1400 audit(0.0:16734): avc: denied { kill } for comm="swapper/1" capability=5 scontext=u:r:kernel:s0 tcontext=u:r:kernel:s0 tclass=capability permissive=0
11-11 03:27:19.295 I/auditd ( 0): type=1400 audit(0.0:16735): avc: denied { kill } for comm="swapper/1" capability=5 scontext=u:r:kernel:s0 tcontext=u:r:kernel:s0 tclass=capability permissive=0
11-11 03:27:20.167 I/auditd (15940): type=1400 audit(0.0:16736): avc: denied { read } for comm="pool-2-thread-6" name="tcp" dev="proc" ino=4026532256 scontext=u:r:untrusted_app_29:s0:c99,c256,c512,c768 tcontext=u:object_r:proc_net_tcp_udp:s0 tclass=file permissive=0 app=com.smile.gifmaker
11-11 03:27:21.411 I/auditd (16116): type=1400 audit(0.0:16737): avc: denied { read } for comm="aker:messagesdk" name="tcp" dev="proc" ino=4026532256 scontext=u:r:untrusted_app_29:s0:c99,c256,c512,c768 tcontext=u:object_r:proc_net_tcp_udp:s0 tclass=file permissive=0 app=com.smile.gifmaker
11-11 03:27:23.295 I/auditd ( 0): type=1400 audit(0.0:16738): avc: denied { kill } for comm="swapper/0" capability=5 scontext=u:r:kernel:s0 tcontext=u:r:kernel:s0 tclass=capability permissive=0
11-11 03:27:24.013 I/input_interaction( 1491): Interaction with: 1557d0f com.thundercomm.screensaver/android.service.dreams.DreamActivity (server), edge-swipe (server), swipe-up (server), PointerEventDispatcher0 (server),
11-11 03:27:24.017 I/wm_finish_activity( 1491): [0,194840755,134,com.thundercomm.screensaver/android.service.dreams.DreamActivity,finish-activity]
11-11 03:27:24.017 I/wm_task_moved( 1491): [1,1,15]
11-11 03:27:24.018 I/wm_task_moved( 1491): [90,1,2147483647]
11-11 03:27:24.018 I/wm_task_to_front( 1491): [0,90]
11-11 03:27:24.018 I/wm_focused_root_task( 1491): [0,0,1,134,finish-top adjustFocusToNextFocusableTask]
11-11 03:27:24.018 I/wm_set_resumed_activity( 1491): [0,com.android.launcher3/.uioverrides.QuickstepLauncher,finish-top adjustFocusToNextFocusableTask]
11-11 03:27:24.019 I/wm_pause_activity( 1491): [0,194840755,com.thundercomm.screensaver/android.service.dreams.DreamActivity,userLeaving=false,finish]
11-11 03:27:24.026 I/wm_on_top_resumed_lost_called( 5486): [194840755,android.service.dreams.DreamActivity,topStateChangedWhenResumed]
11-11 03:27:24.027 I/wm_on_paused_called( 5486): [194840755,android.service.dreams.DreamActivity,performPause]
11-11 03:27:24.028 I/wm_add_to_stopping( 1491): [0,194840755,com.thundercomm.screensaver/android.service.dreams.DreamActivity,completeFinishing]
11-11 03:27:24.031 I/wm_set_resumed_activity( 1491): [0,com.android.launcher3/.uioverrides.QuickstepLauncher,resumeTopActivityInnerLocked]
11-11 03:27:24.033 I/wm_resume_activity( 1491): [0,146330618,90,com.android.launcher3/.uioverrides.QuickstepLauncher]
11-11 03:27:24.036 I/wm_on_restart_called( 2490): [146330618,com.android.launcher3.uioverrides.QuickstepLauncher,performRestartActivity]
11-11 03:27:24.036 I/wm_on_start_called( 2490): [146330618,com.android.launcher3.uioverrides.QuickstepLauncher,handleStartActivity]
11-11 03:27:24.037 I/wm_on_resume_called( 2490): [146330618,com.android.launcher3.uioverrides.QuickstepLauncher,RESUME_ACTIVITY]
11-11 03:27:24.037 I/wm_on_top_resumed_gained_called( 2490): [146330618,com.android.launcher3.uioverrides.QuickstepLauncher,topWhenResuming]
11-11 03:27:24.037 I/sysui_multi_action( 1491): [757,803,799,window_time_0,802,141]
11-11 03:27:24.039 I/view_enqueue_input_event( 5486): [Motion - Cancel,com.thundercomm.screensaver/android.service.dreams.DreamActivity]
11-11 03:27:24.040 I/input_focus( 1491): [Focus leaving 1557d0f com.thundercomm.screensaver/android.service.dreams.DreamActivity (server),reason=NO_WINDOW]
11-11 03:27:24.040 I/input_interaction( 1491): Interaction with: edge-swipe (server), swipe-up (server), PointerEventDispatcher0 (server),
11-11 03:27:24.049 I/sysui_multi_action( 1491): [757,803,799,window_time_0,802,0]
11-11 03:27:24.049 I/input_focus( 1491): [Focus request 61dc244 com.android.launcher3/com.android.launcher3.uioverrides.QuickstepLauncher,reason=UpdateInputWindows]
11-11 03:27:24.068 I/am_uid_active( 1491): 10064
11-11 03:27:24.071 I/input_focus( 1491): [Focus entering 61dc244 com.android.launcher3/com.android.launcher3.uioverrides.QuickstepLauncher (server),reason=setFocusedWindow]
11-11 03:27:24.072 I/am_pss ( 1491): [4367,99005,com.android.webview:sandboxed_process0:org.chromium.content.app.SandboxedProcessService0:0,54368256,37343232,69632,154718208,0,4,9]
11-11 03:27:24.079 I/am_pss ( 1491): [9548,1000,com.qti.diagservices,8441856,5910528,48128,88379392,0,10,6]
11-11 03:27:24.303 I/wm_destroy_activity( 1491): [0,194840755,134,com.thundercomm.screensaver/android.service.dreams.DreamActivity,finish-imm:idle]
11-11 03:27:24.322 I/wm_on_stop_called( 5486): [194840755,android.service.dreams.DreamActivity,LIFECYCLER_STOP_ACTIVITY]
11-11 03:27:24.324 I/wm_on_destroy_called( 5486): [194840755,android.service.dreams.DreamActivity,performDestroy]
11-11 03:27:24.325 I/sysui_multi_action( 1491): [757,222,758,2]
11-11 03:27:24.326 I/sysui_multi_action( 1491): [757,804,799,dreaming_minutes,801,2,802,1]
11-11 03:27:24.332 I/wm_task_removed( 1491): [134,removeChild:removeChild last r=ActivityRecord{b9d08b3 u0 com.thundercomm.screensaver/android.service.dreams.DreamActivity t-1 f}} in t=Task{1a9d921 #134 type=dream A=10051:android:com.thundercomm.screensaver/dream U=0 visible=false mode=fullscreen translucent=true sz=0}]
11-11 03:27:24.332 I/wm_task_removed( 1491): [134,removeChild]
11-11 03:27:26.295 I/auditd ( 0): type=1400 audit(0.0:16739): avc: denied { kill } for comm="swapper/2" capability=5 scontext=u:r:kernel:s0 tcontext=u:r:kernel:s0 tclass=capability permissive=0
11-11 03:27:27.295 I/auditd ( 0): type=1400 audit(0.0:16740): avc: denied { kill } for comm="swapper/2" capability=5 scontext=u:r:kernel:s0 tcontext=u:r:kernel:s0 tclass=capability permissive=0
11-11 03:27:28.295 I/auditd ( 0): type=1400 audit(0.0:16741): avc: denied { kill } for comm="swapper/2" capability=5 scontext=u:r:kernel:s0 tcontext=u:r:kernel:s0 tclass=capability permissive=0
11-11 03:27:30.295 I/auditd ( 0): type=1400 audit(0.0:16742): avc: denied { kill } for comm="swapper/1" capability=5 scontext=u:r:kernel:s0 tcontext=u:r:kernel:s0 tclass=capability permissive=0
11-11 03:27:30.739 I/input_interaction( 1491): Interaction with: 61dc244 com.android.launcher3/com.android.launcher3.uioverrides.QuickstepLauncher (server), c2fbbf0 com.android.systemui.ImageWallpaper (server), edge-swipe (server), swipe-up (server), PointerEventDispatcher0 (server),
11-11 03:27:30.872 I/sysui_multi_action( 1491): [757,127,758,1]
11-11 03:27:30.872 I/sysui_multi_action( 1491): [757,804,799,note_load,801,2,802,1]
11-11 03:27:30.872 I/notification_panel_revealed( 1491): 2
11-11 03:27:30.876 I/sysui_multi_action( 1491): [757,128,758,1,793,424839583,794,0,795,424839583,796,26,798,0,806,android,857,DEVELOPER_IMPORTANT,858,4,947,0,1395,2,1500,424839334,1688,1]
11-11 03:27:30.877 I/sysui_multi_action( 1491): [757,804,799,note_freshness,801,424839583,802,1]
11-11 03:27:30.877 I/notification_visibility( 1491): [-1|android|26|null|1000,1,424839583,424839583,0,0]
11-11 03:27:30.877 I/sysui_multi_action( 1491): [757,128,758,1,793,424840165,794,0,795,424840165,796,32,798,1,806,android,857,USB,858,1,947,0,1395,2,1500,424839906,1688,1]
11-11 03:27:30.877 I/sysui_multi_action( 1491): [757,804,799,note_freshness,801,424840165,802,1]
11-11 03:27:30.878 I/notification_visibility( 1491): [-1|android|32|null|1000,1,424840165,424840165,0,1]
11-11 03:27:30.890 I/input_focus( 1491): [Focus request 4ae03d4 NotificationShade,reason=UpdateInputWindows]
11-11 03:27:30.918 I/input_focus( 1491): [Focus leaving 61dc244 com.android.launcher3/com.android.launcher3.uioverrides.QuickstepLauncher (server),reason=setFocusedWindow]
11-11 03:27:30.918 I/input_focus( 1491): [Focus entering 4ae03d4 NotificationShade (server),reason=setFocusedWindow]
11-11 03:27:30.926 I/input_interaction( 1491): Interaction with: 61dc244 com.android.launcher3/com.android.launcher3.uioverrides.QuickstepLauncher (server), c2fbbf0 com.android.systemui.ImageWallpaper (server), 4ae03d4 NotificationShade (server), edge-swipe (server), swipe-up (server), PointerEventDispatcher0 (server),
11-11 03:27:30.926 I/view_enqueue_input_event( 2490): [Motion - Cancel,com.android.launcher3/com.android.launcher3.uioverrides.QuickstepLauncher]
11-11 03:27:30.928 I/sysui_multi_action( 1971): [757,803,799,panel_open,802,1]
11-11 03:27:30.929 I/sysui_multi_action( 1971): [757,1328,758,4,1326,23,1327,84,1329,0]
11-11 03:27:30.940 I/input_interaction( 1491): Interaction with: c2fbbf0 com.android.systemui.ImageWallpaper (server), 4ae03d4 NotificationShade (server), edge-swipe (server), swipe-up (server), PointerEventDispatcher0 (server),
11-11 03:27:31.295 I/auditd ( 0): type=1400 audit(0.0:16743): avc: denied { kill } for comm="swapper/1" capability=5 scontext=u:r:kernel:s0 tcontext=u:r:kernel:s0 tclass=capability permissive=0
11-11 03:27:31.585 I/sysui_multi_action( 1971): [757,111,758,1]
11-11 03:27:31.586 I/sysui_multi_action( 1971): [757,126,758,1,759,126,927,0,928,1,1593,0]
11-11 03:27:31.586 I/sysui_multi_action( 1971): [757,113,758,1,759,113,927,1,928,1,1593,0]
11-11 03:27:31.586 I/sysui_multi_action( 1971): [757,0,758,1,759,0,927,2,928,0,1593,0]
11-11 03:27:31.586 I/sysui_multi_action( 1971): [757,0,758,1,759,0,927,3,928,0,1593,0]
11-11 03:27:31.587 I/sysui_multi_action( 1971): [757,491,758,1,759,491,927,4,928,0,1311,-1,1593,0]
11-11 03:27:31.587 I/sysui_multi_action( 1971): [757,0,758,1,759,0,927,5,928,0,1593,0]
11-11 03:27:31.587 I/sysui_multi_action( 1971): [757,111,758,1]
11-11 03:27:31.588 I/sysui_multi_action( 1971): [757,126,758,1,759,126,927,0,928,1,1593,0]
11-11 03:27:31.588 I/sysui_multi_action( 1971): [757,113,758,1,759,113,927,1,928,1,1593,0]
11-11 03:27:31.588 I/sysui_multi_action( 1971): [757,0,758,1,759,0,927,2,928,0,1593,0]
11-11 03:27:31.588 I/sysui_multi_action( 1971): [757,0,758,1,759,0,927,3,928,0,1593,0]
11-11 03:27:32.295 I/auditd ( 0): type=1400 audit(0.0:16744): avc: denied { kill } for comm="swapper/1" capability=5 scontext=u:r:kernel:s0 tcontext=u:r:kernel:s0 tclass=capability permissive=0
11-11 03:27:32.633 I/input_interaction( 1491): Interaction with: 4ae03d4 NotificationShade (server), edge-swipe (server), swipe-up (server), PointerEventDispatcher0 (server),
11-11 03:27:33.074 I/sysui_multi_action( 1971): [757,111,758,2]
11-11 03:27:33.074 I/sysui_multi_action( 1971): [757,111,758,2]
11-11 03:27:33.285 I/input_focus( 1491): [Focus request 61dc244 com.android.launcher3/com.android.launcher3.uioverrides.QuickstepLauncher,reason=UpdateInputWindows]
11-11 03:27:33.294 I/sysui_multi_action( 1491): [757,128,758,2,793,424841995,794,2412,795,424841995,796,26,798,0,806,android,857,DEVELOPER_IMPORTANT,858,4,947,0,1395,2,1500,424841746,1688,1]
11-11 03:27:33.295 I/notification_visibility( 1491): [-1|android|26|null|1000,0,424841995,424841995,0,0]
11-11 03:27:33.297 I/sysui_multi_action( 1491): [757,128,758,2,793,424842584,794,2419,795,424842584,796,32,798,1,806,android,857,USB,858,1,947,0,1395,2,1500,424842325,1688,1]
11-11 03:27:33.297 I/notification_visibility( 1491): [-1|android|32|null|1000,0,424842584,424842584,0,1]
11-11 03:27:33.298 I/sysui_multi_action( 1491): [757,127,758,2]
11-11 03:27:33.299 I/notification_panel_hidden( 1491):
11-11 03:27:33.308 I/input_focus( 1491): [Focus leaving 4ae03d4 NotificationShade (server),reason=NOT_FOCUSABLE]
11-11 03:27:33.308 I/input_focus( 1491): [Focus entering 61dc244 com.android.launcher3/com.android.launcher3.uioverrides.QuickstepLauncher (server),reason=setFocusedWindow]
11-11 03:27:33.761 I/netstats_mobile_sample( 1491): [0,0,0,0,0,0,0,0,0,0,0,0,1668094053760]
11-11 03:27:33.761 I/netstats_wifi_sample( 1491): [1967027502,1803840,193282412,911516,1967027502,1803840,193282412,911516,2297782403,2269496,126916490,787597,1668094053760]
11-11 03:27:34.058 I/input_interaction( 1491): Interaction with: 61dc244 com.android.launcher3/com.android.launcher3.uioverrides.QuickstepLauncher (server), c2fbbf0 com.android.systemui.ImageWallpaper (server), edge-swipe (server), swipe-up (server), PointerEventDispatcher0 (server),
11-11 03:27:35.295 I/auditd ( 0): type=1400 audit(0.0:16745): avc: denied { kill } for comm="swapper/3" capability=5 scontext=u:r:kernel:s0 tcontext=u:r:kernel:s0 tclass=capability permissive=0
11-11 03:27:36.299 I/auditd ( 0): type=1400 audit(0.0:16746): avc: denied { kill } for comm="swapper/3" capability=5 scontext=u:r:kernel:s0 tcontext=u:r:kernel:s0 tclass=capability permissive=0
11-11 03:27:37.295 I/auditd ( 0): type=1400 audit(0.0:16747): avc: denied { kill } for comm="swapper/3" capability=5 scontext=u:r:kernel:s0 tcontext=u:r:kernel:s0 tclass=capability permissive=0
11-11 03:27:38.295 I/auditd ( 0): type=1400 audit(0.0:16748): avc: denied { kill } for comm="swapper/3" capability=5 scontext=u:r:kernel:s0 tcontext=u:r:kernel:s0 tclass=capability permissive=0
11-11 03:27:39.295 I/auditd ( 0): type=1400 audit(0.0:16749): avc: denied { kill } for comm="swapper/3" capability=5 scontext=u:r:kernel:s0 tcontext=u:r:kernel:s0 tclass=capability permissive=0
11-11 03:27:40.295 I/auditd ( 0): type=1400 audit(0.0:16750): avc: denied { kill } for comm="swapper/3" capability=5 scontext=u:r:kernel:s0 tcontext=u:r:kernel:s0 tclass=capability permissive=0
11-11 03:27:42.295 I/auditd ( 0): type=1400 audit(0.0:16751): avc: denied { kill } for comm="swapper/2" capability=5 scontext=u:r:kernel:s0 tcontext=u:r:kernel:s0 tclass=capability permissive=0
11-11 03:27:44.295 I/auditd ( 0): type=1400 audit(0.0:16752): avc: denied { kill } for comm="swapper/2" capability=5 scontext=u:r:kernel:s0 tcontext=u:r:kernel:s0 tclass=capability permissive=0
11-11 03:27:45.295 I/auditd ( 0): type=1400 audit(0.0:16753): avc: denied { kill } for comm="swapper/2" capability=5 scontext=u:r:kernel:s0 tcontext=u:r:kernel:s0 tclass=capability permissive=0
11-11 03:27:46.295 I/auditd ( 0): type=1400 audit(0.0:16754): avc: denied { kill } for comm="swapper/2" capability=5 scontext=u:r:kernel:s0 tcontext=u:r:kernel:s0 tclass=capability permissive=0
11-11 03:27:48.295 I/auditd ( 0): type=1400 audit(0.0:16755): avc: denied { kill } for comm="swapper/2" capability=5 scontext=u:r:kernel:s0 tcontext=u:r:kernel:s0 tclass=capability permissive=0
11-11 03:27:51.295 I/auditd ( 0): type=1400 audit(0.0:16756): avc: denied { kill } for comm="swapper/0" capability=5 scontext=u:r:kernel:s0 tcontext=u:r:kernel:s0 tclass=capability permissive=0
11-11 03:27:52.295 I/auditd ( 0): type=1400 audit(0.0:16757): avc: denied { kill } for comm="swapper/0" capability=5 scontext=u:r:kernel:s0 tcontext=u:r:kernel:s0 tclass=capability permissive=0
11-11 03:27:53.295 I/auditd ( 0): type=1400 audit(0.0:16758): avc: denied { kill } for comm="swapper/0" capability=5 scontext=u:r:kernel:s0 tcontext=u:r:kernel:s0 tclass=capability permissive=0
11-11 03:27:53.949 I/wm_task_created( 1491): [135,-1]
11-11 03:27:53.952 I/wm_task_moved( 1491): [135,1,16]
11-11 03:27:53.952 I/wm_task_to_front( 1491): [0,135]
11-11 03:27:53.952 I/wm_create_task( 1491): [0,135]
11-11 03:27:53.952 I/wm_create_activity( 1491): [0,132438005,135,com.android.documentsui/.LauncherActivity,android.intent.action.MAIN,NULL,NULL,270532608]
11-11 03:27:53.952 I/wm_task_moved( 1491): [135,1,16]
11-11 03:27:53.953 I/wm_pause_activity( 1491): [0,146330618,com.android.launcher3/.uioverrides.QuickstepLauncher,userLeaving=true,pauseBackTasks]
11-11 03:27:53.956 I/wm_on_top_resumed_lost_called( 2490): [146330618,com.android.launcher3.uioverrides.QuickstepLauncher,topStateChangedWhenResumed]
11-11 03:27:53.956 I/wm_on_paused_called( 2490): [146330618,com.android.launcher3.uioverrides.QuickstepLauncher,performPause]
11-11 03:27:53.957 I/wm_restart_activity( 1491): [0,132438005,135,com.android.documentsui/.LauncherActivity]
11-11 03:27:53.958 I/wm_set_resumed_activity( 1491): [0,com.android.documentsui/.LauncherActivity,minimalResumeActivityLocked]
11-11 03:27:53.960 I/am_uid_active( 1491): 10020
11-11 03:27:53.961 I/sysui_multi_action( 1491): [757,803,799,window_time_0,802,30]
11-11 03:27:53.977 I/wm_task_moved( 1491): [131,1,16]
11-11 03:27:53.977 I/wm_task_to_front( 1491): [0,131]
11-11 03:27:53.977 I/wm_focused_root_task( 1491): [0,0,131,135,bringingFoundTaskToFront]
11-11 03:27:53.977 I/wm_set_resumed_activity( 1491): [0,com.android.documentsui/.files.FilesActivity,bringingFoundTaskToFront]
11-11 03:27:53.977 I/wm_new_intent( 1491): [0,104348760,131,com.android.documentsui/.files.FilesActivity,NULL,NULL,//com.android.documentsui.launchControl,271056896]
11-11 03:27:53.978 I/wm_pause_activity( 1491): [0,132438005,com.android.documentsui/.LauncherActivity,userLeaving=true,pauseBackTasks]
11-11 03:27:53.979 I/wm_finish_activity( 1491): [0,132438005,135,com.android.documentsui/.LauncherActivity,app-request]
11-11 03:27:53.979 I/wm_on_create_called( 7739): [132438005,com.android.documentsui.LauncherActivity,performCreate]
11-11 03:27:53.983 I/wm_add_to_stopping( 1491): [0,132438005,com.android.documentsui/.LauncherActivity,completeFinishing]
11-11 03:27:53.984 I/wm_add_to_stopping( 1491): [0,146330618,com.android.launcher3/.uioverrides.QuickstepLauncher,makeInvisible]
11-11 03:27:53.985 I/wm_restart_activity( 1491): [0,104348760,131,com.android.documentsui/.files.FilesActivity]
11-11 03:27:53.985 I/wm_set_resumed_activity( 1491): [0,com.android.documentsui/.files.FilesActivity,minimalResumeActivityLocked]
11-11 03:27:53.987 I/wm_destroy_activity( 1491): [0,132438005,135,com.android.documentsui/.LauncherActivity,finish-imm:idle]
11-11 03:27:53.990 I/sysui_multi_action( 1491): [757,803,799,window_time_0,802,0]
11-11 03:27:54.000 I/am_pss ( 1491): [9548,1000,com.qti.diagservices,8425472,5898240,48128,88379392,0,10,5]
11-11 03:27:54.005 I/input_focus( 1491): [Focus leaving 61dc244 com.android.launcher3/com.android.launcher3.uioverrides.QuickstepLauncher (server),reason=NO_WINDOW]
11-11 03:27:54.017 I/wm_on_create_called( 7739): [104348760,com.android.documentsui.files.FilesActivity,performCreate]
11-11 03:27:54.026 I/wm_on_start_called( 7739): [104348760,com.android.documentsui.files.FilesActivity,handleStartActivity]
11-11 03:27:54.027 I/wm_on_resume_called( 7739): [104348760,com.android.documentsui.files.FilesActivity,RESUME_ACTIVITY]
11-11 03:27:54.028 I/am_uid_running( 1491): 10018
11-11 03:27:54.031 I/am_uid_running( 1491): 10027
11-11 03:27:54.033 I/wm_on_top_resumed_gained_called( 7739): [104348760,com.android.documentsui.files.FilesActivity,topStateChangedWhenResumed]
11-11 03:27:54.034 I/wm_on_destroy_called( 7739): [132438005,com.android.documentsui.LauncherActivity,performDestroy]
11-11 03:27:54.034 I/am_proc_start( 1491): [0,10202,10018,android.process.media,content provider,{com.android.providers.downloads/com.android.providers.downloads.DownloadStorageProvider}]
11-11 03:27:54.035 I/wm_task_removed( 1491): [135,removeChild:removeChild last r=ActivityRecord{7e4d7f5 u0 com.android.documentsui/.LauncherActivity t-1 f}} in t=Task{b69ff73 #135 type=standard A=10020:com.android.documentsui U=0 visible=false mode=fullscreen translucent=true sz=0}]
11-11 03:27:54.035 I/wm_task_removed( 1491): [135,removeChild]
11-11 03:27:54.042 I/am_proc_start( 1491): [0,10207,10027,com.android.externalstorage,content provider,{com.android.externalstorage/com.android.externalstorage.ExternalStorageProvider}]
11-11 03:27:54.049 I/input_focus( 1491): [Focus request 89af019 com.android.documentsui/com.android.documentsui.files.FilesActivity,reason=UpdateInputWindows]
11-11 03:27:54.064 I/am_proc_bound( 1491): [0,10202,android.process.media]
11-11 03:27:54.066 I/am_uid_active( 1491): 10018
11-11 03:27:54.067 I/am_proc_bound( 1491): [0,10207,com.android.externalstorage]
11-11 03:27:54.068 I/am_uid_active( 1491): 10027
11-11 03:27:54.114 I/sysui_multi_action( 1491): [319,70,321,68,322,169,325,12454,757,761,758,8,759,1,806,com.android.documentsui,871,com.android.documentsui.files.FilesActivity,904,com.android.documentsui,905,0,1320,8,1321,5]
11-11 03:27:54.114 I/wm_activity_launch_time( 1491): [0,104348760,com.android.documentsui/.files.FilesActivity,169]
11-11 03:27:54.123 I/input_focus( 1491): [Focus entering 89af019 com.android.documentsui/com.android.documentsui.files.FilesActivity (server),reason=Window became focusable. Previous reason: NOT_VISIBLE]
11-11 03:27:54.295 I/auditd ( 0): type=1400 audit(0.0:16759): avc: denied { kill } for comm="swapper/0" capability=5 scontext=u:r:kernel:s0 tcontext=u:r:kernel:s0 tclass=capability permissive=0
11-11 03:27:54.542 I/wm_stop_activity( 1491): [0,146330618,com.android.launcher3/.uioverrides.QuickstepLauncher]
11-11 03:27:54.558 I/wm_on_stop_called( 2490): [146330618,com.android.launcher3.uioverrides.QuickstepLauncher,STOP_ACTIVITY_ITEM]
11-11 03:27:54.958 I/input_interaction( 1491): Interaction with: 89af019 com.android.documentsui/com.android.documentsui.files.FilesActivity (server), edge-swipe (server), swipe-up (server), PointerEventDispatcher0 (server),
11-11 03:27:54.996 I/view_enqueue_input_event( 7739): [Motion - Cancel,com.android.documentsui/com.android.documentsui.files.FilesActivity]
11-11 03:27:55.009 I/input_interaction( 1491): Interaction with: edge-swipe (server), swipe-up (server), PointerEventDispatcher0 (server),
11-11 03:27:55.149 I/sysui_multi_action( 1491): [757,803,799,key_back_press,802,1]
11-11 03:27:55.150 I/input_interaction( 1491): Interaction with: 89af019 com.android.documentsui/com.android.documentsui.files.FilesActivity (server), PointerEventDispatcher0 (server),
11-11 03:27:55.153 I/wm_finish_activity( 1491): [0,104348760,131,com.android.documentsui/.files.FilesActivity,app-request]
11-11 03:27:55.153 I/wm_task_moved( 1491): [1,1,15]
11-11 03:27:55.153 I/wm_task_moved( 1491): [90,1,2147483647]
11-11 03:27:55.153 I/wm_task_to_front( 1491): [0,90]
11-11 03:27:55.153 I/wm_focused_root_task( 1491): [0,0,1,131,finish-top adjustFocusToNextFocusableTask]
11-11 03:27:55.153 I/wm_set_resumed_activity( 1491): [0,com.android.launcher3/.uioverrides.QuickstepLauncher,finish-top adjustFocusToNextFocusableTask]
11-11 03:27:55.157 I/wm_pause_activity( 1491): [0,104348760,com.android.documentsui/.files.FilesActivity,userLeaving=false,finish]
11-11 03:27:55.158 I/wm_on_top_resumed_lost_called( 7739): [104348760,com.android.documentsui.files.FilesActivity,topStateChangedWhenResumed]
11-11 03:27:55.159 I/wm_on_paused_called( 7739): [104348760,com.android.documentsui.files.FilesActivity,performPause]
11-11 03:27:55.160 I/wm_add_to_stopping( 1491): [0,104348760,com.android.documentsui/.files.FilesActivity,completeFinishing]
11-11 03:27:55.161 I/wm_set_resumed_activity( 1491): [0,com.android.launcher3/.uioverrides.QuickstepLauncher,resumeTopActivityInnerLocked]
11-11 03:27:55.163 I/wm_resume_activity( 1491): [0,146330618,90,com.android.launcher3/.uioverrides.QuickstepLauncher]
11-11 03:27:55.166 I/sysui_multi_action( 1491): [757,803,799,window_time_0,802,2]
11-11 03:27:55.176 I/wm_on_restart_called( 2490): [146330618,com.android.launcher3.uioverrides.QuickstepLauncher,performRestartActivity]
11-11 03:27:55.176 I/wm_on_start_called( 2490): [146330618,com.android.launcher3.uioverrides.QuickstepLauncher,handleStartActivity]
11-11 03:27:55.176 I/wm_on_resume_called( 2490): [146330618,com.android.launcher3.uioverrides.QuickstepLauncher,RESUME_ACTIVITY]
11-11 03:27:55.176 I/wm_on_top_resumed_gained_called( 2490): [146330618,com.android.launcher3.uioverrides.QuickstepLauncher,topWhenResuming]
11-11 03:27:55.176 I/input_focus( 1491): [Focus leaving 89af019 com.android.documentsui/com.android.documentsui.files.FilesActivity (server),reason=NO_WINDOW]
11-11 03:27:55.195 I/input_focus( 1491): [Focus request 61dc244 com.android.launcher3/com.android.launcher3.uioverrides.QuickstepLauncher,reason=UpdateInputWindows]
11-11 03:27:55.211 I/input_focus( 1491): [Focus entering 61dc244 com.android.launcher3/com.android.launcher3.uioverrides.QuickstepLauncher (server),reason=setFocusedWindow]
11-11 03:27:55.295 I/auditd ( 0): type=1400 audit(0.0:16760): avc: denied { kill } for comm="swapper/0" capability=5 scontext=u:r:kernel:s0 tcontext=u:r:kernel:s0 tclass=capability permissive=0
11-11 03:27:55.455 I/auditd (23600): type=1400 audit(0.0:16761): avc: denied { read } for comm="cableThread" name="snmp" dev="proc" ino=4026532261 scontext=u:r:untrusted_app:s0:c101,c256,c512,c768 tcontext=u:object_r:proc_net:s0 tclass=file permissive=0 app=com.tencent.qqlive
11-11 03:27:55.559 I/wm_destroy_activity( 1491): [0,104348760,131,com.android.documentsui/.files.FilesActivity,finish-imm:idle]
11-11 03:27:55.580 I/wm_on_stop_called( 7739): [104348760,com.android.documentsui.files.FilesActivity,LIFECYCLER_STOP_ACTIVITY]
11-11 03:27:55.583 I/wm_on_destroy_called( 7739): [104348760,com.android.documentsui.files.FilesActivity,performDestroy]
11-11 03:27:55.586 I/wm_task_removed( 1491): [131,removeChild:removeChild last r=ActivityRecord{6383c58 u0 com.android.documentsui/.files.FilesActivity t-1 f}} in t=Task{f8f18b3 #131 type=standard A=10020:com.android.documentsui U=0 visible=false mode=fullscreen translucent=true sz=0}]
11-11 03:27:55.586 I/wm_task_removed( 1491): [131,removeChild]
11-11 03:27:56.253 I/input_interaction( 1491): Interaction with: 61dc244 com.android.launcher3/com.android.launcher3.uioverrides.QuickstepLauncher (server), c2fbbf0 com.android.systemui.ImageWallpaper (server), edge-swipe (server), swipe-up (server), PointerEventDispatcher0 (server),
11-11 03:27:56.340 I/view_enqueue_input_event( 2490): [Motion - Cancel,com.android.launcher3/com.android.launcher3.uioverrides.QuickstepLauncher]
11-11 03:27:56.348 I/input_interaction( 1491): Interaction with: edge-swipe (server), swipe-up (server), PointerEventDispatcher0 (server),
11-11 03:27:56.506 I/commit_sys_config_file( 1491): [settings-1-0,5]
11-11 03:27:56.887 I/commit_sys_config_file( 1491): [settings-1-0,4]
11-11 03:27:57.295 I/auditd ( 0): type=1400 audit(0.0:16762): avc: denied { kill } for comm="swapper/1" capability=5 scontext=u:r:kernel:s0 tcontext=u:r:kernel:s0 tclass=capability permissive=0
11-11 03:27:57.942 I/input_interaction( 1491): Interaction with: 61dc244 com.android.launcher3/com.android.launcher3.uioverrides.QuickstepLauncher (server), c2fbbf0 com.android.systemui.ImageWallpaper (server), edge-swipe (server), swipe-up (server), PointerEventDispatcher0 (server),
11-11 03:27:59.295 I/auditd ( 0): type=1400 audit(0.0:16763): avc: denied { kill } for comm="swapper/2" capability=5 scontext=u:r:kernel:s0 tcontext=u:r:kernel:s0 tclass=capability permissive=0
11-11 03:28:00.295 I/auditd ( 0): type=1400 audit(0.0:16764): avc: denied { kill } for comm="swapper/2" capability=5 scontext=u:r:kernel:s0 tcontext=u:r:kernel:s0 tclass=capability permissive=0
11-11 03:28:01.295 I/auditd ( 0): type=1400 audit(0.0:16765): avc: denied { kill } for comm="swapper/2" capability=5 scontext=u:r:kernel:s0 tcontext=u:r:kernel:s0 tclass=capability permissive=0
11-11 03:28:02.295 I/auditd ( 0): type=1400 audit(0.0:16766): avc: denied { kill } for comm="swapper/2" capability=5 scontext=u:r:kernel:s0 tcontext=u:r:kernel:s0 tclass=capability permissive=0
11-11 03:28:03.295 I/auditd ( 0): type=1400 audit(0.0:16767): avc: denied { kill } for comm="swapper/2" capability=5 scontext=u:r:kernel:s0 tcontext=u:r:kernel:s0 tclass=capability permissive=0
11-11 03:28:04.295 I/auditd ( 0): type=1400 audit(0.0:16768): avc: denied { kill } for comm="swapper/2" capability=5 scontext=u:r:kernel:s0 tcontext=u:r:kernel:s0 tclass=capability permissive=0
11-11 03:28:05.295 I/auditd ( 0): type=1400 audit(0.0:16769): avc: denied { kill } for comm="swapper/2" capability=5 scontext=u:r:kernel:s0 tcontext=u:r:kernel:s0 tclass=capability permissive=0
11-11 03:28:06.295 I/auditd ( 0): type=1400 audit(0.0:16770): avc: denied { kill } for comm="swapper/2" capability=5 scontext=u:r:kernel:s0 tcontext=u:r:kernel:s0 tclass=capability permissive=0
11-11 03:28:07.295 I/auditd ( 0): type=1400 audit(0.0:16771): avc: denied { kill } for comm="swapper/2" capability=5 scontext=u:r:kernel:s0 tcontext=u:r:kernel:s0 tclass=capability permissive=0
11-11 03:28:08.295 I/auditd ( 0): type=1400 audit(0.0:16772): avc: denied { kill } for comm="swapper/2" capability=5 scontext=u:r:kernel:s0 tcontext=u:r:kernel:s0 tclass=capability permissive=0
11-11 03:28:09.295 I/auditd ( 0): type=1400 audit(0.0:16773): avc: denied { kill } for comm="swapper/2" capability=5 scontext=u:r:kernel:s0 tcontext=u:r:kernel:s0 tclass=capability permissive=0
11-11 03:28:10.295 I/auditd ( 0): type=1400 audit(0.0:16774): avc: denied { kill } for comm="swapper/2" capability=5 scontext=u:r:kernel:s0 tcontext=u:r:kernel:s0 tclass=capability permissive=0
11-11 03:28:11.295 I/auditd ( 0): type=1400 audit(0.0:16775): avc: denied { kill } for comm="swapper/2" capability=5 scontext=u:r:kernel:s0 tcontext=u:r:kernel:s0 tclass=capability permissive=0
11-11 03:28:12.295 I/auditd ( 0): type=1400 audit(0.0:16776): avc: denied { kill } for comm="swapper/2" capability=5 scontext=u:r:kernel:s0 tcontext=u:r:kernel:s0 tclass=capability permissive=0
11-11 03:28:13.295 I/auditd ( 0): type=1400 audit(0.0:16777): avc: denied { kill } for comm="swapper/2" capability=5 scontext=u:r:kernel:s0 tcontext=u:r:kernel:s0 tclass=capability permissive=0
11-11 03:28:14.295 I/auditd ( 3389): type=1400 audit(0.0:16778): avc: denied { kill } for comm="dp_rx_thread_0" capability=5 scontext=u:r:kernel:s0 tcontext=u:r:kernel:s0 tclass=capability permissive=0
11-11 03:28:15.295 I/auditd ( 0): type=1400 audit(0.0:16779): avc: denied { kill } for comm="swapper/2" capability=5 scontext=u:r:kernel:s0 tcontext=u:r:kernel:s0 tclass=capability permissive=0
11-11 03:28:16.299 I/auditd ( 0): type=1400 audit(0.0:16780): avc: denied { kill } for comm="swapper/2" capability=5 scontext=u:r:kernel:s0 tcontext=u:r:kernel:s0 tclass=capability permissive=0
11-11 03:28:17.295 I/auditd ( 0): type=1400 audit(0.0:16781): avc: denied { kill } for comm="swapper/0" capability=5 scontext=u:r:kernel:s0 tcontext=u:r:kernel:s0 tclass=capability permissive=0
11-11 03:28:18.271 I/auditd (15661): type=1400 audit(0.0:16782): avc: denied { read } for comm=5468726561642D32202D2031333538 name="tcp" dev="proc" ino=4026532256 scontext=u:r:untrusted_app_29:s0:c99,c256,c512,c768 tcontext=u:object_r:proc_net_tcp_udp:s0 tclass=file permissive=0 app=com.smile.gifmaker
11-11 03:28:18.295 I/auditd ( 0): type=1400 audit(0.0:16783): avc: denied { kill } for comm="swapper/0" capability=5 scontext=u:r:kernel:s0 tcontext=u:r:kernel:s0 tclass=capability permissive=0
11-11 03:28:19.295 I/auditd ( 0): type=1400 audit(0.0:16784): avc: denied { kill } for comm="swapper/0" capability=5 scontext=u:r:kernel:s0 tcontext=u:r:kernel:s0 tclass=capability permissive=0
