11-11 03:23:03.295 I/auditd ( 0): type=1400 audit(0.0:16501): avc: denied { kill } for comm="swapper/0" capability=5 scontext=u:r:kernel:s0 tcontext=u:r:kernel:s0 tclass=capability permissive=0
11-11 03:23:05.295 I/auditd ( 0): type=1400 audit(0.0:16502): avc: denied { kill } for comm="swapper/0" capability=5 scontext=u:r:kernel:s0 tcontext=u:r:kernel:s0 tclass=capability permissive=0
11-11 03:23:06.295 I/auditd ( 0): type=1400 audit(0.0:16503): avc: denied { kill } for comm="swapper/0" capability=5 scontext=u:r:kernel:s0 tcontext=u:r:kernel:s0 tclass=capability permissive=0
11-11 03:23:07.295 I/auditd ( 0): type=1400 audit(0.0:16504): avc: denied { kill } for comm="swapper/0" capability=5 scontext=u:r:kernel:s0 tcontext=u:r:kernel:s0 tclass=capability permissive=0
11-11 03:23:09.295 I/auditd ( 0): type=1400 audit(0.0:16505): avc: denied { kill } for comm="swapper/0" capability=5 scontext=u:r:kernel:s0 tcontext=u:r:kernel:s0 tclass=capability permissive=0
11-11 03:23:10.295 I/auditd ( 0): type=1400 audit(0.0:16506): avc: denied { kill } for comm="swapper/0" capability=5 scontext=u:r:kernel:s0 tcontext=u:r:kernel:s0 tclass=capability permissive=0
11-11 03:23:11.386 I/wm_finish_activity( 1491): [0,34819976,129,com.tencent.qqlive/.modules.vb.loginbusiness.VBLoginVDlgPortraitActivity,app-request]
11-11 03:23:11.400 I/wm_pause_activity( 1491): [0,34819976,com.tencent.qqlive/.modules.vb.loginbusiness.VBLoginVDlgPortraitActivity,userLeaving=false,finish]
11-11 03:23:11.410 I/wm_on_top_resumed_lost_called(23464): [34819976,com.tencent.qqlive.modules.vb.loginbusiness.VBLoginVDlgPortraitActivity,topStateChangedWhenResumed]
11-11 03:23:11.413 I/wm_on_paused_called(23464): [34819976,com.tencent.qqlive.modules.vb.loginbusiness.VBLoginVDlgPortraitActivity,performPause]
11-11 03:23:11.419 I/wm_set_resumed_activity( 1491): [0,com.tencent.qqlive/.ona.activity.SplashHomeActivity,resumeTopActivityInnerLocked]
11-11 03:23:11.421 I/wm_resume_activity( 1491): [0,140470803,129,com.tencent.qqlive/.ona.activity.SplashHomeActivity]
11-11 03:23:11.427 I/input_focus( 1491): [Focus leaving aff08a3 com.tencent.qqlive/com.tencent.qqlive.modules.vb.loginbusiness.VBLoginVDlgPortraitActivity (server),reason=NO_WINDOW]
11-11 03:23:11.433 I/input_focus( 1491): [Focus request 35d841e com.tencent.qqlive/com.tencent.qqlive.ona.activity.SplashHomeActivity,reason=UpdateInputWindows]
11-11 03:23:11.435 I/sysui_multi_action( 1491): [757,803,799,window_time_0,802,38]
11-11 03:23:11.438 I/wm_destroy_activity( 1491): [0,34819976,129,com.tencent.qqlive/.modules.vb.loginbusiness.VBLoginVDlgPortraitActivity,finish-transit]
11-11 03:23:11.441 I/wm_on_resume_called(23464): [140470803,com.tencent.qqlive.ona.activity.SplashHomeActivity,RESUME_ACTIVITY]
11-11 03:23:11.444 I/input_focus( 1491): [Focus entering 35d841e com.tencent.qqlive/com.tencent.qqlive.ona.activity.SplashHomeActivity (server),reason=setFocusedWindow]
11-11 03:23:11.467 I/wm_on_top_resumed_gained_called(23464): [140470803,com.tencent.qqlive.ona.activity.SplashHomeActivity,topWhenResuming]
11-11 03:23:11.475 I/wm_on_stop_called(23464): [34819976,com.tencent.qqlive.modules.vb.loginbusiness.VBLoginVDlgPortraitActivity,LIFECYCLER_STOP_ACTIVITY]
11-11 03:23:11.479 I/wm_on_destroy_called(23464): [34819976,com.tencent.qqlive.modules.vb.loginbusiness.VBLoginVDlgPortraitActivity,performDestroy]
11-11 03:23:11.540 I/am_pss ( 1491): [5486,10051,com.thundercomm.screensaver,37565440,30662656,308224,140857344,0,19,6]
11-11 03:23:11.547 I/am_pss ( 1491): [7746,10065,com.android.gallery3d,8410112,4857856,969728,84570112,0,19,5]
11-11 03:23:11.553 I/am_pss ( 1491): [7739,10020,com.android.documentsui,14835712,11677696,323584,101310464,0,19,5]
11-11 03:23:11.975 I/input_interaction( 1491): Interaction with: 35d841e com.tencent.qqlive/com.tencent.qqlive.ona.activity.SplashHomeActivity (server), edge-swipe (server), swipe-up (server), PointerEventDispatcher0 (server),
11-11 03:23:12.295 I/auditd ( 0): type=1400 audit(0.0:16507): avc: denied { kill } for comm="swapper/3" capability=5 scontext=u:r:kernel:s0 tcontext=u:r:kernel:s0 tclass=capability permissive=0
11-11 03:23:13.295 I/auditd ( 0): type=1400 audit(0.0:16508): avc: denied { kill } for comm="swapper/3" capability=5 scontext=u:r:kernel:s0 tcontext=u:r:kernel:s0 tclass=capability permissive=0
11-11 03:23:13.679 I/wm_task_moved( 1491): [1,0,0]
11-11 03:23:13.679 I/wm_task_moved( 1491): [1,0,13]
11-11 03:23:13.699 I/view_enqueue_input_event(23464): [Motion - Cancel,com.tencent.qqlive/com.tencent.qqlive.ona.activity.SplashHomeActivity]
11-11 03:23:13.709 I/input_focus( 1491): [Focus request recents_animation_input_consumer,reason=UpdateInputWindows]
11-11 03:23:13.709 I/input_interaction( 1491): Interaction with: edge-swipe (server), swipe-up (server), PointerEventDispatcher0 (server),
11-11 03:23:13.717 I/wm_on_restart_called( 2490): [146330618,com.android.launcher3.uioverrides.QuickstepLauncher,performRestartActivity]
11-11 03:23:13.733 I/input_focus( 1491): [Focus leaving 35d841e com.tencent.qqlive/com.tencent.qqlive.ona.activity.SplashHomeActivity (server),reason=NOT_FOCUSABLE]
11-11 03:23:13.733 I/input_focus( 1491): [Focus entering recents_animation_input_consumer (server),reason=setFocusedWindow]
11-11 03:23:13.754 I/wm_on_start_called( 2490): [146330618,com.android.launcher3.uioverrides.QuickstepLauncher,handleStartActivity]
11-11 03:23:13.764 I/sysui_latency( 2490): [1,99]
11-11 03:23:13.793 I/sysui_multi_action( 1491): [319,16,322,100,325,12174,757,761,758,9,759,5,806,com.android.launcher3,871,com.android.launcher3.uioverrides.QuickstepLauncher,905,0,1320,8,1321,5]
11-11 03:23:13.960 I/commit_sys_config_file( 1491): [settings-1-0,6]
11-11 03:23:14.081 I/sysui_latency( 1491): [8,108]
11-11 03:23:14.420 I/wm_task_moved( 1491): [1,1,14]
11-11 03:23:14.421 I/wm_task_moved( 1491): [90,1,2147483647]
11-11 03:23:14.421 I/wm_on_top_resumed_lost_called(23464): [140470803,com.tencent.qqlive.ona.activity.SplashHomeActivity,topStateChangedWhenResumed]
11-11 03:23:14.421 I/wm_task_to_front( 1491): [0,90]
11-11 03:23:14.421 I/wm_focused_root_task( 1491): [0,0,1,129,RecentsAnimation.onAnimationFinished()]
11-11 03:23:14.422 I/wm_set_resumed_activity( 1491): [0,com.android.launcher3/.uioverrides.QuickstepLauncher,RecentsAnimation.onAnimationFinished()]
11-11 03:23:14.424 I/wm_pause_activity( 1491): [0,140470803,com.tencent.qqlive/.ona.activity.SplashHomeActivity,userLeaving=true,pauseBackTasks]
11-11 03:23:14.426 I/wm_add_to_stopping( 1491): [0,140470803,com.tencent.qqlive/.ona.activity.SplashHomeActivity,makeInvisible]
11-11 03:23:14.427 I/wm_set_resumed_activity( 1491): [0,com.android.launcher3/.uioverrides.QuickstepLauncher,resumeTopActivityInnerLocked]
11-11 03:23:14.431 I/wm_resume_activity( 1491): [0,146330618,90,com.android.launcher3/.uioverrides.QuickstepLauncher]
11-11 03:23:14.432 I/wm_on_resume_called( 2490): [146330618,com.android.launcher3.uioverrides.QuickstepLauncher,RESUME_ACTIVITY]
11-11 03:23:14.436 I/input_focus( 1491): [Focus request 61dc244 com.android.launcher3/com.android.launcher3.uioverrides.QuickstepLauncher,reason=UpdateInputWindows]
11-11 03:23:14.437 I/wm_on_top_resumed_gained_called( 2490): [146330618,com.android.launcher3.uioverrides.QuickstepLauncher,topStateChangedWhenResumed]
11-11 03:23:14.450 I/wm_on_paused_called(23464): [140470803,com.tencent.qqlive.ona.activity.SplashHomeActivity,performPause]
11-11 03:23:14.451 I/wm_stop_activity( 1491): [0,140470803,com.tencent.qqlive/.ona.activity.SplashHomeActivity]
11-11 03:23:14.451 I/input_focus( 1491): [Focus leaving recents_animation_input_consumer (server),reason=NOT_VISIBLE]
11-11 03:23:14.451 I/input_focus( 1491): [Focus entering 61dc244 com.android.launcher3/com.android.launcher3.uioverrides.QuickstepLauncher (server),reason=setFocusedWindow]
11-11 03:23:14.455 I/sysui_multi_action( 1491): [757,803,799,window_time_0,802,3]
11-11 03:23:14.456 I/sysui_multi_action( 1491): [757,803,799,window_time_0,802,0]
11-11 03:23:14.577 I/wm_on_stop_called(23464): [140470803,com.tencent.qqlive.ona.activity.SplashHomeActivity,STOP_ACTIVITY_ITEM]
11-11 03:23:14.750 I/input_interaction( 1491): Interaction with: 61dc244 com.android.launcher3/com.android.launcher3.uioverrides.QuickstepLauncher (server), c2fbbf0 com.android.systemui.ImageWallpaper (server), edge-swipe (server), swipe-up (server), PointerEventDispatcher0 (server),
11-11 03:23:14.892 I/sysui_multi_action( 1491): [757,127,758,1]
11-11 03:23:14.892 I/sysui_multi_action( 1491): [757,804,799,note_load,801,2,802,1]
11-11 03:23:14.892 I/notification_panel_revealed( 1491): 2
11-11 03:23:14.902 I/input_focus( 1491): [Focus request 4ae03d4 NotificationShade,reason=UpdateInputWindows]
11-11 03:23:14.911 I/sysui_multi_action( 1491): [757,128,758,1,793,424583618,794,0,795,424583618,796,26,798,0,806,android,857,DEVELOPER_IMPORTANT,858,4,947,0,1395,2,1500,424583369,1688,1]
11-11 03:23:14.911 I/sysui_multi_action( 1491): [757,804,799,note_freshness,801,424583618,802,1]
11-11 03:23:14.912 I/notification_visibility( 1491): [-1|android|26|null|1000,1,424583618,424583618,0,0]
11-11 03:23:14.912 I/sysui_multi_action( 1491): [757,128,758,1,793,424584200,794,0,795,424584200,796,32,798,1,806,android,857,USB,858,1,947,0,1395,2,1500,424583941,1688,1]
11-11 03:23:14.912 I/sysui_multi_action( 1491): [757,804,799,note_freshness,801,424584200,802,1]
11-11 03:23:14.912 I/notification_visibility( 1491): [-1|android|32|null|1000,1,424584200,424584200,0,1]
11-11 03:23:14.920 I/input_focus( 1491): [Focus leaving 61dc244 com.android.launcher3/com.android.launcher3.uioverrides.QuickstepLauncher (server),reason=setFocusedWindow]
11-11 03:23:14.921 I/input_focus( 1491): [Focus entering 4ae03d4 NotificationShade (server),reason=setFocusedWindow]
11-11 03:23:14.988 I/input_focus( 1491): [Focus request 61dc244 com.android.launcher3/com.android.launcher3.uioverrides.QuickstepLauncher,reason=UpdateInputWindows]
11-11 03:23:15.010 I/input_focus( 1491): [Focus request 4ae03d4 NotificationShade,reason=UpdateInputWindows]
11-11 03:23:15.020 I/input_focus( 1491): [Focus leaving 4ae03d4 NotificationShade (server),reason=NOT_FOCUSABLE]
11-11 03:23:15.020 I/input_focus( 1491): [Focus entering 61dc244 com.android.launcher3/com.android.launcher3.uioverrides.QuickstepLauncher (server),reason=setFocusedWindow]
11-11 03:23:15.036 I/input_focus( 1491): [Focus leaving 61dc244 com.android.launcher3/com.android.launcher3.uioverrides.QuickstepLauncher (server),reason=setFocusedWindow]
11-11 03:23:15.036 I/input_focus( 1491): [Focus entering 4ae03d4 NotificationShade (server),reason=setFocusedWindow]
11-11 03:23:15.068 I/sysui_multi_action( 1971): [757,111,758,1]
11-11 03:23:15.068 I/sysui_multi_action( 1971): [757,126,758,1,759,126,927,0,928,1,1593,0]
11-11 03:23:15.068 I/sysui_multi_action( 1971): [757,113,758,1,759,113,927,1,928,1,1593,0]
11-11 03:23:15.068 I/sysui_multi_action( 1971): [757,0,758,1,759,0,927,2,928,0,1593,0]
11-11 03:23:15.068 I/sysui_multi_action( 1971): [757,0,758,1,759,0,927,3,928,0,1593,0]
11-11 03:23:15.069 I/sysui_multi_action( 1971): [757,491,758,1,759,491,927,4,928,0,1311,-1,1593,0]
11-11 03:23:15.069 I/sysui_multi_action( 1971): [757,0,758,1,759,0,927,5,928,0,1593,0]
11-11 03:23:15.069 I/sysui_multi_action( 1971): [757,111,758,1]
11-11 03:23:15.069 I/sysui_multi_action( 1971): [757,126,758,1,759,126,927,0,928,1,1593,0]
11-11 03:23:15.069 I/sysui_multi_action( 1971): [757,113,758,1,759,113,927,1,928,1,1593,0]
11-11 03:23:15.069 I/sysui_multi_action( 1971): [757,0,758,1,759,0,927,2,928,0,1593,0]
11-11 03:23:15.069 I/sysui_multi_action( 1971): [757,0,758,1,759,0,927,3,928,0,1593,0]
11-11 03:23:15.667 I/input_interaction( 1491): Interaction with: 4ae03d4 NotificationShade (server), edge-swipe (server), swipe-up (server), PointerEventDispatcher0 (server),
11-11 03:23:16.155 I/sysui_multi_action( 1971): [757,111,758,2]
11-11 03:23:16.155 I/sysui_multi_action( 1971): [757,111,758,2]
11-11 03:23:16.295 I/auditd ( 0): type=1400 audit(0.0:16509): avc: denied { kill } for comm="swapper/0" capability=5 scontext=u:r:kernel:s0 tcontext=u:r:kernel:s0 tclass=capability permissive=0
11-11 03:23:16.320 I/input_focus( 1491): [Focus request 61dc244 com.android.launcher3/com.android.launcher3.uioverrides.QuickstepLauncher,reason=UpdateInputWindows]
11-11 03:23:16.327 I/sysui_multi_action( 1491): [757,128,758,2,793,424585034,794,1416,795,424585034,796,26,798,0,806,android,857,DEVELOPER_IMPORTANT,858,4,947,0,1395,2,1500,424584785,1688,1]
11-11 03:23:16.327 I/notification_visibility( 1491): [-1|android|26|null|1000,0,424585034,424585034,0,0]
11-11 03:23:16.327 I/sysui_multi_action( 1491): [757,128,758,2,793,424585615,794,1415,795,424585615,796,32,798,1,806,android,857,USB,858,1,947,0,1395,2,1500,424585356,1688,1]
11-11 03:23:16.327 I/notification_visibility( 1491): [-1|android|32|null|1000,0,424585615,424585615,0,1]
11-11 03:23:16.328 I/sysui_multi_action( 1491): [757,127,758,2]
11-11 03:23:16.328 I/notification_panel_hidden( 1491):
11-11 03:23:16.357 I/input_focus( 1491): [Focus leaving 4ae03d4 NotificationShade (server),reason=NO_WINDOW]
11-11 03:23:16.357 I/input_focus( 1491): [Focus entering 61dc244 com.android.launcher3/com.android.launcher3.uioverrides.QuickstepLauncher (server),reason=setFocusedWindow]
11-11 03:23:16.644 I/input_interaction( 1491): Interaction with: 61dc244 com.android.launcher3/com.android.launcher3.uioverrides.QuickstepLauncher (server), c2fbbf0 com.android.systemui.ImageWallpaper (server), edge-swipe (server), swipe-up (server), PointerEventDispatcher0 (server),
11-11 03:23:16.879 I/wm_task_created( 1491): [133,-1]
11-11 03:23:16.881 I/wm_task_moved( 1491): [133,1,15]
11-11 03:23:16.881 I/wm_task_to_front( 1491): [0,133]
11-11 03:23:16.881 I/wm_create_task( 1491): [0,133]
11-11 03:23:16.881 I/wm_create_activity( 1491): [0,119638272,133,com.ss.android.ugc.aweme/.splash.SplashActivity,android.intent.action.MAIN,NULL,NULL,270532608]
11-11 03:23:16.881 I/wm_task_moved( 1491): [133,1,15]
11-11 03:23:16.882 I/wm_pause_activity( 1491): [0,146330618,com.android.launcher3/.uioverrides.QuickstepLauncher,userLeaving=true,pauseBackTasks]
11-11 03:23:16.885 I/wm_on_top_resumed_lost_called( 2490): [146330618,com.android.launcher3.uioverrides.QuickstepLauncher,topStateChangedWhenResumed]
11-11 03:23:16.885 I/wm_on_paused_called( 2490): [146330618,com.android.launcher3.uioverrides.QuickstepLauncher,performPause]
11-11 03:23:16.887 I/wm_add_to_stopping( 1491): [0,146330618,com.android.launcher3/.uioverrides.QuickstepLauncher,makeInvisible]
11-11 03:23:16.887 I/wm_restart_activity( 1491): [0,119638272,133,com.ss.android.ugc.aweme/.splash.SplashActivity]
11-11 03:23:16.888 I/wm_set_resumed_activity( 1491): [0,com.ss.android.ugc.aweme/.splash.SplashActivity,minimalResumeActivityLocked]
11-11 03:23:16.889 I/am_uid_active( 1491): 10098
11-11 03:23:16.904 I/sysui_multi_action( 1491): [757,803,799,window_time_0,802,2]
11-11 03:23:16.906 I/input_focus( 1491): [Focus leaving 61dc244 com.android.launcher3/com.android.launcher3.uioverrides.QuickstepLauncher (server),reason=NO_WINDOW]
11-11 03:23:16.984 I/wm_on_create_called(14059): [119638272,com.ss.android.ugc.aweme.splash.SplashActivity,performCreate]
11-11 03:23:17.011 I/wm_on_start_called(14059): [119638272,com.ss.android.ugc.aweme.splash.SplashActivity,handleStartActivity]
11-11 03:23:17.015 I/auditd (14059): type=1400 audit(0.0:16510): avc: granted { nlmsg_readpriv } for comm="ChromiumNet0" scontext=u:r:untrusted_app_29:s0:c98,c256,c512,c768 tcontext=u:r:untrusted_app_29:s0:c98,c256,c512,c768 tclass=netlink_route_socket app=com.ss.android.ugc.aweme
11-11 03:23:17.023 I/wm_on_resume_called(14059): [119638272,com.ss.android.ugc.aweme.splash.SplashActivity,RESUME_ACTIVITY]
11-11 03:23:17.023 I/auditd (14059): type=1400 audit(0.0:16511): avc: denied { read } for comm="tp-default-341" name="u:object_r:qemu_hw_prop:s0" dev="tmpfs" ino=15521 scontext=u:r:untrusted_app_29:s0:c98,c256,c512,c768 tcontext=u:object_r:qemu_hw_prop:s0 tclass=file permissive=0 app=com.ss.android.ugc.aweme
11-11 03:23:17.028 I/wm_on_top_resumed_gained_called(14059): [119638272,com.ss.android.ugc.aweme.splash.SplashActivity,topStateChangedWhenResumed]
11-11 03:23:17.028 I/netstats_mobile_sample( 1491): [0,0,0,0,0,0,0,0,0,0,0,0,1668093797028]
11-11 03:23:17.028 I/netstats_wifi_sample( 1491): [1955793805,1787707,189461111,897746,1955793805,1787707,189461111,897746,2284102779,2247904,124537110,777059,1668093797028]
11-11 03:23:17.270 I/input_focus( 1491): [Focus request 1c168ea com.ss.android.ugc.aweme/com.ss.android.ugc.aweme.splash.SplashActivity,reason=UpdateInputWindows]
11-11 03:23:17.300 I/sysui_multi_action( 1491): [319,132,321,130,322,476,325,12177,757,761,758,8,759,1,806,com.ss.android.ugc.aweme,871,com.ss.android.ugc.aweme.splash.SplashActivity,904,com.android.launcher3,905,0,1320,4,1321,4]
11-11 03:23:17.301 I/wm_activity_launch_time( 1491): [0,119638272,com.ss.android.ugc.aweme/.splash.SplashActivity,476]
11-11 03:23:17.309 I/input_focus( 1491): [Focus entering 1c168ea com.ss.android.ugc.aweme/com.ss.android.ugc.aweme.splash.SplashActivity (server),reason=Window became focusable. Previous reason: NOT_VISIBLE]
11-11 03:23:17.391 I/auditd (14059): type=1400 audit(0.0:16512): avc: denied { read } for comm="Thread-13" name="u:object_r:oem_unlock_prop:s0" dev="tmpfs" ino=15506 scontext=u:r:untrusted_app_29:s0:c98,c256,c512,c768 tcontext=u:object_r:oem_unlock_prop:s0 tclass=file permissive=0 app=com.ss.android.ugc.aweme
11-11 03:23:17.427 I/auditd (14059): type=1400 audit(0.0:16513): avc: denied { search } for comm="Thread-13" name="input" dev="tmpfs" ino=1080 scontext=u:r:untrusted_app_29:s0:c98,c256,c512,c768 tcontext=u:object_r:input_device:s0 tclass=dir permissive=0 app=com.ss.android.ugc.aweme
11-11 03:23:17.483 I/auditd ( 8659): type=1400 audit(0.0:16514): avc: granted { bind } for comm="ip" scontext=u:r:untrusted_app_29:s0:c98,c256,c512,c768 tcontext=u:r:untrusted_app_29:s0:c98,c256,c512,c768 tclass=netlink_route_socket
11-11 03:23:17.687 I/wm_stop_activity( 1491): [0,146330618,com.android.launcher3/.uioverrides.QuickstepLauncher]
11-11 03:23:17.689 I/wm_on_stop_called( 2490): [146330618,com.android.launcher3.uioverrides.QuickstepLauncher,STOP_ACTIVITY_ITEM]
11-11 03:23:18.063 I/auditd (15661): type=1400 audit(0.0:16520): avc: denied { read } for comm=5468726561642D32202D2031333538 name="tcp" dev="proc" ino=4026532256 scontext=u:r:untrusted_app_29:s0:c99,c256,c512,c768 tcontext=u:object_r:proc_net_tcp_udp:s0 tclass=file permissive=0 app=com.smile.gifmaker
11-11 03:23:18.295 I/auditd ( 0): type=1400 audit(0.0:16521): avc: denied { kill } for comm="swapper/6" capability=5 scontext=u:r:kernel:s0 tcontext=u:r:kernel:s0 tclass=capability permissive=0
11-11 03:23:18.496 I/input_focus( 1491): [Focus request 7b24550 com.ss.android.ugc.aweme/com.ss.android.ugc.aweme.splash.SplashActivity,reason=UpdateInputWindows]
11-11 03:23:18.527 I/input_focus( 1491): [Focus leaving 1c168ea com.ss.android.ugc.aweme/com.ss.android.ugc.aweme.splash.SplashActivity (server),reason=Waiting for window because NOT_VISIBLE]
11-11 03:23:18.530 I/netstats_mobile_sample( 1491): [0,0,0,0,0,0,0,0,0,0,0,0,1668093798529]
11-11 03:23:18.530 I/netstats_wifi_sample( 1491): [1955943393,1788046,189560143,898076,1955943393,1788046,189560143,898076,2284257809,2248299,124627835,777371,1668093798529]
11-11 03:23:18.545 I/input_focus( 1491): [Focus entering 7b24550 com.ss.android.ugc.aweme/com.ss.android.ugc.aweme.splash.SplashActivity (server),reason=Window became focusable. Previous reason: NOT_VISIBLE]
11-11 03:23:20.067 I/auditd (15940): type=1400 audit(0.0:16522): avc: denied { read } for comm="pool-2-thread-6" name="tcp" dev="proc" ino=4026532256 scontext=u:r:untrusted_app_29:s0:c99,c256,c512,c768 tcontext=u:object_r:proc_net_tcp_udp:s0 tclass=file permissive=0 app=com.smile.gifmaker
11-11 03:23:20.295 I/auditd ( 0): type=1400 audit(0.0:16523): avc: denied { kill } for comm="swapper/3" capability=5 scontext=u:r:kernel:s0 tcontext=u:r:kernel:s0 tclass=capability permissive=0
11-11 03:23:20.673 I/sysui_multi_action( 1491): [757,1717,758,1,759,0]
11-11 03:23:20.674 I/sysui_multi_action( 1491): [757,1717,758,2,759,0]
11-11 03:23:20.674 I/sysui_multi_action( 1491): [757,1717,758,3,759,0]
11-11 03:23:21.295 I/auditd ( 0): type=1400 audit(0.0:16524): avc: denied { kill } for comm="swapper/3" capability=5 scontext=u:r:kernel:s0 tcontext=u:r:kernel:s0 tclass=capability permissive=0
11-11 03:23:21.319 I/auditd (16116): type=1400 audit(0.0:16525): avc: denied { read } for comm="aker:messagesdk" name="tcp" dev="proc" ino=4026532256 scontext=u:r:untrusted_app_29:s0:c99,c256,c512,c768 tcontext=u:object_r:proc_net_tcp_udp:s0 tclass=file permissive=0 app=com.smile.gifmaker
11-11 03:23:22.295 I/auditd ( 0): type=1400 audit(0.0:16526): avc: denied { kill } for comm="swapper/3" capability=5 scontext=u:r:kernel:s0 tcontext=u:r:kernel:s0 tclass=capability permissive=0
11-11 03:23:22.317 I/input_interaction( 1491): Interaction with: 7b24550 com.ss.android.ugc.aweme/com.ss.android.ugc.aweme.splash.SplashActivity (server), edge-swipe (server), swipe-up (server), PointerEventDispatcher0 (server),
11-11 03:23:22.475 I/input_focus( 1491): [Focus request 1c168ea com.ss.android.ugc.aweme/com.ss.android.ugc.aweme.splash.SplashActivity,reason=UpdateInputWindows]
11-11 03:23:22.496 I/wm_task_moved( 1491): [133,1,15]
11-11 03:23:22.496 I/wm_set_resumed_activity( 1491): [0,com.ss.android.ugc.aweme/.splash.SplashActivity,positionChildAt]
11-11 03:23:22.496 I/wm_create_activity( 1491): [0,26522977,133,com.ss.android.ugc.aweme/.account.business.login.DYLoginActivity,NULL,NULL,NULL,0]
11-11 03:23:22.497 I/wm_pause_activity( 1491): [0,119638272,com.ss.android.ugc.aweme/.splash.SplashActivity,userLeaving=true,resumeTopActivityInnerLocked]
11-11 03:23:22.503 I/wm_on_top_resumed_lost_called(14059): [119638272,com.ss.android.ugc.aweme.splash.SplashActivity,topStateChangedWhenResumed]
11-11 03:23:22.506 I/input_focus( 1491): [Focus entering 1c168ea com.ss.android.ugc.aweme/com.ss.android.ugc.aweme.splash.SplashActivity (server),reason=setFocusedWindow]
11-11 03:23:22.516 I/wm_on_paused_called(14059): [119638272,com.ss.android.ugc.aweme.splash.SplashActivity,performPause]
11-11 03:23:22.519 I/wm_restart_activity( 1491): [0,26522977,133,com.ss.android.ugc.aweme/.account.business.login.DYLoginActivity]
11-11 03:23:22.520 I/wm_set_resumed_activity( 1491): [0,com.ss.android.ugc.aweme/.account.business.login.DYLoginActivity,minimalResumeActivityLocked]
11-11 03:23:22.522 I/sysui_multi_action( 1491): [757,803,799,window_time_0,802,6]
11-11 03:23:22.556 I/wm_on_create_called(14059): [26522977,com.ss.android.ugc.aweme.account.business.login.DYLoginActivity,performCreate]
11-11 03:23:22.558 I/wm_on_start_called(14059): [26522977,com.ss.android.ugc.aweme.account.business.login.DYLoginActivity,handleStartActivity]
11-11 03:23:22.563 I/wm_on_resume_called(14059): [26522977,com.ss.android.ugc.aweme.account.business.login.DYLoginActivity,RESUME_ACTIVITY]
11-11 03:23:22.566 I/wm_on_top_resumed_gained_called(14059): [26522977,com.ss.android.ugc.aweme.account.business.login.DYLoginActivity,topStateChangedWhenResumed]
11-11 03:23:22.574 I/input_focus( 1491): [Focus request f05af99 com.ss.android.ugc.aweme/com.ss.android.ugc.aweme.account.business.login.DYLoginActivity,reason=UpdateInputWindows]
11-11 03:23:22.589 I/input_focus( 1491): [Focus leaving 1c168ea com.ss.android.ugc.aweme/com.ss.android.ugc.aweme.splash.SplashActivity (server),reason=Waiting for window because NOT_VISIBLE]
11-11 03:23:22.594 I/wm_activity_launch_time( 1491): [0,26522977,com.ss.android.ugc.aweme/.account.business.login.DYLoginActivity,100]
11-11 03:23:22.604 I/input_focus( 1491): [Focus entering f05af99 com.ss.android.ugc.aweme/com.ss.android.ugc.aweme.account.business.login.DYLoginActivity (server),reason=Window became focusable. Previous reason: NOT_VISIBLE]
11-11 03:23:22.772 I/input_focus( 1491): [Focus request f656bf8 com.ss.android.ugc.aweme/com.ss.android.ugc.aweme.account.business.login.DYLoginActivity,reason=UpdateInputWindows]
11-11 03:23:22.806 I/input_focus( 1491): [Focus entering f656bf8 com.ss.android.ugc.aweme/com.ss.android.ugc.aweme.account.business.login.DYLoginActivity (server),reason=setFocusedWindow]
11-11 03:23:22.836 I/input_focus( 1491): [Focus request cc131e6 com.ss.android.ugc.aweme/com.ss.android.ugc.aweme.account.business.login.DYLoginActivity,reason=UpdateInputWindows]
11-11 03:23:22.855 I/input_focus( 1491): [Focus leaving f656bf8 com.ss.android.ugc.aweme/com.ss.android.ugc.aweme.account.business.login.DYLoginActivity (server),reason=setFocusedWindow]
11-11 03:23:22.855 I/input_focus( 1491): [Focus entering cc131e6 com.ss.android.ugc.aweme/com.ss.android.ugc.aweme.account.business.login.DYLoginActivity (server),reason=setFocusedWindow]
11-11 03:23:22.865 I/input_focus( 1491): [Focus request f656bf8 com.ss.android.ugc.aweme/com.ss.android.ugc.aweme.account.business.login.DYLoginActivity,reason=UpdateInputWindows]
11-11 03:23:22.888 I/input_focus( 1491): [Focus entering f656bf8 com.ss.android.ugc.aweme/com.ss.android.ugc.aweme.account.business.login.DYLoginActivity (server),reason=setFocusedWindow]
11-11 03:23:22.925 I/input_focus( 1491): [Focus request f656bf8 com.ss.android.ugc.aweme/com.ss.android.ugc.aweme.account.business.login.DYLoginActivity,reason=UpdateInputWindows]
11-11 03:23:23.295 I/auditd ( 0): type=1400 audit(0.0:16527): avc: denied { kill } for comm="swapper/3" capability=5 scontext=u:r:kernel:s0 tcontext=u:r:kernel:s0 tclass=capability permissive=0
11-11 03:23:24.652 I/input_interaction( 1491): Interaction with: f656bf8 com.ss.android.ugc.aweme/com.ss.android.ugc.aweme.account.business.login.DYLoginActivity (server), edge-swipe (server), swipe-up (server), PointerEventDispatcher0 (server),
11-11 03:23:24.794 I/wm_finish_activity( 1491): [0,26522977,133,com.ss.android.ugc.aweme/.account.business.login.DYLoginActivity,app-request]
11-11 03:23:24.803 I/wm_pause_activity( 1491): [0,26522977,com.ss.android.ugc.aweme/.account.business.login.DYLoginActivity,userLeaving=false,finish]
11-11 03:23:24.816 I/wm_on_top_resumed_lost_called(14059): [26522977,com.ss.android.ugc.aweme.account.business.login.DYLoginActivity,topStateChangedWhenResumed]
11-11 03:23:24.826 I/input_focus( 1491): [Focus leaving f656bf8 com.ss.android.ugc.aweme/com.ss.android.ugc.aweme.account.business.login.DYLoginActivity (server),reason=NO_WINDOW]
11-11 03:23:24.827 I/wm_on_paused_called(14059): [26522977,com.ss.android.ugc.aweme.account.business.login.DYLoginActivity,performPause]
11-11 03:23:24.830 I/wm_set_resumed_activity( 1491): [0,com.ss.android.ugc.aweme/.splash.SplashActivity,resumeTopActivityInnerLocked]
11-11 03:23:24.831 I/wm_resume_activity( 1491): [0,119638272,133,com.ss.android.ugc.aweme/.splash.SplashActivity]
11-11 03:23:24.842 I/input_focus( 1491): [Focus request 1c168ea com.ss.android.ugc.aweme/com.ss.android.ugc.aweme.splash.SplashActivity,reason=UpdateInputWindows]
11-11 03:23:24.842 I/sysui_multi_action( 1491): [757,803,799,window_time_0,802,2]
11-11 03:23:24.860 I/wm_on_resume_called(14059): [119638272,com.ss.android.ugc.aweme.splash.SplashActivity,RESUME_ACTIVITY]
11-11 03:23:24.860 I/input_focus( 1491): [Focus entering 1c168ea com.ss.android.ugc.aweme/com.ss.android.ugc.aweme.splash.SplashActivity (server),reason=setFocusedWindow]
11-11 03:23:24.882 I/wm_on_top_resumed_gained_called(14059): [119638272,com.ss.android.ugc.aweme.splash.SplashActivity,topWhenResuming]
11-11 03:23:24.933 I/wm_destroy_activity( 1491): [0,26522977,133,com.ss.android.ugc.aweme/.account.business.login.DYLoginActivity,finish-idle]
11-11 03:23:24.937 I/wm_on_stop_called(14059): [26522977,com.ss.android.ugc.aweme.account.business.login.DYLoginActivity,LIFECYCLER_STOP_ACTIVITY]
11-11 03:23:24.941 I/wm_on_destroy_called(14059): [26522977,com.ss.android.ugc.aweme.account.business.login.DYLoginActivity,performDestroy]
11-11 03:23:25.295 I/auditd ( 0): type=1400 audit(0.0:16528): avc: denied { kill } for comm="swapper/3" capability=5 scontext=u:r:kernel:s0 tcontext=u:r:kernel:s0 tclass=capability permissive=0
11-11 03:23:26.819 I/input_interaction( 1491): Interaction with: 1c168ea com.ss.android.ugc.aweme/com.ss.android.ugc.aweme.splash.SplashActivity (server), edge-swipe (server), swipe-up (server), PointerEventDispatcher0 (server),
11-11 03:23:26.819 I/auditd (14059): type=1400 audit(0.0:16529): avc: denied { read } for comm="droid.ugc.aweme" name="u:object_r:qemu_hw_prop:s0" dev="tmpfs" ino=15521 scontext=u:r:untrusted_app_29:s0:c98,c256,c512,c768 tcontext=u:object_r:qemu_hw_prop:s0 tclass=file permissive=0 app=com.ss.android.ugc.aweme
11-11 03:23:27.026 I/wm_task_moved( 1491): [133,1,15]
11-11 03:23:27.026 I/wm_set_resumed_activity( 1491): [0,com.ss.android.ugc.aweme/.splash.SplashActivity,positionChildAt]
11-11 03:23:27.026 I/wm_create_activity( 1491): [0,142255322,133,com.ss.android.ugc.aweme/.account.business.login.DYLoginActivity,NULL,NULL,NULL,0]
11-11 03:23:27.027 I/wm_pause_activity( 1491): [0,119638272,com.ss.android.ugc.aweme/.splash.SplashActivity,userLeaving=true,resumeTopActivityInnerLocked]
11-11 03:23:27.030 I/wm_on_top_resumed_lost_called(14059): [119638272,com.ss.android.ugc.aweme.splash.SplashActivity,topStateChangedWhenResumed]
11-11 03:23:27.045 I/wm_on_paused_called(14059): [119638272,com.ss.android.ugc.aweme.splash.SplashActivity,performPause]
11-11 03:23:27.047 I/wm_restart_activity( 1491): [0,142255322,133,com.ss.android.ugc.aweme/.account.business.login.DYLoginActivity]
11-11 03:23:27.048 I/wm_set_resumed_activity( 1491): [0,com.ss.android.ugc.aweme/.account.business.login.DYLoginActivity,minimalResumeActivityLocked]
11-11 03:23:27.051 I/sysui_multi_action( 1491): [757,803,799,window_time_0,802,2]
11-11 03:23:27.077 I/wm_on_create_called(14059): [142255322,com.ss.android.ugc.aweme.account.business.login.DYLoginActivity,performCreate]
11-11 03:23:27.078 I/wm_on_start_called(14059): [142255322,com.ss.android.ugc.aweme.account.business.login.DYLoginActivity,handleStartActivity]
11-11 03:23:27.082 I/wm_on_resume_called(14059): [142255322,com.ss.android.ugc.aweme.account.business.login.DYLoginActivity,RESUME_ACTIVITY]
11-11 03:23:27.086 I/wm_on_top_resumed_gained_called(14059): [142255322,com.ss.android.ugc.aweme.account.business.login.DYLoginActivity,topStateChangedWhenResumed]
11-11 03:23:27.092 I/input_focus( 1491): [Focus request 53cce01 com.ss.android.ugc.aweme/com.ss.android.ugc.aweme.account.business.login.DYLoginActivity,reason=UpdateInputWindows]
11-11 03:23:27.105 I/wm_activity_launch_time( 1491): [0,142255322,com.ss.android.ugc.aweme/.account.business.login.DYLoginActivity,82]
11-11 03:23:27.117 I/input_focus( 1491): [Focus leaving 1c168ea com.ss.android.ugc.aweme/com.ss.android.ugc.aweme.splash.SplashActivity (server),reason=setFocusedWindow]
11-11 03:23:27.117 I/input_focus( 1491): [Focus entering 53cce01 com.ss.android.ugc.aweme/com.ss.android.ugc.aweme.account.business.login.DYLoginActivity (server),reason=setFocusedWindow]
11-11 03:23:27.322 I/input_focus( 1491): [Focus request dcbc00 com.ss.android.ugc.aweme/com.ss.android.ugc.aweme.account.business.login.DYLoginActivity,reason=UpdateInputWindows]
11-11 03:23:27.349 I/input_focus( 1491): [Focus entering dcbc00 com.ss.android.ugc.aweme/com.ss.android.ugc.aweme.account.business.login.DYLoginActivity (server),reason=setFocusedWindow]
11-11 03:23:27.370 I/input_focus( 1491): [Focus request 61fbad com.ss.android.ugc.aweme/com.ss.android.ugc.aweme.account.business.login.DYLoginActivity,reason=UpdateInputWindows]
11-11 03:23:27.383 I/input_focus( 1491): [Focus leaving dcbc00 com.ss.android.ugc.aweme/com.ss.android.ugc.aweme.account.business.login.DYLoginActivity (server),reason=setFocusedWindow]
11-11 03:23:27.383 I/input_focus( 1491): [Focus entering 61fbad com.ss.android.ugc.aweme/com.ss.android.ugc.aweme.account.business.login.DYLoginActivity (server),reason=setFocusedWindow]
11-11 03:23:27.386 I/input_focus( 1491): [Focus request dcbc00 com.ss.android.ugc.aweme/com.ss.android.ugc.aweme.account.business.login.DYLoginActivity,reason=UpdateInputWindows]
11-11 03:23:27.415 I/input_focus( 1491): [Focus entering dcbc00 com.ss.android.ugc.aweme/com.ss.android.ugc.aweme.account.business.login.DYLoginActivity (server),reason=setFocusedWindow]
11-11 03:23:27.438 I/input_focus( 1491): [Focus request dcbc00 com.ss.android.ugc.aweme/com.ss.android.ugc.aweme.account.business.login.DYLoginActivity,reason=UpdateInputWindows]
11-11 03:23:28.886 I/input_interaction( 1491): Interaction with: dcbc00 com.ss.android.ugc.aweme/com.ss.android.ugc.aweme.account.business.login.DYLoginActivity (server), edge-swipe (server), swipe-up (server), PointerEventDispatcher0 (server),
11-11 03:23:29.295 I/auditd ( 0): type=1400 audit(0.0:16530): avc: denied { kill } for comm="swapper/3" capability=5 scontext=u:r:kernel:s0 tcontext=u:r:kernel:s0 tclass=capability permissive=0
11-11 03:23:29.817 I/input_focus( 1491): [Focus request c3e40bc com.ss.android.ugc.aweme/com.ss.android.ugc.aweme.account.business.login.DYLoginActivity,reason=UpdateInputWindows]
11-11 03:23:29.839 I/input_focus( 1491): [Focus leaving dcbc00 com.ss.android.ugc.aweme/com.ss.android.ugc.aweme.account.business.login.DYLoginActivity (server),reason=setFocusedWindow]
11-11 03:23:29.840 I/input_focus( 1491): [Focus entering c3e40bc com.ss.android.ugc.aweme/com.ss.android.ugc.aweme.account.business.login.DYLoginActivity (server),reason=setFocusedWindow]
11-11 03:23:30.295 I/auditd ( 0): type=1400 audit(0.0:16531): avc: denied { kill } for comm="swapper/3" capability=5 scontext=u:r:kernel:s0 tcontext=u:r:kernel:s0 tclass=capability permissive=0
11-11 03:23:31.063 I/input_interaction( 1491): Interaction with: c3e40bc com.ss.android.ugc.aweme/com.ss.android.ugc.aweme.account.business.login.DYLoginActivity (server), edge-swipe (server), swipe-up (server), PointerEventDispatcher0 (server),
11-11 03:23:31.198 I/service_manager_stats( 1491): [100,61,48479]
11-11 03:23:31.250 I/input_focus( 1491): [Focus request c593f31 com.ss.android.ugc.aweme/com.ss.android.ugc.aweme.account.business.login.DYLoginActivity,reason=UpdateInputWindows]
11-11 03:23:31.276 I/input_focus( 1491): [Focus entering c593f31 com.ss.android.ugc.aweme/com.ss.android.ugc.aweme.account.business.login.DYLoginActivity (server),reason=setFocusedWindow]
11-11 03:23:31.295 I/auditd ( 0): type=1400 audit(0.0:16532): avc: denied { kill } for comm="swapper/3" capability=5 scontext=u:r:kernel:s0 tcontext=u:r:kernel:s0 tclass=capability permissive=0
11-11 03:23:32.866 I/input_interaction( 1491): Interaction with: c593f31 com.ss.android.ugc.aweme/com.ss.android.ugc.aweme.account.business.login.DYLoginActivity (server), edge-swipe (server), swipe-up (server), PointerEventDispatcher0 (server),
11-11 03:23:33.724 I/input_focus( 1491): [Focus request dcbc00 com.ss.android.ugc.aweme/com.ss.android.ugc.aweme.account.business.login.DYLoginActivity,reason=UpdateInputWindows]
11-11 03:23:33.748 I/input_focus( 1491): [Focus entering dcbc00 com.ss.android.ugc.aweme/com.ss.android.ugc.aweme.account.business.login.DYLoginActivity (server),reason=setFocusedWindow]
11-11 03:23:34.295 I/auditd ( 0): type=1400 audit(0.0:16533): avc: denied { kill } for comm="swapper/2" capability=5 scontext=u:r:kernel:s0 tcontext=u:r:kernel:s0 tclass=capability permissive=0
11-11 03:23:36.295 I/auditd ( 0): type=1400 audit(0.0:16534): avc: denied { kill } for comm="swapper/0" capability=5 scontext=u:r:kernel:s0 tcontext=u:r:kernel:s0 tclass=capability permissive=0
11-11 03:23:36.912 I/input_interaction( 1491): Interaction with: dcbc00 com.ss.android.ugc.aweme/com.ss.android.ugc.aweme.account.business.login.DYLoginActivity (server), edge-swipe (server), swipe-up (server), PointerEventDispatcher0 (server),
11-11 03:23:37.295 I/auditd ( 0): type=1400 audit(0.0:16535): avc: denied { kill } for comm="swapper/0" capability=5 scontext=u:r:kernel:s0 tcontext=u:r:kernel:s0 tclass=capability permissive=0
11-11 03:23:38.225 I/input_interaction( 1491): Interaction with: e8f0c14 PopupWindow:d059926 (server), edge-swipe (server), swipe-up (server), PointerEventDispatcher0 (server),
11-11 03:23:38.295 I/auditd ( 0): type=1400 audit(0.0:16536): avc: denied { kill } for comm="swapper/0" capability=5 scontext=u:r:kernel:s0 tcontext=u:r:kernel:s0 tclass=capability permissive=0
11-11 03:23:39.295 I/auditd ( 0): type=1400 audit(0.0:16537): avc: denied { kill } for comm="swapper/0" capability=5 scontext=u:r:kernel:s0 tcontext=u:r:kernel:s0 tclass=capability permissive=0
11-11 03:23:42.883 I/am_pss ( 1491): [21881,10035,com.baidu.input,107862016,99393536,45056,230408192,0,5,16]
11-11 03:23:43.295 I/auditd ( 0): type=1400 audit(0.0:16538): avc: denied { kill } for comm="swapper/2" capability=5 scontext=u:r:kernel:s0 tcontext=u:r:kernel:s0 tclass=capability permissive=0
11-11 03:23:43.383 I/am_freeze( 1491): [5890,com.qiyi.video.pad:plugin1]
11-11 03:23:43.387 I/am_kill ( 1491): [0,5890,com.qiyi.video.pad:plugin1,955,Unable to freeze binder interface]
11-11 03:23:43.434 I/am_proc_died( 1491): [0,5890,com.qiyi.video.pad:plugin1,955,19]
11-11 03:23:43.438 I/am_schedule_service_restart( 1491): [0,com.qiyi.video.pad/org.qiyi.android.plugin.ipc.IPCService1,1000]
11-11 03:23:43.468 I/am_pss ( 1491): [15661,10099,com.smile.gifmaker,245769216,226803712,13312,374579200,0,16,23]
11-11 03:23:44.295 I/auditd ( 0): type=1400 audit(0.0:16539): avc: denied { kill } for comm="swapper/2" capability=5 scontext=u:r:kernel:s0 tcontext=u:r:kernel:s0 tclass=capability permissive=0
11-11 03:23:44.460 I/am_proc_start( 1491): [0,8939,10100,com.qiyi.video.pad:plugin1,service,{com.qiyi.video.pad/org.qiyi.android.plugin.ipc.IPCService1}]
11-11 03:23:44.464 I/input_interaction( 1491): Interaction with: dcbc00 com.ss.android.ugc.aweme/com.ss.android.ugc.aweme.account.business.login.DYLoginActivity (server), edge-swipe (server), swipe-up (server), PointerEventDispatcher0 (server),
11-11 03:23:44.491 I/am_proc_bound( 1491): [0,8939,com.qiyi.video.pad:plugin1]
11-11 03:23:45.295 I/auditd ( 0): type=1400 audit(0.0:16540): avc: denied { kill } for comm="swapper/2" capability=5 scontext=u:r:kernel:s0 tcontext=u:r:kernel:s0 tclass=capability permissive=0
11-11 03:23:46.295 I/auditd ( 0): type=1400 audit(0.0:16541): avc: denied { kill } for comm="swapper/2" capability=5 scontext=u:r:kernel:s0 tcontext=u:r:kernel:s0 tclass=capability permissive=0
11-11 03:23:47.295 I/auditd ( 0): type=1400 audit(0.0:16542): avc: denied { kill } for comm="swapper/2" capability=5 scontext=u:r:kernel:s0 tcontext=u:r:kernel:s0 tclass=capability permissive=0
11-11 03:23:47.663 I/auditd (23600): type=1400 audit(0.0:16543): avc: denied { read } for comm="cableThread" name="snmp" dev="proc" ino=4026532261 scontext=u:r:untrusted_app:s0:c101,c256,c512,c768 tcontext=u:object_r:proc_net:s0 tclass=file permissive=0 app=com.tencent.qqlive
11-11 03:23:48.295 I/auditd ( 0): type=1400 audit(0.0:16544): avc: denied { kill } for comm="swapper/2" capability=5 scontext=u:r:kernel:s0 tcontext=u:r:kernel:s0 tclass=capability permissive=0
11-11 03:23:49.295 I/auditd ( 0): type=1400 audit(0.0:16545): avc: denied { kill } for comm="swapper/2" capability=5 scontext=u:r:kernel:s0 tcontext=u:r:kernel:s0 tclass=capability permissive=0
11-11 03:23:50.295 I/auditd ( 0): type=1400 audit(0.0:16546): avc: denied { kill } for comm="swapper/2" capability=5 scontext=u:r:kernel:s0 tcontext=u:r:kernel:s0 tclass=capability permissive=0
11-11 03:23:50.743 I/netstats_mobile_sample( 1491): [0,0,0,0,0,0,0,0,0,0,0,0,1668093830743]
11-11 03:23:50.744 I/netstats_wifi_sample( 1491): [1956979793,1790294,190032741,899678,1956979793,1790294,190032741,899678,2285714649,2252292,124920001,778563,1668093830743]
11-11 03:23:52.295 I/auditd ( 0): type=1400 audit(0.0:16547): avc: denied { kill } for comm="swapper/0" capability=5 scontext=u:r:kernel:s0 tcontext=u:r:kernel:s0 tclass=capability permissive=0
11-11 03:23:53.295 I/auditd ( 0): type=1400 audit(0.0:16548): avc: denied { kill } for comm="swapper/0" capability=5 scontext=u:r:kernel:s0 tcontext=u:r:kernel:s0 tclass=capability permissive=0
11-11 03:23:54.295 I/auditd ( 0): type=1400 audit(0.0:16549): avc: denied { kill } for comm="swapper/0" capability=5 scontext=u:r:kernel:s0 tcontext=u:r:kernel:s0 tclass=capability permissive=0
11-11 03:23:55.004 I/wm_finish_activity( 1491): [0,142255322,133,com.ss.android.ugc.aweme/.account.business.login.DYLoginActivity,app-request]
11-11 03:23:55.020 I/wm_pause_activity( 1491): [0,142255322,com.ss.android.ugc.aweme/.account.business.login.DYLoginActivity,userLeaving=false,finish]
11-11 03:23:55.036 I/wm_on_top_resumed_lost_called(14059): [142255322,com.ss.android.ugc.aweme.account.business.login.DYLoginActivity,topStateChangedWhenResumed]
11-11 03:23:55.049 I/wm_on_paused_called(14059): [142255322,com.ss.android.ugc.aweme.account.business.login.DYLoginActivity,performPause]
11-11 03:23:55.055 I/wm_set_resumed_activity( 1491): [0,com.ss.android.ugc.aweme/.splash.SplashActivity,resumeTopActivityInnerLocked]
11-11 03:23:55.057 I/wm_resume_activity( 1491): [0,119638272,133,com.ss.android.ugc.aweme/.splash.SplashActivity]
11-11 03:23:55.061 I/input_focus( 1491): [Focus leaving dcbc00 com.ss.android.ugc.aweme/com.ss.android.ugc.aweme.account.business.login.DYLoginActivity (server),reason=NO_WINDOW]
11-11 03:23:55.067 I/input_focus( 1491): [Focus request 1c168ea com.ss.android.ugc.aweme/com.ss.android.ugc.aweme.splash.SplashActivity,reason=UpdateInputWindows]
11-11 03:23:55.067 I/sysui_multi_action( 1491): [757,803,799,window_time_0,802,28]
11-11 03:23:55.090 I/wm_on_resume_called(14059): [119638272,com.ss.android.ugc.aweme.splash.SplashActivity,RESUME_ACTIVITY]
11-11 03:23:55.102 I/input_focus( 1491): [Focus entering 1c168ea com.ss.android.ugc.aweme/com.ss.android.ugc.aweme.splash.SplashActivity (server),reason=setFocusedWindow]
11-11 03:23:55.104 I/wm_on_top_resumed_gained_called(14059): [119638272,com.ss.android.ugc.aweme.splash.SplashActivity,topWhenResuming]
11-11 03:23:55.132 I/wm_destroy_activity( 1491): [0,142255322,133,com.ss.android.ugc.aweme/.account.business.login.DYLoginActivity,finish-idle]
11-11 03:23:55.142 I/wm_on_stop_called(14059): [142255322,com.ss.android.ugc.aweme.account.business.login.DYLoginActivity,LIFECYCLER_STOP_ACTIVITY]
11-11 03:23:55.146 I/wm_on_destroy_called(14059): [142255322,com.ss.android.ugc.aweme.account.business.login.DYLoginActivity,performDestroy]
11-11 03:23:56.295 I/auditd ( 0): type=1400 audit(0.0:16550): avc: denied { kill } for comm="swapper/0" capability=5 scontext=u:r:kernel:s0 tcontext=u:r:kernel:s0 tclass=capability permissive=0
11-11 03:23:56.318 I/input_interaction( 1491): Interaction with: 1c168ea com.ss.android.ugc.aweme/com.ss.android.ugc.aweme.splash.SplashActivity (server), edge-swipe (server), swipe-up (server), PointerEventDispatcher0 (server),
11-11 03:23:56.319 I/auditd (14059): type=1400 audit(0.0:16551): avc: denied { read } for comm="droid.ugc.aweme" name="u:object_r:qemu_hw_prop:s0" dev="tmpfs" ino=15521 scontext=u:r:untrusted_app_29:s0:c98,c256,c512,c768 tcontext=u:object_r:qemu_hw_prop:s0 tclass=file permissive=0 app=com.ss.android.ugc.aweme
11-11 03:23:56.586 I/service_manager_stats(14059): [200,151,3444637]
11-11 03:23:56.632 D/TelephonyManager(14059): getCellLocation returning null because telephony is null
11-11 03:23:56.647 I/auditd (14059): type=1400 audit(0.0:16552): avc: granted { nlmsg_readpriv } for comm="amapLocCoreThre" scontext=u:r:untrusted_app_29:s0:c98,c256,c512,c768 tcontext=u:r:untrusted_app_29:s0:c98,c256,c512,c768 tclass=netlink_route_socket app=com.ss.android.ugc.aweme
11-11 03:23:57.770 I/netstats_mobile_sample( 1491): [0,0,0,0,0,0,0,0,0,0,0,0,1668093837770]
11-11 03:23:57.771 I/netstats_wifi_sample( 1491): [1960358786,1793064,190204072,901166,1960358786,1793064,190204072,901166,2289200074,2255417,125051934,779963,1668093837770]
11-11 03:23:58.295 I/auditd ( 0): type=1400 audit(0.0:16553): avc: denied { kill } for comm="swapper/2" capability=5 scontext=u:r:kernel:s0 tcontext=u:r:kernel:s0 tclass=capability permissive=0
11-11 03:23:59.295 I/auditd ( 0): type=1400 audit(0.0:16554): avc: denied { kill } for comm="swapper/2" capability=5 scontext=u:r:kernel:s0 tcontext=u:r:kernel:s0 tclass=capability permissive=0
11-11 03:24:00.295 I/auditd ( 0): type=1400 audit(0.0:16555): avc: denied { kill } for comm="swapper/2" capability=5 scontext=u:r:kernel:s0 tcontext=u:r:kernel:s0 tclass=capability permissive=0
11-11 03:24:00.637 I/am_uid_active( 1491): 10095
11-11 03:24:00.920 I/netstats_mobile_sample( 1491): [0,0,0,0,0,0,0,0,0,0,0,0,1668093840920]
11-11 03:24:00.921 I/netstats_wifi_sample( 1491): [1962608317,1794716,190303018,902313,1962608317,1794716,190303018,902313,2291457855,2257142,125133950,781072,1668093840920]
11-11 03:24:01.295 I/auditd ( 0): type=1400 audit(0.0:16556): avc: denied { kill } for comm="swapper/2" capability=5 scontext=u:r:kernel:s0 tcontext=u:r:kernel:s0 tclass=capability permissive=0
11-11 03:24:01.315 I/wm_task_moved( 1491): [1,0,0]
11-11 03:24:01.316 I/wm_task_moved( 1491): [1,0,14]
11-11 03:24:01.324 I/wm_on_restart_called( 2490): [146330618,com.android.launcher3.uioverrides.QuickstepLauncher,performRestartActivity]
11-11 03:24:01.368 I/wm_on_start_called( 2490): [146330618,com.android.launcher3.uioverrides.QuickstepLauncher,handleStartActivity]
11-11 03:24:01.369 I/view_enqueue_input_event(14059): [Motion - Cancel,com.ss.android.ugc.aweme/com.ss.android.ugc.aweme.splash.SplashActivity]
11-11 03:24:01.380 I/sysui_latency( 2490): [1,80]
11-11 03:24:01.392 I/input_interaction( 1491): Interaction with: edge-swipe (server), swipe-up (server), PointerEventDispatcher0 (server),
11-11 03:24:01.395 I/input_focus( 1491): [Focus request recents_animation_input_consumer,reason=UpdateInputWindows]
11-11 03:24:01.400 I/sysui_multi_action( 1491): [319,11,322,75,325,12222,757,761,758,9,759,5,806,com.android.launcher3,871,com.android.launcher3.uioverrides.QuickstepLauncher,905,0,1320,8,1321,5]
11-11 03:24:01.414 I/input_focus( 1491): [Focus leaving 1c168ea com.ss.android.ugc.aweme/com.ss.android.ugc.aweme.splash.SplashActivity (server),reason=NOT_FOCUSABLE]
11-11 03:24:01.414 I/input_focus( 1491): [Focus entering recents_animation_input_consumer (server),reason=setFocusedWindow]
11-11 03:24:01.575 I/commit_sys_config_file( 1491): [settings-1-0,6]
11-11 03:24:01.692 I/sysui_latency( 1491): [8,87]
11-11 03:24:02.173 I/wm_task_moved( 1491): [1,1,15]
11-11 03:24:02.175 I/wm_task_moved( 1491): [90,1,2147483647]
11-11 03:24:02.175 I/wm_task_to_front( 1491): [0,90]
11-11 03:24:02.176 I/wm_focused_root_task( 1491): [0,0,1,133,RecentsAnimation.onAnimationFinished()]
11-11 03:24:02.176 I/wm_set_resumed_activity( 1491): [0,com.android.launcher3/.uioverrides.QuickstepLauncher,RecentsAnimation.onAnimationFinished()]
11-11 03:24:02.177 I/wm_pause_activity( 1491): [0,119638272,com.ss.android.ugc.aweme/.splash.SplashActivity,userLeaving=true,pauseBackTasks]
11-11 03:24:02.178 I/wm_add_to_stopping( 1491): [0,119638272,com.ss.android.ugc.aweme/.splash.SplashActivity,makeInvisible]
11-11 03:24:02.178 I/wm_set_resumed_activity( 1491): [0,com.android.launcher3/.uioverrides.QuickstepLauncher,resumeTopActivityInnerLocked]
11-11 03:24:02.180 I/wm_resume_activity( 1491): [0,146330618,90,com.android.launcher3/.uioverrides.QuickstepLauncher]
11-11 03:24:02.182 I/wm_on_resume_called( 2490): [146330618,com.android.launcher3.uioverrides.QuickstepLauncher,RESUME_ACTIVITY]
11-11 03:24:02.188 I/input_focus( 1491): [Focus request 61dc244 com.android.launcher3/com.android.launcher3.uioverrides.QuickstepLauncher,reason=UpdateInputWindows]
11-11 03:24:02.191 I/wm_stop_activity( 1491): [0,119638272,com.ss.android.ugc.aweme/.splash.SplashActivity]
11-11 03:24:02.191 I/sysui_multi_action( 1491): [757,803,799,window_time_0,802,8]
11-11 03:24:02.192 I/wm_on_top_resumed_lost_called(14059): [119638272,com.ss.android.ugc.aweme.splash.SplashActivity,topStateChangedWhenResumed]
11-11 03:24:02.196 I/wm_on_top_resumed_gained_called( 2490): [146330618,com.android.launcher3.uioverrides.QuickstepLauncher,topStateChangedWhenResumed]
11-11 03:24:02.196 I/sysui_multi_action( 1491): [757,803,799,window_time_0,802,0]
11-11 03:24:02.203 I/input_focus( 1491): [Focus leaving recents_animation_input_consumer (server),reason=NOT_VISIBLE]
11-11 03:24:02.203 I/input_focus( 1491): [Focus entering 61dc244 com.android.launcher3/com.android.launcher3.uioverrides.QuickstepLauncher (server),reason=setFocusedWindow]
11-11 03:24:02.264 I/wm_on_paused_called(14059): [119638272,com.ss.android.ugc.aweme.splash.SplashActivity,performPause]
11-11 03:24:02.328 I/netstats_mobile_sample( 1491): [0,0,0,0,0,0,0,0,0,0,0,0,1668093842328]
11-11 03:24:02.328 I/netstats_wifi_sample( 1491): [1962647294,1794797,190327411,902385,1962647294,1794797,190327411,902385,2291540668,2257314,125147267,781120,1668093842328]
11-11 03:24:02.350 I/wm_on_stop_called(14059): [119638272,com.ss.android.ugc.aweme.splash.SplashActivity,STOP_ACTIVITY_ITEM]
11-11 03:24:03.295 I/auditd ( 0): type=1400 audit(0.0:16557): avc: denied { kill } for comm="swapper/1" capability=5 scontext=u:r:kernel:s0 tcontext=u:r:kernel:s0 tclass=capability permissive=0
11-11 03:24:04.295 I/auditd ( 0): type=1400 audit(0.0:16558): avc: denied { kill } for comm="swapper/1" capability=5 scontext=u:r:kernel:s0 tcontext=u:r:kernel:s0 tclass=capability permissive=0
11-11 03:24:05.295 I/auditd ( 0): type=1400 audit(0.0:16559): avc: denied { kill } for comm="swapper/1" capability=5 scontext=u:r:kernel:s0 tcontext=u:r:kernel:s0 tclass=capability permissive=0
11-11 03:24:06.295 I/auditd ( 7810): type=1400 audit(0.0:16560): avc: denied { kill } for comm="kworker/u17:2" capability=5 scontext=u:r:kernel:s0 tcontext=u:r:kernel:s0 tclass=capability permissive=0
