11-11 04:00:54.295 I/auditd ( 0): type=1400 audit(0.0:19572): avc: denied { kill } for comm="swapper/1" capability=5 scontext=u:r:kernel:s0 tcontext=u:r:kernel:s0 tclass=capability permissive=0
11-11 04:00:55.295 I/auditd ( 0): type=1400 audit(0.0:19573): avc: denied { kill } for comm="swapper/1" capability=5 scontext=u:r:kernel:s0 tcontext=u:r:kernel:s0 tclass=capability permissive=0
11-11 04:00:56.295 I/auditd ( 0): type=1400 audit(0.0:19574): avc: denied { kill } for comm="swapper/1" capability=5 scontext=u:r:kernel:s0 tcontext=u:r:kernel:s0 tclass=capability permissive=0
11-11 04:00:57.295 I/auditd ( 0): type=1400 audit(0.0:19575): avc: denied { kill } for comm="swapper/1" capability=5 scontext=u:r:kernel:s0 tcontext=u:r:kernel:s0 tclass=capability permissive=0
11-11 04:00:58.295 I/auditd ( 0): type=1400 audit(0.0:19576): avc: denied { kill } for comm="swapper/1" capability=5 scontext=u:r:kernel:s0 tcontext=u:r:kernel:s0 tclass=capability permissive=0
11-11 04:00:59.295 I/auditd ( 0): type=1400 audit(0.0:19577): avc: denied { kill } for comm="swapper/1" capability=5 scontext=u:r:kernel:s0 tcontext=u:r:kernel:s0 tclass=capability permissive=0
11-11 04:01:00.295 I/auditd ( 0): type=1400 audit(0.0:19578): avc: denied { kill } for comm="swapper/1" capability=5 scontext=u:r:kernel:s0 tcontext=u:r:kernel:s0 tclass=capability permissive=0
11-11 04:01:01.299 I/auditd ( 0): type=1400 audit(0.0:19579): avc: denied { kill } for comm="swapper/1" capability=5 scontext=u:r:kernel:s0 tcontext=u:r:kernel:s0 tclass=capability permissive=0
11-11 04:01:02.295 I/auditd ( 0): type=1400 audit(0.0:19580): avc: denied { kill } for comm="swapper/1" capability=5 scontext=u:r:kernel:s0 tcontext=u:r:kernel:s0 tclass=capability permissive=0
11-11 04:01:03.295 I/auditd ( 0): type=1400 audit(0.0:19581): avc: denied { kill } for comm="swapper/1" capability=5 scontext=u:r:kernel:s0 tcontext=u:r:kernel:s0 tclass=capability permissive=0
11-11 04:01:04.295 I/auditd ( 0): type=1400 audit(0.0:19582): avc: denied { kill } for comm="swapper/1" capability=5 scontext=u:r:kernel:s0 tcontext=u:r:kernel:s0 tclass=capability permissive=0
11-11 04:01:05.295 I/auditd ( 0): type=1400 audit(0.0:19583): avc: denied { kill } for comm="swapper/1" capability=5 scontext=u:r:kernel:s0 tcontext=u:r:kernel:s0 tclass=capability permissive=0
11-11 04:01:06.295 I/auditd ( 0): type=1400 audit(0.0:19584): avc: denied { kill } for comm="swapper/1" capability=5 scontext=u:r:kernel:s0 tcontext=u:r:kernel:s0 tclass=capability permissive=0
11-11 04:01:07.295 I/auditd ( 0): type=1400 audit(0.0:19585): avc: denied { kill } for comm="swapper/1" capability=5 scontext=u:r:kernel:s0 tcontext=u:r:kernel:s0 tclass=capability permissive=0
11-11 04:01:08.295 I/auditd ( 0): type=1400 audit(0.0:19586): avc: denied { kill } for comm="swapper/1" capability=5 scontext=u:r:kernel:s0 tcontext=u:r:kernel:s0 tclass=capability permissive=0
11-11 04:01:09.295 I/auditd ( 0): type=1400 audit(0.0:19587): avc: denied { kill } for comm="swapper/1" capability=5 scontext=u:r:kernel:s0 tcontext=u:r:kernel:s0 tclass=capability permissive=0
11-11 04:01:11.295 I/auditd ( 0): type=1400 audit(0.0:19588): avc: denied { kill } for comm="swapper/1" capability=5 scontext=u:r:kernel:s0 tcontext=u:r:kernel:s0 tclass=capability permissive=0
11-11 04:01:12.295 I/auditd ( 0): type=1400 audit(0.0:19589): avc: denied { kill } for comm="swapper/1" capability=5 scontext=u:r:kernel:s0 tcontext=u:r:kernel:s0 tclass=capability permissive=0
11-11 04:01:13.295 I/auditd ( 0): type=1400 audit(0.0:19590): avc: denied { kill } for comm="swapper/1" capability=5 scontext=u:r:kernel:s0 tcontext=u:r:kernel:s0 tclass=capability permissive=0
11-11 04:01:14.295 I/auditd ( 0): type=1400 audit(0.0:19591): avc: denied { kill } for comm="swapper/1" capability=5 scontext=u:r:kernel:s0 tcontext=u:r:kernel:s0 tclass=capability permissive=0
11-11 04:01:16.295 I/auditd ( 0): type=1400 audit(0.0:19592): avc: denied { kill } for comm="swapper/1" capability=5 scontext=u:r:kernel:s0 tcontext=u:r:kernel:s0 tclass=capability permissive=0
11-11 04:01:17.299 I/auditd ( 0): type=1400 audit(0.0:19593): avc: denied { kill } for comm="swapper/1" capability=5 scontext=u:r:kernel:s0 tcontext=u:r:kernel:s0 tclass=capability permissive=0
11-11 04:01:17.679 I/auditd (13536): type=1400 audit(0.0:19594): avc: denied { read } for comm=5468726561642D32202D2031333538 name="tcp" dev="proc" ino=4026532256 scontext=u:r:untrusted_app_29:s0:c99,c256,c512,c768 tcontext=u:object_r:proc_net_tcp_udp:s0 tclass=file permissive=0 app=com.smile.gifmaker
11-11 04:01:18.295 I/auditd ( 0): type=1400 audit(0.0:19595): avc: denied { kill } for comm="swapper/1" capability=5 scontext=u:r:kernel:s0 tcontext=u:r:kernel:s0 tclass=capability permissive=0
11-11 04:01:19.295 I/auditd ( 0): type=1400 audit(0.0:19596): avc: denied { kill } for comm="swapper/1" capability=5 scontext=u:r:kernel:s0 tcontext=u:r:kernel:s0 tclass=capability permissive=0
11-11 04:01:20.299 I/auditd ( 0): type=1400 audit(0.0:19597): avc: denied { kill } for comm="swapper/1" capability=5 scontext=u:r:kernel:s0 tcontext=u:r:kernel:s0 tclass=capability permissive=0
11-11 04:01:21.295 I/auditd ( 648): type=1400 audit(0.0:19598): avc: denied { kill } for comm="vendor.ts.uart@" capability=5 scontext=u:r:uart_service_deamon:s0 tcontext=u:r:uart_service_deamon:s0 tclass=capability permissive=0
11-11 04:01:22.295 I/auditd ( 0): type=1400 audit(0.0:19599): avc: denied { kill } for comm="swapper/1" capability=5 scontext=u:r:kernel:s0 tcontext=u:r:kernel:s0 tclass=capability permissive=0
11-11 04:01:23.007 I/auditd (13529): type=1400 audit(0.0:19600): avc: denied { read } for comm="Thread-29" name="tcp" dev="proc" ino=4026532256 scontext=u:r:untrusted_app:s0:c103,c256,c512,c768 tcontext=u:object_r:proc_net_tcp_udp:s0 tclass=file permissive=0 app=tv.danmaku.bilibilihd
11-11 04:01:23.295 I/auditd ( 0): type=1400 audit(0.0:19601): avc: denied { kill } for comm="swapper/1" capability=5 scontext=u:r:kernel:s0 tcontext=u:r:kernel:s0 tclass=capability permissive=0
11-11 04:01:25.295 I/auditd ( 0): type=1400 audit(0.0:19602): avc: denied { kill } for comm="swapper/1" capability=5 scontext=u:r:kernel:s0 tcontext=u:r:kernel:s0 tclass=capability permissive=0
11-11 04:01:26.295 I/auditd ( 0): type=1400 audit(0.0:19603): avc: denied { kill } for comm="swapper/1" capability=5 scontext=u:r:kernel:s0 tcontext=u:r:kernel:s0 tclass=capability permissive=0
11-11 04:01:27.295 I/auditd ( 0): type=1400 audit(0.0:19604): avc: denied { kill } for comm="swapper/1" capability=5 scontext=u:r:kernel:s0 tcontext=u:r:kernel:s0 tclass=capability permissive=0
11-11 04:01:28.295 I/auditd ( 0): type=1400 audit(0.0:19605): avc: denied { kill } for comm="swapper/1" capability=5 scontext=u:r:kernel:s0 tcontext=u:r:kernel:s0 tclass=capability permissive=0
11-11 04:01:28.723 I/auditd (15150): type=1400 audit(0.0:19606): avc: denied { read } for comm="aker:messagesdk" name="tcp" dev="proc" ino=4026532256 scontext=u:r:untrusted_app_29:s0:c99,c256,c512,c768 tcontext=u:object_r:proc_net_tcp_udp:s0 tclass=file permissive=0 app=com.smile.gifmaker
11-11 04:01:29.295 I/auditd ( 0): type=1400 audit(0.0:19607): avc: denied { kill } for comm="swapper/1" capability=5 scontext=u:r:kernel:s0 tcontext=u:r:kernel:s0 tclass=capability permissive=0
11-11 04:01:30.295 I/auditd ( 0): type=1400 audit(0.0:19608): avc: denied { kill } for comm="swapper/1" capability=5 scontext=u:r:kernel:s0 tcontext=u:r:kernel:s0 tclass=capability permissive=0
11-11 04:01:31.295 I/auditd ( 0): type=1400 audit(0.0:19609): avc: denied { kill } for comm="swapper/1" capability=5 scontext=u:r:kernel:s0 tcontext=u:r:kernel:s0 tclass=capability permissive=0
11-11 04:01:32.295 I/auditd ( 0): type=1400 audit(0.0:19610): avc: denied { kill } for comm="swapper/1" capability=5 scontext=u:r:kernel:s0 tcontext=u:r:kernel:s0 tclass=capability permissive=0
11-11 04:01:33.295 I/auditd (27688): type=1400 audit(0.0:19611): avc: denied { kill } for comm="kworker/u16:8" capability=5 scontext=u:r:kernel:s0 tcontext=u:r:kernel:s0 tclass=capability permissive=0
11-11 04:01:34.295 I/auditd ( 0): type=1400 audit(0.0:19612): avc: denied { kill } for comm="swapper/1" capability=5 scontext=u:r:kernel:s0 tcontext=u:r:kernel:s0 tclass=capability permissive=0
11-11 04:01:36.295 I/auditd ( 0): type=1400 audit(0.0:19613): avc: denied { kill } for comm="swapper/0" capability=5 scontext=u:r:kernel:s0 tcontext=u:r:kernel:s0 tclass=capability permissive=0
11-11 04:01:37.299 I/auditd ( 0): type=1400 audit(0.0:19614): avc: denied { kill } for comm="swapper/3" capability=5 scontext=u:r:kernel:s0 tcontext=u:r:kernel:s0 tclass=capability permissive=0
11-11 04:01:38.299 I/auditd ( 0): type=1400 audit(0.0:19615): avc: denied { kill } for comm="swapper/3" capability=5 scontext=u:r:kernel:s0 tcontext=u:r:kernel:s0 tclass=capability permissive=0
11-11 04:01:39.295 I/auditd ( 0): type=1400 audit(0.0:19616): avc: denied { kill } for comm="swapper/3" capability=5 scontext=u:r:kernel:s0 tcontext=u:r:kernel:s0 tclass=capability permissive=0
11-11 04:01:40.295 I/auditd ( 0): type=1400 audit(0.0:19617): avc: denied { kill } for comm="swapper/3" capability=5 scontext=u:r:kernel:s0 tcontext=u:r:kernel:s0 tclass=capability permissive=0
11-11 04:01:41.299 I/auditd ( 0): type=1400 audit(0.0:19618): avc: denied { kill } for comm="swapper/3" capability=5 scontext=u:r:kernel:s0 tcontext=u:r:kernel:s0 tclass=capability permissive=0
11-11 04:01:42.295 I/auditd ( 0): type=1400 audit(0.0:19619): avc: denied { kill } for comm="swapper/3" capability=5 scontext=u:r:kernel:s0 tcontext=u:r:kernel:s0 tclass=capability permissive=0
11-11 04:01:43.295 I/auditd ( 0): type=1400 audit(0.0:19620): avc: denied { kill } for comm="swapper/3" capability=5 scontext=u:r:kernel:s0 tcontext=u:r:kernel:s0 tclass=capability permissive=0
11-11 04:01:44.295 I/auditd ( 0): type=1400 audit(0.0:19621): avc: denied { kill } for comm="swapper/3" capability=5 scontext=u:r:kernel:s0 tcontext=u:r:kernel:s0 tclass=capability permissive=0
11-11 04:01:45.295 I/auditd ( 0): type=1400 audit(0.0:19622): avc: denied { kill } for comm="swapper/3" capability=5 scontext=u:r:kernel:s0 tcontext=u:r:kernel:s0 tclass=capability permissive=0
11-11 04:01:46.295 I/auditd ( 0): type=1400 audit(0.0:19623): avc: denied { kill } for comm="swapper/3" capability=5 scontext=u:r:kernel:s0 tcontext=u:r:kernel:s0 tclass=capability permissive=0
11-11 04:01:47.295 I/auditd ( 0): type=1400 audit(0.0:19624): avc: denied { kill } for comm="swapper/3" capability=5 scontext=u:r:kernel:s0 tcontext=u:r:kernel:s0 tclass=capability permissive=0
11-11 04:01:48.295 I/auditd ( 0): type=1400 audit(0.0:19625): avc: denied { kill } for comm="swapper/3" capability=5 scontext=u:r:kernel:s0 tcontext=u:r:kernel:s0 tclass=capability permissive=0
11-11 04:01:50.295 I/auditd ( 0): type=1400 audit(0.0:19626): avc: denied { kill } for comm="swapper/3" capability=5 scontext=u:r:kernel:s0 tcontext=u:r:kernel:s0 tclass=capability permissive=0
11-11 04:01:51.295 I/auditd ( 0): type=1400 audit(0.0:19627): avc: denied { kill } for comm="swapper/3" capability=5 scontext=u:r:kernel:s0 tcontext=u:r:kernel:s0 tclass=capability permissive=0
11-11 04:01:53.099 I/auditd (13529): type=1400 audit(0.0:19628): avc: denied { read } for comm="Thread-29" name="tcp" dev="proc" ino=4026532256 scontext=u:r:untrusted_app:s0:c103,c256,c512,c768 tcontext=u:object_r:proc_net_tcp_udp:s0 tclass=file permissive=0 app=tv.danmaku.bilibilihd
11-11 04:01:53.226 I/am_pss ( 1491): [5486,10051,com.thundercomm.screensaver,44580864,30240768,10206208,115240960,0,2,15]
11-11 04:01:53.244 I/am_pss ( 1491): [2490,10070,com.android.launcher3,84885504,78622720,555008,194146304,0,6,14]
11-11 04:01:53.254 I/am_pss ( 1491): [7489,1002,com.android.bluetooth,20732928,17879040,44032,112488448,0,0,9]
11-11 04:01:53.262 I/am_pss ( 1491): [2872,10091,com.android.providers.media.module,19021824,16338944,622592,104419328,0,0,7]
11-11 04:01:53.269 I/am_pss ( 1491): [2378,10092,android.ext.services,13658112,5967872,1138688,100859904,0,5,6]
11-11 04:01:53.274 I/am_pss ( 1491): [2884,10074,com.qualcomm.location.XT,5763072,2846720,1261568,83685376,0,6,5]
11-11 04:01:53.280 I/am_pss ( 1491): [2649,10076,com.qualcomm.location,8068096,3469312,2392064,90705920,0,0,5]
11-11 04:01:53.285 I/am_pss ( 1491): [2154,1001,.dataservices,7401472,3395584,2228224,85082112,0,0,5]
11-11 04:01:53.291 I/am_pss ( 1491): [2043,1073,com.android.networkstack.process,12795904,9474048,1241088,97234944,0,0,6]
11-11 04:01:53.295 I/auditd ( 0): type=1400 audit(0.0:19629): avc: denied { kill } for comm="swapper/3" capability=5 scontext=u:r:kernel:s0 tcontext=u:r:kernel:s0 tclass=capability permissive=0
11-11 04:01:53.308 I/am_pss ( 1491): [1971,10078,com.android.systemui,190609408,181579776,889856,309116928,0,0,15]
11-11 04:01:53.330 I/am_pss ( 1491): [1491,1000,system,202665984,121556992,2129920,474034176,0,0,20]
11-11 04:01:53.337 I/commit_sys_config_file( 1491): [procstats,17]
11-11 04:01:54.295 I/auditd ( 0): type=1400 audit(0.0:19630): avc: denied { kill } for comm="swapper/3" capability=5 scontext=u:r:kernel:s0 tcontext=u:r:kernel:s0 tclass=capability permissive=0
11-11 04:01:56.295 I/auditd ( 0): type=1400 audit(0.0:19631): avc: denied { kill } for comm="swapper/3" capability=5 scontext=u:r:kernel:s0 tcontext=u:r:kernel:s0 tclass=capability permissive=0
11-11 04:01:57.295 I/auditd ( 0): type=1400 audit(0.0:19632): avc: denied { kill } for comm="swapper/3" capability=5 scontext=u:r:kernel:s0 tcontext=u:r:kernel:s0 tclass=capability permissive=0
11-11 04:01:58.295 I/auditd ( 0): type=1400 audit(0.0:19633): avc: denied { kill } for comm="swapper/3" capability=5 scontext=u:r:kernel:s0 tcontext=u:r:kernel:s0 tclass=capability permissive=0
11-11 04:01:59.295 I/auditd ( 0): type=1400 audit(0.0:19634): avc: denied { kill } for comm="swapper/3" capability=5 scontext=u:r:kernel:s0 tcontext=u:r:kernel:s0 tclass=capability permissive=0
11-11 04:02:00.295 I/auditd ( 0): type=1400 audit(0.0:19635): avc: denied { kill } for comm="swapper/3" capability=5 scontext=u:r:kernel:s0 tcontext=u:r:kernel:s0 tclass=capability permissive=0
11-11 04:02:01.295 I/auditd ( 0): type=1400 audit(0.0:19636): avc: denied { kill } for comm="swapper/3" capability=5 scontext=u:r:kernel:s0 tcontext=u:r:kernel:s0 tclass=capability permissive=0
11-11 04:02:02.295 I/auditd ( 0): type=1400 audit(0.0:19637): avc: denied { kill } for comm="swapper/3" capability=5 scontext=u:r:kernel:s0 tcontext=u:r:kernel:s0 tclass=capability permissive=0
11-11 04:02:03.295 I/auditd ( 0): type=1400 audit(0.0:19638): avc: denied { kill } for comm="swapper/3" capability=5 scontext=u:r:kernel:s0 tcontext=u:r:kernel:s0 tclass=capability permissive=0
11-11 04:02:04.295 I/auditd ( 0): type=1400 audit(0.0:19639): avc: denied { kill } for comm="swapper/3" capability=5 scontext=u:r:kernel:s0 tcontext=u:r:kernel:s0 tclass=capability permissive=0
11-11 04:02:05.295 I/auditd ( 0): type=1400 audit(0.0:19640): avc: denied { kill } for comm="swapper/3" capability=5 scontext=u:r:kernel:s0 tcontext=u:r:kernel:s0 tclass=capability permissive=0
11-11 04:02:06.295 I/auditd ( 0): type=1400 audit(0.0:19641): avc: denied { kill } for comm="swapper/3" capability=5 scontext=u:r:kernel:s0 tcontext=u:r:kernel:s0 tclass=capability permissive=0
11-11 04:02:07.295 I/auditd ( 0): type=1400 audit(0.0:19642): avc: denied { kill } for comm="swapper/3" capability=5 scontext=u:r:kernel:s0 tcontext=u:r:kernel:s0 tclass=capability permissive=0
11-11 04:02:08.295 I/auditd ( 0): type=1400 audit(0.0:19643): avc: denied { kill } for comm="swapper/3" capability=5 scontext=u:r:kernel:s0 tcontext=u:r:kernel:s0 tclass=capability permissive=0
11-11 04:02:09.295 I/auditd ( 0): type=1400 audit(0.0:19644): avc: denied { kill } for comm="swapper/3" capability=5 scontext=u:r:kernel:s0 tcontext=u:r:kernel:s0 tclass=capability permissive=0
11-11 04:02:10.295 I/auditd ( 0): type=1400 audit(0.0:19645): avc: denied { kill } for comm="swapper/3" capability=5 scontext=u:r:kernel:s0 tcontext=u:r:kernel:s0 tclass=capability permissive=0
11-11 04:02:11.295 I/auditd ( 0): type=1400 audit(0.0:19646): avc: denied { kill } for comm="swapper/3" capability=5 scontext=u:r:kernel:s0 tcontext=u:r:kernel:s0 tclass=capability permissive=0
11-11 04:02:12.295 I/auditd ( 0): type=1400 audit(0.0:19647): avc: denied { kill } for comm="swapper/3" capability=5 scontext=u:r:kernel:s0 tcontext=u:r:kernel:s0 tclass=capability permissive=0
11-11 04:02:13.295 I/auditd ( 0): type=1400 audit(0.0:19648): avc: denied { kill } for comm="swapper/3" capability=5 scontext=u:r:kernel:s0 tcontext=u:r:kernel:s0 tclass=capability permissive=0
11-11 04:02:14.295 I/auditd ( 0): type=1400 audit(0.0:19649): avc: denied { kill } for comm="swapper/3" capability=5 scontext=u:r:kernel:s0 tcontext=u:r:kernel:s0 tclass=capability permissive=0
11-11 04:02:15.295 I/auditd ( 0): type=1400 audit(0.0:19650): avc: denied { kill } for comm="swapper/3" capability=5 scontext=u:r:kernel:s0 tcontext=u:r:kernel:s0 tclass=capability permissive=0
11-11 04:02:16.295 I/auditd ( 0): type=1400 audit(0.0:19651): avc: denied { kill } for comm="swapper/3" capability=5 scontext=u:r:kernel:s0 tcontext=u:r:kernel:s0 tclass=capability permissive=0
11-11 04:02:17.295 I/auditd ( 0): type=1400 audit(0.0:19652): avc: denied { kill } for comm="swapper/3" capability=5 scontext=u:r:kernel:s0 tcontext=u:r:kernel:s0 tclass=capability permissive=0
11-11 04:02:17.711 I/auditd (13536): type=1400 audit(0.0:19653): avc: denied { read } for comm=5468726561642D32202D2031333538 name="tcp" dev="proc" ino=4026532256 scontext=u:r:untrusted_app_29:s0:c99,c256,c512,c768 tcontext=u:object_r:proc_net_tcp_udp:s0 tclass=file permissive=0 app=com.smile.gifmaker
11-11 04:02:18.295 I/auditd ( 0): type=1400 audit(0.0:19654): avc: denied { kill } for comm="swapper/3" capability=5 scontext=u:r:kernel:s0 tcontext=u:r:kernel:s0 tclass=capability permissive=0
11-11 04:02:19.295 I/auditd ( 0): type=1400 audit(0.0:19655): avc: denied { kill } for comm="swapper/3" capability=5 scontext=u:r:kernel:s0 tcontext=u:r:kernel:s0 tclass=capability permissive=0
11-11 04:02:20.295 I/auditd ( 0): type=1400 audit(0.0:19656): avc: denied { kill } for comm="swapper/3" capability=5 scontext=u:r:kernel:s0 tcontext=u:r:kernel:s0 tclass=capability permissive=0
11-11 04:02:21.295 I/auditd ( 0): type=1400 audit(0.0:19657): avc: denied { kill } for comm="swapper/3" capability=5 scontext=u:r:kernel:s0 tcontext=u:r:kernel:s0 tclass=capability permissive=0
11-11 04:02:22.295 I/auditd ( 0): type=1400 audit(0.0:19658): avc: denied { kill } for comm="swapper/3" capability=5 scontext=u:r:kernel:s0 tcontext=u:r:kernel:s0 tclass=capability permissive=0
11-11 04:02:23.167 I/auditd (13529): type=1400 audit(0.0:19659): avc: denied { read } for comm="Thread-29" name="tcp" dev="proc" ino=4026532256 scontext=u:r:untrusted_app:s0:c103,c256,c512,c768 tcontext=u:object_r:proc_net_tcp_udp:s0 tclass=file permissive=0 app=tv.danmaku.bilibilihd
11-11 04:02:23.295 I/auditd ( 0): type=1400 audit(0.0:19660): avc: denied { kill } for comm="swapper/3" capability=5 scontext=u:r:kernel:s0 tcontext=u:r:kernel:s0 tclass=capability permissive=0
11-11 04:02:24.295 I/auditd ( 0): type=1400 audit(0.0:19661): avc: denied { kill } for comm="swapper/3" capability=5 scontext=u:r:kernel:s0 tcontext=u:r:kernel:s0 tclass=capability permissive=0
11-11 04:02:25.295 I/auditd ( 0): type=1400 audit(0.0:19662): avc: denied { kill } for comm="swapper/3" capability=5 scontext=u:r:kernel:s0 tcontext=u:r:kernel:s0 tclass=capability permissive=0
11-11 04:02:28.295 I/auditd ( 0): type=1400 audit(0.0:19663): avc: denied { kill } for comm="swapper/3" capability=5 scontext=u:r:kernel:s0 tcontext=u:r:kernel:s0 tclass=capability permissive=0
11-11 04:02:28.763 I/auditd (15150): type=1400 audit(0.0:19664): avc: denied { read } for comm="aker:messagesdk" name="tcp" dev="proc" ino=4026532256 scontext=u:r:untrusted_app_29:s0:c99,c256,c512,c768 tcontext=u:object_r:proc_net_tcp_udp:s0 tclass=file permissive=0 app=com.smile.gifmaker
11-11 04:02:29.295 I/auditd ( 0): type=1400 audit(0.0:19665): avc: denied { kill } for comm="swapper/3" capability=5 scontext=u:r:kernel:s0 tcontext=u:r:kernel:s0 tclass=capability permissive=0
11-11 04:02:29.639 I/netstats_mobile_sample( 1491): [0,0,0,0,0,0,0,0,0,0,0,0,1668096149639]
11-11 04:02:29.640 I/netstats_wifi_sample( 1491): [2153715461,2005798,224958265,1051946,2153715461,2005798,224958265,1051946,2530411346,2567382,148093539,909443,1668096149639]
11-11 04:02:30.295 I/auditd ( 0): type=1400 audit(0.0:19666): avc: denied { kill } for comm="swapper/3" capability=5 scontext=u:r:kernel:s0 tcontext=u:r:kernel:s0 tclass=capability permissive=0
11-11 04:02:31.295 I/auditd ( 0): type=1400 audit(0.0:19667): avc: denied { kill } for comm="swapper/3" capability=5 scontext=u:r:kernel:s0 tcontext=u:r:kernel:s0 tclass=capability permissive=0
11-11 04:02:32.295 I/auditd ( 0): type=1400 audit(0.0:19668): avc: denied { kill } for comm="swapper/3" capability=5 scontext=u:r:kernel:s0 tcontext=u:r:kernel:s0 tclass=capability permissive=0
11-11 04:02:33.295 I/auditd ( 0): type=1400 audit(0.0:19669): avc: denied { kill } for comm="swapper/3" capability=5 scontext=u:r:kernel:s0 tcontext=u:r:kernel:s0 tclass=capability permissive=0
11-11 04:02:34.299 I/auditd ( 0): type=1400 audit(0.0:19670): avc: denied { kill } for comm="swapper/3" capability=5 scontext=u:r:kernel:s0 tcontext=u:r:kernel:s0 tclass=capability permissive=0
11-11 04:02:35.299 I/auditd ( 0): type=1400 audit(0.0:19671): avc: denied { kill } for comm="swapper/3" capability=5 scontext=u:r:kernel:s0 tcontext=u:r:kernel:s0 tclass=capability permissive=0
11-11 04:02:36.295 I/auditd ( 0): type=1400 audit(0.0:19672): avc: denied { kill } for comm="swapper/3" capability=5 scontext=u:r:kernel:s0 tcontext=u:r:kernel:s0 tclass=capability permissive=0
11-11 04:02:37.295 I/auditd ( 0): type=1400 audit(0.0:19673): avc: denied { kill } for comm="swapper/3" capability=5 scontext=u:r:kernel:s0 tcontext=u:r:kernel:s0 tclass=capability permissive=0
11-11 04:02:38.295 I/auditd ( 0): type=1400 audit(0.0:19674): avc: denied { kill } for comm="swapper/3" capability=5 scontext=u:r:kernel:s0 tcontext=u:r:kernel:s0 tclass=capability permissive=0
11-11 04:02:39.295 I/auditd ( 0): type=1400 audit(0.0:19675): avc: denied { kill } for comm="swapper/3" capability=5 scontext=u:r:kernel:s0 tcontext=u:r:kernel:s0 tclass=capability permissive=0
11-11 04:02:40.295 I/auditd ( 0): type=1400 audit(0.0:19676): avc: denied { kill } for comm="swapper/3" capability=5 scontext=u:r:kernel:s0 tcontext=u:r:kernel:s0 tclass=capability permissive=0
11-11 04:02:41.299 I/auditd ( 0): type=1400 audit(0.0:19677): avc: denied { kill } for comm="swapper/3" capability=5 scontext=u:r:kernel:s0 tcontext=u:r:kernel:s0 tclass=capability permissive=0
11-11 04:02:42.295 I/auditd ( 0): type=1400 audit(0.0:19678): avc: denied { kill } for comm="swapper/3" capability=5 scontext=u:r:kernel:s0 tcontext=u:r:kernel:s0 tclass=capability permissive=0
11-11 04:02:44.295 I/auditd ( 0): type=1400 audit(0.0:19679): avc: denied { kill } for comm="swapper/3" capability=5 scontext=u:r:kernel:s0 tcontext=u:r:kernel:s0 tclass=capability permissive=0
11-11 04:02:45.295 I/auditd ( 0): type=1400 audit(0.0:19680): avc: denied { kill } for comm="swapper/3" capability=5 scontext=u:r:kernel:s0 tcontext=u:r:kernel:s0 tclass=capability permissive=0
11-11 04:02:46.295 I/auditd ( 0): type=1400 audit(0.0:19681): avc: denied { kill } for comm="swapper/3" capability=5 scontext=u:r:kernel:s0 tcontext=u:r:kernel:s0 tclass=capability permissive=0
11-11 04:02:47.295 I/auditd ( 0): type=1400 audit(0.0:19682): avc: denied { kill } for comm="swapper/3" capability=5 scontext=u:r:kernel:s0 tcontext=u:r:kernel:s0 tclass=capability permissive=0
11-11 04:02:48.295 I/auditd ( 0): type=1400 audit(0.0:19683): avc: denied { kill } for comm="swapper/3" capability=5 scontext=u:r:kernel:s0 tcontext=u:r:kernel:s0 tclass=capability permissive=0
11-11 04:02:49.295 I/auditd ( 0): type=1400 audit(0.0:19684): avc: denied { kill } for comm="swapper/3" capability=5 scontext=u:r:kernel:s0 tcontext=u:r:kernel:s0 tclass=capability permissive=0
11-11 04:02:50.295 I/auditd ( 0): type=1400 audit(0.0:19685): avc: denied { kill } for comm="swapper/3" capability=5 scontext=u:r:kernel:s0 tcontext=u:r:kernel:s0 tclass=capability permissive=0
11-11 04:02:51.295 I/auditd ( 0): type=1400 audit(0.0:19686): avc: denied { kill } for comm="swapper/3" capability=5 scontext=u:r:kernel:s0 tcontext=u:r:kernel:s0 tclass=capability permissive=0
11-11 04:02:52.295 I/auditd ( 0): type=1400 audit(0.0:19687): avc: denied { kill } for comm="swapper/3" capability=5 scontext=u:r:kernel:s0 tcontext=u:r:kernel:s0 tclass=capability permissive=0
11-11 04:02:53.279 I/auditd (13529): type=1400 audit(0.0:19688): avc: denied { read } for comm="Thread-29" name="tcp" dev="proc" ino=4026532256 scontext=u:r:untrusted_app:s0:c103,c256,c512,c768 tcontext=u:object_r:proc_net_tcp_udp:s0 tclass=file permissive=0 app=tv.danmaku.bilibilihd
11-11 04:02:53.295 I/auditd ( 0): type=1400 audit(0.0:19689): avc: denied { kill } for comm="swapper/3" capability=5 scontext=u:r:kernel:s0 tcontext=u:r:kernel:s0 tclass=capability permissive=0
11-11 04:02:54.295 I/auditd ( 0): type=1400 audit(0.0:19690): avc: denied { kill } for comm="swapper/3" capability=5 scontext=u:r:kernel:s0 tcontext=u:r:kernel:s0 tclass=capability permissive=0
11-11 04:02:55.295 I/auditd ( 0): type=1400 audit(0.0:19691): avc: denied { kill } for comm="swapper/3" capability=5 scontext=u:r:kernel:s0 tcontext=u:r:kernel:s0 tclass=capability permissive=0
11-11 04:02:56.295 I/auditd ( 0): type=1400 audit(0.0:19692): avc: denied { kill } for comm="swapper/3" capability=5 scontext=u:r:kernel:s0 tcontext=u:r:kernel:s0 tclass=capability permissive=0
11-11 04:02:57.295 I/auditd ( 0): type=1400 audit(0.0:19693): avc: denied { kill } for comm="swapper/3" capability=5 scontext=u:r:kernel:s0 tcontext=u:r:kernel:s0 tclass=capability permissive=0
11-11 04:02:58.295 I/auditd ( 0): type=1400 audit(0.0:19694): avc: denied { kill } for comm="swapper/3" capability=5 scontext=u:r:kernel:s0 tcontext=u:r:kernel:s0 tclass=capability permissive=0
11-11 04:02:59.295 I/auditd ( 0): type=1400 audit(0.0:19695): avc: denied { kill } for comm="swapper/3" capability=5 scontext=u:r:kernel:s0 tcontext=u:r:kernel:s0 tclass=capability permissive=0
11-11 04:03:00.295 I/auditd ( 0): type=1400 audit(0.0:19696): avc: denied { kill } for comm="swapper/3" capability=5 scontext=u:r:kernel:s0 tcontext=u:r:kernel:s0 tclass=capability permissive=0
11-11 04:03:01.295 I/auditd ( 0): type=1400 audit(0.0:19697): avc: denied { kill } for comm="swapper/3" capability=5 scontext=u:r:kernel:s0 tcontext=u:r:kernel:s0 tclass=capability permissive=0
11-11 04:03:02.299 I/auditd ( 0): type=1400 audit(0.0:19698): avc: denied { kill } for comm="swapper/3" capability=5 scontext=u:r:kernel:s0 tcontext=u:r:kernel:s0 tclass=capability permissive=0
11-11 04:03:03.295 I/auditd ( 0): type=1400 audit(0.0:19699): avc: denied { kill } for comm="swapper/3" capability=5 scontext=u:r:kernel:s0 tcontext=u:r:kernel:s0 tclass=capability permissive=0
11-11 04:03:04.295 I/auditd ( 0): type=1400 audit(0.0:19700): avc: denied { kill } for comm="swapper/3" capability=5 scontext=u:r:kernel:s0 tcontext=u:r:kernel:s0 tclass=capability permissive=0
11-11 04:03:05.295 I/auditd ( 0): type=1400 audit(0.0:19701): avc: denied { kill } for comm="swapper/3" capability=5 scontext=u:r:kernel:s0 tcontext=u:r:kernel:s0 tclass=capability permissive=0
11-11 04:03:06.295 I/auditd ( 0): type=1400 audit(0.0:19702): avc: denied { kill } for comm="swapper/3" capability=5 scontext=u:r:kernel:s0 tcontext=u:r:kernel:s0 tclass=capability permissive=0
11-11 04:03:07.295 I/auditd ( 0): type=1400 audit(0.0:19703): avc: denied { kill } for comm="swapper/3" capability=5 scontext=u:r:kernel:s0 tcontext=u:r:kernel:s0 tclass=capability permissive=0
11-11 04:03:08.295 I/auditd ( 0): type=1400 audit(0.0:19704): avc: denied { kill } for comm="swapper/3" capability=5 scontext=u:r:kernel:s0 tcontext=u:r:kernel:s0 tclass=capability permissive=0
11-11 04:03:09.295 I/auditd ( 0): type=1400 audit(0.0:19705): avc: denied { kill } for comm="swapper/3" capability=5 scontext=u:r:kernel:s0 tcontext=u:r:kernel:s0 tclass=capability permissive=0
11-11 04:03:10.295 I/auditd ( 0): type=1400 audit(0.0:19706): avc: denied { kill } for comm="swapper/3" capability=5 scontext=u:r:kernel:s0 tcontext=u:r:kernel:s0 tclass=capability permissive=0
11-11 04:03:11.295 I/auditd ( 0): type=1400 audit(0.0:19707): avc: denied { kill } for comm="swapper/3" capability=5 scontext=u:r:kernel:s0 tcontext=u:r:kernel:s0 tclass=capability permissive=0
11-11 04:03:12.295 I/auditd ( 0): type=1400 audit(0.0:19708): avc: denied { kill } for comm="swapper/3" capability=5 scontext=u:r:kernel:s0 tcontext=u:r:kernel:s0 tclass=capability permissive=0
11-11 04:03:13.295 I/auditd ( 0): type=1400 audit(0.0:19709): avc: denied { kill } for comm="swapper/3" capability=5 scontext=u:r:kernel:s0 tcontext=u:r:kernel:s0 tclass=capability permissive=0
11-11 04:03:14.299 I/auditd ( 0): type=1400 audit(0.0:19710): avc: denied { kill } for comm="swapper/3" capability=5 scontext=u:r:kernel:s0 tcontext=u:r:kernel:s0 tclass=capability permissive=0
11-11 04:03:15.295 I/auditd ( 0): type=1400 audit(0.0:19711): avc: denied { kill } for comm="swapper/3" capability=5 scontext=u:r:kernel:s0 tcontext=u:r:kernel:s0 tclass=capability permissive=0
11-11 04:03:16.295 I/auditd ( 0): type=1400 audit(0.0:19712): avc: denied { kill } for comm="swapper/3" capability=5 scontext=u:r:kernel:s0 tcontext=u:r:kernel:s0 tclass=capability permissive=0
11-11 04:03:17.295 I/auditd ( 0): type=1400 audit(0.0:19713): avc: denied { kill } for comm="swapper/3" capability=5 scontext=u:r:kernel:s0 tcontext=u:r:kernel:s0 tclass=capability permissive=0
11-11 04:03:17.751 I/auditd (13536): type=1400 audit(0.0:19714): avc: denied { read } for comm=5468726561642D32202D2031333538 name="tcp" dev="proc" ino=4026532256 scontext=u:r:untrusted_app_29:s0:c99,c256,c512,c768 tcontext=u:object_r:proc_net_tcp_udp:s0 tclass=file permissive=0 app=com.smile.gifmaker
11-11 04:03:18.295 I/auditd ( 0): type=1400 audit(0.0:19715): avc: denied { kill } for comm="swapper/3" capability=5 scontext=u:r:kernel:s0 tcontext=u:r:kernel:s0 tclass=capability permissive=0
11-11 04:03:20.295 I/auditd ( 0): type=1400 audit(0.0:19716): avc: denied { kill } for comm="swapper/3" capability=5 scontext=u:r:kernel:s0 tcontext=u:r:kernel:s0 tclass=capability permissive=0
11-11 04:03:21.295 I/auditd ( 0): type=1400 audit(0.0:19717): avc: denied { kill } for comm="swapper/3" capability=5 scontext=u:r:kernel:s0 tcontext=u:r:kernel:s0 tclass=capability permissive=0
11-11 04:03:22.295 I/auditd ( 0): type=1400 audit(0.0:19718): avc: denied { kill } for comm="swapper/3" capability=5 scontext=u:r:kernel:s0 tcontext=u:r:kernel:s0 tclass=capability permissive=0
11-11 04:03:23.295 I/auditd ( 0): type=1400 audit(0.0:19719): avc: denied { kill } for comm="swapper/3" capability=5 scontext=u:r:kernel:s0 tcontext=u:r:kernel:s0 tclass=capability permissive=0
11-11 04:03:23.371 I/auditd (13529): type=1400 audit(0.0:19720): avc: denied { read } for comm="Thread-29" name="tcp" dev="proc" ino=4026532256 scontext=u:r:untrusted_app:s0:c103,c256,c512,c768 tcontext=u:object_r:proc_net_tcp_udp:s0 tclass=file permissive=0 app=tv.danmaku.bilibilihd
11-11 04:03:24.295 I/auditd ( 0): type=1400 audit(0.0:19721): avc: denied { kill } for comm="swapper/3" capability=5 scontext=u:r:kernel:s0 tcontext=u:r:kernel:s0 tclass=capability permissive=0
11-11 04:03:25.295 I/auditd ( 0): type=1400 audit(0.0:19722): avc: denied { kill } for comm="swapper/3" capability=5 scontext=u:r:kernel:s0 tcontext=u:r:kernel:s0 tclass=capability permissive=0
11-11 04:03:26.295 I/auditd ( 0): type=1400 audit(0.0:19723): avc: denied { kill } for comm="swapper/3" capability=5 scontext=u:r:kernel:s0 tcontext=u:r:kernel:s0 tclass=capability permissive=0
11-11 04:03:27.295 I/auditd ( 0): type=1400 audit(0.0:19724): avc: denied { kill } for comm="swapper/3" capability=5 scontext=u:r:kernel:s0 tcontext=u:r:kernel:s0 tclass=capability permissive=0
11-11 04:03:28.295 I/auditd ( 0): type=1400 audit(0.0:19725): avc: denied { kill } for comm="swapper/3" capability=5 scontext=u:r:kernel:s0 tcontext=u:r:kernel:s0 tclass=capability permissive=0
11-11 04:03:28.791 I/auditd (15150): type=1400 audit(0.0:19726): avc: denied { read } for comm="aker:messagesdk" name="tcp" dev="proc" ino=4026532256 scontext=u:r:untrusted_app_29:s0:c99,c256,c512,c768 tcontext=u:object_r:proc_net_tcp_udp:s0 tclass=file permissive=0 app=com.smile.gifmaker
11-11 04:03:29.299 I/auditd ( 0): type=1400 audit(0.0:19727): avc: denied { kill } for comm="swapper/3" capability=5 scontext=u:r:kernel:s0 tcontext=u:r:kernel:s0 tclass=capability permissive=0
11-11 04:03:30.295 I/auditd ( 0): type=1400 audit(0.0:19728): avc: denied { kill } for comm="swapper/3" capability=5 scontext=u:r:kernel:s0 tcontext=u:r:kernel:s0 tclass=capability permissive=0
11-11 04:03:30.875 I/commit_sys_config_file( 1491): [appops,14572239]
11-11 04:03:31.295 I/auditd ( 0): type=1400 audit(0.0:19729): avc: denied { kill } for comm="swapper/3" capability=5 scontext=u:r:kernel:s0 tcontext=u:r:kernel:s0 tclass=capability permissive=0
11-11 04:03:32.295 I/auditd ( 0): type=1400 audit(0.0:19730): avc: denied { kill } for comm="swapper/3" capability=5 scontext=u:r:kernel:s0 tcontext=u:r:kernel:s0 tclass=capability permissive=0
11-11 04:03:33.295 I/auditd ( 0): type=1400 audit(0.0:19731): avc: denied { kill } for comm="swapper/3" capability=5 scontext=u:r:kernel:s0 tcontext=u:r:kernel:s0 tclass=capability permissive=0
11-11 04:03:34.295 I/auditd ( 0): type=1400 audit(0.0:19732): avc: denied { kill } for comm="swapper/3" capability=5 scontext=u:r:kernel:s0 tcontext=u:r:kernel:s0 tclass=capability permissive=0
11-11 04:03:35.295 I/auditd ( 0): type=1400 audit(0.0:19733): avc: denied { kill } for comm="swapper/3" capability=5 scontext=u:r:kernel:s0 tcontext=u:r:kernel:s0 tclass=capability permissive=0
11-11 04:03:36.295 I/auditd ( 0): type=1400 audit(0.0:19734): avc: denied { kill } for comm="swapper/3" capability=5 scontext=u:r:kernel:s0 tcontext=u:r:kernel:s0 tclass=capability permissive=0
11-11 04:03:37.295 I/auditd ( 0): type=1400 audit(0.0:19735): avc: denied { kill } for comm="swapper/3" capability=5 scontext=u:r:kernel:s0 tcontext=u:r:kernel:s0 tclass=capability permissive=0
11-11 04:03:38.295 I/auditd ( 0): type=1400 audit(0.0:19736): avc: denied { kill } for comm="swapper/3" capability=5 scontext=u:r:kernel:s0 tcontext=u:r:kernel:s0 tclass=capability permissive=0
11-11 04:03:40.295 I/auditd ( 0): type=1400 audit(0.0:19737): avc: denied { kill } for comm="swapper/0" capability=5 scontext=u:r:kernel:s0 tcontext=u:r:kernel:s0 tclass=capability permissive=0
11-11 04:03:40.777 I/am_uid_active( 1491): 10095
11-11 04:03:40.799 I/am_pss ( 1491): [27949,10103,tv.danmaku.bilibilihd:ijkservice,42099712,20402176,45056,168636416,0,19,14]
11-11 04:03:40.805 I/am_pss ( 1491): [27844,10086,com.android.music,7016448,4767744,45056,86253568,0,19,5]
11-11 04:03:40.846 I/am_pss ( 1491): [17338,10100,com.qiyi.video.pad,452999168,411197440,119808,610476032,0,19,39]
11-11 04:03:40.858 I/am_pss ( 1491): [26818,10100,com.qiyi.video.pad:downloader,61811712,32997376,7556096,154378240,0,19,11]
11-11 04:03:40.865 I/am_pss ( 1491): [7941,10064,com.thundercomm.gamemode.provider,12802048,3309568,8473600,54767616,0,19,5]
11-11 04:03:40.910 I/am_pss ( 1491): [13483,10098,com.ss.android.ugc.aweme,362392576,291131392,51200,616312832,0,19,43]
11-11 04:03:40.936 I/am_pss ( 1491): [15646,10098,com.ss.android.ugc.aweme:pushservice,119546880,52441088,44032,362807296,0,19,24]
11-11 04:03:40.962 I/am_pss ( 1491): [15537,10098,com.ss.android.ugc.aweme:push,122092544,55713792,44032,362024960,0,19,25]
11-11 04:03:40.983 I/am_pss ( 1491): [13511,10101,com.tencent.qqlive,115034112,72273920,23552,272261120,0,19,20]
11-11 04:03:40.998 I/am_pss ( 1491): [14597,10101,com.tencent.qqlive:services,55834624,19505152,76800,195215360,0,19,14]
11-11 04:03:41.012 I/am_pss ( 1491): [15099,10101,com.tencent.qqlive:cache,54590464,19619840,23552,192942080,0,19,13]
11-11 04:03:41.023 I/am_pss ( 1491): [13546,10094,com.tencent.qqmusicpad,52278272,35528704,23552,146501632,0,4,10]
11-11 04:03:41.031 I/am_pss ( 1491): [14144,10094,com.tencent.qqmusicpad:QQPlayerService,35059712,19017728,31744,123580416,0,4,7]
11-11 04:03:41.037 I/am_pss ( 1491): [3602,10029,com.android.packageinstaller,16300032,1331200,14227456,43905024,0,19,6]
11-11 04:03:41.044 I/am_pss ( 1491): [2834,10081,com.qualcomm.qti.workloadclassifier,14772224,12017664,872448,95985664,0,0,6]
11-11 04:03:41.050 I/am_pss ( 1491): [2809,10085,com.qualcomm.qti.qccnetstat,5547008,1138688,2797568,80592896,0,0,4]
11-11 04:03:41.055 I/am_pss ( 1491): [2803,10068,com.qualcomm.qti.services.systemhelper:systemhelper_service,5598208,1384448,2613248,80601088,0,0,4]
11-11 04:03:41.061 I/am_pss ( 1491): [2779,10058,.pasr,5168128,1138688,2446336,79089664,0,0,5]
11-11 04:03:41.068 I/am_pss ( 1491): [2743,1000,com.hryt.hiphishowfsecontrol,6555648,1892352,2789376,87003136,0,0,6]
11-11 04:03:41.073 I/am_pss ( 1491): [2723,10055,ts.car.uart,5233664,1110016,2539520,79364096,0,0,5]
11-11 04:03:41.080 I/am_pss ( 1491): [2722,10084,com.hht.lebocast,19958784,14622720,612352,94670848,0,0,6]
11-11 04:03:41.086 I/am_pss ( 1491): [3386,10062,com.qualcomm.qti.devicestatisticsservice,5109760,3481600,46080,81313792,0,0,5]
11-11 04:03:41.093 I/am_pss ( 1491): [2278,1000,com.thundercomm.remotecontrolservice,14096384,11132928,851968,97828864,0,0,5]
11-11 04:03:41.099 I/am_pss ( 1491): [2318,1000,com.qualcomm.qti.qdma,8887296,4239360,2682880,91873280,0,0,5]
11-11 04:03:41.105 I/am_pss ( 1491): [2300,1000,com.thundercomm.tcservice,7826432,3698688,2379776,86638592,0,0,5]
11-11 04:03:41.110 I/am_pss ( 1491): [2267,1068,com.android.se,5482496,1167360,2695168,80728064,0,0,5]
11-11 04:03:41.115 I/am_pss ( 1491): [2251,10083,com.qti.qualcomm.mstatssystemservice,5264384,1019904,2658304,79376384,0,0,4]
11-11 04:03:41.120 I/am_pss ( 1491): [2234,1000,vendor.qti.qesdk.sysservice,5323776,1105920,2588672,80818176,0,0,5]
11-11 04:03:41.125 I/am_pss ( 1491): [2216,1000,com.thundercomm.tcsetupwizard,5368832,1101824,2691072,79360000,0,0,4]
11-11 04:03:41.130 I/am_pss ( 1491): [2213,1000,com.tc.logclient,6133760,1789952,2637824,84094976,0,0,5]
11-11 04:03:41.135 I/am_pss ( 1491): [2186,1000,com.thundercomm.tchttpserver,5691392,1339392,2727936,81227776,0,0,4]
11-11 04:03:41.140 I/am_pss ( 1491): [2164,10053,.qtidataservices,5491712,1433600,2441216,80510976,0,0,4]
11-11 04:03:41.145 I/am_pss ( 1491): [2145,1000,com.thundercomm.microsettings,9622528,2019328,3117056,96260096,0,0,4]
11-11 04:03:41.151 I/am_pss ( 1491): [2135,1000,com.thundercomm.microservice,21566464,17989632,1798144,100257792,0,0,5]
11-11 04:03:41.156 I/am_pss ( 1491): [2083,1000,com.thundercomm.gamemode,14393344,10633216,1173504,104718336,0,0,5]
11-11 04:03:42.295 I/auditd ( 0): type=1400 audit(0.0:19738): avc: denied { kill } for comm="swapper/0" capability=5 scontext=u:r:kernel:s0 tcontext=u:r:kernel:s0 tclass=capability permissive=0
11-11 04:03:44.295 I/auditd ( 0): type=1400 audit(0.0:19739): avc: denied { kill } for comm="swapper/2" capability=5 scontext=u:r:kernel:s0 tcontext=u:r:kernel:s0 tclass=capability permissive=0
11-11 04:03:45.295 I/auditd ( 0): type=1400 audit(0.0:19740): avc: denied { kill } for comm="swapper/2" capability=5 scontext=u:r:kernel:s0 tcontext=u:r:kernel:s0 tclass=capability permissive=0
11-11 04:03:46.295 I/auditd ( 0): type=1400 audit(0.0:19741): avc: denied { kill } for comm="swapper/2" capability=5 scontext=u:r:kernel:s0 tcontext=u:r:kernel:s0 tclass=capability permissive=0
11-11 04:03:47.295 I/auditd ( 0): type=1400 audit(0.0:19742): avc: denied { kill } for comm="swapper/2" capability=5 scontext=u:r:kernel:s0 tcontext=u:r:kernel:s0 tclass=capability permissive=0
11-11 04:03:48.033 I/netstats_mobile_sample( 1491): [0,0,0,0,0,0,0,0,0,0,0,0,1668096228033]
11-11 04:03:48.034 I/netstats_wifi_sample( 1491): [2155075634,2009457,226073238,1057108,2155075634,2009457,226073238,1057108,2532669225,2574024,148767331,913619,1668096228033]
11-11 04:03:48.295 I/auditd ( 0): type=1400 audit(0.0:19743): avc: denied { kill } for comm="swapper/2" capability=5 scontext=u:r:kernel:s0 tcontext=u:r:kernel:s0 tclass=capability permissive=0
11-11 04:03:49.078 I/am_freeze( 1491): [7941,com.thundercomm.gamemode.provider]
11-11 04:03:49.081 I/am_kill ( 1491): [0,7941,com.thundercomm.gamemode.provider,955,Unable to freeze binder interface]
11-11 04:03:49.114 I/am_proc_died( 1491): [0,7941,com.thundercomm.gamemode.provider,955,19]
11-11 04:03:49.115 I/am_uid_stopped( 1491): 10064
11-11 04:03:49.134 I/am_pss ( 1491): [15150,10099,com.smile.gifmaker:messagesdk,73445376,27049984,183296,197898240,0,8,16]
11-11 04:03:49.163 I/am_pss ( 1491): [13536,10099,com.smile.gifmaker,260244480,209932288,22528,399388672,0,8,27]
11-11 04:03:49.180 I/am_pss ( 1491): [16828,10098,com.ss.android.ugc.aweme:sandboxed_process1,61576192,30273536,250880,222461952,0,19,16]
11-11 04:03:49.295 I/auditd ( 0): type=1400 audit(0.0:19744): avc: denied { kill } for comm="swapper/2" capability=5 scontext=u:r:kernel:s0 tcontext=u:r:kernel:s0 tclass=capability permissive=0
11-11 04:03:50.295 I/auditd ( 0): type=1400 audit(0.0:19745): avc: denied { kill } for comm="swapper/2" capability=5 scontext=u:r:kernel:s0 tcontext=u:r:kernel:s0 tclass=capability permissive=0
11-11 04:03:50.710 I/am_freeze( 1491): [27016,com.qiyi.video.pad:plugin1]
11-11 04:03:50.712 I/am_kill ( 1491): [0,27016,com.qiyi.video.pad:plugin1,945,Unable to freeze binder interface]
11-11 04:03:50.755 I/am_proc_died( 1491): [0,27016,com.qiyi.video.pad:plugin1,945,19]
11-11 04:03:50.758 I/am_schedule_service_restart( 1491): [0,com.qiyi.video.pad/org.qiyi.android.plugin.ipc.IPCService1,1000]
11-11 04:03:51.295 I/auditd ( 0): type=1400 audit(0.0:19746): avc: denied { kill } for comm="swapper/2" capability=5 scontext=u:r:kernel:s0 tcontext=u:r:kernel:s0 tclass=capability permissive=0
11-11 04:03:51.782 I/am_proc_start( 1491): [0,29058,10100,com.qiyi.video.pad:plugin1,service,{com.qiyi.video.pad/org.qiyi.android.plugin.ipc.IPCService1}]
11-11 04:03:51.821 I/am_proc_bound( 1491): [0,29058,com.qiyi.video.pad:plugin1]
11-11 04:03:53.295 I/auditd ( 0): type=1400 audit(0.0:19747): avc: denied { kill } for comm="swapper/0" capability=5 scontext=u:r:kernel:s0 tcontext=u:r:kernel:s0 tclass=capability permissive=0
11-11 04:03:53.479 I/auditd (13529): type=1400 audit(0.0:19748): avc: denied { read } for comm="Thread-29" name="tcp" dev="proc" ino=4026532256 scontext=u:r:untrusted_app:s0:c103,c256,c512,c768 tcontext=u:object_r:proc_net_tcp_udp:s0 tclass=file permissive=0 app=tv.danmaku.bilibilihd
11-11 04:03:54.295 I/auditd ( 0): type=1400 audit(0.0:19749): avc: denied { kill } for comm="swapper/0" capability=5 scontext=u:r:kernel:s0 tcontext=u:r:kernel:s0 tclass=capability permissive=0
11-11 04:03:55.295 I/auditd ( 0): type=1400 audit(0.0:19750): avc: denied { kill } for comm="swapper/0" capability=5 scontext=u:r:kernel:s0 tcontext=u:r:kernel:s0 tclass=capability permissive=0
11-11 04:03:55.459 I/service_manager_stats(13529): [200,80,311443]
11-11 04:03:56.295 I/auditd ( 0): type=1400 audit(0.0:19751): avc: denied { kill } for comm="swapper/0" capability=5 scontext=u:r:kernel:s0 tcontext=u:r:kernel:s0 tclass=capability permissive=0
11-11 04:03:57.295 I/auditd ( 0): type=1400 audit(0.0:19752): avc: denied { kill } for comm="swapper/0" capability=5 scontext=u:r:kernel:s0 tcontext=u:r:kernel:s0 tclass=capability permissive=0
11-11 04:03:57.988 I/input_interaction( 1491): Interaction with: 3721194 com.thundercomm.screensaver/android.service.dreams.DreamActivity (server), edge-swipe (server), swipe-up (server), PointerEventDispatcher0 (server),
11-11 04:03:57.991 I/wm_finish_activity( 1491): [0,210300648,145,com.thundercomm.screensaver/android.service.dreams.DreamActivity,finish-activity]
11-11 04:03:57.992 I/wm_task_moved( 1491): [1,1,6]
11-11 04:03:57.992 I/wm_task_moved( 1491): [90,1,2147483647]
11-11 04:03:57.993 I/wm_task_to_front( 1491): [0,90]
11-11 04:03:57.993 I/wm_focused_root_task( 1491): [0,0,1,145,finish-top adjustFocusToNextFocusableTask]
11-11 04:03:57.993 I/wm_set_resumed_activity( 1491): [0,com.android.launcher3/.uioverrides.QuickstepLauncher,finish-top adjustFocusToNextFocusableTask]
11-11 04:03:57.995 I/wm_pause_activity( 1491): [0,210300648,com.thundercomm.screensaver/android.service.dreams.DreamActivity,userLeaving=false,finish]
11-11 04:03:58.002 I/sysui_multi_action( 1491): [757,803,799,window_time_0,802,808]
11-11 04:03:58.007 I/wm_on_top_resumed_lost_called( 5486): [210300648,android.service.dreams.DreamActivity,topStateChangedWhenResumed]
11-11 04:03:58.008 I/wm_on_paused_called( 5486): [210300648,android.service.dreams.DreamActivity,performPause]
11-11 04:03:58.009 I/wm_add_to_stopping( 1491): [0,210300648,com.thundercomm.screensaver/android.service.dreams.DreamActivity,completeFinishing]
11-11 04:03:58.011 I/wm_set_resumed_activity( 1491): [0,com.android.launcher3/.uioverrides.QuickstepLauncher,resumeTopActivityInnerLocked]
11-11 04:03:58.014 I/wm_resume_activity( 1491): [0,146330618,90,com.android.launcher3/.uioverrides.QuickstepLauncher]
11-11 04:03:58.021 I/sysui_multi_action( 1491): [757,803,799,window_time_0,802,0]
11-11 04:03:58.021 I/wm_on_restart_called( 2490): [146330618,com.android.launcher3.uioverrides.QuickstepLauncher,performRestartActivity]
11-11 04:03:58.021 I/wm_on_start_called( 2490): [146330618,com.android.launcher3.uioverrides.QuickstepLauncher,handleStartActivity]
11-11 04:03:58.022 I/wm_on_resume_called( 2490): [146330618,com.android.launcher3.uioverrides.QuickstepLauncher,RESUME_ACTIVITY]
11-11 04:03:58.022 I/wm_on_top_resumed_gained_called( 2490): [146330618,com.android.launcher3.uioverrides.QuickstepLauncher,topWhenResuming]
11-11 04:03:58.029 I/am_uid_running( 1491): 10064
11-11 04:03:58.035 I/view_enqueue_input_event( 5486): [Motion - Cancel,com.thundercomm.screensaver/android.service.dreams.DreamActivity]
11-11 04:03:58.036 I/input_focus( 1491): [Focus leaving 3721194 com.thundercomm.screensaver/android.service.dreams.DreamActivity (server),reason=NO_WINDOW]
11-11 04:03:58.038 I/am_proc_start( 1491): [0,29194,10064,com.thundercomm.gamemode.provider,content provider,{com.thundercomm.gamemode.provider/com.thundercomm.gamemode.provider.SettingsProvider}]
11-11 04:03:58.040 I/input_focus( 1491): [Focus request 61dc244 com.android.launcher3/com.android.launcher3.uioverrides.QuickstepLauncher,reason=UpdateInputWindows]
11-11 04:03:58.062 I/am_proc_bound( 1491): [0,29194,com.thundercomm.gamemode.provider]
11-11 04:03:58.062 I/input_focus( 1491): [Focus entering 61dc244 com.android.launcher3/com.android.launcher3.uioverrides.QuickstepLauncher (server),reason=setFocusedWindow]
11-11 04:03:58.064 I/am_uid_active( 1491): 10064
11-11 04:03:58.293 I/wm_destroy_activity( 1491): [0,210300648,145,com.thundercomm.screensaver/android.service.dreams.DreamActivity,finish-imm:idle]
11-11 04:03:58.295 I/auditd ( 0): type=1400 audit(0.0:19753): avc: denied { kill } for comm="swapper/0" capability=5 scontext=u:r:kernel:s0 tcontext=u:r:kernel:s0 tclass=capability permissive=0
11-11 04:03:58.317 I/wm_on_stop_called( 5486): [210300648,android.service.dreams.DreamActivity,LIFECYCLER_STOP_ACTIVITY]
11-11 04:03:58.319 I/wm_on_destroy_called( 5486): [210300648,android.service.dreams.DreamActivity,performDestroy]
11-11 04:03:58.320 I/sysui_multi_action( 1491): [757,222,758,2]
11-11 04:03:58.320 I/sysui_multi_action( 1491): [757,804,799,dreaming_minutes,801,13,802,1]
11-11 04:03:58.333 I/wm_task_removed( 1491): [145,removeChild:removeChild last r=ActivityRecord{c88eee8 u0 com.thundercomm.screensaver/android.service.dreams.DreamActivity t-1 f}} in t=Task{73b817e #145 type=dream A=10051:android:com.thundercomm.screensaver/dream U=0 visible=false mode=fullscreen translucent=true sz=0}]
11-11 04:03:58.333 I/wm_task_removed( 1491): [145,removeChild]
11-11 04:03:59.295 I/auditd ( 0): type=1400 audit(0.0:19754): avc: denied { kill } for comm="swapper/0" capability=5 scontext=u:r:kernel:s0 tcontext=u:r:kernel:s0 tclass=capability permissive=0
11-11 04:04:00.295 I/auditd ( 0): type=1400 audit(0.0:19755): avc: denied { kill } for comm="swapper/0" capability=5 scontext=u:r:kernel:s0 tcontext=u:r:kernel:s0 tclass=capability permissive=0
11-11 04:04:01.295 I/auditd ( 0): type=1400 audit(0.0:19756): avc: denied { kill } for comm="swapper/0" capability=5 scontext=u:r:kernel:s0 tcontext=u:r:kernel:s0 tclass=capability permissive=0
11-11 04:04:02.295 I/auditd ( 0): type=1400 audit(0.0:19757): avc: denied { kill } for comm="swapper/0" capability=5 scontext=u:r:kernel:s0 tcontext=u:r:kernel:s0 tclass=capability permissive=0
11-11 04:04:03.295 I/auditd ( 0): type=1400 audit(0.0:19758): avc: denied { kill } for comm="swapper/0" capability=5 scontext=u:r:kernel:s0 tcontext=u:r:kernel:s0 tclass=capability permissive=0
11-11 04:04:04.295 I/auditd ( 0): type=1400 audit(0.0:19759): avc: denied { kill } for comm="swapper/0" capability=5 scontext=u:r:kernel:s0 tcontext=u:r:kernel:s0 tclass=capability permissive=0
11-11 04:04:05.295 I/auditd ( 0): type=1400 audit(0.0:19760): avc: denied { kill } for comm="swapper/0" capability=5 scontext=u:r:kernel:s0 tcontext=u:r:kernel:s0 tclass=capability permissive=0
11-11 04:04:06.295 I/auditd ( 0): type=1400 audit(0.0:19761): avc: denied { kill } for comm="swapper/0" capability=5 scontext=u:r:kernel:s0 tcontext=u:r:kernel:s0 tclass=capability permissive=0
