11-11 04:09:22.224 W/View ( 1971): requestLayout() improperly called by android.widget.FrameLayout{6741a03 I.E...... ......ID 0,0-780,182 #2bc} during second layout pass: posting in next frame
11-11 04:09:22.224 W/View ( 1971): requestLayout() improperly called by com.android.systemui.statusbar.AlphaOptimizedImageView{251aab2 VFED..C.. ......ID 0,0-140,182} during second layout pass: posting in next frame
11-11 04:09:22.238 W/View ( 1971): requestLayout() improperly called by android.widget.FrameLayout{6741a03 I.E...... ......ID 0,0-780,182 #2bc} during layout: running second layout pass
11-11 04:09:22.238 W/View ( 1971): requestLayout() improperly called by com.android.systemui.statusbar.AlphaOptimizedImageView{251aab2 VFED..C.. ......ID 0,0-140,182} during layout: running second layout pass
11-11 04:09:22.240 W/View ( 1971): requestLayout() improperly called by android.widget.FrameLayout{6741a03 I.E...... ......ID 0,0-780,182 #2bc} during second layout pass: posting in next frame
11-11 04:09:22.240 W/View ( 1971): requestLayout() improperly called by com.android.systemui.statusbar.AlphaOptimizedImageView{251aab2 VFED..C.. ......ID 0,0-140,182} during second layout pass: posting in next frame
11-11 04:09:22.254 W/View ( 1971): requestLayout() improperly called by android.widget.FrameLayout{6741a03 I.E...... ......ID 0,0-780,182 #2bc} during layout: running second layout pass
11-11 04:09:22.254 W/View ( 1971): requestLayout() improperly called by com.android.systemui.statusbar.AlphaOptimizedImageView{251aab2 VFED..C.. ......ID 0,0-140,182} during layout: running second layout pass
11-11 04:09:22.272 W/View ( 1971): requestLayout() improperly called by android.widget.FrameLayout{6741a03 I.E...... ......ID 0,0-780,182 #2bc} during second layout pass: posting in next frame
11-11 04:09:22.272 W/View ( 1971): requestLayout() improperly called by com.android.systemui.statusbar.AlphaOptimizedImageView{251aab2 VFED..C.. ......ID 0,0-140,182} during second layout pass: posting in next frame
11-11 04:09:22.290 W/View ( 1971): requestLayout() improperly called by android.widget.FrameLayout{6741a03 I.E...... ......ID 0,0-780,182 #2bc} during layout: running second layout pass
11-11 04:09:22.290 W/View ( 1971): requestLayout() improperly called by com.android.systemui.statusbar.AlphaOptimizedImageView{251aab2 VFED..C.. ......ID 0,0-140,182} during layout: running second layout pass
11-11 04:09:22.292 W/View ( 1971): requestLayout() improperly called by android.widget.FrameLayout{6741a03 I.E...... ......ID 0,0-780,182 #2bc} during second layout pass: posting in next frame
11-11 04:09:22.292 W/View ( 1971): requestLayout() improperly called by com.android.systemui.statusbar.AlphaOptimizedImageView{251aab2 VFED..C.. ......ID 0,0-140,182} during second layout pass: posting in next frame
11-11 04:09:22.295 I/auditd ( 0): type=1400 audit(0.0:20097): avc: denied { kill } for comm="swapper/1" capability=5 scontext=u:r:kernel:s0 tcontext=u:r:kernel:s0 tclass=capability permissive=0
11-11 04:09:22.295 W/swapper/1( 0): type=1400 audit(0.0:20097): avc: denied { kill } for capability=5 scontext=u:r:kernel:s0 tcontext=u:r:kernel:s0 tclass=capability permissive=0
11-11 04:09:22.305 W/View ( 1971): requestLayout() improperly called by android.widget.FrameLayout{6741a03 I.E...... ......ID 0,0-780,182 #2bc} during layout: running second layout pass
11-11 04:09:22.305 W/View ( 1971): requestLayout() improperly called by com.android.systemui.statusbar.AlphaOptimizedImageView{251aab2 VFED..C.. ......ID 0,0-140,182} during layout: running second layout pass
11-11 04:09:22.308 W/View ( 1971): requestLayout() improperly called by android.widget.FrameLayout{6741a03 I.E...... ......ID 0,0-780,182 #2bc} during second layout pass: posting in next frame
11-11 04:09:22.308 W/View ( 1971): requestLayout() improperly called by com.android.systemui.statusbar.AlphaOptimizedImageView{251aab2 VFED..C.. ......ID 0,0-140,182} during second layout pass: posting in next frame
11-11 04:09:22.322 W/View ( 1971): requestLayout() improperly called by android.widget.FrameLayout{6741a03 I.E...... ......ID 0,0-780,182 #2bc} during layout: running second layout pass
11-11 04:09:22.322 W/View ( 1971): requestLayout() improperly called by com.android.systemui.statusbar.AlphaOptimizedImageView{251aab2 VFED..C.. ......ID 0,0-140,182} during layout: running second layout pass
11-11 04:09:22.328 W/View ( 1971): requestLayout() improperly called by android.widget.FrameLayout{6741a03 I.E...... ......ID 0,0-780,182 #2bc} during second layout pass: posting in next frame
11-11 04:09:22.328 W/View ( 1971): requestLayout() improperly called by com.android.systemui.statusbar.AlphaOptimizedImageView{251aab2 VFED..C.. ......ID 0,0-140,182} during second layout pass: posting in next frame
11-11 04:09:22.338 W/View ( 1971): requestLayout() improperly called by android.widget.FrameLayout{6741a03 I.E...... ......ID 0,0-780,182 #2bc} during layout: running second layout pass
11-11 04:09:22.338 W/View ( 1971): requestLayout() improperly called by com.android.systemui.statusbar.AlphaOptimizedImageView{251aab2 VFED..C.. ......ID 0,0-140,182} during layout: running second layout pass
11-11 04:09:22.354 W/View ( 1971): requestLayout() improperly called by android.widget.FrameLayout{6741a03 I.E...... ......ID 0,0-780,182 #2bc} during second layout pass: posting in next frame
11-11 04:09:22.354 W/View ( 1971): requestLayout() improperly called by com.android.systemui.statusbar.AlphaOptimizedImageView{251aab2 VFED..C.. ......ID 0,0-140,182} during second layout pass: posting in next frame
11-11 04:09:22.372 W/View ( 1971): requestLayout() improperly called by android.widget.FrameLayout{6741a03 I.E...... ......ID 0,0-780,182 #2bc} during layout: running second layout pass
11-11 04:09:22.372 W/View ( 1971): requestLayout() improperly called by com.android.systemui.statusbar.AlphaOptimizedImageView{251aab2 VFED..C.. ......ID 0,0-140,182} during layout: running second layout pass
11-11 04:09:22.387 W/View ( 1971): requestLayout() improperly called by android.widget.FrameLayout{6741a03 I.E...... ......ID 0,0-780,182 #2bc} during second layout pass: posting in next frame
11-11 04:09:22.387 W/View ( 1971): requestLayout() improperly called by com.android.systemui.statusbar.AlphaOptimizedImageView{251aab2 VFED..C.. ......ID 0,0-140,182} during second layout pass: posting in next frame
11-11 04:09:22.408 W/View ( 1971): requestLayout() improperly called by android.widget.FrameLayout{6741a03 I.E...... ......ID 0,0-780,182 #2bc} during layout: running second layout pass
11-11 04:09:22.408 W/View ( 1971): requestLayout() improperly called by com.android.systemui.statusbar.AlphaOptimizedImageView{251aab2 VFED..C.. ......ID 0,0-140,182} during layout: running second layout pass
11-11 04:09:22.415 W/View ( 1971): requestLayout() improperly called by android.widget.FrameLayout{6741a03 I.E...... ......ID 0,0-780,182 #2bc} during second layout pass: posting in next frame
11-11 04:09:22.415 W/View ( 1971): requestLayout() improperly called by com.android.systemui.statusbar.AlphaOptimizedImageView{251aab2 VFED..C.. ......ID 0,0-140,182} during second layout pass: posting in next frame
11-11 04:09:22.423 W/View ( 1971): requestLayout() improperly called by android.widget.FrameLayout{6741a03 I.E...... ......ID 0,0-780,182 #2bc} during layout: running second layout pass
11-11 04:09:22.423 W/View ( 1971): requestLayout() improperly called by com.android.systemui.statusbar.AlphaOptimizedImageView{251aab2 VFED..C.. ......ID 0,0-140,182} during layout: running second layout pass
11-11 04:09:22.426 W/ndroid.systemu( 1971): Reducing the number of considered missed Gc histogram windows from 120 to 100
11-11 04:09:22.426 I/mpu_uart( 648): [MSG-P:RECV]:No message received in 1000 ms
11-11 04:09:22.428 W/View ( 1971): requestLayout() improperly called by android.widget.FrameLayout{6741a03 I.E...... ......ID 0,0-780,182 #2bc} during second layout pass: posting in next frame
11-11 04:09:22.428 W/View ( 1971): requestLayout() improperly called by com.android.systemui.statusbar.AlphaOptimizedImageView{251aab2 VFED..C.. ......ID 0,0-140,182} during second layout pass: posting in next frame
11-11 04:09:22.435 W/System ( 1971): A resource failed to call release.
11-11 04:09:22.435 W/System ( 1971): A resource failed to call release.
11-11 04:09:22.442 W/View ( 1971): requestLayout() improperly called by android.widget.FrameLayout{6741a03 I.E...... ......ID 0,0-780,182 #2bc} during layout: running second layout pass
11-11 04:09:22.443 W/View ( 1971): requestLayout() improperly called by com.android.systemui.statusbar.AlphaOptimizedImageView{251aab2 VFED..C.. ......ID 0,0-140,182} during layout: running second layout pass
11-11 04:09:22.453 W/System ( 1971): A resource failed to call release.
11-11 04:09:22.455 W/View ( 1971): requestLayout() improperly called by android.widget.FrameLayout{6741a03 I.E...... ......ID 0,0-780,182 #2bc} during second layout pass: posting in next frame
11-11 04:09:22.455 W/View ( 1971): requestLayout() improperly called by com.android.systemui.statusbar.AlphaOptimizedImageView{251aab2 VFED..C.. ......ID 0,0-140,182} during second layout pass: posting in next frame
11-11 04:09:22.477 W/View ( 1971): requestLayout() improperly called by android.widget.FrameLayout{6741a03 I.E...... ......ID 0,0-780,182 #2bc} during layout: running second layout pass
11-11 04:09:22.477 W/View ( 1971): requestLayout() improperly called by com.android.systemui.statusbar.AlphaOptimizedImageView{251aab2 VFED..C.. ......ID 0,0-140,182} during layout: running second layout pass
11-11 04:09:22.480 W/View ( 1971): requestLayout() improperly called by android.widget.FrameLayout{6741a03 I.E...... ......ID 0,0-780,182 #2bc} during second layout pass: posting in next frame
11-11 04:09:22.480 W/View ( 1971): requestLayout() improperly called by com.android.systemui.statusbar.AlphaOptimizedImageView{251aab2 VFED..C.. ......ID 0,0-140,182} during second layout pass: posting in next frame
11-11 04:09:22.490 W/View ( 1971): requestLayout() improperly called by android.widget.FrameLayout{6741a03 I.E...... ......ID 0,0-780,182 #2bc} during layout: running second layout pass
11-11 04:09:22.490 W/View ( 1971): requestLayout() improperly called by com.android.systemui.statusbar.AlphaOptimizedImageView{251aab2 VFED..C.. ......ID 0,0-140,182} during layout: running second layout pass
11-11 04:09:22.504 W/View ( 1971): requestLayout() improperly called by android.widget.FrameLayout{6741a03 I.E...... ......ID 0,0-780,182 #2bc} during second layout pass: posting in next frame
11-11 04:09:22.504 W/View ( 1971): requestLayout() improperly called by com.android.systemui.statusbar.AlphaOptimizedImageView{251aab2 VFED..C.. ......ID 0,0-140,182} during second layout pass: posting in next frame
11-11 04:09:22.522 W/View ( 1971): requestLayout() improperly called by android.widget.FrameLayout{6741a03 I.E...... ......ID 0,0-780,182 #2bc} during layout: running second layout pass
11-11 04:09:22.522 W/View ( 1971): requestLayout() improperly called by com.android.systemui.statusbar.AlphaOptimizedImageView{251aab2 VFED..C.. ......ID 0,0-140,182} during layout: running second layout pass
11-11 04:09:22.523 W/View ( 1971): requestLayout() improperly called by android.widget.FrameLayout{6741a03 I.E...... ......ID 0,0-780,182 #2bc} during second layout pass: posting in next frame
11-11 04:09:22.523 W/View ( 1971): requestLayout() improperly called by com.android.systemui.statusbar.AlphaOptimizedImageView{251aab2 VFED..C.. ......ID 0,0-140,182} during second layout pass: posting in next frame
11-11 04:09:22.538 W/View ( 1971): requestLayout() improperly called by android.widget.FrameLayout{6741a03 I.E...... ......ID 0,0-780,182 #2bc} during layout: running second layout pass
11-11 04:09:22.538 W/View ( 1971): requestLayout() improperly called by com.android.systemui.statusbar.AlphaOptimizedImageView{251aab2 VFED..C.. ......ID 0,0-140,182} during layout: running second layout pass
11-11 04:09:22.540 W/View ( 1971): requestLayout() improperly called by android.widget.FrameLayout{6741a03 I.E...... ......ID 0,0-780,182 #2bc} during second layout pass: posting in next frame
11-11 04:09:22.540 W/View ( 1971): requestLayout() improperly called by com.android.systemui.statusbar.AlphaOptimizedImageView{251aab2 VFED..C.. ......ID 0,0-140,182} during second layout pass: posting in next frame
11-11 04:09:22.556 W/View ( 1971): requestLayout() improperly called by android.widget.FrameLayout{6741a03 I.E...... ......ID 0,0-780,182 #2bc} during layout: running second layout pass
11-11 04:09:22.556 W/View ( 1971): requestLayout() improperly called by com.android.systemui.statusbar.AlphaOptimizedImageView{251aab2 VFED..C.. ......ID 0,0-140,182} during layout: running second layout pass
11-11 04:09:22.588 W/View ( 1971): requestLayout() improperly called by android.widget.FrameLayout{6741a03 I.E...... ......ID 0,0-780,182 #2bc} during second layout pass: posting in next frame
11-11 04:09:22.588 W/View ( 1971): requestLayout() improperly called by com.android.systemui.statusbar.AlphaOptimizedImageView{251aab2 VFED..C.. ......ID 0,0-140,182} during second layout pass: posting in next frame
11-11 04:09:22.595 W/kcp_info(17338): HCDN_LOG: [T:18541]Update: udp kcp size[0], timeout kcp size[0]
11-11 04:09:22.606 W/View ( 1971): requestLayout() improperly called by android.widget.FrameLayout{6741a03 I.E...... ......ID 0,0-780,182 #2bc} during layout: running second layout pass
11-11 04:09:22.606 W/View ( 1971): requestLayout() improperly called by com.android.systemui.statusbar.AlphaOptimizedImageView{251aab2 VFED..C.. ......ID 0,0-140,182} during layout: running second layout pass
11-11 04:09:22.609 W/View ( 1971): requestLayout() improperly called by android.widget.FrameLayout{6741a03 I.E...... ......ID 0,0-780,182 #2bc} during second layout pass: posting in next frame
11-11 04:09:22.609 W/View ( 1971): requestLayout() improperly called by com.android.systemui.statusbar.AlphaOptimizedImageView{251aab2 VFED..C.. ......ID 0,0-140,182} during second layout pass: posting in next frame
11-11 04:09:22.622 W/View ( 1971): requestLayout() improperly called by android.widget.FrameLayout{6741a03 I.E...... ......ID 0,0-780,182 #2bc} during layout: running second layout pass
11-11 04:09:22.622 W/View ( 1971): requestLayout() improperly called by com.android.systemui.statusbar.AlphaOptimizedImageView{251aab2 VFED..C.. ......ID 0,0-140,182} during layout: running second layout pass
11-11 04:09:22.655 W/View ( 1971): requestLayout() improperly called by android.widget.FrameLayout{6741a03 I.E...... ......ID 0,0-780,182 #2bc} during second layout pass: posting in next frame
11-11 04:09:22.655 W/View ( 1971): requestLayout() improperly called by com.android.systemui.statusbar.AlphaOptimizedImageView{251aab2 VFED..C.. ......ID 0,0-140,182} during second layout pass: posting in next frame
11-11 04:09:22.663 I/mpu_uart( 648): [MSG-P:R]:recv sync frame timeout
11-11 04:09:22.673 W/View ( 1971): requestLayout() improperly called by android.widget.FrameLayout{6741a03 I.E...... ......ID 0,0-780,182 #2bc} during layout: running second layout pass
11-11 04:09:22.674 W/View ( 1971): requestLayout() improperly called by com.android.systemui.statusbar.AlphaOptimizedImageView{251aab2 VFED..C.. ......ID 0,0-140,182} during layout: running second layout pass
11-11 04:09:22.688 W/View ( 1971): requestLayout() improperly called by android.widget.FrameLayout{6741a03 I.E...... ......ID 0,0-780,182 #2bc} during second layout pass: posting in next frame
11-11 04:09:22.688 W/View ( 1971): requestLayout() improperly called by com.android.systemui.statusbar.AlphaOptimizedImageView{251aab2 VFED..C.. ......ID 0,0-140,182} during second layout pass: posting in next frame
11-11 04:09:22.707 W/View ( 1971): requestLayout() improperly called by android.widget.FrameLayout{6741a03 I.E...... ......ID 0,0-780,182 #2bc} during layout: running second layout pass
11-11 04:09:22.707 W/View ( 1971): requestLayout() improperly called by com.android.systemui.statusbar.AlphaOptimizedImageView{251aab2 VFED..C.. ......ID 0,0-140,182} during layout: running second layout pass
11-11 04:09:22.711 W/View ( 1971): requestLayout() improperly called by android.widget.FrameLayout{6741a03 I.E...... ......ID 0,0-780,182 #2bc} during second layout pass: posting in next frame
11-11 04:09:22.711 W/View ( 1971): requestLayout() improperly called by com.android.systemui.statusbar.AlphaOptimizedImageView{251aab2 VFED..C.. ......ID 0,0-140,182} during second layout pass: posting in next frame
11-11 04:09:22.722 W/View ( 1971): requestLayout() improperly called by android.widget.FrameLayout{6741a03 I.E...... ......ID 0,0-780,182 #2bc} during layout: running second layout pass
11-11 04:09:22.723 W/View ( 1971): requestLayout() improperly called by com.android.systemui.statusbar.AlphaOptimizedImageView{251aab2 VFED..C.. ......ID 0,0-140,182} during layout: running second layout pass
11-11 04:09:22.773 W/View ( 1971): requestLayout() improperly called by android.widget.FrameLayout{6741a03 I.E...... ......ID 0,0-780,182 #2bc} during second layout pass: posting in next frame
11-11 04:09:22.773 W/View ( 1971): requestLayout() improperly called by com.android.systemui.statusbar.AlphaOptimizedImageView{251aab2 VFED..C.. ......ID 0,0-140,182} during second layout pass: posting in next frame
11-11 04:09:22.790 W/View ( 1971): requestLayout() improperly called by android.widget.FrameLayout{6741a03 I.E...... ......ID 0,0-780,182 #2bc} during layout: running second layout pass
11-11 04:09:22.790 W/View ( 1971): requestLayout() improperly called by com.android.systemui.statusbar.AlphaOptimizedImageView{251aab2 VFED..C.. ......ID 0,0-140,182} during layout: running second layout pass
11-11 04:09:22.838 W/View ( 1971): requestLayout() improperly called by android.widget.FrameLayout{6741a03 I.E...... ......ID 0,0-780,182 #2bc} during second layout pass: posting in next frame
11-11 04:09:22.839 W/View ( 1971): requestLayout() improperly called by com.android.systemui.statusbar.AlphaOptimizedImageView{251aab2 VFED..C.. ......ID 0,0-140,182} during second layout pass: posting in next frame
11-11 04:09:22.857 W/View ( 1971): requestLayout() improperly called by android.widget.FrameLayout{6741a03 I.E...... ......ID 0,0-780,182 #2bc} during layout: running second layout pass
11-11 04:09:22.857 W/View ( 1971): requestLayout() improperly called by com.android.systemui.statusbar.AlphaOptimizedImageView{251aab2 VFED..C.. ......ID 0,0-140,182} during layout: running second layout pass
11-11 04:09:22.889 W/View ( 1971): requestLayout() improperly called by android.widget.FrameLayout{6741a03 I.E...... ......ID 0,0-780,182 #2bc} during second layout pass: posting in next frame
11-11 04:09:22.889 W/View ( 1971): requestLayout() improperly called by com.android.systemui.statusbar.AlphaOptimizedImageView{251aab2 VFED..C.. ......ID 0,0-140,182} during second layout pass: posting in next frame
11-11 04:09:22.907 W/View ( 1971): requestLayout() improperly called by android.widget.FrameLayout{6741a03 I.E...... ......ID 0,0-780,182 #2bc} during layout: running second layout pass
11-11 04:09:22.907 W/View ( 1971): requestLayout() improperly called by com.android.systemui.statusbar.AlphaOptimizedImageView{251aab2 VFED..C.. ......ID 0,0-140,182} during layout: running second layout pass
11-11 04:09:22.922 W/View ( 1971): requestLayout() improperly called by android.widget.FrameLayout{6741a03 I.E...... ......ID 0,0-780,182 #2bc} during second layout pass: posting in next frame
11-11 04:09:22.922 W/View ( 1971): requestLayout() improperly called by com.android.systemui.statusbar.AlphaOptimizedImageView{251aab2 VFED..C.. ......ID 0,0-140,182} during second layout pass: posting in next frame
11-11 04:09:22.940 W/View ( 1971): requestLayout() improperly called by android.widget.FrameLayout{6741a03 I.E...... ......ID 0,0-780,182 #2bc} during layout: running second layout pass
11-11 04:09:22.940 W/View ( 1971): requestLayout() improperly called by com.android.systemui.statusbar.AlphaOptimizedImageView{251aab2 VFED..C.. ......ID 0,0-140,182} during layout: running second layout pass
11-11 04:09:22.945 D/CompatibilityChangeReporter( 1491): Compat change id reported: 135634846; UID 10098; state: DISABLED
11-11 04:09:22.945 D/CompatibilityChangeReporter( 1491): Compat change id reported: 177438394; UID 10098; state: DISABLED
11-11 04:09:22.945 D/CompatibilityChangeReporter( 1491): Compat change id reported: 135772972; UID 10098; state: DISABLED
11-11 04:09:22.946 D/CompatibilityChangeReporter( 1491): Compat change id reported: 143937733; UID 10098; state: DISABLED
11-11 04:09:22.962 D/Zygote ( 669): Forked child process 31089
11-11 04:09:22.962 I/am_proc_start( 1491): [0,31089,10098,com.ss.android.ugc.aweme:push,service,{com.ss.android.ugc.aweme/com.ss.android.message.NotifyService}]
11-11 04:09:22.962 I/ActivityManager( 1491): Start proc 31089:com.ss.android.ugc.aweme:push/u0a98 for service {com.ss.android.ugc.aweme/com.ss.android.message.NotifyService}
11-11 04:09:22.970 I/libc (31089): SetHeapTaggingLevel: tag level set to 0
11-11 04:09:22.971 E/tlogd ( 1276): [TzLogger](isPathReadable) file /sys/kernel/debug/tzdbg/qsee_log isn't exist or no permission, err: No such file or directory
11-11 04:09:22.971 E/tlogd ( 1276): [TzLogger](saveTzlogAsync) /sys/kernel/debug/tzdbg/qsee_log can not read.
11-11 04:09:22.971 E/tlogd ( 1276): [TzLogger](isPathReadable) file /sys/kernel/debug/tzdbg/log isn't exist or no permission, err: No such file or directory
11-11 04:09:22.971 E/tlogd ( 1276): [TzLogger](saveTzlogAsync) /sys/kernel/debug/tzdbg/log can not read.
11-11 04:09:22.988 E/.ugc.aweme:pus(31089): Not starting debugger since process cannot load the jdwp agent.
11-11 04:09:22.991 D/ProcessState(31089): Binder ioctl to enable oneway spam detection failed: Invalid argument
01-01 16:09:06.269 I/binder ( 0): 31089:31089 ioctl 40046210 7fca9975b4 returned -22
11-11 04:09:22.994 I/am_proc_bound( 1491): [0,31089,com.ss.android.ugc.aweme:push]
11-11 04:09:22.996 D/CompatibilityChangeReporter( 1491): Compat change id reported: 168419799; UID 10098; state: DISABLED
11-11 04:09:22.997 D/CompatibilityInfo( 1491): mCompatibilityFlags - 4
11-11 04:09:22.997 D/CompatibilityInfo( 1491): applicationDensity - 240
11-11 04:09:22.997 D/CompatibilityInfo( 1491): applicationScale - 1.0
11-11 04:09:22.999 D/CompatibilityInfo( 1491): mCompatibilityFlags - 4
11-11 04:09:22.999 D/CompatibilityInfo( 1491): applicationDensity - 240
11-11 04:09:22.999 D/CompatibilityInfo( 1491): applicationScale - 1.0
11-11 04:09:23.000 D/CompatibilityInfo( 1491): mCompatibilityFlags - 4
11-11 04:09:23.000 D/CompatibilityInfo( 1491): applicationDensity - 240
11-11 04:09:23.000 D/CompatibilityInfo( 1491): applicationScale - 1.0
11-11 04:09:23.001 D/CompatibilityInfo( 1491): mCompatibilityFlags - 4
11-11 04:09:23.001 D/CompatibilityInfo( 1491): applicationDensity - 240
11-11 04:09:23.001 D/CompatibilityInfo( 1491): applicationScale - 1.0
11-11 04:09:23.002 D/CompatibilityChangeReporter(31089): Compat change id reported: 171979766; UID 10098; state: DISABLED
11-11 04:09:23.008 D/ApplicationLoaders(31089): Returning zygote-cached class loader: /system/framework/android.test.base.jar
11-11 04:09:23.008 W/View ( 1971): requestLayout() improperly called by android.widget.FrameLayout{6741a03 I.E...... ......ID 0,0-780,182 #2bc} during second layout pass: posting in next frame
11-11 04:09:23.008 W/View ( 1971): requestLayout() improperly called by com.android.systemui.statusbar.AlphaOptimizedImageView{251aab2 VFED..C.. ......ID 0,0-140,182} during second layout pass: posting in next frame
11-11 04:09:23.024 W/View ( 1971): requestLayout() improperly called by android.widget.FrameLayout{6741a03 I.E...... ......ID 0,0-780,182 #2bc} during layout: running second layout pass
11-11 04:09:23.024 W/View ( 1971): requestLayout() improperly called by com.android.systemui.statusbar.AlphaOptimizedImageView{251aab2 VFED..C.. ......ID 0,0-140,182} during layout: running second layout pass
11-11 04:09:23.026 W/View ( 1971): requestLayout() improperly called by android.widget.FrameLayout{6741a03 I.E...... ......ID 0,0-780,182 #2bc} during second layout pass: posting in next frame
11-11 04:09:23.026 W/View ( 1971): requestLayout() improperly called by com.android.systemui.statusbar.AlphaOptimizedImageView{251aab2 VFED..C.. ......ID 0,0-140,182} during second layout pass: posting in next frame
11-11 04:09:23.040 W/View ( 1971): requestLayout() improperly called by android.widget.FrameLayout{6741a03 I.E...... ......ID 0,0-780,182 #2bc} during layout: running second layout pass
11-11 04:09:23.040 W/View ( 1971): requestLayout() improperly called by com.android.systemui.statusbar.AlphaOptimizedImageView{251aab2 VFED..C.. ......ID 0,0-140,182} during layout: running second layout pass
11-11 04:09:23.109 W/kcp_info(26818): HCDN_LOG: [T:27125]Update: udp kcp size[0], timeout kcp size[0]
11-11 04:09:23.121 I/Perf (31089): Connecting to perf service.
11-11 04:09:23.126 V/GraphicsEnvironment(31089): ANGLE Developer option for 'com.ss.android.ugc.aweme' set to: 'default'
11-11 04:09:23.127 V/GraphicsEnvironment(31089): ANGLE GameManagerService for com.ss.android.ugc.aweme: false
11-11 04:09:23.127 V/GraphicsEnvironment(31089): Updatable production driver is not supported on the device.
11-11 04:09:23.128 D/NetworkSecurityConfig(31089): Using Network Security Config from resource _ debugBuild: false
11-11 04:09:23.129 D/NetworkSecurityConfig(31089): Using Network Security Config from resource _ debugBuild: false
11-11 04:09:23.139 W/View ( 1971): requestLayout() improperly called by android.widget.FrameLayout{6741a03 I.E...... ......ID 0,0-780,182 #2bc} during second layout pass: posting in next frame
11-11 04:09:23.139 W/View ( 1971): requestLayout() improperly called by com.android.systemui.statusbar.AlphaOptimizedImageView{251aab2 VFED..C.. ......ID 0,0-140,182} during second layout pass: posting in next frame
11-11 04:09:23.157 W/View ( 1971): requestLayout() improperly called by android.widget.FrameLayout{6741a03 I.E...... ......ID 0,0-780,182 #2bc} during layout: running second layout pass
11-11 04:09:23.157 W/View ( 1971): requestLayout() improperly called by com.android.systemui.statusbar.AlphaOptimizedImageView{251aab2 VFED..C.. ......ID 0,0-140,182} during layout: running second layout pass
11-11 04:09:23.189 I/KEVA.NATIVE(31089): alog init successed
11-11 04:09:23.190 W/View ( 1971): requestLayout() improperly called by android.widget.FrameLayout{6741a03 I.E...... ......ID 0,0-780,182 #2bc} during second layout pass: posting in next frame
11-11 04:09:23.190 W/View ( 1971): requestLayout() improperly called by com.android.systemui.statusbar.AlphaOptimizedImageView{251aab2 VFED..C.. ......ID 0,0-140,182} during second layout pass: posting in next frame
11-11 04:09:23.207 W/View ( 1971): requestLayout() improperly called by android.widget.FrameLayout{6741a03 I.E...... ......ID 0,0-780,182 #2bc} during layout: running second layout pass
11-11 04:09:23.207 W/View ( 1971): requestLayout() improperly called by com.android.systemui.statusbar.AlphaOptimizedImageView{251aab2 VFED..C.. ......ID 0,0-140,182} during layout: running second layout pass
11-11 04:09:23.262 E/NPTH-TERM(31089): wait_inner:tools_monitor_wait_inner in !!!
11-11 04:09:23.262 E/NPTH-TERM(31089): tools_monitor_wait_inner=/data/user/0/com.ss.android.ugc.aweme/files/npth/killHistory/pid_tid
11-11 04:09:23.262 E/NPTH-TERM(31089): wait_inner:read alive_processes count=2
11-11 04:09:23.262 E/NPTH-TERM(31089): wait_inner:step1 new process start request_attach
11-11 04:09:23.262 E/NPTH-TERM(31089): npth-tracee:do_request_attach=0
11-11 04:09:23.262 E/NPTH-TERM(31089): npth-tracee:thread_loop new lock file=/data/user/0/com.ss.android.ugc.aweme/files/npth/killHistory/proc/31089/0_lock
11-11 04:09:23.262 E/NPTH-TERM(31089): do_attach_request:send attach sig to tracerpid=31089 tracertid=31126 sival_int=31126 previous_lock_index=0
11-11 04:09:23.262 E/NPTH-TERM(31089): do_attach_request:success handled, now my tracerpid=13483 tracertid=13663
11-11 04:09:23.262 E/NPTH-TERM(31089): wait_inner:step2 new process start notify_attach
11-11 04:09:23.262 E/NPTH-TERM(31089): notify attach 16828
11-11 04:09:23.262 E/NPTH-TERM(31089): wait_inner:notify attach tid 16860 success, then wait for tracee's attach request
11-11 04:09:23.262 E/NPTH-TERM(31089): -----------------------------------------------------------
11-11 04:09:23.262 E/NPTH-TERM(13483): do_attach:TMonitor exit flock by attach sig from tracee 16828
11-11 04:09:23.262 E/NPTH-TERM(13483): TMonitor success waitLock
11-11 04:09:23.262 E/NPTH-TERM(16828): do_attach_request:do check_pending_attach_request
11-11 04:09:23.262 E/NPTH-TERM(13483): TMonitor end with signal
11-11 04:09:23.262 E/NPTH-TERM(16828): -----------------------------------------------------------
11-11 04:09:23.262 E/NPTH-TERM(16828): npth-tracee:do_request_attach=1
11-11 04:09:23.262 E/NPTH-TERM(16828): npth-tracee:thread_loop old lock file=/data/user/0/com.ss.android.ugc.aweme/files/npth/killHistory/proc/16828/0_lock
11-11 04:09:23.262 E/NPTH-TERM(16828): npth-tracee:thread_loop new lock file=/data/user/0/com.ss.android.ugc.aweme/files/npth/killHistory/proc/16828/1_lock
11-11 04:09:23.262 E/NPTH-TERM(13483): tools_monitor_wait_inner=/data/user/0/com.ss.android.ugc.aweme/files/npth/killHistory/pid_tid
11-11 04:09:23.262 E/NPTH-TERM(13483): wait_inner:read alive_processes count=3
11-11 04:09:23.262 E/NPTH-TERM(16828): do_attach_request:send attach sig to tracerpid=16828 tracertid=16860 sival_int=82396 previous_lock_index=1
11-11 04:09:23.262 E/NPTH-TERM(13483): -----------------------------------------------------------
11-11 04:09:23.262 E/NPTH-TERM(13483): wait_inner:wait attach request due to signal
11-11 04:09:23.262 E/NPTH-TERM(16828): do_attach_request:success handled, now my tracerpid=31089 tracertid=31126
11-11 04:09:23.262 E/NPTH-TERM(13483): wait_inner:full_attach:s_pending_attach_pid= 31089 attach_tid=31126
11-11 04:09:23.262 I/NPTH-TERM(13483): do_attach start
11-11 04:09:23.262 E/NPTH-TERM(16828): do_attach:TMonitor exit flock by notify sig from new tracer
11-11 04:09:23.262 E/NPTH-TERM(13483): do_attach:TMonitor start check lockFd
11-11 04:09:23.263 E/NPTH-TERM(13483): do_attach:TMonitor success check lockFd
11-11 04:09:23.264 E/NPTH-TERM(31089): wait_inner:full_attach:s_pending_attach_pid= 16828 attach_tid=16860
11-11 04:09:23.264 I/NPTH-TERM(31089): do_attach start
11-11 04:09:23.264 E/NPTH-TERM(31089): do_attach:TMonitor start check lockFd
11-11 04:09:23.264 E/NPTH-TERM(31089): do_attach:TMonitor success check lockFd
11-11 04:09:23.265 W/.ugc.aweme:pus(31089): Class X.uhG failed lock verification and will run slower.
11-11 04:09:23.265 W/.ugc.aweme:pus(31089): Common causes for lock verification issues are non-optimized dex code
11-11 04:09:23.265 W/.ugc.aweme:pus(31089): and incorrect proguard optimizations.
11-11 04:09:23.266 I/NPTH (31089): anr_monitor_loop enter!
11-11 04:09:23.266 I/NPTH (31089): anr_monitor_loop reporter = 0x6fac210b30
11-11 04:09:23.267 I/NPTH (31089): anr_monitor_loop s_sig_catcher_tid = 31094
11-11 04:09:23.291 W/View ( 1971): requestLayout() improperly called by android.widget.FrameLayout{6741a03 I.E...... ......ID 0,0-780,182 #2bc} during second layout pass: posting in next frame
11-11 04:09:23.291 W/View ( 1971): requestLayout() improperly called by com.android.systemui.statusbar.AlphaOptimizedImageView{251aab2 VFED..C.. ......ID 0,0-140,182} during second layout pass: posting in next frame
11-11 04:09:23.295 I/auditd ( 0): type=1400 audit(0.0:20098): avc: denied { kill } for comm="swapper/1" capability=5 scontext=u:r:kernel:s0 tcontext=u:r:kernel:s0 tclass=capability permissive=0
11-11 04:09:23.295 W/swapper/1( 0): type=1400 audit(0.0:20098): avc: denied { kill } for capability=5 scontext=u:r:kernel:s0 tcontext=u:r:kernel:s0 tclass=capability permissive=0
11-11 04:09:23.311 W/View ( 1971): requestLayout() improperly called by android.widget.FrameLayout{6741a03 I.E...... ......ID 0,0-780,182 #2bc} during layout: running second layout pass
11-11 04:09:23.311 W/View ( 1971): requestLayout() improperly called by com.android.systemui.statusbar.AlphaOptimizedImageView{251aab2 VFED..C.. ......ID 0,0-140,182} during layout: running second layout pass
11-11 04:09:23.327 I/KEVA.NATIVE(31089): byte array is empty
11-11 04:09:23.327 I/KEVA.NATIVE(31089): byte array is empty
11-11 04:09:23.332 E/NPTH-TERM(16828): do_attach:TMonitor start flock, traceepid=13483 traceetid=13663
11-11 04:09:23.332 E/NPTH-TERM(31089): do_attach:TMonitor start flock, traceepid=16828 traceetid=16860
11-11 04:09:23.352 E/NPTH-TERM(13483): do_attach:TMonitor start flock, traceepid=31089 traceetid=31126
11-11 04:09:23.426 I/mpu_uart( 648): [MSG-P:RECV]:No message received in 1000 ms
11-11 04:09:23.456 W/View ( 1971): requestLayout() improperly called by android.widget.FrameLayout{6741a03 I.E...... ......ID 0,0-780,182 #2bc} during second layout pass: posting in next frame
11-11 04:09:23.456 W/View ( 1971): requestLayout() improperly called by com.android.systemui.statusbar.AlphaOptimizedImageView{251aab2 VFED..C.. ......ID 0,0-140,182} during second layout pass: posting in next frame
11-11 04:09:23.472 W/System.err(31089): java.lang.NoSuchFieldException: No field mInstance in class Landroid/app/ActivityTaskManager$2; (declaration of 'android.app.ActivityTaskManager$2' appears in /system/framework/framework.jar)
11-11 04:09:23.472 W/System.err(31089): at java.lang.Class.getDeclaredField(Native Method)
11-11 04:09:23.472 W/System.err(31089): at com.bytedance.common.utility.reflect.Reflect.field0(SourceFile:33947765)
11-11 04:09:23.472 W/System.err(31089): at com.bytedance.common.utility.reflect.Reflect.field(SourceFile:33816607)
11-11 04:09:23.472 W/System.err(31089): at X.H3f.LIZIZ(SourceFile:458836)
11-11 04:09:23.472 W/System.err(31089): at X.qtY.LJFF(SourceFile:196636)
11-11 04:09:23.472 W/System.err(31089): at com.ss.android.ugc.aweme.routemonitor.RouteMonitor.LJFF(Unknown Source:26)
11-11 04:09:23.472 W/System.err(31089): at com.ss.android.ugc.aweme.legoImp.task.HookActivityManagerTask.run(SourceFile:16973851)
11-11 04:09:23.472 W/System.err(31089): at com.ss.android.ugc.aweme.lego.processor.TaskProcessor.runTask(SourceFile:17170550)
11-11 04:09:23.472 W/System.err(31089): at com.ss.android.ugc.aweme.lego.LegoTask$-CC.$default$doWork(SourceFile:16908290)
11-11 04:09:23.472 W/System.err(31089): at com.ss.android.ugc.aweme.legoImp.task.HookActivityManagerTask.doWork(Unknown Source:0)
11-11 04:09:23.472 W/System.err(31089): at com.ss.android.ugc.nimbleworker.scheduler.helper.TraceHelper.doWork(SourceFile:33816629)
11-11 04:09:23.472 W/System.err(31089): at com.ss.android.ugc.nimbleworker.core.ScheduleManager.lambda$execute$0$ScheduleManager(SourceFile:33816619)
11-11 04:09:23.472 W/System.err(31089): at X.Ae5.run(Unknown Source:6)
11-11 04:09:23.472 W/System.err(31089): at com.ss.android.ugc.nimbleworker.core.DefaultExecutors$MainExecutor.execute(SourceFile:17039393)
11-11 04:09:23.472 W/System.err(31089): at com.ss.android.ugc.nimbleworker.core.ScheduleManager.execute(SourceFile:17104965)
11-11 04:09:23.472 W/System.err(31089): at com.ss.android.ugc.nimbleworker.NimbleWorker.execute(SourceFile:17039389)
11-11 04:09:23.472 W/System.err(31089): at com.ss.android.ugc.aweme.lego.Lego$Transaction.commit(SourceFile:327767)
11-11 04:09:23.472 W/System.err(31089): at X.o51.LIZ(SourceFile:17104957)
11-11 04:09:23.472 W/System.err(31089): at X.o51.LIZ(SourceFile:590093)
11-11 04:09:23.472 W/System.err(31089): at com.ss.android.ugc.aweme.app.host.AwemeHostApplication.onCreate(SourceFile:393332)
11-11 04:09:23.472 W/System.err(31089): at android.app.Instrumentation.callApplicationOnCreate(Instrumentation.java:1212)
11-11 04:09:23.472 W/System.err(31089): at android.app.ActivityThread.handleBindApplication(ActivityThread.java:6744)
11-11 04:09:23.472 W/System.err(31089): at android.app.ActivityThread.access$1500(ActivityThread.java:248)
11-11 04:09:23.472 W/System.err(31089): at android.app.ActivityThread$H.handleMessage(ActivityThread.java:2054)
11-11 04:09:23.472 W/System.err(31089): at android.os.Handler.dispatchMessage(Handler.java:106)
11-11 04:09:23.472 W/System.err(31089): at android.os.Looper.loopOnce(Looper.java:201)
11-11 04:09:23.472 W/System.err(31089): at android.os.Looper.loop(Looper.java:288)
11-11 04:09:23.472 W/System.err(31089): at android.app.ActivityThread.main(ActivityThread.java:7880)
11-11 04:09:23.472 W/System.err(31089): at java.lang.reflect.Method.invoke(Native Method)
11-11 04:09:23.472 W/System.err(31089): at com.android.internal.os.RuntimeInit$MethodAndArgsCaller.run(RuntimeInit.java:548)
11-11 04:09:23.472 W/System.err(31089): at com.android.internal.os.ZygoteInit.main(ZygoteInit.java:1009)
11-11 04:09:23.477 W/System.err(31089): java.lang.NoSuchFieldException: No field mInstance in class Landroid/app/ActivityTaskManager$2; (declaration of 'android.app.ActivityTaskManager$2' appears in /system/framework/framework.jar)
11-11 04:09:23.477 W/System.err(31089): at java.lang.Class.getDeclaredField(Native Method)
11-11 04:09:23.477 W/System.err(31089): at com.bytedance.common.utility.reflect.Reflect.field0(SourceFile:33947765)
11-11 04:09:23.477 W/System.err(31089): at com.bytedance.common.utility.reflect.Reflect.set(SourceFile:33816609)
11-11 04:09:23.477 W/System.err(31089): at X.H3f.LIZIZ(SourceFile:458955)
11-11 04:09:23.477 W/System.err(31089): at X.qtY.LJFF(SourceFile:196636)
11-11 04:09:23.477 W/System.err(31089): at com.ss.android.ugc.aweme.routemonitor.RouteMonitor.LJFF(Unknown Source:26)
11-11 04:09:23.477 W/System.err(31089): at com.ss.android.ugc.aweme.legoImp.task.HookActivityManagerTask.run(SourceFile:16973851)
11-11 04:09:23.477 W/System.err(31089): at com.ss.android.ugc.aweme.lego.processor.TaskProcessor.runTask(SourceFile:17170550)
11-11 04:09:23.477 W/System.err(31089): at com.ss.android.ugc.aweme.lego.LegoTask$-CC.$default$doWork(SourceFile:16908290)
11-11 04:09:23.477 W/System.err(31089): at com.ss.android.ugc.aweme.legoImp.task.HookActivityManagerTask.doWork(Unknown Source:0)
11-11 04:09:23.477 W/System.err(31089): at com.ss.android.ugc.nimbleworker.scheduler.helper.TraceHelper.doWork(SourceFile:33816629)
11-11 04:09:23.477 W/System.err(31089): at com.ss.android.ugc.nimbleworker.core.ScheduleManager.lambda$execute$0$ScheduleManager(SourceFile:33816619)
11-11 04:09:23.477 W/System.err(31089): at X.Ae5.run(Unknown Source:6)
11-11 04:09:23.477 W/System.err(31089): at com.ss.android.ugc.nimbleworker.core.DefaultExecutors$MainExecutor.execute(SourceFile:17039393)
11-11 04:09:23.477 W/System.err(31089): at com.ss.android.ugc.nimbleworker.core.ScheduleManager.execute(SourceFile:17104965)
11-11 04:09:23.477 W/System.err(31089): at com.ss.android.ugc.nimbleworker.NimbleWorker.execute(SourceFile:17039389)
11-11 04:09:23.477 W/System.err(31089): at com.ss.android.ugc.aweme.lego.Lego$Transaction.commit(SourceFile:327767)
11-11 04:09:23.478 W/System.err(31089): at X.o51.LIZ(SourceFile:17104957)
11-11 04:09:23.478 W/System.err(31089): at X.o51.LIZ(SourceFile:590093)
11-11 04:09:23.478 W/System.err(31089): at com.ss.android.ugc.aweme.app.host.AwemeHostApplication.onCreate(SourceFile:393332)
11-11 04:09:23.478 W/System.err(31089): at android.app.Instrumentation.callApplicationOnCreate(Instrumentation.java:1212)
11-11 04:09:23.478 W/System.err(31089): at android.app.ActivityThread.handleBindApplication(ActivityThread.java:6744)
11-11 04:09:23.478 W/System.err(31089): at android.app.ActivityThread.access$1500(ActivityThread.java:248)
11-11 04:09:23.478 W/System.err(31089): at android.app.ActivityThread$H.handleMessage(ActivityThread.java:2054)
11-11 04:09:23.478 W/System.err(31089): at android.os.Handler.dispatchMessage(Handler.java:106)
11-11 04:09:23.478 W/System.err(31089): at android.os.Looper.loopOnce(Looper.java:201)
11-11 04:09:23.478 W/System.err(31089): at android.os.Looper.loop(Looper.java:288)
11-11 04:09:23.478 W/System.err(31089): at android.app.ActivityThread.main(ActivityThread.java:7880)
11-11 04:09:23.478 W/System.err(31089): at java.lang.reflect.Method.invoke(Native Method)
11-11 04:09:23.478 W/System.err(31089): at com.android.internal.os.RuntimeInit$MethodAndArgsCaller.run(RuntimeInit.java:548)
11-11 04:09:23.478 W/System.err(31089): at com.android.internal.os.ZygoteInit.main(ZygoteInit.java:1009)
11-11 04:09:23.483 W/View ( 1971): requestLayout() improperly called by android.widget.FrameLayout{6741a03 I.E...... ......ID 0,0-780,182 #2bc} during layout: running second layout pass
11-11 04:09:23.483 W/View ( 1971): requestLayout() improperly called by com.android.systemui.statusbar.AlphaOptimizedImageView{251aab2 VFED..C.. ......ID 0,0-140,182} during layout: running second layout pass
11-11 04:09:23.486 W/System.err(31089): java.lang.ClassNotFoundException: com.ss.android.account.token.TTTokenUtils ##not found in Plugin##
11-11 04:09:23.486 W/System.err(31089): at com.ss.android.ugc.aweme.plugin.fix.MiraPluginFix.findClass(SourceFile:17170622)
11-11 04:09:23.486 W/System.err(31089): at com.ss.android.ugc.aweme.plugin.fix.MiraPluginFix.forName(SourceFile:17039388)
11-11 04:09:23.486 W/System.err(31089): at com.GlobalProxyLancet.com_ss_android_ugc_aweme_lancet_mira_opt_MiraReflectLancet_forName(Unknown Source:10037)
11-11 04:09:23.486 W/System.err(31089): at X.KYH.LJFF(SourceFile:262170)
11-11 04:09:23.486 W/System.err(31089): at X.KYH.LIZ(SourceFile:17104925)
11-11 04:09:23.486 W/System.err(31089): at X.KY7.run(SourceFile:196631)
11-11 04:09:23.486 W/System.err(31089): at java.util.concurrent.ThreadPoolExecutor.runWorker(ThreadPoolExecutor.java:1167)
11-11 04:09:23.486 W/System.err(31089): at java.util.concurrent.ThreadPoolExecutor$Worker.run(ThreadPoolExecutor.java:641)
11-11 04:09:23.486 W/System.err(31089): at X.o6A.run(SourceFile:262203)
11-11 04:09:23.486 W/System.err(31089): at java.lang.Thread.run(Thread.java:920)
11-11 04:09:23.486 W/System.err(31089): at com.ss.android.ugc.bytex.pthread.base.convergence.ThreadProxy$start$1.run(Unknown Source:158)
11-11 04:09:23.486 W/System.err(31089): at java.util.concurrent.ThreadPoolExecutor.runWorker(ThreadPoolExecutor.java:1167)
11-11 04:09:23.486 W/System.err(31089): at java.util.concurrent.ThreadPoolExecutor$Worker.run(ThreadPoolExecutor.java:641)
11-11 04:09:23.486 W/System.err(31089): at java.lang.Thread.run(Thread.java:920)
11-11 04:09:23.506 W/View ( 1971): requestLayout() improperly called by android.widget.FrameLayout{6741a03 I.E...... ......ID 0,0-780,182 #2bc} during second layout pass: posting in next frame
11-11 04:09:23.506 W/View ( 1971): requestLayout() improperly called by com.android.systemui.statusbar.AlphaOptimizedImageView{251aab2 VFED..C.. ......ID 0,0-140,182} during second layout pass: posting in next frame
11-11 04:09:23.525 W/View ( 1971): requestLayout() improperly called by android.widget.FrameLayout{6741a03 I.E...... ......ID 0,0-780,182 #2bc} during layout: running second layout pass
11-11 04:09:23.525 W/View ( 1971): requestLayout() improperly called by com.android.systemui.statusbar.AlphaOptimizedImageView{251aab2 VFED..C.. ......ID 0,0-140,182} during layout: running second layout pass
11-11 04:09:23.633 W/kcp_info(17338): HCDN_LOG: [T:18541]Update: udp kcp size[0], timeout kcp size[0]
11-11 04:09:23.673 D/CompatibilityInfo( 1491): mCompatibilityFlags - 4
11-11 04:09:23.673 D/CompatibilityInfo( 1491): applicationDensity - 240
11-11 04:09:23.673 D/CompatibilityInfo( 1491): applicationScale - 1.0
11-11 04:09:23.722 W/System.err(31089): java.lang.NoSuchFieldException: No field mCallback in class Landroid/app/ActivityThread$H; (declaration of 'android.app.ActivityThread$H' appears in /system/framework/framework.jar)
11-11 04:09:23.723 W/System.err(31089): at java.lang.Class.getDeclaredField(Native Method)
11-11 04:09:23.723 W/System.err(31089): at com.bytedance.common.utility.reflect.Reflect.field0(SourceFile:33947765)
11-11 04:09:23.723 W/System.err(31089): at com.bytedance.common.utility.reflect.Reflect.set(SourceFile:33816609)
11-11 04:09:23.723 W/System.err(31089): at X.nwb.LIZLLL(SourceFile:393409)
11-11 04:09:23.723 W/System.err(31089): at X.nwb.LIZIZ(SourceFile:67567849)
11-11 04:09:23.723 W/System.err(31089): at X.nwb.LIZLLL(SourceFile:67436587)
11-11 04:09:23.723 W/System.err(31089): at X.nwb.lambda$ot7ZcPabxClnLuFLtG4nVeoK0Qg(Unknown Source:0)
11-11 04:09:23.723 W/System.err(31089): at X.nwi.run(Unknown Source:8)
11-11 04:09:23.727 W/System.err(31089): at java.util.concurrent.ThreadPoolExecutor.runWorker(ThreadPoolExecutor.java:1167)
11-11 04:09:23.727 W/System.err(31089): at java.util.concurrent.ThreadPoolExecutor$Worker.run(ThreadPoolExecutor.java:641)
11-11 04:09:23.727 W/System.err(31089): at X.o6A.run(SourceFile:262203)
11-11 04:09:23.727 W/System.err(31089): at java.lang.Thread.run(Thread.java:920)
11-11 04:09:23.727 W/System.err(31089): at com.ss.android.ugc.bytex.pthread.base.convergence.ThreadProxy$start$1.run(Unknown Source:158)
11-11 04:09:23.727 W/System.err(31089): at java.util.concurrent.ThreadPoolExecutor.runWorker(ThreadPoolExecutor.java:1167)
11-11 04:09:23.727 W/System.err(31089): at java.util.concurrent.ThreadPoolExecutor$Worker.run(ThreadPoolExecutor.java:641)
11-11 04:09:23.727 W/System.err(31089): at java.lang.Thread.run(Thread.java:920)
11-11 04:09:23.737 W/shadowhook_tag(31089): shadowhook: shadowhook init(mode: SHARED, debuggable: true), return: 0, real-init: yes
11-11 04:09:23.748 W/bytehook_tag(31089): bytehook init, mode 0, debug 0, return 0
11-11 04:09:23.760 D/OPTIMIZER-JIT(31089): fix JitCompileMethodCrash success
11-11 04:09:23.805 D/SYSOPTIMIZER(31089): refresh xhook SUCCESS.
11-11 04:09:23.818 W/System.err(31089): com.bytedance.common.utility.reflect.ReflectException: java.lang.reflect.InvocationTargetException
11-11 04:09:23.818 W/System.err(31089): at com.bytedance.common.utility.reflect.Reflect.on(SourceFile:50856003)
11-11 04:09:23.818 W/System.err(31089): at com.bytedance.common.utility.reflect.Reflect.call(SourceFile:50659369)
11-11 04:09:23.818 W/System.err(31089): at com.bytedance.ttnet.TTALog.lambda$ensureALogInitialized$0(SourceFile:17105003)
11-11 04:09:23.818 W/System.err(31089): at X.bmL.onNativeFuncReady(Unknown Source:0)
11-11 04:09:23.818 W/System.err(31089): at com.ss.android.agilelogger.ALog$3.run(SourceFile:327741)
11-11 04:09:23.818 W/System.err(31089): at java.lang.Thread.run(Thread.java:920)
11-11 04:09:23.818 W/System.err(31089): Caused by: java.lang.reflect.InvocationTargetException
11-11 04:09:23.818 W/System.err(31089): at java.lang.reflect.Method.invoke(Native Method)
11-11 04:09:23.818 W/System.err(31089): at com.bytedance.common.utility.reflect.Reflect.on(SourceFile:50855983)
11-11 04:09:23.818 W/System.err(31089): ... 5 more
11-11 04:09:23.818 W/System.err(31089): Caused by: java.lang.UnsupportedOperationException: CronetEngine has not been initialized.
11-11 04:09:23.818 W/System.err(31089): at org.chromium.CronetClient.setAlogFuncAddr(SourceFile:17039407)
11-11 04:09:23.818 W/System.err(31089): ... 7 more
11-11 04:09:23.845 I/WebViewFactory(31089): Loading com.android.webview version 95.0.4638.74 (code 463807403)
11-11 04:09:23.868 D/nativeloader(31089): classloader namespace configured for unbundled product apk. library_path=/product/app/webview/lib/arm64:/product/app/webview/webview.apk!/lib/arm64-v8a:/product/lib64:/system/product/lib64
11-11 04:09:23.878 D/ConnectivityService( 1491): requestNetwork for uid/pid:10098/31089 activeRequest: null callbackRequest: 324 [NetworkRequest [ REQUEST id=325, [ Capabilities: INTERNET&NOT_RESTRICTED&TRUSTED&NOT_VCN_MANAGED Uid: 10098 RequestorUid: 10098 RequestorPkg: com.ss.android.ugc.aweme] ]] callback flags: 0 priority: 2147483647
11-11 04:09:23.878 D/ConnectivityService( 1491): NetReassign [325 : null 鈫?101]
11-11 04:09:23.880 D/Ethernet( 1491): got request NetworkRequest [ REQUEST id=325, [ Capabilities: INTERNET&NOT_RESTRICTED&TRUSTED&NOT_VCN_MANAGED Uid: 10098 RequestorUid: 10098 RequestorPkg: com.ss.android.ugc.aweme] ]
11-11 04:09:23.880 D/WifiNetworkFactory( 1491): got request NetworkRequest [ REQUEST id=325, [ Capabilities: INTERNET&NOT_RESTRICTED&TRUSTED&NOT_VCN_MANAGED Uid: 10098 RequestorUid: 10098 RequestorPkg: com.ss.android.ugc.aweme] ]
11-11 04:09:23.880 D/EthernetNetworkFactory( 1491): acceptRequest, request: NetworkRequest [ REQUEST id=325, [ Capabilities: INTERNET&NOT_RESTRICTED&TRUSTED&NOT_VCN_MANAGED Uid: 10098 RequestorUid: 10098 RequestorPkg: com.ss.android.ugc.aweme] ]
11-11 04:09:23.880 D/UntrustedWifiNetworkFactory( 1491): got request NetworkRequest [ REQUEST id=325, [ Capabilities: INTERNET&NOT_RESTRICTED&TRUSTED&NOT_VCN_MANAGED Uid: 10098 RequestorUid: 10098 RequestorPkg: com.ss.android.ugc.aweme] ]
11-11 04:09:23.881 D/OemPaidWifiNetworkFactory( 1491): got request NetworkRequest [ REQUEST id=325, [ Capabilities: INTERNET&NOT_RESTRICTED&TRUSTED&NOT_VCN_MANAGED Uid: 10098 RequestorUid: 10098 RequestorPkg: com.ss.android.ugc.aweme] ]
