11-11 04:08:41.295 I/auditd ( 0): type=1400 audit(0.0:20054): avc: denied { kill } for comm="swapper/1" capability=5 scontext=u:r:kernel:s0 tcontext=u:r:kernel:s0 tclass=capability permissive=0
11-11 04:08:42.295 I/auditd ( 0): type=1400 audit(0.0:20055): avc: denied { kill } for comm="swapper/1" capability=5 scontext=u:r:kernel:s0 tcontext=u:r:kernel:s0 tclass=capability permissive=0
11-11 04:08:43.295 I/auditd ( 0): type=1400 audit(0.0:20056): avc: denied { kill } for comm="swapper/1" capability=5 scontext=u:r:kernel:s0 tcontext=u:r:kernel:s0 tclass=capability permissive=0
11-11 04:08:44.295 I/auditd ( 0): type=1400 audit(0.0:20057): avc: denied { kill } for comm="swapper/1" capability=5 scontext=u:r:kernel:s0 tcontext=u:r:kernel:s0 tclass=capability permissive=0
11-11 04:08:45.295 I/auditd ( 0): type=1400 audit(0.0:20058): avc: denied { kill } for comm="swapper/1" capability=5 scontext=u:r:kernel:s0 tcontext=u:r:kernel:s0 tclass=capability permissive=0
11-11 04:08:46.295 I/auditd ( 0): type=1400 audit(0.0:20059): avc: denied { kill } for comm="swapper/1" capability=5 scontext=u:r:kernel:s0 tcontext=u:r:kernel:s0 tclass=capability permissive=0
11-11 04:08:47.295 I/auditd ( 0): type=1400 audit(0.0:20060): avc: denied { kill } for comm="swapper/1" capability=5 scontext=u:r:kernel:s0 tcontext=u:r:kernel:s0 tclass=capability permissive=0
11-11 04:08:48.295 I/auditd ( 0): type=1400 audit(0.0:20061): avc: denied { kill } for comm="swapper/1" capability=5 scontext=u:r:kernel:s0 tcontext=u:r:kernel:s0 tclass=capability permissive=0
11-11 04:08:49.295 I/auditd ( 0): type=1400 audit(0.0:20062): avc: denied { kill } for comm="swapper/1" capability=5 scontext=u:r:kernel:s0 tcontext=u:r:kernel:s0 tclass=capability permissive=0
11-11 04:08:50.295 I/auditd ( 0): type=1400 audit(0.0:20063): avc: denied { kill } for comm="swapper/1" capability=5 scontext=u:r:kernel:s0 tcontext=u:r:kernel:s0 tclass=capability permissive=0
11-11 04:08:51.299 I/auditd ( 0): type=1400 audit(0.0:20064): avc: denied { kill } for comm="swapper/1" capability=5 scontext=u:r:kernel:s0 tcontext=u:r:kernel:s0 tclass=capability permissive=0
11-11 04:08:52.299 I/auditd ( 0): type=1400 audit(0.0:20065): avc: denied { kill } for comm="swapper/1" capability=5 scontext=u:r:kernel:s0 tcontext=u:r:kernel:s0 tclass=capability permissive=0
11-11 04:08:53.295 I/auditd ( 0): type=1400 audit(0.0:20066): avc: denied { kill } for comm="swapper/1" capability=5 scontext=u:r:kernel:s0 tcontext=u:r:kernel:s0 tclass=capability permissive=0
11-11 04:08:54.295 I/auditd ( 0): type=1400 audit(0.0:20067): avc: denied { kill } for comm="swapper/1" capability=5 scontext=u:r:kernel:s0 tcontext=u:r:kernel:s0 tclass=capability permissive=0
11-11 04:08:54.375 I/auditd (13529): type=1400 audit(0.0:20068): avc: denied { read } for comm="Thread-29" name="tcp" dev="proc" ino=4026532256 scontext=u:r:untrusted_app:s0:c103,c256,c512,c768 tcontext=u:object_r:proc_net_tcp_udp:s0 tclass=file permissive=0 app=tv.danmaku.bilibilihd
11-11 04:08:55.295 I/auditd ( 0): type=1400 audit(0.0:20069): avc: denied { kill } for comm="swapper/1" capability=5 scontext=u:r:kernel:s0 tcontext=u:r:kernel:s0 tclass=capability permissive=0
11-11 04:08:56.295 I/auditd ( 0): type=1400 audit(0.0:20070): avc: denied { kill } for comm="swapper/1" capability=5 scontext=u:r:kernel:s0 tcontext=u:r:kernel:s0 tclass=capability permissive=0
11-11 04:08:57.295 I/auditd ( 0): type=1400 audit(0.0:20071): avc: denied { kill } for comm="swapper/1" capability=5 scontext=u:r:kernel:s0 tcontext=u:r:kernel:s0 tclass=capability permissive=0
11-11 04:08:58.295 I/auditd ( 0): type=1400 audit(0.0:20072): avc: denied { kill } for comm="swapper/1" capability=5 scontext=u:r:kernel:s0 tcontext=u:r:kernel:s0 tclass=capability permissive=0
11-11 04:08:59.295 I/auditd ( 0): type=1400 audit(0.0:20073): avc: denied { kill } for comm="swapper/1" capability=5 scontext=u:r:kernel:s0 tcontext=u:r:kernel:s0 tclass=capability permissive=0
11-11 04:09:00.295 I/auditd ( 0): type=1400 audit(0.0:20074): avc: denied { kill } for comm="swapper/1" capability=5 scontext=u:r:kernel:s0 tcontext=u:r:kernel:s0 tclass=capability permissive=0
11-11 04:09:01.295 I/auditd ( 0): type=1400 audit(0.0:20075): avc: denied { kill } for comm="swapper/1" capability=5 scontext=u:r:kernel:s0 tcontext=u:r:kernel:s0 tclass=capability permissive=0
11-11 04:09:02.295 I/auditd ( 0): type=1400 audit(0.0:20076): avc: denied { kill } for comm="swapper/1" capability=5 scontext=u:r:kernel:s0 tcontext=u:r:kernel:s0 tclass=capability permissive=0
11-11 04:09:03.295 I/auditd ( 0): type=1400 audit(0.0:20077): avc: denied { kill } for comm="swapper/1" capability=5 scontext=u:r:kernel:s0 tcontext=u:r:kernel:s0 tclass=capability permissive=0
11-11 04:09:04.295 I/auditd ( 0): type=1400 audit(0.0:20078): avc: denied { kill } for comm="swapper/1" capability=5 scontext=u:r:kernel:s0 tcontext=u:r:kernel:s0 tclass=capability permissive=0
11-11 04:09:05.295 I/auditd ( 0): type=1400 audit(0.0:20079): avc: denied { kill } for comm="swapper/1" capability=5 scontext=u:r:kernel:s0 tcontext=u:r:kernel:s0 tclass=capability permissive=0
11-11 04:09:06.295 I/auditd ( 0): type=1400 audit(0.0:20080): avc: denied { kill } for comm="swapper/1" capability=5 scontext=u:r:kernel:s0 tcontext=u:r:kernel:s0 tclass=capability permissive=0
11-11 04:09:07.299 I/auditd ( 0): type=1400 audit(0.0:20081): avc: denied { kill } for comm="swapper/1" capability=5 scontext=u:r:kernel:s0 tcontext=u:r:kernel:s0 tclass=capability permissive=0
11-11 04:09:08.295 I/auditd ( 0): type=1400 audit(0.0:20082): avc: denied { kill } for comm="swapper/1" capability=5 scontext=u:r:kernel:s0 tcontext=u:r:kernel:s0 tclass=capability permissive=0
11-11 04:09:09.090 I/netstats_mobile_sample( 1491): [0,0,0,0,0,0,0,0,0,0,0,0,1668096549090]
11-11 04:09:09.090 I/netstats_wifi_sample( 1491): [2160511210,2021593,230560897,1073160,2160511210,2021593,230560897,1073160,2541310083,2596884,151448603,925633,1668096549090]
11-11 04:09:09.299 I/auditd ( 0): type=1400 audit(0.0:20083): avc: denied { kill } for comm="swapper/1" capability=5 scontext=u:r:kernel:s0 tcontext=u:r:kernel:s0 tclass=capability permissive=0
11-11 04:09:10.295 I/auditd ( 0): type=1400 audit(0.0:20084): avc: denied { kill } for comm="swapper/1" capability=5 scontext=u:r:kernel:s0 tcontext=u:r:kernel:s0 tclass=capability permissive=0
11-11 04:09:11.295 I/auditd ( 0): type=1400 audit(0.0:20085): avc: denied { kill } for comm="swapper/1" capability=5 scontext=u:r:kernel:s0 tcontext=u:r:kernel:s0 tclass=capability permissive=0
11-11 04:09:12.295 I/auditd ( 0): type=1400 audit(0.0:20086): avc: denied { kill } for comm="swapper/1" capability=5 scontext=u:r:kernel:s0 tcontext=u:r:kernel:s0 tclass=capability permissive=0
11-11 04:09:13.295 I/auditd ( 0): type=1400 audit(0.0:20087): avc: denied { kill } for comm="swapper/1" capability=5 scontext=u:r:kernel:s0 tcontext=u:r:kernel:s0 tclass=capability permissive=0
11-11 04:09:14.295 I/auditd ( 0): type=1400 audit(0.0:20088): avc: denied { kill } for comm="swapper/1" capability=5 scontext=u:r:kernel:s0 tcontext=u:r:kernel:s0 tclass=capability permissive=0 --------- beginning of main
11-11 04:09:14.909 W/kcp_info(26818): HCDN_LOG: [T:27125]Update: udp kcp size[0], timeout kcp size[0] --------- beginning of kernel
01-01 16:08:58.244 I/[dp_rx_][0x42c751d12c][04:09:14.966301] wlan( 0): [3389:I:QDF] DHCP-R RX: SA:2a:1c:ed:13:c4:0a DA:ff:ff:ff:ff:ff:ff
11-11 04:09:15.295 I/auditd ( 0): type=1400 audit(0.0:20089): avc: denied { kill } for comm="swapper/1" capability=5 scontext=u:r:kernel:s0 tcontext=u:r:kernel:s0 tclass=capability permissive=0
11-11 04:09:15.295 W/swapper/1( 0): type=1400 audit(0.0:20089): avc: denied { kill } for capability=5 scontext=u:r:kernel:s0 tcontext=u:r:kernel:s0 tclass=capability permissive=0
11-11 04:09:15.398 W/kcp_info(17338): HCDN_LOG: [T:18541]Update: udp kcp size[0], timeout kcp size[0]
11-11 04:09:15.424 I/mpu_uart( 648): [MSG-P:RECV]:No message received in 1000 ms
11-11 04:09:15.906 D/MemoryCeilingMonitor( 3088): [handleMemoryCalculate]
11-11 04:09:15.907 D/MemoryCeilingMonitor( 3088): [calculate] tot: 11357461, max: 268435456, free: 3866653, heap: 7490808, per: 0.027905434370040894
11-11 04:09:15.928 W/kcp_info(26818): HCDN_LOG: [T:27125]Update: udp kcp size[0], timeout kcp size[0]
11-11 04:09:16.295 I/auditd ( 0): type=1400 audit(0.0:20090): avc: denied { kill } for comm="swapper/1" capability=5 scontext=u:r:kernel:s0 tcontext=u:r:kernel:s0 tclass=capability permissive=0
11-11 04:09:16.295 W/swapper/1( 0): type=1400 audit(0.0:20090): avc: denied { kill } for capability=5 scontext=u:r:kernel:s0 tcontext=u:r:kernel:s0 tclass=capability permissive=0 --------- beginning of system
11-11 04:09:16.307 W/ActivityManager( 1491): Background start not allowed: service Intent { cmp=tv.danmaku.bilibilihd/com.bilibili.lib.neuron.internal.NeuronLocalService (has extras) } to tv.danmaku.bilibilihd/com.bilibili.lib.neuron.internal.NeuronLocalService from pid=13529 uid=10103 pkg=tv.danmaku.bilibilihd startFg?=false
11-11 04:09:16.309 E/neuron.client(13529): [main] startService with throwable t=[Ljava.lang.StackTraceElement;@c51a4d7
11-11 04:09:16.310 E/neuron.client(13529): [main] doFireEvent start service intent=f51f10e3-63bc-48c1-af9b-f0bd3f70ceef failed, handle lost event
11-11 04:09:16.424 I/mpu_uart( 648): [MSG-P:RECV]:No message received in 1000 ms
11-11 04:09:16.436 W/kcp_info(17338): HCDN_LOG: [T:18541]Update: udp kcp size[0], timeout kcp size[0]
11-11 04:09:16.658 I/mpu_uart( 648): [MSG-P:R]:recv sync frame timeout
01-01 16:09:00.191 I/[dp_rx_][0x42c98c51db][04:09:16.913616] wlan( 0): [3389:I:QDF] DHCP-R RX: SA:2a:1c:ed:13:c4:0a DA:ff:ff:ff:ff:ff:ff
11-11 04:09:16.955 W/kcp_info(26818): HCDN_LOG: [T:27125]Update: udp kcp size[0], timeout kcp size[0]
11-11 04:09:17.295 I/auditd ( 0): type=1400 audit(0.0:20091): avc: denied { kill } for comm="swapper/1" capability=5 scontext=u:r:kernel:s0 tcontext=u:r:kernel:s0 tclass=capability permissive=0
11-11 04:09:17.295 W/swapper/1( 0): type=1400 audit(0.0:20091): avc: denied { kill } for capability=5 scontext=u:r:kernel:s0 tcontext=u:r:kernel:s0 tclass=capability permissive=0
11-11 04:09:17.425 I/mpu_uart( 648): [MSG-P:RECV]:No message received in 1000 ms
11-11 04:09:17.479 W/kcp_info(17338): HCDN_LOG: [T:18541]Update: udp kcp size[0], timeout kcp size[0]
11-11 04:09:17.915 I/auditd (13536): type=1400 audit(0.0:20092): avc: denied { read } for comm=5468726561642D32202D2031333538 name="tcp" dev="proc" ino=4026532256 scontext=u:r:untrusted_app_29:s0:c99,c256,c512,c768 tcontext=u:object_r:proc_net_tcp_udp:s0 tclass=file permissive=0 app=com.smile.gifmaker
11-11 04:09:17.915 W/com.smile.gifmaker(13536): type=1400 audit(0.0:20092): avc: denied { read } for comm=5468726561642D32202D2031333538 name="tcp" dev="proc" ino=4026532256 scontext=u:r:untrusted_app_29:s0:c99,c256,c512,c768 tcontext=u:object_r:proc_net_tcp_udp:s0 tclass=file permissive=0 app=com.smile.gifmaker
11-11 04:09:17.970 E/tlogd ( 1276): [TzLogger](isPathReadable) file /sys/kernel/debug/tzdbg/qsee_log isn't exist or no permission, err: No such file or directory
11-11 04:09:17.971 E/tlogd ( 1276): [TzLogger](saveTzlogAsync) /sys/kernel/debug/tzdbg/qsee_log can not read.
11-11 04:09:17.971 E/tlogd ( 1276): [TzLogger](isPathReadable) file /sys/kernel/debug/tzdbg/log isn't exist or no permission, err: No such file or directory
11-11 04:09:17.971 E/tlogd ( 1276): [TzLogger](saveTzlogAsync) /sys/kernel/debug/tzdbg/log can not read.
11-11 04:09:17.979 W/kcp_info(26818): HCDN_LOG: [T:27125]Update: udp kcp size[0], timeout kcp size[0]
11-11 04:09:18.211 I/WnsLogger(13546): [Q:main][WnsSessionMonitor.cpp:132][monitorSession]:monitorSession
11-11 04:09:18.295 I/auditd ( 0): type=1400 audit(0.0:20093): avc: denied { kill } for comm="swapper/1" capability=5 scontext=u:r:kernel:s0 tcontext=u:r:kernel:s0 tclass=capability permissive=0
11-11 04:09:18.295 W/swapper/1( 0): type=1400 audit(0.0:20093): avc: denied { kill } for capability=5 scontext=u:r:kernel:s0 tcontext=u:r:kernel:s0 tclass=capability permissive=0
11-11 04:09:18.425 I/mpu_uart( 648): [MSG-P:RECV]:No message received in 1000 ms
11-11 04:09:18.515 W/kcp_info(17338): HCDN_LOG: [T:18541]Update: udp kcp size[0], timeout kcp size[0]
11-11 04:09:18.951 D/RemoteControlService( 2278): getEvent: clientSocket = Socket[address=/192.168.4.4,port=44377,localPort=12600]
11-11 04:09:18.952 D/RemoteControlService( 2278): run: called
11-11 04:09:18.952 D/RemoteControlService( 2278): getEvent: start waiting...
11-11 04:09:18.953 E/RemoteControlService( 2278): Enter ListenSocketRunnable
11-11 04:09:18.954 D/RemoteControlService( 2278): After desEncrypt json is [{"source":1,"token":"FRfIetuZniCbiao"}]
11-11 04:09:18.954 D/RemoteControlService( 2278): buildRemoteCommand:type=7
11-11 04:09:18.954 D/RemoteControlService( 2278): Request params: BaseRequestCommandBean{source=1, token='FRfIetuZniCbiao', type='null', value='null'}
11-11 04:09:18.955 D/RemoteControlService( 2278): handleMessage called
11-11 04:09:18.955 D/RemoteControlService( 2278): Client have control
11-11 04:09:18.955 D/RemoteControlService( 2278): Digest: 4991E7670713C5973FCA188BBC357792D4E2B4B60C60CA9C7B74A5C382DB4B81
11-11 04:09:18.956 D/RemoteControlService( 2278): Send data length: 117
11-11 04:09:18.956 D/RemoteControlService( 2278): Send message finished. direction: 32, messageType: 7, json: {"source":0,"token":"FRfIetuZniCbiao","type":"heart_beat","value":1}
11-11 04:09:18.957 D/RemoteControlService( 2278): HeartBeatCommand ResponseSpeedTest - use time: 6
11-11 04:09:18.961 D/RemoteControlService( 2278): getEvent: clientSocket = Socket[address=/192.168.4.4,port=44951,localPort=12600]
11-11 04:09:18.961 D/RemoteControlService( 2278): run: called
11-11 04:09:18.961 D/RemoteControlService( 2278): getEvent: start waiting...
11-11 04:09:18.961 E/RemoteControlService( 2278): Enter ListenSocketRunnable
11-11 04:09:18.962 D/RemoteControlService( 2278): After desEncrypt json is [{"source":1,"token":"FRfIetuZniCbiao"}]
11-11 04:09:18.962 D/RemoteControlService( 2278): buildRemoteCommand:type=23
11-11 04:09:18.962 D/RemoteControlService( 2278): Request params: BaseRequestCommandBean{source=1, token='FRfIetuZniCbiao', type='null', value='null'}
11-11 04:09:18.962 D/RemoteControlService( 2278): handleMessage called
11-11 04:09:18.963 D/RemoteControlService( 2278): Is not connect command
11-11 04:09:18.963 D/RemoteControlService( 2278): haveControl ? clientcom.thundercomm.remotecontrolservice.RemoteControllerClient@137a197
11-11 04:09:18.963 D/RemoteControlService( 2278): Client have control
11-11 04:09:18.963 D/RemoteControlService( 2278): getEvent: clientSocket = Socket[address=/192.168.4.4,port=47357,localPort=12600]
11-11 04:09:18.963 D/RemoteControlService( 2278): run: called
11-11 04:09:18.964 D/RemoteControlService( 2278): getEvent: start waiting...
11-11 04:09:18.964 E/RemoteControlService( 2278): Enter ListenSocketRunnable
11-11 04:09:18.964 D/RemoteControlService( 2278): After desEncrypt json is [{"source":1,"token":"FRfIetuZniCbiao"}]
11-11 04:09:18.964 D/RemoteControlService( 2278): buildRemoteCommand:type=37
11-11 04:09:18.964 D/RemoteControlService( 2278): Request params: BaseRequestCommandBean{source=1, token='FRfIetuZniCbiao', type='null', value='null'}
11-11 04:09:18.965 I/RemoteControlService( 2278): RemoteVolumeQueryCommand doAction send message: {"source":0,"token":"FRfIetuZniCbiao","type":"current_volume","value":[{"name":"music","value":8,"value_max":39},{"name":"alarm","value":2,"value_max":7},{"name":"ring","value":1,"value_max":7}]}
11-11 04:09:18.966 D/RemoteControlService( 2278): Digest: 68FBFD1242492C70B6CBB0113202A6B903AB3989A31FAE597B1031EE7D401A2C
11-11 04:09:18.966 D/RemoteControlService( 2278): Send data length: 245
11-11 04:09:18.966 D/RemoteControlService( 2278): Send message finished. direction: 32, messageType: 23, json: {"source":0,"token":"FRfIetuZniCbiao","type":"current_volume","value":[{"name":"music","value":8,"value_max":39},{"name":"alarm","value":2,"value_max":7},{"name":"ring","value":1,"value_max":7}]}
11-11 04:09:18.967 D/RemoteControlService( 2278): RemoteVolumeQueryCommand ResponseSpeedTest - use time: 6
11-11 04:09:18.967 D/RemoteControlService( 2278): handleMessage called
11-11 04:09:18.967 D/RemoteControlService( 2278): Is not connect command
11-11 04:09:18.967 D/RemoteControlService( 2278): haveControl ? clientcom.thundercomm.remotecontrolservice.RemoteControllerClient@137a197
11-11 04:09:18.967 D/RemoteControlService( 2278): Client have control
11-11 04:09:18.967 I/RemoteControlService( 2278): RemoteScreenStatusQueryCommand doAction send message: {"source":0,"token":"FRfIetuZniCbiao","type":"current_screen_status","value":"screen_on"}
11-11 04:09:18.968 D/RemoteControlService( 2278): Digest: 25BCF78FB6A97581337326751B93A30C4952DBC1D254AC8E245EFB363324845E
11-11 04:09:18.969 D/RemoteControlService( 2278): Send data length: 133
11-11 04:09:18.970 D/RemoteControlService( 2278): Send message finished. direction: 32, messageType: 37, json: {"source":0,"token":"FRfIetuZniCbiao","type":"current_screen_status","value":"screen_on"}
11-11 04:09:18.970 D/RemoteControlService( 2278): RemoteScreenStatusQueryCommand ResponseSpeedTest - use time: 7
11-11 04:09:19.013 W/kcp_info(26818): HCDN_LOG: [T:27125]Update: udp kcp size[0], timeout kcp size[0]
11-11 04:09:19.295 I/auditd ( 0): type=1400 audit(0.0:20094): avc: denied { kill } for comm="swapper/1" capability=5 scontext=u:r:kernel:s0 tcontext=u:r:kernel:s0 tclass=capability permissive=0
11-11 04:09:19.295 W/swapper/1( 0): type=1400 audit(0.0:20094): avc: denied { kill } for capability=5 scontext=u:r:kernel:s0 tcontext=u:r:kernel:s0 tclass=capability permissive=0
11-11 04:09:19.425 I/mpu_uart( 648): [MSG-P:RECV]:No message received in 1000 ms
11-11 04:09:19.515 W/.tencent.qqliv(13511): Profile data size exceeds 500000 bytes. It has 658918 bytes.
11-11 04:09:19.541 W/kcp_info(17338): HCDN_LOG: [T:18541]Update: udp kcp size[0], timeout kcp size[0]
11-11 04:09:19.653 I/unknown (13536): khook pthread_attr_init_callback set thread stack from 1008 to 256 KB
11-11 04:09:19.653 I/unknown (13536): khook setstacksize __addr 0xb6fda7c8, from 1040 KB to 256 KB
11-11 04:09:19.661 I/mpu_uart( 648): [MSG-P:R]:recv sync frame timeout
11-11 04:09:19.765 W/multisource(17338): HCDN_LOG: [T:18546]UpdateMaxSpeed TOTAL => play speed:0[len:0, tm:0], offline speed:0[len:0, tm:0], predeploy speed:0[len:0, tm:0], m_maxDownloadSpeed:0
11-11 04:09:20.052 W/kcp_info(26818): HCDN_LOG: [T:27125]Update: udp kcp size[0], timeout kcp size[0]
11-11 04:09:20.295 I/auditd ( 0): type=1400 audit(0.0:20095): avc: denied { kill } for comm="swapper/1" capability=5 scontext=u:r:kernel:s0 tcontext=u:r:kernel:s0 tclass=capability permissive=0
11-11 04:09:20.295 W/swapper/1( 0): type=1400 audit(0.0:20095): avc: denied { kill } for capability=5 scontext=u:r:kernel:s0 tcontext=u:r:kernel:s0 tclass=capability permissive=0
11-11 04:09:20.425 I/mpu_uart( 648): [MSG-P:RECV]:No message received in 1000 ms
11-11 04:09:20.535 W/kcp_info(17338): HCDN_LOG: [T:18541]Update: udp kcp size[0], timeout kcp size[0]
11-11 04:09:20.828 D/RemoteControlService( 2278): heart beat timer called
11-11 04:09:21.067 W/kcp_info(26818): HCDN_LOG: [T:27125]Update: udp kcp size[0], timeout kcp size[0]
01-01 16:09:04.391 I/logd ( 0): logdr: UID=2000 GID=2000 PID=31064 b tail=0 logMask=bf pid=0 start=0ns deadline=0ns
11-11 04:09:21.295 I/auditd (11225): type=1400 audit(0.0:20096): avc: denied { kill } for comm="kworker/u16:9" capability=5 scontext=u:r:kernel:s0 tcontext=u:r:kernel:s0 tclass=capability permissive=0
11-11 04:09:21.295 W/kworker/u16:9(11225): type=1400 audit(0.0:20096): avc: denied { kill } for capability=5 scontext=u:r:kernel:s0 tcontext=u:r:kernel:s0 tclass=capability permissive=0
11-11 04:09:21.426 I/mpu_uart( 648): [MSG-P:RECV]:No message received in 1000 ms
11-11 04:09:21.454 W/ActivityManager( 1491): Background start not allowed: service Intent { cmp=tv.danmaku.bilibilihd/com.bilibili.lib.neuron.internal.NeuronLocalService (has extras) } to tv.danmaku.bilibilihd/com.bilibili.lib.neuron.internal.NeuronLocalService from pid=13529 uid=10103 pkg=tv.danmaku.bilibilihd startFg?=false
11-11 04:09:21.455 E/neuron.client(13529): [main] startService with throwable t=[Ljava.lang.StackTraceElement;@446e1c4
11-11 04:09:21.456 E/neuron.client(13529): [main] fireEvents start service intent=af53ba41-0a08-4937-b872-af8b6f788612 failed, handle lost event
11-11 04:09:21.577 W/kcp_info(17338): HCDN_LOG: [T:18541]Update: udp kcp size[0], timeout kcp size[0]
11-11 04:09:21.789 I/input_interaction( 1491): Interaction with: 344168f com.thundercomm.screensaver/android.service.dreams.DreamActivity (server), edge-swipe (server), swipe-up (server), PointerEventDispatcher0 (server),
11-11 04:09:21.792 I/wm_finish_activity( 1491): [0,13437491,146,com.thundercomm.screensaver/android.service.dreams.DreamActivity,finish-activity]
11-11 04:09:21.792 I/wm_task_moved( 1491): [1,1,6]
11-11 04:09:21.793 I/wm_task_moved( 1491): [90,1,2147483647]
11-11 04:09:21.793 I/wm_task_to_front( 1491): [0,90]
11-11 04:09:21.793 I/wm_focused_root_task( 1491): [0,0,1,146,finish-top adjustFocusToNextFocusableTask]
11-11 04:09:21.794 I/wm_set_resumed_activity( 1491): [0,com.android.launcher3/.uioverrides.QuickstepLauncher,finish-top adjustFocusToNextFocusableTask]
11-11 04:09:21.794 D/ActivityTrigger( 1491): ActivityTrigger activityPauseTrigger
11-11 04:09:21.795 I/wm_pause_activity( 1491): [0,13437491,com.thundercomm.screensaver/android.service.dreams.DreamActivity,userLeaving=false,finish]
11-11 04:09:21.803 I/DreamManagerService( 1491): Gently waking up from dream.
11-11 04:09:21.804 I/sysui_multi_action( 1491): [757,803,799,window_time_0,802,263]
11-11 04:09:21.804 I/DreamManagerService( 1491): Performing gentle wake from dream.
11-11 04:09:21.805 I/wm_on_top_resumed_lost_called( 5486): [13437491,android.service.dreams.DreamActivity,topStateChangedWhenResumed]
11-11 04:09:21.805 I/wm_on_paused_called( 5486): [13437491,android.service.dreams.DreamActivity,performPause]
11-11 04:09:21.806 I/wm_add_to_stopping( 1491): [0,13437491,com.thundercomm.screensaver/android.service.dreams.DreamActivity,completeFinishing]
11-11 04:09:21.807 I/ActivityTaskManager( 1491): FOREGROUND_APPLICATION_CHANGED to com.android.launcher3.uioverrides.QuickstepLauncher
11-11 04:09:21.809 I/wm_set_resumed_activity( 1491): [0,com.android.launcher3/.uioverrides.QuickstepLauncher,resumeTopActivityInnerLocked]
11-11 04:09:21.809 D/KeyguardViewMediator( 1971): setOccluded false
11-11 04:09:21.810 D/StatusBar( 1971): disable disable2
11-11 04:09:21.811 D/KeyguardViewMediator( 1971): adjustStatusBarLocked: mShowing=false mOccluded=false isSecure=false force=false --> flags=0x0
11-11 04:09:21.812 I/wm_resume_activity( 1491): [0,146330618,90,com.android.launcher3/.uioverrides.QuickstepLauncher]
11-11 04:09:21.812 W/View ( 1971): requestLayout() improperly called by android.widget.FrameLayout{6741a03 I.E...... ......ID 0,0-780,182 #2bc} during second layout pass: posting in next frame
11-11 04:09:21.813 W/View ( 1971): requestLayout() improperly called by com.android.systemui.statusbar.AlphaOptimizedImageView{251aab2 VFED..C.. ......ID 0,0-140,182} during second layout pass: posting in next frame
11-11 04:09:21.822 I/ActivityManager( 1491): Killing 15646:com.ss.android.ugc.aweme:pushservice/u0a98 (adj 975): empty for 1836s
11-11 04:09:21.822 I/am_kill ( 1491): [0,15646,com.ss.android.ugc.aweme:pushservice,975,empty for 1836s]
11-11 04:09:21.823 I/input_focus( 1491): [Focus leaving 344168f com.thundercomm.screensaver/android.service.dreams.DreamActivity (server),reason=NO_WINDOW]
11-11 04:09:21.823 I/wm_on_restart_called( 2490): [146330618,com.android.launcher3.uioverrides.QuickstepLauncher,performRestartActivity]
11-11 04:09:21.823 I/wm_on_start_called( 2490): [146330618,com.android.launcher3.uioverrides.QuickstepLauncher,handleStartActivity]
11-11 04:09:21.823 I/wm_on_resume_called( 2490): [146330618,com.android.launcher3.uioverrides.QuickstepLauncher,RESUME_ACTIVITY]
11-11 04:09:21.823 I/wm_on_top_resumed_gained_called( 2490): [146330618,com.android.launcher3.uioverrides.QuickstepLauncher,topWhenResuming]
11-11 04:09:21.823 I/view_enqueue_input_event( 5486): [Motion - Cancel,com.thundercomm.screensaver/android.service.dreams.DreamActivity]
11-11 04:09:21.824 I/GameMode_ActivityMonitoringService( 2083): onActivityLaunch: com.android.launcher3, isGameApp: false
11-11 04:09:21.824 V/GameMode_GpuUtils( 2083): fps:60
11-11 04:09:21.824 I/ActivityManager( 1491): Killing 15537:com.ss.android.ugc.aweme:push/u0a98 (adj 975): empty for 1836s
11-11 04:09:21.824 I/am_kill ( 1491): [0,15537,com.ss.android.ugc.aweme:push,975,empty for 1836s]
11-11 04:09:21.825 D/GameModeIF_GameModeSettings( 2083): getUriFor setting_content_uri_root = content://com.thundercomm.gamemode.api/gamemode_settings , name = gamemode_enable
11-11 04:09:21.826 I/sysui_multi_action( 1491): [757,803,799,window_time_0,802,0]
11-11 04:09:21.826 I/am_uid_active( 1491): 10064
11-11 04:09:21.827 W/View ( 1971): requestLayout() improperly called by android.widget.FrameLayout{6741a03 I.E...... ......ID 0,0-780,182 #2bc} during layout: running second layout pass
11-11 04:09:21.827 W/View ( 1971): requestLayout() improperly called by com.android.systemui.statusbar.AlphaOptimizedImageView{251aab2 VFED..C.. ......ID 0,0-140,182} during layout: running second layout pass
11-11 04:09:21.829 I/input_interaction( 1491): Interaction with: edge-swipe (server), swipe-up (server), PointerEventDispatcher0 (server),
11-11 04:09:21.838 I/input_focus( 1491): [Focus request 61dc244 com.android.launcher3/com.android.launcher3.uioverrides.QuickstepLauncher,reason=UpdateInputWindows]
11-11 04:09:21.839 I/libprocessgroup( 1491): Successfully killed process cgroup uid 10098 pid 15646 in 15ms
11-11 04:09:21.843 E/MCUUtil ( 2490): saveLastActivity activityName=com.android.launcher3.uioverrides.QuickstepLauncher packageName=com.android.launcher3
11-11 04:09:21.852 I/PowerManagerService( 1491): Powering on display group fromDreaming (groupId=0, uid=1000, reason=WAKE_REASON_UNKNOWN, details=android.server.power:DREAM_FINISHED)...
11-11 04:09:21.852 I/PowerManagerService( 1491): Waking up from Dreaming (uid=1000, reason=WAKE_REASON_UNKNOWN, details=android.server.power:DREAM_FINISHED)...
11-11 04:09:21.854 I/am_pss ( 1491): [13484,1000,com.android.settings,133271552,123510784,45056,250703872,0,15,15]
11-11 04:09:21.854 I/input_focus( 1491): [Focus entering 61dc244 com.android.launcher3/com.android.launcher3.uioverrides.QuickstepLauncher (server),reason=setFocusedWindow]
11-11 04:09:21.858 I/OpenGLRenderer( 2490): Davey! duration=323809ms; Flags=1, FrameTimelineVsyncId=484912, IntendedVsync=14618928318016, Vsync=14618928318016, InputEventId=-638843258, HandleInputStart=14618928988796, AnimationStart=14618929099734, PerformTraversalsStart=14618929100723, DrawStart=14618937812181, FrameDeadline=14618944984682, FrameInterval=14618928986192, FrameStartTime=16666666, SyncQueued=14618938527754, SyncStart=14618938579161, IssueDrawCommandsStart=14618938850567, SwapBuffers=14618939995671, FrameCompleted=14942737596954, DequeueBufferDuration=7812, QueueBufferDuration=478802, GpuCompleted=14942737596954, SwapBuffersCompleted=14618940716244, DisplayPresentTime=0,
11-11 04:09:21.866 I/am_pss ( 1491): [11789,99006,com.android.webview:sandboxed_process0:org.chromium.content.app.SandboxedProcessService0:0,48306176,30314496,75776,142921728,0,4,7]
11-11 04:09:21.876 I/am_pss ( 1491): [30727,10103,tv.danmaku.bilibilihd:ijkservice,43211776,21626880,46080,169398272,0,19,8]
11-11 04:09:21.882 I/am_pss ( 1491): [30622,10086,com.android.music,7084032,4796416,47104,86290432,0,19,5]
11-11 04:09:21.901 I/am_pss ( 1491): [13511,10101,com.tencent.qqlive,113440768,72261632,23552,269672448,0,19,16]
11-11 04:09:21.914 I/am_pss ( 1491): [30255,10101,com.tencent.qqlive:cache,53460992,18378752,23552,192651264,0,19,11]
11-11 04:09:21.914 W/FreeFormWindowHelper( 1491): Current Display FreeFormTask is null
11-11 04:09:21.927 I/am_pss ( 1491): [30197,10101,com.tencent.qqlive:services,55916544,20275200,23552,195653632,0,19,12]
11-11 04:09:21.935 D/ConnectivityService( 1491): ConnectivityService NetworkRequestInfo binderDied(uid/pid:10098/15537, android.os.BinderProxy@73bf6d9)
11-11 04:09:21.935 D/ConnectivityService( 1491): ConnectivityService NetworkRequestInfo binderDied(uid/pid:10098/15537, android.os.BinderProxy@e94689e)
11-11 04:09:21.936 D/ConnectivityService( 1491): releasing NetworkRequest [ REQUEST id=276, [ Capabilities: INTERNET&NOT_RESTRICTED&TRUSTED&NOT_VCN_MANAGED Uid: 10098 RequestorUid: 10098 RequestorPkg: com.ss.android.ugc.aweme] ] (release request)
11-11 04:09:21.936 I/am_proc_died( 1491): [0,15537,com.ss.android.ugc.aweme:push,975,19]
11-11 04:09:21.936 I/EthernetNetworkFactory( 1491): networkForRequest, request: NetworkRequest [ REQUEST id=276, [ Capabilities: INTERNET&NOT_RESTRICTED&TRUSTED&NOT_VCN_MANAGED Uid: 10098 RequestorUid: 10098 RequestorPkg: com.ss.android.ugc.aweme] ], network: NetworkInterfaceState{ refCount: 21, iface: eth0, up: true, hwAddress: 36:7c:7c:00:00:0f, networkCapabilities: [ Transports: ETHERNET Capabilities: NOT_METERED&INTERNET&NOT_RESTRICTED&TRUSTED&NOT_VPN&NOT_ROAMING&NOT_CONGESTED&NOT_SUSPENDED&NOT_VCN_MANAGED LinkUpBandwidth>=100000Kbps LinkDnBandwidth>=100000Kbps], networkAgent: null, score: 70, ipClient: android.net.ip.IIpClient$Stub$Proxy@eb2e1b4,linkProperties: {InterfaceName: eth0 LinkAddresses: [ fe80::f3c0:a117:ee4a:c99c/64 ] DnsAddresses: [ ] Domains: null MTU: 0 TcpBufferSizes: 524288,1048576,3145728,524288,1048576,2097152 Routes: [ fe80::/64 -> :: eth0 mtu 0 ]}}
11-11 04:09:21.937 E/NPTH-TERM(16828): do_attach:TMonitor exit flock by traceePid=15646 die
11-11 04:09:21.937 E/NPTH-TERM(16828): TMonitor success waitLock
11-11 04:09:21.938 E/NPTH-TERM(16828): tools_monitor_wait_inner=/data/user/0/com.ss.android.ugc.aweme/files/npth/killHistory/pid_tid
11-11 04:09:21.938 E/NPTH-TERM(16828): wait_inner:read alive_processes count=4
11-11 04:09:21.938 E/NPTH-TERM(16828): notify attach 15537
11-11 04:09:21.938 E/NPTH-TERM(16828): notify attach 13483
11-11 04:09:21.938 E/NPTH-TERM(13483): do_attach_request:do check_pending_attach_request
11-11 04:09:21.939 E/NPTH-TERM(16828): 1668096561939: find killed=15646
01-01 16:09:05.217 I/binder_alloc( 0): 15646: binder_alloc_buf, no vma
01-01 16:09:05.217 I/binder ( 0): 1491:4786 transaction failed 29189/-3, size 464-8 line 3240
11-11 04:09:21.939 E/NPTH-TERM(16828): 1668096561939: find killed=15537
11-11 04:09:21.939 E/NPTH-TERM(16828): found_process_died:pid=15646
11-11 04:09:21.940 W/ActivityManager( 1491): Exception when unbinding service com.ss.android.ugc.aweme/com.bytedance.common.process.service.CrossProcessServiceForPushService
11-11 04:09:21.940 W/ActivityManager( 1491): android.os.DeadObjectException
11-11 04:09:21.940 W/ActivityManager( 1491): at android.os.BinderProxy.transactNative(Native Method)
11-11 04:09:21.940 W/ActivityManager( 1491): at android.os.BinderProxy.transact(BinderProxy.java:571)
11-11 04:09:21.940 W/ActivityManager( 1491): at android.app.IApplicationThread$Stub$Proxy.scheduleUnbindService(IApplicationThread.java:1790)
11-11 04:09:21.940 W/ActivityManager( 1491): at com.android.server.am.ActiveServices.removeConnectionLocked(ActiveServices.java:4629)
11-11 04:09:21.940 W/ActivityManager( 1491): at com.android.server.am.ActiveServices.killServicesLocked(ActiveServices.java:5075)
11-11 04:09:21.940 W/ActivityManager( 1491): at com.android.server.am.ActivityManagerService.cleanUpApplicationRecordLocked(ActivityManagerService.java:11824)
11-11 04:09:21.940 W/ActivityManager( 1491): at com.android.server.am.ActivityManagerService.handleAppDiedLocked(ActivityManagerService.java:3085)
11-11 04:09:21.940 W/ActivityManager( 1491): at com.android.server.am.ActivityManagerService.appDiedLocked(ActivityManagerService.java:3198)
11-11 04:09:21.940 W/ActivityManager( 1491): at com.android.server.am.ActivityManagerService$AppDeathRecipient.binderDied(ActivityManagerService.java:1461)
11-11 04:09:21.940 W/ActivityManager( 1491): at android.os.IBinder$DeathRecipient.binderDied(IBinder.java:314)
11-11 04:09:21.940 W/ActivityManager( 1491): at android.os.BinderProxy.sendDeathNotice(BinderProxy.java:685)
11-11 04:09:21.943 I/am_pss ( 1491): [11429,10102,com.bilibili.bilithings,126575616,99610624,18432,261218304,0,4,15]
11-11 04:09:21.944 W/ActivityManager( 1491): Scheduling restart of crashed service com.ss.android.ugc.aweme/com.ss.android.message.NotifyService in 1000ms for connection
11-11 04:09:21.944 I/am_schedule_service_restart( 1491): [0,com.ss.android.ugc.aweme/com.ss.android.message.NotifyService,1000]
11-11 04:09:21.945 W/ActivityManager( 1491): Scheduling restart of crashed service com.ss.android.ugc.aweme/com.bytedance.common.process.service.CrossProcessServiceForPush in 10999ms for connection
11-11 04:09:21.945 I/am_schedule_service_restart( 1491): [0,com.ss.android.ugc.aweme/com.bytedance.common.process.service.CrossProcessServiceForPush,10999]
11-11 04:09:21.945 W/ActivityManager( 1491): Scheduling restart of crashed service com.ss.android.ugc.aweme/com.bytedance.common.wschannel.server.WsChannelService in 20999ms for connection
11-11 04:09:21.945 I/am_schedule_service_restart( 1491): [0,com.ss.android.ugc.aweme/com.bytedance.common.wschannel.server.WsChannelService,20999]
11-11 04:09:21.946 I/Zygote ( 669): Process 15537 exited due to signal 9 (Killed)
11-11 04:09:21.947 D/ConnectivityService( 1491): ConnectivityService NetworkRequestInfo binderDied(uid/pid:10098/15646, android.os.BinderProxy@7ec2795)
11-11 04:09:21.948 D/ConnectivityService( 1491): ConnectivityService NetworkRequestInfo binderDied(uid/pid:10098/15646, android.os.BinderProxy@5da70aa)
11-11 04:09:21.948 D/ConnectivityService( 1491): ConnectivityService NetworkRequestInfo binderDied(uid/pid:10098/15646, android.os.BinderProxy@9d1f49b)
11-11 04:09:21.948 D/ConnectivityService( 1491): releasing NetworkRequest [ REQUEST id=282, [ Capabilities: INTERNET&NOT_RESTRICTED&TRUSTED&NOT_VCN_MANAGED Uid: 10098 RequestorUid: 10098 RequestorPkg: com.ss.android.ugc.aweme] ] (release request)
11-11 04:09:21.948 D/ConnectivityService( 1491): releasing NetworkRequest [ REQUEST id=279, [ Capabilities: INTERNET&NOT_RESTRICTED&TRUSTED&NOT_VCN_MANAGED Uid: 10098 RequestorUid: 10098 RequestorPkg: com.ss.android.ugc.aweme] ] (release request)
11-11 04:09:21.949 I/EthernetNetworkFactory( 1491): networkForRequest, request: NetworkRequest [ REQUEST id=282, [ Capabilities: INTERNET&NOT_RESTRICTED&TRUSTED&NOT_VCN_MANAGED Uid: 10098 RequestorUid: 10098 RequestorPkg: com.ss.android.ugc.aweme] ], network: NetworkInterfaceState{ refCount: 20, iface: eth0, up: true, hwAddress: 36:7c:7c:00:00:0f, networkCapabilities: [ Transports: ETHERNET Capabilities: NOT_METERED&INTERNET&NOT_RESTRICTED&TRUSTED&NOT_VPN&NOT_ROAMING&NOT_CONGESTED&NOT_SUSPENDED&NOT_VCN_MANAGED LinkUpBandwidth>=100000Kbps LinkDnBandwidth>=100000Kbps], networkAgent: null, score: 70, ipClient: android.net.ip.IIpClient$Stub$Proxy@eb2e1b4,linkProperties: {InterfaceName: eth0 LinkAddresses: [ fe80::f3c0:a117:ee4a:c99c/64 ] DnsAddresses: [ ] Domains: null MTU: 0 TcpBufferSizes: 524288,1048576,3145728,524288,1048576,2097152 Routes: [ fe80::/64 -> :: eth0 mtu 0 ]}}
11-11 04:09:21.949 I/EthernetNetworkFactory( 1491): networkForRequest, request: NetworkRequest [ REQUEST id=279, [ Capabilities: INTERNET&NOT_RESTRICTED&TRUSTED&NOT_VCN_MANAGED Uid: 10098 RequestorUid: 10098 RequestorPkg: com.ss.android.ugc.aweme] ], network: NetworkInterfaceState{ refCount: 19, iface: eth0, up: true, hwAddress: 36:7c:7c:00:00:0f, networkCapabilities: [ Transports: ETHERNET Capabilities: NOT_METERED&INTERNET&NOT_RESTRICTED&TRUSTED&NOT_VPN&NOT_ROAMING&NOT_CONGESTED&NOT_SUSPENDED&NOT_VCN_MANAGED LinkUpBandwidth>=100000Kbps LinkDnBandwidth>=100000Kbps], networkAgent: null, score: 70, ipClient: android.net.ip.IIpClient$Stub$Proxy@eb2e1b4,linkProperties: {InterfaceName: eth0 LinkAddresses: [ fe80::f3c0:a117:ee4a:c99c/64 ] DnsAddresses: [ ] Domains: null MTU: 0 TcpBufferSizes: 524288,1048576,3145728,524288,1048576,2097152 Routes: [ fe80::/64 -> :: eth0 mtu 0 ]}}
11-11 04:09:21.951 E/NPTH-TERM(16828): found_process_died:pid=15537
11-11 04:09:21.953 I/am_proc_died( 1491): [0,15646,com.ss.android.ugc.aweme:pushservice,975,19]
11-11 04:09:21.954 I/Zygote ( 669): Process 15646 exited due to signal 9 (Killed)
01-01 16:09:05.232 I/init ( 0): Untracked pid 15937 exited with status 0
11-11 04:09:21.957 E/NPTH-TERM(16828): wait_inner:my tracee 15646 was killed, find next tracee:13483
11-11 04:09:21.957 E/NPTH-TERM(16828): -----------------------------------------------------------
11-11 04:09:21.957 E/NPTH-TERM(16828): wait_inner:notify sig has been sent, begin wait next tracee's attach request
11-11 04:09:21.957 E/NPTH-TERM(13483): -----------------------------------------------------------
11-11 04:09:21.957 E/NPTH-TERM(13483): npth-tracee:do_request_attach=1
11-11 04:09:21.957 E/NPTH-TERM(13483): npth-tracee:thread_loop old lock file=/data/user/0/com.ss.android.ugc.aweme/files/npth/killHistory/proc/13483/0_lock
11-11 04:09:21.957 E/NPTH-TERM(13483): npth-tracee:thread_loop new lock file=/data/user/0/com.ss.android.ugc.aweme/files/npth/killHistory/proc/13483/1_lock
11-11 04:09:21.957 I/libprocessgroup( 1491): Successfully killed process cgroup uid 10098 pid 15537 in 0ms
11-11 04:09:21.957 E/NPTH-TERM(13483): do_attach_request:send attach sig to tracerpid=13483 tracertid=13663 sival_int=79199 previous_lock_index=1
11-11 04:09:21.957 E/NPTH-TERM(13483): do_attach_request:success handled, now my tracerpid=16828 tracertid=16860
11-11 04:09:21.957 E/NPTH-TERM(13483): do_attach:TMonitor exit flock by notify sig from new tracer
11-11 04:09:21.957 E/NPTH-TERM(16828): wait_inner:full_attach:s_pending_attach_pid= 13483 attach_tid=13663
11-11 04:09:21.957 I/NPTH-TERM(16828): do_attach start
11-11 04:09:21.958 E/NPTH-TERM(16828): do_attach:TMonitor start check lockFd
11-11 04:09:21.958 E/NPTH-TERM(16828): do_attach:TMonitor success check lockFd
11-11 04:09:21.959 W/ActivityManager( 1491): Scheduling restart of crashed service com.ss.android.ugc.aweme/com.xiaomi.push.service.XMPushService in 30985ms for connection
11-11 04:09:21.959 I/am_schedule_service_restart( 1491): [0,com.ss.android.ugc.aweme/com.xiaomi.push.service.XMPushService,30985]
11-11 04:09:22.009 E/NPTH-TERM(16828): do_attach:TMonitor start flock, traceepid=13483 traceetid=13663
11-11 04:09:22.037 W/View ( 1971): requestLayout() improperly called by android.widget.FrameLayout{6741a03 I.E...... ......ID 0,0-780,182 #2bc} during second layout pass: posting in next frame
11-11 04:09:22.037 W/View ( 1971): requestLayout() improperly called by com.android.systemui.statusbar.AlphaOptimizedImageView{251aab2 VFED..C.. ......ID 0,0-140,182} during second layout pass: posting in next frame
11-11 04:09:22.045 E/NPTH-TERM(13483): do_attach:TMonitor start flock, traceepid=16828 traceetid=16860
11-11 04:09:22.055 W/View ( 1971): requestLayout() improperly called by android.widget.FrameLayout{6741a03 I.E...... ......ID 0,0-780,182 #2bc} during layout: running second layout pass
11-11 04:09:22.055 W/View ( 1971): requestLayout() improperly called by com.android.systemui.statusbar.AlphaOptimizedImageView{251aab2 VFED..C.. ......ID 0,0-140,182} during layout: running second layout pass
11-11 04:09:22.057 W/View ( 1971): requestLayout() improperly called by android.widget.FrameLayout{6741a03 I.E...... ......ID 0,0-780,182 #2bc} during second layout pass: posting in next frame
11-11 04:09:22.057 W/View ( 1971): requestLayout() improperly called by com.android.systemui.statusbar.AlphaOptimizedImageView{251aab2 VFED..C.. ......ID 0,0-140,182} during second layout pass: posting in next frame
11-11 04:09:22.070 W/View ( 1971): requestLayout() improperly called by android.widget.FrameLayout{6741a03 I.E...... ......ID 0,0-780,182 #2bc} during layout: running second layout pass
11-11 04:09:22.070 W/View ( 1971): requestLayout() improperly called by com.android.systemui.statusbar.AlphaOptimizedImageView{251aab2 VFED..C.. ......ID 0,0-140,182} during layout: running second layout pass
11-11 04:09:22.072 W/View ( 1971): requestLayout() improperly called by android.widget.FrameLayout{6741a03 I.E...... ......ID 0,0-780,182 #2bc} during second layout pass: posting in next frame
11-11 04:09:22.072 W/View ( 1971): requestLayout() improperly called by com.android.systemui.statusbar.AlphaOptimizedImageView{251aab2 VFED..C.. ......ID 0,0-140,182} during second layout pass: posting in next frame
11-11 04:09:22.086 W/View ( 1971): requestLayout() improperly called by android.widget.FrameLayout{6741a03 I.E...... ......ID 0,0-780,182 #2bc} during layout: running second layout pass
11-11 04:09:22.086 W/View ( 1971): requestLayout() improperly called by com.android.systemui.statusbar.AlphaOptimizedImageView{251aab2 VFED..C.. ......ID 0,0-140,182} during layout: running second layout pass
11-11 04:09:22.088 W/View ( 1971): requestLayout() improperly called by android.widget.FrameLayout{6741a03 I.E...... ......ID 0,0-780,182 #2bc} during second layout pass: posting in next frame
11-11 04:09:22.088 W/View ( 1971): requestLayout() improperly called by com.android.systemui.statusbar.AlphaOptimizedImageView{251aab2 VFED..C.. ......ID 0,0-140,182} during second layout pass: posting in next frame
11-11 04:09:22.089 I/wm_destroy_activity( 1491): [0,13437491,146,com.thundercomm.screensaver/android.service.dreams.DreamActivity,finish-imm:idle]
11-11 04:09:22.104 W/View ( 1971): requestLayout() improperly called by android.widget.FrameLayout{6741a03 I.E...... ......ID 0,0-780,182 #2bc} during layout: running second layout pass
11-11 04:09:22.104 W/View ( 1971): requestLayout() improperly called by com.android.systemui.statusbar.AlphaOptimizedImageView{251aab2 VFED..C.. ......ID 0,0-140,182} during layout: running second layout pass
11-11 04:09:22.105 W/View ( 1971): requestLayout() improperly called by android.widget.FrameLayout{6741a03 I.E...... ......ID 0,0-780,182 #2bc} during second layout pass: posting in next frame
11-11 04:09:22.105 W/View ( 1971): requestLayout() improperly called by com.android.systemui.statusbar.AlphaOptimizedImageView{251aab2 VFED..C.. ......ID 0,0-140,182} during second layout pass: posting in next frame
11-11 04:09:22.109 W/kcp_info(26818): HCDN_LOG: [T:27125]Update: udp kcp size[0], timeout kcp size[0]
11-11 04:09:22.114 I/wm_on_stop_called( 5486): [13437491,android.service.dreams.DreamActivity,LIFECYCLER_STOP_ACTIVITY]
11-11 04:09:22.115 I/EthernetNetworkFactory( 1491): networkForRequest, request: NetworkRequest [ REQUEST id=309, [ Capabilities: INTERNET&NOT_RESTRICTED&TRUSTED&NOT_VCN_MANAGED Uid: 10051 RequestorUid: 10051 RequestorPkg: com.thundercomm.screensaver] ], network: NetworkInterfaceState{ refCount: 18, iface: eth0, up: true, hwAddress: 36:7c:7c:00:00:0f, networkCapabilities: [ Transports: ETHERNET Capabilities: NOT_METERED&INTERNET&NOT_RESTRICTED&TRUSTED&NOT_VPN&NOT_ROAMING&NOT_CONGESTED&NOT_SUSPENDED&NOT_VCN_MANAGED LinkUpBandwidth>=100000Kbps LinkDnBandwidth>=100000Kbps], networkAgent: null, score: 70, ipClient: android.net.ip.IIpClient$Stub$Proxy@eb2e1b4,linkProperties: {InterfaceName: eth0 LinkAddresses: [ fe80::f3c0:a117:ee4a:c99c/64 ] DnsAddresses: [ ] Domains: null MTU: 0 TcpBufferSizes: 524288,1048576,3145728,524288,1048576,2097152 Routes: [ fe80::/64 -> :: eth0 mtu 0 ]}}
11-11 04:09:22.115 I/wm_on_destroy_called( 5486): [13437491,android.service.dreams.DreamActivity,performDestroy]
11-11 04:09:22.116 I/DreamManagerService( 1491): Leaving dreamland.
11-11 04:09:22.117 I/DreamManagerService( 1491): Performing gentle wake from dream.
11-11 04:09:22.117 I/DreamController( 1491): Stopping dream: name=ComponentInfo{com.thundercomm.screensaver/com.thundercomm.screensaver.service.SystemDream}, isTest=false, canDoze=false, userId=0, reason='finished self'(from 'finished self')
11-11 04:09:22.117 I/sysui_multi_action( 1491): [757,222,758,2]
11-11 04:09:22.117 I/sysui_multi_action( 1491): [757,804,799,dreaming_minutes,801,4,802,1]
11-11 04:09:22.117 W/InputManager-JNI( 1491): Input channel object '344168f com.thundercomm.screensaver/android.service.dreams.DreamActivity (client)' was disposed without first being removed with the input manager!
11-11 04:09:22.124 I/wm_task_removed( 1491): [146,removeChild:removeChild last r=ActivityRecord{cd0a33 u0 com.thundercomm.screensaver/android.service.dreams.DreamActivity t-1 f}} in t=Task{2e7a6a1 #146 type=dream A=10051:android:com.thundercomm.screensaver/dream U=0 visible=false mode=fullscreen translucent=true sz=0}]
11-11 04:09:22.124 I/wm_task_removed( 1491): [146,removeChild]
11-11 04:09:22.127 W/ActivityTaskManager( 1491): Can't find TaskDisplayArea to determine support for multi window. Task id=146 attached=false
11-11 04:09:22.127 W/View ( 1971): requestLayout() improperly called by android.widget.FrameLayout{6741a03 I.E...... ......ID 0,0-780,182 #2bc} during layout: running second layout pass
11-11 04:09:22.127 W/View ( 1971): requestLayout() improperly called by com.android.systemui.statusbar.AlphaOptimizedImageView{251aab2 VFED..C.. ......ID 0,0-140,182} during layout: running second layout pass
11-11 04:09:22.129 W/View ( 1971): requestLayout() improperly called by android.widget.FrameLayout{6741a03 I.E...... ......ID 0,0-780,182 #2bc} during second layout pass: posting in next frame
11-11 04:09:22.129 W/View ( 1971): requestLayout() improperly called by com.android.systemui.statusbar.AlphaOptimizedImageView{251aab2 VFED..C.. ......ID 0,0-140,182} during second layout pass: posting in next frame
11-11 04:09:22.136 W/View ( 1971): requestLayout() improperly called by android.widget.FrameLayout{6741a03 I.E...... ......ID 0,0-780,182 #2bc} during layout: running second layout pass
11-11 04:09:22.136 W/View ( 1971): requestLayout() improperly called by com.android.systemui.statusbar.AlphaOptimizedImageView{251aab2 VFED..C.. ......ID 0,0-140,182} during layout: running second layout pass
11-11 04:09:22.152 W/Choreographer( 1971): Frame time is 0.210583 ms in the future! Check that graphics HAL is generating vsync timestamps using the correct timebase.
11-11 04:09:22.152 W/Choreographer( 1491): Frame time is 0.176573 ms in the future! Check that graphics HAL is generating vsync timestamps using the correct timebase.
11-11 04:09:22.152 W/Choreographer( 2490): Frame time is 0.111937 ms in the future! Check that graphics HAL is generating vsync timestamps using the correct timebase.
11-11 04:09:22.153 W/View ( 1971): requestLayout() improperly called by android.widget.FrameLayout{6741a03 I.E...... ......ID 0,0-780,182 #2bc} during second layout pass: posting in next frame
11-11 04:09:22.153 W/View ( 1971): requestLayout() improperly called by com.android.systemui.statusbar.AlphaOptimizedImageView{251aab2 VFED..C.. ......ID 0,0-140,182} during second layout pass: posting in next frame
11-11 04:09:22.172 W/View ( 1971): requestLayout() improperly called by android.widget.FrameLayout{6741a03 I.E...... ......ID 0,0-780,182 #2bc} during layout: running second layout pass
11-11 04:09:22.172 W/View ( 1971): requestLayout() improperly called by com.android.systemui.statusbar.AlphaOptimizedImageView{251aab2 VFED..C.. ......ID 0,0-140,182} during layout: running second layout pass
11-11 04:09:22.173 W/View ( 1971): requestLayout() improperly called by android.widget.FrameLayout{6741a03 I.E...... ......ID 0,0-780,182 #2bc} during second layout pass: posting in next frame
11-11 04:09:22.174 W/View ( 1971): requestLayout() improperly called by com.android.systemui.statusbar.AlphaOptimizedImageView{251aab2 VFED..C.. ......ID 0,0-140,182} during second layout pass: posting in next frame
11-11 04:09:22.187 W/View ( 1971): requestLayout() improperly called by android.widget.FrameLayout{6741a03 I.E...... ......ID 0,0-780,182 #2bc} during layout: running second layout pass
11-11 04:09:22.187 W/View ( 1971): requestLayout() improperly called by com.android.systemui.statusbar.AlphaOptimizedImageView{251aab2 VFED..C.. ......ID 0,0-140,182} during layout: running second layout pass
11-11 04:09:22.191 W/View ( 1971): requestLayout() improperly called by android.widget.FrameLayout{6741a03 I.E...... ......ID 0,0-780,182 #2bc} during second layout pass: posting in next frame
11-11 04:09:22.191 W/View ( 1971): requestLayout() improperly called by com.android.systemui.statusbar.AlphaOptimizedImageView{251aab2 VFED..C.. ......ID 0,0-140,182} during second layout pass: posting in next frame
11-11 04:09:22.204 W/View ( 1971): requestLayout() improperly called by android.widget.FrameLayout{6741a03 I.E...... ......ID 0,0-780,182 #2bc} during layout: running second layout pass
11-11 04:09:22.204 W/View ( 1971): requestLayout() improperly called by com.android.systemui.statusbar.AlphaOptimizedImageView{251aab2 VFED..C.. ......ID 0,0-140,182} during layout: running second layout pass
11-11 04:09:22.205 W/View ( 1971): requestLayout() improperly called by android.widget.FrameLayout{6741a03 I.E...... ......ID 0,0-780,182 #2bc} during second layout pass: posting in next frame
11-11 04:09:22.205 W/View ( 1971): requestLayout() improperly called by com.android.systemui.statusbar.AlphaOptimizedImageView{251aab2 VFED..C.. ......ID 0,0-140,182} during second layout pass: posting in next frame
11-11 04:09:22.221 W/View ( 1971): requestLayout() improperly called by android.widget.FrameLayout{6741a03 I.E...... ......ID 0,0-780,182 #2bc} during layout: running second layout pass
11-11 04:09:22.221 W/View ( 1971): requestLayout() improperly called by com.android.systemui.statusbar.AlphaOptimizedImageView{251aab2 VFED..C.. ......ID 0,0-140,182} during layout: running second layout pass
