11-11 03:36:31.547 I/auditd (13536): type=1400 audit(0.0:17567): avc: granted { execute } for comm="pool-12-thread-" path="/data/user/0/com.smile.gifmaker/files/.0/lib/7.6.4/331852615/armeabi-v7a/libweapon764.so" dev="dm-10" ino=77595 scontext=u:r:untrusted_app_29:s0:c99,c256,c512,c768 tcontext=u:object_r:app_data_file:s0:c99,c256,c512,c768 tclass=file app=com.smile.gifmaker
11-11 03:36:31.551 I/auditd (13536): type=1400 audit(0.0:17568): avc: denied { ioctl } for comm="pool-12-thread-" path="socket:[1646591]" dev="sockfs" ino=1646591 ioctlcmd=0x8927 scontext=u:r:untrusted_app_29:s0:c99,c256,c512,c768 tcontext=u:r:untrusted_app_29:s0:c99,c256,c512,c768 tclass=tcp_socket permissive=0 app=com.smile.gifmaker
11-11 03:36:31.551 I/auditd (13536): type=1400 audit(0.0:17569): avc: granted { nlmsg_readpriv } for comm="pool-12-thread-" scontext=u:r:untrusted_app_29:s0:c99,c256,c512,c768 tcontext=u:r:untrusted_app_29:s0:c99,c256,c512,c768 tclass=netlink_route_socket app=com.smile.gifmaker
11-11 03:36:31.747 I/auditd (13536): type=1400 audit(0.0:17571): avc: granted { execute } for comm="pool-12-thread-" path="/data/user/0/com.smile.gifmaker/files/.2/lib/6.4.0/2081138298/armeabi-v7a/libw640.so" dev="dm-10" ino=78003 scontext=u:r:untrusted_app_29:s0:c99,c256,c512,c768 tcontext=u:object_r:app_data_file:s0:c99,c256,c512,c768 tclass=file app=com.smile.gifmaker
11-11 03:36:32.188 I/liblog (15584): 328
11-11 03:36:32.217 I/am_proc_start( 1491): [0,15646,10098,com.ss.android.ugc.aweme:pushservice,service,{com.ss.android.ugc.aweme/com.xiaomi.push.service.XMPushService}]
11-11 03:36:32.244 I/am_proc_bound( 1491): [0,15646,com.ss.android.ugc.aweme:pushservice]
11-11 03:36:32.295 I/auditd ( 0): type=1400 audit(0.0:17572): avc: denied { kill } for comm="swapper/6" capability=5 scontext=u:r:kernel:s0 tcontext=u:r:kernel:s0 tclass=capability permissive=0
11-11 03:36:32.635 I/auditd (13536): type=1400 audit(0.0:17573): avc: granted { execute } for comm="LogChannel_NORM" path="/data/user/0/com.smile.gifmaker/app_DvaPlugin/zstd_yxcorp/-1760402700/so/libzcompress.so" dev="dm-10" ino=77877 scontext=u:r:untrusted_app_29:s0:c99,c256,c512,c768 tcontext=u:object_r:app_data_file:s0:c99,c256,c512,c768 tclass=file app=com.smile.gifmaker
11-11 03:36:32.691 I/auditd (13511): type=1400 audit(0.0:17574): avc: denied { read } for comm="qm-thread-1" name="/" dev="dm-5" ino=2 scontext=u:r:untrusted_app:s0:c101,c256,c512,c768 tcontext=u:object_r:rootfs:s0 tclass=dir permissive=0 app=com.tencent.qqlive
11-11 03:36:32.939 I/auditd (15712): type=1400 audit(0.0:17575): avc: denied { getattr } for comm="netstat" path="/proc/fb" dev="proc" ino=4026531990 scontext=u:r:untrusted_app_29:s0:c99,c256,c512,c768 tcontext=u:object_r:proc:s0 tclass=file permissive=0 app=com.smile.gifmaker
11-11 03:36:32.939 I/auditd (15712): type=1400 audit(0.0:17576): avc: denied { getattr } for comm="netstat" path="/proc/keys" dev="proc" ino=4026532290 scontext=u:r:untrusted_app_29:s0:c99,c256,c512,c768 tcontext=u:object_r:proc_keys:s0 tclass=file permissive=0 app=com.smile.gifmaker
11-11 03:36:32.939 I/auditd (15712): type=1400 audit(0.0:17577): avc: denied { getattr } for comm="netstat" path="/proc/kmsg" dev="proc" ino=4026532240 scontext=u:r:untrusted_app_29:s0:c99,c256,c512,c768 tcontext=u:object_r:proc_kmsg:s0 tclass=file permissive=0 app=com.smile.gifmaker
11-11 03:36:32.939 I/auditd (15712): type=1400 audit(0.0:17578): avc: denied { getattr } for comm="netstat" path="/proc/misc" dev="proc" ino=4026531991 scontext=u:r:untrusted_app_29:s0:c99,c256,c512,c768 tcontext=u:object_r:proc_misc:s0 tclass=file permissive=0 app=com.smile.gifmaker
11-11 03:36:32.939 I/auditd (15712): type=1400 audit(0.0:17579): avc: denied { getattr } for comm="netstat" path="/proc/stat" dev="proc" ino=4026532236 scontext=u:r:untrusted_app_29:s0:c99,c256,c512,c768 tcontext=u:object_r:proc_stat:s0 tclass=file permissive=0 app=com.smile.gifmaker
11-11 03:36:32.939 I/auditd (15712): type=1400 audit(0.0:17580): avc: denied { getattr } for comm="netstat" path="/proc/iomem" dev="proc" ino=4026532274 scontext=u:r:untrusted_app_29:s0:c99,c256,c512,c768 tcontext=u:object_r:proc_iomem:s0 tclass=file permissive=0 app=com.smile.gifmaker
11-11 03:36:33.947 I/auditd (15822): type=1400 audit(0.0:17621): avc: denied { read } for comm="lsusb" name="devices" dev="sysfs" ino=43693 scontext=u:r:untrusted_app_29:s0:c99,c256,c512,c768 tcontext=u:object_r:sysfs:s0 tclass=dir permissive=0
11-11 03:36:34.099 I/auditd (15830): type=1400 audit(0.0:17622): avc: denied { read } for comm="lspci" name="devices" dev="sysfs" ino=28803 scontext=u:r:untrusted_app_29:s0:c99,c256,c512,c768 tcontext=u:object_r:sysfs:s0 tclass=dir permissive=0
11-11 03:36:34.235 I/auditd (13536): type=1400 audit(0.0:17623): avc: denied { read } for comm="pool-28-thread-" name="cache" dev="dm-5" ino=16 scontext=u:r:untrusted_app_29:s0:c99,c256,c512,c768 tcontext=u:object_r:cache_file:s0 tclass=lnk_file permissive=0 app=com.smile.gifmaker
11-11 03:36:34.235 I/auditd (13536): type=1400 audit(0.0:17624): avc: denied { read } for comm="pool-28-thread-" name="input" dev="tmpfs" ino=1080 scontext=u:r:untrusted_app_29:s0:c99,c256,c512,c768 tcontext=u:object_r:input_device:s0 tclass=dir permissive=0 app=com.smile.gifmaker
11-11 03:36:34.235 I/auditd (13536): type=1400 audit(0.0:17625): avc: denied { read } for comm="pool-28-thread-" name="sdcard" dev="tmpfs" ino=16024 scontext=u:r:untrusted_app_29:s0:c99,c256,c512,c768 tcontext=u:object_r:mnt_sdcard_file:s0 tclass=lnk_file permissive=0 app=com.smile.gifmaker
11-11 03:36:34.721 I/am_pss ( 1491): [13484,1000,com.android.settings,172421120,156520448,37888,301113344,0,2,16]
11-11 03:36:34.898 I/service_manager_slow(13536): [61,isub]
11-11 03:36:34.999 I/auditd (15916): type=1400 audit(0.0:17657): avc: denied { getattr } for comm="netstat" path="/proc/fb" dev="proc" ino=4026531990 scontext=u:r:untrusted_app_29:s0:c99,c256,c512,c768 tcontext=u:object_r:proc:s0 tclass=file permissive=0 app=com.smile.gifmaker
11-11 03:36:34.999 I/auditd (15916): type=1400 audit(0.0:17658): avc: denied { getattr } for comm="netstat" path="/proc/keys" dev="proc" ino=4026532290 scontext=u:r:untrusted_app_29:s0:c99,c256,c512,c768 tcontext=u:object_r:proc_keys:s0 tclass=file permissive=0 app=com.smile.gifmaker
11-11 03:36:34.999 I/auditd (15916): type=1400 audit(0.0:17659): avc: denied { getattr } for comm="netstat" path="/proc/kmsg" dev="proc" ino=4026532240 scontext=u:r:untrusted_app_29:s0:c99,c256,c512,c768 tcontext=u:object_r:proc_kmsg:s0 tclass=file permissive=0 app=com.smile.gifmaker
11-11 03:36:34.999 I/auditd (15916): type=1400 audit(0.0:17660): avc: denied { getattr } for comm="netstat" path="/proc/misc" dev="proc" ino=4026531991 scontext=u:r:untrusted_app_29:s0:c99,c256,c512,c768 tcontext=u:object_r:proc_misc:s0 tclass=file permissive=0 app=com.smile.gifmaker
11-11 03:36:34.999 I/auditd (15916): type=1400 audit(0.0:17661): avc: denied { getattr } for comm="netstat" path="/proc/stat" dev="proc" ino=4026532236 scontext=u:r:untrusted_app_29:s0:c99,c256,c512,c768 tcontext=u:object_r:proc_stat:s0 tclass=file permissive=0 app=com.smile.gifmaker
11-11 03:36:35.356 I/liblog (15937): 568
11-11 03:36:35.500 I/service_manager_slow(13536): [72,isub]
11-11 03:36:35.642 I/sysui_multi_action( 1491): [757,1717,758,1,759,0]
11-11 03:36:35.644 I/sysui_multi_action( 1491): [757,1717,758,2,759,0]
11-11 03:36:35.645 I/sysui_multi_action( 1491): [757,1717,758,3,759,0]
11-11 03:36:36.307 I/auditd (15952): type=1400 audit(0.0:17705): avc: denied { read } for comm="ps" name="pid_max" dev="proc" ino=1656572 scontext=u:r:untrusted_app_29:s0:c99,c256,c512,c768 tcontext=u:object_r:proc_pid_max:s0 tclass=file permissive=0 app=com.smile.gifmaker
11-11 03:36:36.332 I/service_manager_stats(13536): [315,1109,5559]
11-11 03:36:36.383 I/auditd (13536): type=1400 audit(0.0:17706): avc: denied { read } for comm="pool-28-thread-" name="tcp" dev="proc" ino=4026532256 scontext=u:r:untrusted_app_29:s0:c99,c256,c512,c768 tcontext=u:object_r:proc_net_tcp_udp:s0 tclass=file permissive=0 app=com.smile.gifmaker
11-11 03:36:36.383 I/auditd (13536): type=1400 audit(0.0:17707): avc: denied { read } for comm="pool-28-thread-" name="cache" dev="dm-5" ino=16 scontext=u:r:untrusted_app_29:s0:c99,c256,c512,c768 tcontext=u:object_r:cache_file:s0 tclass=lnk_file permissive=0 app=com.smile.gifmaker
11-11 03:36:36.475 I/auditd (16020): type=1400 audit(0.0:17708): avc: denied { read } for comm="lsusb" name="devices" dev="sysfs" ino=43693 scontext=u:r:untrusted_app_29:s0:c99,c256,c512,c768 tcontext=u:object_r:sysfs:s0 tclass=dir permissive=0
11-11 03:36:36.595 I/auditd (16039): type=1400 audit(0.0:17709): avc: denied { read } for comm="lspci" name="devices" dev="sysfs" ino=28803 scontext=u:r:untrusted_app_29:s0:c99,c256,c512,c768 tcontext=u:object_r:sysfs:s0 tclass=dir permissive=0
11-11 03:36:36.617 I/am_proc_start( 1491): [0,16050,10099,com.smile.gifmaker:dpbenchmark,service,{com.smile.gifmaker/com.kwai.video.devicepersonabenchmark.DPBenchmarkTestService}]
11-11 03:36:36.635 I/am_proc_bound( 1491): [0,16050,com.smile.gifmaker:dpbenchmark]
11-11 03:36:36.817 I/service_manager_slow(13536): [136,isub]
11-11 03:36:37.567 I/auditd (13536): type=1400 audit(0.0:17727): avc: denied { read } for comm="pool-28-thread-" name="tcp" dev="proc" ino=4026532256 scontext=u:r:untrusted_app_29:s0:c99,c256,c512,c768 tcontext=u:object_r:proc_net_tcp_udp:s0 tclass=file permissive=0 app=com.smile.gifmaker
11-11 03:36:37.843 I/am_pss ( 1491): [13995,10103,tv.danmaku.bilibilihd:pushservice,42900480,19001344,39936,176488448,0,10,12]
11-11 03:36:38.295 I/auditd ( 0): type=1400 audit(0.0:17728): avc: denied { kill } for comm="swapper/6" capability=5 scontext=u:r:kernel:s0 tcontext=u:r:kernel:s0 tclass=capability permissive=0
11-11 03:36:38.315 I/auditd (13536): type=1400 audit(0.0:17729): avc: denied { read } for comm="pool-28-thread-" name="cache" dev="dm-5" ino=16 scontext=u:r:untrusted_app_29:s0:c99,c256,c512,c768 tcontext=u:object_r:cache_file:s0 tclass=lnk_file permissive=0 app=com.smile.gifmaker
11-11 03:36:38.443 I/auditd (13536): type=1400 audit(0.0:17730): avc: denied { getattr } for comm="ela_global-io" path="/proc/fb" dev="proc" ino=4026531990 scontext=u:r:untrusted_app_29:s0:c99,c256,c512,c768 tcontext=u:object_r:proc:s0 tclass=file permissive=0 app=com.smile.gifmaker
11-11 03:36:38.443 I/auditd (13536): type=1400 audit(0.0:17731): avc: denied { getattr } for comm="ela_global-io" path="/proc/keys" dev="proc" ino=4026532290 scontext=u:r:untrusted_app_29:s0:c99,c256,c512,c768 tcontext=u:object_r:proc_keys:s0 tclass=file permissive=0 app=com.smile.gifmaker
11-11 03:36:38.576 I/am_pss ( 1491): [13536,10099,com.smile.gifmaker,311129088,270983168,19456,466173952,0,19,28]
11-11 03:36:38.801 I/liblog (13483): 107
11-11 03:36:38.795 I/auditd (16050): type=1400 audit(0.0:17779): avc: granted { execute } for comm="DPBenchmarkTest" path="/data/user/0/com.smile.gifmaker/app_DvaPlugin/device_persona/-1610845885/so/libdevicepersonasdkjni.so" dev="dm-10" ino=54833 scontext=u:r:untrusted_app_29:s0:c99,c256,c512,c768 tcontext=u:object_r:app_data_file:s0:c99,c256,c512,c768 tclass=file app=com.smile.gifmaker
11-11 03:36:38.855 I/liblog (13483): 98
11-11 03:36:38.885 I/liblog (13483): 101
11-11 03:36:39.063 I/auditd (13536): type=1400 audit(0.0:17780): avc: denied { read } for comm="pool-28-thread-" name="unix" dev="proc" ino=4026532262 scontext=u:r:untrusted_app_29:s0:c99,c256,c512,c768 tcontext=u:object_r:proc_net:s0 tclass=file permissive=0 app=com.smile.gifmaker
11-11 03:36:39.063 I/auditd (13536): type=1400 audit(0.0:17781): avc: denied { read } for comm="pool-28-thread-" name="unix" dev="proc" ino=4026532262 scontext=u:r:untrusted_app_29:s0:c99,c256,c512,c768 tcontext=u:object_r:proc_net:s0 tclass=file permissive=0 app=com.smile.gifmaker
11-11 03:36:39.063 I/auditd (13536): type=1400 audit(0.0:17782): avc: denied { read } for comm="pool-28-thread-" name="tcp" dev="proc" ino=4026532256 scontext=u:r:untrusted_app_29:s0:c99,c256,c512,c768 tcontext=u:object_r:proc_net_tcp_udp:s0 tclass=file permissive=0 app=com.smile.gifmaker
11-11 03:36:39.067 I/auditd (13536): type=1400 audit(0.0:17783): avc: denied { read } for comm="pool-28-thread-" name="cache" dev="dm-5" ino=16 scontext=u:r:untrusted_app_29:s0:c99,c256,c512,c768 tcontext=u:object_r:cache_file:s0 tclass=lnk_file permissive=0 app=com.smile.gifmaker
11-11 03:36:39.344 I/am_pss ( 1491): [13529,10103,tv.danmaku.bilibilihd,105350144,77414400,38912,250187776,0,10,12]
11-11 03:36:39.360 I/am_pss ( 1491): [14011,10103,tv.danmaku.bilibilihd:ijkservice,41267200,20553728,138240,168452096,0,10,9]
11-11 03:36:40.295 I/auditd ( 0): type=1400 audit(0.0:17795): avc: denied { kill } for comm="swapper/6" capability=5 scontext=u:r:kernel:s0 tcontext=u:r:kernel:s0 tclass=capability permissive=0
11-11 03:36:40.797 I/netstats_mobile_sample( 1491): [0,0,0,0,0,0,0,0,0,0,0,0,1668094600796]
11-11 03:36:40.797 I/netstats_wifi_sample( 1491): [2108150784,1922851,202378805,955914,2108146392,1922848,202378765,955913,2464074581,2423014,134219969,832896,1668094600796]
11-11 03:36:40.835 I/auditd (13536): type=1400 audit(0.0:17796): avc: denied { read } for comm="pool-12-thread-" name="cache" dev="dm-5" ino=16 scontext=u:r:untrusted_app_29:s0:c99,c256,c512,c768 tcontext=u:object_r:cache_file:s0 tclass=lnk_file permissive=0 app=com.smile.gifmaker
11-11 03:36:40.835 I/auditd (13536): type=1400 audit(0.0:17797): avc: denied { read } for comm="pool-12-thread-" name="input" dev="tmpfs" ino=1080 scontext=u:r:untrusted_app_29:s0:c99,c256,c512,c768 tcontext=u:object_r:input_device:s0 tclass=dir permissive=0 app=com.smile.gifmaker
11-11 03:36:40.839 I/auditd (13536): type=1400 audit(0.0:17798): avc: denied { read } for comm="pool-12-thread-" name="sdcard" dev="tmpfs" ino=16024 scontext=u:r:untrusted_app_29:s0:c99,c256,c512,c768 tcontext=u:object_r:mnt_sdcard_file:s0 tclass=lnk_file permissive=0 app=com.smile.gifmaker
11-11 03:36:40.843 I/auditd (13536): type=1400 audit(0.0:17799): avc: denied { read } for comm="pool-12-thread-" name="tcp" dev="proc" ino=4026532256 scontext=u:r:untrusted_app_29:s0:c99,c256,c512,c768 tcontext=u:object_r:proc_net_tcp_udp:s0 tclass=file permissive=0 app=com.smile.gifmaker
11-11 03:36:41.833 I/service_manager_stats(13536): [441,1772,5501]
11-11 03:36:42.295 I/auditd ( 0): type=1400 audit(0.0:17808): avc: denied { kill } for comm="swapper/6" capability=5 scontext=u:r:kernel:s0 tcontext=u:r:kernel:s0 tclass=capability permissive=0
11-11 03:36:42.618 I/netstats_mobile_sample( 1491): [0,0,0,0,0,0,0,0,0,0,0,0,1668094602618]
11-11 03:36:42.618 I/netstats_wifi_sample( 1491): [2112832263,1926417,202516443,957762,2112832263,1926417,202516443,957762,2468861790,2426683,134346335,834721,1668094602618]
11-11 03:36:43.295 I/auditd ( 0): type=1400 audit(0.0:17809): avc: denied { kill } for comm="swapper/6" capability=5 scontext=u:r:kernel:s0 tcontext=u:r:kernel:s0 tclass=capability permissive=0
11-11 03:36:44.215 I/auditd (13511): type=1400 audit(0.0:17810): avc: denied { read } for comm="qm-thread-1" name="/" dev="dm-5" ino=2 scontext=u:r:untrusted_app:s0:c101,c256,c512,c768 tcontext=u:object_r:rootfs:s0 tclass=dir permissive=0 app=com.tencent.qqlive
11-11 03:36:44.295 I/auditd ( 0): type=1400 audit(0.0:17811): avc: denied { kill } for comm="swapper/6" capability=5 scontext=u:r:kernel:s0 tcontext=u:r:kernel:s0 tclass=capability permissive=0
11-11 03:36:45.295 I/auditd ( 0): type=1400 audit(0.0:17812): avc: denied { kill } for comm="swapper/6" capability=5 scontext=u:r:kernel:s0 tcontext=u:r:kernel:s0 tclass=capability permissive=0
11-11 03:36:45.591 I/am_proc_died( 1491): [0,16050,com.smile.gifmaker:dpbenchmark,0,10]
11-11 03:36:45.612 I/am_pss ( 1491): [13484,1000,com.android.settings,178191360,168411136,37888,301113344,0,2,17]
11-11 03:36:45.623 I/am_pss ( 1491): [13546,10094,com.tencent.qqmusicpad,50707456,34099200,22528,145608704,0,4,9]
11-11 03:36:45.631 I/am_pss ( 1491): [14144,10094,com.tencent.qqmusicpad:QQPlayerService,34530304,18612224,29696,123621376,0,4,7]
11-11 03:36:45.640 I/am_pss ( 1491): [13526,10034,com.microsoft.emmx,39050240,35233792,134144,135274496,0,19,9]
11-11 03:36:45.646 I/am_pss ( 1491): [13460,10032,com.android.musicfx,5613568,3715072,171008,85135360,0,19,5]
11-11 03:36:45.653 I/am_pss ( 1491): [13436,10086,com.android.music,12760064,9547776,38912,103026688,0,4,6]
11-11 03:36:45.670 I/am_pss ( 1491): [11429,10102,com.bilibili.bilithings,126924800,99885056,17408,264941568,0,4,16]
11-11 03:36:46.251 I/auditd (14597): type=1400 audit(0.0:17813): avc: denied { read } for comm="qm-thread-2" name="/" dev="dm-5" ino=2 scontext=u:r:untrusted_app:s0:c101,c256,c512,c768 tcontext=u:object_r:rootfs:s0 tclass=dir permissive=0 app=com.tencent.qqlive
11-11 03:36:46.295 I/auditd ( 0): type=1400 audit(0.0:17814): avc: denied { kill } for comm="swapper/6" capability=5 scontext=u:r:kernel:s0 tcontext=u:r:kernel:s0 tclass=capability permissive=0
11-11 03:36:46.782 I/am_uid_idle( 1491): 10066
11-11 03:36:47.295 I/auditd ( 0): type=1400 audit(0.0:17815): avc: denied { kill } for comm="swapper/6" capability=5 scontext=u:r:kernel:s0 tcontext=u:r:kernel:s0 tclass=capability permissive=0
11-11 03:36:48.295 I/auditd ( 0): type=1400 audit(0.0:17816): avc: denied { kill } for comm="swapper/6" capability=5 scontext=u:r:kernel:s0 tcontext=u:r:kernel:s0 tclass=capability permissive=0
11-11 03:36:48.583 I/auditd (15099): type=1400 audit(0.0:17817): avc: denied { read } for comm="qm-thread-3" name="/" dev="dm-5" ino=2 scontext=u:r:untrusted_app:s0:c101,c256,c512,c768 tcontext=u:object_r:rootfs:s0 tclass=dir permissive=0 app=com.tencent.qqlive
11-11 03:36:48.591 I/auditd (13529): type=1400 audit(0.0:17818): avc: denied { read } for comm="Thread-29" name="tcp" dev="proc" ino=4026532256 scontext=u:r:untrusted_app:s0:c103,c256,c512,c768 tcontext=u:object_r:proc_net_tcp_udp:s0 tclass=file permissive=0 app=tv.danmaku.bilibilihd
11-11 03:36:49.295 I/auditd ( 0): type=1400 audit(0.0:17819): avc: denied { kill } for comm="swapper/6" capability=5 scontext=u:r:kernel:s0 tcontext=u:r:kernel:s0 tclass=capability permissive=0
11-11 03:36:50.295 I/auditd ( 0): type=1400 audit(0.0:17820): avc: denied { kill } for comm="swapper/6" capability=5 scontext=u:r:kernel:s0 tcontext=u:r:kernel:s0 tclass=capability permissive=0
11-11 03:36:51.295 I/auditd ( 0): type=1400 audit(0.0:17821): avc: denied { kill } for comm="swapper/6" capability=5 scontext=u:r:kernel:s0 tcontext=u:r:kernel:s0 tclass=capability permissive=0
11-11 03:36:52.295 I/auditd ( 0): type=1400 audit(0.0:17822): avc: denied { kill } for comm="swapper/6" capability=5 scontext=u:r:kernel:s0 tcontext=u:r:kernel:s0 tclass=capability permissive=0
11-11 03:36:52.458 I/netstats_mobile_sample( 1491): [0,0,0,0,0,0,0,0,0,0,0,0,1668094612458]
11-11 03:36:52.459 I/netstats_wifi_sample( 1491): [2117813901,1930750,202941644,960358,2117813901,1930750,202941644,960358,2474031869,2431358,134715524,837193,1668094612458]
11-11 03:36:53.295 I/auditd ( 0): type=1400 audit(0.0:17823): avc: denied { kill } for comm="swapper/6" capability=5 scontext=u:r:kernel:s0 tcontext=u:r:kernel:s0 tclass=capability permissive=0
11-11 03:36:54.295 I/auditd ( 0): type=1400 audit(0.0:17824): avc: denied { kill } for comm="swapper/6" capability=5 scontext=u:r:kernel:s0 tcontext=u:r:kernel:s0 tclass=capability permissive=0
11-11 03:36:55.295 I/auditd ( 0): type=1400 audit(0.0:17825): avc: denied { kill } for comm="swapper/6" capability=5 scontext=u:r:kernel:s0 tcontext=u:r:kernel:s0 tclass=capability permissive=0
11-11 03:36:56.295 I/auditd ( 0): type=1400 audit(0.0:17826): avc: denied { kill } for comm="swapper/6" capability=5 scontext=u:r:kernel:s0 tcontext=u:r:kernel:s0 tclass=capability permissive=0
11-11 03:36:56.519 I/auditd (13511): type=1400 audit(0.0:17827): avc: denied { read } for comm="qm-thread-1" name="/" dev="dm-5" ino=2 scontext=u:r:untrusted_app:s0:c101,c256,c512,c768 tcontext=u:object_r:rootfs:s0 tclass=dir permissive=0 app=com.tencent.qqlive
11-11 03:36:57.295 I/auditd ( 0): type=1400 audit(0.0:17828): avc: denied { kill } for comm="swapper/6" capability=5 scontext=u:r:kernel:s0 tcontext=u:r:kernel:s0 tclass=capability permissive=0
11-11 03:36:58.295 I/auditd ( 0): type=1400 audit(0.0:17829): avc: denied { kill } for comm="swapper/6" capability=5 scontext=u:r:kernel:s0 tcontext=u:r:kernel:s0 tclass=capability permissive=0
11-11 03:36:58.515 I/auditd (14597): type=1400 audit(0.0:17830): avc: denied { read } for comm="qm-thread-2" name="/" dev="dm-5" ino=2 scontext=u:r:untrusted_app:s0:c101,c256,c512,c768 tcontext=u:object_r:rootfs:s0 tclass=dir permissive=0 app=com.tencent.qqlive
11-11 03:36:59.295 I/auditd ( 0): type=1400 audit(0.0:17831): avc: denied { kill } for comm="swapper/6" capability=5 scontext=u:r:kernel:s0 tcontext=u:r:kernel:s0 tclass=capability permissive=0
11-11 03:37:00.295 I/auditd ( 0): type=1400 audit(0.0:17832): avc: denied { kill } for comm="swapper/6" capability=5 scontext=u:r:kernel:s0 tcontext=u:r:kernel:s0 tclass=capability permissive=0
11-11 03:37:00.807 I/auditd (15099): type=1400 audit(0.0:17833): avc: denied { read } for comm="qm-thread-3" name="/" dev="dm-5" ino=2 scontext=u:r:untrusted_app:s0:c101,c256,c512,c768 tcontext=u:object_r:rootfs:s0 tclass=dir permissive=0 app=com.tencent.qqlive
11-11 03:37:01.295 I/auditd ( 0): type=1400 audit(0.0:17834): avc: denied { kill } for comm="swapper/6" capability=5 scontext=u:r:kernel:s0 tcontext=u:r:kernel:s0 tclass=capability permissive=0
11-11 03:37:02.295 I/auditd ( 0): type=1400 audit(0.0:17835): avc: denied { kill } for comm="swapper/6" capability=5 scontext=u:r:kernel:s0 tcontext=u:r:kernel:s0 tclass=capability permissive=0
11-11 03:37:03.295 I/auditd ( 0): type=1400 audit(0.0:17836): avc: denied { kill } for comm="swapper/6" capability=5 scontext=u:r:kernel:s0 tcontext=u:r:kernel:s0 tclass=capability permissive=0
11-11 03:37:03.949 I/auditd ( 508): avc: denied { find } for pid=16800 uid=10098 name=window scontext=u:r:untrusted_app_29:s0:c98,c256,c512,c768 tcontext=u:object_r:window_service:s0 tclass=service_manager permissive=0
11-11 03:37:04.039 I/auditd (13483): type=1400 audit(0.0:17837): avc: granted { nlmsg_readpriv } for comm="Thread-378" scontext=u:r:untrusted_app_29:s0:c98,c256,c512,c768 tcontext=u:r:untrusted_app_29:s0:c98,c256,c512,c768 tclass=netlink_route_socket app=com.ss.android.ugc.aweme
11-11 03:37:04.039 I/auditd (13483): type=1400 audit(0.0:17838): avc: granted { nlmsg_readpriv } for comm="Thread-378" scontext=u:r:untrusted_app_29:s0:c98,c256,c512,c768 tcontext=u:r:untrusted_app_29:s0:c98,c256,c512,c768 tclass=netlink_route_socket app=com.ss.android.ugc.aweme
11-11 03:37:04.082 I/auditd ( 508): avc: denied { find } for pid=16812 uid=10098 name=window scontext=u:r:untrusted_app_29:s0:c98,c256,c512,c768 tcontext=u:object_r:window_service:s0 tclass=service_manager permissive=0
11-11 03:37:04.167 I/auditd (16816): type=1400 audit(0.0:17839): avc: denied { read } for comm="ps" name="pid_max" dev="proc" ino=1682397 scontext=u:r:untrusted_app_29:s0:c98,c256,c512,c768 tcontext=u:object_r:proc_pid_max:s0 tclass=file permissive=0 app=com.ss.android.ugc.aweme
11-11 03:37:04.199 I/auditd (16819): type=1400 audit(0.0:17840): avc: denied { read } for comm="ps" name="pid_max" dev="proc" ino=1682397 scontext=u:r:untrusted_app_29:s0:c98,c256,c512,c768 tcontext=u:object_r:proc_pid_max:s0 tclass=file permissive=0 app=com.ss.android.ugc.aweme
11-11 03:37:04.211 I/auditd (13483): type=1400 audit(0.0:17841): avc: denied { read } for comm="Thread-378" name="u:object_r:oem_unlock_prop:s0" dev="tmpfs" ino=15506 scontext=u:r:untrusted_app_29:s0:c98,c256,c512,c768 tcontext=u:object_r:oem_unlock_prop:s0 tclass=file permissive=0 app=com.ss.android.ugc.aweme
11-11 03:37:04.295 I/auditd ( 0): type=1400 audit(0.0:17842): avc: denied { kill } for comm="swapper/6" capability=5 scontext=u:r:kernel:s0 tcontext=u:r:kernel:s0 tclass=capability permissive=0
11-11 03:37:05.160 I/am_proc_start( 1491): [0,16828,10098,com.ss.android.ugc.aweme:sandboxed_process1,service,{com.ss.android.ugc.aweme/com.bytedance.org.chromium.content.app.SandboxedProcessService0}]
11-11 03:37:05.180 I/am_proc_bound( 1491): [0,16828,com.ss.android.ugc.aweme:sandboxed_process1]
11-11 03:37:05.295 I/auditd ( 0): type=1400 audit(0.0:17843): avc: denied { kill } for comm="swapper/6" capability=5 scontext=u:r:kernel:s0 tcontext=u:r:kernel:s0 tclass=capability permissive=0
11-11 03:37:05.651 I/auditd (16828): type=1400 audit(0.0:17844): avc: granted { execute } for comm="dboxed_process1" path="/data/user/0/com.ss.android.ugc.aweme/files/webview_bytedance/33c46216fe3502194d08d2e1df0f478f_md5/libwebviewbytedance.so" dev="dm-10" ino=27174 scontext=u:r:untrusted_app_29:s0:c98,c256,c512,c768 tcontext=u:object_r:app_data_file:s0:c98,c256,c512,c768 tclass=file app=com.ss.android.ugc.aweme
11-11 03:37:06.295 I/auditd ( 0): type=1400 audit(0.0:17845): avc: denied { kill } for comm="swapper/6" capability=5 scontext=u:r:kernel:s0 tcontext=u:r:kernel:s0 tclass=capability permissive=0
11-11 03:37:06.583 I/auditd (13483): type=1400 audit(0.0:17846): avc: denied { search } for comm="Thread-378" name="input" dev="tmpfs" ino=1080 scontext=u:r:untrusted_app_29:s0:c98,c256,c512,c768 tcontext=u:object_r:input_device:s0 tclass=dir permissive=0 app=com.ss.android.ugc.aweme
11-11 03:37:06.655 I/auditd (13483): type=1400 audit(0.0:17847): avc: denied { getattr } for comm="Thread-377" path="/data/data/com.android.inputmethod.latin" dev="dm-10" ino=1977 scontext=u:r:untrusted_app_29:s0:c98,c256,c512,c768 tcontext=u:object_r:app_data_file:s0:c67,c256,c512,c768 tclass=dir permissive=0 app=com.ss.android.ugc.aweme
11-11 03:37:06.655 I/auditd (13483): type=1400 audit(0.0:17848): avc: denied { getattr } for comm="Thread-377" path="/data/data/com.android.inputmethod.latin" dev="dm-10" ino=1977 scontext=u:r:untrusted_app_29:s0:c98,c256,c512,c768 tcontext=u:object_r:app_data_file:s0:c67,c256,c512,c768 tclass=dir permissive=0 app=com.ss.android.ugc.aweme
11-11 03:37:06.667 I/auditd (13483): type=1400 audit(0.0:17849): avc: denied { read } for comm="Thread-377" name="cache" dev="dm-5" ino=16 scontext=u:r:untrusted_app_29:s0:c98,c256,c512,c768 tcontext=u:object_r:cache_file:s0 tclass=lnk_file permissive=0 app=com.ss.android.ugc.aweme
11-11 03:37:06.667 I/auditd (13483): type=1400 audit(0.0:17850): avc: denied { read } for comm="Thread-377" name="cache" dev="dm-5" ino=16 scontext=u:r:untrusted_app_29:s0:c98,c256,c512,c768 tcontext=u:object_r:cache_file:s0 tclass=lnk_file permissive=0 app=com.ss.android.ugc.aweme
11-11 03:37:06.731 I/auditd (16887): type=1400 audit(0.0:17851): avc: granted { bind } for comm="ip" scontext=u:r:untrusted_app_29:s0:c98,c256,c512,c768 tcontext=u:r:untrusted_app_29:s0:c98,c256,c512,c768 tclass=netlink_route_socket app=com.ss.android.ugc.aweme
11-11 03:37:06.751 I/auditd (16888): type=1400 audit(0.0:17852): avc: granted { bind } for comm="ip" scontext=u:r:untrusted_app_29:s0:c98,c256,c512,c768 tcontext=u:r:untrusted_app_29:s0:c98,c256,c512,c768 tclass=netlink_route_socket app=com.ss.android.ugc.aweme
11-11 03:37:07.888 I/am_uid_idle( 1491): 10103
11-11 03:37:07.889 I/am_stop_idle_service( 1491): [10103,tv.danmaku.bilibilihd/com.bilibili.lib.fasthybrid.SmallAppService]
11-11 03:37:07.889 I/am_stop_idle_service( 1491): [10103,tv.danmaku.bilibilihd/com.bilibili.videodownloader.service.VideoDownloadService]
11-11 03:37:07.889 I/am_stop_idle_service( 1491): [10103,tv.danmaku.bilibilihd/com.bilibili.lib.neuron.internal.NeuronRemoteService]
11-11 03:37:07.889 I/am_stop_idle_service( 1491): [10103,tv.danmaku.bilibilihd/com.bilibili.adcommon.apkdownload.ADDownloadService]
11-11 03:37:08.295 I/auditd ( 0): type=1400 audit(0.0:17864): avc: denied { kill } for comm="swapper/6" capability=5 scontext=u:r:kernel:s0 tcontext=u:r:kernel:s0 tclass=capability permissive=0
11-11 03:37:09.295 I/auditd ( 0): type=1400 audit(0.0:17865): avc: denied { kill } for comm="swapper/6" capability=5 scontext=u:r:kernel:s0 tcontext=u:r:kernel:s0 tclass=capability permissive=0
11-11 03:37:09.407 I/auditd (13483): type=1400 audit(0.0:17866): avc: denied { read } for comm="Thread-378" name="u:object_r:oem_unlock_prop:s0" dev="tmpfs" ino=15506 scontext=u:r:untrusted_app_29:s0:c98,c256,c512,c768 tcontext=u:object_r:oem_unlock_prop:s0 tclass=file permissive=0 app=com.ss.android.ugc.aweme
11-11 03:37:09.479 I/auditd (13483): type=1400 audit(0.0:17867): avc: denied { search } for comm="Thread-378" name="input" dev="tmpfs" ino=1080 scontext=u:r:untrusted_app_29:s0:c98,c256,c512,c768 tcontext=u:object_r:input_device:s0 tclass=dir permissive=0 app=com.ss.android.ugc.aweme
11-11 03:37:09.507 I/auditd (16919): type=1400 audit(0.0:17868): avc: granted { bind } for comm="ip" scontext=u:r:untrusted_app_29:s0:c98,c256,c512,c768 tcontext=u:r:untrusted_app_29:s0:c98,c256,c512,c768 tclass=netlink_route_socket app=com.ss.android.ugc.aweme
11-11 03:37:09.531 I/auditd (16920): type=1400 audit(0.0:17869): avc: granted { bind } for comm="ip" scontext=u:r:untrusted_app_29:s0:c98,c256,c512,c768 tcontext=u:r:untrusted_app_29:s0:c98,c256,c512,c768 tclass=netlink_route_socket app=com.ss.android.ugc.aweme
11-11 03:37:09.531 I/auditd (16920): type=1400 audit(0.0:17870): avc: granted { nlmsg_readpriv } for comm="ip" scontext=u:r:untrusted_app_29:s0:c98,c256,c512,c768 tcontext=u:r:untrusted_app_29:s0:c98,c256,c512,c768 tclass=netlink_route_socket app=com.ss.android.ugc.aweme
11-11 03:37:09.667 I/auditd (13483): type=1400 audit(0.0:17871): avc: denied { read } for comm="Thread-378" name="arp" dev="proc" ino=4026532245 scontext=u:r:untrusted_app_29:s0:c98,c256,c512,c768 tcontext=u:object_r:proc_net:s0 tclass=file permissive=0 app=com.ss.android.ugc.aweme
11-11 03:37:09.667 I/auditd (13483): type=1400 audit(0.0:17872): avc: denied { search } for comm="Thread-378" name="net" dev="sysfs" ino=46928 scontext=u:r:untrusted_app_29:s0:c98,c256,c512,c768 tcontext=u:object_r:sysfs_net:s0 tclass=dir permissive=0 app=com.ss.android.ugc.aweme
11-11 03:37:09.667 I/auditd (13483): type=1400 audit(0.0:17873): avc: denied { search } for comm="Thread-378" name="net" dev="sysfs" ino=46928 scontext=u:r:untrusted_app_29:s0:c98,c256,c512,c768 tcontext=u:object_r:sysfs_net:s0 tclass=dir permissive=0 app=com.ss.android.ugc.aweme
11-11 03:37:10.615 I/auditd (13483): type=1400 audit(0.0:17880): avc: denied { read } for comm="Thread-378" name="arp" dev="proc" ino=4026532245 scontext=u:r:untrusted_app_29:s0:c98,c256,c512,c768 tcontext=u:object_r:proc_net:s0 tclass=file permissive=0 app=com.ss.android.ugc.aweme
11-11 03:37:10.615 I/auditd (13483): type=1400 audit(0.0:17881): avc: denied { search } for comm="Thread-378" name="net" dev="sysfs" ino=46928 scontext=u:r:untrusted_app_29:s0:c98,c256,c512,c768 tcontext=u:object_r:sysfs_net:s0 tclass=dir permissive=0 app=com.ss.android.ugc.aweme
11-11 03:37:10.615 I/auditd (13483): type=1400 audit(0.0:17882): avc: denied { search } for comm="Thread-378" name="net" dev="sysfs" ino=46928 scontext=u:r:untrusted_app_29:s0:c98,c256,c512,c768 tcontext=u:object_r:sysfs_net:s0 tclass=dir permissive=0 app=com.ss.android.ugc.aweme
11-11 03:37:11.295 I/auditd ( 0): type=1400 audit(0.0:17883): avc: denied { kill } for comm="swapper/6" capability=5 scontext=u:r:kernel:s0 tcontext=u:r:kernel:s0 tclass=capability permissive=0
11-11 03:37:12.295 I/auditd ( 0): type=1400 audit(0.0:17884): avc: denied { kill } for comm="swapper/6" capability=5 scontext=u:r:kernel:s0 tcontext=u:r:kernel:s0 tclass=capability permissive=0
11-11 03:37:13.003 I/auditd (16957): type=1400 audit(0.0:17885): avc: denied { search } for comm="mount" name="vendor" dev="tmpfs" ino=13326 scontext=u:r:untrusted_app_29:s0:c99,c256,c512,c768 tcontext=u:object_r:mnt_vendor_file:s0 tclass=dir permissive=0 app=com.smile.gifmaker
11-11 03:37:13.003 I/auditd (16957): type=1400 audit(0.0:17886): avc: denied { search } for comm="mount" name="vendor" dev="tmpfs" ino=13326 scontext=u:r:untrusted_app_29:s0:c99,c256,c512,c768 tcontext=u:object_r:mnt_vendor_file:s0 tclass=dir permissive=0 app=com.smile.gifmaker
11-11 03:37:13.003 I/auditd (16957): type=1400 audit(0.0:17887): avc: denied { getattr } for comm="mount" path="/metadata" dev="sda11" ino=2 scontext=u:r:untrusted_app_29:s0:c99,c256,c512,c768 tcontext=u:object_r:metadata_file:s0 tclass=dir permissive=0 app=com.smile.gifmaker
11-11 03:37:13.007 I/auditd (16957): type=1400 audit(0.0:17888): avc: denied { getattr } for comm="mount" path="/vendor/firmware_mnt" dev="sde4" ino=1 scontext=u:r:untrusted_app_29:s0:c99,c256,c512,c768 tcontext=u:object_r:firmware_file:s0 tclass=dir permissive=0 app=com.smile.gifmaker
11-11 03:37:13.007 I/auditd (16957): type=1400 audit(0.0:17889): avc: denied { getattr } for comm="mount" name="/" dev="sde4" ino=1 scontext=u:r:untrusted_app_29:s0:c99,c256,c512,c768 tcontext=u:object_r:firmware_file:s0 tclass=filesystem permissive=0 app=com.smile.gifmaker
11-11 03:37:14.295 I/auditd ( 0): type=1400 audit(0.0:17972): avc: denied { kill } for comm="swapper/6" capability=5 scontext=u:r:kernel:s0 tcontext=u:r:kernel:s0 tclass=capability permissive=0
11-11 03:37:14.907 I/sysui_multi_action( 1491): [757,128,758,5,759,8,793,59989,794,0,795,59989,796,1,806,com.android.music,857,Channel-music,858,2,947,0,1500,59792,1641,transport,1688,1,1745,1043716538]
11-11 03:37:14.907 I/notification_canceled( 1491): [0|com.android.music|1|null|10086,8,59989,59989,0,-1,-1,NULL]
11-11 03:37:14.921 I/liblog ( 7489): 428
11-11 03:37:14.938 I/notification_cancel_all( 1491): [1000,1491,com.android.music,0,0,0,20,NULL]
11-11 03:37:14.938 I/sysui_multi_action( 1491): [757,856,758,2,806,com.android.music,857,Channel-music,858,2]
11-11 03:37:14.946 I/notification_enqueue( 1491): [10078,1971,com.android.systemui,1,empty_media,0,Notification(channel=empty_media_style_id shortcut=null contentView=null vibrate=null sound=null defaults=0x0 flags=0x20 color=0x00000000 category=transport groupKey=empty_media actions=5 vis=PRIVATE),0]
11-11 03:37:15.148 I/sysui_multi_action( 1491): [757,1501,758,1,793,203,794,0,795,203,796,1,797,empty_media,806,com.android.systemui,857,empty_media_style_id,858,4,946,empty_media,947,0,1500,0,1641,transport,1688,1,1745,1043716538]
11-11 03:37:15.149 I/sysui_multi_action( 1491): [757,804,799,note_interruptive,801,0,802,1]
11-11 03:37:15.195 I/commit_sys_config_file( 1491): [notification-policy,13006921]
11-11 03:37:15.295 I/auditd ( 0): type=1400 audit(0.0:17973): avc: denied { kill } for comm="swapper/6" capability=5 scontext=u:r:kernel:s0 tcontext=u:r:kernel:s0 tclass=capability permissive=0
11-11 03:37:16.295 I/auditd ( 0): type=1400 audit(0.0:17974): avc: denied { kill } for comm="swapper/6" capability=5 scontext=u:r:kernel:s0 tcontext=u:r:kernel:s0 tclass=capability permissive=0
11-11 03:37:16.520 I/sysui_multi_action( 1491): [757,1696,758,6,759,2]
11-11 03:37:16.524 I/am_wtf ( 1491): [0,1491,system_server,-1,DisplayDeviceConfig,requesting nits when no mapping exists.]
11-11 03:37:16.527 I/am_wtf ( 1491): [0,1491,system_server,-1,DisplayDeviceConfig,requesting nits when no mapping exists.]
11-11 03:37:16.539 I/am_wtf ( 1491): [0,1491,system_server,-1,DisplayDeviceConfig,requesting nits when no mapping exists.]
11-11 03:37:16.541 I/am_wtf ( 1491): [0,1491,system_server,-1,DisplayDeviceConfig,requesting nits when no mapping exists.]
11-11 03:37:16.556 I/am_wtf ( 1491): [0,1491,system_server,-1,DisplayDeviceConfig,requesting nits when no mapping exists.]
11-11 03:37:16.558 I/am_wtf ( 1491): [0,1491,system_server,-1,DisplayDeviceConfig,requesting nits when no mapping exists.]
11-11 03:37:16.574 I/am_wtf ( 1491): [0,1491,system_server,-1,DisplayDeviceConfig,requesting nits when no mapping exists.]
11-11 03:37:16.575 I/am_wtf ( 1491): [0,1491,system_server,-1,DisplayDeviceConfig,requesting nits when no mapping exists.]
11-11 03:37:16.591 I/am_wtf ( 1491): [0,1491,system_server,-1,DisplayDeviceConfig,requesting nits when no mapping exists.]
11-11 03:37:16.592 I/am_wtf ( 1491): [0,1491,system_server,-1,DisplayDeviceConfig,requesting nits when no mapping exists.]
11-11 03:37:16.608 I/am_wtf ( 1491): [0,1491,system_server,-1,DisplayDeviceConfig,requesting nits when no mapping exists.]
11-11 03:37:16.608 I/am_wtf ( 1491): [0,1491,system_server,-1,DisplayDeviceConfig,requesting nits when no mapping exists.]
11-11 03:37:16.624 I/am_wtf ( 1491): [0,1491,system_server,-1,DisplayDeviceConfig,requesting nits when no mapping exists.]
11-11 03:37:16.625 I/am_wtf ( 1491): [0,1491,system_server,-1,DisplayDeviceConfig,requesting nits when no mapping exists.]
11-11 03:37:16.641 I/am_wtf ( 1491): [0,1491,system_server,-1,DisplayDeviceConfig,requesting nits when no mapping exists.]
11-11 03:37:16.641 I/am_wtf ( 1491): [0,1491,system_server,-1,DisplayDeviceConfig,requesting nits when no mapping exists.]
11-11 03:37:16.658 I/am_wtf ( 1491): [0,1491,system_server,-1,DisplayDeviceConfig,requesting nits when no mapping exists.]
11-11 03:37:16.658 I/am_wtf ( 1491): [0,1491,system_server,-1,DisplayDeviceConfig,requesting nits when no mapping exists.]
11-11 03:37:16.675 I/am_wtf ( 1491): [0,1491,system_server,-1,DisplayDeviceConfig,requesting nits when no mapping exists.]
11-11 03:37:16.679 I/am_wtf ( 1491): [0,1491,system_server,-1,DisplayDeviceConfig,requesting nits when no mapping exists.]
11-11 03:37:16.691 I/am_wtf ( 1491): [0,1491,system_server,-1,DisplayDeviceConfig,requesting nits when no mapping exists.]
11-11 03:37:16.692 I/am_wtf ( 1491): [0,1491,system_server,-1,DisplayDeviceConfig,requesting nits when no mapping exists.]
11-11 03:37:16.708 I/am_wtf ( 1491): [0,1491,system_server,-1,DisplayDeviceConfig,requesting nits when no mapping exists.]
11-11 03:37:16.708 I/am_wtf ( 1491): [0,1491,system_server,-1,DisplayDeviceConfig,requesting nits when no mapping exists.]
11-11 03:37:16.725 I/am_wtf ( 1491): [0,1491,system_server,-1,DisplayDeviceConfig,requesting nits when no mapping exists.]
11-11 03:37:16.726 I/am_wtf ( 1491): [0,1491,system_server,-1,DisplayDeviceConfig,requesting nits when no mapping exists.]
11-11 03:37:16.744 I/am_wtf ( 1491): [0,1491,system_server,-1,DisplayDeviceConfig,requesting nits when no mapping exists.]
11-11 03:37:16.744 I/am_wtf ( 1491): [0,1491,system_server,-1,DisplayDeviceConfig,requesting nits when no mapping exists.]
11-11 03:37:16.758 I/am_wtf ( 1491): [0,1491,system_server,-1,DisplayDeviceConfig,requesting nits when no mapping exists.]
11-11 03:37:16.758 I/am_wtf ( 1491): [0,1491,system_server,-1,DisplayDeviceConfig,requesting nits when no mapping exists.]
11-11 03:37:16.775 I/am_wtf ( 1491): [0,1491,system_server,-1,DisplayDeviceConfig,requesting nits when no mapping exists.]
11-11 03:37:16.775 I/am_wtf ( 1491): [0,1491,system_server,-1,DisplayDeviceConfig,requesting nits when no mapping exists.]
11-11 03:37:16.791 I/am_wtf ( 1491): [0,1491,system_server,-1,DisplayDeviceConfig,requesting nits when no mapping exists.]
11-11 03:37:16.792 I/am_wtf ( 1491): [0,1491,system_server,-1,DisplayDeviceConfig,requesting nits when no mapping exists.]
11-11 03:37:16.808 I/am_wtf ( 1491): [0,1491,system_server,-1,DisplayDeviceConfig,requesting nits when no mapping exists.]
11-11 03:37:16.808 I/am_wtf ( 1491): [0,1491,system_server,-1,DisplayDeviceConfig,requesting nits when no mapping exists.]
11-11 03:37:16.825 I/am_wtf ( 1491): [0,1491,system_server,-1,DisplayDeviceConfig,requesting nits when no mapping exists.]
11-11 03:37:16.826 I/am_wtf ( 1491): [0,1491,system_server,-1,DisplayDeviceConfig,requesting nits when no mapping exists.]
11-11 03:37:16.841 I/am_wtf ( 1491): [0,1491,system_server,-1,DisplayDeviceConfig,requesting nits when no mapping exists.]
11-11 03:37:16.842 I/am_wtf ( 1491): [0,1491,system_server,-1,DisplayDeviceConfig,requesting nits when no mapping exists.]
11-11 03:37:16.858 I/am_wtf ( 1491): [0,1491,system_server,-1,DisplayDeviceConfig,requesting nits when no mapping exists.]
11-11 03:37:16.859 I/am_wtf ( 1491): [0,1491,system_server,-1,DisplayDeviceConfig,requesting nits when no mapping exists.]
11-11 03:37:16.875 I/am_wtf ( 1491): [0,1491,system_server,-1,DisplayDeviceConfig,requesting nits when no mapping exists.]
11-11 03:37:16.876 I/service_manager_stats( 1491): [100,119,52843]
11-11 03:37:16.876 I/am_wtf ( 1491): [0,1491,system_server,-1,DisplayDeviceConfig,requesting nits when no mapping exists.]
11-11 03:37:16.892 I/am_wtf ( 1491): [0,1491,system_server,-1,DisplayDeviceConfig,requesting nits when no mapping exists.]
11-11 03:37:16.893 I/am_wtf ( 1491): [0,1491,system_server,-1,DisplayDeviceConfig,requesting nits when no mapping exists.]
11-11 03:37:16.908 I/am_wtf ( 1491): [0,1491,system_server,-1,DisplayDeviceConfig,requesting nits when no mapping exists.]
11-11 03:37:16.909 I/am_wtf ( 1491): [0,1491,system_server,-1,DisplayDeviceConfig,requesting nits when no mapping exists.]
11-11 03:37:16.925 I/am_wtf ( 1491): [0,1491,system_server,-1,DisplayDeviceConfig,requesting nits when no mapping exists.]
11-11 03:37:16.926 I/am_wtf ( 1491): [0,1491,system_server,-1,DisplayDeviceConfig,requesting nits when no mapping exists.]
11-11 03:37:16.927 I/auditd (13536): type=1400 audit(0.0:17975): avc: denied { read } for comm=5468726561642D32202D2031333538 name="tcp" dev="proc" ino=4026532256 scontext=u:r:untrusted_app_29:s0:c99,c256,c512,c768 tcontext=u:object_r:proc_net_tcp_udp:s0 tclass=file permissive=0 app=com.smile.gifmaker
11-11 03:37:16.942 I/am_wtf ( 1491): [0,1491,system_server,-1,DisplayDeviceConfig,requesting nits when no mapping exists.]
11-11 03:37:16.943 I/am_wtf ( 1491): [0,1491,system_server,-1,DisplayDeviceConfig,requesting nits when no mapping exists.]
11-11 03:37:16.960 I/am_wtf ( 1491): [0,1491,system_server,-1,DisplayDeviceConfig,requesting nits when no mapping exists.]
11-11 03:37:16.962 I/am_wtf ( 1491): [0,1491,system_server,-1,DisplayDeviceConfig,requesting nits when no mapping exists.]
11-11 03:37:16.976 I/am_wtf ( 1491): [0,1491,system_server,-1,DisplayDeviceConfig,requesting nits when no mapping exists.]
11-11 03:37:16.976 I/am_wtf ( 1491): [0,1491,system_server,-1,DisplayDeviceConfig,requesting nits when no mapping exists.]
11-11 03:37:16.993 I/am_wtf ( 1491): [0,1491,system_server,-1,DisplayDeviceConfig,requesting nits when no mapping exists.]
11-11 03:37:16.994 I/am_wtf ( 1491): [0,1491,system_server,-1,DisplayDeviceConfig,requesting nits when no mapping exists.]
11-11 03:37:17.009 I/am_wtf ( 1491): [0,1491,system_server,-1,DisplayDeviceConfig,requesting nits when no mapping exists.]
11-11 03:37:17.010 I/am_wtf ( 1491): [0,1491,system_server,-1,DisplayDeviceConfig,requesting nits when no mapping exists.]
11-11 03:37:17.026 I/am_wtf ( 1491): [0,1491,system_server,-1,DisplayDeviceConfig,requesting nits when no mapping exists.]
11-11 03:37:17.026 I/am_wtf ( 1491): [0,1491,system_server,-1,DisplayDeviceConfig,requesting nits when no mapping exists.]
11-11 03:37:17.043 I/am_wtf ( 1491): [0,1491,system_server,-1,DisplayDeviceConfig,requesting nits when no mapping exists.]
11-11 03:37:17.044 I/am_wtf ( 1491): [0,1491,system_server,-1,DisplayDeviceConfig,requesting nits when no mapping exists.]
11-11 03:37:17.059 I/am_wtf ( 1491): [0,1491,system_server,-1,DisplayDeviceConfig,requesting nits when no mapping exists.]
11-11 03:37:17.060 I/am_wtf ( 1491): [0,1491,system_server,-1,DisplayDeviceConfig,requesting nits when no mapping exists.]
11-11 03:37:17.076 I/am_wtf ( 1491): [0,1491,system_server,-1,DisplayDeviceConfig,requesting nits when no mapping exists.]
11-11 03:37:17.077 I/am_wtf ( 1491): [0,1491,system_server,-1,DisplayDeviceConfig,requesting nits when no mapping exists.]
11-11 03:37:17.092 I/am_wtf ( 1491): [0,1491,system_server,-1,DisplayDeviceConfig,requesting nits when no mapping exists.]
11-11 03:37:17.093 I/am_wtf ( 1491): [0,1491,system_server,-1,DisplayDeviceConfig,requesting nits when no mapping exists.]
11-11 03:37:17.109 I/am_wtf ( 1491): [0,1491,system_server,-1,DisplayDeviceConfig,requesting nits when no mapping exists.]
11-11 03:37:17.110 I/am_wtf ( 1491): [0,1491,system_server,-1,DisplayDeviceConfig,requesting nits when no mapping exists.]
11-11 03:37:17.125 I/am_wtf ( 1491): [0,1491,system_server,-1,DisplayDeviceConfig,requesting nits when no mapping exists.]
11-11 03:37:17.126 I/am_wtf ( 1491): [0,1491,system_server,-1,DisplayDeviceConfig,requesting nits when no mapping exists.]
11-11 03:37:17.142 I/am_wtf ( 1491): [0,1491,system_server,-1,DisplayDeviceConfig,requesting nits when no mapping exists.]
11-11 03:37:17.143 I/am_wtf ( 1491): [0,1491,system_server,-1,DisplayDeviceConfig,requesting nits when no mapping exists.]
11-11 03:37:17.159 I/am_wtf ( 1491): [0,1491,system_server,-1,DisplayDeviceConfig,requesting nits when no mapping exists.]
11-11 03:37:17.160 I/am_wtf ( 1491): [0,1491,system_server,-1,DisplayDeviceConfig,requesting nits when no mapping exists.]
11-11 03:37:17.176 I/am_wtf ( 1491): [0,1491,system_server,-1,DisplayDeviceConfig,requesting nits when no mapping exists.]
11-11 03:37:17.176 I/am_wtf ( 1491): [0,1491,system_server,-1,DisplayDeviceConfig,requesting nits when no mapping exists.]
11-11 03:37:17.193 I/am_wtf ( 1491): [0,1491,system_server,-1,DisplayDeviceConfig,requesting nits when no mapping exists.]
11-11 03:37:17.194 I/am_wtf ( 1491): [0,1491,system_server,-1,DisplayDeviceConfig,requesting nits when no mapping exists.]
11-11 03:37:17.209 I/am_wtf ( 1491): [0,1491,system_server,-1,DisplayDeviceConfig,requesting nits when no mapping exists.]
11-11 03:37:17.210 I/am_wtf ( 1491): [0,1491,system_server,-1,DisplayDeviceConfig,requesting nits when no mapping exists.]
11-11 03:37:17.226 I/am_wtf ( 1491): [0,1491,system_server,-1,DisplayDeviceConfig,requesting nits when no mapping exists.]
11-11 03:37:17.227 I/am_wtf ( 1491): [0,1491,system_server,-1,DisplayDeviceConfig,requesting nits when no mapping exists.]
11-11 03:37:17.243 I/am_wtf ( 1491): [0,1491,system_server,-1,DisplayDeviceConfig,requesting nits when no mapping exists.]
11-11 03:37:17.244 I/am_wtf ( 1491): [0,1491,system_server,-1,DisplayDeviceConfig,requesting nits when no mapping exists.]
11-11 03:37:17.259 I/am_wtf ( 1491): [0,1491,system_server,-1,DisplayDeviceConfig,requesting nits when no mapping exists.]
11-11 03:37:17.260 I/am_wtf ( 1491): [0,1491,system_server,-1,DisplayDeviceConfig,requesting nits when no mapping exists.]
11-11 03:37:17.276 I/am_wtf ( 1491): [0,1491,system_server,-1,DisplayDeviceConfig,requesting nits when no mapping exists.]
11-11 03:37:17.277 I/am_wtf ( 1491): [0,1491,system_server,-1,DisplayDeviceConfig,requesting nits when no mapping exists.]
11-11 03:37:17.293 I/am_wtf ( 1491): [0,1491,system_server,-1,DisplayDeviceConfig,requesting nits when no mapping exists.]
11-11 03:37:17.293 I/am_wtf ( 1491): [0,1491,system_server,-1,DisplayDeviceConfig,requesting nits when no mapping exists.]
11-11 03:37:17.295 I/auditd ( 0): type=1400 audit(0.0:17976): avc: denied { kill } for comm="swapper/6" capability=5 scontext=u:r:kernel:s0 tcontext=u:r:kernel:s0 tclass=capability permissive=0
11-11 03:37:17.310 I/am_wtf ( 1491): [0,1491,system_server,-1,DisplayDeviceConfig,requesting nits when no mapping exists.]
11-11 03:37:17.310 I/am_wtf ( 1491): [0,1491,system_server,-1,DisplayDeviceConfig,requesting nits when no mapping exists.]
11-11 03:37:17.326 I/am_wtf ( 1491): [0,1491,system_server,-1,DisplayDeviceConfig,requesting nits when no mapping exists.]
11-11 03:37:17.327 I/am_wtf ( 1491): [0,1491,system_server,-1,DisplayDeviceConfig,requesting nits when no mapping exists.]
11-11 03:37:17.343 I/am_wtf ( 1491): [0,1491,system_server,-1,DisplayDeviceConfig,requesting nits when no mapping exists.]
11-11 03:37:17.343 I/am_wtf ( 1491): [0,1491,system_server,-1,DisplayDeviceConfig,requesting nits when no mapping exists.]
11-11 03:37:17.360 I/am_wtf ( 1491): [0,1491,system_server,-1,DisplayDeviceConfig,requesting nits when no mapping exists.]
11-11 03:37:17.360 I/am_wtf ( 1491): [0,1491,system_server,-1,DisplayDeviceConfig,requesting nits when no mapping exists.]
11-11 03:37:17.377 I/am_wtf ( 1491): [0,1491,system_server,-1,DisplayDeviceConfig,requesting nits when no mapping exists.]
11-11 03:37:17.379 I/am_wtf ( 1491): [0,1491,system_server,-1,DisplayDeviceConfig,requesting nits when no mapping exists.]
11-11 03:37:17.393 I/am_wtf ( 1491): [0,1491,system_server,-1,DisplayDeviceConfig,requesting nits when no mapping exists.]
11-11 03:37:17.394 I/am_wtf ( 1491): [0,1491,system_server,-1,DisplayDeviceConfig,requesting nits when no mapping exists.]
11-11 03:37:17.409 I/am_wtf ( 1491): [0,1491,system_server,-1,DisplayDeviceConfig,requesting nits when no mapping exists.]
11-11 03:37:17.410 I/am_wtf ( 1491): [0,1491,system_server,-1,DisplayDeviceConfig,requesting nits when no mapping exists.]
11-11 03:37:17.427 I/am_wtf ( 1491): [0,1491,system_server,-1,DisplayDeviceConfig,requesting nits when no mapping exists.]
11-11 03:37:17.428 I/am_wtf ( 1491): [0,1491,system_server,-1,DisplayDeviceConfig,requesting nits when no mapping exists.]
11-11 03:37:17.444 I/am_wtf ( 1491): [0,1491,system_server,-1,DisplayDeviceConfig,requesting nits when no mapping exists.]
11-11 03:37:17.445 I/am_wtf ( 1491): [0,1491,system_server,-1,DisplayDeviceConfig,requesting nits when no mapping exists.]
11-11 03:37:17.459 I/am_wtf ( 1491): [0,1491,system_server,-1,DisplayDeviceConfig,requesting nits when no mapping exists.]
11-11 03:37:17.460 I/am_wtf ( 1491): [0,1491,system_server,-1,DisplayDeviceConfig,requesting nits when no mapping exists.]
11-11 03:37:17.476 I/am_wtf ( 1491): [0,1491,system_server,-1,DisplayDeviceConfig,requesting nits when no mapping exists.]
11-11 03:37:17.477 I/am_wtf ( 1491): [0,1491,system_server,-1,DisplayDeviceConfig,requesting nits when no mapping exists.]
11-11 03:37:18.295 I/auditd ( 0): type=1400 audit(0.0:17977): avc: denied { kill } for comm="swapper/6" capability=5 scontext=u:r:kernel:s0 tcontext=u:r:kernel:s0 tclass=capability permissive=0
