11-11 03:46:29.286 I/am_wtf ( 1491): [0,1491,system_server,-1,DisplayDeviceConfig,requesting nits when no mapping exists.]
11-11 03:46:29.287 I/am_wtf ( 1491): [0,1491,system_server,-1,DisplayDeviceConfig,requesting nits when no mapping exists.]
11-11 03:46:29.295 I/auditd ( 0): type=1400 audit(0.0:18590): avc: denied { kill } for comm="swapper/3" capability=5 scontext=u:r:kernel:s0 tcontext=u:r:kernel:s0 tclass=capability permissive=0
11-11 03:46:29.303 I/am_wtf ( 1491): [0,1491,system_server,-1,DisplayDeviceConfig,requesting nits when no mapping exists.]
11-11 03:46:29.304 I/am_wtf ( 1491): [0,1491,system_server,-1,DisplayDeviceConfig,requesting nits when no mapping exists.]
11-11 03:46:30.295 I/auditd ( 0): type=1400 audit(0.0:18591): avc: denied { kill } for comm="swapper/3" capability=5 scontext=u:r:kernel:s0 tcontext=u:r:kernel:s0 tclass=capability permissive=0
11-11 03:46:31.295 I/auditd ( 0): type=1400 audit(0.0:18592): avc: denied { kill } for comm="swapper/3" capability=5 scontext=u:r:kernel:s0 tcontext=u:r:kernel:s0 tclass=capability permissive=0
11-11 03:46:32.295 I/auditd ( 0): type=1400 audit(0.0:18593): avc: denied { kill } for comm="swapper/3" capability=5 scontext=u:r:kernel:s0 tcontext=u:r:kernel:s0 tclass=capability permissive=0
11-11 03:46:33.295 I/auditd ( 101): type=1400 audit(0.0:18594): avc: denied { kill } for comm="irq/41-tsens-up" capability=5 scontext=u:r:kernel:s0 tcontext=u:r:kernel:s0 tclass=capability permissive=0
11-11 03:46:33.452 I/service_manager_stats( 1491): [114,44,5068]
11-11 03:46:34.295 I/auditd ( 0): type=1400 audit(0.0:18595): avc: denied { kill } for comm="swapper/3" capability=5 scontext=u:r:kernel:s0 tcontext=u:r:kernel:s0 tclass=capability permissive=0
11-11 03:46:35.295 I/auditd ( 0): type=1400 audit(0.0:18596): avc: denied { kill } for comm="swapper/3" capability=5 scontext=u:r:kernel:s0 tcontext=u:r:kernel:s0 tclass=capability permissive=0
11-11 03:46:35.351 I/sysui_multi_action( 1491): [757,222,758,1]
11-11 03:46:35.355 I/am_uid_active( 1491): 10051
11-11 03:46:35.366 I/wm_task_created( 1491): [143,-1]
11-11 03:46:35.371 I/wm_task_moved( 1491): [143,1,7]
11-11 03:46:35.371 I/wm_task_to_front( 1491): [0,143]
11-11 03:46:35.371 I/wm_create_task( 1491): [0,143]
11-11 03:46:35.371 I/wm_create_activity( 1491): [0,136812056,143,com.thundercomm.screensaver/android.service.dreams.DreamActivity,NULL,NULL,NULL,276824064]
11-11 03:46:35.371 I/wm_task_moved( 1491): [143,1,7]
11-11 03:46:35.371 I/wm_on_top_resumed_lost_called(13484): [81920312,com.android.settings.homepage.SettingsHomepageActivity,topStateChangedWhenResumed]
11-11 03:46:35.372 I/wm_pause_activity( 1491): [0,81920312,com.android.settings/.homepage.SettingsHomepageActivity,userLeaving=true,pauseBackTasks]
11-11 03:46:35.374 I/sysui_multi_action(13484): [757,35,758,2,1089,80065]
11-11 03:46:35.374 I/sysui_multi_action(13484): [757,747,758,2,1089,80065]
11-11 03:46:35.374 I/wm_on_paused_called(13484): [81920312,com.android.settings.homepage.SettingsHomepageActivity,performPause]
11-11 03:46:35.375 I/wm_add_to_stopping( 1491): [0,81920312,com.android.settings/.homepage.SettingsHomepageActivity,makeInvisible]
11-11 03:46:35.375 I/wm_restart_activity( 1491): [0,136812056,143,com.thundercomm.screensaver/android.service.dreams.DreamActivity]
11-11 03:46:35.376 I/wm_set_resumed_activity( 1491): [0,com.thundercomm.screensaver/android.service.dreams.DreamActivity,minimalResumeActivityLocked]
11-11 03:46:35.378 I/sysui_multi_action( 1491): [757,803,799,window_time_0,802,80]
11-11 03:46:35.379 I/wm_on_create_called( 5486): [136812056,android.service.dreams.DreamActivity,performCreate]
11-11 03:46:35.379 I/wm_on_start_called( 5486): [136812056,android.service.dreams.DreamActivity,handleStartActivity]
11-11 03:46:35.379 I/wm_on_resume_called( 5486): [136812056,android.service.dreams.DreamActivity,RESUME_ACTIVITY]
11-11 03:46:35.380 I/am_uid_active( 1491): 10064
11-11 03:46:35.382 I/wm_on_top_resumed_gained_called( 5486): [136812056,android.service.dreams.DreamActivity,topStateChangedWhenResumed]
11-11 03:46:35.388 I/input_focus( 1491): [Focus request 90bfbc4 com.thundercomm.screensaver/android.service.dreams.DreamActivity,reason=UpdateInputWindows]
11-11 03:46:35.399 I/sysui_multi_action( 1491): [319,34,322,30,325,13576,757,761,758,8,759,2,806,com.thundercomm.screensaver,871,android.service.dreams.DreamActivity,904,com.thundercomm.screensaver,905,0,1320,4,1321,2]
11-11 03:46:35.400 I/wm_activity_launch_time( 1491): [0,136812056,com.thundercomm.screensaver/android.service.dreams.DreamActivity,30]
11-11 03:46:35.400 I/sysui_multi_action( 1491): [757,1696,758,6,759,3]
11-11 03:46:35.403 I/input_focus( 1491): [Focus leaving a00ca2d com.android.settings/com.android.settings.homepage.SettingsHomepageActivity (server),reason=NO_WINDOW]
11-11 03:46:35.417 I/am_wtf ( 1491): [0,1491,system_server,-1,DisplayDeviceConfig,requesting nits when no mapping exists.]
11-11 03:46:35.417 I/input_focus( 1491): [Focus entering 90bfbc4 com.thundercomm.screensaver/android.service.dreams.DreamActivity (server),reason=Window became focusable. Previous reason: NOT_VISIBLE]
11-11 03:46:35.417 I/am_wtf ( 1491): [0,1491,system_server,-1,DisplayDeviceConfig,requesting nits when no mapping exists.]
11-11 03:46:35.434 I/am_wtf ( 1491): [0,1491,system_server,-1,DisplayDeviceConfig,requesting nits when no mapping exists.]
11-11 03:46:35.434 I/am_wtf ( 1491): [0,1491,system_server,-1,DisplayDeviceConfig,requesting nits when no mapping exists.]
11-11 03:46:35.451 I/am_wtf ( 1491): [0,1491,system_server,-1,DisplayDeviceConfig,requesting nits when no mapping exists.]
11-11 03:46:35.451 I/am_wtf ( 1491): [0,1491,system_server,-1,DisplayDeviceConfig,requesting nits when no mapping exists.]
11-11 03:46:35.467 I/am_wtf ( 1491): [0,1491,system_server,-1,DisplayDeviceConfig,requesting nits when no mapping exists.]
11-11 03:46:35.468 I/am_wtf ( 1491): [0,1491,system_server,-1,DisplayDeviceConfig,requesting nits when no mapping exists.]
11-11 03:46:35.484 I/am_wtf ( 1491): [0,1491,system_server,-1,DisplayDeviceConfig,requesting nits when no mapping exists.]
11-11 03:46:35.485 I/am_wtf ( 1491): [0,1491,system_server,-1,DisplayDeviceConfig,requesting nits when no mapping exists.]
11-11 03:46:35.502 I/am_wtf ( 1491): [0,1491,system_server,-1,DisplayDeviceConfig,requesting nits when no mapping exists.]
11-11 03:46:35.506 I/am_wtf ( 1491): [0,1491,system_server,-1,DisplayDeviceConfig,requesting nits when no mapping exists.]
11-11 03:46:35.518 I/am_wtf ( 1491): [0,1491,system_server,-1,DisplayDeviceConfig,requesting nits when no mapping exists.]
11-11 03:46:35.519 I/am_wtf ( 1491): [0,1491,system_server,-1,DisplayDeviceConfig,requesting nits when no mapping exists.]
11-11 03:46:35.534 I/am_wtf ( 1491): [0,1491,system_server,-1,DisplayDeviceConfig,requesting nits when no mapping exists.]
11-11 03:46:35.535 I/am_wtf ( 1491): [0,1491,system_server,-1,DisplayDeviceConfig,requesting nits when no mapping exists.]
11-11 03:46:35.551 I/am_wtf ( 1491): [0,1491,system_server,-1,DisplayDeviceConfig,requesting nits when no mapping exists.]
11-11 03:46:35.551 I/am_wtf ( 1491): [0,1491,system_server,-1,DisplayDeviceConfig,requesting nits when no mapping exists.]
11-11 03:46:35.567 I/am_wtf ( 1491): [0,1491,system_server,-1,DisplayDeviceConfig,requesting nits when no mapping exists.]
11-11 03:46:35.568 I/am_wtf ( 1491): [0,1491,system_server,-1,DisplayDeviceConfig,requesting nits when no mapping exists.]
11-11 03:46:35.585 I/am_wtf ( 1491): [0,1491,system_server,-1,DisplayDeviceConfig,requesting nits when no mapping exists.]
11-11 03:46:35.585 I/am_wtf ( 1491): [0,1491,system_server,-1,DisplayDeviceConfig,requesting nits when no mapping exists.]
11-11 03:46:35.601 I/am_wtf ( 1491): [0,1491,system_server,-1,DisplayDeviceConfig,requesting nits when no mapping exists.]
11-11 03:46:35.601 I/am_wtf ( 1491): [0,1491,system_server,-1,DisplayDeviceConfig,requesting nits when no mapping exists.]
11-11 03:46:35.617 I/am_wtf ( 1491): [0,1491,system_server,-1,DisplayDeviceConfig,requesting nits when no mapping exists.]
11-11 03:46:35.618 I/am_wtf ( 1491): [0,1491,system_server,-1,DisplayDeviceConfig,requesting nits when no mapping exists.]
11-11 03:46:35.634 I/am_wtf ( 1491): [0,1491,system_server,-1,DisplayDeviceConfig,requesting nits when no mapping exists.]
11-11 03:46:35.634 I/am_wtf ( 1491): [0,1491,system_server,-1,DisplayDeviceConfig,requesting nits when no mapping exists.]
11-11 03:46:35.651 I/am_wtf ( 1491): [0,1491,system_server,-1,DisplayDeviceConfig,requesting nits when no mapping exists.]
11-11 03:46:35.651 I/am_wtf ( 1491): [0,1491,system_server,-1,DisplayDeviceConfig,requesting nits when no mapping exists.]
11-11 03:46:35.667 I/am_wtf ( 1491): [0,1491,system_server,-1,DisplayDeviceConfig,requesting nits when no mapping exists.]
11-11 03:46:35.668 I/am_wtf ( 1491): [0,1491,system_server,-1,DisplayDeviceConfig,requesting nits when no mapping exists.]
11-11 03:46:35.684 I/am_wtf ( 1491): [0,1491,system_server,-1,DisplayDeviceConfig,requesting nits when no mapping exists.]
11-11 03:46:35.684 I/am_wtf ( 1491): [0,1491,system_server,-1,DisplayDeviceConfig,requesting nits when no mapping exists.]
11-11 03:46:35.701 I/am_wtf ( 1491): [0,1491,system_server,-1,DisplayDeviceConfig,requesting nits when no mapping exists.]
11-11 03:46:35.701 I/am_wtf ( 1491): [0,1491,system_server,-1,DisplayDeviceConfig,requesting nits when no mapping exists.]
11-11 03:46:35.717 I/am_wtf ( 1491): [0,1491,system_server,-1,DisplayDeviceConfig,requesting nits when no mapping exists.]
11-11 03:46:35.718 I/am_wtf ( 1491): [0,1491,system_server,-1,DisplayDeviceConfig,requesting nits when no mapping exists.]
11-11 03:46:35.734 I/am_wtf ( 1491): [0,1491,system_server,-1,DisplayDeviceConfig,requesting nits when no mapping exists.]
11-11 03:46:35.734 I/am_wtf ( 1491): [0,1491,system_server,-1,DisplayDeviceConfig,requesting nits when no mapping exists.]
11-11 03:46:35.751 I/am_wtf ( 1491): [0,1491,system_server,-1,DisplayDeviceConfig,requesting nits when no mapping exists.]
11-11 03:46:35.751 I/am_wtf ( 1491): [0,1491,system_server,-1,DisplayDeviceConfig,requesting nits when no mapping exists.]
11-11 03:46:35.768 I/am_wtf ( 1491): [0,1491,system_server,-1,DisplayDeviceConfig,requesting nits when no mapping exists.]
11-11 03:46:35.768 I/am_wtf ( 1491): [0,1491,system_server,-1,DisplayDeviceConfig,requesting nits when no mapping exists.]
11-11 03:46:35.784 I/am_wtf ( 1491): [0,1491,system_server,-1,DisplayDeviceConfig,requesting nits when no mapping exists.]
11-11 03:46:35.784 I/am_wtf ( 1491): [0,1491,system_server,-1,DisplayDeviceConfig,requesting nits when no mapping exists.]
11-11 03:46:35.801 I/am_wtf ( 1491): [0,1491,system_server,-1,DisplayDeviceConfig,requesting nits when no mapping exists.]
11-11 03:46:35.801 I/am_wtf ( 1491): [0,1491,system_server,-1,DisplayDeviceConfig,requesting nits when no mapping exists.]
11-11 03:46:35.818 I/am_wtf ( 1491): [0,1491,system_server,-1,DisplayDeviceConfig,requesting nits when no mapping exists.]
11-11 03:46:35.818 I/am_wtf ( 1491): [0,1491,system_server,-1,DisplayDeviceConfig,requesting nits when no mapping exists.]
11-11 03:46:35.834 I/am_wtf ( 1491): [0,1491,system_server,-1,DisplayDeviceConfig,requesting nits when no mapping exists.]
11-11 03:46:35.834 I/am_wtf ( 1491): [0,1491,system_server,-1,DisplayDeviceConfig,requesting nits when no mapping exists.]
11-11 03:46:35.851 I/am_wtf ( 1491): [0,1491,system_server,-1,DisplayDeviceConfig,requesting nits when no mapping exists.]
11-11 03:46:35.851 I/am_wtf ( 1491): [0,1491,system_server,-1,DisplayDeviceConfig,requesting nits when no mapping exists.]
11-11 03:46:35.868 I/am_wtf ( 1491): [0,1491,system_server,-1,DisplayDeviceConfig,requesting nits when no mapping exists.]
11-11 03:46:35.868 I/am_wtf ( 1491): [0,1491,system_server,-1,DisplayDeviceConfig,requesting nits when no mapping exists.]
11-11 03:46:35.884 I/am_wtf ( 1491): [0,1491,system_server,-1,DisplayDeviceConfig,requesting nits when no mapping exists.]
11-11 03:46:35.885 I/am_wtf ( 1491): [0,1491,system_server,-1,DisplayDeviceConfig,requesting nits when no mapping exists.]
11-11 03:46:35.901 I/am_wtf ( 1491): [0,1491,system_server,-1,DisplayDeviceConfig,requesting nits when no mapping exists.]
11-11 03:46:35.902 I/am_wtf ( 1491): [0,1491,system_server,-1,DisplayDeviceConfig,requesting nits when no mapping exists.]
11-11 03:46:35.903 I/wm_stop_activity( 1491): [0,81920312,com.android.settings/.homepage.SettingsHomepageActivity]
11-11 03:46:35.910 I/am_pss ( 1491): [23163,10065,com.android.gallery3d,7539712,5660672,41984,88559616,0,19,5]
11-11 03:46:35.916 I/am_pss ( 1491): [23162,10020,com.android.documentsui,13719552,11272192,41984,102420480,0,19,6]
11-11 03:46:35.918 I/am_wtf ( 1491): [0,1491,system_server,-1,DisplayDeviceConfig,requesting nits when no mapping exists.]
11-11 03:46:35.918 I/am_wtf ( 1491): [0,1491,system_server,-1,DisplayDeviceConfig,requesting nits when no mapping exists.]
11-11 03:46:35.925 I/am_pss ( 1491): [23161,10034,com.microsoft.emmx,40302592,36757504,41984,135479296,0,19,8]
11-11 03:46:35.926 I/wm_on_stop_called(13484): [81920312,com.android.settings.homepage.SettingsHomepageActivity,STOP_ACTIVITY_ITEM]
11-11 03:46:35.935 I/am_wtf ( 1491): [0,1491,system_server,-1,DisplayDeviceConfig,requesting nits when no mapping exists.]
11-11 03:46:35.935 I/am_wtf ( 1491): [0,1491,system_server,-1,DisplayDeviceConfig,requesting nits when no mapping exists.]
11-11 03:46:35.951 I/am_wtf ( 1491): [0,1491,system_server,-1,DisplayDeviceConfig,requesting nits when no mapping exists.]
11-11 03:46:35.952 I/am_wtf ( 1491): [0,1491,system_server,-1,DisplayDeviceConfig,requesting nits when no mapping exists.]
11-11 03:46:35.968 I/am_wtf ( 1491): [0,1491,system_server,-1,DisplayDeviceConfig,requesting nits when no mapping exists.]
11-11 03:46:35.968 I/am_wtf ( 1491): [0,1491,system_server,-1,DisplayDeviceConfig,requesting nits when no mapping exists.]
11-11 03:46:35.985 I/am_wtf ( 1491): [0,1491,system_server,-1,DisplayDeviceConfig,requesting nits when no mapping exists.]
11-11 03:46:35.985 I/am_wtf ( 1491): [0,1491,system_server,-1,DisplayDeviceConfig,requesting nits when no mapping exists.]
11-11 03:46:36.002 I/am_wtf ( 1491): [0,1491,system_server,-1,DisplayDeviceConfig,requesting nits when no mapping exists.]
11-11 03:46:36.002 I/am_wtf ( 1491): [0,1491,system_server,-1,DisplayDeviceConfig,requesting nits when no mapping exists.]
11-11 03:46:36.018 I/am_wtf ( 1491): [0,1491,system_server,-1,DisplayDeviceConfig,requesting nits when no mapping exists.]
11-11 03:46:36.019 I/am_wtf ( 1491): [0,1491,system_server,-1,DisplayDeviceConfig,requesting nits when no mapping exists.]
11-11 03:46:36.035 I/am_wtf ( 1491): [0,1491,system_server,-1,DisplayDeviceConfig,requesting nits when no mapping exists.]
11-11 03:46:36.035 I/am_wtf ( 1491): [0,1491,system_server,-1,DisplayDeviceConfig,requesting nits when no mapping exists.]
11-11 03:46:36.052 I/am_wtf ( 1491): [0,1491,system_server,-1,DisplayDeviceConfig,requesting nits when no mapping exists.]
11-11 03:46:36.052 I/am_wtf ( 1491): [0,1491,system_server,-1,DisplayDeviceConfig,requesting nits when no mapping exists.]
11-11 03:46:36.069 I/am_wtf ( 1491): [0,1491,system_server,-1,DisplayDeviceConfig,requesting nits when no mapping exists.]
11-11 03:46:36.069 I/am_wtf ( 1491): [0,1491,system_server,-1,DisplayDeviceConfig,requesting nits when no mapping exists.]
11-11 03:46:36.085 I/am_wtf ( 1491): [0,1491,system_server,-1,DisplayDeviceConfig,requesting nits when no mapping exists.]
11-11 03:46:36.086 I/am_wtf ( 1491): [0,1491,system_server,-1,DisplayDeviceConfig,requesting nits when no mapping exists.]
11-11 03:46:36.102 I/am_wtf ( 1491): [0,1491,system_server,-1,DisplayDeviceConfig,requesting nits when no mapping exists.]
11-11 03:46:36.102 I/am_wtf ( 1491): [0,1491,system_server,-1,DisplayDeviceConfig,requesting nits when no mapping exists.]
11-11 03:46:36.119 I/am_wtf ( 1491): [0,1491,system_server,-1,DisplayDeviceConfig,requesting nits when no mapping exists.]
11-11 03:46:36.119 I/am_wtf ( 1491): [0,1491,system_server,-1,DisplayDeviceConfig,requesting nits when no mapping exists.]
11-11 03:46:36.135 I/am_wtf ( 1491): [0,1491,system_server,-1,DisplayDeviceConfig,requesting nits when no mapping exists.]
11-11 03:46:36.136 I/am_wtf ( 1491): [0,1491,system_server,-1,DisplayDeviceConfig,requesting nits when no mapping exists.]
11-11 03:46:36.152 I/am_wtf ( 1491): [0,1491,system_server,-1,DisplayDeviceConfig,requesting nits when no mapping exists.]
11-11 03:46:36.152 I/am_wtf ( 1491): [0,1491,system_server,-1,DisplayDeviceConfig,requesting nits when no mapping exists.]
11-11 03:46:36.169 I/am_wtf ( 1491): [0,1491,system_server,-1,DisplayDeviceConfig,requesting nits when no mapping exists.]
11-11 03:46:36.169 I/am_wtf ( 1491): [0,1491,system_server,-1,DisplayDeviceConfig,requesting nits when no mapping exists.]
11-11 03:46:36.185 I/am_wtf ( 1491): [0,1491,system_server,-1,DisplayDeviceConfig,requesting nits when no mapping exists.]
11-11 03:46:36.186 I/am_wtf ( 1491): [0,1491,system_server,-1,DisplayDeviceConfig,requesting nits when no mapping exists.]
11-11 03:46:36.202 I/am_wtf ( 1491): [0,1491,system_server,-1,DisplayDeviceConfig,requesting nits when no mapping exists.]
11-11 03:46:36.202 I/am_wtf ( 1491): [0,1491,system_server,-1,DisplayDeviceConfig,requesting nits when no mapping exists.]
11-11 03:46:36.219 I/am_wtf ( 1491): [0,1491,system_server,-1,DisplayDeviceConfig,requesting nits when no mapping exists.]
11-11 03:46:36.219 I/am_wtf ( 1491): [0,1491,system_server,-1,DisplayDeviceConfig,requesting nits when no mapping exists.]
11-11 03:46:36.236 I/am_wtf ( 1491): [0,1491,system_server,-1,DisplayDeviceConfig,requesting nits when no mapping exists.]
11-11 03:46:36.236 I/am_wtf ( 1491): [0,1491,system_server,-1,DisplayDeviceConfig,requesting nits when no mapping exists.]
11-11 03:46:36.252 I/am_wtf ( 1491): [0,1491,system_server,-1,DisplayDeviceConfig,requesting nits when no mapping exists.]
11-11 03:46:36.253 I/am_wtf ( 1491): [0,1491,system_server,-1,DisplayDeviceConfig,requesting nits when no mapping exists.]
11-11 03:46:36.269 I/am_wtf ( 1491): [0,1491,system_server,-1,DisplayDeviceConfig,requesting nits when no mapping exists.]
11-11 03:46:36.269 I/am_wtf ( 1491): [0,1491,system_server,-1,DisplayDeviceConfig,requesting nits when no mapping exists.]
11-11 03:46:36.286 I/am_wtf ( 1491): [0,1491,system_server,-1,DisplayDeviceConfig,requesting nits when no mapping exists.]
11-11 03:46:36.286 I/am_wtf ( 1491): [0,1491,system_server,-1,DisplayDeviceConfig,requesting nits when no mapping exists.]
11-11 03:46:36.295 I/auditd ( 0): type=1400 audit(0.0:18597): avc: denied { kill } for comm="swapper/3" capability=5 scontext=u:r:kernel:s0 tcontext=u:r:kernel:s0 tclass=capability permissive=0
11-11 03:46:36.303 I/am_wtf ( 1491): [0,1491,system_server,-1,DisplayDeviceConfig,requesting nits when no mapping exists.]
11-11 03:46:36.303 I/am_wtf ( 1491): [0,1491,system_server,-1,DisplayDeviceConfig,requesting nits when no mapping exists.]
11-11 03:46:36.319 I/am_wtf ( 1491): [0,1491,system_server,-1,DisplayDeviceConfig,requesting nits when no mapping exists.]
11-11 03:46:36.319 I/am_wtf ( 1491): [0,1491,system_server,-1,DisplayDeviceConfig,requesting nits when no mapping exists.]
11-11 03:46:36.336 I/am_wtf ( 1491): [0,1491,system_server,-1,DisplayDeviceConfig,requesting nits when no mapping exists.]
11-11 03:46:36.336 I/am_wtf ( 1491): [0,1491,system_server,-1,DisplayDeviceConfig,requesting nits when no mapping exists.]
11-11 03:46:36.353 I/am_wtf ( 1491): [0,1491,system_server,-1,DisplayDeviceConfig,requesting nits when no mapping exists.]
11-11 03:46:36.353 I/am_wtf ( 1491): [0,1491,system_server,-1,DisplayDeviceConfig,requesting nits when no mapping exists.]
11-11 03:46:37.295 I/auditd ( 0): type=1400 audit(0.0:18598): avc: denied { kill } for comm="swapper/3" capability=5 scontext=u:r:kernel:s0 tcontext=u:r:kernel:s0 tclass=capability permissive=0
11-11 03:46:38.299 I/auditd ( 0): type=1400 audit(0.0:18599): avc: denied { kill } for comm="swapper/3" capability=5 scontext=u:r:kernel:s0 tcontext=u:r:kernel:s0 tclass=capability permissive=0
11-11 03:46:38.758 I/am_pss ( 1491): [13546,10094,com.tencent.qqmusicpad,51715072,34971648,23552,145944576,0,4,16]
11-11 03:46:38.769 I/am_pss ( 1491): [14144,10094,com.tencent.qqmusicpad:QQPlayerService,34974720,18944000,31744,123510784,0,4,10]
11-11 03:46:39.295 I/auditd ( 0): type=1400 audit(0.0:18600): avc: denied { kill } for comm="swapper/3" capability=5 scontext=u:r:kernel:s0 tcontext=u:r:kernel:s0 tclass=capability permissive=0
11-11 03:46:40.159 I/service_manager_stats( 1491): [116,24,6707]
11-11 03:46:40.295 I/auditd ( 0): type=1400 audit(0.0:18601): avc: denied { kill } for comm="swapper/3" capability=5 scontext=u:r:kernel:s0 tcontext=u:r:kernel:s0 tclass=capability permissive=0
11-11 03:46:41.295 I/auditd ( 0): type=1400 audit(0.0:18602): avc: denied { kill } for comm="swapper/3" capability=5 scontext=u:r:kernel:s0 tcontext=u:r:kernel:s0 tclass=capability permissive=0
11-11 03:46:42.295 I/auditd ( 101): type=1400 audit(0.0:18603): avc: denied { kill } for comm="irq/41-tsens-up" capability=5 scontext=u:r:kernel:s0 tcontext=u:r:kernel:s0 tclass=capability permissive=0
11-11 03:46:43.295 I/auditd ( 0): type=1400 audit(0.0:18604): avc: denied { kill } for comm="swapper/3" capability=5 scontext=u:r:kernel:s0 tcontext=u:r:kernel:s0 tclass=capability permissive=0
11-11 03:46:44.295 I/auditd ( 0): type=1400 audit(0.0:18605): avc: denied { kill } for comm="swapper/3" capability=5 scontext=u:r:kernel:s0 tcontext=u:r:kernel:s0 tclass=capability permissive=0
11-11 03:46:45.295 I/auditd ( 0): type=1400 audit(0.0:18606): avc: denied { kill } for comm="swapper/3" capability=5 scontext=u:r:kernel:s0 tcontext=u:r:kernel:s0 tclass=capability permissive=0
11-11 03:46:46.295 I/auditd ( 0): type=1400 audit(0.0:18607): avc: denied { kill } for comm="swapper/3" capability=5 scontext=u:r:kernel:s0 tcontext=u:r:kernel:s0 tclass=capability permissive=0
11-11 03:46:47.295 I/auditd ( 0): type=1400 audit(0.0:18608): avc: denied { kill } for comm="swapper/3" capability=5 scontext=u:r:kernel:s0 tcontext=u:r:kernel:s0 tclass=capability permissive=0
11-11 03:46:48.295 I/auditd ( 101): type=1400 audit(0.0:18609): avc: denied { kill } for comm="irq/41-tsens-up" capability=5 scontext=u:r:kernel:s0 tcontext=u:r:kernel:s0 tclass=capability permissive=0
11-11 03:46:49.295 I/auditd ( 0): type=1400 audit(0.0:18610): avc: denied { kill } for comm="swapper/3" capability=5 scontext=u:r:kernel:s0 tcontext=u:r:kernel:s0 tclass=capability permissive=0
11-11 03:46:50.295 I/auditd ( 0): type=1400 audit(0.0:18611): avc: denied { kill } for comm="swapper/3" capability=5 scontext=u:r:kernel:s0 tcontext=u:r:kernel:s0 tclass=capability permissive=0
11-11 03:46:50.303 I/auditd (13529): type=1400 audit(0.0:18612): avc: denied { read } for comm="Thread-29" name="tcp" dev="proc" ino=4026532256 scontext=u:r:untrusted_app:s0:c103,c256,c512,c768 tcontext=u:object_r:proc_net_tcp_udp:s0 tclass=file permissive=0 app=tv.danmaku.bilibilihd
11-11 03:46:51.295 I/auditd ( 0): type=1400 audit(0.0:18613): avc: denied { kill } for comm="swapper/3" capability=5 scontext=u:r:kernel:s0 tcontext=u:r:kernel:s0 tclass=capability permissive=0
11-11 03:46:52.295 I/auditd ( 0): type=1400 audit(0.0:18614): avc: denied { kill } for comm="swapper/3" capability=5 scontext=u:r:kernel:s0 tcontext=u:r:kernel:s0 tclass=capability permissive=0
11-11 03:46:53.299 I/auditd ( 0): type=1400 audit(0.0:18615): avc: denied { kill } for comm="swapper/3" capability=5 scontext=u:r:kernel:s0 tcontext=u:r:kernel:s0 tclass=capability permissive=0
11-11 03:46:54.295 I/auditd ( 0): type=1400 audit(0.0:18616): avc: denied { kill } for comm="swapper/3" capability=5 scontext=u:r:kernel:s0 tcontext=u:r:kernel:s0 tclass=capability permissive=0
11-11 03:46:55.295 I/auditd ( 0): type=1400 audit(0.0:18617): avc: denied { kill } for comm="swapper/3" capability=5 scontext=u:r:kernel:s0 tcontext=u:r:kernel:s0 tclass=capability permissive=0
11-11 03:46:56.295 I/auditd ( 0): type=1400 audit(0.0:18618): avc: denied { kill } for comm="swapper/3" capability=5 scontext=u:r:kernel:s0 tcontext=u:r:kernel:s0 tclass=capability permissive=0
11-11 03:46:57.295 I/auditd ( 0): type=1400 audit(0.0:18619): avc: denied { kill } for comm="swapper/3" capability=5 scontext=u:r:kernel:s0 tcontext=u:r:kernel:s0 tclass=capability permissive=0
11-11 03:46:58.007 I/input_interaction( 1491): Interaction with: 90bfbc4 com.thundercomm.screensaver/android.service.dreams.DreamActivity (server), edge-swipe (server), swipe-up (server), PointerEventDispatcher0 (server),
11-11 03:46:58.008 I/wm_finish_activity( 1491): [0,136812056,143,com.thundercomm.screensaver/android.service.dreams.DreamActivity,finish-activity]
11-11 03:46:58.008 I/wm_task_moved( 1491): [140,1,6]
11-11 03:46:58.008 I/wm_task_to_front( 1491): [0,140]
11-11 03:46:58.009 I/wm_focused_root_task( 1491): [0,0,140,143,finish-top adjustFocusToNextFocusableTask]
11-11 03:46:58.010 I/wm_pause_activity( 1491): [0,136812056,com.thundercomm.screensaver/android.service.dreams.DreamActivity,userLeaving=false,finish]
11-11 03:46:58.016 I/sysui_multi_action( 1491): [757,803,799,window_time_0,802,22]
11-11 03:46:58.018 I/wm_on_top_resumed_lost_called( 5486): [136812056,android.service.dreams.DreamActivity,topStateChangedWhenResumed]
11-11 03:46:58.019 I/wm_on_paused_called( 5486): [136812056,android.service.dreams.DreamActivity,performPause]
11-11 03:46:58.019 I/wm_add_to_stopping( 1491): [0,136812056,com.thundercomm.screensaver/android.service.dreams.DreamActivity,completeFinishing]
11-11 03:46:58.022 I/wm_set_resumed_activity( 1491): [0,com.android.settings/.homepage.SettingsHomepageActivity,resumeTopActivityInnerLocked]
11-11 03:46:58.024 I/wm_resume_activity( 1491): [0,81920312,140,com.android.settings/.homepage.SettingsHomepageActivity]
11-11 03:46:58.031 I/view_enqueue_input_event( 5486): [Motion - Cancel,com.thundercomm.screensaver/android.service.dreams.DreamActivity]
11-11 03:46:58.032 I/input_focus( 1491): [Focus leaving 90bfbc4 com.thundercomm.screensaver/android.service.dreams.DreamActivity (server),reason=NO_WINDOW]
11-11 03:46:58.032 I/input_interaction( 1491): Interaction with: edge-swipe (server), swipe-up (server), PointerEventDispatcher0 (server),
11-11 03:46:58.033 I/sysui_multi_action( 1491): [757,803,799,window_time_0,802,0]
11-11 03:46:58.033 I/wm_on_restart_called(13484): [81920312,com.android.settings.homepage.SettingsHomepageActivity,performRestartActivity]
11-11 03:46:58.048 I/am_pss ( 1491): [23163,10065,com.android.gallery3d,7539712,5660672,41984,88559616,0,19,6]
11-11 03:46:58.054 I/am_pss ( 1491): [23162,10020,com.android.documentsui,13719552,11272192,41984,102420480,0,19,5]
11-11 03:46:58.056 I/wm_on_start_called(13484): [81920312,com.android.settings.homepage.SettingsHomepageActivity,handleStartActivity]
11-11 03:46:58.056 I/snet_event_log(13484): [120484087,-1,]
11-11 03:46:58.056 I/wm_on_resume_called(13484): [81920312,com.android.settings.homepage.SettingsHomepageActivity,RESUME_ACTIVITY]
11-11 03:46:58.057 I/sysui_multi_action(13484): [757,35,758,1,833,0,1089,0]
11-11 03:46:58.058 I/sysui_multi_action(13484): [757,747,758,1,833,0,1089,0]
11-11 03:46:58.059 I/wm_on_top_resumed_gained_called(13484): [81920312,com.android.settings.homepage.SettingsHomepageActivity,topWhenResuming]
11-11 03:46:58.063 I/am_pss ( 1491): [23161,10034,com.microsoft.emmx,40069120,36524032,41984,135241728,0,19,7]
11-11 03:46:58.064 I/input_focus( 1491): [Focus request a00ca2d com.android.settings/com.android.settings.homepage.SettingsHomepageActivity,reason=UpdateInputWindows]
11-11 03:46:58.090 I/input_focus( 1491): [Focus entering a00ca2d com.android.settings/com.android.settings.homepage.SettingsHomepageActivity (server),reason=setFocusedWindow]
11-11 03:46:58.295 I/auditd ( 0): type=1400 audit(0.0:18620): avc: denied { kill } for comm="swapper/3" capability=5 scontext=u:r:kernel:s0 tcontext=u:r:kernel:s0 tclass=capability permissive=0
11-11 03:46:58.592 I/wm_destroy_activity( 1491): [0,136812056,143,com.thundercomm.screensaver/android.service.dreams.DreamActivity,finish-imm:idle]
11-11 03:46:58.622 I/wm_on_stop_called( 5486): [136812056,android.service.dreams.DreamActivity,LIFECYCLER_STOP_ACTIVITY]
11-11 03:46:58.627 I/wm_on_destroy_called( 5486): [136812056,android.service.dreams.DreamActivity,performDestroy]
11-11 03:46:58.629 I/sysui_multi_action( 1491): [757,222,758,2]
11-11 03:46:58.629 I/sysui_multi_action( 1491): [757,804,799,dreaming_minutes,801,0,802,1]
11-11 03:46:58.637 I/wm_task_removed( 1491): [143,removeChild:removeChild last r=ActivityRecord{8279618 u0 com.thundercomm.screensaver/android.service.dreams.DreamActivity t-1 f}} in t=Task{9c69a2e #143 type=dream A=10051:android:com.thundercomm.screensaver/dream U=0 visible=false mode=fullscreen translucent=true sz=0}]
11-11 03:46:58.637 I/wm_task_removed( 1491): [143,removeChild]
11-11 03:46:59.295 I/auditd ( 0): type=1400 audit(0.0:18621): avc: denied { kill } for comm="swapper/3" capability=5 scontext=u:r:kernel:s0 tcontext=u:r:kernel:s0 tclass=capability permissive=0
11-11 03:47:00.295 I/auditd ( 101): type=1400 audit(0.0:18622): avc: denied { kill } for comm="irq/41-tsens-up" capability=5 scontext=u:r:kernel:s0 tcontext=u:r:kernel:s0 tclass=capability permissive=0
11-11 03:47:01.295 I/auditd ( 0): type=1400 audit(0.0:18623): avc: denied { kill } for comm="swapper/3" capability=5 scontext=u:r:kernel:s0 tcontext=u:r:kernel:s0 tclass=capability permissive=0
11-11 03:47:02.067 I/input_interaction( 1491): Interaction with: a00ca2d com.android.settings/com.android.settings.homepage.SettingsHomepageActivity (server), edge-swipe (server), swipe-up (server), PointerEventDispatcher0 (server),
11-11 03:47:02.368 I/view_enqueue_input_event(13484): [Motion - Cancel,com.android.settings/com.android.settings.homepage.SettingsHomepageActivity]
11-11 03:47:02.368 I/input_interaction( 1491): Interaction with: a00ca2d com.android.settings/com.android.settings.homepage.SettingsHomepageActivity (server), PointerEventDispatcher0 (server),
11-11 03:47:02.629 I/input_interaction( 1491): Interaction with: a00ca2d com.android.settings/com.android.settings.homepage.SettingsHomepageActivity (server), edge-swipe (server), swipe-up (server), PointerEventDispatcher0 (server),
11-11 03:47:02.638 I/view_enqueue_input_event(13484): [Motion - Cancel,com.android.settings/com.android.settings.homepage.SettingsHomepageActivity]
11-11 03:47:03.295 I/auditd ( 0): type=1400 audit(0.0:18624): avc: denied { kill } for comm="swapper/3" capability=5 scontext=u:r:kernel:s0 tcontext=u:r:kernel:s0 tclass=capability permissive=0
11-11 03:47:03.492 I/view_enqueue_input_event(13484): [Motion - Cancel,com.android.settings/com.android.settings.homepage.SettingsHomepageActivity]
11-11 03:47:04.295 I/auditd ( 0): type=1400 audit(0.0:18625): avc: denied { kill } for comm="swapper/3" capability=5 scontext=u:r:kernel:s0 tcontext=u:r:kernel:s0 tclass=capability permissive=0
11-11 03:47:04.977 I/input_interaction( 1491): Interaction with: a00ca2d com.android.settings/com.android.settings.homepage.SettingsHomepageActivity (server), PointerEventDispatcher0 (server),
11-11 03:47:06.295 I/auditd ( 0): type=1400 audit(0.0:18626): avc: denied { kill } for comm="swapper/3" capability=5 scontext=u:r:kernel:s0 tcontext=u:r:kernel:s0 tclass=capability permissive=0
11-11 03:47:07.295 I/auditd ( 0): type=1400 audit(0.0:18627): avc: denied { kill } for comm="swapper/3" capability=5 scontext=u:r:kernel:s0 tcontext=u:r:kernel:s0 tclass=capability permissive=0
11-11 03:47:07.943 I/am_freeze( 1491): [13995,tv.danmaku.bilibilihd:pushservice]
11-11 03:47:07.945 I/am_kill ( 1491): [0,13995,tv.danmaku.bilibilihd:pushservice,935,Unable to freeze binder interface]
11-11 03:47:08.000 I/am_proc_died( 1491): [0,13995,tv.danmaku.bilibilihd:pushservice,935,19]
11-11 03:47:08.195 I/am_proc_start( 1491): [0,23710,10103,tv.danmaku.bilibilihd:pushservice,content provider,{tv.danmaku.bilibilihd/com.bilibili.lib.neuron.internal2.provider.NeuronContentProvider}]
11-11 03:47:08.232 I/am_proc_bound( 1491): [0,23710,tv.danmaku.bilibilihd:pushservice]
11-11 03:47:08.295 I/auditd ( 0): type=1400 audit(0.0:18628): avc: denied { kill } for comm="swapper/3" capability=5 scontext=u:r:kernel:s0 tcontext=u:r:kernel:s0 tclass=capability permissive=0
11-11 03:47:09.295 I/auditd ( 0): type=1400 audit(0.0:18629): avc: denied { kill } for comm="swapper/3" capability=5 scontext=u:r:kernel:s0 tcontext=u:r:kernel:s0 tclass=capability permissive=0
11-11 03:47:11.295 I/auditd ( 0): type=1400 audit(0.0:18630): avc: denied { kill } for comm="swapper/3" capability=5 scontext=u:r:kernel:s0 tcontext=u:r:kernel:s0 tclass=capability permissive=0
11-11 03:47:12.295 I/auditd ( 0): type=1400 audit(0.0:18631): avc: denied { kill } for comm="swapper/3" capability=5 scontext=u:r:kernel:s0 tcontext=u:r:kernel:s0 tclass=capability permissive=0
11-11 03:47:12.343 I/volume_changed( 1491): [3,13,12,39,android]
11-11 03:47:12.346 I/sysui_multi_action( 1971): [757,210,758,4,759,3]
11-11 03:47:12.369 I/sysui_multi_action( 1971): [757,207,758,1]
11-11 03:47:12.369 I/sysui_multi_action( 1971): [757,804,799,volume_from_keyguard,801,0,802,1]
11-11 03:47:12.373 I/volume_changed( 1491): [3,12,11,39,android]
11-11 03:47:12.404 I/sysui_multi_action( 1971): [757,207,758,1]
11-11 03:47:12.405 I/sysui_multi_action( 1971): [757,804,799,volume_from_keyguard,801,0,802,1]
11-11 03:47:12.408 I/volume_changed( 1491): [3,11,10,39,android]
11-11 03:47:12.418 I/sysui_multi_action( 1971): [757,207,758,1]
11-11 03:47:12.418 I/sysui_multi_action( 1971): [757,804,799,volume_from_keyguard,801,0,802,1]
11-11 03:47:12.447 I/volume_changed( 1491): [3,10,9,39,android]
11-11 03:47:12.467 I/sysui_multi_action( 1971): [757,207,758,1]
11-11 03:47:12.467 I/sysui_multi_action( 1971): [757,804,799,volume_from_keyguard,801,0,802,1]
11-11 03:47:12.468 I/sysui_multi_action( 1971): [757,207,758,1]
11-11 03:47:12.469 I/sysui_multi_action( 1971): [757,804,799,volume_from_keyguard,801,0,802,1]
11-11 03:47:12.532 I/volume_changed( 1491): [3,9,8,39,android]
11-11 03:47:12.547 I/volume_changed( 1491): [3,8,7,39,android]
11-11 03:47:12.563 I/sysui_multi_action( 1971): [757,207,758,1]
11-11 03:47:12.564 I/sysui_multi_action( 1971): [757,804,799,volume_from_keyguard,801,0,802,1]
11-11 03:47:12.566 I/sysui_multi_action( 1971): [757,207,758,1]
11-11 03:47:12.567 I/sysui_multi_action( 1971): [757,804,799,volume_from_keyguard,801,0,802,1]
11-11 03:47:12.617 I/volume_changed( 1491): [3,7,6,39,android]
11-11 03:47:12.632 I/sysui_multi_action( 1971): [757,207,758,1]
11-11 03:47:12.632 I/sysui_multi_action( 1971): [757,804,799,volume_from_keyguard,801,0,802,1]
11-11 03:47:12.703 I/volume_changed( 1491): [3,6,5,39,android]
11-11 03:47:12.726 I/sysui_multi_action( 1971): [757,207,758,1]
11-11 03:47:12.726 I/sysui_multi_action( 1971): [757,804,799,volume_from_keyguard,801,0,802,1]
11-11 03:47:12.866 I/volume_changed( 1491): [3,5,6,39,android]
11-11 03:47:12.885 I/sysui_multi_action( 1971): [757,207,758,1]
11-11 03:47:12.886 I/sysui_multi_action( 1971): [757,804,799,volume_from_keyguard,801,0,802,1]
11-11 03:47:12.966 I/volume_changed( 1491): [3,6,7,39,android]
11-11 03:47:12.983 I/sysui_multi_action( 1971): [757,207,758,1]
11-11 03:47:12.983 I/sysui_multi_action( 1971): [757,804,799,volume_from_keyguard,801,0,802,1]
11-11 03:47:13.025 I/input_interaction( 1491): Interaction with: a00ca2d com.android.settings/com.android.settings.homepage.SettingsHomepageActivity (server), edge-swipe (server), swipe-up (server), PointerEventDispatcher0 (server),
11-11 03:47:13.031 I/sysui_multi_action( 1971): [757,207,758,2]
11-11 03:47:13.034 I/sysui_multi_action( 1971): [757,210,758,4,759,-1]
11-11 03:47:13.065 I/commit_sys_config_file( 1491): [settings-1-0,5]
11-11 03:47:13.102 I/volume_changed( 1491): [3,7,8,39,android]
11-11 03:47:13.103 I/sysui_multi_action( 1971): [757,210,758,4,759,3]
11-11 03:47:13.127 I/volume_changed( 1491): [3,8,9,39,android]
11-11 03:47:13.135 I/sysui_multi_action( 1971): [757,207,758,1]
11-11 03:47:13.135 I/sysui_multi_action( 1971): [757,804,799,volume_from_keyguard,801,0,802,1]
11-11 03:47:13.153 I/sysui_multi_action( 1971): [757,207,758,1]
11-11 03:47:13.154 I/sysui_multi_action( 1971): [757,804,799,volume_from_keyguard,801,0,802,1]
11-11 03:47:13.199 I/volume_changed( 1491): [3,9,10,39,android]
11-11 03:47:13.211 I/sysui_multi_action( 1971): [757,207,758,1]
11-11 03:47:13.211 I/sysui_multi_action( 1971): [757,804,799,volume_from_keyguard,801,0,802,1]
11-11 03:47:13.295 I/auditd ( 0): type=1400 audit(0.0:18632): avc: denied { kill } for comm="swapper/3" capability=5 scontext=u:r:kernel:s0 tcontext=u:r:kernel:s0 tclass=capability permissive=0
11-11 03:47:13.334 I/commit_sys_config_file( 1491): [settings-1-0,2]
11-11 03:47:13.587 I/commit_sys_config_file( 1491): [settings-1-0,4]
11-11 03:47:13.911 I/volume_changed( 1491): [3,10,11,39,android]
11-11 03:47:13.944 I/sysui_multi_action( 1971): [757,207,758,1]
11-11 03:47:13.945 I/sysui_multi_action( 1971): [757,804,799,volume_from_keyguard,801,0,802,1]
11-11 03:47:13.976 I/volume_changed( 1491): [3,11,12,39,android]
11-11 03:47:13.990 I/sysui_multi_action( 1971): [757,207,758,1]
11-11 03:47:13.990 I/sysui_multi_action( 1971): [757,804,799,volume_from_keyguard,801,0,802,1]
11-11 03:47:14.014 I/volume_changed( 1491): [3,12,13,39,android]
11-11 03:47:14.031 I/sysui_multi_action( 1971): [757,207,758,1]
11-11 03:47:14.031 I/sysui_multi_action( 1971): [757,804,799,volume_from_keyguard,801,0,802,1]
11-11 03:47:14.075 I/volume_changed( 1491): [3,13,14,39,android]
11-11 03:47:14.104 I/sysui_multi_action( 1971): [757,207,758,1]
11-11 03:47:14.105 I/sysui_multi_action( 1971): [757,804,799,volume_from_keyguard,801,0,802,1]
11-11 03:47:14.295 I/auditd ( 0): type=1400 audit(0.0:18633): avc: denied { kill } for comm="swapper/3" capability=5 scontext=u:r:kernel:s0 tcontext=u:r:kernel:s0 tclass=capability permissive=0
11-11 03:47:14.638 I/commit_sys_config_file( 1491): [settings-1-0,6]
11-11 03:47:14.825 I/volume_changed( 1491): [3,14,13,39,android]
11-11 03:47:14.846 I/sysui_multi_action( 1971): [757,207,758,1]
11-11 03:47:14.847 I/sysui_multi_action( 1971): [757,804,799,volume_from_keyguard,801,0,802,1]
11-11 03:47:14.966 I/am_freeze( 1491): [13460,com.android.musicfx]
11-11 03:47:14.970 I/am_freeze( 1491): [13436,com.android.music]
11-11 03:47:14.972 I/am_kill ( 1491): [0,13460,com.android.musicfx,935,Unable to freeze binder interface]
11-11 03:47:14.974 I/am_kill ( 1491): [0,13436,com.android.music,935,Unable to freeze binder interface]
11-11 03:47:14.994 I/am_proc_died( 1491): [0,13460,com.android.musicfx,935,19]
11-11 03:47:14.995 I/am_uid_stopped( 1491): 10032
11-11 03:47:15.003 I/am_proc_died( 1491): [0,13436,com.android.music,935,19]
11-11 03:47:15.003 I/volume_changed( 1491): [3,13,12,39,android]
11-11 03:47:15.003 I/am_uid_stopped( 1491): 10086
11-11 03:47:15.013 I/am_uid_running( 1491): 10086
11-11 03:47:15.032 I/am_proc_start( 1491): [0,23959,10086,com.android.music,NULL,]
11-11 03:47:15.035 I/sysui_multi_action( 1971): [757,207,758,1]
11-11 03:47:15.035 I/sysui_multi_action( 1971): [757,804,799,volume_from_keyguard,801,0,802,1]
11-11 03:47:15.062 I/am_proc_bound( 1491): [0,23959,com.android.music]
11-11 03:47:15.295 I/auditd ( 0): type=1400 audit(0.0:18634): avc: denied { kill } for comm="swapper/3" capability=5 scontext=u:r:kernel:s0 tcontext=u:r:kernel:s0 tclass=capability permissive=0
11-11 03:47:15.340 I/volume_changed( 1491): [3,12,11,39,android]
11-11 03:47:15.359 I/sysui_multi_action( 1971): [757,207,758,1]
11-11 03:47:15.359 I/sysui_multi_action( 1971): [757,804,799,volume_from_keyguard,801,0,802,1]
11-11 03:47:15.545 I/commit_sys_config_file( 1491): [settings-1-0,3]
11-11 03:47:16.295 I/auditd ( 0): type=1400 audit(0.0:18635): avc: denied { kill } for comm="swapper/3" capability=5 scontext=u:r:kernel:s0 tcontext=u:r:kernel:s0 tclass=capability permissive=0
11-11 03:47:17.167 I/auditd (13536): type=1400 audit(0.0:18636): avc: denied { read } for comm=5468726561642D32202D2031333538 name="tcp" dev="proc" ino=4026532256 scontext=u:r:untrusted_app_29:s0:c99,c256,c512,c768 tcontext=u:object_r:proc_net_tcp_udp:s0 tclass=file permissive=0 app=com.smile.gifmaker
11-11 03:47:17.299 I/auditd ( 0): type=1400 audit(0.0:18637): avc: denied { kill } for comm="swapper/3" capability=5 scontext=u:r:kernel:s0 tcontext=u:r:kernel:s0 tclass=capability permissive=0
11-11 03:47:18.295 I/auditd ( 0): type=1400 audit(0.0:18638): avc: denied { kill } for comm="swapper/3" capability=5 scontext=u:r:kernel:s0 tcontext=u:r:kernel:s0 tclass=capability permissive=0
11-11 03:47:18.361 I/sysui_multi_action( 1971): [757,207,758,2]
11-11 03:47:18.364 I/sysui_multi_action( 1971): [757,210,758,4,759,-1]
11-11 03:47:19.295 I/auditd ( 0): type=1400 audit(0.0:18639): avc: denied { kill } for comm="swapper/3" capability=5 scontext=u:r:kernel:s0 tcontext=u:r:kernel:s0 tclass=capability permissive=0
11-11 03:47:20.295 I/auditd ( 0): type=1400 audit(0.0:18640): avc: denied { kill } for comm="swapper/3" capability=5 scontext=u:r:kernel:s0 tcontext=u:r:kernel:s0 tclass=capability permissive=0
11-11 03:47:20.411 I/auditd (13529): type=1400 audit(0.0:18641): avc: denied { read } for comm="Thread-29" name="tcp" dev="proc" ino=4026532256 scontext=u:r:untrusted_app:s0:c103,c256,c512,c768 tcontext=u:object_r:proc_net_tcp_udp:s0 tclass=file permissive=0 app=tv.danmaku.bilibilihd
11-11 03:47:21.295 I/auditd ( 0): type=1400 audit(0.0:18642): avc: denied { kill } for comm="swapper/3" capability=5 scontext=u:r:kernel:s0 tcontext=u:r:kernel:s0 tclass=capability permissive=0
11-11 03:47:22.295 I/auditd ( 0): type=1400 audit(0.0:18643): avc: denied { kill } for comm="swapper/3" capability=5 scontext=u:r:kernel:s0 tcontext=u:r:kernel:s0 tclass=capability permissive=0
11-11 03:47:22.825 I/service_manager_stats(13529): [200,87,405914]
11-11 03:47:23.295 I/auditd ( 0): type=1400 audit(0.0:18644): avc: denied { kill } for comm="swapper/3" capability=5 scontext=u:r:kernel:s0 tcontext=u:r:kernel:s0 tclass=capability permissive=0
11-11 03:47:23.564 I/am_freeze( 1491): [14956,com.qualcomm.qti.qccauthmgr]
11-11 03:47:23.568 I/am_freeze( 1491): [14011,tv.danmaku.bilibilihd:ijkservice]
11-11 03:47:23.569 I/am_kill ( 1491): [0,14956,com.qualcomm.qti.qccauthmgr,965,Unable to freeze binder interface]
11-11 03:47:23.571 I/am_kill ( 1491): [0,14011,tv.danmaku.bilibilihd:ijkservice,965,Unable to freeze binder interface]
11-11 03:47:23.607 I/am_proc_died( 1491): [0,14956,com.qualcomm.qti.qccauthmgr,965,19]
11-11 03:47:23.607 I/am_uid_stopped( 1491): 10080
11-11 03:47:23.611 I/am_proc_died( 1491): [0,14011,tv.danmaku.bilibilihd:ijkservice,965,19]
11-11 03:47:23.612 I/am_schedule_service_restart( 1491): [0,tv.danmaku.bilibilihd/tv.danmaku.ijk.media.player.services.IjkMediaPlayerService,1000]
11-11 03:47:24.295 I/auditd ( 0): type=1400 audit(0.0:18645): avc: denied { kill } for comm="swapper/3" capability=5 scontext=u:r:kernel:s0 tcontext=u:r:kernel:s0 tclass=capability permissive=0
11-11 03:47:24.644 I/am_proc_start( 1491): [0,24008,10103,tv.danmaku.bilibilihd:ijkservice,service,{tv.danmaku.bilibilihd/tv.danmaku.ijk.media.player.services.IjkMediaPlayerService}]
11-11 03:47:24.677 I/am_proc_bound( 1491): [0,24008,tv.danmaku.bilibilihd:ijkservice]
11-11 03:47:24.818 I/netstats_mobile_sample( 1491): [0,0,0,0,0,0,0,0,0,0,0,0,1668095244817]
11-11 03:47:24.818 I/netstats_wifi_sample( 1491): [2138405821,1972786,212870562,1007684,2138405821,1972786,212870562,1007684,2505763489,2502935,141090982,876551,1668095244817]
11-11 03:47:25.295 I/auditd ( 0): type=1400 audit(0.0:18646): avc: denied { kill } for comm="swapper/3" capability=5 scontext=u:r:kernel:s0 tcontext=u:r:kernel:s0 tclass=capability permissive=0
11-11 03:47:26.295 I/auditd ( 0): type=1400 audit(0.0:18647): avc: denied { kill } for comm="swapper/3" capability=5 scontext=u:r:kernel:s0 tcontext=u:r:kernel:s0 tclass=capability permissive=0
11-11 03:47:28.295 I/auditd ( 0): type=1400 audit(0.0:18648): avc: denied { kill } for comm="swapper/3" capability=5 scontext=u:r:kernel:s0 tcontext=u:r:kernel:s0 tclass=capability permissive=0
11-11 03:47:28.319 I/auditd (15150): type=1400 audit(0.0:18649): avc: denied { read } for comm="aker:messagesdk" name="tcp" dev="proc" ino=4026532256 scontext=u:r:untrusted_app_29:s0:c99,c256,c512,c768 tcontext=u:object_r:proc_net_tcp_udp:s0 tclass=file permissive=0 app=com.smile.gifmaker
11-11 03:47:29.295 I/auditd ( 0): type=1400 audit(0.0:18650): avc: denied { kill } for comm="swapper/3" capability=5 scontext=u:r:kernel:s0 tcontext=u:r:kernel:s0 tclass=capability permissive=0
11-11 03:47:30.295 I/auditd ( 0): type=1400 audit(0.0:18651): avc: denied { kill } for comm="swapper/3" capability=5 scontext=u:r:kernel:s0 tcontext=u:r:kernel:s0 tclass=capability permissive=0
11-11 03:47:31.295 I/auditd ( 0): type=1400 audit(0.0:18652): avc: denied { kill } for comm="swapper/3" capability=5 scontext=u:r:kernel:s0 tcontext=u:r:kernel:s0 tclass=capability permissive=0
11-11 03:47:31.370 I/am_uid_idle( 1491): 10101
11-11 03:47:32.295 I/auditd ( 0): type=1400 audit(0.0:18653): avc: denied { kill } for comm="swapper/3" capability=5 scontext=u:r:kernel:s0 tcontext=u:r:kernel:s0 tclass=capability permissive=0
11-11 03:47:33.295 I/auditd ( 0): type=1400 audit(0.0:18654): avc: denied { kill } for comm="swapper/3" capability=5 scontext=u:r:kernel:s0 tcontext=u:r:kernel:s0 tclass=capability permissive=0
11-11 03:47:34.295 I/auditd ( 0): type=1400 audit(0.0:18655): avc: denied { kill } for comm="swapper/3" capability=5 scontext=u:r:kernel:s0 tcontext=u:r:kernel:s0 tclass=capability permissive=0
11-11 03:47:35.295 I/auditd ( 0): type=1400 audit(0.0:18656): avc: denied { kill } for comm="swapper/3" capability=5 scontext=u:r:kernel:s0 tcontext=u:r:kernel:s0 tclass=capability permissive=0
11-11 03:47:36.295 I/auditd ( 0): type=1400 audit(0.0:18657): avc: denied { kill } for comm="swapper/3" capability=5 scontext=u:r:kernel:s0 tcontext=u:r:kernel:s0 tclass=capability permissive=0
11-11 03:47:37.295 I/auditd ( 0): type=1400 audit(0.0:18658): avc: denied { kill } for comm="swapper/3" capability=5 scontext=u:r:kernel:s0 tcontext=u:r:kernel:s0 tclass=capability permissive=0
11-11 03:47:38.295 I/auditd ( 0): type=1400 audit(0.0:18659): avc: denied { kill } for comm="swapper/3" capability=5 scontext=u:r:kernel:s0 tcontext=u:r:kernel:s0 tclass=capability permissive=0
11-11 03:47:38.737 I/am_uid_idle( 1491): 10099
11-11 03:47:38.737 I/am_stop_idle_service( 1491): [10099,com.smile.gifmaker/com.kwai.chat.kwailink.service.NewKwaiLinkService]
11-11 03:47:39.295 I/auditd ( 0): type=1400 audit(0.0:18660): avc: denied { kill } for comm="swapper/3" capability=5 scontext=u:r:kernel:s0 tcontext=u:r:kernel:s0 tclass=capability permissive=0
11-11 03:47:40.295 I/auditd ( 0): type=1400 audit(0.0:18661): avc: denied { kill } for comm="swapper/3" capability=5 scontext=u:r:kernel:s0 tcontext=u:r:kernel:s0 tclass=capability permissive=0
11-11 03:47:41.295 I/auditd ( 0): type=1400 audit(0.0:18662): avc: denied { kill } for comm="swapper/3" capability=5 scontext=u:r:kernel:s0 tcontext=u:r:kernel:s0 tclass=capability permissive=0
11-11 03:47:42.295 I/auditd ( 0): type=1400 audit(0.0:18663): avc: denied { kill } for comm="swapper/3" capability=5 scontext=u:r:kernel:s0 tcontext=u:r:kernel:s0 tclass=capability permissive=0
11-11 03:47:43.295 I/auditd ( 0): type=1400 audit(0.0:18664): avc: denied { kill } for comm="swapper/3" capability=5 scontext=u:r:kernel:s0 tcontext=u:r:kernel:s0 tclass=capability permissive=0
11-11 03:47:44.295 I/auditd ( 0): type=1400 audit(0.0:18665): avc: denied { kill } for comm="swapper/3" capability=5 scontext=u:r:kernel:s0 tcontext=u:r:kernel:s0 tclass=capability permissive=0
11-11 03:47:45.198 I/am_pss ( 1491): [23710,10103,tv.danmaku.bilibilihd:pushservice,39979008,16093184,44032,172699648,0,19,19]
11-11 03:47:45.295 I/auditd ( 0): type=1400 audit(0.0:18666): avc: denied { kill } for comm="swapper/3" capability=5 scontext=u:r:kernel:s0 tcontext=u:r:kernel:s0 tclass=capability permissive=0
11-11 03:47:46.295 I/auditd ( 0): type=1400 audit(0.0:18667): avc: denied { kill } for comm="swapper/3" capability=5 scontext=u:r:kernel:s0 tcontext=u:r:kernel:s0 tclass=capability permissive=0
11-11 03:47:47.295 I/auditd ( 0): type=1400 audit(0.0:18668): avc: denied { kill } for comm="swapper/3" capability=5 scontext=u:r:kernel:s0 tcontext=u:r:kernel:s0 tclass=capability permissive=0
11-11 03:47:50.295 I/auditd ( 0): type=1400 audit(0.0:18669): avc: denied { kill } for comm="swapper/3" capability=5 scontext=u:r:kernel:s0 tcontext=u:r:kernel:s0 tclass=capability permissive=0
11-11 03:47:50.515 I/auditd (13529): type=1400 audit(0.0:18670): avc: denied { read } for comm="Thread-29" name="tcp" dev="proc" ino=4026532256 scontext=u:r:untrusted_app:s0:c103,c256,c512,c768 tcontext=u:object_r:proc_net_tcp_udp:s0 tclass=file permissive=0 app=tv.danmaku.bilibilihd
11-11 03:47:51.295 I/auditd ( 0): type=1400 audit(0.0:18671): avc: denied { kill } for comm="swapper/3" capability=5 scontext=u:r:kernel:s0 tcontext=u:r:kernel:s0 tclass=capability permissive=0
11-11 03:47:52.295 I/auditd ( 0): type=1400 audit(0.0:18672): avc: denied { kill } for comm="swapper/3" capability=5 scontext=u:r:kernel:s0 tcontext=u:r:kernel:s0 tclass=capability permissive=0
11-11 03:47:53.295 I/auditd ( 0): type=1400 audit(0.0:18673): avc: denied { kill } for comm="swapper/3" capability=5 scontext=u:r:kernel:s0 tcontext=u:r:kernel:s0 tclass=capability permissive=0
11-11 03:47:54.295 I/auditd ( 0): type=1400 audit(0.0:18674): avc: denied { kill } for comm="swapper/3" capability=5 scontext=u:r:kernel:s0 tcontext=u:r:kernel:s0 tclass=capability permissive=0
