04-06 02:12:33.537 W/MediaProvider( 3483): java.io.FileNotFoundException: Input file descriptor is already original
04-06 02:12:33.537 W/MediaProvider( 3483): at com.android.providers.media.MediaProvider.getOriginalMediaFormatFileDescriptor(MediaProvider.java:5718)
04-06 02:12:33.537 W/MediaProvider( 3483): at com.android.providers.media.MediaProvider.openTypedAssetFileCommon(MediaProvider.java:7134)
04-06 02:12:33.537 W/MediaProvider( 3483): at com.android.providers.media.MediaProvider.openTypedAssetFile(MediaProvider.java:7115)
04-06 02:12:33.537 W/MediaProvider( 3483): at android.content.ContentProvider$Transport.openTypedAssetFile(ContentProvider.java:548)
04-06 02:12:33.537 W/MediaProvider( 3483): at android.content.ContentProviderNative.onTransact(ContentProviderNative.java:327)
04-06 02:12:33.537 W/MediaProvider( 3483): at android.os.Binder.execTransactInternal(Binder.java:1179)
04-06 02:12:33.537 W/MediaProvider( 3483): at android.os.Binder.execTransact(Binder.java:1143)
04-06 02:12:33.538 D/NuPlayerDriver( 1193): NuPlayerDriver(0xe4f80b50) created, clientPid(2648)
04-06 02:12:33.545 I/ExtendedNuUtils( 1193): printFileName fd(8) -> /system_ext/app/TCSetupWizard/TCSetupWizard.apk
04-06 02:12:33.545 D/SurfaceUtils( 1193): connecting to surface 0xe4389738, reason setVideoSurfaceTexture
04-06 02:12:33.545 D/NuPlayer( 1193): onSetVideoSurface(0xe4384ba0, no video decoder)
04-06 02:12:33.547 D/Avrcp_ext( 2345): AudioManager Player: AudioPlaybackConfiguration piid:103 deviceId:0 type:android.media.SoundPool u/pid:10078/2363 state:idle attr:AudioAttributes: usage=USAGE_ASSISTANCE_SONIFICATION content=CONTENT_TYPE_SONIFICATION flags=0x800 tags= bundle=null sessionId:0
04-06 02:12:33.547 D/Avrcp_ext( 2345): AudioManager Player: AudioPlaybackConfiguration piid:119 deviceId:0 type:android.media.SoundPool u/pid:1000/2562 state:idle attr:AudioAttributes: usage=USAGE_ASSISTANCE_SONIFICATION content=CONTENT_TYPE_SONIFICATION flags=0x801 tags= bundle=null sessionId:0
04-06 02:12:33.547 D/Avrcp_ext( 2345): AudioManager Player: AudioPlaybackConfiguration piid:151 deviceId:0 type:android.media.MediaPlayer u/pid:1000/2648 state:idle attr:AudioAttributes: usage=USAGE_MEDIA content=CONTENT_TYPE_MOVIE flags=0x800 tags= bundle=null sessionId:0
04-06 02:12:33.547 D/Avrcp_ext( 2345): AudioManager Player: AudioPlaybackConfiguration piid:231 deviceId:0 type:android.media.MediaPlayer u/pid:1000/2648 state:idle attr:AudioAttributes: usage=USAGE_MEDIA content=CONTENT_TYPE_MOVIE flags=0x800 tags= bundle=null sessionId:121
04-06 02:12:33.547 D/Avrcp_ext( 2345): AudioManager Player: AudioPlaybackConfiguration piid:95 deviceId:0 type:android.media.SoundPool u/pid:1000/1508 state:idle attr:AudioAttributes: usage=USAGE_ASSISTANCE_SONIFICATION content=CONTENT_TYPE_SONIFICATION flags=0x800 tags= bundle=null sessionId:0
04-06 02:12:33.547 D/Avrcp_ext( 2345): AudioManager isPlaying: false, mAudioPlaybackIsActive = false
04-06 02:12:33.547 D/Avrcp_ext( 2345): AudioManager Reset Active Player
04-06 02:12:33.549 D/GenericSource( 1193): FileSource remote
04-06 02:12:33.553 I/MMParserExtractor( 1190): Created(0xb40000719fa57b30)
04-06 02:12:33.555 D/NuPlayerDriver( 1193): reset(0xe4f80b50) at state 3
04-06 02:12:33.557 D/MediaBufferGroup( 1190): creating MemoryDealer
04-06 02:12:33.563 D/NuPlayerDriver( 1193): notifyResetComplete(0xe4f80b50)
04-06 02:12:33.564 D/NuPlayerDriver( 1193): reset(0xe4f80b50) at state 0
04-06 02:12:33.564 D/SurfaceUtils( 1193): disconnecting from surface 0xe4389738, reason disconnectNativeWindow
04-06 02:12:33.566 D/Avrcp_ext( 2345): AudioManager Player: AudioPlaybackConfiguration piid:103 deviceId:0 type:android.media.SoundPool u/pid:10078/2363 state:idle attr:AudioAttributes: usage=USAGE_ASSISTANCE_SONIFICATION content=CONTENT_TYPE_SONIFICATION flags=0x800 tags= bundle=null sessionId:0
04-06 02:12:33.566 I/MediaFocusControl( 1508): abandonAudioFocus() from uid/pid 1000/2648 clientId=android.media.AudioManager@22af96b
04-06 02:12:33.566 D/Avrcp_ext( 2345): AudioManager Player: AudioPlaybackConfiguration piid:119 deviceId:0 type:android.media.SoundPool u/pid:1000/2562 state:idle attr:AudioAttributes: usage=USAGE_ASSISTANCE_SONIFICATION content=CONTENT_TYPE_SONIFICATION flags=0x801 tags= bundle=null sessionId:0
04-06 02:12:33.566 D/Avrcp_ext( 2345): AudioManager Player: AudioPlaybackConfiguration piid:151 deviceId:0 type:android.media.MediaPlayer u/pid:1000/2648 state:idle attr:AudioAttributes: usage=USAGE_MEDIA content=CONTENT_TYPE_MOVIE flags=0x800 tags= bundle=null sessionId:0
04-06 02:12:33.566 D/Avrcp_ext( 2345): AudioManager Player: AudioPlaybackConfiguration piid:95 deviceId:0 type:android.media.SoundPool u/pid:1000/1508 state:idle attr:AudioAttributes: usage=USAGE_ASSISTANCE_SONIFICATION content=CONTENT_TYPE_SONIFICATION flags=0x800 tags= bundle=null sessionId:0
04-06 02:12:33.566 D/Avrcp_ext( 2345): AudioManager isPlaying: false, mAudioPlaybackIsActive = false
04-06 02:12:33.566 D/Avrcp_ext( 2345): AudioManager Reset Active Player
04-06 02:12:33.566 I/MediaFocusControl( 1508): requestAudioFocus() from uid/pid 1000/2648 AA=USAGE_MEDIA/CONTENT_TYPE_MOVIE clientId=android.media.AudioManager@22af96b callingPack=com.thundercomm.tcsetupwizard req=1 flags=0x0 sdk=31
04-06 02:12:33.567 I/AudioService.FadeOutManager( 1508): unfadeOutUid() uid:1000
04-06 02:12:33.569 D/Avrcp_ext( 2345): AudioManager Player: AudioPlaybackConfiguration piid:103 deviceId:0 type:android.media.SoundPool u/pid:10078/2363 state:idle attr:AudioAttributes: usage=USAGE_ASSISTANCE_SONIFICATION content=CONTENT_TYPE_SONIFICATION flags=0x800 tags= bundle=null sessionId:0
04-06 02:12:33.569 D/Avrcp_ext( 2345): AudioManager Player: AudioPlaybackConfiguration piid:119 deviceId:0 type:android.media.SoundPool u/pid:1000/2562 state:idle attr:AudioAttributes: usage=USAGE_ASSISTANCE_SONIFICATION content=CONTENT_TYPE_SONIFICATION flags=0x801 tags= bundle=null sessionId:0
04-06 02:12:33.569 D/Avrcp_ext( 2345): AudioManager Player: AudioPlaybackConfiguration piid:151 deviceId:0 type:android.media.MediaPlayer u/pid:1000/2648 state:idle attr:AudioAttributes: usage=USAGE_MEDIA content=CONTENT_TYPE_MOVIE flags=0x800 tags= bundle=null sessionId:0
04-06 02:12:33.569 D/Avrcp_ext( 2345): AudioManager Player: AudioPlaybackConfiguration piid:95 deviceId:0 type:android.media.SoundPool u/pid:1000/1508 state:idle attr:AudioAttributes: usage=USAGE_ASSISTANCE_SONIFICATION content=CONTENT_TYPE_SONIFICATION flags=0x800 tags= bundle=null sessionId:0
04-06 02:12:33.569 D/Avrcp_ext( 2345): AudioManager Player: AudioPlaybackConfiguration piid:239 deviceId:0 type:android.media.MediaPlayer u/pid:1000/2648 state:idle attr:AudioAttributes: usage=USAGE_UNKNOWN content=CONTENT_TYPE_UNKNOWN flags=0x800 tags= bundle=null sessionId:121
04-06 02:12:33.569 D/Avrcp_ext( 2345): AudioManager isPlaying: false, mAudioPlaybackIsActive = false
04-06 02:12:33.569 D/Avrcp_ext( 2345): AudioManager Reset Active Player
04-06 02:12:33.577 I/MMParserExtractor( 1190): Created(0xb40000719fa57b30)
04-06 02:12:33.581 W/MediaProvider( 3483): Failed to fetch original file descriptor
04-06 02:12:33.581 W/MediaProvider( 3483): java.io.FileNotFoundException: Input file descriptor is already original
04-06 02:12:33.581 W/MediaProvider( 3483): at com.android.providers.media.MediaProvider.getOriginalMediaFormatFileDescriptor(MediaProvider.java:5718)
04-06 02:12:33.581 W/MediaProvider( 3483): at com.android.providers.media.MediaProvider.openTypedAssetFileCommon(MediaProvider.java:7134)
04-06 02:12:33.581 W/MediaProvider( 3483): at com.android.providers.media.MediaProvider.openTypedAssetFile(MediaProvider.java:7115)
04-06 02:12:33.581 W/MediaProvider( 3483): at android.content.ContentProvider$Transport.openTypedAssetFile(ContentProvider.java:548)
04-06 02:12:33.581 W/MediaProvider( 3483): at android.content.ContentProviderNative.onTransact(ContentProviderNative.java:327)
04-06 02:12:33.581 W/MediaProvider( 3483): at android.os.Binder.execTransactInternal(Binder.java:1179)
04-06 02:12:33.581 W/MediaProvider( 3483): at android.os.Binder.execTransact(Binder.java:1143)
04-06 02:12:33.582 D/NuPlayerDriver( 1193): NuPlayerDriver(0xe4f80b50) created, clientPid(2648)
04-06 02:12:33.588 I/ExtendedNuUtils( 1193): printFileName fd(8) -> /system_ext/app/TCSetupWizard/TCSetupWizard.apk
04-06 02:12:33.589 D/SurfaceUtils( 1193): connecting to surface 0xe4384ba8, reason setVideoSurfaceTexture
04-06 02:12:33.589 D/NuPlayer( 1193): onSetVideoSurface(0xe4389730, no video decoder)
04-06 02:12:33.590 D/Avrcp_ext( 2345): AudioManager Player: AudioPlaybackConfiguration piid:103 deviceId:0 type:android.media.SoundPool u/pid:10078/2363 state:idle attr:AudioAttributes: usage=USAGE_ASSISTANCE_SONIFICATION content=CONTENT_TYPE_SONIFICATION flags=0x800 tags= bundle=null sessionId:0
04-06 02:12:33.590 D/Avrcp_ext( 2345): AudioManager Player: AudioPlaybackConfiguration piid:119 deviceId:0 type:android.media.SoundPool u/pid:1000/2562 state:idle attr:AudioAttributes: usage=USAGE_ASSISTANCE_SONIFICATION content=CONTENT_TYPE_SONIFICATION flags=0x801 tags= bundle=null sessionId:0
04-06 02:12:33.591 D/Avrcp_ext( 2345): AudioManager Player: AudioPlaybackConfiguration piid:151 deviceId:0 type:android.media.MediaPlayer u/pid:1000/2648 state:idle attr:AudioAttributes: usage=USAGE_MEDIA content=CONTENT_TYPE_MOVIE flags=0x800 tags= bundle=null sessionId:0
04-06 02:12:33.591 D/Avrcp_ext( 2345): AudioManager Player: AudioPlaybackConfiguration piid:95 deviceId:0 type:android.media.SoundPool u/pid:1000/1508 state:idle attr:AudioAttributes: usage=USAGE_ASSISTANCE_SONIFICATION content=CONTENT_TYPE_SONIFICATION flags=0x800 tags= bundle=null sessionId:0
04-06 02:12:33.591 D/Avrcp_ext( 2345): AudioManager Player: AudioPlaybackConfiguration piid:239 deviceId:0 type:android.media.MediaPlayer u/pid:1000/2648 state:idle attr:AudioAttributes: usage=USAGE_MEDIA content=CONTENT_TYPE_MOVIE flags=0x800 tags= bundle=null sessionId:121
04-06 02:12:33.591 D/Avrcp_ext( 2345): AudioManager isPlaying: false, mAudioPlaybackIsActive = false
04-06 02:12:33.591 D/Avrcp_ext( 2345): AudioManager Reset Active Player
04-06 02:12:33.593 D/GenericSource( 1193): FileSource remote
04-06 02:12:33.597 I/MMParserExtractor( 1190): Created(0xb40000719fa57b30)
04-06 02:12:33.601 D/MediaBufferGroup( 1190): creating MemoryDealer
04-06 02:12:33.607 D/MediaPlayerNative( 2648): getMetadata
04-06 02:12:33.607 I/GenericSource( 1193): start
04-06 02:12:33.608 I/MicroServiceManager( 1508): requestResult(requestAudioFocus) parameters is{"functionInfo":{"IDCM_AudioFocus":"AudioFocus_Media"}}.
04-06 02:12:33.608 E/MicroService( 2581): Client is not connected.
04-06 02:12:33.608 E/MicroService( 2581): Client is not connected.
04-06 02:12:33.611 W/NuPlayer( 1193): instantiateDecoder: getFormat called when source is gone or not set
04-06 02:12:33.616 I/OMXClient( 1193): IOmx service obtained
04-06 02:12:33.616 I/OMXMaster( 1209): makeComponentInstance(OMX.qcom.video.decoder.avc) in android.hardwar process
04-06 02:12:33.623 E/android.hardware.media.omx@1.0-service( 1209): Service not available yet
04-06 02:12:33.625 D/PlatformConfig( 1209): getInstance: Enter
04-06 02:12:33.626 D/PlatformConfig( 1209): getConfigStoreBool: vpp/enable=false, returning false
04-06 02:12:33.629 D/PlatformConfig( 1209): getInstance: Enter
04-06 02:12:33.629 D/PlatformConfig( 1209): getInt32 Config name: vidc_dec_log_in value: 0
04-06 02:12:33.629 D/PlatformConfig( 1209): getInstance: Enter
04-06 02:12:33.629 D/PlatformConfig( 1209): getInt32 Config name: vidc_dec_log_out value: 0
04-06 02:12:33.629 D/PlatformConfig( 1209): getInstance: Enter
04-06 02:12:33.629 D/PlatformConfig( 1209): getInt32 Config name: vidc_dec_sec_prefetch_size_internal value: 209715200
04-06 02:12:33.629 D/PlatformConfig( 1209): getInstance: Enter
04-06 02:12:33.629 D/PlatformConfig( 1209): getInt32 Config name: vidc_dec_sec_prefetch_size_output value: 13434880
04-06 02:12:33.629 D/PlatformConfig( 1209): getInstance: Enter
04-06 02:12:33.629 D/PlatformConfig( 1209): getInt32 Config name: vidc_perf_control_enable value: 0
04-06 02:12:33.629 D/PlatformConfig( 1209): getInstance: Enter
04-06 02:12:33.629 D/PlatformConfig( 1209): getInt32 Config name: vidc_dec_thumbnail_yuv_output value: 0
04-06 02:12:33.629 D/PlatformConfig( 1209): getInstance: Enter
04-06 02:12:33.630 D/PlatformConfig( 1209): getInt32: Returning default
04-06 02:12:33.630 D/PlatformConfig( 1209): getInstance: Enter
04-06 02:12:33.630 D/PlatformConfig( 1209): getInt32 Config name: vidc_dec_output_rate value: 120
04-06 02:12:33.630 I/OMX-VDEC-1080P( 1209): component_init: OMX.qcom.video.decoder.avc : fd=7
04-06 02:12:33.630 E/OMX-VDEC-1080P( 1209): Unsupported output color format for c2d (2141391876)
04-06 02:12:33.630 E/OMX-VDEC-1080P( 1209): Setting color format failed
04-06 02:12:33.631 D/PlatformConfig( 1209): getInstance: Enter
04-06 02:12:33.631 D/PlatformConfig( 1209): getInt32: Returning default
04-06 02:12:33.631 D/PlatformConfig( 1209): getInstance: Enter
04-06 02:12:33.631 D/PlatformConfig( 1209): getInt32: Returning default
04-06 02:12:33.631 I/OMX-VDEC-1080P( 1209): omx_vdec::component_init() success : fd=7
01-01 08:03:52.467 I/msm_vidc( 0): high: 00000001: ....d: Opening video instance: 0000000000000000, 1
01-01 08:03:52.467 I/msm_vidc( 0): err : 00000001: ....d: Failed to create debugfs for msm_vidc
04-06 02:12:33.632 D/SurfaceUtils( 1193): disconnecting from surface 0xe4389738, reason onConfigure
04-06 02:12:33.632 D/SurfaceUtils( 1193): connecting to surface 0xe4389738, reason connectToSurface
04-06 02:12:33.633 I/MediaCodec( 1193): [OMX.qcom.video.decoder.avc] setting surface generation to 1221641
04-06 02:12:33.633 D/SurfaceUtils( 1193): disconnecting from surface 0xe4389738, reason connectToSurface(reconnect)
04-06 02:12:33.633 D/SurfaceUtils( 1193): connecting to surface 0xe4389738, reason connectToSurface(reconnect)
04-06 02:12:33.634 E/OMX-VDEC-1080P( 1209): Extension: OMX.google.android.index.storeANWBufferInMetadata not implemented
04-06 02:12:33.634 E/OMX-VDEC-1080P( 1209): Extension: OMX.google.android.index.configureVideoTunnelMode not implemented
04-06 02:12:33.634 E/OMX-VDEC-1080P( 1209): Extension: OMX.google.android.index.useAndroidNativeBuffer is supported
04-06 02:12:33.634 E/OMX-VDEC-1080P( 1209): get_parameter: unknown param 7f000046
04-06 02:12:33.634 E/OMXNodeInstance( 1209): getParameter(0xe83e0034:qcom.decoder.avc, ??(0x7f000046)) ERROR: UnsupportedIndex(0x8000101a)
04-06 02:12:33.635 E/OMX-VDEC-1080P( 1209): set_parameter: Error: 0x80001019, setting param 0x7f00005d
04-06 02:12:33.635 E/OMXNodeInstance( 1209): setParameter(0xe83e0034:qcom.decoder.avc, OMX.google.android.index.allocateNativeHandle(0x7f00005d): Output:1 en=0) ERROR: UnsupportedSetting(0x80001019)
04-06 02:12:33.635 E/OMX-VDEC-1080P( 1209): Extension: OMX.google.android.index.storeANWBufferInMetadata not implemented
04-06 02:12:33.635 E/OMX-VDEC-1080P( 1209): get_parameter: unknown param 6f600011
04-06 02:12:33.635 E/OMXNodeInstance( 1209): getParameter(0xe83e0034:qcom.decoder.avc, ??(0x6f600011)) ERROR: UnsupportedIndex(0x8000101a)
04-06 02:12:33.635 I/ExtendedACodec( 1193): setupVideoDecoder()
04-06 02:12:33.636 I/ExtendedACodec( 1193): Decoder will be in frame by frame mode
04-06 02:12:33.636 E/OMX-VDEC-1080P( 1209): Setparameter: unknown param 2130706434
04-06 02:12:33.636 E/OMX-VDEC-1080P( 1209): set_parameter: Error: 0x8000101a, setting param 0x7f000002
04-06 02:12:33.636 E/OMXNodeInstance( 1209): setParameter(0xe83e0034:qcom.decoder.avc, ??(0x7f000002)) ERROR: UnsupportedIndex(0x8000101a)
04-06 02:12:33.636 W/ExtendedACodec( 1193): Failed to set frame packing format on component
04-06 02:12:33.638 E/OMXNodeInstance( 1209): getConfig(0xe83e0034:qcom.decoder.avc, ??(0x7f000062)) ERROR: UnsupportedSetting(0x80001019)
04-06 02:12:33.639 D/NuPlayerDriver( 1193): reset(0xe4f80b50) at state 5
04-06 02:12:33.639 I/MediaCodec( 1193): MediaCodec will operate in async mode
04-06 02:12:33.640 D/MediaCodec( 1193): keep callback message for reclaim
04-06 02:12:33.651 E/OMX-VDEC-1080P( 1209): Extension: OMX.google.android.index.AndroidNativeBufferConsumerUsage not implemented
04-06 02:12:33.651 D/SurfaceUtils( 1193): set up nativeWindow 0xe4389738 for 1920x1080, color 0x7fa30c06, rotation 0, usage 0x20402900
04-06 02:12:33.655 W/ResourceManagerService( 1193): Ignoring request to add new resource entry with value <= 0
04-06 02:12:33.655 W/MediaCodec( 1193): mapFormat: no mediaType information
04-06 02:12:33.675 I/OMX-VDEC-1080P( 1209): omx_vdec::component_deinit() complete
04-06 02:12:33.676 I/OMX-VDEC-1080P( 1209): Exit OMX vdec Destructor: fd=7
04-06 02:12:33.679 D/SurfaceUtils( 1193): disconnecting from surface 0xe4389738, reason disconnectFromSurface
01-01 08:03:52.513 I/msm_vidc( 0): high: 00000001: h264d: Closed video instance: 0000000000000000
04-06 02:12:33.680 D/SurfaceUtils( 1193): connecting to surface 0xe4389738, reason onShutdown
04-06 02:12:33.681 D/NuPlayerDriver( 1193): notifyResetComplete(0xe4f80b50)
04-06 02:12:33.682 D/NuPlayerDriver( 1193): reset(0xe4f80b50) at state 0
04-06 02:12:33.682 D/SurfaceUtils( 1193): disconnecting from surface 0xe4384ba8, reason disconnectNativeWindow
04-06 02:12:33.684 I/MediaFocusControl( 1508): abandonAudioFocus() from uid/pid 1000/2648 clientId=android.media.AudioManager@22af96b
04-06 02:12:33.685 I/MediaFocusControl( 1508): requestAudioFocus() from uid/pid 1000/2648 AA=USAGE_MEDIA/CONTENT_TYPE_MOVIE clientId=android.media.AudioManager@22af96b callingPack=com.thundercomm.tcsetupwizard req=1 flags=0x0 sdk=31
04-06 02:12:33.761 W/adbd ( 3149): timed out while waiting for FUNCTIONFS_BIND, trying again
04-06 02:12:33.762 I/adbd ( 3149): UsbFfs: connection terminated: monitor thread finished
04-06 02:12:33.762 I/adbd ( 3149): UsbFfs: already offline
04-06 02:12:33.762 I/adbd ( 3149): destroying transport UsbFfs
04-06 02:12:33.762 I/adbd ( 3149): UsbFfsConnection being destroyed
04-06 02:12:33.769 I/adbd ( 3149): opening control endpoint /dev/usb-ffs/adb/ep0
04-06 02:12:33.770 I/adbd ( 3149): UsbFfsConnection constructed
04-06 02:12:33.771 I/adbd ( 3149): UsbFfs-monitor thread spawned
01-01 08:03:52.606 I/ ( 0): read descriptors
01-01 08:03:52.606 I/ ( 0): read strings
04-06 02:12:33.854 W/hpplay-java( 3295): [main]:IPManager:getActiveNets invalid networkInfo:null
04-06 02:12:33.854 I/hpplay-java( 3295): [main]:IPManager:getActiveNets eth0:false wifi:false mobile:false ap:false
04-06 02:12:33.854 I/hpplay-java( 3295): [main]:ServerTaskManager:get local ip:null
04-06 02:12:33.931 I/mpu_uart( 651): [MSG-P:RECV]:No message received in 1000 ms
04-06 02:12:34.208 W/AudioIDCMicroNegotiator( 1508): idcm_warn: timeout for obtainFocusState: RequestInfosToIDCM{mPid=2648, mUid=1000}
04-06 02:12:34.209 W/AudioService.PlaybackActivityMonitor( 1508): idcm_warn: ====rejected by IDCM: PLAYER_STATE_STARTED
04-06 02:12:34.209 I/AudioService.FadeOutManager( 1508): unfadeOutUid() uid:1000
04-06 02:12:34.210 W/Binder ( 2648): Caught a RuntimeException from the binder stub implementation.
04-06 02:12:34.210 W/Binder ( 2648): java.lang.IllegalStateException
04-06 02:12:34.210 W/Binder ( 2648): at android.media.MediaPlayer._stop(Native Method)
04-06 02:12:34.210 W/Binder ( 2648): at android.media.MediaPlayer.stop(MediaPlayer.java:1403)
04-06 02:12:34.210 W/Binder ( 2648): at android.media.MediaPlayer.playerStop(MediaPlayer.java:1436)
04-06 02:12:34.210 W/Binder ( 2648): at android.media.PlayerBase$IPlayerWrapper.stop(PlayerBase.java:394)
04-06 02:12:34.210 W/Binder ( 2648): at android.media.IPlayer$Stub.onTransact(IPlayer.java:138)
04-06 02:12:34.210 W/Binder ( 2648): at android.os.Binder.execTransactInternal(Binder.java:1184)
04-06 02:12:34.210 W/Binder ( 2648): at android.os.Binder.execTransact(Binder.java:1143)
04-06 02:12:34.210 D/MediaFocusControl( 1508): audio_idcm: updateCurrentAudioFocus: uid= 1000 fr = 1000 focusChange= -1
04-06 02:12:34.211 D/Avrcp_ext( 2345): AudioManager Player: AudioPlaybackConfiguration piid:103 deviceId:0 type:android.media.SoundPool u/pid:10078/2363 state:idle attr:AudioAttributes: usage=USAGE_ASSISTANCE_SONIFICATION content=CONTENT_TYPE_SONIFICATION flags=0x800 tags= bundle=null sessionId:0
04-06 02:12:34.211 D/Avrcp_ext( 2345): AudioManager Player: AudioPlaybackConfiguration piid:119 deviceId:0 type:android.media.SoundPool u/pid:1000/2562 state:idle attr:AudioAttributes: usage=USAGE_ASSISTANCE_SONIFICATION content=CONTENT_TYPE_SONIFICATION flags=0x801 tags= bundle=null sessionId:0
04-06 02:12:34.211 D/Avrcp_ext( 2345): AudioManager Player: AudioPlaybackConfiguration piid:151 deviceId:0 type:android.media.MediaPlayer u/pid:1000/2648 state:idle attr:AudioAttributes: usage=USAGE_MEDIA content=CONTENT_TYPE_MOVIE flags=0x800 tags= bundle=null sessionId:0
04-06 02:12:34.211 D/Avrcp_ext( 2345): AudioManager Player: AudioPlaybackConfiguration piid:95 deviceId:0 type:android.media.SoundPool u/pid:1000/1508 state:idle attr:AudioAttributes: usage=USAGE_ASSISTANCE_SONIFICATION content=CONTENT_TYPE_SONIFICATION flags=0x800 tags= bundle=null sessionId:0
04-06 02:12:34.211 D/Avrcp_ext( 2345): AudioManager isPlaying: false, mAudioPlaybackIsActive = false
04-06 02:12:34.211 D/Avrcp_ext( 2345): AudioManager Reset Active Player
04-06 02:12:34.216 D/Avrcp_ext( 2345): AudioManager Player: AudioPlaybackConfiguration piid:103 deviceId:0 type:android.media.SoundPool u/pid:10078/2363 state:idle attr:AudioAttributes: usage=USAGE_ASSISTANCE_SONIFICATION content=CONTENT_TYPE_SONIFICATION flags=0x800 tags= bundle=null sessionId:0
04-06 02:12:34.216 D/Avrcp_ext( 2345): AudioManager Player: AudioPlaybackConfiguration piid:119 deviceId:0 type:android.media.SoundPool u/pid:1000/2562 state:idle attr:AudioAttributes: usage=USAGE_ASSISTANCE_SONIFICATION content=CONTENT_TYPE_SONIFICATION flags=0x801 tags= bundle=null sessionId:0
04-06 02:12:34.216 D/Avrcp_ext( 2345): AudioManager Player: AudioPlaybackConfiguration piid:151 deviceId:0 type:android.media.MediaPlayer u/pid:1000/2648 state:idle attr:AudioAttributes: usage=USAGE_MEDIA content=CONTENT_TYPE_MOVIE flags=0x800 tags= bundle=null sessionId:0
04-06 02:12:34.216 D/Avrcp_ext( 2345): AudioManager Player: AudioPlaybackConfiguration piid:247 deviceId:0 type:android.media.MediaPlayer u/pid:1000/2648 state:idle attr:AudioAttributes: usage=USAGE_UNKNOWN content=CONTENT_TYPE_UNKNOWN flags=0x800 tags= bundle=null sessionId:121
04-06 02:12:34.217 D/Avrcp_ext( 2345): AudioManager Player: AudioPlaybackConfiguration piid:95 deviceId:0 type:android.media.SoundPool u/pid:1000/1508 state:idle attr:AudioAttributes: usage=USAGE_ASSISTANCE_SONIFICATION content=CONTENT_TYPE_SONIFICATION flags=0x800 tags= bundle=null sessionId:0
04-06 02:12:34.217 D/Avrcp_ext( 2345): AudioManager isPlaying: false, mAudioPlaybackIsActive = false
04-06 02:12:34.217 D/Avrcp_ext( 2345): AudioManager Reset Active Player
04-06 02:12:34.230 I/MMParserExtractor( 1190): Created(0xb40000719fa57b30)
04-06 02:12:34.236 W/MediaProvider( 3483): Failed to fetch original file descriptor
04-06 02:12:34.236 W/MediaProvider( 3483): java.io.FileNotFoundException: Input file descriptor is already original
04-06 02:12:34.236 W/MediaProvider( 3483): at com.android.providers.media.MediaProvider.getOriginalMediaFormatFileDescriptor(MediaProvider.java:5718)
04-06 02:12:34.236 W/MediaProvider( 3483): at com.android.providers.media.MediaProvider.openTypedAssetFileCommon(MediaProvider.java:7134)
04-06 02:12:34.236 W/MediaProvider( 3483): at com.android.providers.media.MediaProvider.openTypedAssetFile(MediaProvider.java:7115)
04-06 02:12:34.236 W/MediaProvider( 3483): at android.content.ContentProvider$Transport.openTypedAssetFile(ContentProvider.java:548)
04-06 02:12:34.236 W/MediaProvider( 3483): at android.content.ContentProviderNative.onTransact(ContentProviderNative.java:327)
04-06 02:12:34.236 W/MediaProvider( 3483): at android.os.Binder.execTransactInternal(Binder.java:1179)
04-06 02:12:34.236 W/MediaProvider( 3483): at android.os.Binder.execTransact(Binder.java:1143)
04-06 02:12:34.238 D/NuPlayerDriver( 1193): NuPlayerDriver(0xe4f80b50) created, clientPid(2648)
04-06 02:12:34.244 I/ExtendedNuUtils( 1193): printFileName fd(8) -> /system_ext/app/TCSetupWizard/TCSetupWizard.apk
04-06 02:12:34.244 D/SurfaceUtils( 1193): connecting to surface 0xe4389738, reason setVideoSurfaceTexture
04-06 02:12:34.245 D/NuPlayer( 1193): onSetVideoSurface(0xe4384ba0, no video decoder)
04-06 02:12:34.246 D/Avrcp_ext( 2345): AudioManager Player: AudioPlaybackConfiguration piid:103 deviceId:0 type:android.media.SoundPool u/pid:10078/2363 state:idle attr:AudioAttributes: usage=USAGE_ASSISTANCE_SONIFICATION content=CONTENT_TYPE_SONIFICATION flags=0x800 tags= bundle=null sessionId:0
04-06 02:12:34.246 D/Avrcp_ext( 2345): AudioManager Player: AudioPlaybackConfiguration piid:119 deviceId:0 type:android.media.SoundPool u/pid:1000/2562 state:idle attr:AudioAttributes: usage=USAGE_ASSISTANCE_SONIFICATION content=CONTENT_TYPE_SONIFICATION flags=0x801 tags= bundle=null sessionId:0
04-06 02:12:34.246 D/Avrcp_ext( 2345): AudioManager Player: AudioPlaybackConfiguration piid:151 deviceId:0 type:android.media.MediaPlayer u/pid:1000/2648 state:idle attr:AudioAttributes: usage=USAGE_MEDIA content=CONTENT_TYPE_MOVIE flags=0x800 tags= bundle=null sessionId:0
04-06 02:12:34.246 D/Avrcp_ext( 2345): AudioManager Player: AudioPlaybackConfiguration piid:247 deviceId:0 type:android.media.MediaPlayer u/pid:1000/2648 state:idle attr:AudioAttributes: usage=USAGE_MEDIA content=CONTENT_TYPE_MOVIE flags=0x800 tags= bundle=null sessionId:121
04-06 02:12:34.247 D/Avrcp_ext( 2345): AudioManager Player: AudioPlaybackConfiguration piid:95 deviceId:0 type:android.media.SoundPool u/pid:1000/1508 state:idle attr:AudioAttributes: usage=USAGE_ASSISTANCE_SONIFICATION content=CONTENT_TYPE_SONIFICATION flags=0x800 tags= bundle=null sessionId:0
04-06 02:12:34.247 D/Avrcp_ext( 2345): AudioManager isPlaying: false, mAudioPlaybackIsActive = false
04-06 02:12:34.247 D/Avrcp_ext( 2345): AudioManager Reset Active Player
04-06 02:12:34.249 D/GenericSource( 1193): FileSource remote
04-06 02:12:34.250 D/NuPlayerDriver( 1193): reset(0xe4f80b50) at state 3
04-06 02:12:34.251 D/NuPlayerDriver( 1193): notifyResetComplete(0xe4f80b50)
04-06 02:12:34.251 D/NuPlayerDriver( 1193): reset(0xe4f80b50) at state 0
04-06 02:12:34.251 D/SurfaceUtils( 1193): disconnecting from surface 0xe4389738, reason disconnectNativeWindow
04-06 02:12:34.252 I/MMParserExtractor( 1190): Created(0xb40000719fa58690)
04-06 02:12:34.253 I/MediaFocusControl( 1508): abandonAudioFocus() from uid/pid 1000/2648 clientId=android.media.AudioManager@22af96b
04-06 02:12:34.253 D/Avrcp_ext( 2345): AudioManager Player: AudioPlaybackConfiguration piid:103 deviceId:0 type:android.media.SoundPool u/pid:10078/2363 state:idle attr:AudioAttributes: usage=USAGE_ASSISTANCE_SONIFICATION content=CONTENT_TYPE_SONIFICATION flags=0x800 tags= bundle=null sessionId:0
04-06 02:12:34.253 D/Avrcp_ext( 2345): AudioManager Player: AudioPlaybackConfiguration piid:119 deviceId:0 type:android.media.SoundPool u/pid:1000/2562 state:idle attr:AudioAttributes: usage=USAGE_ASSISTANCE_SONIFICATION content=CONTENT_TYPE_SONIFICATION flags=0x801 tags= bundle=null sessionId:0
04-06 02:12:34.253 D/Avrcp_ext( 2345): AudioManager Player: AudioPlaybackConfiguration piid:151 deviceId:0 type:android.media.MediaPlayer u/pid:1000/2648 state:idle attr:AudioAttributes: usage=USAGE_MEDIA content=CONTENT_TYPE_MOVIE flags=0x800 tags= bundle=null sessionId:0
04-06 02:12:34.253 D/Avrcp_ext( 2345): AudioManager Player: AudioPlaybackConfiguration piid:95 deviceId:0 type:android.media.SoundPool u/pid:1000/1508 state:idle attr:AudioAttributes: usage=USAGE_ASSISTANCE_SONIFICATION content=CONTENT_TYPE_SONIFICATION flags=0x800 tags= bundle=null sessionId:0
04-06 02:12:34.253 D/Avrcp_ext( 2345): AudioManager isPlaying: false, mAudioPlaybackIsActive = false
04-06 02:12:34.253 D/Avrcp_ext( 2345): AudioManager Reset Active Player
04-06 02:12:34.253 I/MediaFocusControl( 1508): requestAudioFocus() from uid/pid 1000/2648 AA=USAGE_MEDIA/CONTENT_TYPE_MOVIE clientId=android.media.AudioManager@22af96b callingPack=com.thundercomm.tcsetupwizard req=1 flags=0x0 sdk=31
04-06 02:12:34.254 I/AudioService.FadeOutManager( 1508): unfadeOutUid() uid:1000
04-06 02:12:34.255 W/AMessage( 1193): failed to post message as target looper for handler 0 is gone.
04-06 02:12:34.255 W/AMessage( 1193): failed to post message as target looper for handler 0 is gone.
04-06 02:12:34.255 D/MediaBufferGroup( 1190): creating MemoryDealer
04-06 02:12:34.256 D/Avrcp_ext( 2345): AudioManager Player: AudioPlaybackConfiguration piid:103 deviceId:0 type:android.media.SoundPool u/pid:10078/2363 state:idle attr:AudioAttributes: usage=USAGE_ASSISTANCE_SONIFICATION content=CONTENT_TYPE_SONIFICATION flags=0x800 tags= bundle=null sessionId:0
04-06 02:12:34.256 D/Avrcp_ext( 2345): AudioManager Player: AudioPlaybackConfiguration piid:119 deviceId:0 type:android.media.SoundPool u/pid:1000/2562 state:idle attr:AudioAttributes: usage=USAGE_ASSISTANCE_SONIFICATION content=CONTENT_TYPE_SONIFICATION flags=0x801 tags= bundle=null sessionId:0
04-06 02:12:34.256 W/AMessage( 1193): failed to post message as target looper for handler 0 is gone.
04-06 02:12:34.256 D/Avrcp_ext( 2345): AudioManager Player: AudioPlaybackConfiguration piid:151 deviceId:0 type:android.media.MediaPlayer u/pid:1000/2648 state:idle attr:AudioAttributes: usage=USAGE_MEDIA content=CONTENT_TYPE_MOVIE flags=0x800 tags= bundle=null sessionId:0
04-06 02:12:34.256 D/Avrcp_ext( 2345): AudioManager Player: AudioPlaybackConfiguration piid:95 deviceId:0 type:android.media.SoundPool u/pid:1000/1508 state:idle attr:AudioAttributes: usage=USAGE_ASSISTANCE_SONIFICATION content=CONTENT_TYPE_SONIFICATION flags=0x800 tags= bundle=null sessionId:0
04-06 02:12:34.256 D/Avrcp_ext( 2345): AudioManager Player: AudioPlaybackConfiguration piid:255 deviceId:0 type:android.media.MediaPlayer u/pid:1000/2648 state:idle attr:AudioAttributes: usage=USAGE_UNKNOWN content=CONTENT_TYPE_UNKNOWN flags=0x800 tags= bundle=null sessionId:121
04-06 02:12:34.256 D/Avrcp_ext( 2345): AudioManager isPlaying: false, mAudioPlaybackIsActive = false
04-06 02:12:34.256 D/Avrcp_ext( 2345): AudioManager Reset Active Player
04-06 02:12:34.263 I/MMParserExtractor( 1190): Created(0xb40000719fa57b30)
04-06 02:12:34.266 W/MediaProvider( 3483): Failed to fetch original file descriptor
04-06 02:12:34.266 W/MediaProvider( 3483): java.io.FileNotFoundException: Input file descriptor is already original
04-06 02:12:34.266 W/MediaProvider( 3483): at com.android.providers.media.MediaProvider.getOriginalMediaFormatFileDescriptor(MediaProvider.java:5718)
04-06 02:12:34.266 W/MediaProvider( 3483): at com.android.providers.media.MediaProvider.openTypedAssetFileCommon(MediaProvider.java:7134)
04-06 02:12:34.266 W/MediaProvider( 3483): at com.android.providers.media.MediaProvider.openTypedAssetFile(MediaProvider.java:7115)
04-06 02:12:34.266 W/MediaProvider( 3483): at android.content.ContentProvider$Transport.openTypedAssetFile(ContentProvider.java:548)
04-06 02:12:34.266 W/MediaProvider( 3483): at android.content.ContentProviderNative.onTransact(ContentProviderNative.java:327)
04-06 02:12:34.266 W/MediaProvider( 3483): at android.os.Binder.execTransactInternal(Binder.java:1179)
04-06 02:12:34.266 W/MediaProvider( 3483): at android.os.Binder.execTransact(Binder.java:1143)
04-06 02:12:34.267 D/NuPlayerDriver( 1193): NuPlayerDriver(0xe4f80b50) created, clientPid(2648)
04-06 02:12:34.271 I/ExtendedNuUtils( 1193): printFileName fd(8) -> /system_ext/app/TCSetupWizard/TCSetupWizard.apk
04-06 02:12:34.271 D/SurfaceUtils( 1193): connecting to surface 0xe4384ba8, reason setVideoSurfaceTexture
04-06 02:12:34.271 D/NuPlayer( 1193): onSetVideoSurface(0xe4389730, no video decoder)
04-06 02:12:34.272 D/Avrcp_ext( 2345): AudioManager Player: AudioPlaybackConfiguration piid:103 deviceId:0 type:android.media.SoundPool u/pid:10078/2363 state:idle attr:AudioAttributes: usage=USAGE_ASSISTANCE_SONIFICATION content=CONTENT_TYPE_SONIFICATION flags=0x800 tags= bundle=null sessionId:0
04-06 02:12:34.272 D/Avrcp_ext( 2345): AudioManager Player: AudioPlaybackConfiguration piid:119 deviceId:0 type:android.media.SoundPool u/pid:1000/2562 state:idle attr:AudioAttributes: usage=USAGE_ASSISTANCE_SONIFICATION content=CONTENT_TYPE_SONIFICATION flags=0x801 tags= bundle=null sessionId:0
04-06 02:12:34.272 D/Avrcp_ext( 2345): AudioManager Player: AudioPlaybackConfiguration piid:151 deviceId:0 type:android.media.MediaPlayer u/pid:1000/2648 state:idle attr:AudioAttributes: usage=USAGE_MEDIA content=CONTENT_TYPE_MOVIE flags=0x800 tags= bundle=null sessionId:0
04-06 02:12:34.273 D/Avrcp_ext( 2345): AudioManager Player: AudioPlaybackConfiguration piid:95 deviceId:0 type:android.media.SoundPool u/pid:1000/1508 state:idle attr:AudioAttributes: usage=USAGE_ASSISTANCE_SONIFICATION content=CONTENT_TYPE_SONIFICATION flags=0x800 tags= bundle=null sessionId:0
04-06 02:12:34.273 D/Avrcp_ext( 2345): AudioManager Player: AudioPlaybackConfiguration piid:255 deviceId:0 type:android.media.MediaPlayer u/pid:1000/2648 state:idle attr:AudioAttributes: usage=USAGE_MEDIA content=CONTENT_TYPE_MOVIE flags=0x800 tags= bundle=null sessionId:121
04-06 02:12:34.273 D/Avrcp_ext( 2345): AudioManager isPlaying: false, mAudioPlaybackIsActive = false
04-06 02:12:34.273 D/Avrcp_ext( 2345): AudioManager Reset Active Player
04-06 02:12:34.274 D/GenericSource( 1193): FileSource remote
04-06 02:12:34.274 I/Choreographer( 2648): Skipped 37 frames! The application may be doing too much work on its main thread.
04-06 02:12:34.277 I/MMParserExtractor( 1190): Created(0xb40000719fa57b30)
04-06 02:12:34.280 D/MediaBufferGroup( 1190): creating MemoryDealer
04-06 02:12:34.282 D/MediaPlayerNative( 2648): getMetadata
04-06 02:12:34.282 I/GenericSource( 1193): start
04-06 02:12:34.282 I/MicroServiceManager( 1508): requestResult(requestAudioFocus) parameters is{"functionInfo":{"IDCM_AudioFocus":"AudioFocus_Media"}}.
04-06 02:12:34.283 E/MicroService( 2581): Client is not connected.
04-06 02:12:34.283 E/MicroService( 2581): Client is not connected.
04-06 02:12:34.285 W/NuPlayer( 1193): instantiateDecoder: getFormat called when source is gone or not set
04-06 02:12:34.287 I/OMXClient( 1193): IOmx service obtained
04-06 02:12:34.287 I/OMXMaster( 1209): makeComponentInstance(OMX.qcom.video.decoder.avc) in android.hardwar process
04-06 02:12:34.294 E/android.hardware.media.omx@1.0-service( 1209): Service not available yet
04-06 02:12:34.295 D/PlatformConfig( 1209): getInstance: Enter
04-06 02:12:34.295 D/PlatformConfig( 1209): getConfigStoreBool: vpp/enable=false, returning false
04-06 02:12:34.297 D/NuPlayerDriver( 1193): reset(0xe4f80b50) at state 5
04-06 02:12:34.299 D/PlatformConfig( 1209): getInstance: Enter
04-06 02:12:34.299 D/PlatformConfig( 1209): getInt32 Config name: vidc_dec_log_in value: 0
04-06 02:12:34.299 D/PlatformConfig( 1209): getInstance: Enter
04-06 02:12:34.299 D/PlatformConfig( 1209): getInt32 Config name: vidc_dec_log_out value: 0
04-06 02:12:34.299 D/PlatformConfig( 1209): getInstance: Enter
04-06 02:12:34.299 D/PlatformConfig( 1209): getInt32 Config name: vidc_dec_sec_prefetch_size_internal value: 209715200
04-06 02:12:34.299 D/PlatformConfig( 1209): getInstance: Enter
04-06 02:12:34.299 D/PlatformConfig( 1209): getInt32 Config name: vidc_dec_sec_prefetch_size_output value: 13434880
04-06 02:12:34.299 D/PlatformConfig( 1209): getInstance: Enter
04-06 02:12:34.299 D/PlatformConfig( 1209): getInt32 Config name: vidc_perf_control_enable value: 0
04-06 02:12:34.299 D/PlatformConfig( 1209): getInstance: Enter
04-06 02:12:34.299 D/PlatformConfig( 1209): getInt32 Config name: vidc_dec_thumbnail_yuv_output value: 0
04-06 02:12:34.299 D/PlatformConfig( 1209): getInstance: Enter
04-06 02:12:34.299 D/PlatformConfig( 1209): getInt32: Returning default
04-06 02:12:34.299 D/PlatformConfig( 1209): getInstance: Enter
04-06 02:12:34.299 D/PlatformConfig( 1209): getInt32 Config name: vidc_dec_output_rate value: 120
04-06 02:12:34.299 I/OMX-VDEC-1080P( 1209): component_init: OMX.qcom.video.decoder.avc : fd=7
04-06 02:12:34.300 E/OMX-VDEC-1080P( 1209): Unsupported output color format for c2d (2141391876)
04-06 02:12:34.300 E/OMX-VDEC-1080P( 1209): Setting color format failed
01-01 08:03:53.137 I/msm_vidc( 0): high: 00000001: ....d: Opening video instance: 0000000000000000, 1
01-01 08:03:53.137 I/msm_vidc( 0): err : 00000001: ....d: Failed to create debugfs for msm_vidc
04-06 02:12:34.300 D/PlatformConfig( 1209): getInstance: Enter
04-06 02:12:34.300 D/PlatformConfig( 1209): getInt32: Returning default
04-06 02:12:34.300 D/PlatformConfig( 1209): getInstance: Enter
04-06 02:12:34.300 D/PlatformConfig( 1209): getInt32: Returning default
04-06 02:12:34.300 I/OMX-VDEC-1080P( 1209): omx_vdec::component_init() success : fd=7
04-06 02:12:34.301 D/SurfaceUtils( 1193): disconnecting from surface 0xe4389738, reason onConfigure
04-06 02:12:34.302 D/SurfaceUtils( 1193): connecting to surface 0xe4389738, reason connectToSurface
04-06 02:12:34.302 I/MediaCodec( 1193): [OMX.qcom.video.decoder.avc] setting surface generation to 1221642
04-06 02:12:34.302 D/SurfaceUtils( 1193): disconnecting from surface 0xe4389738, reason connectToSurface(reconnect)
04-06 02:12:34.302 D/SurfaceUtils( 1193): connecting to surface 0xe4389738, reason connectToSurface(reconnect)
04-06 02:12:34.303 E/OMX-VDEC-1080P( 1209): Extension: OMX.google.android.index.storeANWBufferInMetadata not implemented
04-06 02:12:34.303 E/OMX-VDEC-1080P( 1209): Extension: OMX.google.android.index.configureVideoTunnelMode not implemented
04-06 02:12:34.303 E/OMX-VDEC-1080P( 1209): Extension: OMX.google.android.index.useAndroidNativeBuffer is supported
04-06 02:12:34.303 E/OMX-VDEC-1080P( 1209): get_parameter: unknown param 7f000046
04-06 02:12:34.303 E/OMXNodeInstance( 1209): getParameter(0xe83e0034:qcom.decoder.avc, ??(0x7f000046)) ERROR: UnsupportedIndex(0x8000101a)
04-06 02:12:34.304 E/OMX-VDEC-1080P( 1209): set_parameter: Error: 0x80001019, setting param 0x7f00005d
04-06 02:12:34.304 E/OMXNodeInstance( 1209): setParameter(0xe83e0034:qcom.decoder.avc, OMX.google.android.index.allocateNativeHandle(0x7f00005d): Output:1 en=0) ERROR: UnsupportedSetting(0x80001019)
04-06 02:12:34.304 E/OMX-VDEC-1080P( 1209): Extension: OMX.google.android.index.storeANWBufferInMetadata not implemented
04-06 02:12:34.304 E/OMX-VDEC-1080P( 1209): get_parameter: unknown param 6f600011
04-06 02:12:34.304 E/OMXNodeInstance( 1209): getParameter(0xe83e0034:qcom.decoder.avc, ??(0x6f600011)) ERROR: UnsupportedIndex(0x8000101a)
04-06 02:12:34.304 I/ExtendedACodec( 1193): setupVideoDecoder()
04-06 02:12:34.305 I/ExtendedACodec( 1193): Decoder will be in frame by frame mode
04-06 02:12:34.305 E/OMX-VDEC-1080P( 1209): Setparameter: unknown param 2130706434
04-06 02:12:34.305 E/OMX-VDEC-1080P( 1209): set_parameter: Error: 0x8000101a, setting param 0x7f000002
04-06 02:12:34.305 E/OMXNodeInstance( 1209): setParameter(0xe83e0034:qcom.decoder.avc, ??(0x7f000002)) ERROR: UnsupportedIndex(0x8000101a)
04-06 02:12:34.306 W/ExtendedACodec( 1193): Failed to set frame packing format on component
04-06 02:12:34.307 E/OMXNodeInstance( 1209): getConfig(0xe83e0034:qcom.decoder.avc, ??(0x7f000062)) ERROR: UnsupportedSetting(0x80001019)
04-06 02:12:34.313 I/MediaCodec( 1193): MediaCodec will operate in async mode
04-06 02:12:34.313 D/MediaCodec( 1193): keep callback message for reclaim
04-06 02:12:34.320 E/OMX-VDEC-1080P( 1209): Extension: OMX.google.android.index.AndroidNativeBufferConsumerUsage not implemented
04-06 02:12:34.321 D/SurfaceUtils( 1193): set up nativeWindow 0xe4389738 for 1920x1080, color 0x7fa30c06, rotation 0, usage 0x20402900
04-06 02:12:34.323 W/ResourceManagerService( 1193): Ignoring request to add new resource entry with value <= 0
04-06 02:12:34.323 W/MediaCodec( 1193): mapFormat: no mediaType information
04-06 02:12:34.343 I/OMX-VDEC-1080P( 1209): omx_vdec::component_deinit() complete
04-06 02:12:34.344 I/OMX-VDEC-1080P( 1209): Exit OMX vdec Destructor: fd=7
04-06 02:12:34.347 D/SurfaceUtils( 1193): disconnecting from surface 0xe4389738, reason disconnectFromSurface
01-01 08:03:53.182 I/msm_vidc( 0): high: 00000001: h264d: Closed video instance: 0000000000000000
04-06 02:12:34.348 D/SurfaceUtils( 1193): connecting to surface 0xe4389738, reason onShutdown
04-06 02:12:34.349 D/NuPlayerDriver( 1193): notifyResetComplete(0xe4f80b50)
04-06 02:12:34.350 D/NuPlayerDriver( 1193): reset(0xe4f80b50) at state 0
04-06 02:12:34.350 D/SurfaceUtils( 1193): disconnecting from surface 0xe4384ba8, reason disconnectNativeWindow
04-06 02:12:34.352 I/MediaFocusControl( 1508): abandonAudioFocus() from uid/pid 1000/2648 clientId=android.media.AudioManager@22af96b
04-06 02:12:34.352 I/MediaFocusControl( 1508): requestAudioFocus() from uid/pid 1000/2648 AA=USAGE_MEDIA/CONTENT_TYPE_MOVIE clientId=android.media.AudioManager@22af96b callingPack=com.thundercomm.tcsetupwizard req=1 flags=0x0 sdk=31
04-06 02:12:34.772 W/adbd ( 3149): timed out while waiting for FUNCTIONFS_BIND, trying again
04-06 02:12:34.773 I/adbd ( 3149): UsbFfs: connection terminated: monitor thread finished
04-06 02:12:34.773 I/adbd ( 3149): UsbFfs: already offline
04-06 02:12:34.773 I/adbd ( 3149): destroying transport UsbFfs
04-06 02:12:34.773 I/adbd ( 3149): UsbFfsConnection being destroyed
04-06 02:12:34.789 I/adbd ( 3149): opening control endpoint /dev/usb-ffs/adb/ep0
04-06 02:12:34.790 I/adbd ( 3149): UsbFfsConnection constructed
04-06 02:12:34.791 I/adbd ( 3149): UsbFfs-monitor thread spawned
01-01 08:03:53.626 I/ ( 0): read descriptors
01-01 08:03:53.626 I/ ( 0): read strings
04-06 02:12:34.856 W/hpplay-java( 3295): [main]:IPManager:getActiveNets invalid networkInfo:null
04-06 02:12:34.856 I/hpplay-java( 3295): [main]:IPManager:getActiveNets eth0:false wifi:false mobile:false ap:false
04-06 02:12:34.857 I/hpplay-java( 3295): [main]:ServerTaskManager:get local ip:null
04-06 02:12:34.883 W/AudioIDCMicroNegotiator( 1508): idcm_warn: timeout for obtainFocusState: RequestInfosToIDCM{mPid=2648, mUid=1000}
04-06 02:12:34.883 W/AudioService.PlaybackActivityMonitor( 1508): idcm_warn: ====rejected by IDCM: PLAYER_STATE_STARTED
04-06 02:12:34.883 I/AudioService.FadeOutManager( 1508): unfadeOutUid() uid:1000
04-06 02:12:34.884 D/MediaFocusControl( 1508): audio_idcm: updateCurrentAudioFocus: uid= 1000 fr = 1000 focusChange= -1
04-06 02:12:34.884 W/Binder ( 2648): Caught a RuntimeException from the binder stub implementation.
04-06 02:12:34.884 W/Binder ( 2648): java.lang.IllegalStateException
04-06 02:12:34.884 W/Binder ( 2648): at android.media.MediaPlayer._stop(Native Method)
04-06 02:12:34.884 W/Binder ( 2648): at android.media.MediaPlayer.stop(MediaPlayer.java:1403)
04-06 02:12:34.884 W/Binder ( 2648): at android.media.MediaPlayer.playerStop(MediaPlayer.java:1436)
04-06 02:12:34.884 W/Binder ( 2648): at android.media.PlayerBase$IPlayerWrapper.stop(PlayerBase.java:394)
04-06 02:12:34.884 W/Binder ( 2648): at android.media.IPlayer$Stub.onTransact(IPlayer.java:138)
04-06 02:12:34.884 W/Binder ( 2648): at android.os.Binder.execTransactInternal(Binder.java:1184)
04-06 02:12:34.884 W/Binder ( 2648): at android.os.Binder.execTransact(Binder.java:1143)
04-06 02:12:34.885 D/Avrcp_ext( 2345): AudioManager Player: AudioPlaybackConfiguration piid:103 deviceId:0 type:android.media.SoundPool u/pid:10078/2363 state:idle attr:AudioAttributes: usage=USAGE_ASSISTANCE_SONIFICATION content=CONTENT_TYPE_SONIFICATION flags=0x800 tags= bundle=null sessionId:0
04-06 02:12:34.885 D/Avrcp_ext( 2345): AudioManager Player: AudioPlaybackConfiguration piid:119 deviceId:0 type:android.media.SoundPool u/pid:1000/2562 state:idle attr:AudioAttributes: usage=USAGE_ASSISTANCE_SONIFICATION content=CONTENT_TYPE_SONIFICATION flags=0x801 tags= bundle=null sessionId:0
04-06 02:12:34.885 D/Avrcp_ext( 2345): AudioManager Player: AudioPlaybackConfiguration piid:151 deviceId:0 type:android.media.MediaPlayer u/pid:1000/2648 state:idle attr:AudioAttributes: usage=USAGE_MEDIA content=CONTENT_TYPE_MOVIE flags=0x800 tags= bundle=null sessionId:0
04-06 02:12:34.885 D/Avrcp_ext( 2345): AudioManager Player: AudioPlaybackConfiguration piid:95 deviceId:0 type:android.media.SoundPool u/pid:1000/1508 state:idle attr:AudioAttributes: usage=USAGE_ASSISTANCE_SONIFICATION content=CONTENT_TYPE_SONIFICATION flags=0x800 tags= bundle=null sessionId:0
04-06 02:12:34.885 D/Avrcp_ext( 2345): AudioManager isPlaying: false, mAudioPlaybackIsActive = false
04-06 02:12:34.885 D/Avrcp_ext( 2345): AudioManager Reset Active Player
04-06 02:12:34.887 D/Avrcp_ext( 2345): AudioManager Player: AudioPlaybackConfiguration piid:103 deviceId:0 type:android.media.SoundPool u/pid:10078/2363 state:idle attr:AudioAttributes: usage=USAGE_ASSISTANCE_SONIFICATION content=CONTENT_TYPE_SONIFICATION flags=0x800 tags= bundle=null sessionId:0
04-06 02:12:34.887 D/Avrcp_ext( 2345): AudioManager Player: AudioPlaybackConfiguration piid:119 deviceId:0 type:android.media.SoundPool u/pid:1000/2562 state:idle attr:AudioAttributes: usage=USAGE_ASSISTANCE_SONIFICATION content=CONTENT_TYPE_SONIFICATION flags=0x801 tags= bundle=null sessionId:0
04-06 02:12:34.887 D/Avrcp_ext( 2345): AudioManager Player: AudioPlaybackConfiguration piid:151 deviceId:0 type:android.media.MediaPlayer u/pid:1000/2648 state:idle attr:AudioAttributes: usage=USAGE_MEDIA content=CONTENT_TYPE_MOVIE flags=0x800 tags= bundle=null sessionId:0
04-06 02:12:34.887 D/Avrcp_ext( 2345): AudioManager Player: AudioPlaybackConfiguration piid:263 deviceId:0 type:android.media.MediaPlayer u/pid:1000/2648 state:idle attr:AudioAttributes: usage=USAGE_UNKNOWN content=CONTENT_TYPE_UNKNOWN flags=0x800 tags= bundle=null sessionId:121
04-06 02:12:34.888 D/Avrcp_ext( 2345): AudioManager Player: AudioPlaybackConfiguration piid:95 deviceId:0 type:android.media.SoundPool u/pid:1000/1508 state:idle attr:AudioAttributes: usage=USAGE_ASSISTANCE_SONIFICATION content=CONTENT_TYPE_SONIFICATION flags=0x800 tags= bundle=null sessionId:0
04-06 02:12:34.888 D/Avrcp_ext( 2345): AudioManager isPlaying: false, mAudioPlaybackIsActive = false
04-06 02:12:34.888 D/Avrcp_ext( 2345): AudioManager Reset Active Player
04-06 02:12:34.895 I/MMParserExtractor( 1190): Created(0xb40000719fa57b30)
04-06 02:12:34.899 W/MediaProvider( 3483): Failed to fetch original file descriptor
04-06 02:12:34.899 W/MediaProvider( 3483): java.io.FileNotFoundException: Input file descriptor is already original
04-06 02:12:34.899 W/MediaProvider( 3483): at com.android.providers.media.MediaProvider.getOriginalMediaFormatFileDescriptor(MediaProvider.java:5718)
04-06 02:12:34.899 W/MediaProvider( 3483): at com.android.providers.media.MediaProvider.openTypedAssetFileCommon(MediaProvider.java:7134)
04-06 02:12:34.899 W/MediaProvider( 3483): at com.android.providers.media.MediaProvider.openTypedAssetFile(MediaProvider.java:7115)
04-06 02:12:34.899 W/MediaProvider( 3483): at android.content.ContentProvider$Transport.openTypedAssetFile(ContentProvider.java:548)
04-06 02:12:34.899 W/MediaProvider( 3483): at android.content.ContentProviderNative.onTransact(ContentProviderNative.java:327)
04-06 02:12:34.899 W/MediaProvider( 3483): at android.os.Binder.execTransactInternal(Binder.java:1179)
04-06 02:12:34.899 W/MediaProvider( 3483): at android.os.Binder.execTransact(Binder.java:1143)
04-06 02:12:34.900 D/NuPlayerDriver( 1193): NuPlayerDriver(0xe4f80b50) created, clientPid(2648)
04-06 02:12:34.906 I/ExtendedNuUtils( 1193): printFileName fd(8) -> /system_ext/app/TCSetupWizard/TCSetupWizard.apk
04-06 02:12:34.906 D/SurfaceUtils( 1193): connecting to surface 0xe4389738, reason setVideoSurfaceTexture
04-06 02:12:34.907 D/NuPlayer( 1193): onSetVideoSurface(0xe4384ba0, no video decoder)
04-06 02:12:34.908 D/Avrcp_ext( 2345): AudioManager Player: AudioPlaybackConfiguration piid:103 deviceId:0 type:android.media.SoundPool u/pid:10078/2363 state:idle attr:AudioAttributes: usage=USAGE_ASSISTANCE_SONIFICATION content=CONTENT_TYPE_SONIFICATION flags=0x800 tags= bundle=null sessionId:0
04-06 02:12:34.908 D/Avrcp_ext( 2345): AudioManager Player: AudioPlaybackConfiguration piid:119 deviceId:0 type:android.media.SoundPool u/pid:1000/2562 state:idle attr:AudioAttributes: usage=USAGE_ASSISTANCE_SONIFICATION content=CONTENT_TYPE_SONIFICATION flags=0x801 tags= bundle=null sessionId:0
04-06 02:12:34.908 D/Avrcp_ext( 2345): AudioManager Player: AudioPlaybackConfiguration piid:151 deviceId:0 type:android.media.MediaPlayer u/pid:1000/2648 state:idle attr:AudioAttributes: usage=USAGE_MEDIA content=CONTENT_TYPE_MOVIE flags=0x800 tags= bundle=null sessionId:0
04-06 02:12:34.908 D/Avrcp_ext( 2345): AudioManager Player: AudioPlaybackConfiguration piid:263 deviceId:0 type:android.media.MediaPlayer u/pid:1000/2648 state:idle attr:AudioAttributes: usage=USAGE_MEDIA content=CONTENT_TYPE_MOVIE flags=0x800 tags= bundle=null sessionId:121
04-06 02:12:34.908 D/Avrcp_ext( 2345): AudioManager Player: AudioPlaybackConfiguration piid:95 deviceId:0 type:android.media.SoundPool u/pid:1000/1508 state:idle attr:AudioAttributes: usage=USAGE_ASSISTANCE_SONIFICATION content=CONTENT_TYPE_SONIFICATION flags=0x800 tags= bundle=null sessionId:0
04-06 02:12:34.908 D/Avrcp_ext( 2345): AudioManager isPlaying: false, mAudioPlaybackIsActive = false
04-06 02:12:34.908 D/Avrcp_ext( 2345): AudioManager Reset Active Player
04-06 02:12:34.910 D/GenericSource( 1193): FileSource remote
04-06 02:12:34.910 I/Choreographer( 2648): Skipped 36 frames! The application may be doing too much work on its main thread.
04-06 02:12:34.914 I/MMParserExtractor( 1190): Created(0xb40000719fa57b30)
04-06 02:12:34.917 D/MediaBufferGroup( 1190): creating MemoryDealer
