04-06 02:11:14.197 E/DisplayDeviceConfig( 1508): requesting nits when no mapping exists.
04-06 02:11:14.214 E/DisplayDeviceConfig( 1508): requesting nits when no mapping exists.
04-06 02:11:14.214 E/DisplayDeviceConfig( 1508): requesting nits when no mapping exists.
04-06 02:11:14.231 E/DisplayDeviceConfig( 1508): requesting nits when no mapping exists.
04-06 02:11:14.231 E/DisplayDeviceConfig( 1508): requesting nits when no mapping exists.
04-06 02:11:14.247 E/DisplayDeviceConfig( 1508): requesting nits when no mapping exists.
04-06 02:11:14.247 E/DisplayDeviceConfig( 1508): requesting nits when no mapping exists.
04-06 02:11:14.264 E/DisplayDeviceConfig( 1508): requesting nits when no mapping exists.
04-06 02:11:14.264 E/DisplayDeviceConfig( 1508): requesting nits when no mapping exists.
04-06 02:11:14.281 E/DisplayDeviceConfig( 1508): requesting nits when no mapping exists.
04-06 02:11:14.281 E/DisplayDeviceConfig( 1508): requesting nits when no mapping exists.
04-06 02:11:14.297 E/DisplayDeviceConfig( 1508): requesting nits when no mapping exists.
04-06 02:11:14.297 E/DisplayDeviceConfig( 1508): requesting nits when no mapping exists.
04-06 02:11:14.314 E/DisplayDeviceConfig( 1508): requesting nits when no mapping exists.
04-06 02:11:14.314 E/DisplayDeviceConfig( 1508): requesting nits when no mapping exists.
04-06 02:11:14.331 E/DisplayDeviceConfig( 1508): requesting nits when no mapping exists.
04-06 02:11:14.331 E/DisplayDeviceConfig( 1508): requesting nits when no mapping exists.
04-06 02:11:14.347 E/DisplayDeviceConfig( 1508): requesting nits when no mapping exists.
04-06 02:11:14.348 E/DisplayDeviceConfig( 1508): requesting nits when no mapping exists.
04-06 02:11:14.364 E/DisplayDeviceConfig( 1508): requesting nits when no mapping exists.
04-06 02:11:14.364 E/DisplayDeviceConfig( 1508): requesting nits when no mapping exists.
04-06 02:11:14.381 E/DisplayDeviceConfig( 1508): requesting nits when no mapping exists.
04-06 02:11:14.381 E/DisplayDeviceConfig( 1508): requesting nits when no mapping exists.
04-06 02:11:14.398 E/DisplayDeviceConfig( 1508): requesting nits when no mapping exists.
04-06 02:11:14.398 E/DisplayDeviceConfig( 1508): requesting nits when no mapping exists.
04-06 02:11:14.414 E/DisplayDeviceConfig( 1508): requesting nits when no mapping exists.
04-06 02:11:14.414 E/DisplayDeviceConfig( 1508): requesting nits when no mapping exists.
04-06 02:11:14.431 E/DisplayDeviceConfig( 1508): requesting nits when no mapping exists.
04-06 02:11:14.431 E/DisplayDeviceConfig( 1508): requesting nits when no mapping exists.
04-06 02:11:14.448 E/DisplayDeviceConfig( 1508): requesting nits when no mapping exists.
04-06 02:11:14.448 E/DisplayDeviceConfig( 1508): requesting nits when no mapping exists.
04-06 02:11:14.448 D/NuPlayerDriver( 1193): reset(0xe4f81e10) at state 5
04-06 02:11:14.453 I/OMX-VDEC-1080P( 1209): omx_vdec::component_deinit() complete
04-06 02:11:14.454 I/OMX-VDEC-1080P( 1209): Exit OMX vdec Destructor: fd=7
01-01 08:02:33.291 I/msm_vidc( 0): high: 00000001: h264d: Closed video instance: 0000000000000000
04-06 02:11:14.455 D/SurfaceUtils( 1193): disconnecting from surface 0xe43864d8, reason disconnectFromSurface
04-06 02:11:14.456 W/adbd ( 3149): timed out while waiting for FUNCTIONFS_BIND, trying again
04-06 02:11:14.456 I/adbd ( 3149): UsbFfs: connection terminated: monitor thread finished
04-06 02:11:14.456 I/adbd ( 3149): UsbFfs: already offline
04-06 02:11:14.456 I/adbd ( 3149): destroying transport UsbFfs
04-06 02:11:14.456 I/adbd ( 3149): UsbFfsConnection being destroyed
04-06 02:11:14.457 D/SurfaceUtils( 1193): connecting to surface 0xe43864d8, reason onShutdown
04-06 02:11:14.457 D/NuPlayerDriver( 1193): notifyResetComplete(0xe4f81e10)
04-06 02:11:14.457 D/NuPlayerDriver( 1193): reset(0xe4f81e10) at state 0
04-06 02:11:14.458 D/SurfaceUtils( 1193): disconnecting from surface 0xe4389738, reason disconnectNativeWindow
04-06 02:11:14.458 W/AMessage( 1193): failed to post message as target looper for handler 18 is gone.
04-06 02:11:14.459 I/MediaFocusControl( 1508): abandonAudioFocus() from uid/pid 1000/2648 clientId=android.media.AudioManager@6d3b587
04-06 02:11:14.464 E/DisplayDeviceConfig( 1508): requesting nits when no mapping exists.
04-06 02:11:14.465 E/DisplayDeviceConfig( 1508): requesting nits when no mapping exists.
04-06 02:11:14.471 W/AudioIDCMicroNegotiator( 1508): idcm_warn: timeout for obtainFocusState: RequestInfosToIDCM{mPid=2648, mUid=1000}
04-06 02:11:14.471 D/MediaFocusControl( 1508): audio_idcm: updateCurrentAudioFocus: mFocusStack is null, return
04-06 02:11:14.471 W/AudioService.PlaybackActivityMonitor( 1508): idcm_warn: ====rejected by IDCM: PLAYER_STATE_STARTED
04-06 02:11:14.471 I/MicroServiceManager( 1508): requestResult(requestAudioFocus) parameters is{"functionInfo":{"IDCM_AudioFocus":"AudioFocus_Media"}}.
04-06 02:11:14.471 W/Binder ( 2648): Caught a RuntimeException from the binder stub implementation.
04-06 02:11:14.471 W/Binder ( 2648): java.lang.IllegalStateException
04-06 02:11:14.471 W/Binder ( 2648): at android.media.MediaPlayer._stop(Native Method)
04-06 02:11:14.471 W/Binder ( 2648): at android.media.MediaPlayer.stop(MediaPlayer.java:1403)
04-06 02:11:14.471 W/Binder ( 2648): at android.media.MediaPlayer.playerStop(MediaPlayer.java:1436)
04-06 02:11:14.471 W/Binder ( 2648): at android.media.PlayerBase$IPlayerWrapper.stop(PlayerBase.java:394)
04-06 02:11:14.471 W/Binder ( 2648): at android.media.IPlayer$Stub.onTransact(IPlayer.java:138)
04-06 02:11:14.471 W/Binder ( 2648): at android.os.Binder.execTransactInternal(Binder.java:1184)
04-06 02:11:14.471 W/Binder ( 2648): at android.os.Binder.execTransact(Binder.java:1143)
04-06 02:11:14.471 E/MicroService( 2581): Client is not connected.
04-06 02:11:14.471 E/MicroService( 2581): Client is not connected.
04-06 02:11:14.481 E/DisplayDeviceConfig( 1508): requesting nits when no mapping exists.
04-06 02:11:14.481 E/DisplayDeviceConfig( 1508): requesting nits when no mapping exists.
04-06 02:11:14.492 I/adbd ( 3149): opening control endpoint /dev/usb-ffs/adb/ep0
01-01 08:02:33.329 I/ ( 0): read descriptors
01-01 08:02:33.329 I/ ( 0): read strings
04-06 02:11:14.492 I/adbd ( 3149): UsbFfsConnection constructed
04-06 02:11:14.492 I/adbd ( 3149): UsbFfs-monitor thread spawned
04-06 02:11:14.498 W/Choreographer( 1508): Frame time is 0.327418 ms in the future! Check that graphics HAL is generating vsync timestamps using the correct timebase.
04-06 02:11:14.498 W/Choreographer( 1508): Frame time is 0.325907 ms in the future! Check that graphics HAL is generating vsync timestamps using the correct timebase.
04-06 02:11:14.498 E/DisplayDeviceConfig( 1508): requesting nits when no mapping exists.
04-06 02:11:14.498 E/DisplayDeviceConfig( 1508): requesting nits when no mapping exists.
04-06 02:11:14.515 E/DisplayDeviceConfig( 1508): requesting nits when no mapping exists.
04-06 02:11:14.515 E/DisplayDeviceConfig( 1508): requesting nits when no mapping exists.
04-06 02:11:14.532 E/DisplayDeviceConfig( 1508): requesting nits when no mapping exists.
04-06 02:11:14.532 E/DisplayDeviceConfig( 1508): requesting nits when no mapping exists.
04-06 02:11:14.548 E/DisplayDeviceConfig( 1508): requesting nits when no mapping exists.
04-06 02:11:14.548 E/DisplayDeviceConfig( 1508): requesting nits when no mapping exists.
04-06 02:11:14.565 E/DisplayDeviceConfig( 1508): requesting nits when no mapping exists.
04-06 02:11:14.565 E/DisplayDeviceConfig( 1508): requesting nits when no mapping exists.
04-06 02:11:14.582 E/DisplayDeviceConfig( 1508): requesting nits when no mapping exists.
04-06 02:11:14.582 E/DisplayDeviceConfig( 1508): requesting nits when no mapping exists.
04-06 02:11:14.598 E/DisplayDeviceConfig( 1508): requesting nits when no mapping exists.
04-06 02:11:14.599 E/DisplayDeviceConfig( 1508): requesting nits when no mapping exists.
04-06 02:11:14.615 E/DisplayDeviceConfig( 1508): requesting nits when no mapping exists.
04-06 02:11:14.615 E/DisplayDeviceConfig( 1508): requesting nits when no mapping exists.
04-06 02:11:14.632 E/DisplayDeviceConfig( 1508): requesting nits when no mapping exists.
04-06 02:11:14.632 E/DisplayDeviceConfig( 1508): requesting nits when no mapping exists.
04-06 02:11:14.649 E/DisplayDeviceConfig( 1508): requesting nits when no mapping exists.
04-06 02:11:14.649 E/DisplayDeviceConfig( 1508): requesting nits when no mapping exists.
04-06 02:11:14.665 E/DisplayDeviceConfig( 1508): requesting nits when no mapping exists.
04-06 02:11:14.665 E/DisplayDeviceConfig( 1508): requesting nits when no mapping exists.
04-06 02:11:14.682 E/DisplayDeviceConfig( 1508): requesting nits when no mapping exists.
04-06 02:11:14.682 E/DisplayDeviceConfig( 1508): requesting nits when no mapping exists.
04-06 02:11:14.689 W/hpplay-java( 3295): [main]:IPManager:getActiveNets invalid networkInfo:null
04-06 02:11:14.689 I/hpplay-java( 3295): [main]:IPManager:getActiveNets eth0:false wifi:false mobile:false ap:false
04-06 02:11:14.689 I/hpplay-java( 3295): [main]:ServerTaskManager:get local ip:null
04-06 02:11:14.699 E/DisplayDeviceConfig( 1508): requesting nits when no mapping exists.
04-06 02:11:14.699 E/DisplayDeviceConfig( 1508): requesting nits when no mapping exists.
04-06 02:11:14.715 E/DisplayDeviceConfig( 1508): requesting nits when no mapping exists.
04-06 02:11:14.716 E/DisplayDeviceConfig( 1508): requesting nits when no mapping exists.
04-06 02:11:14.732 E/DisplayDeviceConfig( 1508): requesting nits when no mapping exists.
04-06 02:11:14.732 E/DisplayDeviceConfig( 1508): requesting nits when no mapping exists.
04-06 02:11:14.749 E/DisplayDeviceConfig( 1508): requesting nits when no mapping exists.
04-06 02:11:14.749 E/DisplayDeviceConfig( 1508): requesting nits when no mapping exists.
04-06 02:11:14.766 E/DisplayDeviceConfig( 1508): requesting nits when no mapping exists.
04-06 02:11:14.766 E/DisplayDeviceConfig( 1508): requesting nits when no mapping exists.
04-06 02:11:14.782 E/DisplayDeviceConfig( 1508): requesting nits when no mapping exists.
04-06 02:11:14.782 E/DisplayDeviceConfig( 1508): requesting nits when no mapping exists.
04-06 02:11:14.799 E/DisplayDeviceConfig( 1508): requesting nits when no mapping exists.
04-06 02:11:14.799 E/DisplayDeviceConfig( 1508): requesting nits when no mapping exists.
04-06 02:11:14.816 E/DisplayDeviceConfig( 1508): requesting nits when no mapping exists.
04-06 02:11:14.816 E/DisplayDeviceConfig( 1508): requesting nits when no mapping exists.
04-06 02:11:14.832 E/DisplayDeviceConfig( 1508): requesting nits when no mapping exists.
04-06 02:11:14.832 E/DisplayDeviceConfig( 1508): requesting nits when no mapping exists.
04-06 02:11:14.903 I/mpu_uart( 651): [MSG-P:RECV]:No message received in 1000 ms
04-06 02:11:15.071 W/AudioIDCMicroNegotiator( 1508): idcm_warn: timeout for obtainFocusState: RequestInfosToIDCM{mPid=2648, mUid=1000}
04-06 02:11:15.071 D/MediaFocusControl( 1508): audio_idcm: updateCurrentAudioFocus: mFocusStack is null, return
04-06 02:11:15.072 W/AudioService.PlaybackActivityMonitor( 1508): idcm_warn: ====rejected by IDCM: PLAYER_STATE_STARTED
04-06 02:11:15.072 W/Binder ( 2648): Caught a RuntimeException from the binder stub implementation.
04-06 02:11:15.072 W/Binder ( 2648): java.lang.IllegalStateException
04-06 02:11:15.072 W/Binder ( 2648): at android.media.MediaPlayer._stop(Native Method)
04-06 02:11:15.072 W/Binder ( 2648): at android.media.MediaPlayer.stop(MediaPlayer.java:1403)
04-06 02:11:15.072 W/Binder ( 2648): at android.media.MediaPlayer.playerStop(MediaPlayer.java:1436)
04-06 02:11:15.072 W/Binder ( 2648): at android.media.PlayerBase$IPlayerWrapper.stop(PlayerBase.java:394)
04-06 02:11:15.072 W/Binder ( 2648): at android.media.IPlayer$Stub.onTransact(IPlayer.java:138)
04-06 02:11:15.072 W/Binder ( 2648): at android.os.Binder.execTransactInternal(Binder.java:1184)
04-06 02:11:15.072 W/Binder ( 2648): at android.os.Binder.execTransact(Binder.java:1143)
04-06 02:11:15.072 D/Avrcp_ext( 2345): AudioManager Player: AudioPlaybackConfiguration piid:103 deviceId:0 type:android.media.SoundPool u/pid:10078/2363 state:idle attr:AudioAttributes: usage=USAGE_ASSISTANCE_SONIFICATION content=CONTENT_TYPE_SONIFICATION flags=0x800 tags= bundle=null sessionId:0
04-06 02:11:15.072 D/Avrcp_ext( 2345): AudioManager Player: AudioPlaybackConfiguration piid:119 deviceId:0 type:android.media.SoundPool u/pid:1000/2562 state:idle attr:AudioAttributes: usage=USAGE_ASSISTANCE_SONIFICATION content=CONTENT_TYPE_SONIFICATION flags=0x801 tags= bundle=null sessionId:0
04-06 02:11:15.072 D/Avrcp_ext( 2345): AudioManager Player: AudioPlaybackConfiguration piid:95 deviceId:0 type:android.media.SoundPool u/pid:1000/1508 state:idle attr:AudioAttributes: usage=USAGE_ASSISTANCE_SONIFICATION content=CONTENT_TYPE_SONIFICATION flags=0x800 tags= bundle=null sessionId:0
04-06 02:11:15.072 D/Avrcp_ext( 2345): AudioManager isPlaying: false, mAudioPlaybackIsActive = false
04-06 02:11:15.072 D/Avrcp_ext( 2345): AudioManager Reset Active Player
04-06 02:11:15.493 W/adbd ( 3149): timed out while waiting for FUNCTIONFS_BIND, trying again
04-06 02:11:15.494 I/adbd ( 3149): UsbFfs: connection terminated: monitor thread finished
04-06 02:11:15.494 I/adbd ( 3149): UsbFfs: already offline
04-06 02:11:15.494 I/adbd ( 3149): destroying transport UsbFfs
04-06 02:11:15.494 I/adbd ( 3149): UsbFfsConnection being destroyed
04-06 02:11:15.504 I/adbd ( 3149): opening control endpoint /dev/usb-ffs/adb/ep0
01-01 08:02:34.341 I/ ( 0): read descriptors
01-01 08:02:34.341 I/ ( 0): read strings
04-06 02:11:15.504 I/adbd ( 3149): UsbFfsConnection constructed
04-06 02:11:15.504 I/adbd ( 3149): UsbFfs-monitor thread spawned
04-06 02:11:15.689 W/hpplay-java( 3295): [main]:IPManager:getActiveNets invalid networkInfo:null
04-06 02:11:15.689 I/hpplay-java( 3295): [main]:IPManager:getActiveNets eth0:false wifi:false mobile:false ap:false
04-06 02:11:15.689 I/hpplay-java( 3295): [main]:ServerTaskManager:get local ip:null
04-06 02:11:15.904 I/mpu_uart( 651): [MSG-P:RECV]:No message received in 1000 ms
04-06 02:11:16.111 E/tlogd ( 1366): [TzLogger](isPathReadable) file /sys/kernel/debug/tzdbg/qsee_log isn't exist or no permission, err: No such file or directory
04-06 02:11:16.111 E/tlogd ( 1366): [TzLogger](saveTzlogAsync) /sys/kernel/debug/tzdbg/qsee_log can not read.
04-06 02:11:16.111 E/tlogd ( 1366): [TzLogger](isPathReadable) file /sys/kernel/debug/tzdbg/log isn't exist or no permission, err: No such file or directory
04-06 02:11:16.111 E/tlogd ( 1366): [TzLogger](saveTzlogAsync) /sys/kernel/debug/tzdbg/log can not read.
01-01 08:02:35.142 E/DTC_ETH,link_delay_work_func( 0): 3003, SQI=0, link=0
04-06 02:11:16.506 W/adbd ( 3149): timed out while waiting for FUNCTIONFS_BIND, trying again
04-06 02:11:16.506 I/adbd ( 3149): UsbFfs: connection terminated: monitor thread finished
04-06 02:11:16.506 I/adbd ( 3149): UsbFfs: already offline
04-06 02:11:16.506 I/adbd ( 3149): destroying transport UsbFfs
04-06 02:11:16.506 I/adbd ( 3149): UsbFfsConnection being destroyed
04-06 02:11:16.517 I/adbd ( 3149): opening control endpoint /dev/usb-ffs/adb/ep0
01-01 08:02:35.354 I/ ( 0): read descriptors
01-01 08:02:35.355 I/ ( 0): read strings
04-06 02:11:16.519 I/adbd ( 3149): UsbFfsConnection constructed
04-06 02:11:16.520 I/adbd ( 3149): UsbFfs-monitor thread spawned
04-06 02:11:16.608 D/RemoteControlService( 2780): startVlanDispatchThread
04-06 02:11:16.692 W/hpplay-java( 3295): [main]:IPManager:getActiveNets invalid networkInfo:null
04-06 02:11:16.692 I/hpplay-java( 3295): [main]:IPManager:getActiveNets eth0:false wifi:false mobile:false ap:false
04-06 02:11:16.692 I/hpplay-java( 3295): [main]:ServerTaskManager:get local ip:null
04-06 02:11:16.905 I/mpu_uart( 651): [MSG-P:RECV]:No message received in 1000 ms
04-06 02:11:16.943 I/mpu_uart( 651): [MSG-P:R]:recv sync frame timeout
04-06 02:11:17.521 W/adbd ( 3149): timed out while waiting for FUNCTIONFS_BIND, trying again
04-06 02:11:17.521 I/adbd ( 3149): UsbFfs: connection terminated: monitor thread finished
04-06 02:11:17.522 I/adbd ( 3149): UsbFfs: already offline
04-06 02:11:17.522 I/adbd ( 3149): destroying transport UsbFfs
04-06 02:11:17.522 I/adbd ( 3149): UsbFfsConnection being destroyed
04-06 02:11:17.532 I/adbd ( 3149): opening control endpoint /dev/usb-ffs/adb/ep0
04-06 02:11:17.534 I/adbd ( 3149): UsbFfsConnection constructed
04-06 02:11:17.535 I/adbd ( 3149): UsbFfs-monitor thread spawned
01-01 08:02:36.370 I/ ( 0): read descriptors
01-01 08:02:36.370 I/ ( 0): read strings
04-06 02:11:17.583 I/hpplay-java( 3295): [main]:IMTask:getIMRoot
04-06 02:11:17.591 W/hpplay-java( 3295): [AsyncTask #32]:HttpRequest:
04-06 02:11:17.592 W/hpplay-java( 3295): [AsyncTask #32]:HttpRequest:
04-06 02:11:17.593 W/hpplay-java( 3295): [AsyncTask #32]:HttpRequest:
04-06 02:11:17.594 E/hpplay-java( 3295): [main]:IMTask:getIMRoot failed
04-06 02:11:17.694 W/hpplay-java( 3295): [main]:IPManager:getActiveNets invalid networkInfo:null
04-06 02:11:17.694 I/hpplay-java( 3295): [main]:IPManager:getActiveNets eth0:false wifi:false mobile:false ap:false
04-06 02:11:17.694 I/hpplay-java( 3295): [main]:ServerTaskManager:get local ip:null
04-06 02:11:17.905 I/mpu_uart( 651): [MSG-P:RECV]:No message received in 1000 ms
04-06 02:11:18.536 W/adbd ( 3149): timed out while waiting for FUNCTIONFS_BIND, trying again
04-06 02:11:18.536 I/adbd ( 3149): UsbFfs: connection terminated: monitor thread finished
04-06 02:11:18.536 I/adbd ( 3149): UsbFfs: already offline
04-06 02:11:18.537 I/adbd ( 3149): destroying transport UsbFfs
04-06 02:11:18.537 I/adbd ( 3149): UsbFfsConnection being destroyed
04-06 02:11:18.549 I/adbd ( 3149): opening control endpoint /dev/usb-ffs/adb/ep0
04-06 02:11:18.550 I/adbd ( 3149): UsbFfsConnection constructed
04-06 02:11:18.551 I/adbd ( 3149): UsbFfs-monitor thread spawned
01-01 08:02:37.387 I/ ( 0): read descriptors
01-01 08:02:37.387 I/ ( 0): read strings
04-06 02:11:18.696 W/hpplay-java( 3295): [main]:IPManager:getActiveNets invalid networkInfo:null
04-06 02:11:18.696 I/hpplay-java( 3295): [main]:IPManager:getActiveNets eth0:false wifi:false mobile:false ap:false
04-06 02:11:18.696 I/hpplay-java( 3295): [main]:ServerTaskManager:get local ip:null
04-06 02:11:18.906 I/mpu_uart( 651): [MSG-P:RECV]:No message received in 1000 ms
04-06 02:11:19.552 W/adbd ( 3149): timed out while waiting for FUNCTIONFS_BIND, trying again
04-06 02:11:19.552 I/adbd ( 3149): UsbFfs: connection terminated: monitor thread finished
04-06 02:11:19.553 I/adbd ( 3149): UsbFfs: already offline
04-06 02:11:19.553 I/adbd ( 3149): destroying transport UsbFfs
04-06 02:11:19.553 I/adbd ( 3149): UsbFfsConnection being destroyed
04-06 02:11:19.565 I/adbd ( 3149): opening control endpoint /dev/usb-ffs/adb/ep0
04-06 02:11:19.566 I/adbd ( 3149): UsbFfsConnection constructed
04-06 02:11:19.567 I/adbd ( 3149): UsbFfs-monitor thread spawned
01-01 08:02:38.403 I/ ( 0): read descriptors
01-01 08:02:38.403 I/ ( 0): read strings
04-06 02:11:19.699 W/hpplay-java( 3295): [main]:IPManager:getActiveNets invalid networkInfo:null
04-06 02:11:19.699 I/hpplay-java( 3295): [main]:IPManager:getActiveNets eth0:false wifi:false mobile:false ap:false
04-06 02:11:19.699 I/hpplay-java( 3295): [main]:ServerTaskManager:get local ip:null
04-06 02:11:19.906 I/mpu_uart( 651): [MSG-P:RECV]:No message received in 1000 ms
04-06 02:11:19.946 I/mpu_uart( 651): [MSG-P:R]:recv sync frame timeout
04-06 02:11:20.569 W/adbd ( 3149): timed out while waiting for FUNCTIONFS_BIND, trying again
04-06 02:11:20.569 I/adbd ( 3149): UsbFfs: connection terminated: monitor thread finished
04-06 02:11:20.569 I/adbd ( 3149): UsbFfs: already offline
04-06 02:11:20.570 I/adbd ( 3149): destroying transport UsbFfs
04-06 02:11:20.570 I/adbd ( 3149): UsbFfsConnection being destroyed
04-06 02:11:20.581 I/adbd ( 3149): opening control endpoint /dev/usb-ffs/adb/ep0
04-06 02:11:20.583 I/adbd ( 3149): UsbFfsConnection constructed
04-06 02:11:20.584 I/adbd ( 3149): UsbFfs-monitor thread spawned
01-01 08:02:39.419 I/ ( 0): read descriptors
01-01 08:02:39.419 I/ ( 0): read strings
04-06 02:11:20.701 W/hpplay-java( 3295): [main]:IPManager:getActiveNets invalid networkInfo:null
04-06 02:11:20.702 I/hpplay-java( 3295): [main]:IPManager:getActiveNets eth0:false wifi:false mobile:false ap:false
04-06 02:11:20.702 I/hpplay-java( 3295): [main]:ServerTaskManager:get local ip:null
04-06 02:11:20.907 I/mpu_uart( 651): [MSG-P:RECV]:No message received in 1000 ms
04-06 02:11:21.112 E/tlogd ( 1366): [TzLogger](isPathReadable) file /sys/kernel/debug/tzdbg/qsee_log isn't exist or no permission, err: No such file or directory
04-06 02:11:21.112 E/tlogd ( 1366): [TzLogger](saveTzlogAsync) /sys/kernel/debug/tzdbg/qsee_log can not read.
04-06 02:11:21.112 E/tlogd ( 1366): [TzLogger](isPathReadable) file /sys/kernel/debug/tzdbg/log isn't exist or no permission, err: No such file or directory
04-06 02:11:21.112 E/tlogd ( 1366): [TzLogger](saveTzlogAsync) /sys/kernel/debug/tzdbg/log can not read.
01-01 08:02:40.262 E/DTC_ETH,link_delay_work_func( 0): 3003, SQI=0, link=0
04-06 02:11:21.585 W/adbd ( 3149): timed out while waiting for FUNCTIONFS_BIND, trying again
04-06 02:11:21.585 I/adbd ( 3149): UsbFfs: connection terminated: monitor thread finished
04-06 02:11:21.586 I/adbd ( 3149): UsbFfs: already offline
04-06 02:11:21.586 I/adbd ( 3149): destroying transport UsbFfs
04-06 02:11:21.586 I/adbd ( 3149): UsbFfsConnection being destroyed
04-06 02:11:21.596 I/adbd ( 3149): opening control endpoint /dev/usb-ffs/adb/ep0
04-06 02:11:21.598 I/adbd ( 3149): UsbFfsConnection constructed
04-06 02:11:21.599 I/adbd ( 3149): UsbFfs-monitor thread spawned
01-01 08:02:40.434 I/ ( 0): read descriptors
01-01 08:02:40.434 I/ ( 0): read strings
04-06 02:11:21.623 D/RemoteControlService( 2780): startVlanDispatchThread
04-06 02:11:21.704 W/hpplay-java( 3295): [main]:IPManager:getActiveNets invalid networkInfo:null
04-06 02:11:21.705 I/hpplay-java( 3295): [main]:IPManager:getActiveNets eth0:false wifi:false mobile:false ap:false
04-06 02:11:21.705 I/hpplay-java( 3295): [main]:ServerTaskManager:get local ip:null
04-06 02:11:21.907 I/mpu_uart( 651): [MSG-P:RECV]:No message received in 1000 ms
04-06 02:11:22.601 W/adbd ( 3149): timed out while waiting for FUNCTIONFS_BIND, trying again
04-06 02:11:22.601 I/adbd ( 3149): UsbFfs: connection terminated: monitor thread finished
04-06 02:11:22.601 I/adbd ( 3149): UsbFfs: already offline
04-06 02:11:22.601 I/adbd ( 3149): destroying transport UsbFfs
04-06 02:11:22.601 I/adbd ( 3149): UsbFfsConnection being destroyed
04-06 02:11:22.613 I/adbd ( 3149): opening control endpoint /dev/usb-ffs/adb/ep0
04-06 02:11:22.614 I/adbd ( 3149): UsbFfsConnection constructed
04-06 02:11:22.615 I/adbd ( 3149): UsbFfs-monitor thread spawned
01-01 08:02:41.451 I/ ( 0): read descriptors
01-01 08:02:41.451 I/ ( 0): read strings
04-06 02:11:22.706 W/hpplay-java( 3295): [main]:IPManager:getActiveNets invalid networkInfo:null
04-06 02:11:22.707 I/hpplay-java( 3295): [main]:IPManager:getActiveNets eth0:false wifi:false mobile:false ap:false
04-06 02:11:22.707 I/hpplay-java( 3295): [main]:ServerTaskManager:get local ip:null
04-06 02:11:22.908 I/mpu_uart( 651): [MSG-P:RECV]:No message received in 1000 ms
04-06 02:11:22.949 I/mpu_uart( 651): [MSG-P:R]:recv sync frame timeout
04-06 02:11:23.617 W/adbd ( 3149): timed out while waiting for FUNCTIONFS_BIND, trying again
04-06 02:11:23.617 I/adbd ( 3149): UsbFfs: connection terminated: monitor thread finished
04-06 02:11:23.617 I/adbd ( 3149): UsbFfs: already offline
04-06 02:11:23.617 I/adbd ( 3149): destroying transport UsbFfs
04-06 02:11:23.617 I/adbd ( 3149): UsbFfsConnection being destroyed
04-06 02:11:23.629 I/adbd ( 3149): opening control endpoint /dev/usb-ffs/adb/ep0
04-06 02:11:23.630 I/adbd ( 3149): UsbFfsConnection constructed
04-06 02:11:23.631 I/adbd ( 3149): UsbFfs-monitor thread spawned
01-01 08:02:42.467 I/ ( 0): read descriptors
01-01 08:02:42.467 I/ ( 0): read strings
04-06 02:11:23.709 W/hpplay-java( 3295): [main]:IPManager:getActiveNets invalid networkInfo:null
04-06 02:11:23.709 I/hpplay-java( 3295): [main]:IPManager:getActiveNets eth0:false wifi:false mobile:false ap:false
04-06 02:11:23.709 I/hpplay-java( 3295): [main]:ServerTaskManager:get local ip:null
04-06 02:11:23.909 I/mpu_uart( 651): [MSG-P:RECV]:No message received in 1000 ms
04-06 02:11:24.633 W/adbd ( 3149): timed out while waiting for FUNCTIONFS_BIND, trying again
04-06 02:11:24.633 I/adbd ( 3149): UsbFfs: connection terminated: monitor thread finished
04-06 02:11:24.633 I/adbd ( 3149): UsbFfs: already offline
04-06 02:11:24.633 I/adbd ( 3149): destroying transport UsbFfs
04-06 02:11:24.633 I/adbd ( 3149): UsbFfsConnection being destroyed
04-06 02:11:24.641 I/adbd ( 3149): opening control endpoint /dev/usb-ffs/adb/ep0
04-06 02:11:24.643 I/adbd ( 3149): UsbFfsConnection constructed
04-06 02:11:24.643 I/adbd ( 3149): UsbFfs-monitor thread spawned
01-01 08:02:43.479 I/ ( 0): read descriptors
01-01 08:02:43.479 I/ ( 0): read strings
04-06 02:11:24.711 W/hpplay-java( 3295): [main]:IPManager:getActiveNets invalid networkInfo:null
04-06 02:11:24.711 I/hpplay-java( 3295): [main]:IPManager:getActiveNets eth0:false wifi:false mobile:false ap:false
04-06 02:11:24.711 I/hpplay-java( 3295): [main]:ServerTaskManager:get local ip:null
04-06 02:11:24.909 I/mpu_uart( 651): [MSG-P:RECV]:No message received in 1000 ms
04-06 02:11:25.645 W/adbd ( 3149): timed out while waiting for FUNCTIONFS_BIND, trying again
04-06 02:11:25.645 I/adbd ( 3149): UsbFfs: connection terminated: monitor thread finished
04-06 02:11:25.645 I/adbd ( 3149): UsbFfs: already offline
04-06 02:11:25.645 I/adbd ( 3149): destroying transport UsbFfs
04-06 02:11:25.646 I/adbd ( 3149): UsbFfsConnection being destroyed
04-06 02:11:25.657 I/adbd ( 3149): opening control endpoint /dev/usb-ffs/adb/ep0
04-06 02:11:25.659 I/adbd ( 3149): UsbFfsConnection constructed
04-06 02:11:25.659 I/adbd ( 3149): UsbFfs-monitor thread spawned
01-01 08:02:44.495 I/ ( 0): read descriptors
01-01 08:02:44.495 I/ ( 0): read strings
04-06 02:11:25.714 W/hpplay-java( 3295): [main]:IPManager:getActiveNets invalid networkInfo:null
04-06 02:11:25.714 I/hpplay-java( 3295): [main]:IPManager:getActiveNets eth0:false wifi:false mobile:false ap:false
04-06 02:11:25.714 I/hpplay-java( 3295): [main]:ServerTaskManager:get local ip:null
04-06 02:11:25.909 I/mpu_uart( 651): [MSG-P:RECV]:No message received in 1000 ms
04-06 02:11:25.953 I/mpu_uart( 651): [MSG-P:R]:recv sync frame timeout
04-06 02:11:26.112 E/tlogd ( 1366): [TzLogger](isPathReadable) file /sys/kernel/debug/tzdbg/qsee_log isn't exist or no permission, err: No such file or directory
04-06 02:11:26.112 E/tlogd ( 1366): [TzLogger](saveTzlogAsync) /sys/kernel/debug/tzdbg/qsee_log can not read.
04-06 02:11:26.113 E/tlogd ( 1366): [TzLogger](isPathReadable) file /sys/kernel/debug/tzdbg/log isn't exist or no permission, err: No such file or directory
04-06 02:11:26.113 E/tlogd ( 1366): [TzLogger](saveTzlogAsync) /sys/kernel/debug/tzdbg/log can not read.
01-01 08:02:45.381 E/DTC_ETH,link_delay_work_func( 0): 3003, SQI=0, link=0
04-06 02:11:26.632 D/RemoteControlService( 2780): startVlanDispatchThread
04-06 02:11:26.661 W/adbd ( 3149): timed out while waiting for FUNCTIONFS_BIND, trying again
04-06 02:11:26.661 I/adbd ( 3149): UsbFfs: connection terminated: monitor thread finished
04-06 02:11:26.661 I/adbd ( 3149): UsbFfs: already offline
04-06 02:11:26.661 I/adbd ( 3149): destroying transport UsbFfs
04-06 02:11:26.662 I/adbd ( 3149): UsbFfsConnection being destroyed
04-06 02:11:26.674 I/adbd ( 3149): opening control endpoint /dev/usb-ffs/adb/ep0
04-06 02:11:26.675 I/adbd ( 3149): UsbFfsConnection constructed
04-06 02:11:26.676 I/adbd ( 3149): UsbFfs-monitor thread spawned
01-01 08:02:45.511 I/ ( 0): read descriptors
01-01 08:02:45.511 I/ ( 0): read strings
04-06 02:11:26.717 W/hpplay-java( 3295): [main]:IPManager:getActiveNets invalid networkInfo:null
04-06 02:11:26.717 I/hpplay-java( 3295): [main]:IPManager:getActiveNets eth0:false wifi:false mobile:false ap:false
04-06 02:11:26.717 I/hpplay-java( 3295): [main]:ServerTaskManager:get local ip:null
04-06 02:11:26.910 I/mpu_uart( 651): [MSG-P:RECV]:No message received in 1000 ms
04-06 02:11:27.677 W/adbd ( 3149): timed out while waiting for FUNCTIONFS_BIND, trying again
04-06 02:11:27.678 I/adbd ( 3149): UsbFfs: connection terminated: monitor thread finished
04-06 02:11:27.678 I/adbd ( 3149): UsbFfs: already offline
04-06 02:11:27.678 I/adbd ( 3149): destroying transport UsbFfs
04-06 02:11:27.678 I/adbd ( 3149): UsbFfsConnection being destroyed
04-06 02:11:27.685 I/adbd ( 3149): opening control endpoint /dev/usb-ffs/adb/ep0
04-06 02:11:27.686 I/adbd ( 3149): UsbFfsConnection constructed
04-06 02:11:27.687 I/adbd ( 3149): UsbFfs-monitor thread spawned
01-01 08:02:46.523 I/ ( 0): read descriptors
01-01 08:02:46.523 I/ ( 0): read strings
04-06 02:11:27.719 W/hpplay-java( 3295): [main]:IPManager:getActiveNets invalid networkInfo:null
04-06 02:11:27.719 I/hpplay-java( 3295): [main]:IPManager:getActiveNets eth0:false wifi:false mobile:false ap:false
04-06 02:11:27.719 I/hpplay-java( 3295): [main]:ServerTaskManager:get local ip:null
04-06 02:11:27.911 I/mpu_uart( 651): [MSG-P:RECV]:No message received in 1000 ms
04-06 02:11:28.688 W/adbd ( 3149): timed out while waiting for FUNCTIONFS_BIND, trying again
04-06 02:11:28.688 I/adbd ( 3149): UsbFfs: connection terminated: monitor thread finished
04-06 02:11:28.689 I/adbd ( 3149): UsbFfs: already offline
04-06 02:11:28.689 I/adbd ( 3149): destroying transport UsbFfs
04-06 02:11:28.689 I/adbd ( 3149): UsbFfsConnection being destroyed
04-06 02:11:28.697 I/adbd ( 3149): opening control endpoint /dev/usb-ffs/adb/ep0
04-06 02:11:28.698 I/adbd ( 3149): UsbFfsConnection constructed
04-06 02:11:28.699 I/adbd ( 3149): UsbFfs-monitor thread spawned
01-01 08:02:47.535 I/ ( 0): read descriptors
01-01 08:02:47.535 I/ ( 0): read strings
04-06 02:11:28.721 W/hpplay-java( 3295): [main]:IPManager:getActiveNets invalid networkInfo:null
04-06 02:11:28.721 I/hpplay-java( 3295): [main]:IPManager:getActiveNets eth0:false wifi:false mobile:false ap:false
04-06 02:11:28.721 I/hpplay-java( 3295): [main]:ServerTaskManager:get local ip:null
04-06 02:11:28.911 I/mpu_uart( 651): [MSG-P:RECV]:No message received in 1000 ms
04-06 02:11:28.956 I/mpu_uart( 651): [MSG-P:R]:recv sync frame timeout
04-06 02:11:29.700 W/adbd ( 3149): timed out while waiting for FUNCTIONFS_BIND, trying again
04-06 02:11:29.700 I/adbd ( 3149): UsbFfs: connection terminated: monitor thread finished
04-06 02:11:29.700 I/adbd ( 3149): UsbFfs: already offline
04-06 02:11:29.701 I/adbd ( 3149): destroying transport UsbFfs
04-06 02:11:29.701 I/adbd ( 3149): UsbFfsConnection being destroyed
04-06 02:11:29.709 I/adbd ( 3149): opening control endpoint /dev/usb-ffs/adb/ep0
04-06 02:11:29.710 I/adbd ( 3149): UsbFfsConnection constructed
04-06 02:11:29.711 I/adbd ( 3149): UsbFfs-monitor thread spawned
01-01 08:02:48.547 I/ ( 0): read descriptors
01-01 08:02:48.547 I/ ( 0): read strings
04-06 02:11:29.723 W/hpplay-java( 3295): [main]:IPManager:getActiveNets invalid networkInfo:null
04-06 02:11:29.723 I/hpplay-java( 3295): [main]:IPManager:getActiveNets eth0:false wifi:false mobile:false ap:false
04-06 02:11:29.723 I/hpplay-java( 3295): [main]:ServerTaskManager:get local ip:null
04-06 02:11:29.911 I/mpu_uart( 651): [MSG-P:RECV]:No message received in 1000 ms
01-01 08:02:48.777 I/ ( 0): boot log copy done
04-06 02:11:30.712 W/adbd ( 3149): timed out while waiting for FUNCTIONFS_BIND, trying again
04-06 02:11:30.712 I/adbd ( 3149): UsbFfs: connection terminated: monitor thread finished
04-06 02:11:30.713 I/adbd ( 3149): UsbFfs: already offline
04-06 02:11:30.713 I/adbd ( 3149): destroying transport UsbFfs
04-06 02:11:30.713 I/adbd ( 3149): UsbFfsConnection being destroyed
04-06 02:11:30.725 I/adbd ( 3149): opening control endpoint /dev/usb-ffs/adb/ep0
04-06 02:11:30.725 W/hpplay-java( 3295): [main]:IPManager:getActiveNets invalid networkInfo:null
04-06 02:11:30.726 I/hpplay-java( 3295): [main]:IPManager:getActiveNets eth0:false wifi:false mobile:false ap:false
04-06 02:11:30.726 I/hpplay-java( 3295): [main]:ServerTaskManager:get local ip:null
04-06 02:11:30.726 I/adbd ( 3149): UsbFfsConnection constructed
04-06 02:11:30.727 I/adbd ( 3149): UsbFfs-monitor thread spawned
01-01 08:02:49.563 I/ ( 0): read descriptors
01-01 08:02:49.563 I/ ( 0): read strings
04-06 02:11:30.911 I/mpu_uart( 651): [MSG-P:RECV]:No message received in 1000 ms
04-06 02:11:31.068 I/selfinstaller( 1199): create socket failed: Network is unreachable 101
04-06 02:11:31.113 E/tlogd ( 1366): [TzLogger](isPathReadable) file /sys/kernel/debug/tzdbg/qsee_log isn't exist or no permission, err: No such file or directory
04-06 02:11:31.113 E/tlogd ( 1366): [TzLogger](saveTzlogAsync) /sys/kernel/debug/tzdbg/qsee_log can not read.
04-06 02:11:31.113 E/tlogd ( 1366): [TzLogger](isPathReadable) file /sys/kernel/debug/tzdbg/log isn't exist or no permission, err: No such file or directory
04-06 02:11:31.113 E/tlogd ( 1366): [TzLogger](saveTzlogAsync) /sys/kernel/debug/tzdbg/log can not read.
04-06 02:11:31.644 D/RemoteControlService( 2780): startVlanDispatchThread
01-01 08:02:50.501 E/DTC_ETH,link_delay_work_func( 0): 3003, SQI=0, link=0
04-06 02:11:31.728 W/hpplay-java( 3295): [main]:IPManager:getActiveNets invalid networkInfo:null
04-06 02:11:31.728 I/hpplay-java( 3295): [main]:IPManager:getActiveNets eth0:false wifi:false mobile:false ap:false
04-06 02:11:31.728 I/hpplay-java( 3295): [main]:ServerTaskManager:get local ip:null
04-06 02:11:31.729 W/adbd ( 3149): timed out while waiting for FUNCTIONFS_BIND, trying again
04-06 02:11:31.729 I/adbd ( 3149): UsbFfs: connection terminated: monitor thread finished
04-06 02:11:31.729 I/adbd ( 3149): UsbFfs: already offline
04-06 02:11:31.729 I/adbd ( 3149): destroying transport UsbFfs
04-06 02:11:31.729 I/adbd ( 3149): UsbFfsConnection being destroyed
04-06 02:11:31.741 I/adbd ( 3149): opening control endpoint /dev/usb-ffs/adb/ep0
04-06 02:11:31.743 I/adbd ( 3149): UsbFfsConnection constructed
04-06 02:11:31.743 I/adbd ( 3149): UsbFfs-monitor thread spawned
01-01 08:02:50.579 I/ ( 0): read descriptors
01-01 08:02:50.579 I/ ( 0): read strings
04-06 02:11:31.912 I/mpu_uart( 651): [MSG-P:RECV]:No message received in 1000 ms
04-06 02:11:31.959 I/mpu_uart( 651): [MSG-P:R]:recv sync frame timeout
04-06 02:11:32.730 W/hpplay-java( 3295): [main]:IPManager:getActiveNets invalid networkInfo:null
04-06 02:11:32.730 I/hpplay-java( 3295): [main]:IPManager:getActiveNets eth0:false wifi:false mobile:false ap:false
04-06 02:11:32.730 I/hpplay-java( 3295): [main]:ServerTaskManager:get local ip:null
04-06 02:11:32.745 W/adbd ( 3149): timed out while waiting for FUNCTIONFS_BIND, trying again
04-06 02:11:32.745 I/adbd ( 3149): UsbFfs: connection terminated: monitor thread finished
04-06 02:11:32.745 I/adbd ( 3149): UsbFfs: already offline
04-06 02:11:32.745 I/adbd ( 3149): destroying transport UsbFfs
04-06 02:11:32.745 I/adbd ( 3149): UsbFfsConnection being destroyed
04-06 02:11:32.757 I/adbd ( 3149): opening control endpoint /dev/usb-ffs/adb/ep0
04-06 02:11:32.758 I/adbd ( 3149): UsbFfsConnection constructed
04-06 02:11:32.759 I/adbd ( 3149): UsbFfs-monitor thread spawned
01-01 08:02:51.595 I/ ( 0): read descriptors
01-01 08:02:51.595 I/ ( 0): read strings
04-06 02:11:32.912 I/mpu_uart( 651): [MSG-P:RECV]:No message received in 1000 ms
04-06 02:11:33.732 W/hpplay-java( 3295): [main]:IPManager:getActiveNets invalid networkInfo:null
04-06 02:11:33.732 I/hpplay-java( 3295): [main]:IPManager:getActiveNets eth0:false wifi:false mobile:false ap:false
04-06 02:11:33.733 I/hpplay-java( 3295): [main]:ServerTaskManager:get local ip:null
04-06 02:11:33.760 W/adbd ( 3149): timed out while waiting for FUNCTIONFS_BIND, trying again
04-06 02:11:33.760 I/adbd ( 3149): UsbFfs: connection terminated: monitor thread finished
04-06 02:11:33.761 I/adbd ( 3149): UsbFfs: already offline
04-06 02:11:33.761 I/adbd ( 3149): destroying transport UsbFfs
04-06 02:11:33.761 I/adbd ( 3149): UsbFfsConnection being destroyed
04-06 02:11:33.776 I/adbd ( 3149): opening control endpoint /dev/usb-ffs/adb/ep0
04-06 02:11:33.778 I/adbd ( 3149): UsbFfsConnection constructed
04-06 02:11:33.778 I/adbd ( 3149): UsbFfs-monitor thread spawned
01-01 08:02:52.614 I/ ( 0): read descriptors
01-01 08:02:52.614 I/ ( 0): read strings
04-06 02:11:33.913 I/mpu_uart( 651): [MSG-P:RECV]:No message received in 1000 ms
04-06 02:11:34.735 W/hpplay-java( 3295): [main]:IPManager:getActiveNets invalid networkInfo:null
04-06 02:11:34.735 I/hpplay-java( 3295): [main]:IPManager:getActiveNets eth0:false wifi:false mobile:false ap:false
04-06 02:11:34.735 I/hpplay-java( 3295): [main]:ServerTaskManager:get local ip:null
04-06 02:11:34.779 W/adbd ( 3149): timed out while waiting for FUNCTIONFS_BIND, trying again
04-06 02:11:34.780 I/adbd ( 3149): UsbFfs: connection terminated: monitor thread finished
04-06 02:11:34.780 I/adbd ( 3149): UsbFfs: already offline
04-06 02:11:34.780 I/adbd ( 3149): destroying transport UsbFfs
04-06 02:11:34.780 I/adbd ( 3149): UsbFfsConnection being destroyed
04-06 02:11:34.792 I/adbd ( 3149): opening control endpoint /dev/usb-ffs/adb/ep0
04-06 02:11:34.794 I/adbd ( 3149): UsbFfsConnection constructed
04-06 02:11:34.794 I/adbd ( 3149): UsbFfs-monitor thread spawned
01-01 08:02:53.630 I/ ( 0): read descriptors
01-01 08:02:53.630 I/ ( 0): read strings
04-06 02:11:34.913 I/mpu_uart( 651): [MSG-P:RECV]:No message received in 1000 ms
04-06 02:11:34.962 I/mpu_uart( 651): [MSG-P:R]:recv sync frame timeout
04-06 02:11:35.737 W/hpplay-java( 3295): [main]:IPManager:getActiveNets invalid networkInfo:null
04-06 02:11:35.737 I/hpplay-java( 3295): [main]:IPManager:getActiveNets eth0:false wifi:false mobile:false ap:false
04-06 02:11:35.737 I/hpplay-java( 3295): [main]:ServerTaskManager:get local ip:null
04-06 02:11:35.795 W/adbd ( 3149): timed out while waiting for FUNCTIONFS_BIND, trying again
04-06 02:11:35.796 I/adbd ( 3149): UsbFfs: connection terminated: monitor thread finished
04-06 02:11:35.796 I/adbd ( 3149): UsbFfs: already offline
04-06 02:11:35.796 I/adbd ( 3149): destroying transport UsbFfs
04-06 02:11:35.796 I/adbd ( 3149): UsbFfsConnection being destroyed
04-06 02:11:35.808 I/adbd ( 3149): opening control endpoint /dev/usb-ffs/adb/ep0
04-06 02:11:35.809 I/adbd ( 3149): UsbFfsConnection constructed
04-06 02:11:35.810 I/adbd ( 3149): UsbFfs-monitor thread spawned
01-01 08:02:54.646 I/ ( 0): read descriptors
01-01 08:02:54.646 I/ ( 0): read strings
04-06 02:11:35.913 I/mpu_uart( 651): [MSG-P:RECV]:No message received in 1000 ms
04-06 02:11:36.114 E/tlogd ( 1366): [TzLogger](isPathReadable) file /sys/kernel/debug/tzdbg/qsee_log isn't exist or no permission, err: No such file or directory
04-06 02:11:36.114 E/tlogd ( 1366): [TzLogger](saveTzlogAsync) /sys/kernel/debug/tzdbg/qsee_log can not read.
04-06 02:11:36.114 E/tlogd ( 1366): [TzLogger](isPathReadable) file /sys/kernel/debug/tzdbg/log isn't exist or no permission, err: No such file or directory
04-06 02:11:36.114 E/tlogd ( 1366): [TzLogger](saveTzlogAsync) /sys/kernel/debug/tzdbg/log can not read.
04-06 02:11:36.657 D/RemoteControlService( 2780): startVlanDispatchThread
04-06 02:11:36.739 W/hpplay-java( 3295): [main]:IPManager:getActiveNets invalid networkInfo:null
04-06 02:11:36.739 I/hpplay-java( 3295): [main]:IPManager:getActiveNets eth0:false wifi:false mobile:false ap:false
04-06 02:11:36.739 I/hpplay-java( 3295): [main]:ServerTaskManager:get local ip:null
01-01 08:02:55.622 E/DTC_ETH,link_delay_work_func( 0): 3003, SQI=0, link=0
04-06 02:11:36.811 W/adbd ( 3149): timed out while waiting for FUNCTIONFS_BIND, trying again
04-06 02:11:36.811 I/adbd ( 3149): UsbFfs: connection terminated: monitor thread finished
04-06 02:11:36.812 I/adbd ( 3149): UsbFfs: already offline
04-06 02:11:36.812 I/adbd ( 3149): destroying transport UsbFfs
04-06 02:11:36.812 I/adbd ( 3149): UsbFfsConnection being destroyed
04-06 02:11:36.828 I/adbd ( 3149): opening control endpoint /dev/usb-ffs/adb/ep0
04-06 02:11:36.829 I/adbd ( 3149): UsbFfsConnection constructed
04-06 02:11:36.830 I/adbd ( 3149): UsbFfs-monitor thread spawned
01-01 08:02:55.666 I/ ( 0): read descriptors
01-01 08:02:55.666 I/ ( 0): read strings
04-06 02:11:36.914 I/mpu_uart( 651): [MSG-P:RECV]:No message received in 1000 ms
04-06 02:11:37.741 W/hpplay-java( 3295): [main]:IPManager:getActiveNets invalid networkInfo:null
04-06 02:11:37.741 I/hpplay-java( 3295): [main]:IPManager:getActiveNets eth0:false wifi:false mobile:false ap:false
04-06 02:11:37.741 I/hpplay-java( 3295): [main]:ServerTaskManager:get local ip:null
04-06 02:11:37.831 W/adbd ( 3149): timed out while waiting for FUNCTIONFS_BIND, trying again
04-06 02:11:37.831 I/adbd ( 3149): UsbFfs: connection terminated: monitor thread finished
04-06 02:11:37.832 I/adbd ( 3149): UsbFfs: already offline
04-06 02:11:37.832 I/adbd ( 3149): destroying transport UsbFfs
04-06 02:11:37.832 I/adbd ( 3149): UsbFfsConnection being destroyed
04-06 02:11:37.844 I/adbd ( 3149): opening control endpoint /dev/usb-ffs/adb/ep0
04-06 02:11:37.846 I/adbd ( 3149): UsbFfsConnection constructed
04-06 02:11:37.846 I/adbd ( 3149): UsbFfs-monitor thread spawned
01-01 08:02:56.682 I/ ( 0): read descriptors
01-01 08:02:56.682 I/ ( 0): read strings
04-06 02:11:37.914 I/mpu_uart( 651): [MSG-P:RECV]:No message received in 1000 ms
04-06 02:11:37.965 I/mpu_uart( 651): [MSG-P:R]:recv sync frame timeout
04-06 02:11:38.743 W/hpplay-java( 3295): [main]:IPManager:getActiveNets invalid networkInfo:null
04-06 02:11:38.743 I/hpplay-java( 3295): [main]:IPManager:getActiveNets eth0:false wifi:false mobile:false ap:false
04-06 02:11:38.743 I/hpplay-java( 3295): [main]:ServerTaskManager:get local ip:null
04-06 02:11:38.847 W/adbd ( 3149): timed out while waiting for FUNCTIONFS_BIND, trying again
04-06 02:11:38.848 I/adbd ( 3149): UsbFfs: connection terminated: monitor thread finished
04-06 02:11:38.848 I/adbd ( 3149): UsbFfs: already offline
04-06 02:11:38.848 I/adbd ( 3149): destroying transport UsbFfs
04-06 02:11:38.848 I/adbd ( 3149): UsbFfsConnection being destroyed
04-06 02:11:38.856 I/adbd ( 3149): opening control endpoint /dev/usb-ffs/adb/ep0
04-06 02:11:38.858 I/adbd ( 3149): UsbFfsConnection constructed
04-06 02:11:38.858 I/adbd ( 3149): UsbFfs-monitor thread spawned
01-01 08:02:57.694 I/ ( 0): read descriptors
01-01 08:02:57.694 I/ ( 0): read strings
04-06 02:11:38.915 I/mpu_uart( 651): [MSG-P:RECV]:No message received in 1000 ms
04-06 02:11:39.745 W/hpplay-java( 3295): [main]:IPManager:getActiveNets invalid networkInfo:null
04-06 02:11:39.745 I/hpplay-java( 3295): [main]:IPManager:getActiveNets eth0:false wifi:false mobile:false ap:false
04-06 02:11:39.745 I/hpplay-java( 3295): [main]:ServerTaskManager:get local ip:null
04-06 02:11:39.859 W/adbd ( 3149): timed out while waiting for FUNCTIONFS_BIND, trying again
04-06 02:11:39.860 I/adbd ( 3149): UsbFfs: connection terminated: monitor thread finished
04-06 02:11:39.860 I/adbd ( 3149): UsbFfs: already offline
04-06 02:11:39.860 I/adbd ( 3149): destroying transport UsbFfs
04-06 02:11:39.860 I/adbd ( 3149): UsbFfsConnection being destroyed
04-06 02:11:39.868 I/adbd ( 3149): opening control endpoint /dev/usb-ffs/adb/ep0
04-06 02:11:39.869 I/adbd ( 3149): UsbFfsConnection constructed
04-06 02:11:39.870 I/adbd ( 3149): UsbFfs-monitor thread spawned
01-01 08:02:58.706 I/ ( 0): read descriptors
01-01 08:02:58.706 I/ ( 0): read strings
04-06 02:11:39.915 I/mpu_uart( 651): [MSG-P:RECV]:No message received in 1000 ms
04-06 02:11:40.747 W/hpplay-java( 3295): [main]:IPManager:getActiveNets invalid networkInfo:null
04-06 02:11:40.747 I/hpplay-java( 3295): [main]:IPManager:getActiveNets eth0:false wifi:false mobile:false ap:false
04-06 02:11:40.747 I/hpplay-java( 3295): [main]:ServerTaskManager:get local ip:null
04-06 02:11:40.871 W/adbd ( 3149): timed out while waiting for FUNCTIONFS_BIND, trying again
04-06 02:11:40.872 I/adbd ( 3149): UsbFfs: connection terminated: monitor thread finished
04-06 02:11:40.872 I/adbd ( 3149): UsbFfs: already offline
04-06 02:11:40.872 I/adbd ( 3149): destroying transport UsbFfs
04-06 02:11:40.872 I/adbd ( 3149): UsbFfsConnection being destroyed
04-06 02:11:40.880 I/adbd ( 3149): opening control endpoint /dev/usb-ffs/adb/ep0
04-06 02:11:40.881 I/adbd ( 3149): UsbFfsConnection constructed
04-06 02:11:40.882 I/adbd ( 3149): UsbFfs-monitor thread spawned
01-01 08:02:59.718 I/ ( 0): read descriptors
01-01 08:02:59.718 I/ ( 0): read strings
04-06 02:11:40.915 I/mpu_uart( 651): [MSG-P:RECV]:No message received in 1000 ms
04-06 02:11:40.968 I/mpu_uart( 651): [MSG-P:R]:recv sync frame timeout
04-06 02:11:41.114 E/tlogd ( 1366): [TzLogger](isPathReadable) file /sys/kernel/debug/tzdbg/qsee_log isn't exist or no permission, err: No such file or directory
04-06 02:11:41.114 E/tlogd ( 1366): [TzLogger](saveTzlogAsync) /sys/kernel/debug/tzdbg/qsee_log can not read.
04-06 02:11:41.114 E/tlogd ( 1366): [TzLogger](isPathReadable) file /sys/kernel/debug/tzdbg/log isn't exist or no permission, err: No such file or directory
04-06 02:11:41.114 E/tlogd ( 1366): [TzLogger](saveTzlogAsync) /sys/kernel/debug/tzdbg/log can not read.
04-06 02:11:41.664 D/RemoteControlService( 2780): startVlanDispatchThread
04-06 02:11:41.749 W/hpplay-java( 3295): [main]:IPManager:getActiveNets invalid networkInfo:null
04-06 02:11:41.749 I/hpplay-java( 3295): [main]:IPManager:getActiveNets eth0:false wifi:false mobile:false ap:false
04-06 02:11:41.749 I/hpplay-java( 3295): [main]:ServerTaskManager:get local ip:null
04-06 02:11:41.883 W/adbd ( 3149): timed out while waiting for FUNCTIONFS_BIND, trying again
04-06 02:11:41.884 I/adbd ( 3149): UsbFfs: connection terminated: monitor thread finished
04-06 02:11:41.884 I/adbd ( 3149): UsbFfs: already offline
04-06 02:11:41.884 I/adbd ( 3149): destroying transport UsbFfs
04-06 02:11:41.884 I/adbd ( 3149): UsbFfsConnection being destroyed
04-06 02:11:41.892 I/adbd ( 3149): opening control endpoint /dev/usb-ffs/adb/ep0
04-06 02:11:41.893 I/adbd ( 3149): UsbFfsConnection constructed
04-06 02:11:41.894 I/adbd ( 3149): UsbFfs-monitor thread spawned
01-01 08:03:00.730 I/ ( 0): read descriptors
01-01 08:03:00.730 I/ ( 0): read strings
01-01 08:03:00.741 E/DTC_ETH,link_delay_work_func( 0): 3003, SQI=0, link=0
04-06 02:11:41.916 I/mpu_uart( 651): [MSG-P:RECV]:No message received in 1000 ms
04-06 02:11:42.751 W/hpplay-java( 3295): [main]:IPManager:getActiveNets invalid networkInfo:null
04-06 02:11:42.751 I/hpplay-java( 3295): [main]:IPManager:getActiveNets eth0:false wifi:false mobile:false ap:false
04-06 02:11:42.751 I/hpplay-java( 3295): [main]:ServerTaskManager:get local ip:null
04-06 02:11:42.896 W/adbd ( 3149): timed out while waiting for FUNCTIONFS_BIND, trying again
04-06 02:11:42.896 I/adbd ( 3149): UsbFfs: connection terminated: monitor thread finished
04-06 02:11:42.896 I/adbd ( 3149): UsbFfs: already offline
04-06 02:11:42.896 I/adbd ( 3149): destroying transport UsbFfs
04-06 02:11:42.896 I/adbd ( 3149): UsbFfsConnection being destroyed
04-06 02:11:42.904 I/adbd ( 3149): opening control endpoint /dev/usb-ffs/adb/ep0
04-06 02:11:42.906 I/adbd ( 3149): UsbFfsConnection constructed
04-06 02:11:42.906 I/adbd ( 3149): UsbFfs-monitor thread spawned
01-01 08:03:01.742 I/ ( 0): read descriptors
01-01 08:03:01.742 I/ ( 0): read strings
04-06 02:11:42.916 I/mpu_uart( 651): [MSG-P:RECV]:No message received in 1000 ms
04-06 02:11:43.753 W/hpplay-java( 3295): [main]:IPManager:getActiveNets invalid networkInfo:null
04-06 02:11:43.753 I/hpplay-java( 3295): [main]:IPManager:getActiveNets eth0:false wifi:false mobile:false ap:false
04-06 02:11:43.753 I/hpplay-java( 3295): [main]:ServerTaskManager:get local ip:null
04-06 02:11:43.907 W/adbd ( 3149): timed out while waiting for FUNCTIONFS_BIND, trying again
04-06 02:11:43.908 I/adbd ( 3149): UsbFfs: connection terminated: monitor thread finished
04-06 02:11:43.908 I/adbd ( 3149): UsbFfs: already offline
04-06 02:11:43.908 I/adbd ( 3149): destroying transport UsbFfs
04-06 02:11:43.908 I/adbd ( 3149): UsbFfsConnection being destroyed
04-06 02:11:43.916 I/mpu_uart( 651): [MSG-P:RECV]:No message received in 1000 ms
04-06 02:11:43.924 I/adbd ( 3149): opening control endpoint /dev/usb-ffs/adb/ep0
04-06 02:11:43.925 I/adbd ( 3149): UsbFfsConnection constructed
04-06 02:11:43.926 I/adbd ( 3149): UsbFfs-monitor thread spawned
01-01 08:03:02.762 I/ ( 0): read descriptors
01-01 08:03:02.762 I/ ( 0): read strings
04-06 02:11:43.972 I/mpu_uart( 651): [MSG-P:R]:recv sync frame timeout
04-06 02:11:44.755 W/hpplay-java( 3295): [main]:IPManager:getActiveNets invalid networkInfo:null
04-06 02:11:44.755 I/hpplay-java( 3295): [main]:IPManager:getActiveNets eth0:false wifi:false mobile:false ap:false
04-06 02:11:44.755 I/hpplay-java( 3295): [main]:ServerTaskManager:get local ip:null
04-06 02:11:44.916 I/mpu_uart( 651): [MSG-P:RECV]:No message received in 1000 ms
04-06 02:11:44.927 W/adbd ( 3149): timed out while waiting for FUNCTIONFS_BIND, trying again
04-06 02:11:44.928 I/adbd ( 3149): UsbFfs: connection terminated: monitor thread finished
04-06 02:11:44.928 I/adbd ( 3149): UsbFfs: already offline
04-06 02:11:44.928 I/adbd ( 3149): destroying transport UsbFfs
04-06 02:11:44.928 I/adbd ( 3149): UsbFfsConnection being destroyed
04-06 02:11:44.940 I/adbd ( 3149): opening control endpoint /dev/usb-ffs/adb/ep0
04-06 02:11:44.942 I/adbd ( 3149): UsbFfsConnection constructed
04-06 02:11:44.943 I/adbd ( 3149): UsbFfs-monitor thread spawned
01-01 08:03:03.778 I/ ( 0): read descriptors
01-01 08:03:03.778 I/ ( 0): read strings
04-06 02:11:45.757 W/hpplay-java( 3295): [main]:IPManager:getActiveNets invalid networkInfo:null
04-06 02:11:45.757 I/hpplay-java( 3295): [main]:IPManager:getActiveNets eth0:false wifi:false mobile:false ap:false
