04-06 02:12:37.842 W/MediaProvider( 3483): at com.android.providers.media.MediaProvider.openTypedAssetFileCommon(MediaProvider.java:7134)
04-06 02:12:37.842 W/MediaProvider( 3483): at com.android.providers.media.MediaProvider.openTypedAssetFile(MediaProvider.java:7115)
04-06 02:12:37.842 W/MediaProvider( 3483): at android.content.ContentProvider$Transport.openTypedAssetFile(ContentProvider.java:548)
04-06 02:12:37.842 W/MediaProvider( 3483): at android.content.ContentProviderNative.onTransact(ContentProviderNative.java:327)
04-06 02:12:37.842 W/MediaProvider( 3483): at android.os.Binder.execTransactInternal(Binder.java:1179)
04-06 02:12:37.842 W/MediaProvider( 3483): at android.os.Binder.execTransact(Binder.java:1143)
04-06 02:12:37.843 D/NuPlayerDriver( 1193): NuPlayerDriver(0xe4f80970) created, clientPid(2648)
04-06 02:12:37.848 I/ExtendedNuUtils( 1193): printFileName fd(8) -> /system_ext/app/TCSetupWizard/TCSetupWizard.apk
04-06 02:12:37.849 D/SurfaceUtils( 1193): connecting to surface 0xe4387e08, reason setVideoSurfaceTexture
04-06 02:12:37.849 D/NuPlayer( 1193): onSetVideoSurface(0xe438b060, no video decoder)
04-06 02:12:37.850 D/Avrcp_ext( 2345): AudioManager Player: AudioPlaybackConfiguration piid:103 deviceId:0 type:android.media.SoundPool u/pid:10078/2363 state:idle attr:AudioAttributes: usage=USAGE_ASSISTANCE_SONIFICATION content=CONTENT_TYPE_SONIFICATION flags=0x800 tags= bundle=null sessionId:0
04-06 02:12:37.850 D/Avrcp_ext( 2345): AudioManager Player: AudioPlaybackConfiguration piid:119 deviceId:0 type:android.media.SoundPool u/pid:1000/2562 state:idle attr:AudioAttributes: usage=USAGE_ASSISTANCE_SONIFICATION content=CONTENT_TYPE_SONIFICATION flags=0x801 tags= bundle=null sessionId:0
04-06 02:12:37.850 D/Avrcp_ext( 2345): AudioManager Player: AudioPlaybackConfiguration piid:455 deviceId:0 type:android.media.MediaPlayer u/pid:1000/2648 state:stopped attr:AudioAttributes: usage=USAGE_MEDIA content=CONTENT_TYPE_MOVIE flags=0x800 tags= bundle=null sessionId:121
04-06 02:12:37.850 D/Avrcp_ext( 2345): AudioManager Player: AudioPlaybackConfiguration piid:631 deviceId:0 type:android.media.MediaPlayer u/pid:1000/2648 state:idle attr:AudioAttributes: usage=USAGE_MEDIA content=CONTENT_TYPE_MOVIE flags=0x800 tags= bundle=null sessionId:129
04-06 02:12:37.850 D/Avrcp_ext( 2345): AudioManager Player: AudioPlaybackConfiguration piid:95 deviceId:0 type:android.media.SoundPool u/pid:1000/1508 state:idle attr:AudioAttributes: usage=USAGE_ASSISTANCE_SONIFICATION content=CONTENT_TYPE_SONIFICATION flags=0x800 tags= bundle=null sessionId:0
04-06 02:12:37.850 D/Avrcp_ext( 2345): AudioManager Player: AudioPlaybackConfiguration piid:271 deviceId:0 type:android.media.MediaPlayer u/pid:1000/2648 state:idle attr:AudioAttributes: usage=USAGE_MEDIA content=CONTENT_TYPE_MOVIE flags=0x800 tags= bundle=null sessionId:0
04-06 02:12:37.850 D/Avrcp_ext( 2345): AudioManager isPlaying: false, mAudioPlaybackIsActive = false
04-06 02:12:37.851 D/Avrcp_ext( 2345): AudioManager Reset Active Player
04-06 02:12:37.852 D/GenericSource( 1193): FileSource remote
04-06 02:12:37.853 D/NuPlayerDriver( 1193): reset(0xe4f80510) at state 4
04-06 02:12:37.854 D/NuPlayerDriver( 1193): notifyResetComplete(0xe4f80510)
04-06 02:12:37.854 D/NuPlayerDriver( 1193): reset(0xe4f80510) at state 0
04-06 02:12:37.854 D/SurfaceUtils( 1193): disconnecting from surface 0xe4380018, reason disconnectNativeWindow
04-06 02:12:37.856 I/MediaFocusControl( 1508): abandonAudioFocus() from uid/pid 1000/2648 clientId=android.media.AudioManager@22af96b
04-06 02:12:37.856 D/Avrcp_ext( 2345): AudioManager Player: AudioPlaybackConfiguration piid:103 deviceId:0 type:android.media.SoundPool u/pid:10078/2363 state:idle attr:AudioAttributes: usage=USAGE_ASSISTANCE_SONIFICATION content=CONTENT_TYPE_SONIFICATION flags=0x800 tags= bundle=null sessionId:0
04-06 02:12:37.856 D/Avrcp_ext( 2345): AudioManager Player: AudioPlaybackConfiguration piid:119 deviceId:0 type:android.media.SoundPool u/pid:1000/2562 state:idle attr:AudioAttributes: usage=USAGE_ASSISTANCE_SONIFICATION content=CONTENT_TYPE_SONIFICATION flags=0x801 tags= bundle=null sessionId:0
04-06 02:12:37.856 D/Avrcp_ext( 2345): AudioManager Player: AudioPlaybackConfiguration piid:455 deviceId:0 type:android.media.MediaPlayer u/pid:1000/2648 state:stopped attr:AudioAttributes: usage=USAGE_MEDIA content=CONTENT_TYPE_MOVIE flags=0x800 tags= bundle=null sessionId:121
04-06 02:12:37.856 D/Avrcp_ext( 2345): AudioManager Player: AudioPlaybackConfiguration piid:631 deviceId:0 type:android.media.MediaPlayer u/pid:1000/2648 state:idle attr:AudioAttributes: usage=USAGE_MEDIA content=CONTENT_TYPE_MOVIE flags=0x800 tags= bundle=null sessionId:129
04-06 02:12:37.856 D/Avrcp_ext( 2345): AudioManager Player: AudioPlaybackConfiguration piid:95 deviceId:0 type:android.media.SoundPool u/pid:1000/1508 state:idle attr:AudioAttributes: usage=USAGE_ASSISTANCE_SONIFICATION content=CONTENT_TYPE_SONIFICATION flags=0x800 tags= bundle=null sessionId:0
04-06 02:12:37.856 D/Avrcp_ext( 2345): AudioManager isPlaying: false, mAudioPlaybackIsActive = false
04-06 02:12:37.856 D/Avrcp_ext( 2345): AudioManager Reset Active Player
04-06 02:12:37.856 I/MediaFocusControl( 1508): requestAudioFocus() from uid/pid 1000/2648 AA=USAGE_MEDIA/CONTENT_TYPE_MOVIE clientId=android.media.AudioManager@22af96b callingPack=com.thundercomm.tcsetupwizard req=1 flags=0x0 sdk=31
04-06 02:12:37.856 I/AudioService.FadeOutManager( 1508): unfadeOutUid() uid:1000
04-06 02:12:37.857 I/MMParserExtractor( 1190): Created(0xb40000719fa58690)
04-06 02:12:37.858 D/Avrcp_ext( 2345): AudioManager Player: AudioPlaybackConfiguration piid:103 deviceId:0 type:android.media.SoundPool u/pid:10078/2363 state:idle attr:AudioAttributes: usage=USAGE_ASSISTANCE_SONIFICATION content=CONTENT_TYPE_SONIFICATION flags=0x800 tags= bundle=null sessionId:0
04-06 02:12:37.859 D/Avrcp_ext( 2345): AudioManager Player: AudioPlaybackConfiguration piid:119 deviceId:0 type:android.media.SoundPool u/pid:1000/2562 state:idle attr:AudioAttributes: usage=USAGE_ASSISTANCE_SONIFICATION content=CONTENT_TYPE_SONIFICATION flags=0x801 tags= bundle=null sessionId:0
04-06 02:12:37.859 D/Avrcp_ext( 2345): AudioManager Player: AudioPlaybackConfiguration piid:455 deviceId:0 type:android.media.MediaPlayer u/pid:1000/2648 state:stopped attr:AudioAttributes: usage=USAGE_MEDIA content=CONTENT_TYPE_MOVIE flags=0x800 tags= bundle=null sessionId:121
04-06 02:12:37.859 D/Avrcp_ext( 2345): AudioManager Player: AudioPlaybackConfiguration piid:631 deviceId:0 type:android.media.MediaPlayer u/pid:1000/2648 state:idle attr:AudioAttributes: usage=USAGE_MEDIA content=CONTENT_TYPE_MOVIE flags=0x800 tags= bundle=null sessionId:129
04-06 02:12:37.859 D/Avrcp_ext( 2345): AudioManager Player: AudioPlaybackConfiguration piid:95 deviceId:0 type:android.media.SoundPool u/pid:1000/1508 state:idle attr:AudioAttributes: usage=USAGE_ASSISTANCE_SONIFICATION content=CONTENT_TYPE_SONIFICATION flags=0x800 tags= bundle=null sessionId:0
04-06 02:12:37.859 D/Avrcp_ext( 2345): AudioManager Player: AudioPlaybackConfiguration piid:639 deviceId:0 type:android.media.MediaPlayer u/pid:1000/2648 state:idle attr:AudioAttributes: usage=USAGE_UNKNOWN content=CONTENT_TYPE_UNKNOWN flags=0x800 tags= bundle=null sessionId:249
04-06 02:12:37.859 D/Avrcp_ext( 2345): AudioManager isPlaying: false, mAudioPlaybackIsActive = false
04-06 02:12:37.859 D/Avrcp_ext( 2345): AudioManager Reset Active Player
04-06 02:12:37.860 D/MediaBufferGroup( 1190): creating MemoryDealer
04-06 02:12:37.860 I/adbd ( 3149): opening control endpoint /dev/usb-ffs/adb/ep0
04-06 02:12:37.862 I/adbd ( 3149): UsbFfsConnection constructed
04-06 02:12:37.862 I/adbd ( 3149): UsbFfs-monitor thread spawned
04-06 02:12:37.863 W/hpplay-java( 3295): [main]:IPManager:getActiveNets invalid networkInfo:null
04-06 02:12:37.863 I/hpplay-java( 3295): [main]:IPManager:getActiveNets eth0:false wifi:false mobile:false ap:false
04-06 02:12:37.863 I/hpplay-java( 3295): [main]:ServerTaskManager:get local ip:null
04-06 02:12:37.863 I/MMParserExtractor( 1190): Created(0xb40000719fa57890)
01-01 08:03:56.698 I/ ( 0): read descriptors
01-01 08:03:56.698 I/ ( 0): read strings
04-06 02:12:37.866 W/MediaProvider( 3483): Failed to fetch original file descriptor
04-06 02:12:37.866 W/MediaProvider( 3483): java.io.FileNotFoundException: Input file descriptor is already original
04-06 02:12:37.866 W/MediaProvider( 3483): at com.android.providers.media.MediaProvider.getOriginalMediaFormatFileDescriptor(MediaProvider.java:5718)
04-06 02:12:37.866 W/MediaProvider( 3483): at com.android.providers.media.MediaProvider.openTypedAssetFileCommon(MediaProvider.java:7134)
04-06 02:12:37.866 W/MediaProvider( 3483): at com.android.providers.media.MediaProvider.openTypedAssetFile(MediaProvider.java:7115)
04-06 02:12:37.866 W/MediaProvider( 3483): at android.content.ContentProvider$Transport.openTypedAssetFile(ContentProvider.java:548)
04-06 02:12:37.866 W/MediaProvider( 3483): at android.content.ContentProviderNative.onTransact(ContentProviderNative.java:327)
04-06 02:12:37.866 W/MediaProvider( 3483): at android.os.Binder.execTransactInternal(Binder.java:1179)
04-06 02:12:37.866 W/MediaProvider( 3483): at android.os.Binder.execTransact(Binder.java:1143)
04-06 02:12:37.867 D/NuPlayerDriver( 1193): NuPlayerDriver(0xe4f80510) created, clientPid(2648)
04-06 02:12:37.872 I/ExtendedNuUtils( 1193): printFileName fd(8) -> /system_ext/app/TCSetupWizard/TCSetupWizard.apk
04-06 02:12:37.873 D/SurfaceUtils( 1193): connecting to surface 0xe438e2c8, reason setVideoSurfaceTexture
04-06 02:12:37.873 D/NuPlayer( 1193): onSetVideoSurface(0xe4380010, no video decoder)
04-06 02:12:37.874 D/Avrcp_ext( 2345): AudioManager Player: AudioPlaybackConfiguration piid:103 deviceId:0 type:android.media.SoundPool u/pid:10078/2363 state:idle attr:AudioAttributes: usage=USAGE_ASSISTANCE_SONIFICATION content=CONTENT_TYPE_SONIFICATION flags=0x800 tags= bundle=null sessionId:0
04-06 02:12:37.874 D/Avrcp_ext( 2345): AudioManager Player: AudioPlaybackConfiguration piid:119 deviceId:0 type:android.media.SoundPool u/pid:1000/2562 state:idle attr:AudioAttributes: usage=USAGE_ASSISTANCE_SONIFICATION content=CONTENT_TYPE_SONIFICATION flags=0x801 tags= bundle=null sessionId:0
04-06 02:12:37.875 D/Avrcp_ext( 2345): AudioManager Player: AudioPlaybackConfiguration piid:455 deviceId:0 type:android.media.MediaPlayer u/pid:1000/2648 state:stopped attr:AudioAttributes: usage=USAGE_MEDIA content=CONTENT_TYPE_MOVIE flags=0x800 tags= bundle=null sessionId:121
04-06 02:12:37.875 D/Avrcp_ext( 2345): AudioManager Player: AudioPlaybackConfiguration piid:631 deviceId:0 type:android.media.MediaPlayer u/pid:1000/2648 state:idle attr:AudioAttributes: usage=USAGE_MEDIA content=CONTENT_TYPE_MOVIE flags=0x800 tags= bundle=null sessionId:129
04-06 02:12:37.875 D/Avrcp_ext( 2345): AudioManager Player: AudioPlaybackConfiguration piid:95 deviceId:0 type:android.media.SoundPool u/pid:1000/1508 state:idle attr:AudioAttributes: usage=USAGE_ASSISTANCE_SONIFICATION content=CONTENT_TYPE_SONIFICATION flags=0x800 tags= bundle=null sessionId:0
04-06 02:12:37.875 D/Avrcp_ext( 2345): AudioManager Player: AudioPlaybackConfiguration piid:639 deviceId:0 type:android.media.MediaPlayer u/pid:1000/2648 state:idle attr:AudioAttributes: usage=USAGE_MEDIA content=CONTENT_TYPE_MOVIE flags=0x800 tags= bundle=null sessionId:249
04-06 02:12:37.875 D/Avrcp_ext( 2345): AudioManager isPlaying: false, mAudioPlaybackIsActive = false
04-06 02:12:37.875 D/Avrcp_ext( 2345): AudioManager Reset Active Player
04-06 02:12:37.876 D/GenericSource( 1193): FileSource remote
04-06 02:12:37.876 D/MediaPlayerNative( 2648): getMetadata
04-06 02:12:37.877 I/MicroServiceManager( 1508): requestResult(requestAudioFocus) parameters is{"functionInfo":{"IDCM_AudioFocus":"AudioFocus_Media"}}.
04-06 02:12:37.877 I/GenericSource( 1193): start
04-06 02:12:37.878 E/MicroService( 2581): Client is not connected.
04-06 02:12:37.878 E/MicroService( 2581): Client is not connected.
04-06 02:12:37.880 I/MMParserExtractor( 1190): Created(0xb40000719fa57b30)
04-06 02:12:37.881 W/NuPlayer( 1193): instantiateDecoder: getFormat called when source is gone or not set
04-06 02:12:37.886 I/OMXClient( 1193): IOmx service obtained
04-06 02:12:37.886 D/MediaBufferGroup( 1190): creating MemoryDealer
04-06 02:12:37.886 I/OMXMaster( 1209): makeComponentInstance(OMX.qcom.video.decoder.avc) in android.hardwar process
01-01 08:03:56.733 I/msm_vidc( 0): high: 00000002: ....d: Opening video instance: 0000000000000000, 1
04-06 02:12:37.892 E/android.hardware.media.omx@1.0-service( 1209): Service not available yet
01-01 08:03:56.733 I/msm_vidc( 0): err : 00000002: ....d: Failed to create debugfs for msm_vidc
04-06 02:12:37.893 D/PlatformConfig( 1209): getInstance: Enter
04-06 02:12:37.893 D/PlatformConfig( 1209): getConfigStoreBool: vpp/enable=false, returning false
04-06 02:12:37.895 D/PlatformConfig( 1209): getInstance: Enter
04-06 02:12:37.895 D/PlatformConfig( 1209): getInt32 Config name: vidc_dec_log_in value: 0
04-06 02:12:37.895 D/PlatformConfig( 1209): getInstance: Enter
04-06 02:12:37.895 D/PlatformConfig( 1209): getInt32 Config name: vidc_dec_log_out value: 0
04-06 02:12:37.895 D/PlatformConfig( 1209): getInstance: Enter
04-06 02:12:37.895 D/PlatformConfig( 1209): getInt32 Config name: vidc_dec_sec_prefetch_size_internal value: 209715200
04-06 02:12:37.895 D/PlatformConfig( 1209): getInstance: Enter
04-06 02:12:37.895 D/PlatformConfig( 1209): getInt32 Config name: vidc_dec_sec_prefetch_size_output value: 13434880
04-06 02:12:37.895 D/PlatformConfig( 1209): getInstance: Enter
04-06 02:12:37.895 D/PlatformConfig( 1209): getInt32 Config name: vidc_perf_control_enable value: 0
04-06 02:12:37.895 D/PlatformConfig( 1209): getInstance: Enter
04-06 02:12:37.895 D/PlatformConfig( 1209): getInt32 Config name: vidc_dec_thumbnail_yuv_output value: 0
04-06 02:12:37.895 D/PlatformConfig( 1209): getInstance: Enter
04-06 02:12:37.895 D/PlatformConfig( 1209): getInt32: Returning default
04-06 02:12:37.895 D/PlatformConfig( 1209): getInstance: Enter
04-06 02:12:37.895 D/PlatformConfig( 1209): getInt32 Config name: vidc_dec_output_rate value: 120
04-06 02:12:37.895 I/OMX-VDEC-1080P( 1209): component_init: OMX.qcom.video.decoder.avc : fd=33
04-06 02:12:37.896 E/OMX-VDEC-1080P( 1209): Unsupported output color format for c2d (2141391876)
04-06 02:12:37.896 E/OMX-VDEC-1080P( 1209): Setting color format failed
04-06 02:12:37.897 D/PlatformConfig( 1209): getInstance: Enter
04-06 02:12:37.897 D/PlatformConfig( 1209): getInt32: Returning default
04-06 02:12:37.897 D/PlatformConfig( 1209): getInstance: Enter
04-06 02:12:37.897 D/PlatformConfig( 1209): getInt32: Returning default
04-06 02:12:37.897 I/OMX-VDEC-1080P( 1209): omx_vdec::component_init() success : fd=33
04-06 02:12:37.898 D/SurfaceUtils( 1193): disconnecting from surface 0xe438b068, reason onConfigure
04-06 02:12:37.898 D/SurfaceUtils( 1193): connecting to surface 0xe438b068, reason connectToSurface
04-06 02:12:37.898 I/MediaCodec( 1193): [OMX.qcom.video.decoder.avc] setting surface generation to 1221646
04-06 02:12:37.898 D/SurfaceUtils( 1193): disconnecting from surface 0xe438b068, reason connectToSurface(reconnect)
04-06 02:12:37.899 D/SurfaceUtils( 1193): connecting to surface 0xe438b068, reason connectToSurface(reconnect)
04-06 02:12:37.899 E/OMX-VDEC-1080P( 1209): Extension: OMX.google.android.index.storeANWBufferInMetadata not implemented
04-06 02:12:37.899 E/OMX-VDEC-1080P( 1209): Extension: OMX.google.android.index.configureVideoTunnelMode not implemented
04-06 02:12:37.899 E/OMX-VDEC-1080P( 1209): Extension: OMX.google.android.index.useAndroidNativeBuffer is supported
04-06 02:12:37.899 E/OMX-VDEC-1080P( 1209): get_parameter: unknown param 7f000046
04-06 02:12:37.899 E/OMXNodeInstance( 1209): getParameter(0xe9250024:qcom.decoder.avc, ??(0x7f000046)) ERROR: UnsupportedIndex(0x8000101a)
04-06 02:12:37.901 D/MediaPlayerNative( 2648): getMetadata
04-06 02:12:37.901 E/OMX-VDEC-1080P( 1209): set_parameter: Error: 0x80001019, setting param 0x7f00005d
04-06 02:12:37.901 E/OMXNodeInstance( 1209): setParameter(0xe9250024:qcom.decoder.avc, OMX.google.android.index.allocateNativeHandle(0x7f00005d): Output:1 en=0) ERROR: UnsupportedSetting(0x80001019)
04-06 02:12:37.901 E/OMX-VDEC-1080P( 1209): Extension: OMX.google.android.index.storeANWBufferInMetadata not implemented
04-06 02:12:37.901 E/OMX-VDEC-1080P( 1209): get_parameter: unknown param 6f600011
04-06 02:12:37.901 E/OMXNodeInstance( 1209): getParameter(0xe9250024:qcom.decoder.avc, ??(0x6f600011)) ERROR: UnsupportedIndex(0x8000101a)
04-06 02:12:37.901 I/ExtendedACodec( 1193): setupVideoDecoder()
04-06 02:12:37.902 I/GenericSource( 1193): start
04-06 02:12:37.903 I/ExtendedACodec( 1193): Decoder will be in frame by frame mode
04-06 02:12:37.903 E/OMX-VDEC-1080P( 1209): Setparameter: unknown param 2130706434
04-06 02:12:37.903 E/OMX-VDEC-1080P( 1209): set_parameter: Error: 0x8000101a, setting param 0x7f000002
04-06 02:12:37.903 E/OMXNodeInstance( 1209): setParameter(0xe9250024:qcom.decoder.avc, ??(0x7f000002)) ERROR: UnsupportedIndex(0x8000101a)
04-06 02:12:37.903 W/ExtendedACodec( 1193): Failed to set frame packing format on component
04-06 02:12:37.904 W/NuPlayer( 1193): instantiateDecoder: getFormat called when source is gone or not set
04-06 02:12:37.905 E/OMXNodeInstance( 1209): getConfig(0xe9250024:qcom.decoder.avc, ??(0x7f000062)) ERROR: UnsupportedSetting(0x80001019)
04-06 02:12:37.907 I/OMXClient( 1193): IOmx service obtained
04-06 02:12:37.907 I/OMXMaster( 1209): makeComponentInstance(OMX.qcom.video.decoder.avc) in android.hardwar process
04-06 02:12:37.907 I/MediaCodec( 1193): MediaCodec will operate in async mode
04-06 02:12:37.908 D/MediaCodec( 1193): keep callback message for reclaim
04-06 02:12:37.912 E/android.hardware.media.omx@1.0-service( 1209): Service not available yet
04-06 02:12:37.914 D/PlatformConfig( 1209): getInstance: Enter
04-06 02:12:37.914 D/PlatformConfig( 1209): getConfigStoreBool: vpp/enable=false, returning false
04-06 02:12:37.915 D/PlatformConfig( 1209): getInstance: Enter
04-06 02:12:37.915 D/PlatformConfig( 1209): getInt32 Config name: vidc_dec_log_in value: 0
04-06 02:12:37.915 D/PlatformConfig( 1209): getInstance: Enter
04-06 02:12:37.915 D/PlatformConfig( 1209): getInt32 Config name: vidc_dec_log_out value: 0
04-06 02:12:37.915 D/PlatformConfig( 1209): getInstance: Enter
04-06 02:12:37.915 D/PlatformConfig( 1209): getInt32 Config name: vidc_dec_sec_prefetch_size_internal value: 209715200
04-06 02:12:37.915 D/PlatformConfig( 1209): getInstance: Enter
04-06 02:12:37.915 D/PlatformConfig( 1209): getInt32 Config name: vidc_dec_sec_prefetch_size_output value: 13434880
04-06 02:12:37.915 D/PlatformConfig( 1209): getInstance: Enter
04-06 02:12:37.915 D/PlatformConfig( 1209): getInt32 Config name: vidc_perf_control_enable value: 0
04-06 02:12:37.915 D/PlatformConfig( 1209): getInstance: Enter
04-06 02:12:37.915 D/PlatformConfig( 1209): getInt32 Config name: vidc_dec_thumbnail_yuv_output value: 0
04-06 02:12:37.915 D/PlatformConfig( 1209): getInstance: Enter
04-06 02:12:37.915 D/PlatformConfig( 1209): getInt32: Returning default
04-06 02:12:37.915 D/PlatformConfig( 1209): getInstance: Enter
04-06 02:12:37.916 D/PlatformConfig( 1209): getInt32 Config name: vidc_dec_output_rate value: 120
04-06 02:12:37.916 E/OMX-VDEC-1080P( 1209): Extension: OMX.google.android.index.AndroidNativeBufferConsumerUsage not implemented
01-01 08:03:56.753 I/msm_vidc( 0): high: 00000003: ....d: Opening video instance: 0000000000000000, 1
01-01 08:03:56.753 I/msm_vidc( 0): err : 00000003: ....d: Failed to create debugfs for msm_vidc
04-06 02:12:37.916 I/OMX-VDEC-1080P( 1209): component_init: OMX.qcom.video.decoder.avc : fd=60
04-06 02:12:37.916 E/OMX-VDEC-1080P( 1209): Unsupported output color format for c2d (2141391876)
04-06 02:12:37.916 E/OMX-VDEC-1080P( 1209): Setting color format failed
04-06 02:12:37.916 D/SurfaceUtils( 1193): set up nativeWindow 0xe438b068 for 1920x1080, color 0x7fa30c06, rotation 0, usage 0x20402900
04-06 02:12:37.917 D/PlatformConfig( 1209): getInstance: Enter
04-06 02:12:37.917 D/PlatformConfig( 1209): getInt32: Returning default
04-06 02:12:37.917 D/PlatformConfig( 1209): getInstance: Enter
04-06 02:12:37.917 D/PlatformConfig( 1209): getInt32: Returning default
04-06 02:12:37.917 I/OMX-VDEC-1080P( 1209): omx_vdec::component_init() success : fd=60
04-06 02:12:37.919 W/ResourceManagerService( 1193): Ignoring request to add new resource entry with value <= 0
04-06 02:12:37.920 W/MediaCodec( 1193): mapFormat: no mediaType information
04-06 02:12:37.920 D/SurfaceUtils( 1193): disconnecting from surface 0xe4380018, reason onConfigure
04-06 02:12:37.920 D/SurfaceUtils( 1193): connecting to surface 0xe4380018, reason connectToSurface
04-06 02:12:37.921 I/MediaCodec( 1193): [OMX.qcom.video.decoder.avc] setting surface generation to 1221647
04-06 02:12:37.921 D/SurfaceUtils( 1193): disconnecting from surface 0xe4380018, reason connectToSurface(reconnect)
04-06 02:12:37.921 D/SurfaceUtils( 1193): connecting to surface 0xe4380018, reason connectToSurface(reconnect)
04-06 02:12:37.922 E/OMX-VDEC-1080P( 1209): Extension: OMX.google.android.index.storeANWBufferInMetadata not implemented
04-06 02:12:37.922 E/OMX-VDEC-1080P( 1209): Extension: OMX.google.android.index.configureVideoTunnelMode not implemented
04-06 02:12:37.922 E/OMX-VDEC-1080P( 1209): Extension: OMX.google.android.index.useAndroidNativeBuffer is supported
04-06 02:12:37.922 E/OMX-VDEC-1080P( 1209): get_parameter: unknown param 7f000046
04-06 02:12:37.922 E/OMXNodeInstance( 1209): getParameter(0xe9260034:qcom.decoder.avc, ??(0x7f000046)) ERROR: UnsupportedIndex(0x8000101a)
04-06 02:12:37.923 E/OMX-VDEC-1080P( 1209): set_parameter: Error: 0x80001019, setting param 0x7f00005d
04-06 02:12:37.923 E/OMXNodeInstance( 1209): setParameter(0xe9260034:qcom.decoder.avc, OMX.google.android.index.allocateNativeHandle(0x7f00005d): Output:1 en=0) ERROR: UnsupportedSetting(0x80001019)
04-06 02:12:37.923 E/OMX-VDEC-1080P( 1209): Extension: OMX.google.android.index.storeANWBufferInMetadata not implemented
04-06 02:12:37.923 E/OMX-VDEC-1080P( 1209): get_parameter: unknown param 6f600011
04-06 02:12:37.923 E/OMXNodeInstance( 1209): getParameter(0xe9260034:qcom.decoder.avc, ??(0x6f600011)) ERROR: UnsupportedIndex(0x8000101a)
04-06 02:12:37.923 I/ExtendedACodec( 1193): setupVideoDecoder()
04-06 02:12:37.925 I/ExtendedACodec( 1193): Decoder will be in frame by frame mode
04-06 02:12:37.925 E/OMX-VDEC-1080P( 1209): Setparameter: unknown param 2130706434
04-06 02:12:37.925 E/OMX-VDEC-1080P( 1209): set_parameter: Error: 0x8000101a, setting param 0x7f000002
04-06 02:12:37.925 E/OMXNodeInstance( 1209): setParameter(0xe9260034:qcom.decoder.avc, ??(0x7f000002)) ERROR: UnsupportedIndex(0x8000101a)
04-06 02:12:37.925 W/ExtendedACodec( 1193): Failed to set frame packing format on component
04-06 02:12:37.927 E/OMXNodeInstance( 1209): getConfig(0xe9260034:qcom.decoder.avc, ??(0x7f000062)) ERROR: UnsupportedSetting(0x80001019)
04-06 02:12:37.929 I/MediaCodec( 1193): MediaCodec will operate in async mode
04-06 02:12:37.929 D/MediaCodec( 1193): keep callback message for reclaim
04-06 02:12:37.933 I/mpu_uart( 651): [MSG-P:RECV]:No message received in 1000 ms
04-06 02:12:37.933 E/OMXNodeInstance( 1209): getConfig(0xe9250024:qcom.decoder.avc, ??(0x7f000062)) ERROR: UnsupportedSetting(0x80001019)
04-06 02:12:37.935 E/OMX-VDEC-1080P( 1209): Extension: OMX.google.android.index.AndroidNativeBufferConsumerUsage not implemented
04-06 02:12:37.935 D/SurfaceUtils( 1193): set up nativeWindow 0xe4380018 for 1920x1080, color 0x7fa30c06, rotation 0, usage 0x20402900
04-06 02:12:37.939 W/ResourceManagerService( 1193): Ignoring request to add new resource entry with value <= 0
04-06 02:12:37.940 W/MediaCodec( 1193): mapFormat: no mediaType information
04-06 02:12:37.941 E/OMX-VDEC-1080P( 1209): Extension: OMX.google.android.index.AndroidNativeBufferConsumerUsage not implemented
04-06 02:12:37.942 D/SurfaceUtils( 1193): set up nativeWindow 0xe438b068 for 1920x1088, color 0x7fa30c06, rotation 0, usage 0x20402900
04-06 02:12:37.950 E/OMXNodeInstance( 1209): getConfig(0xe9260034:qcom.decoder.avc, ??(0x7f000062)) ERROR: UnsupportedSetting(0x80001019)
04-06 02:12:37.953 E/OMXNodeInstance( 1209): getConfig(0xe9250024:qcom.decoder.avc, ??(0x7f000062)) ERROR: UnsupportedSetting(0x80001019)
04-06 02:12:37.954 I/NuPlayerRenderer( 1193): Initializing video frame scheduler with 26.000000 fps
04-06 02:12:37.955 W/MediaPlayerNative( 2648): info/warning (3, 0)
04-06 02:12:37.956 E/OMX-VDEC-1080P( 1209): Extension: OMX.QTI.index.config.video.getdsmode not implemented
04-06 02:12:37.956 E/OMX-VDEC-1080P( 1209): Extension: OMX.google.android.index.AndroidNativeBufferConsumerUsage not implemented
04-06 02:12:37.957 D/SurfaceUtils( 1193): set up nativeWindow 0xe4380018 for 1920x1088, color 0x7fa30c06, rotation 0, usage 0x20402900
04-06 02:12:37.969 E/OMXNodeInstance( 1209): getConfig(0xe9260034:qcom.decoder.avc, ??(0x7f000062)) ERROR: UnsupportedSetting(0x80001019)
04-06 02:12:37.969 I/NuPlayerRenderer( 1193): Initializing video frame scheduler with 26.000000 fps
04-06 02:12:37.970 W/MediaPlayerNative( 2648): info/warning (3, 0)
04-06 02:12:37.970 E/OMX-VDEC-1080P( 1209): Extension: OMX.QTI.index.config.video.getdsmode not implemented
04-06 02:12:37.983 D/NuPlayerDriver( 1193): reset(0xe4f80b50) at state 8
04-06 02:12:37.998 I/OMX-VDEC-1080P( 1209): omx_vdec::component_deinit() complete
01-01 08:03:56.836 I/msm_vidc( 0): high: 00000001: h264d: Closed video instance: 0000000000000000
04-06 02:12:37.999 I/OMX-VDEC-1080P( 1209): Exit OMX vdec Destructor: fd=7
04-06 02:12:38.001 D/SurfaceUtils( 1193): disconnecting from surface 0xe4389738, reason disconnectFromSurface
04-06 02:12:38.003 D/SurfaceUtils( 1193): connecting to surface 0xe4389738, reason onShutdown
04-06 02:12:38.006 D/NuPlayerDriver( 1193): notifyResetComplete(0xe4f80b50)
04-06 02:12:38.006 D/NuPlayerDriver( 1193): reset(0xe4f80b50) at state 0
04-06 02:12:38.006 D/SurfaceUtils( 1193): disconnecting from surface 0xe4384ba8, reason disconnectNativeWindow
04-06 02:12:38.007 W/AMessage( 1193): failed to post message as target looper for handler 175 is gone.
04-06 02:12:38.007 W/AMessage( 1193): failed to post message as target looper for handler 0 is gone.
04-06 02:12:38.008 I/MediaFocusControl( 1508): abandonAudioFocus() from uid/pid 1000/2648 clientId=android.media.AudioManager@22af96b
04-06 02:12:38.023 I/mpu_uart( 651): [MSG-P:R]:recv sync frame timeout
01-01 08:03:57.061 E/DTC_ETH,link_delay_work_func( 0): 3003, SQI=0, link=0
04-06 02:12:38.478 W/AudioIDCMicroNegotiator( 1508): idcm_warn: timeout for obtainFocusState: RequestInfosToIDCM{mPid=2648, mUid=1000}
04-06 02:12:38.478 D/MediaFocusControl( 1508): audio_idcm: updateCurrentAudioFocus: mFocusStack is null, return
04-06 02:12:38.478 W/AudioService.PlaybackActivityMonitor( 1508): idcm_warn: ====rejected by IDCM: PLAYER_STATE_STARTED
04-06 02:12:38.479 D/NuPlayerDriver( 1193): stop(0xe4f80970)
04-06 02:12:38.479 I/MicroServiceManager( 1508): requestResult(requestAudioFocus) parameters is{"functionInfo":{"IDCM_AudioFocus":"AudioFocus_Media"}}.
04-06 02:12:38.479 E/MicroService( 2581): Client is not connected.
04-06 02:12:38.480 E/MicroService( 2581): Client is not connected.
04-06 02:12:38.831 D/TcSetupSecondActivity( 2648): do finishTcSetup
04-06 02:12:38.834 D/ActivityTrigger( 1508): ActivityTrigger activityPauseTrigger
04-06 02:12:38.839 I/ActivityTaskManager( 1508): FOREGROUND_APPLICATION_CHANGED to com.thundercomm.tcsetupwizard.TcSetupStartActivity
04-06 02:12:38.846 D/TcSetupStartActivity( 2648): onActivityResult() requestCode = 60 | resultCode = -1
04-06 02:12:38.846 D/TcSetupStartActivity( 2648): do finishTCSetup
04-06 02:12:38.846 D/ActivityTrigger( 1508): ActivityTrigger activityPauseTrigger
04-06 02:12:38.855 I/ActivityTaskManager( 1508): FOREGROUND_APPLICATION_CHANGED to com.android.provision.DefaultActivity
04-06 02:12:38.863 W/adbd ( 3149): timed out while waiting for FUNCTIONFS_BIND, trying again
04-06 02:12:38.863 I/adbd ( 3149): UsbFfs: connection terminated: monitor thread finished
04-06 02:12:38.864 I/adbd ( 3149): UsbFfs: already offline
04-06 02:12:38.864 I/adbd ( 3149): destroying transport UsbFfs
04-06 02:12:38.864 I/adbd ( 3149): UsbFfsConnection being destroyed
04-06 02:12:38.864 I/GameMode_ActivityMonitoringService( 2562): onActivityLaunch: com.android.provision, isGameApp: false
04-06 02:12:38.865 W/hpplay-java( 3295): [main]:IPManager:getActiveNets invalid networkInfo:null
04-06 02:12:38.865 I/hpplay-java( 3295): [main]:IPManager:getActiveNets eth0:false wifi:false mobile:false ap:false
04-06 02:12:38.865 I/hpplay-java( 3295): [main]:ServerTaskManager:get local ip:null
04-06 02:12:38.868 I/BpBinder( 1003): onLastStrongRef automatically unlinking death recipients:
04-06 02:12:38.868 D/GameModeIF_GameModeSettings( 2562): getUriFor setting_content_uri_root = content://com.thundercomm.gamemode.api/gamemode_settings , name = gamemode_enable
04-06 02:12:38.871 D/Provision( 3467): onActivityResult(): request=50, result=RESULT_OK(-1), data=null
04-06 02:12:38.871 D/Provision( 3467): onTCSetupResult resultCode = -1
04-06 02:12:38.871 I/Provision( 3467): Setting provisioning state
04-06 02:12:38.884 I/adbd ( 3149): opening control endpoint /dev/usb-ffs/adb/ep0
04-06 02:12:38.885 I/adbd ( 3149): UsbFfsConnection constructed
01-01 08:03:57.722 I/ ( 0): read descriptors
01-01 08:03:57.722 I/ ( 0): read strings
04-06 02:12:38.888 I/Provision( 3467): Disabling itself (ComponentInfo{com.android.provision/com.android.provision.DefaultActivity})
04-06 02:12:38.890 I/adbd ( 3149): UsbFfs-monitor thread spawned
04-06 02:12:38.890 D/ActivityTrigger( 1508): ActivityTrigger activityPauseTrigger
04-06 02:12:38.891 D/DeviceProvisionedControllerImpl( 2363): Setting change: content://settings/global/device_provisioned
04-06 02:12:38.898 I/ActivityTaskManager( 1508): START u0 {act=android.intent.action.MAIN cat=[android.intent.category.HOME] flg=0x10000100 cmp=com.android.launcher3/.uioverrides.QuickstepLauncher (has extras)} from uid 0
04-06 02:12:38.899 I/EventSequenceValidator( 1508): Transition from INTENT_FAILED to INTENT_STARTED
04-06 02:12:38.902 D/CompatibilityChangeReporter( 1508): Compat change id reported: 184838306; UID 10074; state: DISABLED
04-06 02:12:38.903 D/CompatibilityChangeReporter( 1508): Compat change id reported: 185004937; UID 10074; state: DISABLED
04-06 02:12:38.903 D/CompatibilityChangeReporter( 1508): Compat change id reported: 181136395; UID 10074; state: DISABLED
04-06 02:12:38.904 D/CompatibilityChangeReporter( 1508): Compat change id reported: 174042936; UID 10074; state: DISABLED
04-06 02:12:38.904 D/CompatibilityChangeReporter( 1508): Compat change id reported: 174042980; UID 10074; state: DISABLED
04-06 02:12:38.907 E/ANDR-PERF-JNI( 1508): com_qualcomm_qtiperformance_native_perf_io_prefetch_start
04-06 02:12:38.909 D/CompatibilityInfo( 1508): mCompatibilityFlags - 4
04-06 02:12:38.909 D/CompatibilityInfo( 1508): applicationDensity - 240
04-06 02:12:38.909 D/CompatibilityInfo( 1508): applicationScale - 1.0
04-06 02:12:38.909 I/ActivityTaskManager( 1508): FOREGROUND_APPLICATION_CHANGED to com.android.launcher3.uioverrides.QuickstepLauncher
04-06 02:12:38.909 I/ActivityTaskManager( 1508): The Process com.android.launcher3 Already Exists in BG. So sending its PID: 2826
04-06 02:12:38.910 D/CompatibilityInfo( 1508): mCompatibilityFlags - 4
04-06 02:12:38.910 D/CompatibilityInfo( 1508): applicationDensity - 240
04-06 02:12:38.910 D/CompatibilityInfo( 1508): applicationScale - 1.0
04-06 02:12:38.910 D/NavigationModeController( 2363): getCurrentUserContext: contextUser=0 currentUser=0
04-06 02:12:38.911 D/DeviceProvisionedControllerImpl( 2363): Setting change: content://settings/secure/user_setup_complete
04-06 02:12:38.912 E/ANDR-IOP( 842): io prefetch is disabled
04-06 02:12:38.912 D/StatusBar( 2363): mUserSetupObserver - DeviceProvisionedListener called for user 0
04-06 02:12:38.914 D/PinnerService( 1508): pinRangeStream: null
04-06 02:12:38.915 I/EventSequenceValidator( 1508): Transition from INTENT_STARTED to ACTIVITY_LAUNCHED
04-06 02:12:38.915 I/GameMode_ActivityMonitoringService( 2562): onActivityLaunch: com.android.launcher3, isGameApp: false
04-06 02:12:38.916 D/GameModeIF_GameModeSettings( 2562): getUriFor setting_content_uri_root = content://com.thundercomm.gamemode.api/gamemode_settings , name = gamemode_enable
04-06 02:12:38.921 D/PinnerService( 1508): pinRangeStream: null
04-06 02:12:38.921 D/PinnerService( 1508): pinRangeStream: null
04-06 02:12:38.927 I/AdrenoGLES-0( 2826): QUALCOMM build : 47421dbee6, I139f36ad46
04-06 02:12:38.927 I/AdrenoGLES-0( 2826): Build Date : 02/18/22
04-06 02:12:38.927 I/AdrenoGLES-0( 2826): OpenGL ES Shader Compiler Version: EV031.32.02.17
04-06 02:12:38.927 I/AdrenoGLES-0( 2826): Local Branch :
04-06 02:12:38.927 I/AdrenoGLES-0( 2826): Remote Branch :
04-06 02:12:38.927 I/AdrenoGLES-0( 2826): Remote Branch :
04-06 02:12:38.927 I/AdrenoGLES-0( 2826): Reconstruct Branch :
04-06 02:12:38.927 I/AdrenoGLES-0( 2826): Build Config : S P 10.0.7 AArch64
04-06 02:12:38.927 I/AdrenoGLES-0( 2826): Driver Path : /vendor/lib64/egl/libGLESv2_adreno.so
04-06 02:12:38.927 I/hwservicemanager( 507): getTransport: Cannot find entry android.hardware.graphics.mapper@4.0::IMapper/default in either framework or device VINTF manifest.
04-06 02:12:38.929 I/AdrenoGLES-0( 2826): PFP: 0x016dd093, ME: 0x00000000
04-06 02:12:38.933 I/mpu_uart( 651): [MSG-P:RECV]:No message received in 1000 ms
04-06 02:12:38.933 D/libEGL ( 2826): MSAA-->msaa:0 gamemode:0 4x_msaa:0
04-06 02:12:38.933 D/libEGL ( 2826): MSAA-->msaa:0 gamemode:0 4x_msaa:0
04-06 02:12:38.934 D/libEGL ( 2826): MSAA-->msaa:0 gamemode:0 4x_msaa:0
04-06 02:12:38.938 I/SDM ( 838): HWCDisplay::GetColorModeCount: Supported color mode count = 1
04-06 02:12:38.938 I/SDM ( 838): HWCDisplay::GetColorModes: Color mode = 0 is supported
04-06 02:12:38.938 E/HWComposer( 1003): getSupportedContentTypes: getSupportedContentTypes failed for display 4630946370410392961: Unsupported (8)
04-06 02:12:38.938 D/hw-ProcessState( 2826): Binder ioctl to enable oneway spam detection failed: Invalid argument
04-06 02:12:38.939 I/hwservicemanager( 507): getTransport: Cannot find entry android.hardware.graphics.mapper@4.0::IMapper/default in either framework or device VINTF manifest.
04-06 02:12:38.939 I/Gralloc4( 2826): mapper 4.x is not supported
04-06 02:12:38.940 I/hwservicemanager( 507): getTransport: Cannot find entry android.hardware.graphics.allocator@4.0::IAllocator/default in either framework or device VINTF manifest.
04-06 02:12:38.940 W/Gralloc4( 2826): allocator 4.x is not supported
01-01 08:03:57.776 I/binder ( 0): 2826:5049 ioctl 40046210 78b6016254 returned -22
04-06 02:12:38.948 E/FrameEvents( 2826): updateAcquireFence: Did not find frame.
04-06 02:12:38.949 E/FrameEvents( 2826): updateAcquireFence: Did not find frame.
04-06 02:12:38.951 E/FrameEvents( 2826): updateAcquireFence: Did not find frame.
04-06 02:12:38.951 E/FrameEvents( 2826): updateAcquireFence: Did not find frame.
04-06 02:12:38.964 D/DeviceProfile( 2826): updateIconDrawableOffset: folderIconSizePx=68
04-06 02:12:38.972 D/CompatibilityChangeReporter( 2826): Compat change id reported: 171228096; UID 10074; state: ENABLED
04-06 02:12:38.973 I/AdrenoGLES-0( 1508): QUALCOMM build : 47421dbee6, I139f36ad46
04-06 02:12:38.973 I/AdrenoGLES-0( 1508): Build Date : 02/18/22
04-06 02:12:38.973 I/AdrenoGLES-0( 1508): OpenGL ES Shader Compiler Version: EV031.32.02.17
04-06 02:12:38.973 I/AdrenoGLES-0( 1508): Local Branch :
04-06 02:12:38.973 I/AdrenoGLES-0( 1508): Remote Branch :
04-06 02:12:38.973 I/AdrenoGLES-0( 1508): Remote Branch :
04-06 02:12:38.973 I/AdrenoGLES-0( 1508): Reconstruct Branch :
04-06 02:12:38.973 I/AdrenoGLES-0( 1508): Build Config : S P 10.0.7 AArch64
04-06 02:12:38.973 I/AdrenoGLES-0( 1508): Driver Path : /vendor/lib64/egl/libGLESv2_adreno.so
04-06 02:12:38.974 I/hwservicemanager( 507): getTransport: Cannot find entry android.hardware.graphics.mapper@4.0::IMapper/default in either framework or device VINTF manifest.
04-06 02:12:38.975 I/AdrenoGLES-0( 1508): PFP: 0x016dd093, ME: 0x00000000
04-06 02:12:38.979 D/libEGL ( 1508): MSAA-->msaa:0 gamemode:0 4x_msaa:0
04-06 02:12:38.983 I/ThemeOverlayController( 2363): Allowing color events again
04-06 02:12:39.037 W/FreeFormWindowHelper( 1508): Current Display FreeFormTask is null
04-06 02:12:39.039 E/ThemeUtils( 2826): View class com.android.quickstep.views.ClearAllImageView is an AppCompat widget that can only be used with a Theme.AppCompat theme (or descendant).
04-06 02:12:39.049 D/EditModeHelper( 2826): setHotseatVisibility: 0
04-06 02:12:39.051 D/Launcher.Model( 2826): startLoader
04-06 02:12:39.051 D/Launcher.Model( 2826): java.lang.Exception
04-06 02:12:39.051 D/Launcher.Model( 2826): at com.android.launcher3.LauncherModel.startLoader(LauncherModel.java:353)
04-06 02:12:39.051 D/Launcher.Model( 2826): at com.android.launcher3.LauncherModel.addCallbacksAndLoad(LauncherModel.java:333)
04-06 02:12:39.051 D/Launcher.Model( 2826): at com.android.launcher3.Launcher.onCreate(Launcher.java:529)
04-06 02:12:39.051 D/Launcher.Model( 2826): at com.android.launcher3.BaseQuickstepLauncher.onCreate(BaseQuickstepLauncher.java:147)
04-06 02:12:39.051 D/Launcher.Model( 2826): at android.app.Activity.performCreate(Activity.java:8085)
04-06 02:12:39.051 D/Launcher.Model( 2826): at android.app.Activity.performCreate(Activity.java:8065)
04-06 02:12:39.051 D/Launcher.Model( 2826): at android.app.Instrumentation.callActivityOnCreate(Instrumentation.java:1330)
04-06 02:12:39.051 D/Launcher.Model( 2826): at android.app.ActivityThread.performLaunchActivity(ActivityThread.java:3609)
04-06 02:12:39.051 D/Launcher.Model( 2826): at android.app.ActivityThread.handleLaunchActivity(ActivityThread.java:3793)
04-06 02:12:39.051 D/Launcher.Model( 2826): at android.app.servertransaction.LaunchActivityItem.execute(LaunchActivityItem.java:103)
04-06 02:12:39.051 D/Launcher.Model( 2826): at android.app.servertransaction.TransactionExecutor.executeCallbacks(TransactionExecutor.java:135)
04-06 02:12:39.051 D/Launcher.Model( 2826): at android.app.servertransaction.TransactionExecutor.execute(TransactionExecutor.java:95)
04-06 02:12:39.051 D/Launcher.Model( 2826): at android.app.ActivityThread$H.handleMessage(ActivityThread.java:2211)
04-06 02:12:39.051 D/Launcher.Model( 2826): at android.os.Handler.dispatchMessage(Handler.java:106)
04-06 02:12:39.051 D/Launcher.Model( 2826): at android.os.Looper.loopOnce(Looper.java:201)
04-06 02:12:39.051 D/Launcher.Model( 2826): at android.os.Looper.loop(Looper.java:288)
04-06 02:12:39.051 D/Launcher.Model( 2826): at android.app.ActivityThread.main(ActivityThread.java:7880)
04-06 02:12:39.051 D/Launcher.Model( 2826): at java.lang.reflect.Method.invoke(Native Method)
04-06 02:12:39.051 D/Launcher.Model( 2826): at com.android.internal.os.RuntimeInit$MethodAndArgsCaller.run(RuntimeInit.java:548)
04-06 02:12:39.051 D/Launcher.Model( 2826): at com.android.internal.os.ZygoteInit.main(ZygoteInit.java:1009)
04-06 02:12:39.052 D/LoaderTask( 2826): loadWorkspace: loading default favorites
04-06 02:12:39.053 D/ActivityThread( 2826): Loading provider com.android.launcher3.settings: com.android.launcher3.LauncherProvider
04-06 02:12:39.055 D/TCServiceManager( 2826): add linkToDeath
04-06 02:12:39.055 D/TCServiceManager( 2826): TCServiceManager bind TcService, status=success
04-06 02:12:39.055 D/ProtectUartService( 2786): received RegisterListener token:LAUNCHER_VOLTAGE_PROTECT
04-06 02:12:39.056 D/LauncherProvider( 2826): call: method=load_default_favorites,arg=null,extras=null
04-06 02:12:39.060 D/TouchInteractionService( 2826): Touch service connected: user=0
04-06 02:12:39.061 D/LauncherProvider( 2826): loading default workspace
04-06 02:12:39.062 W/FreeFormWindowHelper( 1508): Current Display FreeFormTask is null
04-06 02:12:39.062 D/FreeWindowContainer( 2826): reloadTask: null
04-06 02:12:39.064 D/DefaultLayoutParser( 2826): Can't find widget provider: com.android.alarmclock.AnalogAppWidgetProvider
04-06 02:12:39.065 D/EditModeHelper( 2826): setHotseatVisibility: 0
04-06 02:12:39.065 E/AutoInstalls( 2826): Favorite not found: com.android.calendar/com.android.calendar.AllInOneActivity
04-06 02:12:39.065 E/AutoInstalls( 2826): Favorite not found: com.android.deskclock/com.android.deskclock.DeskClock
04-06 02:12:39.070 W/ServiceManager( 1003): Permission failure: android.permission.ACCESS_SURFACE_FLINGER from uid=10074 pid=2826
04-06 02:12:39.070 D/PermissionCache( 1003): checking android.permission.ACCESS_SURFACE_FLINGER for uid=10074 => denied (119 us)
04-06 02:12:39.070 D/PermissionCache( 1003): checking android.permission.ROTATE_SURFACE_FLINGER for uid=10074 => granted (85 us)
04-06 02:12:39.071 D/PermissionCache( 1003): checking android.permission.READ_FRAME_BUFFER for uid=10078 => granted (107 us)
04-06 02:12:39.072 W/FreeFormWindowHelper( 1508): Current Display FreeFormTask is null
04-06 02:12:39.078 W/View ( 2826): requestLayout() improperly called by com.android.launcher3.views.NoInsetView{936605c V.ED..... ......ID 0,0-342,1020 #7f09007c app:id/bg_hotseat} during layout: running second layout pass
04-06 02:12:39.079 W/AudioIDCMicroNegotiator( 1508): idcm_warn: timeout for obtainFocusState: RequestInfosToIDCM{mPid=2648, mUid=1000}
04-06 02:12:39.079 D/MediaFocusControl( 1508): audio_idcm: updateCurrentAudioFocus: mFocusStack is null, return
04-06 02:12:39.079 W/AudioService.PlaybackActivityMonitor( 1508): idcm_warn: ====rejected by IDCM: PLAYER_STATE_STARTED
04-06 02:12:39.080 D/NuPlayerDriver( 1193): stop(0xe4f80510)
04-06 02:12:39.080 D/Avrcp_ext( 2345): AudioManager Player: AudioPlaybackConfiguration piid:103 deviceId:0 type:android.media.SoundPool u/pid:10078/2363 state:idle attr:AudioAttributes: usage=USAGE_ASSISTANCE_SONIFICATION content=CONTENT_TYPE_SONIFICATION flags=0x800 tags= bundle=null sessionId:0
04-06 02:12:39.080 D/Avrcp_ext( 2345): AudioManager Player: AudioPlaybackConfiguration piid:119 deviceId:0 type:android.media.SoundPool u/pid:1000/2562 state:idle attr:AudioAttributes: usage=USAGE_ASSISTANCE_SONIFICATION content=CONTENT_TYPE_SONIFICATION flags=0x801 tags= bundle=null sessionId:0
04-06 02:12:39.080 D/Avrcp_ext( 2345): AudioManager Player: AudioPlaybackConfiguration piid:631 deviceId:0 type:android.media.MediaPlayer u/pid:1000/2648 state:idle attr:AudioAttributes: usage=USAGE_MEDIA content=CONTENT_TYPE_MOVIE flags=0x800 tags= bundle=null sessionId:129
04-06 02:12:39.080 D/Avrcp_ext( 2345): AudioManager Player: AudioPlaybackConfiguration piid:95 deviceId:0 type:android.media.SoundPool u/pid:1000/1508 state:idle attr:AudioAttributes: usage=USAGE_ASSISTANCE_SONIFICATION content=CONTENT_TYPE_SONIFICATION flags=0x800 tags= bundle=null sessionId:0
04-06 02:12:39.080 D/Avrcp_ext( 2345): AudioManager Player: AudioPlaybackConfiguration piid:639 deviceId:0 type:android.media.MediaPlayer u/pid:1000/2648 state:idle attr:AudioAttributes: usage=USAGE_MEDIA content=CONTENT_TYPE_MOVIE flags=0x800 tags= bundle=null sessionId:249
04-06 02:12:39.080 D/Avrcp_ext( 2345): AudioManager isPlaying: false, mAudioPlaybackIsActive = false
04-06 02:12:39.080 D/Avrcp_ext( 2345): AudioManager Reset Active Player
04-06 02:12:39.080 D/Avrcp_ext( 2345): AudioManager Player: AudioPlaybackConfiguration piid:103 deviceId:0 type:android.media.SoundPool u/pid:10078/2363 state:idle attr:AudioAttributes: usage=USAGE_ASSISTANCE_SONIFICATION content=CONTENT_TYPE_SONIFICATION flags=0x800 tags= bundle=null sessionId:0
04-06 02:12:39.080 D/Avrcp_ext( 2345): AudioManager Player: AudioPlaybackConfiguration piid:119 deviceId:0 type:android.media.SoundPool u/pid:1000/2562 state:idle attr:AudioAttributes: usage=USAGE_ASSISTANCE_SONIFICATION content=CONTENT_TYPE_SONIFICATION flags=0x801 tags= bundle=null sessionId:0
04-06 02:12:39.080 D/Avrcp_ext( 2345): AudioManager Player: AudioPlaybackConfiguration piid:631 deviceId:0 type:android.media.MediaPlayer u/pid:1000/2648 state:stopped attr:AudioAttributes: usage=USAGE_MEDIA content=CONTENT_TYPE_MOVIE flags=0x800 tags= bundle=null sessionId:129
04-06 02:12:39.080 D/Avrcp_ext( 2345): AudioManager Player: AudioPlaybackConfiguration piid:95 deviceId:0 type:android.media.SoundPool u/pid:1000/1508 state:idle attr:AudioAttributes: usage=USAGE_ASSISTANCE_SONIFICATION content=CONTENT_TYPE_SONIFICATION flags=0x800 tags= bundle=null sessionId:0
04-06 02:12:39.080 D/Avrcp_ext( 2345): AudioManager Player: AudioPlaybackConfiguration piid:639 deviceId:0 type:android.media.MediaPlayer u/pid:1000/2648 state:idle attr:AudioAttributes: usage=USAGE_MEDIA content=CONTENT_TYPE_MOVIE flags=0x800 tags= bundle=null sessionId:249
04-06 02:12:39.080 D/Avrcp_ext( 2345): AudioManager isPlaying: false, mAudioPlaybackIsActive = false
04-06 02:12:39.080 D/Avrcp_ext( 2345): AudioManager Reset Active Player
04-06 02:12:39.080 D/Avrcp_ext( 2345): AudioManager Player: AudioPlaybackConfiguration piid:103 deviceId:0 type:android.media.SoundPool u/pid:10078/2363 state:idle attr:AudioAttributes: usage=USAGE_ASSISTANCE_SONIFICATION content=CONTENT_TYPE_SONIFICATION flags=0x800 tags= bundle=null sessionId:0
04-06 02:12:39.080 D/Avrcp_ext( 2345): AudioManager Player: AudioPlaybackConfiguration piid:119 deviceId:0 type:android.media.SoundPool u/pid:1000/2562 state:idle attr:AudioAttributes: usage=USAGE_ASSISTANCE_SONIFICATION content=CONTENT_TYPE_SONIFICATION flags=0x801 tags= bundle=null sessionId:0
04-06 02:12:39.080 D/Avrcp_ext( 2345): AudioManager Player: AudioPlaybackConfiguration piid:631 deviceId:0 type:android.media.MediaPlayer u/pid:1000/2648 state:stopped attr:AudioAttributes: usage=USAGE_MEDIA content=CONTENT_TYPE_MOVIE flags=0x800 tags= bundle=null sessionId:129
04-06 02:12:39.080 D/Avrcp_ext( 2345): AudioManager Player: AudioPlaybackConfiguration piid:95 deviceId:0 type:android.media.SoundPool u/pid:1000/1508 state:idle attr:AudioAttributes: usage=USAGE_ASSISTANCE_SONIFICATION content=CONTENT_TYPE_SONIFICATION flags=0x800 tags= bundle=null sessionId:0
04-06 02:12:39.080 D/Avrcp_ext( 2345): AudioManager Player: AudioPlaybackConfiguration piid:639 deviceId:0 type:android.media.MediaPlayer u/pid:1000/2648 state:stopped attr:AudioAttributes: usage=USAGE_MEDIA content=CONTENT_TYPE_MOVIE flags=0x800 tags= bundle=null sessionId:249
04-06 02:12:39.080 D/Avrcp_ext( 2345): AudioManager isPlaying: false, mAudioPlaybackIsActive = false
04-06 02:12:39.080 D/Avrcp_ext( 2345): AudioManager Reset Active Player
04-06 02:12:39.085 W/DefaultLayoutParser( 2826): No preference or single system activity found for Intent { act=android.intent.action.MAIN cat=[android.intent.category.APP_EMAIL] }
04-06 02:12:39.086 W/DefaultLayoutParser( 2826): No preference or single system activity found for Intent { act=android.intent.action.VIEW dat=mailto: }
04-06 02:12:39.086 W/DefaultLayoutParser( 2826): No preference or single system activity found for Intent { act=android.intent.action.MAIN cat=[android.intent.category.APP_MARKET] }
04-06 02:12:39.086 W/DefaultLayoutParser( 2826): No preference or single system activity found for Intent { act=android.intent.action.VIEW dat=market://details?id=com.android.launcher }
04-06 02:12:39.091 E/ShortcutRequest( 2826): Failed to query for shortcuts
04-06 02:12:39.091 E/ShortcutRequest( 2826): java.lang.SecurityException: Caller can't access shortcut information
04-06 02:12:39.091 E/ShortcutRequest( 2826): at android.os.Parcel.createExceptionOrNull(Parcel.java:2425)
04-06 02:12:39.091 E/ShortcutRequest( 2826): at android.os.Parcel.createException(Parcel.java:2409)
04-06 02:12:39.091 E/ShortcutRequest( 2826): at android.os.Parcel.readException(Parcel.java:2392)
04-06 02:12:39.091 E/ShortcutRequest( 2826): at android.os.Parcel.readException(Parcel.java:2334)
04-06 02:12:39.091 E/ShortcutRequest( 2826): at android.content.pm.ILauncherApps$Stub$Proxy.getShortcuts(ILauncherApps.java:1554)
04-06 02:12:39.091 E/ShortcutRequest( 2826): at android.content.pm.LauncherApps.getShortcuts(LauncherApps.java:1146)
04-06 02:12:39.091 E/ShortcutRequest( 2826): at com.android.launcher3.shortcuts.ShortcutRequest.query(ShortcutRequest.java:102)
04-06 02:12:39.091 E/ShortcutRequest( 2826): at com.android.launcher3.model.LoaderTask.loadWorkspace(LoaderTask.java:400)
04-06 02:12:39.091 E/ShortcutRequest( 2826): at com.android.launcher3.model.LoaderTask.loadWorkspace(LoaderTask.java:317)
04-06 02:12:39.091 E/ShortcutRequest( 2826): at com.android.launcher3.model.LoaderTask.run(LoaderTask.java:198)
04-06 02:12:39.091 E/ShortcutRequest( 2826): at android.os.Handler.handleCallback(Handler.java:938)
04-06 02:12:39.091 E/ShortcutRequest( 2826): at android.os.Handler.dispatchMessage(Handler.java:99)
04-06 02:12:39.091 E/ShortcutRequest( 2826): at android.os.Looper.loopOnce(Looper.java:201)
04-06 02:12:39.091 E/ShortcutRequest( 2826): at android.os.Looper.loop(Looper.java:288)
04-06 02:12:39.091 E/ShortcutRequest( 2826): at android.os.HandlerThread.run(HandlerThread.java:67)
04-06 02:12:39.091 E/ShortcutRequest( 2826): Caused by: android.os.RemoteException: Remote stack trace:
04-06 02:12:39.091 E/ShortcutRequest( 2826): at com.android.server.pm.LauncherAppsService$LauncherAppsImpl.ensureShortcutPermission(LauncherAppsService.java:784)
04-06 02:12:39.091 E/ShortcutRequest( 2826): at com.android.server.pm.LauncherAppsService$LauncherAppsImpl.getShortcuts(LauncherAppsService.java:824)
04-06 02:12:39.091 E/ShortcutRequest( 2826): at android.content.pm.ILauncherApps$Stub.onTransact(ILauncherApps.java:674)
04-06 02:12:39.091 E/ShortcutRequest( 2826): at android.os.Binder.execTransactInternal(Binder.java:1179)
04-06 02:12:39.091 E/ShortcutRequest( 2826): at android.os.Binder.execTransact(Binder.java:1143)
04-06 02:12:39.091 E/ShortcutRequest( 2826):
