04-06 02:12:58.083 W/pool-2-thread-1( 2963): type=1400 audit(0.0:503): avc: denied { search } for name="zram0" dev="sysfs" ino=56847 scontext=u:r:system_app:s0 tcontext=u:object_r:sysfs_zram:s0 tclass=dir permissive=0
04-06 02:12:58.088 D/AbstractBtDlgCtr( 2963): Unable to get current config index. Current codec Config is null.
04-06 02:12:58.089 D/AbstractBtDlgCtr( 2963): Unable to get current config index. Current codec Config is null.
04-06 02:12:58.090 W/ProcStatsManager( 2963): No process com.android.dynsystem:dynsystem/1000 for service com.android.dynsystem.DynamicSystemInstallationService
04-06 02:12:58.090 W/ProcStatsManager( 2963): No process com.android.providers.calendar/10022 for service com.android.providers.calendar.CalendarProviderJobService
04-06 02:12:58.090 W/ProcStatsManager( 2963): No process com.android.keychain/1000 for service com.android.keychain.KeyChainService
04-06 02:12:58.090 W/ProcStatsManager( 2963): No process com.android.gallery3d/10065 for service com.android.gallery3d.app.PackagesMonitor$AsyncService
04-06 02:12:58.090 W/ProcStatsManager( 2963): No process com.android.localtransport/1000 for service com.android.localtransport.LocalTransportService
04-06 02:12:58.090 W/ProcStatsManager( 2963): No process com.thundercomm.screensaver/10051 for service com.thundercomm.screensaver.service.SystemDream
04-06 02:12:58.090 W/ProcStatsManager( 2963): No process com.thundercomm.screensaver/10051 for service com.thundercomm.screensaver.microservice.service.ScreensaverService
04-06 02:12:58.090 W/ProcStatsManager( 2963): No process com.qti.ltebc/10075 for service com.qualcomm.ltebc.LTERootService
04-06 02:12:58.090 W/ProcStatsManager( 2963): No process com.qualcomm.qti.qms.service.trustzoneaccess/10056 for service com.qualcomm.qti.qms.service.trustzoneaccess.TZAccessService
04-06 02:12:58.090 W/ProcStatsManager( 2963): No process com.qualcomm.qtil.aptxui/10081 for service com.qualcomm.qtil.aptxui.aptxuiService
04-06 02:12:58.090 D/AbstractBtDlgCtr( 2963): Unable to get current config index. Current codec Config is null.
04-06 02:12:58.093 W/Settings( 2963): Setting bugreport_in_power_menu has moved from android.provider.Settings.Secure to android.provider.Settings.Global.
04-06 02:12:58.101 D/AbstractBtDlgCtr( 2963): Unable to get current config index. Current codec Config is null.
04-06 02:12:58.102 D/AbstractBtDlgCtr( 2963): Unable to get current config index. Current codec Config is null.
04-06 02:12:58.140 D/BluetoothA2dp( 2963): Proxy object connected
04-06 02:12:58.142 D/AbstractBtDlgCtr( 2963): Unable to get current codec config. No active device.
04-06 02:12:58.142 D/AbstractBtDlgCtr( 2963): Unable to get current config index. Current codec Config is null.
04-06 02:12:58.142 D/AbstractBtDlgCtr( 2963): Unable to get current codec config. No active device.
04-06 02:12:58.143 D/AbstractBtDlgCtr( 2963): Unable to get current codec config. No active device.
04-06 02:12:58.143 D/AbstractBtDlgCtr( 2963): Unable to get current config index. Current codec Config is null.
04-06 02:12:58.143 D/AbstractBtDlgCtr( 2963): Unable to get current codec config. No active device.
04-06 02:12:58.144 D/AbstractBtDlgCtr( 2963): Unable to get current codec config. No active device.
04-06 02:12:58.144 D/AbstractBtDlgCtr( 2963): Unable to get current config index. Current codec Config is null.
04-06 02:12:58.145 D/AbstractBtDlgCtr( 2963): Unable to get current codec config. No active device.
04-06 02:12:58.146 D/AbstractBtDlgCtr( 2963): Unable to get current codec config. No active device.
04-06 02:12:58.146 D/AbstractBtDlgCtr( 2963): Unable to get current config index. Current codec Config is null.
04-06 02:12:58.146 D/AbstractBtDlgCtr( 2963): Unable to get current codec config. No active device.
04-06 02:12:58.147 D/AbstractBtDlgCtr( 2963): Unable to get current codec config. No active device.
04-06 02:12:58.147 D/AbstractBtDlgCtr( 2963): Unable to get current codec config. No active device.
04-06 02:12:58.147 D/AbstractBtDlgCtr( 2963): Unable to get current config index. Current codec Config is null.
04-06 02:12:58.147 D/AbstractBtDlgCtr( 2963): Unable to get current codec config. No active device.
04-06 02:12:58.148 E/BtHDAudioCtr( 2963): Active device is null. To disable HD audio button
04-06 02:12:58.153 D/UsageGraph( 2963): No enabled state changed, skipping updateCategory call
04-06 02:12:58.238 W/adbd ( 3149): timed out while waiting for FUNCTIONFS_BIND, trying again
04-06 02:12:58.238 I/adbd ( 3149): UsbFfs: connection terminated: monitor thread finished
04-06 02:12:58.238 I/adbd ( 3149): UsbFfs: already offline
04-06 02:12:58.238 I/adbd ( 3149): destroying transport UsbFfs
04-06 02:12:58.238 I/adbd ( 3149): UsbFfsConnection being destroyed
04-06 02:12:58.256 I/adbd ( 3149): opening control endpoint /dev/usb-ffs/adb/ep0
04-06 02:12:58.258 I/adbd ( 3149): UsbFfsConnection constructed
04-06 02:12:58.258 I/adbd ( 3149): UsbFfs-monitor thread spawned
01-01 08:04:17.094 I/ ( 0): read descriptors
01-01 08:04:17.094 I/ ( 0): read strings
01-01 08:04:17.541 E/DTC_ETH,link_delay_work_func( 0): 3003, SQI=0, link=0
04-06 02:12:58.915 W/hpplay-java( 3295): [main]:IPManager:getActiveNets invalid networkInfo:null
04-06 02:12:58.915 I/hpplay-java( 3295): [main]:IPManager:getActiveNets eth0:false wifi:false mobile:false ap:false
04-06 02:12:58.915 I/hpplay-java( 3295): [main]:ServerTaskManager:get local ip:null
04-06 02:12:58.939 I/mpu_uart( 651): [MSG-P:RECV]:No message received in 1000 ms
04-06 02:12:58.986 W/InputManager-JNI( 1508): Input channel object '3dba865 Toast (client)' was disposed without first being removed with the input manager!
04-06 02:12:58.994 W/NotificationService( 1508): Toast already killed. pkg=com.android.settings token=android.os.BinderProxy@84d8b99
04-06 02:12:59.044 I/mpu_uart( 651): [MSG-P:R]:recv sync frame timeout
04-06 02:12:59.259 W/adbd ( 3149): timed out while waiting for FUNCTIONFS_BIND, trying again
04-06 02:12:59.259 I/adbd ( 3149): UsbFfs: connection terminated: monitor thread finished
04-06 02:12:59.259 I/adbd ( 3149): UsbFfs: already offline
04-06 02:12:59.260 I/adbd ( 3149): destroying transport UsbFfs
04-06 02:12:59.260 I/adbd ( 3149): UsbFfsConnection being destroyed
04-06 02:12:59.280 I/adbd ( 3149): opening control endpoint /dev/usb-ffs/adb/ep0
04-06 02:12:59.281 I/adbd ( 3149): UsbFfsConnection constructed
04-06 02:12:59.282 I/adbd ( 3149): UsbFfs-monitor thread spawned
01-01 08:04:18.118 I/ ( 0): read descriptors
01-01 08:04:18.118 I/ ( 0): read strings
04-06 02:12:59.918 W/hpplay-java( 3295): [main]:IPManager:getActiveNets invalid networkInfo:null
04-06 02:12:59.919 I/hpplay-java( 3295): [main]:IPManager:getActiveNets eth0:false wifi:false mobile:false ap:false
04-06 02:12:59.919 I/hpplay-java( 3295): [main]:ServerTaskManager:get local ip:null
04-06 02:12:59.939 I/mpu_uart( 651): [MSG-P:RECV]:No message received in 1000 ms
04-06 02:13:00.007 D/KeyguardUpdateMonitor( 2363): received broadcast android.intent.action.TIME_TICK
04-06 02:13:00.011 D/KeyguardUpdateMonitor( 2363): handleTimeUpdate
04-06 02:13:00.283 W/adbd ( 3149): timed out while waiting for FUNCTIONFS_BIND, trying again
04-06 02:13:00.283 I/adbd ( 3149): UsbFfs: connection terminated: monitor thread finished
04-06 02:13:00.283 I/adbd ( 3149): UsbFfs: already offline
04-06 02:13:00.284 I/adbd ( 3149): destroying transport UsbFfs
04-06 02:13:00.284 I/adbd ( 3149): UsbFfsConnection being destroyed
04-06 02:13:00.292 I/adbd ( 3149): opening control endpoint /dev/usb-ffs/adb/ep0
04-06 02:13:00.294 I/adbd ( 3149): UsbFfsConnection constructed
04-06 02:13:00.295 I/adbd ( 3149): UsbFfs-monitor thread spawned
01-01 08:04:19.130 I/ ( 0): read descriptors
01-01 08:04:19.130 I/ ( 0): read strings
04-06 02:13:00.921 W/hpplay-java( 3295): [main]:IPManager:getActiveNets invalid networkInfo:null
04-06 02:13:00.921 I/hpplay-java( 3295): [main]:IPManager:getActiveNets eth0:false wifi:false mobile:false ap:false
04-06 02:13:00.921 I/hpplay-java( 3295): [main]:ServerTaskManager:get local ip:null
04-06 02:13:00.939 I/mpu_uart( 651): [MSG-P:RECV]:No message received in 1000 ms
04-06 02:13:01.117 I/selfinstaller( 1199): create socket failed: Network is unreachable 101
04-06 02:13:01.126 E/tlogd ( 1366): [TzLogger](isPathReadable) file /sys/kernel/debug/tzdbg/qsee_log isn't exist or no permission, err: No such file or directory
04-06 02:13:01.126 E/tlogd ( 1366): [TzLogger](saveTzlogAsync) /sys/kernel/debug/tzdbg/qsee_log can not read.
04-06 02:13:01.126 E/tlogd ( 1366): [TzLogger](isPathReadable) file /sys/kernel/debug/tzdbg/log isn't exist or no permission, err: No such file or directory
04-06 02:13:01.126 E/tlogd ( 1366): [TzLogger](saveTzlogAsync) /sys/kernel/debug/tzdbg/log can not read.
04-06 02:13:01.296 W/adbd ( 3149): timed out while waiting for FUNCTIONFS_BIND, trying again
04-06 02:13:01.296 I/adbd ( 3149): UsbFfs: connection terminated: monitor thread finished
04-06 02:13:01.296 I/adbd ( 3149): UsbFfs: already offline
04-06 02:13:01.296 I/adbd ( 3149): destroying transport UsbFfs
04-06 02:13:01.296 I/adbd ( 3149): UsbFfsConnection being destroyed
04-06 02:13:01.308 I/adbd ( 3149): opening control endpoint /dev/usb-ffs/adb/ep0
04-06 02:13:01.309 I/adbd ( 3149): UsbFfsConnection constructed
04-06 02:13:01.310 I/adbd ( 3149): UsbFfs-monitor thread spawned
01-01 08:04:20.146 I/ ( 0): read descriptors
01-01 08:04:20.146 I/ ( 0): read strings
04-06 02:13:01.821 D/RemoteControlService( 2780): startVlanDispatchThread
04-06 02:13:01.923 W/hpplay-java( 3295): [main]:IPManager:getActiveNets invalid networkInfo:null
04-06 02:13:01.923 I/hpplay-java( 3295): [main]:IPManager:getActiveNets eth0:false wifi:false mobile:false ap:false
04-06 02:13:01.923 I/hpplay-java( 3295): [main]:ServerTaskManager:get local ip:null
04-06 02:13:01.939 I/mpu_uart( 651): [MSG-P:RECV]:No message received in 1000 ms
04-06 02:13:02.047 I/mpu_uart( 651): [MSG-P:R]:recv sync frame timeout
04-06 02:13:02.311 W/adbd ( 3149): timed out while waiting for FUNCTIONFS_BIND, trying again
04-06 02:13:02.311 I/adbd ( 3149): UsbFfs: connection terminated: monitor thread finished
04-06 02:13:02.312 I/adbd ( 3149): UsbFfs: already offline
04-06 02:13:02.312 I/adbd ( 3149): destroying transport UsbFfs
04-06 02:13:02.313 I/adbd ( 3149): UsbFfsConnection being destroyed
04-06 02:13:02.325 I/adbd ( 3149): opening control endpoint /dev/usb-ffs/adb/ep0
04-06 02:13:02.326 I/adbd ( 3149): UsbFfsConnection constructed
04-06 02:13:02.327 I/adbd ( 3149): UsbFfs-monitor thread spawned
01-01 08:04:21.162 I/ ( 0): read descriptors
01-01 08:04:21.162 I/ ( 0): read strings
04-06 02:13:02.925 W/hpplay-java( 3295): [main]:IPManager:getActiveNets invalid networkInfo:null
04-06 02:13:02.925 I/hpplay-java( 3295): [main]:IPManager:getActiveNets eth0:false wifi:false mobile:false ap:false
04-06 02:13:02.925 I/hpplay-java( 3295): [main]:ServerTaskManager:get local ip:null
04-06 02:13:02.939 I/mpu_uart( 651): [MSG-P:RECV]:No message received in 1000 ms
04-06 02:13:03.328 W/adbd ( 3149): timed out while waiting for FUNCTIONFS_BIND, trying again
04-06 02:13:03.328 I/adbd ( 3149): UsbFfs: connection terminated: monitor thread finished
04-06 02:13:03.328 I/adbd ( 3149): UsbFfs: already offline
04-06 02:13:03.328 I/adbd ( 3149): destroying transport UsbFfs
04-06 02:13:03.328 I/adbd ( 3149): UsbFfsConnection being destroyed
04-06 02:13:03.348 I/adbd ( 3149): opening control endpoint /dev/usb-ffs/adb/ep0
04-06 02:13:03.350 I/adbd ( 3149): UsbFfsConnection constructed
04-06 02:13:03.351 I/adbd ( 3149): UsbFfs-monitor thread spawned
01-01 08:04:22.186 I/ ( 0): read descriptors
01-01 08:04:22.186 I/ ( 0): read strings
01-01 08:04:22.661 E/DTC_ETH,link_delay_work_func( 0): 3003, SQI=0, link=0
04-06 02:13:03.927 W/hpplay-java( 3295): [main]:IPManager:getActiveNets invalid networkInfo:null
04-06 02:13:03.928 I/hpplay-java( 3295): [main]:IPManager:getActiveNets eth0:false wifi:false mobile:false ap:false
04-06 02:13:03.928 I/hpplay-java( 3295): [main]:ServerTaskManager:get local ip:null
04-06 02:13:03.940 I/mpu_uart( 651): [MSG-P:RECV]:No message received in 1000 ms
04-06 02:13:04.352 W/adbd ( 3149): timed out while waiting for FUNCTIONFS_BIND, trying again
04-06 02:13:04.352 I/adbd ( 3149): UsbFfs: connection terminated: monitor thread finished
04-06 02:13:04.353 I/adbd ( 3149): UsbFfs: already offline
04-06 02:13:04.353 I/adbd ( 3149): destroying transport UsbFfs
04-06 02:13:04.353 I/adbd ( 3149): UsbFfsConnection being destroyed
04-06 02:13:04.373 I/adbd ( 3149): opening control endpoint /dev/usb-ffs/adb/ep0
04-06 02:13:04.374 I/adbd ( 3149): UsbFfsConnection constructed
04-06 02:13:04.375 I/adbd ( 3149): UsbFfs-monitor thread spawned
01-01 08:04:23.210 I/ ( 0): read descriptors
01-01 08:04:23.210 I/ ( 0): read strings
04-06 02:13:04.877 D/CompatibilityChangeReporter( 3854): Compat change id reported: 150939131; UID 10020; state: ENABLED
04-06 02:13:04.931 W/hpplay-java( 3295): [main]:IPManager:getActiveNets invalid networkInfo:null
04-06 02:13:04.931 I/hpplay-java( 3295): [main]:IPManager:getActiveNets eth0:false wifi:false mobile:false ap:false
04-06 02:13:04.931 I/hpplay-java( 3295): [main]:ServerTaskManager:get local ip:null
04-06 02:13:04.940 I/mpu_uart( 651): [MSG-P:RECV]:No message received in 1000 ms
04-06 02:13:05.048 I/mpu_uart( 651): [MSG-P:R]:recv sync frame timeout
04-06 02:13:05.355 W/WindowManager( 1508): removeWindowToken: Attempted to remove non-existing token: android.os.Binder@8644ea5
04-06 02:13:05.376 W/adbd ( 3149): timed out while waiting for FUNCTIONFS_BIND, trying again
04-06 02:13:05.376 I/adbd ( 3149): UsbFfs: connection terminated: monitor thread finished
04-06 02:13:05.377 I/adbd ( 3149): UsbFfs: already offline
04-06 02:13:05.377 I/adbd ( 3149): destroying transport UsbFfs
04-06 02:13:05.377 I/adbd ( 3149): UsbFfsConnection being destroyed
04-06 02:13:05.393 I/adbd ( 3149): opening control endpoint /dev/usb-ffs/adb/ep0
04-06 02:13:05.394 I/adbd ( 3149): UsbFfsConnection constructed
04-06 02:13:05.395 I/adbd ( 3149): UsbFfs-monitor thread spawned
01-01 08:04:24.230 I/ ( 0): read descriptors
01-01 08:04:24.230 I/ ( 0): read strings
04-06 02:13:05.534 W/WindowManager( 1508): removeWindowToken: Attempted to remove non-existing token: android.os.Binder@1fead5d
04-06 02:13:05.703 W/WindowManager( 1508): removeWindowToken: Attempted to remove non-existing token: android.os.Binder@67dc259
04-06 02:13:05.871 W/WindowManager( 1508): removeWindowToken: Attempted to remove non-existing token: android.os.Binder@4026f7
04-06 02:13:05.888 D/CompanionDeviceManagerService( 1508): onPackageModified(packageName = com.android.traceur)
04-06 02:13:05.892 D/Avrcp_ext( 2345): AvrcpServiceBroadcastReceiver-> Action: android.intent.action.PACKAGE_CHANGED
04-06 02:13:05.892 D/Avrcp_ext( 2345): AvrcpServiceBroadcastReceiver-> packageName: com.android.traceur
04-06 02:13:05.892 D/Avrcp_ext( 2345): packageName: com.android.traceur removed: false
04-06 02:13:05.893 I/InputReader( 1508): Reconfiguring input devices, changes=KEYBOARD_LAYOUTS |
04-06 02:13:05.893 I/Telecom ( 1508): DefaultDialerCache: Refreshing default dialer for user 0: now null: DDC.oR@ACA
04-06 02:13:05.895 I/RoleService( 1508): Granting default roles...
04-06 02:13:05.896 D/Avrcp_ext( 2345): isBrowsableListUpdated: browsable list size mismatch, true
04-06 02:13:05.896 D/Avrcp_ext( 2345): buildBrowsablePlayerList
04-06 02:13:05.896 I/PermissionControllerServiceImpl( 2365): Updating user sensitive for uid 10020
04-06 02:13:05.899 D/Avrcp_ext( 2345): Adding media player info for com.android.bluetooth with id 1
04-06 02:13:05.899 D/Avrcp_ext( 2345): update #1:MediaPlayerInfo com.android.bluetooth (as '蓝牙') Type = 1, SubType = 0, Status = 0 Feature Bits [40 41 42 44 45 47 48 58] Controller: null
04-06 02:13:05.899 D/Avrcp_ext( 2345): Added MediaPlayerController/MediaPlayerPackage
04-06 02:13:05.901 D/Avrcp_ext( 2345): Adding media player info for com.microsoft.emmx with id 2
04-06 02:13:05.901 D/Avrcp_ext( 2345): update #2:MediaPlayerInfo com.microsoft.emmx (as 'Edge') Type = 1, SubType = 0, Status = 0 Feature Bits [40 41 42 44 45 47 48 58] Controller: null
04-06 02:13:05.901 D/Avrcp_ext( 2345): Added MediaPlayerController/MediaPlayerPackage
04-06 02:13:05.903 W/Avrcp_ext( 2345): isMusicActive: false getBluetoothPlayState: 2 A2dp State: 11 mAudioPlaybackIsActive: false
04-06 02:13:05.903 W/Avrcp_ext( 2345): updateCurrentMediaState: isPlaying = false
04-06 02:13:05.903 D/Avrcp_ext( 2345): isPackageNameValid: browsedPackage = isValid = false
04-06 02:13:05.903 D/HeadsetService( 2345): getHeadsetService(): returning com.android.bluetooth.hfp.HeadsetService@3e66d62
04-06 02:13:05.903 D/HeadsetService( 2345): isAudioOn: The number of audio connected devices 0
04-06 02:13:05.903 D/HeadsetService( 2345): isScoOrCallActive(): Call Active:falseCall is Ringing:falseSCO is Active:false
04-06 02:13:05.903 D/HeadsetService( 2345): isAudioOn: The number of audio connected devices 0
04-06 02:13:05.903 I/Avrcp_ext( 2345): updatePlayStatusForDevice: device: null
04-06 02:13:05.903 I/Avrcp_ext( 2345): Exit updatePlayStatusForDevice
04-06 02:13:05.903 D/HeadsetService( 2345): isAudioOn: The number of audio connected devices 0
04-06 02:13:05.903 D/HeadsetService( 2345): isScoOrCallActive(): Call Active:falseCall is Ringing:falseSCO is Active:false
04-06 02:13:05.903 D/HeadsetService( 2345): isAudioOn: The number of audio connected devices 0
04-06 02:13:05.904 I/Avrcp_ext( 2345): updatePlayStatusForDevice: device: null
04-06 02:13:05.904 I/Avrcp_ext( 2345): Exit updatePlayStatusForDevice
04-06 02:13:05.904 D/HeadsetService( 2345): isAudioOn: The number of audio connected devices 0
04-06 02:13:05.904 D/HeadsetService( 2345): isScoOrCallActive(): Call Active:falseCall is Ringing:falseSCO is Active:false
04-06 02:13:05.904 D/HeadsetService( 2345): isAudioOn: The number of audio connected devices 0
04-06 02:13:05.904 I/Avrcp_ext( 2345): updatePlayStatusForDevice: device: null
04-06 02:13:05.904 W/Role ( 2365): Cannot get ApplicationInfo for default holder: com.android.contacts
04-06 02:13:05.904 I/Avrcp_ext( 2345): Exit updatePlayStatusForDevice
04-06 02:13:05.904 D/HeadsetService( 2345): isAudioOn: The number of audio connected devices 0
04-06 02:13:05.904 D/HeadsetService( 2345): isScoOrCallActive(): Call Active:falseCall is Ringing:falseSCO is Active:false
04-06 02:13:05.904 D/HeadsetService( 2345): isAudioOn: The number of audio connected devices 0
04-06 02:13:05.904 I/Avrcp_ext( 2345): updatePlayStatusForDevice: device: null
04-06 02:13:05.904 I/Avrcp_ext( 2345): Exit updatePlayStatusForDevice
04-06 02:13:05.904 D/HeadsetService( 2345): isAudioOn: The number of audio connected devices 0
04-06 02:13:05.904 D/HeadsetService( 2345): isScoOrCallActive(): Call Active:falseCall is Ringing:falseSCO is Active:false
04-06 02:13:05.904 D/HeadsetService( 2345): isAudioOn: The number of audio connected devices 0
04-06 02:13:05.904 I/Avrcp_ext( 2345): updatePlayStatusForDevice: device: null
04-06 02:13:05.904 I/Avrcp_ext( 2345): Exit updatePlayStatusForDevice
04-06 02:13:05.904 D/Avrcp_ext( 2345): Enter sendPlayPosNotificationRsp
04-06 02:13:05.904 D/Avrcp_ext( 2345): sendPlayPosNotificationRsp: Not registered or requesting.
04-06 02:13:05.905 D/Avrcp_ext( 2345): Enter sendPlayPosNotificationRsp
04-06 02:13:05.905 D/Avrcp_ext( 2345): sendPlayPosNotificationRsp: Not registered or requesting.
04-06 02:13:05.905 D/Avrcp_ext( 2345): Enter sendPlayPosNotificationRsp
04-06 02:13:05.905 D/Avrcp_ext( 2345): sendPlayPosNotificationRsp: Not registered or requesting.
04-06 02:13:05.905 D/Avrcp_ext( 2345): Enter sendPlayPosNotificationRsp
04-06 02:13:05.905 D/Avrcp_ext( 2345): sendPlayPosNotificationRsp: Not registered or requesting.
04-06 02:13:05.905 D/Avrcp_ext( 2345): Enter sendPlayPosNotificationRsp
04-06 02:13:05.905 D/Avrcp_ext( 2345): sendPlayPosNotificationRsp: Not registered or requesting.
04-06 02:13:05.905 D/Avrcp_ext( 2345): Exit handlePackageModified
04-06 02:13:05.906 W/Searchables( 1508): No global search activity found
04-06 02:13:05.909 W/VoiceInteractionManager( 1508): no available voice recognition services found for user 0
04-06 02:13:05.909 D/BaseModelUpdateTask( 2826): BaseModelUpdateTask constructor
04-06 02:13:05.909 D/BaseModelUpdateTask( 2826): java.lang.Exception
04-06 02:13:05.909 D/BaseModelUpdateTask( 2826): at com.android.launcher3.model.BaseModelUpdateTask.(BaseModelUpdateTask.java:57)
04-06 02:13:05.909 D/BaseModelUpdateTask( 2826): at com.android.launcher3.model.PackageUpdatedTask.(PackageUpdatedTask.java:88)
04-06 02:13:05.909 D/BaseModelUpdateTask( 2826): at com.android.launcher3.LauncherModel.onPackageChanged(LauncherModel.java:156)
04-06 02:13:05.909 D/BaseModelUpdateTask( 2826): at android.content.pm.LauncherApps$CallbackMessageHandler.handleMessage(LauncherApps.java:1805)
04-06 02:13:05.909 D/BaseModelUpdateTask( 2826): at android.os.Handler.dispatchMessage(Handler.java:106)
04-06 02:13:05.909 D/BaseModelUpdateTask( 2826): at android.os.Looper.loopOnce(Looper.java:201)
04-06 02:13:05.909 D/BaseModelUpdateTask( 2826): at android.os.Looper.loop(Looper.java:288)
04-06 02:13:05.909 D/BaseModelUpdateTask( 2826): at android.app.ActivityThread.main(ActivityThread.java:7880)
04-06 02:13:05.909 D/BaseModelUpdateTask( 2826): at java.lang.reflect.Method.invoke(Native Method)
04-06 02:13:05.909 D/BaseModelUpdateTask( 2826): at com.android.internal.os.RuntimeInit$MethodAndArgsCaller.run(RuntimeInit.java:548)
04-06 02:13:05.909 D/BaseModelUpdateTask( 2826): at com.android.internal.os.ZygoteInit.main(ZygoteInit.java:1009)
04-06 02:13:05.911 D/PackageUpdatedTask( 2826): PackageUpdatedTask constructor: op=2,user=UserHandle{0},packages=[com.android.traceur]
04-06 02:13:05.911 D/PackageUpdatedTask( 2826): java.lang.Exception
04-06 02:13:05.911 D/PackageUpdatedTask( 2826): at com.android.launcher3.model.PackageUpdatedTask.(PackageUpdatedTask.java:93)
04-06 02:13:05.911 D/PackageUpdatedTask( 2826): at com.android.launcher3.LauncherModel.onPackageChanged(LauncherModel.java:156)
04-06 02:13:05.911 D/PackageUpdatedTask( 2826): at android.content.pm.LauncherApps$CallbackMessageHandler.handleMessage(LauncherApps.java:1805)
04-06 02:13:05.911 D/PackageUpdatedTask( 2826): at android.os.Handler.dispatchMessage(Handler.java:106)
04-06 02:13:05.911 D/PackageUpdatedTask( 2826): at android.os.Looper.loopOnce(Looper.java:201)
04-06 02:13:05.911 D/PackageUpdatedTask( 2826): at android.os.Looper.loop(Looper.java:288)
04-06 02:13:05.911 D/PackageUpdatedTask( 2826): at android.app.ActivityThread.main(ActivityThread.java:7880)
04-06 02:13:05.911 D/PackageUpdatedTask( 2826): at java.lang.reflect.Method.invoke(Native Method)
04-06 02:13:05.911 D/PackageUpdatedTask( 2826): at com.android.internal.os.RuntimeInit$MethodAndArgsCaller.run(RuntimeInit.java:548)
04-06 02:13:05.911 D/PackageUpdatedTask( 2826): at com.android.internal.os.ZygoteInit.main(ZygoteInit.java:1009)
04-06 02:13:05.915 D/BaseModelUpdateTask( 2826): BaseModelUpdateTask constructor
04-06 02:13:05.915 D/BaseModelUpdateTask( 2826): java.lang.Exception
04-06 02:13:05.915 D/BaseModelUpdateTask( 2826): at com.android.launcher3.model.BaseModelUpdateTask.(BaseModelUpdateTask.java:57)
04-06 02:13:05.915 D/BaseModelUpdateTask( 2826): at com.android.launcher3.LauncherModel$6.(LauncherModel.java:605)
04-06 02:13:05.915 D/BaseModelUpdateTask( 2826): at com.android.launcher3.LauncherModel.refreshAndBindWidgetsAndShortcuts(LauncherModel.java:605)
04-06 02:13:05.915 D/BaseModelUpdateTask( 2826): at com.android.launcher3.Launcher.refreshAndBindWidgetsForPackageUser(Launcher.java:2878)
04-06 02:13:05.915 D/BaseModelUpdateTask( 2826): at com.android.launcher3.model.PackageUpdatedTask.execute(PackageUpdatedTask.java:139)
04-06 02:13:05.915 D/BaseModelUpdateTask( 2826): at com.android.launcher3.model.BaseModelUpdateTask.run(BaseModelUpdateTask.java:80)
04-06 02:13:05.915 D/BaseModelUpdateTask( 2826): at android.os.Handler.handleCallback(Handler.java:938)
04-06 02:13:05.915 D/BaseModelUpdateTask( 2826): at android.os.Handler.dispatchMessage(Handler.java:99)
04-06 02:13:05.915 D/BaseModelUpdateTask( 2826): at android.os.Looper.loopOnce(Looper.java:201)
04-06 02:13:05.915 D/BaseModelUpdateTask( 2826): at android.os.Looper.loop(Looper.java:288)
04-06 02:13:05.915 D/BaseModelUpdateTask( 2826): at android.os.HandlerThread.run(HandlerThread.java:67)
04-06 02:13:05.924 D/BaseIconFactory( 2826): normalizeAndWrapToAdaptiveIcon: scale=0.80950594
04-06 02:13:05.933 W/hpplay-java( 3295): [main]:IPManager:getActiveNets invalid networkInfo:null
04-06 02:13:05.933 I/hpplay-java( 3295): [main]:IPManager:getActiveNets eth0:false wifi:false mobile:false ap:false
04-06 02:13:05.933 I/hpplay-java( 3295): [main]:ServerTaskManager:get local ip:null
04-06 02:13:05.934 W/Role ( 2365): Cannot get ApplicationInfo for default holder: com.android.messaging
04-06 02:13:05.940 I/mpu_uart( 651): [MSG-P:RECV]:No message received in 1000 ms
04-06 02:13:05.947 I/WidgetsModel( 2826): found whitelist widget: com.android.gallery3d, label: 照片, sectionName:T
04-06 02:13:05.947 I/WidgetsModel( 2826): found whitelist widget: com.android.settings, label: 设置快捷方式, sectionName:S
04-06 02:13:05.947 I/WidgetsModel( 2826): found whitelist widget: com.android.systemui, label: 对话, sectionName:D
04-06 02:13:05.948 I/WidgetsModel( 2826): found whitelist widget: com.android.music, label: 音乐, sectionName:Y
01-01 08:04:24.796 I/init ( 0): Sending signal 9 to service 'idmap2d' (pid 5203) process group...
04-06 02:13:05.958 D/BaseModelUpdateTask( 2826): BaseModelUpdateTask constructor
04-06 02:13:05.958 D/BaseModelUpdateTask( 2826): java.lang.Exception
04-06 02:13:05.958 D/BaseModelUpdateTask( 2826): at com.android.launcher3.model.BaseModelUpdateTask.(BaseModelUpdateTask.java:57)
04-06 02:13:05.958 D/BaseModelUpdateTask( 2826): at com.android.launcher3.model.AddWorkspaceItemsTask.(AddWorkspaceItemsTask.java:58)
04-06 02:13:05.958 D/BaseModelUpdateTask( 2826): at com.android.launcher3.LauncherModel.addAndBindAddedWorkspaceItems(LauncherModel.java:145)
04-06 02:13:05.958 D/BaseModelUpdateTask( 2826): at com.android.launcher3.model.PackageUpdatedTask.updateToWorkSpace(PackageUpdatedTask.java:406)
04-06 02:13:05.958 D/BaseModelUpdateTask( 2826): at com.android.launcher3.model.PackageUpdatedTask.execute(PackageUpdatedTask.java:370)
04-06 02:13:05.958 D/BaseModelUpdateTask( 2826): at com.android.launcher3.model.BaseModelUpdateTask.run(BaseModelUpdateTask.java:80)
04-06 02:13:05.958 D/BaseModelUpdateTask( 2826): at android.os.Handler.handleCallback(Handler.java:938)
04-06 02:13:05.958 D/BaseModelUpdateTask( 2826): at android.os.Handler.dispatchMessage(Handler.java:99)
04-06 02:13:05.958 D/BaseModelUpdateTask( 2826): at android.os.Looper.loopOnce(Looper.java:201)
04-06 02:13:05.958 D/BaseModelUpdateTask( 2826): at android.os.Looper.loop(Looper.java:288)
04-06 02:13:05.958 D/BaseModelUpdateTask( 2826): at android.os.HandlerThread.run(HandlerThread.java:67)
04-06 02:13:05.964 W/OverlayManager( 1508): service 'idmap' died
01-01 08:04:24.802 I/libprocessgroup( 0): Successfully killed process cgroup uid 1000 pid 5203 in 5ms
01-01 08:04:24.803 I/init ( 0): Control message: Processed ctl.stop for 'idmap2d' from pid: 1508 (system_server)
01-01 08:04:24.803 I/init ( 0): Service 'idmap2d' (pid 5203) received signal 9
04-06 02:13:06.126 E/tlogd ( 1366): [TzLogger](isPathReadable) file /sys/kernel/debug/tzdbg/qsee_log isn't exist or no permission, err: No such file or directory
04-06 02:13:06.127 E/tlogd ( 1366): [TzLogger](saveTzlogAsync) /sys/kernel/debug/tzdbg/qsee_log can not read.
04-06 02:13:06.127 E/tlogd ( 1366): [TzLogger](isPathReadable) file /sys/kernel/debug/tzdbg/log isn't exist or no permission, err: No such file or directory
04-06 02:13:06.127 E/tlogd ( 1366): [TzLogger](saveTzlogAsync) /sys/kernel/debug/tzdbg/log can not read.
04-06 02:13:06.396 W/adbd ( 3149): timed out while waiting for FUNCTIONFS_BIND, trying again
04-06 02:13:06.396 I/adbd ( 3149): UsbFfs: connection terminated: monitor thread finished
04-06 02:13:06.397 I/adbd ( 3149): UsbFfs: already offline
04-06 02:13:06.397 I/adbd ( 3149): destroying transport UsbFfs
04-06 02:13:06.397 I/adbd ( 3149): UsbFfsConnection being destroyed
04-06 02:13:06.404 I/adbd ( 3149): opening control endpoint /dev/usb-ffs/adb/ep0
04-06 02:13:06.406 I/adbd ( 3149): UsbFfsConnection constructed
04-06 02:13:06.407 I/adbd ( 3149): UsbFfs-monitor thread spawned
01-01 08:04:25.242 I/ ( 0): read descriptors
01-01 08:04:25.242 I/ ( 0): read strings
04-06 02:13:06.829 D/RemoteControlService( 2780): startVlanDispatchThread
04-06 02:13:06.936 W/hpplay-java( 3295): [main]:IPManager:getActiveNets invalid networkInfo:null
04-06 02:13:06.936 I/hpplay-java( 3295): [main]:IPManager:getActiveNets eth0:false wifi:false mobile:false ap:false
04-06 02:13:06.936 I/hpplay-java( 3295): [main]:ServerTaskManager:get local ip:null
04-06 02:13:06.941 I/mpu_uart( 651): [MSG-P:RECV]:No message received in 1000 ms
04-06 02:13:07.408 W/adbd ( 3149): timed out while waiting for FUNCTIONFS_BIND, trying again
04-06 02:13:07.408 I/adbd ( 3149): UsbFfs: connection terminated: monitor thread finished
04-06 02:13:07.409 I/adbd ( 3149): UsbFfs: already offline
04-06 02:13:07.409 I/adbd ( 3149): destroying transport UsbFfs
04-06 02:13:07.409 I/adbd ( 3149): UsbFfsConnection being destroyed
04-06 02:13:07.421 I/adbd ( 3149): opening control endpoint /dev/usb-ffs/adb/ep0
04-06 02:13:07.422 I/adbd ( 3149): UsbFfsConnection constructed
04-06 02:13:07.422 I/adbd ( 3149): UsbFfs-monitor thread spawned
01-01 08:04:26.258 I/ ( 0): read descriptors
01-01 08:04:26.258 I/ ( 0): read strings
04-06 02:13:07.779 I/OpenGLRenderer( 2963): Davey! duration=9223371837629ms; Flags=0, FrameTimelineVsyncId=4888, IntendedVsync=199225712357, Vsync=199225712357, InputEventId=558565859, HandleInputStart=199226242943, AnimationStart=199226244453, PerformTraversalsStart=199226245807, DrawStart=199226388776, FrameDeadline=199242379023, FrameInterval=199226239349, FrameStartTime=16666666, SyncQueued=199232626641, SyncStart=199232686120, IssueDrawCommandsStart=199233556016, SwapBuffers=199236301380, FrameCompleted=9223372036854775807, DequeueBufferDuration=47604, QueueBufferDuration=982083, GpuCompleted=9223372036854775807, SwapBuffersCompleted=199237953203, DisplayPresentTime=2131689473,
04-06 02:13:07.806 I/AppCompatDelegate( 2963): The Activity's LayoutInflater already has a Factory installed so we can not install AppCompat's
04-06 02:13:07.938 W/hpplay-java( 3295): [main]:IPManager:getActiveNets invalid networkInfo:null
04-06 02:13:07.939 I/hpplay-java( 3295): [main]:IPManager:getActiveNets eth0:false wifi:false mobile:false ap:false
04-06 02:13:07.939 I/hpplay-java( 3295): [main]:ServerTaskManager:get local ip:null
04-06 02:13:07.944 I/mpu_uart( 651): [MSG-P:RECV]:No message received in 1000 ms
04-06 02:13:08.051 I/mpu_uart( 651): [MSG-P:R]:recv sync frame timeout
04-06 02:13:08.424 W/adbd ( 3149): timed out while waiting for FUNCTIONFS_BIND, trying again
04-06 02:13:08.424 I/adbd ( 3149): UsbFfs: connection terminated: monitor thread finished
04-06 02:13:08.430 I/adbd ( 3149): UsbFfs: already offline
04-06 02:13:08.430 I/adbd ( 3149): destroying transport UsbFfs
04-06 02:13:08.430 I/adbd ( 3149): UsbFfsConnection being destroyed
04-06 02:13:08.448 I/adbd ( 3149): opening control endpoint /dev/usb-ffs/adb/ep0
04-06 02:13:08.450 I/adbd ( 3149): UsbFfsConnection constructed
04-06 02:13:08.451 I/adbd ( 3149): UsbFfs-monitor thread spawned
01-01 08:04:27.286 I/ ( 0): read descriptors
01-01 08:04:27.286 I/ ( 0): read strings
01-01 08:04:27.687 I/init ( 0): Control message: Processed ctl.start for 'adbd' from pid: 1508 (system_server)
04-06 02:13:08.859 I/UsbDeviceManager( 1508): Setting USB config to adb
01-01 08:04:27.697 I/init ( 0): processing action (sys.usb.config=none && sys.usb.configfs=1) from (/vendor/etc/init/hw/init.qcom.usb.rc:142)
04-06 02:13:08.861 E/MtpServer( 3505): request read returned -1, errno: 5
01-01 08:04:27.699 I/ ( 0): mtp_release
01-01 08:04:27.706 I/init ( 0): Command 'rm /config/usb_gadget/g1/configs/b.1/f2' action=sys.usb.config=none && sys.usb.configfs=1 (/vendor/etc/init/hw/init.qcom.usb.rc:144) took 0ms and failed: unlink() failed: No such file or directory
01-01 08:04:27.706 I/init ( 0): Command 'rm /config/usb_gadget/g1/configs/b.1/f3' action=sys.usb.config=none && sys.usb.configfs=1 (/vendor/etc/init/hw/init.qcom.usb.rc:145) took 0ms and failed: unlink() failed: No such file or directory
01-01 08:04:27.707 I/init ( 0): Command 'rm /config/usb_gadget/g1/configs/b.1/f4' action=sys.usb.config=none && sys.usb.configfs=1 (/vendor/etc/init/hw/init.qcom.usb.rc:146) took 0ms and failed: unlink() failed: No such file or directory
01-01 08:04:27.707 I/init ( 0): Command 'rm /config/usb_gadget/g1/configs/b.1/f5' action=sys.usb.config=none && sys.usb.configfs=1 (/vendor/etc/init/hw/init.qcom.usb.rc:147) took 0ms and failed: unlink() failed: No such file or directory
04-06 02:13:08.873 D/OpenGLRenderer( 2963): endAllActiveAnimators on 0xb4000079e2148390 (RippleDrawable) with handle 0xb4000078f208f2b0
04-06 02:13:08.874 W/InputManager-JNI( 1508): Input channel object '1727272 com.android.settings/com.android.settings.Settings (client)' was disposed without first being removed with the input manager!
04-06 02:13:08.940 W/hpplay-java( 3295): [main]:IPManager:getActiveNets invalid networkInfo:null
04-06 02:13:08.940 I/hpplay-java( 3295): [main]:IPManager:getActiveNets eth0:false wifi:false mobile:false ap:false
04-06 02:13:08.940 I/hpplay-java( 3295): [main]:ServerTaskManager:get local ip:null
04-06 02:13:08.945 I/mpu_uart( 651): [MSG-P:RECV]:No message received in 1000 ms
04-06 02:13:08.947 I/adbd ( 5264): persist.adb.watchdog set to ''
04-06 02:13:08.947 I/adbd ( 5264): persist.sys.test_harness set to ''
04-06 02:13:08.947 I/adbd ( 5264): adb watchdog timeout set to 600 seconds
04-06 02:13:08.947 I/adbd ( 5264): Waiting for persist.adb.tls_server.enable=1
04-06 02:13:08.948 I/adbd ( 5264): Setup mdns on port= 5555
04-06 02:13:08.948 I/adbd ( 5264): opening control endpoint /dev/usb-ffs/adb/ep0
01-01 08:04:27.782 E/DTC_ETH,link_delay_work_func( 0): 3003, SQI=0, link=0
01-01 08:04:27.785 I/ ( 0): read descriptors
01-01 08:04:27.785 I/ ( 0): read strings
04-06 02:13:08.948 I/adbd ( 5264): adbd listening on tcp:5555
04-06 02:13:08.949 I/adbd ( 5264): adbd listening on vsock:5555
04-06 02:13:08.949 I/adbd ( 5264): adbd started
04-06 02:13:08.949 I/adbd ( 5264): adbd mDNS service _adb._tcp registered: 1
04-06 02:13:08.952 I/adbd ( 5264): UsbFfsConnection constructed
04-06 02:13:08.952 I/adbd ( 5264): UsbFfs-monitor thread spawned
04-06 02:13:08.952 I/adbd ( 5264): USB event: FUNCTIONFS_BIND
01-01 08:04:27.858 I/android_work( 0): sent uevent USB_STATE=DISCONNECTED
04-06 02:13:09.067 W/Looper ( 1508): Slow dispatch took 216ms android.fg h=com.android.server.usb.UsbDeviceManager$UsbHandlerLegacy c=null m=1
04-06 02:13:09.068 W/Looper ( 1508): Slow delivery took 216ms android.fg h=com.android.server.adb.AdbDebuggingManager$AdbDebuggingHandler c=null m=1
04-06 02:13:09.068 W/Looper ( 1508): Drained
04-06 02:13:09.069 I/adbd ( 5264): adbd_auth: received a new framework connection
04-06 02:13:09.069 I/adbd ( 5264): adbd_auth: received new framework fd 22 (current = -1)
01-01 08:04:27.964 E/msm-dwc3 a600000.ssusb( 0): Could not get usb psy
01-01 08:04:28.059 E/msm-dwc3 a600000.ssusb( 0): Could not get usb psy
01-01 08:04:28.059 I/android_work( 0): did not send uevent (0 0 0000000000000000)
04-06 02:13:09.270 I/GameModeConfig( 1508): isGameModeOn = false
04-06 02:13:09.273 W/NotificationHistory( 1508): Attempted to add notif for locked/gone/disabled user 0
04-06 02:13:09.304 D/InterruptionStateProvider( 2363): No bubble up: not allowed to bubble: -1|android|26|null|1000
04-06 02:13:09.308 W/NotifBindPipeline( 2363): Row is not set so pipeline will not run. notif = -1|android|26|null|1000
04-06 02:13:09.308 D/PeopleSpaceWidgetMgr( 2363): Sbn doesn't contain valid PeopleTileKey: null/-1/android
01-01 08:04:28.149 I/android_work( 0): sent uevent USB_STATE=CONNECTED
04-06 02:13:09.317 I/Tethering( 2491): USB bcast connected:true configured:false rndis:false ncm:false
04-06 02:13:09.318 D/CompatibilityInfo( 1508): mCompatibilityFlags - 4
04-06 02:13:09.318 D/CompatibilityInfo( 1508): applicationDensity - 240
04-06 02:13:09.318 D/CompatibilityInfo( 1508): applicationScale - 1.0
01-01 08:04:28.166 E/msm-dwc3 a600000.ssusb( 0): Could not get usb psy
04-06 02:13:09.343 I/adbd ( 5264): USB event: FUNCTIONFS_ENABLE
04-06 02:13:09.343 I/adbd ( 5264): UsbFfs-worker thread spawned
01-01 08:04:28.180 I/configfs-gadget gadget( 0): high-speed config #1: b
01-01 08:04:28.180 E/msm-dwc3 a600000.ssusb( 0): Could not get usb psy
01-01 08:04:28.181 I/android_work( 0): sent uevent USB_STATE=CONFIGURED
04-06 02:13:09.345 I/Tethering( 2491): USB bcast connected:true configured:true rndis:false ncm:false
04-06 02:13:09.345 D/CompatibilityInfo( 1508): mCompatibilityFlags - 4
04-06 02:13:09.345 D/CompatibilityInfo( 1508): applicationDensity - 240
04-06 02:13:09.345 D/CompatibilityInfo( 1508): applicationScale - 1.0
04-06 02:13:09.364 D/StatusBar( 2363): disable disable2
04-06 02:13:09.367 W/TouchableRegionManager( 2363): onHeadsUpPinnedModeChanged
04-06 02:13:09.395 W/System ( 1508): A resource failed to call close.
04-06 02:13:09.395 W/System ( 1508): A resource failed to call close.
04-06 02:13:09.396 W/System ( 1508): A resource failed to call close.
04-06 02:13:09.397 W/System ( 1508): A resource failed to call close.
04-06 02:13:09.398 W/System ( 1508): A resource failed to call release.
04-06 02:13:09.398 W/System ( 1508): A resource failed to call close.
04-06 02:13:09.398 W/System ( 1508): A resource failed to call close.
04-06 02:13:09.408 D/StatusBar( 2363): disable disable2
04-06 02:13:09.539 I/adbd ( 5264): UsbFfs: already offline
04-06 02:13:09.539 I/adbd ( 5264): authentication not required
04-06 02:13:09.721 W/WindowManager( 1508): removeWindowToken: Attempted to remove non-existing token: android.os.Binder@f06f3c9
04-06 02:13:09.942 W/hpplay-java( 3295): [main]:IPManager:getActiveNets invalid networkInfo:null
04-06 02:13:09.942 I/hpplay-java( 3295): [main]:IPManager:getActiveNets eth0:false wifi:false mobile:false ap:false
04-06 02:13:09.942 I/hpplay-java( 3295): [main]:ServerTaskManager:get local ip:null
04-06 02:13:09.945 I/mpu_uart( 651): [MSG-P:RECV]:No message received in 1000 ms
04-06 02:13:10.510 I/OpenGLRenderer( 2963): Davey! duration=9223371834905ms; Flags=0, FrameTimelineVsyncId=5129, IntendedVsync=201949242609, Vsync=201949242609, InputEventId=0, HandleInputStart=201950003254, AnimationStart=201950008723, PerformTraversalsStart=201950011848, DrawStart=201950214608, FrameDeadline=201982575941, FrameInterval=201949992785, FrameStartTime=16666666, SyncQueued=201954408567, SyncStart=201954520754, IssueDrawCommandsStart=201955913619, SwapBuffers=201961845129, FrameCompleted=9223372036854775807, DequeueBufferDuration=153021, QueueBufferDuration=1326875, GpuCompleted=9223372036854775807, SwapBuffersCompleted=201964103098, DisplayPresentTime=-42949672960000,
04-06 02:13:10.945 W/hpplay-java( 3295): [main]:IPManager:getActiveNets invalid networkInfo:null
04-06 02:13:10.945 I/hpplay-java( 3295): [main]:IPManager:getActiveNets eth0:false wifi:false mobile:false ap:false
04-06 02:13:10.945 I/hpplay-java( 3295): [main]:ServerTaskManager:get local ip:null
04-06 02:13:10.946 I/mpu_uart( 651): [MSG-P:RECV]:No message received in 1000 ms
04-06 02:13:11.055 I/mpu_uart( 651): [MSG-P:R]:recv sync frame timeout
04-06 02:13:11.127 E/tlogd ( 1366): [TzLogger](isPathReadable) file /sys/kernel/debug/tzdbg/qsee_log isn't exist or no permission, err: No such file or directory
04-06 02:13:11.127 E/tlogd ( 1366): [TzLogger](saveTzlogAsync) /sys/kernel/debug/tzdbg/qsee_log can not read.
04-06 02:13:11.127 E/tlogd ( 1366): [TzLogger](isPathReadable) file /sys/kernel/debug/tzdbg/log isn't exist or no permission, err: No such file or directory
04-06 02:13:11.127 E/tlogd ( 1366): [TzLogger](saveTzlogAsync) /sys/kernel/debug/tzdbg/log can not read.
04-06 02:13:11.843 D/RemoteControlService( 2780): startVlanDispatchThread
04-06 02:13:11.946 I/mpu_uart( 651): [MSG-P:RECV]:No message received in 1000 ms
04-06 02:13:11.947 W/hpplay-java( 3295): [main]:IPManager:getActiveNets invalid networkInfo:null
04-06 02:13:11.947 I/hpplay-java( 3295): [main]:IPManager:getActiveNets eth0:false wifi:false mobile:false ap:false
04-06 02:13:11.947 I/hpplay-java( 3295): [main]:ServerTaskManager:get local ip:null
04-06 02:13:12.947 I/mpu_uart( 651): [MSG-P:RECV]:No message received in 1000 ms
04-06 02:13:12.949 W/hpplay-java( 3295): [main]:IPManager:getActiveNets invalid networkInfo:null
04-06 02:13:12.949 I/hpplay-java( 3295): [main]:IPManager:getActiveNets eth0:false wifi:false mobile:false ap:false
04-06 02:13:12.949 I/hpplay-java( 3295): [main]:ServerTaskManager:get local ip:null
04-06 02:13:13.947 I/mpu_uart( 651): [MSG-P:RECV]:No message received in 1000 ms
04-06 02:13:13.951 W/hpplay-java( 3295): [main]:IPManager:getActiveNets invalid networkInfo:null
04-06 02:13:13.951 I/hpplay-java( 3295): [main]:IPManager:getActiveNets eth0:false wifi:false mobile:false ap:false
04-06 02:13:13.951 I/hpplay-java( 3295): [main]:ServerTaskManager:get local ip:null
04-06 02:13:14.058 I/mpu_uart( 651): [MSG-P:R]:recv sync frame timeout
01-01 08:04:32.901 E/DTC_ETH,link_delay_work_func( 0): 3003, SQI=0, link=0
04-06 02:13:14.947 I/mpu_uart( 651): [MSG-P:RECV]:No message received in 1000 ms
04-06 02:13:14.952 W/hpplay-java( 3295): [main]:IPManager:getActiveNets invalid networkInfo:null
04-06 02:13:14.952 I/hpplay-java( 3295): [main]:IPManager:getActiveNets eth0:false wifi:false mobile:false ap:false
04-06 02:13:14.953 I/hpplay-java( 3295): [main]:ServerTaskManager:get local ip:null
04-06 02:13:15.066 W/TouchableRegionManager( 2363): onHeadsUpPinnedModeChanged
04-06 02:13:15.559 D/StatusBar( 2363): disable disable2
04-06 02:13:15.581 D/StatusBar( 2363): disable disable2
04-06 02:13:15.948 I/mpu_uart( 651): [MSG-P:RECV]:No message received in 1000 ms
04-06 02:13:15.954 W/hpplay-java( 3295): [main]:IPManager:getActiveNets invalid networkInfo:null
04-06 02:13:15.955 I/hpplay-java( 3295): [main]:IPManager:getActiveNets eth0:false wifi:false mobile:false ap:false
04-06 02:13:15.955 I/hpplay-java( 3295): [main]:ServerTaskManager:get local ip:null
04-06 02:13:16.128 E/tlogd ( 1366): [TzLogger](isPathReadable) file /sys/kernel/debug/tzdbg/qsee_log isn't exist or no permission, err: No such file or directory
04-06 02:13:16.128 E/tlogd ( 1366): [TzLogger](saveTzlogAsync) /sys/kernel/debug/tzdbg/qsee_log can not read.
04-06 02:13:16.128 E/tlogd ( 1366): [TzLogger](isPathReadable) file /sys/kernel/debug/tzdbg/log isn't exist or no permission, err: No such file or directory
04-06 02:13:16.128 E/tlogd ( 1366): [TzLogger](saveTzlogAsync) /sys/kernel/debug/tzdbg/log can not read.
04-06 02:13:16.852 D/RemoteControlService( 2780): startVlanDispatchThread
04-06 02:13:16.948 I/mpu_uart( 651): [MSG-P:RECV]:No message received in 1000 ms
04-06 02:13:16.957 W/hpplay-java( 3295): [main]:IPManager:getActiveNets invalid networkInfo:null
04-06 02:13:16.957 I/hpplay-java( 3295): [main]:IPManager:getActiveNets eth0:false wifi:false mobile:false ap:false
04-06 02:13:16.957 I/hpplay-java( 3295): [main]:ServerTaskManager:get local ip:null
04-06 02:13:17.062 I/mpu_uart( 651): [MSG-P:R]:recv sync frame timeout
04-06 02:13:17.605 I/hpplay-java( 3295): [main]:IMTask:getIMRoot
04-06 02:13:17.613 W/hpplay-java( 3295): [AsyncTask #36]:HttpRequest:
04-06 02:13:17.614 W/hpplay-java( 3295): [AsyncTask #36]:HttpRequest:
04-06 02:13:17.615 W/hpplay-java( 3295): [AsyncTask #36]:HttpRequest:
04-06 02:13:17.616 E/hpplay-java( 3295): [main]:IMTask:getIMRoot failed
04-06 02:13:17.949 I/mpu_uart( 651): [MSG-P:RECV]:No message received in 1000 ms
04-06 02:13:17.959 W/hpplay-java( 3295): [main]:IPManager:getActiveNets invalid networkInfo:null
04-06 02:13:17.959 I/hpplay-java( 3295): [main]:IPManager:getActiveNets eth0:false wifi:false mobile:false ap:false
04-06 02:13:17.959 I/hpplay-java( 3295): [main]:ServerTaskManager:get local ip:null
04-06 02:13:18.949 I/mpu_uart( 651): [MSG-P:RECV]:No message received in 1000 ms
04-06 02:13:18.960 W/hpplay-java( 3295): [main]:IPManager:getActiveNets invalid networkInfo:null
04-06 02:13:18.960 I/hpplay-java( 3295): [main]:IPManager:getActiveNets eth0:false wifi:false mobile:false ap:false
04-06 02:13:18.961 I/hpplay-java( 3295): [main]:ServerTaskManager:get local ip:null
01-01 08:04:38.022 E/DTC_ETH,link_delay_work_func( 0): 3003, SQI=0, link=0
04-06 02:13:19.277 I/GameModeConfig( 1508): isGameModeOn = false
04-06 02:13:19.949 I/mpu_uart( 651): [MSG-P:RECV]:No message received in 1000 ms
04-06 02:13:19.962 W/hpplay-java( 3295): [main]:IPManager:getActiveNets invalid networkInfo:null
04-06 02:13:19.962 I/hpplay-java( 3295): [main]:IPManager:getActiveNets eth0:false wifi:false mobile:false ap:false
04-06 02:13:19.962 I/hpplay-java( 3295): [main]:ServerTaskManager:get local ip:null
04-06 02:13:20.065 I/mpu_uart( 651): [MSG-P:R]:recv sync frame timeout
04-06 02:13:20.943 W/ProvidersCache( 3429): Timeout executing update task!
04-06 02:13:20.950 I/mpu_uart( 651): [MSG-P:RECV]:No message received in 1000 ms
04-06 02:13:20.964 W/hpplay-java( 3295): [main]:IPManager:getActiveNets invalid networkInfo:null
04-06 02:13:20.964 I/hpplay-java( 3295): [main]:IPManager:getActiveNets eth0:false wifi:false mobile:false ap:false
04-06 02:13:20.964 I/hpplay-java( 3295): [main]:ServerTaskManager:get local ip:null
04-06 02:13:21.129 E/tlogd ( 1366): [TzLogger](isPathReadable) file /sys/kernel/debug/tzdbg/qsee_log isn't exist or no permission, err: No such file or directory
04-06 02:13:21.129 E/tlogd ( 1366): [TzLogger](saveTzlogAsync) /sys/kernel/debug/tzdbg/qsee_log can not read.
04-06 02:13:21.129 E/tlogd ( 1366): [TzLogger](isPathReadable) file /sys/kernel/debug/tzdbg/log isn't exist or no permission, err: No such file or directory
04-06 02:13:21.129 E/tlogd ( 1366): [TzLogger](saveTzlogAsync) /sys/kernel/debug/tzdbg/log can not read.
04-06 02:13:21.861 D/RemoteControlService( 2780): startVlanDispatchThread
04-06 02:13:21.950 I/mpu_uart( 651): [MSG-P:RECV]:No message received in 1000 ms
04-06 02:13:21.966 W/hpplay-java( 3295): [main]:IPManager:getActiveNets invalid networkInfo:null
04-06 02:13:21.966 I/hpplay-java( 3295): [main]:IPManager:getActiveNets eth0:false wifi:false mobile:false ap:false
04-06 02:13:21.966 I/hpplay-java( 3295): [main]:ServerTaskManager:get local ip:null
04-06 02:13:22.951 I/mpu_uart( 651): [MSG-P:RECV]:No message received in 1000 ms
04-06 02:13:22.968 W/hpplay-java( 3295): [main]:IPManager:getActiveNets invalid networkInfo:null
04-06 02:13:22.968 I/hpplay-java( 3295): [main]:IPManager:getActiveNets eth0:false wifi:false mobile:false ap:false
04-06 02:13:22.968 I/hpplay-java( 3295): [main]:ServerTaskManager:get local ip:null
04-06 02:13:23.068 I/mpu_uart( 651): [MSG-P:R]:recv sync frame timeout
04-06 02:13:23.951 I/mpu_uart( 651): [MSG-P:RECV]:No message received in 1000 ms
04-06 02:13:23.970 W/hpplay-java( 3295): [main]:IPManager:getActiveNets invalid networkInfo:null
04-06 02:13:23.970 I/hpplay-java( 3295): [main]:IPManager:getActiveNets eth0:false wifi:false mobile:false ap:false
04-06 02:13:23.970 I/hpplay-java( 3295): [main]:ServerTaskManager:get local ip:null
01-01 08:04:43.141 E/DTC_ETH,link_delay_work_func( 0): 3003, SQI=0, link=0
04-06 02:13:24.951 I/mpu_uart( 651): [MSG-P:RECV]:No message received in 1000 ms
04-06 02:13:24.972 W/hpplay-java( 3295): [main]:IPManager:getActiveNets invalid networkInfo:null
04-06 02:13:24.972 I/hpplay-java( 3295): [main]:IPManager:getActiveNets eth0:false wifi:false mobile:false ap:false
04-06 02:13:24.972 I/hpplay-java( 3295): [main]:ServerTaskManager:get local ip:null
04-06 02:13:25.952 I/mpu_uart( 651): [MSG-P:RECV]:No message received in 1000 ms
04-06 02:13:25.974 W/hpplay-java( 3295): [main]:IPManager:getActiveNets invalid networkInfo:null
04-06 02:13:25.974 I/hpplay-java( 3295): [main]:IPManager:getActiveNets eth0:false wifi:false mobile:false ap:false
04-06 02:13:25.974 I/hpplay-java( 3295): [main]:ServerTaskManager:get local ip:null
04-06 02:13:26.072 I/mpu_uart( 651): [MSG-P:R]:recv sync frame timeout
04-06 02:13:26.130 E/tlogd ( 1366): [TzLogger](isPathReadable) file /sys/kernel/debug/tzdbg/qsee_log isn't exist or no permission, err: No such file or directory
04-06 02:13:26.130 E/tlogd ( 1366): [TzLogger](saveTzlogAsync) /sys/kernel/debug/tzdbg/qsee_log can not read.
04-06 02:13:26.130 E/tlogd ( 1366): [TzLogger](isPathReadable) file /sys/kernel/debug/tzdbg/log isn't exist or no permission, err: No such file or directory
04-06 02:13:26.130 E/tlogd ( 1366): [TzLogger](saveTzlogAsync) /sys/kernel/debug/tzdbg/log can not read.
04-06 02:13:26.874 D/RemoteControlService( 2780): startVlanDispatchThread
04-06 02:13:26.952 I/mpu_uart( 651): [MSG-P:RECV]:No message received in 1000 ms
04-06 02:13:26.976 W/hpplay-java( 3295): [main]:IPManager:getActiveNets invalid networkInfo:null
04-06 02:13:26.976 I/hpplay-java( 3295): [main]:IPManager:getActiveNets eth0:false wifi:false mobile:false ap:false
04-06 02:13:26.976 I/hpplay-java( 3295): [main]:ServerTaskManager:get local ip:null
04-06 02:13:27.953 I/mpu_uart( 651): [MSG-P:RECV]:No message received in 1000 ms
04-06 02:13:27.978 W/hpplay-java( 3295): [main]:IPManager:getActiveNets invalid networkInfo:null
04-06 02:13:27.978 I/hpplay-java( 3295): [main]:IPManager:getActiveNets eth0:false wifi:false mobile:false ap:false
04-06 02:13:27.978 I/hpplay-java( 3295): [main]:ServerTaskManager:get local ip:null
04-06 02:13:28.953 I/mpu_uart( 651): [MSG-P:RECV]:No message received in 1000 ms
04-06 02:13:28.980 W/hpplay-java( 3295): [main]:IPManager:getActiveNets invalid networkInfo:null
