04-06 02:12:35.916 W/MediaProvider( 3483): at com.android.providers.media.MediaProvider.openTypedAssetFileCommon(MediaProvider.java:7134)
04-06 02:12:35.916 W/MediaProvider( 3483): at com.android.providers.media.MediaProvider.openTypedAssetFile(MediaProvider.java:7115)
04-06 02:12:35.916 W/MediaProvider( 3483): at android.content.ContentProvider$Transport.openTypedAssetFile(ContentProvider.java:548)
04-06 02:12:35.916 W/MediaProvider( 3483): at android.content.ContentProviderNative.onTransact(ContentProviderNative.java:327)
04-06 02:12:35.916 W/MediaProvider( 3483): at android.os.Binder.execTransactInternal(Binder.java:1179)
04-06 02:12:35.916 W/MediaProvider( 3483): at android.os.Binder.execTransact(Binder.java:1143)
04-06 02:12:35.916 D/NuPlayerDriver( 1193): NuPlayerDriver(0xe4f80b50) created, clientPid(2648)
04-06 02:12:35.920 I/ExtendedNuUtils( 1193): printFileName fd(8) -> /system_ext/app/TCSetupWizard/TCSetupWizard.apk
04-06 02:12:35.920 D/SurfaceUtils( 1193): connecting to surface 0xe4384ba8, reason setVideoSurfaceTexture
04-06 02:12:35.921 D/NuPlayer( 1193): onSetVideoSurface(0xe4389730, no video decoder)
04-06 02:12:35.922 D/Avrcp_ext( 2345): AudioManager Player: AudioPlaybackConfiguration piid:103 deviceId:0 type:android.media.SoundPool u/pid:10078/2363 state:idle attr:AudioAttributes: usage=USAGE_ASSISTANCE_SONIFICATION content=CONTENT_TYPE_SONIFICATION flags=0x800 tags= bundle=null sessionId:0
04-06 02:12:35.922 D/Avrcp_ext( 2345): AudioManager Player: AudioPlaybackConfiguration piid:119 deviceId:0 type:android.media.SoundPool u/pid:1000/2562 state:idle attr:AudioAttributes: usage=USAGE_ASSISTANCE_SONIFICATION content=CONTENT_TYPE_SONIFICATION flags=0x801 tags= bundle=null sessionId:0
04-06 02:12:35.922 D/Avrcp_ext( 2345): AudioManager Player: AudioPlaybackConfiguration piid:151 deviceId:0 type:android.media.MediaPlayer u/pid:1000/2648 state:idle attr:AudioAttributes: usage=USAGE_MEDIA content=CONTENT_TYPE_MOVIE flags=0x800 tags= bundle=null sessionId:0
04-06 02:12:35.922 D/Avrcp_ext( 2345): AudioManager Player: AudioPlaybackConfiguration piid:407 deviceId:0 type:android.media.MediaPlayer u/pid:1000/2648 state:idle attr:AudioAttributes: usage=USAGE_MEDIA content=CONTENT_TYPE_MOVIE flags=0x800 tags= bundle=null sessionId:121
04-06 02:12:35.922 D/Avrcp_ext( 2345): AudioManager Player: AudioPlaybackConfiguration piid:95 deviceId:0 type:android.media.SoundPool u/pid:1000/1508 state:idle attr:AudioAttributes: usage=USAGE_ASSISTANCE_SONIFICATION content=CONTENT_TYPE_SONIFICATION flags=0x800 tags= bundle=null sessionId:0
04-06 02:12:35.922 D/Avrcp_ext( 2345): AudioManager Player: AudioPlaybackConfiguration piid:271 deviceId:0 type:android.media.MediaPlayer u/pid:1000/2648 state:idle attr:AudioAttributes: usage=USAGE_MEDIA content=CONTENT_TYPE_MOVIE flags=0x800 tags= bundle=null sessionId:0
04-06 02:12:35.922 D/Avrcp_ext( 2345): AudioManager isPlaying: false, mAudioPlaybackIsActive = false
04-06 02:12:35.922 D/Avrcp_ext( 2345): AudioManager Reset Active Player
04-06 02:12:35.923 D/GenericSource( 1193): FileSource remote
04-06 02:12:35.924 D/NuPlayerDriver( 1193): reset(0xe4f80b50) at state 3
04-06 02:12:35.924 D/NuPlayerDriver( 1193): notifyResetComplete(0xe4f80b50)
04-06 02:12:35.925 D/NuPlayerDriver( 1193): reset(0xe4f80b50) at state 0
04-06 02:12:35.925 D/SurfaceUtils( 1193): disconnecting from surface 0xe4384ba8, reason disconnectNativeWindow
04-06 02:12:35.926 D/Avrcp_ext( 2345): AudioManager Player: AudioPlaybackConfiguration piid:103 deviceId:0 type:android.media.SoundPool u/pid:10078/2363 state:idle attr:AudioAttributes: usage=USAGE_ASSISTANCE_SONIFICATION content=CONTENT_TYPE_SONIFICATION flags=0x800 tags= bundle=null sessionId:0
04-06 02:12:35.926 I/MediaFocusControl( 1508): abandonAudioFocus() from uid/pid 1000/2648 clientId=android.media.AudioManager@22af96b
04-06 02:12:35.926 D/Avrcp_ext( 2345): AudioManager Player: AudioPlaybackConfiguration piid:119 deviceId:0 type:android.media.SoundPool u/pid:1000/2562 state:idle attr:AudioAttributes: usage=USAGE_ASSISTANCE_SONIFICATION content=CONTENT_TYPE_SONIFICATION flags=0x801 tags= bundle=null sessionId:0
04-06 02:12:35.926 D/Avrcp_ext( 2345): AudioManager Player: AudioPlaybackConfiguration piid:151 deviceId:0 type:android.media.MediaPlayer u/pid:1000/2648 state:idle attr:AudioAttributes: usage=USAGE_MEDIA content=CONTENT_TYPE_MOVIE flags=0x800 tags= bundle=null sessionId:0
04-06 02:12:35.926 D/Avrcp_ext( 2345): AudioManager Player: AudioPlaybackConfiguration piid:95 deviceId:0 type:android.media.SoundPool u/pid:1000/1508 state:idle attr:AudioAttributes: usage=USAGE_ASSISTANCE_SONIFICATION content=CONTENT_TYPE_SONIFICATION flags=0x800 tags= bundle=null sessionId:0
04-06 02:12:35.926 D/Avrcp_ext( 2345): AudioManager Player: AudioPlaybackConfiguration piid:271 deviceId:0 type:android.media.MediaPlayer u/pid:1000/2648 state:idle attr:AudioAttributes: usage=USAGE_MEDIA content=CONTENT_TYPE_MOVIE flags=0x800 tags= bundle=null sessionId:0
04-06 02:12:35.926 D/Avrcp_ext( 2345): AudioManager isPlaying: false, mAudioPlaybackIsActive = false
04-06 02:12:35.926 D/Avrcp_ext( 2345): AudioManager Reset Active Player
04-06 02:12:35.926 I/MMParserExtractor( 1190): Created(0xb40000719fa56550)
04-06 02:12:35.926 I/MediaFocusControl( 1508): requestAudioFocus() from uid/pid 1000/2648 AA=USAGE_MEDIA/CONTENT_TYPE_MOVIE clientId=android.media.AudioManager@22af96b callingPack=com.thundercomm.tcsetupwizard req=1 flags=0x0 sdk=31
04-06 02:12:35.927 I/AudioService.FadeOutManager( 1508): unfadeOutUid() uid:1000
04-06 02:12:35.929 D/Avrcp_ext( 2345): AudioManager Player: AudioPlaybackConfiguration piid:103 deviceId:0 type:android.media.SoundPool u/pid:10078/2363 state:idle attr:AudioAttributes: usage=USAGE_ASSISTANCE_SONIFICATION content=CONTENT_TYPE_SONIFICATION flags=0x800 tags= bundle=null sessionId:0
04-06 02:12:35.929 D/Avrcp_ext( 2345): AudioManager Player: AudioPlaybackConfiguration piid:119 deviceId:0 type:android.media.SoundPool u/pid:1000/2562 state:idle attr:AudioAttributes: usage=USAGE_ASSISTANCE_SONIFICATION content=CONTENT_TYPE_SONIFICATION flags=0x801 tags= bundle=null sessionId:0
04-06 02:12:35.929 D/Avrcp_ext( 2345): AudioManager Player: AudioPlaybackConfiguration piid:151 deviceId:0 type:android.media.MediaPlayer u/pid:1000/2648 state:idle attr:AudioAttributes: usage=USAGE_MEDIA content=CONTENT_TYPE_MOVIE flags=0x800 tags= bundle=null sessionId:0
04-06 02:12:35.929 D/Avrcp_ext( 2345): AudioManager Player: AudioPlaybackConfiguration piid:95 deviceId:0 type:android.media.SoundPool u/pid:1000/1508 state:idle attr:AudioAttributes: usage=USAGE_ASSISTANCE_SONIFICATION content=CONTENT_TYPE_SONIFICATION flags=0x800 tags= bundle=null sessionId:0
04-06 02:12:35.929 D/Avrcp_ext( 2345): AudioManager Player: AudioPlaybackConfiguration piid:271 deviceId:0 type:android.media.MediaPlayer u/pid:1000/2648 state:idle attr:AudioAttributes: usage=USAGE_MEDIA content=CONTENT_TYPE_MOVIE flags=0x800 tags= bundle=null sessionId:0
04-06 02:12:35.929 D/Avrcp_ext( 2345): AudioManager Player: AudioPlaybackConfiguration piid:415 deviceId:0 type:android.media.MediaPlayer u/pid:1000/2648 state:idle attr:AudioAttributes: usage=USAGE_UNKNOWN content=CONTENT_TYPE_UNKNOWN flags=0x800 tags= bundle=null sessionId:121
04-06 02:12:35.929 D/Avrcp_ext( 2345): AudioManager isPlaying: false, mAudioPlaybackIsActive = false
04-06 02:12:35.929 D/Avrcp_ext( 2345): AudioManager Reset Active Player
04-06 02:12:35.929 W/AMessage( 1193): failed to post message as target looper for handler 0 is gone.
04-06 02:12:35.929 W/AMessage( 1193): failed to post message as target looper for handler 0 is gone.
04-06 02:12:35.929 D/MediaBufferGroup( 1190): creating MemoryDealer
04-06 02:12:35.929 W/AMessage( 1193): failed to post message as target looper for handler 0 is gone.
04-06 02:12:35.932 I/mpu_uart( 651): [MSG-P:RECV]:No message received in 1000 ms
04-06 02:12:35.934 I/MMParserExtractor( 1190): Created(0xb40000719fa57350)
04-06 02:12:35.937 W/MediaProvider( 3483): Failed to fetch original file descriptor
04-06 02:12:35.937 W/MediaProvider( 3483): java.io.FileNotFoundException: Input file descriptor is already original
04-06 02:12:35.937 W/MediaProvider( 3483): at com.android.providers.media.MediaProvider.getOriginalMediaFormatFileDescriptor(MediaProvider.java:5718)
04-06 02:12:35.937 W/MediaProvider( 3483): at com.android.providers.media.MediaProvider.openTypedAssetFileCommon(MediaProvider.java:7134)
04-06 02:12:35.937 W/MediaProvider( 3483): at com.android.providers.media.MediaProvider.openTypedAssetFile(MediaProvider.java:7115)
04-06 02:12:35.937 W/MediaProvider( 3483): at android.content.ContentProvider$Transport.openTypedAssetFile(ContentProvider.java:548)
04-06 02:12:35.937 W/MediaProvider( 3483): at android.content.ContentProviderNative.onTransact(ContentProviderNative.java:327)
04-06 02:12:35.937 W/MediaProvider( 3483): at android.os.Binder.execTransactInternal(Binder.java:1179)
04-06 02:12:35.937 W/MediaProvider( 3483): at android.os.Binder.execTransact(Binder.java:1143)
04-06 02:12:35.937 D/NuPlayerDriver( 1193): NuPlayerDriver(0xe4f80b50) created, clientPid(2648)
04-06 02:12:35.942 I/ExtendedNuUtils( 1193): printFileName fd(8) -> /system_ext/app/TCSetupWizard/TCSetupWizard.apk
04-06 02:12:35.942 D/SurfaceUtils( 1193): connecting to surface 0xe4389738, reason setVideoSurfaceTexture
04-06 02:12:35.943 D/NuPlayer( 1193): onSetVideoSurface(0xe4384ba0, no video decoder)
04-06 02:12:35.944 D/Avrcp_ext( 2345): AudioManager Player: AudioPlaybackConfiguration piid:103 deviceId:0 type:android.media.SoundPool u/pid:10078/2363 state:idle attr:AudioAttributes: usage=USAGE_ASSISTANCE_SONIFICATION content=CONTENT_TYPE_SONIFICATION flags=0x800 tags= bundle=null sessionId:0
04-06 02:12:35.944 D/Avrcp_ext( 2345): AudioManager Player: AudioPlaybackConfiguration piid:119 deviceId:0 type:android.media.SoundPool u/pid:1000/2562 state:idle attr:AudioAttributes: usage=USAGE_ASSISTANCE_SONIFICATION content=CONTENT_TYPE_SONIFICATION flags=0x801 tags= bundle=null sessionId:0
04-06 02:12:35.944 D/Avrcp_ext( 2345): AudioManager Player: AudioPlaybackConfiguration piid:151 deviceId:0 type:android.media.MediaPlayer u/pid:1000/2648 state:idle attr:AudioAttributes: usage=USAGE_MEDIA content=CONTENT_TYPE_MOVIE flags=0x800 tags= bundle=null sessionId:0
04-06 02:12:35.944 D/Avrcp_ext( 2345): AudioManager Player: AudioPlaybackConfiguration piid:95 deviceId:0 type:android.media.SoundPool u/pid:1000/1508 state:idle attr:AudioAttributes: usage=USAGE_ASSISTANCE_SONIFICATION content=CONTENT_TYPE_SONIFICATION flags=0x800 tags= bundle=null sessionId:0
04-06 02:12:35.944 D/Avrcp_ext( 2345): AudioManager Player: AudioPlaybackConfiguration piid:271 deviceId:0 type:android.media.MediaPlayer u/pid:1000/2648 state:idle attr:AudioAttributes: usage=USAGE_MEDIA content=CONTENT_TYPE_MOVIE flags=0x800 tags= bundle=null sessionId:0
04-06 02:12:35.944 D/Avrcp_ext( 2345): AudioManager Player: AudioPlaybackConfiguration piid:415 deviceId:0 type:android.media.MediaPlayer u/pid:1000/2648 state:idle attr:AudioAttributes: usage=USAGE_MEDIA content=CONTENT_TYPE_MOVIE flags=0x800 tags= bundle=null sessionId:121
04-06 02:12:35.944 D/Avrcp_ext( 2345): AudioManager isPlaying: false, mAudioPlaybackIsActive = false
04-06 02:12:35.944 D/Avrcp_ext( 2345): AudioManager Reset Active Player
04-06 02:12:35.945 D/GenericSource( 1193): FileSource remote
04-06 02:12:35.946 D/NuPlayerDriver( 1193): reset(0xe4f80b50) at state 3
04-06 02:12:35.947 D/NuPlayerDriver( 1193): notifyResetComplete(0xe4f80b50)
04-06 02:12:35.947 D/NuPlayerDriver( 1193): reset(0xe4f80b50) at state 0
04-06 02:12:35.947 D/SurfaceUtils( 1193): disconnecting from surface 0xe4389738, reason disconnectNativeWindow
04-06 02:12:35.948 I/MediaFocusControl( 1508): abandonAudioFocus() from uid/pid 1000/2648 clientId=android.media.AudioManager@22af96b
04-06 02:12:35.949 D/Avrcp_ext( 2345): AudioManager Player: AudioPlaybackConfiguration piid:103 deviceId:0 type:android.media.SoundPool u/pid:10078/2363 state:idle attr:AudioAttributes: usage=USAGE_ASSISTANCE_SONIFICATION content=CONTENT_TYPE_SONIFICATION flags=0x800 tags= bundle=null sessionId:0
04-06 02:12:35.949 D/Avrcp_ext( 2345): AudioManager Player: AudioPlaybackConfiguration piid:119 deviceId:0 type:android.media.SoundPool u/pid:1000/2562 state:idle attr:AudioAttributes: usage=USAGE_ASSISTANCE_SONIFICATION content=CONTENT_TYPE_SONIFICATION flags=0x801 tags= bundle=null sessionId:0
04-06 02:12:35.949 D/Avrcp_ext( 2345): AudioManager Player: AudioPlaybackConfiguration piid:151 deviceId:0 type:android.media.MediaPlayer u/pid:1000/2648 state:idle attr:AudioAttributes: usage=USAGE_MEDIA content=CONTENT_TYPE_MOVIE flags=0x800 tags= bundle=null sessionId:0
04-06 02:12:35.949 D/Avrcp_ext( 2345): AudioManager Player: AudioPlaybackConfiguration piid:95 deviceId:0 type:android.media.SoundPool u/pid:1000/1508 state:idle attr:AudioAttributes: usage=USAGE_ASSISTANCE_SONIFICATION content=CONTENT_TYPE_SONIFICATION flags=0x800 tags= bundle=null sessionId:0
04-06 02:12:35.949 D/Avrcp_ext( 2345): AudioManager Player: AudioPlaybackConfiguration piid:271 deviceId:0 type:android.media.MediaPlayer u/pid:1000/2648 state:idle attr:AudioAttributes: usage=USAGE_MEDIA content=CONTENT_TYPE_MOVIE flags=0x800 tags= bundle=null sessionId:0
04-06 02:12:35.949 D/Avrcp_ext( 2345): AudioManager isPlaying: false, mAudioPlaybackIsActive = false
04-06 02:12:35.949 D/Avrcp_ext( 2345): AudioManager Reset Active Player
04-06 02:12:35.949 I/MediaFocusControl( 1508): requestAudioFocus() from uid/pid 1000/2648 AA=USAGE_MEDIA/CONTENT_TYPE_MOVIE clientId=android.media.AudioManager@22af96b callingPack=com.thundercomm.tcsetupwizard req=1 flags=0x0 sdk=31
04-06 02:12:35.949 I/AudioService.FadeOutManager( 1508): unfadeOutUid() uid:1000
04-06 02:12:35.950 I/MMParserExtractor( 1190): Created(0xb40000719fa57350)
04-06 02:12:35.951 D/Avrcp_ext( 2345): AudioManager Player: AudioPlaybackConfiguration piid:103 deviceId:0 type:android.media.SoundPool u/pid:10078/2363 state:idle attr:AudioAttributes: usage=USAGE_ASSISTANCE_SONIFICATION content=CONTENT_TYPE_SONIFICATION flags=0x800 tags= bundle=null sessionId:0
04-06 02:12:35.951 D/Avrcp_ext( 2345): AudioManager Player: AudioPlaybackConfiguration piid:119 deviceId:0 type:android.media.SoundPool u/pid:1000/2562 state:idle attr:AudioAttributes: usage=USAGE_ASSISTANCE_SONIFICATION content=CONTENT_TYPE_SONIFICATION flags=0x801 tags= bundle=null sessionId:0
04-06 02:12:35.952 D/Avrcp_ext( 2345): AudioManager Player: AudioPlaybackConfiguration piid:151 deviceId:0 type:android.media.MediaPlayer u/pid:1000/2648 state:idle attr:AudioAttributes: usage=USAGE_MEDIA content=CONTENT_TYPE_MOVIE flags=0x800 tags= bundle=null sessionId:0
04-06 02:12:35.952 D/Avrcp_ext( 2345): AudioManager Player: AudioPlaybackConfiguration piid:423 deviceId:0 type:android.media.MediaPlayer u/pid:1000/2648 state:idle attr:AudioAttributes: usage=USAGE_UNKNOWN content=CONTENT_TYPE_UNKNOWN flags=0x800 tags= bundle=null sessionId:121
04-06 02:12:35.952 D/Avrcp_ext( 2345): AudioManager Player: AudioPlaybackConfiguration piid:95 deviceId:0 type:android.media.SoundPool u/pid:1000/1508 state:idle attr:AudioAttributes: usage=USAGE_ASSISTANCE_SONIFICATION content=CONTENT_TYPE_SONIFICATION flags=0x800 tags= bundle=null sessionId:0
04-06 02:12:35.952 D/Avrcp_ext( 2345): AudioManager Player: AudioPlaybackConfiguration piid:271 deviceId:0 type:android.media.MediaPlayer u/pid:1000/2648 state:idle attr:AudioAttributes: usage=USAGE_MEDIA content=CONTENT_TYPE_MOVIE flags=0x800 tags= bundle=null sessionId:0
04-06 02:12:35.952 D/Avrcp_ext( 2345): AudioManager isPlaying: false, mAudioPlaybackIsActive = false
04-06 02:12:35.952 D/Avrcp_ext( 2345): AudioManager Reset Active Player
04-06 02:12:35.953 W/AMessage( 1193): failed to post message as target looper for handler 0 is gone.
04-06 02:12:35.953 W/AMessage( 1193): failed to post message as target looper for handler 0 is gone.
04-06 02:12:35.954 D/MediaBufferGroup( 1190): creating MemoryDealer
04-06 02:12:35.954 W/AMessage( 1193): failed to post message as target looper for handler 0 is gone.
04-06 02:12:35.955 I/MMParserExtractor( 1190): Created(0xb40000719fa56470)
04-06 02:12:35.958 W/MediaProvider( 3483): Failed to fetch original file descriptor
04-06 02:12:35.958 W/MediaProvider( 3483): java.io.FileNotFoundException: Input file descriptor is already original
04-06 02:12:35.958 W/MediaProvider( 3483): at com.android.providers.media.MediaProvider.getOriginalMediaFormatFileDescriptor(MediaProvider.java:5718)
04-06 02:12:35.958 W/MediaProvider( 3483): at com.android.providers.media.MediaProvider.openTypedAssetFileCommon(MediaProvider.java:7134)
04-06 02:12:35.958 W/MediaProvider( 3483): at com.android.providers.media.MediaProvider.openTypedAssetFile(MediaProvider.java:7115)
04-06 02:12:35.958 W/MediaProvider( 3483): at android.content.ContentProvider$Transport.openTypedAssetFile(ContentProvider.java:548)
04-06 02:12:35.958 W/MediaProvider( 3483): at android.content.ContentProviderNative.onTransact(ContentProviderNative.java:327)
04-06 02:12:35.958 W/MediaProvider( 3483): at android.os.Binder.execTransactInternal(Binder.java:1179)
04-06 02:12:35.958 W/MediaProvider( 3483): at android.os.Binder.execTransact(Binder.java:1143)
04-06 02:12:35.958 D/NuPlayerDriver( 1193): NuPlayerDriver(0xe4f80b50) created, clientPid(2648)
04-06 02:12:35.963 I/ExtendedNuUtils( 1193): printFileName fd(8) -> /system_ext/app/TCSetupWizard/TCSetupWizard.apk
04-06 02:12:35.964 D/SurfaceUtils( 1193): connecting to surface 0xe4384ba8, reason setVideoSurfaceTexture
04-06 02:12:35.964 D/NuPlayer( 1193): onSetVideoSurface(0xe4389730, no video decoder)
04-06 02:12:35.967 D/GenericSource( 1193): FileSource remote
04-06 02:12:35.967 D/NuPlayerDriver( 1193): reset(0xe4f80b50) at state 3
04-06 02:12:35.968 D/NuPlayerDriver( 1193): notifyResetComplete(0xe4f80b50)
04-06 02:12:35.968 D/Avrcp_ext( 2345): AudioManager Player: AudioPlaybackConfiguration piid:103 deviceId:0 type:android.media.SoundPool u/pid:10078/2363 state:idle attr:AudioAttributes: usage=USAGE_ASSISTANCE_SONIFICATION content=CONTENT_TYPE_SONIFICATION flags=0x800 tags= bundle=null sessionId:0
04-06 02:12:35.968 D/Avrcp_ext( 2345): AudioManager Player: AudioPlaybackConfiguration piid:119 deviceId:0 type:android.media.SoundPool u/pid:1000/2562 state:idle attr:AudioAttributes: usage=USAGE_ASSISTANCE_SONIFICATION content=CONTENT_TYPE_SONIFICATION flags=0x801 tags= bundle=null sessionId:0
04-06 02:12:35.968 D/Avrcp_ext( 2345): AudioManager Player: AudioPlaybackConfiguration piid:151 deviceId:0 type:android.media.MediaPlayer u/pid:1000/2648 state:idle attr:AudioAttributes: usage=USAGE_MEDIA content=CONTENT_TYPE_MOVIE flags=0x800 tags= bundle=null sessionId:0
04-06 02:12:35.968 D/Avrcp_ext( 2345): AudioManager Player: AudioPlaybackConfiguration piid:423 deviceId:0 type:android.media.MediaPlayer u/pid:1000/2648 state:idle attr:AudioAttributes: usage=USAGE_MEDIA content=CONTENT_TYPE_MOVIE flags=0x800 tags= bundle=null sessionId:121
04-06 02:12:35.968 D/NuPlayerDriver( 1193): reset(0xe4f80b50) at state 0
04-06 02:12:35.969 D/SurfaceUtils( 1193): disconnecting from surface 0xe4384ba8, reason disconnectNativeWindow
04-06 02:12:35.969 D/Avrcp_ext( 2345): AudioManager Player: AudioPlaybackConfiguration piid:95 deviceId:0 type:android.media.SoundPool u/pid:1000/1508 state:idle attr:AudioAttributes: usage=USAGE_ASSISTANCE_SONIFICATION content=CONTENT_TYPE_SONIFICATION flags=0x800 tags= bundle=null sessionId:0
04-06 02:12:35.969 D/Avrcp_ext( 2345): AudioManager Player: AudioPlaybackConfiguration piid:271 deviceId:0 type:android.media.MediaPlayer u/pid:1000/2648 state:idle attr:AudioAttributes: usage=USAGE_MEDIA content=CONTENT_TYPE_MOVIE flags=0x800 tags= bundle=null sessionId:0
04-06 02:12:35.969 D/Avrcp_ext( 2345): AudioManager isPlaying: false, mAudioPlaybackIsActive = false
04-06 02:12:35.969 D/Avrcp_ext( 2345): AudioManager Reset Active Player
04-06 02:12:35.970 I/MMParserExtractor( 1190): Created(0xb40000719fa56470)
04-06 02:12:35.970 I/MediaFocusControl( 1508): abandonAudioFocus() from uid/pid 1000/2648 clientId=android.media.AudioManager@22af96b
04-06 02:12:35.970 I/MediaFocusControl( 1508): requestAudioFocus() from uid/pid 1000/2648 AA=USAGE_MEDIA/CONTENT_TYPE_MOVIE clientId=android.media.AudioManager@22af96b callingPack=com.thundercomm.tcsetupwizard req=1 flags=0x0 sdk=31
04-06 02:12:35.970 D/Avrcp_ext( 2345): AudioManager Player: AudioPlaybackConfiguration piid:103 deviceId:0 type:android.media.SoundPool u/pid:10078/2363 state:idle attr:AudioAttributes: usage=USAGE_ASSISTANCE_SONIFICATION content=CONTENT_TYPE_SONIFICATION flags=0x800 tags= bundle=null sessionId:0
04-06 02:12:35.970 D/Avrcp_ext( 2345): AudioManager Player: AudioPlaybackConfiguration piid:119 deviceId:0 type:android.media.SoundPool u/pid:1000/2562 state:idle attr:AudioAttributes: usage=USAGE_ASSISTANCE_SONIFICATION content=CONTENT_TYPE_SONIFICATION flags=0x801 tags= bundle=null sessionId:0
04-06 02:12:35.970 I/AudioService.FadeOutManager( 1508): unfadeOutUid() uid:1000
04-06 02:12:35.970 D/Avrcp_ext( 2345): AudioManager Player: AudioPlaybackConfiguration piid:151 deviceId:0 type:android.media.MediaPlayer u/pid:1000/2648 state:idle attr:AudioAttributes: usage=USAGE_MEDIA content=CONTENT_TYPE_MOVIE flags=0x800 tags= bundle=null sessionId:0
04-06 02:12:35.971 D/Avrcp_ext( 2345): AudioManager Player: AudioPlaybackConfiguration piid:95 deviceId:0 type:android.media.SoundPool u/pid:1000/1508 state:idle attr:AudioAttributes: usage=USAGE_ASSISTANCE_SONIFICATION content=CONTENT_TYPE_SONIFICATION flags=0x800 tags= bundle=null sessionId:0
04-06 02:12:35.971 D/Avrcp_ext( 2345): AudioManager Player: AudioPlaybackConfiguration piid:271 deviceId:0 type:android.media.MediaPlayer u/pid:1000/2648 state:idle attr:AudioAttributes: usage=USAGE_MEDIA content=CONTENT_TYPE_MOVIE flags=0x800 tags= bundle=null sessionId:0
04-06 02:12:35.971 D/Avrcp_ext( 2345): AudioManager isPlaying: false, mAudioPlaybackIsActive = false
04-06 02:12:35.971 D/Avrcp_ext( 2345): AudioManager Reset Active Player
04-06 02:12:35.971 W/AMessage( 1193): failed to post message as target looper for handler 0 is gone.
04-06 02:12:35.971 W/AMessage( 1193): failed to post message as target looper for handler 0 is gone.
04-06 02:12:35.971 D/MediaBufferGroup( 1190): creating MemoryDealer
04-06 02:12:35.971 W/AMessage( 1193): failed to post message as target looper for handler 0 is gone.
04-06 02:12:35.973 D/Avrcp_ext( 2345): AudioManager Player: AudioPlaybackConfiguration piid:103 deviceId:0 type:android.media.SoundPool u/pid:10078/2363 state:idle attr:AudioAttributes: usage=USAGE_ASSISTANCE_SONIFICATION content=CONTENT_TYPE_SONIFICATION flags=0x800 tags= bundle=null sessionId:0
04-06 02:12:35.973 D/Avrcp_ext( 2345): AudioManager Player: AudioPlaybackConfiguration piid:119 deviceId:0 type:android.media.SoundPool u/pid:1000/2562 state:idle attr:AudioAttributes: usage=USAGE_ASSISTANCE_SONIFICATION content=CONTENT_TYPE_SONIFICATION flags=0x801 tags= bundle=null sessionId:0
04-06 02:12:35.973 D/Avrcp_ext( 2345): AudioManager Player: AudioPlaybackConfiguration piid:151 deviceId:0 type:android.media.MediaPlayer u/pid:1000/2648 state:idle attr:AudioAttributes: usage=USAGE_MEDIA content=CONTENT_TYPE_MOVIE flags=0x800 tags= bundle=null sessionId:0
04-06 02:12:35.973 D/Avrcp_ext( 2345): AudioManager Player: AudioPlaybackConfiguration piid:95 deviceId:0 type:android.media.SoundPool u/pid:1000/1508 state:idle attr:AudioAttributes: usage=USAGE_ASSISTANCE_SONIFICATION content=CONTENT_TYPE_SONIFICATION flags=0x800 tags= bundle=null sessionId:0
04-06 02:12:35.973 D/Avrcp_ext( 2345): AudioManager Player: AudioPlaybackConfiguration piid:271 deviceId:0 type:android.media.MediaPlayer u/pid:1000/2648 state:idle attr:AudioAttributes: usage=USAGE_MEDIA content=CONTENT_TYPE_MOVIE flags=0x800 tags= bundle=null sessionId:0
04-06 02:12:35.973 D/Avrcp_ext( 2345): AudioManager Player: AudioPlaybackConfiguration piid:431 deviceId:0 type:android.media.MediaPlayer u/pid:1000/2648 state:idle attr:AudioAttributes: usage=USAGE_UNKNOWN content=CONTENT_TYPE_UNKNOWN flags=0x800 tags= bundle=null sessionId:121
04-06 02:12:35.973 D/Avrcp_ext( 2345): AudioManager isPlaying: false, mAudioPlaybackIsActive = false
04-06 02:12:35.973 D/Avrcp_ext( 2345): AudioManager Reset Active Player
04-06 02:12:35.975 I/MMParserExtractor( 1190): Created(0xb40000719fa58850)
04-06 02:12:35.978 W/MediaProvider( 3483): Failed to fetch original file descriptor
04-06 02:12:35.978 W/MediaProvider( 3483): java.io.FileNotFoundException: Input file descriptor is already original
04-06 02:12:35.978 W/MediaProvider( 3483): at com.android.providers.media.MediaProvider.getOriginalMediaFormatFileDescriptor(MediaProvider.java:5718)
04-06 02:12:35.978 W/MediaProvider( 3483): at com.android.providers.media.MediaProvider.openTypedAssetFileCommon(MediaProvider.java:7134)
04-06 02:12:35.978 W/MediaProvider( 3483): at com.android.providers.media.MediaProvider.openTypedAssetFile(MediaProvider.java:7115)
04-06 02:12:35.978 W/MediaProvider( 3483): at android.content.ContentProvider$Transport.openTypedAssetFile(ContentProvider.java:548)
04-06 02:12:35.978 W/MediaProvider( 3483): at android.content.ContentProviderNative.onTransact(ContentProviderNative.java:327)
04-06 02:12:35.978 W/MediaProvider( 3483): at android.os.Binder.execTransactInternal(Binder.java:1179)
04-06 02:12:35.978 W/MediaProvider( 3483): at android.os.Binder.execTransact(Binder.java:1143)
04-06 02:12:35.978 D/NuPlayerDriver( 1193): NuPlayerDriver(0xe4f80b50) created, clientPid(2648)
04-06 02:12:35.983 I/ExtendedNuUtils( 1193): printFileName fd(8) -> /system_ext/app/TCSetupWizard/TCSetupWizard.apk
04-06 02:12:35.983 D/SurfaceUtils( 1193): connecting to surface 0xe4389738, reason setVideoSurfaceTexture
04-06 02:12:35.983 D/NuPlayer( 1193): onSetVideoSurface(0xe4384ba0, no video decoder)
04-06 02:12:35.984 D/Avrcp_ext( 2345): AudioManager Player: AudioPlaybackConfiguration piid:103 deviceId:0 type:android.media.SoundPool u/pid:10078/2363 state:idle attr:AudioAttributes: usage=USAGE_ASSISTANCE_SONIFICATION content=CONTENT_TYPE_SONIFICATION flags=0x800 tags= bundle=null sessionId:0
04-06 02:12:35.984 D/Avrcp_ext( 2345): AudioManager Player: AudioPlaybackConfiguration piid:119 deviceId:0 type:android.media.SoundPool u/pid:1000/2562 state:idle attr:AudioAttributes: usage=USAGE_ASSISTANCE_SONIFICATION content=CONTENT_TYPE_SONIFICATION flags=0x801 tags= bundle=null sessionId:0
04-06 02:12:35.984 D/Avrcp_ext( 2345): AudioManager Player: AudioPlaybackConfiguration piid:151 deviceId:0 type:android.media.MediaPlayer u/pid:1000/2648 state:idle attr:AudioAttributes: usage=USAGE_MEDIA content=CONTENT_TYPE_MOVIE flags=0x800 tags= bundle=null sessionId:0
04-06 02:12:35.984 D/Avrcp_ext( 2345): AudioManager Player: AudioPlaybackConfiguration piid:95 deviceId:0 type:android.media.SoundPool u/pid:1000/1508 state:idle attr:AudioAttributes: usage=USAGE_ASSISTANCE_SONIFICATION content=CONTENT_TYPE_SONIFICATION flags=0x800 tags= bundle=null sessionId:0
04-06 02:12:35.984 D/Avrcp_ext( 2345): AudioManager Player: AudioPlaybackConfiguration piid:271 deviceId:0 type:android.media.MediaPlayer u/pid:1000/2648 state:idle attr:AudioAttributes: usage=USAGE_MEDIA content=CONTENT_TYPE_MOVIE flags=0x800 tags= bundle=null sessionId:0
04-06 02:12:35.984 D/Avrcp_ext( 2345): AudioManager Player: AudioPlaybackConfiguration piid:431 deviceId:0 type:android.media.MediaPlayer u/pid:1000/2648 state:idle attr:AudioAttributes: usage=USAGE_MEDIA content=CONTENT_TYPE_MOVIE flags=0x800 tags= bundle=null sessionId:121
04-06 02:12:35.984 D/Avrcp_ext( 2345): AudioManager isPlaying: false, mAudioPlaybackIsActive = false
04-06 02:12:35.984 D/Avrcp_ext( 2345): AudioManager Reset Active Player
04-06 02:12:35.986 D/GenericSource( 1193): FileSource remote
04-06 02:12:35.986 D/NuPlayerDriver( 1193): reset(0xe4f80b50) at state 3
04-06 02:12:35.987 D/NuPlayerDriver( 1193): notifyResetComplete(0xe4f80b50)
04-06 02:12:35.987 D/NuPlayerDriver( 1193): reset(0xe4f80b50) at state 0
04-06 02:12:35.987 D/SurfaceUtils( 1193): disconnecting from surface 0xe4389738, reason disconnectNativeWindow
04-06 02:12:35.988 D/Avrcp_ext( 2345): AudioManager Player: AudioPlaybackConfiguration piid:103 deviceId:0 type:android.media.SoundPool u/pid:10078/2363 state:idle attr:AudioAttributes: usage=USAGE_ASSISTANCE_SONIFICATION content=CONTENT_TYPE_SONIFICATION flags=0x800 tags= bundle=null sessionId:0
04-06 02:12:35.988 I/MediaFocusControl( 1508): abandonAudioFocus() from uid/pid 1000/2648 clientId=android.media.AudioManager@22af96b
04-06 02:12:35.988 D/Avrcp_ext( 2345): AudioManager Player: AudioPlaybackConfiguration piid:119 deviceId:0 type:android.media.SoundPool u/pid:1000/2562 state:idle attr:AudioAttributes: usage=USAGE_ASSISTANCE_SONIFICATION content=CONTENT_TYPE_SONIFICATION flags=0x801 tags= bundle=null sessionId:0
04-06 02:12:35.988 D/Avrcp_ext( 2345): AudioManager Player: AudioPlaybackConfiguration piid:151 deviceId:0 type:android.media.MediaPlayer u/pid:1000/2648 state:idle attr:AudioAttributes: usage=USAGE_MEDIA content=CONTENT_TYPE_MOVIE flags=0x800 tags= bundle=null sessionId:0
04-06 02:12:35.988 D/Avrcp_ext( 2345): AudioManager Player: AudioPlaybackConfiguration piid:95 deviceId:0 type:android.media.SoundPool u/pid:1000/1508 state:idle attr:AudioAttributes: usage=USAGE_ASSISTANCE_SONIFICATION content=CONTENT_TYPE_SONIFICATION flags=0x800 tags= bundle=null sessionId:0
04-06 02:12:35.988 D/Avrcp_ext( 2345): AudioManager Player: AudioPlaybackConfiguration piid:271 deviceId:0 type:android.media.MediaPlayer u/pid:1000/2648 state:idle attr:AudioAttributes: usage=USAGE_MEDIA content=CONTENT_TYPE_MOVIE flags=0x800 tags= bundle=null sessionId:0
04-06 02:12:35.988 D/Avrcp_ext( 2345): AudioManager isPlaying: false, mAudioPlaybackIsActive = false
04-06 02:12:35.988 D/Avrcp_ext( 2345): AudioManager Reset Active Player
04-06 02:12:35.989 I/MediaFocusControl( 1508): requestAudioFocus() from uid/pid 1000/2648 AA=USAGE_MEDIA/CONTENT_TYPE_MOVIE clientId=android.media.AudioManager@22af96b callingPack=com.thundercomm.tcsetupwizard req=1 flags=0x0 sdk=31
04-06 02:12:35.989 I/MMParserExtractor( 1190): Created(0xb40000719fa58850)
04-06 02:12:35.989 I/AudioService.FadeOutManager( 1508): unfadeOutUid() uid:1000
04-06 02:12:35.991 D/Avrcp_ext( 2345): AudioManager Player: AudioPlaybackConfiguration piid:103 deviceId:0 type:android.media.SoundPool u/pid:10078/2363 state:idle attr:AudioAttributes: usage=USAGE_ASSISTANCE_SONIFICATION content=CONTENT_TYPE_SONIFICATION flags=0x800 tags= bundle=null sessionId:0
04-06 02:12:35.991 D/Avrcp_ext( 2345): AudioManager Player: AudioPlaybackConfiguration piid:119 deviceId:0 type:android.media.SoundPool u/pid:1000/2562 state:idle attr:AudioAttributes: usage=USAGE_ASSISTANCE_SONIFICATION content=CONTENT_TYPE_SONIFICATION flags=0x801 tags= bundle=null sessionId:0
04-06 02:12:35.991 D/Avrcp_ext( 2345): AudioManager Player: AudioPlaybackConfiguration piid:151 deviceId:0 type:android.media.MediaPlayer u/pid:1000/2648 state:idle attr:AudioAttributes: usage=USAGE_MEDIA content=CONTENT_TYPE_MOVIE flags=0x800 tags= bundle=null sessionId:0
04-06 02:12:35.991 D/Avrcp_ext( 2345): AudioManager Player: AudioPlaybackConfiguration piid:439 deviceId:0 type:android.media.MediaPlayer u/pid:1000/2648 state:idle attr:AudioAttributes: usage=USAGE_UNKNOWN content=CONTENT_TYPE_UNKNOWN flags=0x800 tags= bundle=null sessionId:121
04-06 02:12:35.991 D/Avrcp_ext( 2345): AudioManager Player: AudioPlaybackConfiguration piid:95 deviceId:0 type:android.media.SoundPool u/pid:1000/1508 state:idle attr:AudioAttributes: usage=USAGE_ASSISTANCE_SONIFICATION content=CONTENT_TYPE_SONIFICATION flags=0x800 tags= bundle=null sessionId:0
04-06 02:12:35.991 D/Avrcp_ext( 2345): AudioManager Player: AudioPlaybackConfiguration piid:271 deviceId:0 type:android.media.MediaPlayer u/pid:1000/2648 state:idle attr:AudioAttributes: usage=USAGE_MEDIA content=CONTENT_TYPE_MOVIE flags=0x800 tags= bundle=null sessionId:0
04-06 02:12:35.991 D/Avrcp_ext( 2345): AudioManager isPlaying: false, mAudioPlaybackIsActive = false
04-06 02:12:35.991 D/Avrcp_ext( 2345): AudioManager Reset Active Player
04-06 02:12:35.991 W/AMessage( 1193): failed to post message as target looper for handler 0 is gone.
04-06 02:12:35.991 W/AMessage( 1193): failed to post message as target looper for handler 0 is gone.
04-06 02:12:35.991 D/MediaBufferGroup( 1190): creating MemoryDealer
04-06 02:12:35.992 W/AMessage( 1193): failed to post message as target looper for handler 0 is gone.
04-06 02:12:35.996 I/MMParserExtractor( 1190): Created(0xb40000719fa57b30)
04-06 02:12:35.999 W/MediaProvider( 3483): Failed to fetch original file descriptor
04-06 02:12:35.999 W/MediaProvider( 3483): java.io.FileNotFoundException: Input file descriptor is already original
04-06 02:12:35.999 W/MediaProvider( 3483): at com.android.providers.media.MediaProvider.getOriginalMediaFormatFileDescriptor(MediaProvider.java:5718)
04-06 02:12:35.999 W/MediaProvider( 3483): at com.android.providers.media.MediaProvider.openTypedAssetFileCommon(MediaProvider.java:7134)
04-06 02:12:35.999 W/MediaProvider( 3483): at com.android.providers.media.MediaProvider.openTypedAssetFile(MediaProvider.java:7115)
04-06 02:12:35.999 W/MediaProvider( 3483): at android.content.ContentProvider$Transport.openTypedAssetFile(ContentProvider.java:548)
04-06 02:12:35.999 W/MediaProvider( 3483): at android.content.ContentProviderNative.onTransact(ContentProviderNative.java:327)
04-06 02:12:35.999 W/MediaProvider( 3483): at android.os.Binder.execTransactInternal(Binder.java:1179)
04-06 02:12:35.999 W/MediaProvider( 3483): at android.os.Binder.execTransact(Binder.java:1143)
04-06 02:12:35.999 D/NuPlayerDriver( 1193): NuPlayerDriver(0xe4f80b50) created, clientPid(2648)
04-06 02:12:36.004 I/ExtendedNuUtils( 1193): printFileName fd(8) -> /system_ext/app/TCSetupWizard/TCSetupWizard.apk
04-06 02:12:36.004 D/SurfaceUtils( 1193): connecting to surface 0xe4384ba8, reason setVideoSurfaceTexture
04-06 02:12:36.005 D/NuPlayer( 1193): onSetVideoSurface(0xe4389730, no video decoder)
04-06 02:12:36.006 D/Avrcp_ext( 2345): AudioManager Player: AudioPlaybackConfiguration piid:103 deviceId:0 type:android.media.SoundPool u/pid:10078/2363 state:idle attr:AudioAttributes: usage=USAGE_ASSISTANCE_SONIFICATION content=CONTENT_TYPE_SONIFICATION flags=0x800 tags= bundle=null sessionId:0
04-06 02:12:36.006 D/Avrcp_ext( 2345): AudioManager Player: AudioPlaybackConfiguration piid:119 deviceId:0 type:android.media.SoundPool u/pid:1000/2562 state:idle attr:AudioAttributes: usage=USAGE_ASSISTANCE_SONIFICATION content=CONTENT_TYPE_SONIFICATION flags=0x801 tags= bundle=null sessionId:0
04-06 02:12:36.006 D/Avrcp_ext( 2345): AudioManager Player: AudioPlaybackConfiguration piid:151 deviceId:0 type:android.media.MediaPlayer u/pid:1000/2648 state:idle attr:AudioAttributes: usage=USAGE_MEDIA content=CONTENT_TYPE_MOVIE flags=0x800 tags= bundle=null sessionId:0
04-06 02:12:36.006 D/Avrcp_ext( 2345): AudioManager Player: AudioPlaybackConfiguration piid:439 deviceId:0 type:android.media.MediaPlayer u/pid:1000/2648 state:idle attr:AudioAttributes: usage=USAGE_MEDIA content=CONTENT_TYPE_MOVIE flags=0x800 tags= bundle=null sessionId:121
04-06 02:12:36.006 D/Avrcp_ext( 2345): AudioManager Player: AudioPlaybackConfiguration piid:95 deviceId:0 type:android.media.SoundPool u/pid:1000/1508 state:idle attr:AudioAttributes: usage=USAGE_ASSISTANCE_SONIFICATION content=CONTENT_TYPE_SONIFICATION flags=0x800 tags= bundle=null sessionId:0
04-06 02:12:36.006 D/Avrcp_ext( 2345): AudioManager Player: AudioPlaybackConfiguration piid:271 deviceId:0 type:android.media.MediaPlayer u/pid:1000/2648 state:idle attr:AudioAttributes: usage=USAGE_MEDIA content=CONTENT_TYPE_MOVIE flags=0x800 tags= bundle=null sessionId:0
04-06 02:12:36.006 D/Avrcp_ext( 2345): AudioManager isPlaying: false, mAudioPlaybackIsActive = false
04-06 02:12:36.006 D/Avrcp_ext( 2345): AudioManager Reset Active Player
04-06 02:12:36.007 D/GenericSource( 1193): FileSource remote
04-06 02:12:36.008 D/NuPlayerDriver( 1193): reset(0xe4f80b50) at state 3
04-06 02:12:36.009 D/NuPlayerDriver( 1193): notifyResetComplete(0xe4f80b50)
04-06 02:12:36.009 D/NuPlayerDriver( 1193): reset(0xe4f80b50) at state 0
04-06 02:12:36.009 D/SurfaceUtils( 1193): disconnecting from surface 0xe4384ba8, reason disconnectNativeWindow
04-06 02:12:36.011 I/MediaFocusControl( 1508): abandonAudioFocus() from uid/pid 1000/2648 clientId=android.media.AudioManager@22af96b
04-06 02:12:36.011 D/Avrcp_ext( 2345): AudioManager Player: AudioPlaybackConfiguration piid:103 deviceId:0 type:android.media.SoundPool u/pid:10078/2363 state:idle attr:AudioAttributes: usage=USAGE_ASSISTANCE_SONIFICATION content=CONTENT_TYPE_SONIFICATION flags=0x800 tags= bundle=null sessionId:0
04-06 02:12:36.011 D/Avrcp_ext( 2345): AudioManager Player: AudioPlaybackConfiguration piid:119 deviceId:0 type:android.media.SoundPool u/pid:1000/2562 state:idle attr:AudioAttributes: usage=USAGE_ASSISTANCE_SONIFICATION content=CONTENT_TYPE_SONIFICATION flags=0x801 tags= bundle=null sessionId:0
04-06 02:12:36.011 D/Avrcp_ext( 2345): AudioManager Player: AudioPlaybackConfiguration piid:151 deviceId:0 type:android.media.MediaPlayer u/pid:1000/2648 state:idle attr:AudioAttributes: usage=USAGE_MEDIA content=CONTENT_TYPE_MOVIE flags=0x800 tags= bundle=null sessionId:0
04-06 02:12:36.011 D/Avrcp_ext( 2345): AudioManager Player: AudioPlaybackConfiguration piid:95 deviceId:0 type:android.media.SoundPool u/pid:1000/1508 state:idle attr:AudioAttributes: usage=USAGE_ASSISTANCE_SONIFICATION content=CONTENT_TYPE_SONIFICATION flags=0x800 tags= bundle=null sessionId:0
04-06 02:12:36.011 D/Avrcp_ext( 2345): AudioManager Player: AudioPlaybackConfiguration piid:271 deviceId:0 type:android.media.MediaPlayer u/pid:1000/2648 state:idle attr:AudioAttributes: usage=USAGE_MEDIA content=CONTENT_TYPE_MOVIE flags=0x800 tags= bundle=null sessionId:0
04-06 02:12:36.011 D/Avrcp_ext( 2345): AudioManager isPlaying: false, mAudioPlaybackIsActive = false
04-06 02:12:36.011 I/MMParserExtractor( 1190): Created(0xb40000719fa57b30)
04-06 02:12:36.011 D/Avrcp_ext( 2345): AudioManager Reset Active Player
04-06 02:12:36.011 I/MediaFocusControl( 1508): requestAudioFocus() from uid/pid 1000/2648 AA=USAGE_MEDIA/CONTENT_TYPE_MOVIE clientId=android.media.AudioManager@22af96b callingPack=com.thundercomm.tcsetupwizard req=1 flags=0x0 sdk=31
04-06 02:12:36.011 I/AudioService.FadeOutManager( 1508): unfadeOutUid() uid:1000
04-06 02:12:36.013 D/Avrcp_ext( 2345): AudioManager Player: AudioPlaybackConfiguration piid:103 deviceId:0 type:android.media.SoundPool u/pid:10078/2363 state:idle attr:AudioAttributes: usage=USAGE_ASSISTANCE_SONIFICATION content=CONTENT_TYPE_SONIFICATION flags=0x800 tags= bundle=null sessionId:0
04-06 02:12:36.013 D/Avrcp_ext( 2345): AudioManager Player: AudioPlaybackConfiguration piid:119 deviceId:0 type:android.media.SoundPool u/pid:1000/2562 state:idle attr:AudioAttributes: usage=USAGE_ASSISTANCE_SONIFICATION content=CONTENT_TYPE_SONIFICATION flags=0x801 tags= bundle=null sessionId:0
04-06 02:12:36.013 D/Avrcp_ext( 2345): AudioManager Player: AudioPlaybackConfiguration piid:151 deviceId:0 type:android.media.MediaPlayer u/pid:1000/2648 state:idle attr:AudioAttributes: usage=USAGE_MEDIA content=CONTENT_TYPE_MOVIE flags=0x800 tags= bundle=null sessionId:0
04-06 02:12:36.013 D/Avrcp_ext( 2345): AudioManager Player: AudioPlaybackConfiguration piid:95 deviceId:0 type:android.media.SoundPool u/pid:1000/1508 state:idle attr:AudioAttributes: usage=USAGE_ASSISTANCE_SONIFICATION content=CONTENT_TYPE_SONIFICATION flags=0x800 tags= bundle=null sessionId:0
04-06 02:12:36.013 D/Avrcp_ext( 2345): AudioManager Player: AudioPlaybackConfiguration piid:271 deviceId:0 type:android.media.MediaPlayer u/pid:1000/2648 state:idle attr:AudioAttributes: usage=USAGE_MEDIA content=CONTENT_TYPE_MOVIE flags=0x800 tags= bundle=null sessionId:0
04-06 02:12:36.014 D/Avrcp_ext( 2345): AudioManager Player: AudioPlaybackConfiguration piid:447 deviceId:0 type:android.media.MediaPlayer u/pid:1000/2648 state:idle attr:AudioAttributes: usage=USAGE_UNKNOWN content=CONTENT_TYPE_UNKNOWN flags=0x800 tags= bundle=null sessionId:121
04-06 02:12:36.014 D/Avrcp_ext( 2345): AudioManager isPlaying: false, mAudioPlaybackIsActive = false
04-06 02:12:36.014 D/Avrcp_ext( 2345): AudioManager Reset Active Player
04-06 02:12:36.014 W/AMessage( 1193): failed to post message as target looper for handler 0 is gone.
04-06 02:12:36.014 W/AMessage( 1193): failed to post message as target looper for handler 0 is gone.
04-06 02:12:36.014 D/MediaBufferGroup( 1190): creating MemoryDealer
04-06 02:12:36.014 W/AMessage( 1193): failed to post message as target looper for handler 0 is gone.
04-06 02:12:36.019 I/MMParserExtractor( 1190): Created(0xb40000719fa58690)
04-06 02:12:36.022 W/MediaProvider( 3483): Failed to fetch original file descriptor
04-06 02:12:36.022 W/MediaProvider( 3483): java.io.FileNotFoundException: Input file descriptor is already original
04-06 02:12:36.022 W/MediaProvider( 3483): at com.android.providers.media.MediaProvider.getOriginalMediaFormatFileDescriptor(MediaProvider.java:5718)
04-06 02:12:36.022 W/MediaProvider( 3483): at com.android.providers.media.MediaProvider.openTypedAssetFileCommon(MediaProvider.java:7134)
04-06 02:12:36.022 W/MediaProvider( 3483): at com.android.providers.media.MediaProvider.openTypedAssetFile(MediaProvider.java:7115)
04-06 02:12:36.022 W/MediaProvider( 3483): at android.content.ContentProvider$Transport.openTypedAssetFile(ContentProvider.java:548)
04-06 02:12:36.022 W/MediaProvider( 3483): at android.content.ContentProviderNative.onTransact(ContentProviderNative.java:327)
04-06 02:12:36.022 W/MediaProvider( 3483): at android.os.Binder.execTransactInternal(Binder.java:1179)
04-06 02:12:36.022 W/MediaProvider( 3483): at android.os.Binder.execTransact(Binder.java:1143)
04-06 02:12:36.022 D/NuPlayerDriver( 1193): NuPlayerDriver(0xe4f80b50) created, clientPid(2648)
04-06 02:12:36.027 I/ExtendedNuUtils( 1193): printFileName fd(8) -> /system_ext/app/TCSetupWizard/TCSetupWizard.apk
04-06 02:12:36.028 D/SurfaceUtils( 1193): connecting to surface 0xe4389738, reason setVideoSurfaceTexture
04-06 02:12:36.028 D/NuPlayer( 1193): onSetVideoSurface(0xe4384ba0, no video decoder)
04-06 02:12:36.029 D/Avrcp_ext( 2345): AudioManager Player: AudioPlaybackConfiguration piid:103 deviceId:0 type:android.media.SoundPool u/pid:10078/2363 state:idle attr:AudioAttributes: usage=USAGE_ASSISTANCE_SONIFICATION content=CONTENT_TYPE_SONIFICATION flags=0x800 tags= bundle=null sessionId:0
04-06 02:12:36.029 D/Avrcp_ext( 2345): AudioManager Player: AudioPlaybackConfiguration piid:119 deviceId:0 type:android.media.SoundPool u/pid:1000/2562 state:idle attr:AudioAttributes: usage=USAGE_ASSISTANCE_SONIFICATION content=CONTENT_TYPE_SONIFICATION flags=0x801 tags= bundle=null sessionId:0
04-06 02:12:36.029 D/Avrcp_ext( 2345): AudioManager Player: AudioPlaybackConfiguration piid:151 deviceId:0 type:android.media.MediaPlayer u/pid:1000/2648 state:idle attr:AudioAttributes: usage=USAGE_MEDIA content=CONTENT_TYPE_MOVIE flags=0x800 tags= bundle=null sessionId:0
04-06 02:12:36.029 D/Avrcp_ext( 2345): AudioManager Player: AudioPlaybackConfiguration piid:95 deviceId:0 type:android.media.SoundPool u/pid:1000/1508 state:idle attr:AudioAttributes: usage=USAGE_ASSISTANCE_SONIFICATION content=CONTENT_TYPE_SONIFICATION flags=0x800 tags= bundle=null sessionId:0
04-06 02:12:36.029 D/Avrcp_ext( 2345): AudioManager Player: AudioPlaybackConfiguration piid:271 deviceId:0 type:android.media.MediaPlayer u/pid:1000/2648 state:idle attr:AudioAttributes: usage=USAGE_MEDIA content=CONTENT_TYPE_MOVIE flags=0x800 tags= bundle=null sessionId:0
04-06 02:12:36.029 D/Avrcp_ext( 2345): AudioManager Player: AudioPlaybackConfiguration piid:447 deviceId:0 type:android.media.MediaPlayer u/pid:1000/2648 state:idle attr:AudioAttributes: usage=USAGE_MEDIA content=CONTENT_TYPE_MOVIE flags=0x800 tags= bundle=null sessionId:121
04-06 02:12:36.029 D/Avrcp_ext( 2345): AudioManager isPlaying: false, mAudioPlaybackIsActive = false
04-06 02:12:36.029 D/Avrcp_ext( 2345): AudioManager Reset Active Player
04-06 02:12:36.031 D/GenericSource( 1193): FileSource remote
04-06 02:12:36.032 D/NuPlayerDriver( 1193): reset(0xe4f80b50) at state 3
04-06 02:12:36.032 D/NuPlayerDriver( 1193): notifyResetComplete(0xe4f80b50)
04-06 02:12:36.033 D/NuPlayerDriver( 1193): reset(0xe4f80b50) at state 0
04-06 02:12:36.033 D/SurfaceUtils( 1193): disconnecting from surface 0xe4389738, reason disconnectNativeWindow
04-06 02:12:36.034 I/MediaFocusControl( 1508): abandonAudioFocus() from uid/pid 1000/2648 clientId=android.media.AudioManager@22af96b
04-06 02:12:36.034 D/Avrcp_ext( 2345): AudioManager Player: AudioPlaybackConfiguration piid:103 deviceId:0 type:android.media.SoundPool u/pid:10078/2363 state:idle attr:AudioAttributes: usage=USAGE_ASSISTANCE_SONIFICATION content=CONTENT_TYPE_SONIFICATION flags=0x800 tags= bundle=null sessionId:0
04-06 02:12:36.034 D/Avrcp_ext( 2345): AudioManager Player: AudioPlaybackConfiguration piid:119 deviceId:0 type:android.media.SoundPool u/pid:1000/2562 state:idle attr:AudioAttributes: usage=USAGE_ASSISTANCE_SONIFICATION content=CONTENT_TYPE_SONIFICATION flags=0x801 tags= bundle=null sessionId:0
04-06 02:12:36.034 D/Avrcp_ext( 2345): AudioManager Player: AudioPlaybackConfiguration piid:151 deviceId:0 type:android.media.MediaPlayer u/pid:1000/2648 state:idle attr:AudioAttributes: usage=USAGE_MEDIA content=CONTENT_TYPE_MOVIE flags=0x800 tags= bundle=null sessionId:0
04-06 02:12:36.034 D/Avrcp_ext( 2345): AudioManager Player: AudioPlaybackConfiguration piid:95 deviceId:0 type:android.media.SoundPool u/pid:1000/1508 state:idle attr:AudioAttributes: usage=USAGE_ASSISTANCE_SONIFICATION content=CONTENT_TYPE_SONIFICATION flags=0x800 tags= bundle=null sessionId:0
04-06 02:12:36.034 D/Avrcp_ext( 2345): AudioManager Player: AudioPlaybackConfiguration piid:271 deviceId:0 type:android.media.MediaPlayer u/pid:1000/2648 state:idle attr:AudioAttributes: usage=USAGE_MEDIA content=CONTENT_TYPE_MOVIE flags=0x800 tags= bundle=null sessionId:0
04-06 02:12:36.034 D/Avrcp_ext( 2345): AudioManager isPlaying: false, mAudioPlaybackIsActive = false
04-06 02:12:36.034 D/Avrcp_ext( 2345): AudioManager Reset Active Player
04-06 02:12:36.034 I/MediaFocusControl( 1508): requestAudioFocus() from uid/pid 1000/2648 AA=USAGE_MEDIA/CONTENT_TYPE_MOVIE clientId=android.media.AudioManager@22af96b callingPack=com.thundercomm.tcsetupwizard req=1 flags=0x0 sdk=31
04-06 02:12:36.034 I/AudioService.FadeOutManager( 1508): unfadeOutUid() uid:1000
04-06 02:12:36.035 I/MMParserExtractor( 1190): Created(0xb40000719fa58690)
04-06 02:12:36.036 D/Avrcp_ext( 2345): AudioManager Player: AudioPlaybackConfiguration piid:103 deviceId:0 type:android.media.SoundPool u/pid:10078/2363 state:idle attr:AudioAttributes: usage=USAGE_ASSISTANCE_SONIFICATION content=CONTENT_TYPE_SONIFICATION flags=0x800 tags= bundle=null sessionId:0
04-06 02:12:36.036 D/Avrcp_ext( 2345): AudioManager Player: AudioPlaybackConfiguration piid:119 deviceId:0 type:android.media.SoundPool u/pid:1000/2562 state:idle attr:AudioAttributes: usage=USAGE_ASSISTANCE_SONIFICATION content=CONTENT_TYPE_SONIFICATION flags=0x801 tags= bundle=null sessionId:0
04-06 02:12:36.036 D/Avrcp_ext( 2345): AudioManager Player: AudioPlaybackConfiguration piid:151 deviceId:0 type:android.media.MediaPlayer u/pid:1000/2648 state:idle attr:AudioAttributes: usage=USAGE_MEDIA content=CONTENT_TYPE_MOVIE flags=0x800 tags= bundle=null sessionId:0
04-06 02:12:36.036 D/Avrcp_ext( 2345): AudioManager Player: AudioPlaybackConfiguration piid:455 deviceId:0 type:android.media.MediaPlayer u/pid:1000/2648 state:idle attr:AudioAttributes: usage=USAGE_UNKNOWN content=CONTENT_TYPE_UNKNOWN flags=0x800 tags= bundle=null sessionId:121
04-06 02:12:36.036 D/Avrcp_ext( 2345): AudioManager Player: AudioPlaybackConfiguration piid:95 deviceId:0 type:android.media.SoundPool u/pid:1000/1508 state:idle attr:AudioAttributes: usage=USAGE_ASSISTANCE_SONIFICATION content=CONTENT_TYPE_SONIFICATION flags=0x800 tags= bundle=null sessionId:0
04-06 02:12:36.036 D/Avrcp_ext( 2345): AudioManager Player: AudioPlaybackConfiguration piid:271 deviceId:0 type:android.media.MediaPlayer u/pid:1000/2648 state:idle attr:AudioAttributes: usage=USAGE_MEDIA content=CONTENT_TYPE_MOVIE flags=0x800 tags= bundle=null sessionId:0
04-06 02:12:36.036 D/Avrcp_ext( 2345): AudioManager isPlaying: false, mAudioPlaybackIsActive = false
04-06 02:12:36.036 D/Avrcp_ext( 2345): AudioManager Reset Active Player
04-06 02:12:36.037 W/AMessage( 1193): failed to post message as target looper for handler 0 is gone.
04-06 02:12:36.037 W/AMessage( 1193): failed to post message as target looper for handler 0 is gone.
04-06 02:12:36.038 D/MediaBufferGroup( 1190): creating MemoryDealer
04-06 02:12:36.038 W/AMessage( 1193): failed to post message as target looper for handler 0 is gone.
04-06 02:12:36.041 I/MMParserExtractor( 1190): Created(0xb40000719fa57b30)
04-06 02:12:36.043 W/MediaProvider( 3483): Failed to fetch original file descriptor
04-06 02:12:36.043 W/MediaProvider( 3483): java.io.FileNotFoundException: Input file descriptor is already original
04-06 02:12:36.043 W/MediaProvider( 3483): at com.android.providers.media.MediaProvider.getOriginalMediaFormatFileDescriptor(MediaProvider.java:5718)
04-06 02:12:36.043 W/MediaProvider( 3483): at com.android.providers.media.MediaProvider.openTypedAssetFileCommon(MediaProvider.java:7134)
04-06 02:12:36.043 W/MediaProvider( 3483): at com.android.providers.media.MediaProvider.openTypedAssetFile(MediaProvider.java:7115)
04-06 02:12:36.043 W/MediaProvider( 3483): at android.content.ContentProvider$Transport.openTypedAssetFile(ContentProvider.java:548)
