04-06 02:10:11.080 I/SystemServerTiming( 1508): ssm.onStartUser-0_com.android.server.os.NativeTombstoneManagerService
04-06 02:10:11.080 I/SystemServerTiming( 1508): ssm.onStartUser-0_com.android.server.os.BugreportManagerService
04-06 02:10:11.080 I/SystemServerTiming( 1508): ssm.onStartUser-0_com.android.server.gpu.GpuService
04-06 02:10:11.080 I/SystemServerTiming( 1508): ssm.onStartUser-0_com.android.server.security.KeyChainSystemService
04-06 02:10:11.080 I/SystemServerTiming( 1508): ssm.onStartUser-0_com.android.server.telecom.TelecomLoaderService
04-06 02:10:11.080 I/SystemServerTiming( 1508): ssm.onStartUser-0_com.android.server.accounts.AccountManagerService$Lifecycle
04-06 02:10:11.080 I/SystemServerTiming( 1508): ssm.onStartUser-0_com.android.server.content.ContentService$Lifecycle
04-06 02:10:11.080 I/SystemServerTiming( 1508): ssm.onStartUser-0_com.android.server.DropBoxManagerService
04-06 02:10:11.080 I/SystemServerTiming( 1508): ssm.onStartUser-0_com.android.role.RoleService
04-06 02:10:11.081 W/ActivityManager( 1508): Slow operation: 79ms so far, now at startProcess: returned from zygote!
04-06 02:10:11.081 W/ActivityManager( 1508): Slow operation: 80ms so far, now at startProcess: done updating battery stats
04-06 02:10:11.081 W/ActivityManager( 1508): Slow operation: 80ms so far, now at startProcess: building log message
04-06 02:10:11.081 I/ActivityManager( 1508): Start proc 2490:WebViewLoader-arm64-v8a/1037 [android.webkit.WebViewLibraryLoader$RelroFileCreator] for null
04-06 02:10:11.081 W/ActivityManager( 1508): Slow operation: 80ms so far, now at startProcess: starting to update pids map
04-06 02:10:11.081 W/ActivityManager( 1508): Slow operation: 80ms so far, now at startProcess: done updating pids map
04-06 02:10:11.081 W/ActivityManager( 1508): com.android.networkstack inode == 0 (b/152760674)
01-01 08:01:29.928 I/binder ( 0): 2488:2488 ioctl 40046210 fff1b558 returned -22
04-06 02:10:11.091 I/ActivityManager( 1508): Start proc 2491:com.android.networkstack.process/1073 for service {com.android.networkstack/com.android.server.NetworkStackService}
01-01 08:01:29.933 I/binder ( 0): 2490:2490 ioctl 40046210 7fd41ed904 returned -22
04-06 02:10:11.101 D/Fingerprint21( 1508): Daemon was null, reconnecting, current operation: null
04-06 02:10:11.105 D/Fingerprint21( 1508): Fingerprint HAL ready, HAL ID: 5326416
04-06 02:10:11.106 W/PackageManager( 1508): Loading a package that does not exist for the calling user. package=null, user=0
04-06 02:10:11.106 W/PackageManager( 1508): Loading a package that does not exist for the calling user. package=null, user=0
01-01 08:01:29.947 I/binder ( 0): 2491:2491 ioctl 40046210 7fd41ed904 returned -22
04-06 02:10:11.113 D/CompatibilityChangeReporter( 1508): Compat change id reported: 168419799; UID 1073; state: DISABLED
04-06 02:10:11.118 D/CompatibilityChangeReporter( 1508): Compat change id reported: 168419799; UID 1073; state: DISABLED
04-06 02:10:11.135 I/ActivityManager( 1508): Process WebViewLoader-armeabi-v7a (pid 2488) has died: psvc PER
04-06 02:10:11.137 E/KernelCpuSpeedReader( 1508): Failed to read cpu-freq: /sys/devices/system/cpu/cpu4/cpufreq/stats/time_in_state: open failed: ENOENT (No such file or directory)
04-06 02:10:11.137 E/KernelCpuSpeedReader( 1508): Failed to read cpu-freq: /sys/devices/system/cpu/cpu0/cpufreq/stats/time_in_state: open failed: ENOENT (No such file or directory)
01-01 08:01:29.976 E/init ( 0): Control message: Could not find 'vendor.qti.hardware.iop@2.0::IIop/default' for ctl.interface_start from pid: 507 (/system/bin/hwservicemanager)
01-01 08:01:29.978 E/init ( 0): Control message: Could not find 'vendor.qti.hardware.iop@2.0::IIop/default' for ctl.interface_start from pid: 507 (/system/bin/hwservicemanager)
04-06 02:10:11.148 I/ActivityManager( 1508): Process WebViewLoader-arm64-v8a (pid 2490) has died: psvc PER
01-01 08:01:29.988 E/init ( 0): Control message: Could not find 'vendor.qti.hardware.iop@2.0::IIop/default' for ctl.interface_start from pid: 507 (/system/bin/hwservicemanager)
04-06 02:10:11.174 W/SystemServiceManager( 1508): Service com.android.role.RoleService took 94 ms in onStartUser-0
04-06 02:10:11.174 I/SystemServerTiming( 1508): ssm.onStartUser-0_com.android.server.vibrator.VibratorManagerService$Lifecycle
04-06 02:10:11.174 I/SystemServerTiming( 1508): ssm.onStartUser-0_com.android.server.alarm.AlarmManagerService
04-06 02:10:11.175 I/SystemServerTiming( 1508): ssm.onStartUser-0_com.android.server.devicestate.DeviceStateManagerService
04-06 02:10:11.175 I/SystemServerTiming( 1508): ssm.onStartUser-0_com.android.server.camera.CameraServiceProxy
04-06 02:10:11.175 I/SystemServerTiming( 1508): ssm.onStartUser-0_com.android.server.BluetoothService
04-06 02:10:11.176 I/SystemServerTiming( 1508): ssm.onStartUser-0_com.android.server.connectivity.IpConnectivityMetrics
04-06 02:10:11.176 I/SystemServerTiming( 1508): ssm.onStartUser-0_com.android.server.net.watchlist.NetworkWatchlistService$Lifecycle
04-06 02:10:11.176 I/SystemServerTiming( 1508): ssm.onStartUser-0_com.android.server.PinnerService
04-06 02:10:11.176 I/SystemServerTiming( 1508): ssm.onStartUser-0_com.google.android.startop.iorap.IorapForwardingService
04-06 02:10:11.176 I/SystemServerTiming( 1508): ssm.onStartUser-0_com.android.server.ActivityTriggerService
04-06 02:10:11.176 I/SystemServerTiming( 1508): ssm.onStartUser-0_com.android.server.integrity.AppIntegrityManagerService
04-06 02:10:11.176 I/SystemServerTiming( 1508): ssm.onStartUser-0_com.android.server.inputmethod.InputMethodManagerService$Lifecycle
04-06 02:10:11.176 I/SystemServerTiming( 1508): ssm.onStartUser-0_com.android.server.accessibility.AccessibilityManagerService$Lifecycle
04-06 02:10:11.176 I/SystemServerTiming( 1508): ssm.onStartUser-0_com.android.server.StorageManagerService$Lifecycle
04-06 02:10:11.180 D/CountryDetector( 1508): Using custom country detector class: com.android.server.location.ComprehensiveCountryDetector
04-06 02:10:11.180 E/CountryDetector( 1508): Could not instantiate the custom country detector class
04-06 02:10:11.180 D/CountryDetector( 1508): Using default country detector
04-06 02:10:11.181 I/SystemServerTiming( 1508): ssm.onStartUser-0_com.android.server.usage.StorageStatsService$Lifecycle
04-06 02:10:11.181 I/SystemServerTiming( 1508): ssm.onStartUser-0_com.android.server.UiModeManagerService
04-06 02:10:11.181 I/SystemServerTiming( 1508): ssm.onStartUser-0_com.android.server.locksettings.LockSettingsService$Lifecycle
04-06 02:10:11.181 I/SystemServerTiming( 1508): ssm.onStartUser-0_com.android.server.PersistentDataBlockService
04-06 02:10:11.181 I/SystemServerTiming( 1508): ssm.onStartUser-0_com.android.server.testharness.TestHarnessModeService
04-06 02:10:11.181 I/SystemServerTiming( 1508): ssm.onStartUser-0_com.android.server.oemlock.OemLockService
04-06 02:10:11.181 I/SystemServerTiming( 1508): ssm.onStartUser-0_com.android.server.DeviceIdleController
04-06 02:10:11.181 I/SystemServerTiming( 1508): ssm.onStartUser-0_com.android.server.devicepolicy.DevicePolicyManagerService$Lifecycle
04-06 02:10:11.181 I/SystemServerTiming( 1508): ssm.onStartUser-0_com.android.server.texttospeech.TextToSpeechManagerService
04-06 02:10:11.181 I/SystemServerTiming( 1508): ssm.onStartUser-0_com.android.server.speech.SpeechRecognitionManagerService
04-06 02:10:11.181 I/SystemServerTiming( 1508): ssm.onStartUser-0_com.android.server.searchui.SearchUiManagerService
04-06 02:10:11.181 I/SystemServerTiming( 1508): ssm.onStartUser-0_com.android.server.smartspace.SmartspaceManagerService
04-06 02:10:11.181 I/SystemServerTiming( 1508): ssm.onStartUser-0_com.android.server.graphics.fonts.FontManagerService$Lifecycle
04-06 02:10:11.181 I/SystemServerTiming( 1508): ssm.onStartUser-0_com.android.server.textservices.TextServicesManagerService$Lifecycle
04-06 02:10:11.181 I/SystemServerTiming( 1508): ssm.onStartUser-0_com.android.server.textclassifier.TextClassificationManagerService$Lifecycle
04-06 02:10:11.182 I/SystemServerTiming( 1508): ssm.onStartUser-0_com.android.server.NetworkScoreService$Lifecycle
04-06 02:10:11.182 I/SystemServerTiming( 1508): ssm.onStartUser-0_com.android.server.wifi.WifiService
04-06 02:10:11.182 I/SystemServerTiming( 1508): ssm.onStartUser-0_com.android.server.wifi.scanner.WifiScanningService
04-06 02:10:11.182 I/SystemServerTiming( 1508): ssm.onStartUser-0_com.android.server.wifi.rtt.RttService
04-06 02:10:11.182 I/SystemServerTiming( 1508): ssm.onStartUser-0_com.android.server.wifi.aware.WifiAwareService
04-06 02:10:11.182 I/SystemServerTiming( 1508): ssm.onStartUser-0_com.android.server.wifi.p2p.WifiP2pService
04-06 02:10:11.182 I/SystemServerTiming( 1508): ssm.onStartUser-0_com.android.server.ethernet.EthernetService
04-06 02:10:11.182 I/SystemServerTiming( 1508): ssm.onStartUser-0_com.android.server.ConnectivityServiceInitializer
04-06 02:10:11.182 I/SystemServerTiming( 1508): ssm.onStartUser-0_com.android.server.notification.NotificationManagerService
04-06 02:10:11.182 I/SystemServerTiming( 1508): ssm.onStartUser-0_com.android.server.storage.DeviceStorageMonitorService
04-06 02:10:11.182 I/SystemServerTiming( 1508): ssm.onStartUser-0_com.android.server.location.LocationManagerService$Lifecycle
04-06 02:10:11.182 I/SystemServerTiming( 1508): ssm.onStartUser-0_com.android.server.timedetector.TimeDetectorService$Lifecycle
04-06 02:10:11.182 I/SystemServerTiming( 1508): ssm.onStartUser-0_com.android.server.timezonedetector.TimeZoneDetectorService$Lifecycle
04-06 02:10:11.182 I/SystemServerTiming( 1508): ssm.onStartUser-0_com.android.server.timezonedetector.location.LocationTimeZoneManagerService$Lifecycle
04-06 02:10:11.182 I/SystemServerTiming( 1508): ssm.onStartUser-0_com.android.server.search.SearchManagerService$Lifecycle
04-06 02:10:11.182 I/SystemServerTiming( 1508): ssm.onStartUser-0_com.android.server.wallpaper.WallpaperManagerService$Lifecycle
04-06 02:10:11.182 I/SystemServerTiming( 1508): ssm.onStartUser-0_com.android.server.audio.AudioService$Lifecycle
04-06 02:10:11.182 I/SystemServerTiming( 1508): ssm.onStartUser-0_com.android.server.soundtrigger_middleware.SoundTriggerMiddlewareService$Lifecycle
04-06 02:10:11.182 I/SystemServerTiming( 1508): ssm.onStartUser-0_com.android.server.DockObserver
04-06 02:10:11.182 I/SystemServerTiming( 1508): ssm.onStartUser-0_com.android.server.midi.MidiService$Lifecycle
04-06 02:10:11.182 I/SystemServerTiming( 1508): ssm.onStartUser-0_com.android.server.adb.AdbService$Lifecycle
04-06 02:10:11.182 I/SystemServerTiming( 1508): ssm.onStartUser-0_com.android.server.usb.UsbService$Lifecycle
04-06 02:10:11.182 I/SystemServerTiming( 1508): ssm.onStartUser-0_com.android.server.twilight.TwilightService
04-06 02:10:11.182 I/SystemServerTiming( 1508): ssm.onStartUser-0_com.android.server.display.color.ColorDisplayService
04-06 02:10:11.182 I/SystemServerTiming( 1508): ssm.onStartUser-0_com.android.server.job.JobSchedulerService
04-06 02:10:11.182 I/SystemServerTiming( 1508): ssm.onStartUser-0_com.android.server.soundtrigger.SoundTriggerService
04-06 02:10:11.182 I/SystemServerTiming( 1508): ssm.onStartUser-0_com.android.server.trust.TrustManagerService
04-06 02:10:11.182 I/SystemServerTiming( 1508): ssm.onStartUser-0_com.android.server.backup.BackupManagerService$Lifecycle
04-06 02:10:11.182 I/SystemServerTiming( 1508): ssm.onStartUser-0_com.android.server.appwidget.AppWidgetService
04-06 02:10:11.182 I/SystemServerTiming( 1508): ssm.onStartUser-0_com.android.server.voiceinteraction.VoiceInteractionManagerService
04-06 02:10:11.182 W/VoiceInteractionManager( 1508): no available voice recognition services found for user 0
04-06 02:10:11.182 I/SystemServerTiming( 1508): ssm.onStartUser-0_com.android.server.apphibernation.AppHibernationService
04-06 02:10:11.182 I/SystemServerTiming( 1508): ssm.onStartUser-0_com.android.server.SensorNotificationService
04-06 02:10:11.182 I/SystemServerTiming( 1508): ssm.onStartUser-0_com.android.server.emergency.EmergencyAffordanceService
04-06 02:10:11.182 I/SystemServerTiming( 1508): ssm.onStartUser-0_com.android.server.blob.BlobStoreManagerService
04-06 02:10:11.182 I/SystemServerTiming( 1508): ssm.onStartUser-0_com.android.server.dreams.DreamManagerService
04-06 02:10:11.182 I/SystemServerTiming( 1508): ssm.onStartUser-0_com.android.server.companion.CompanionDeviceManagerService
04-06 02:10:11.182 I/SystemServerTiming( 1508): ssm.onStartUser-0_com.android.server.restrictions.RestrictionsManagerService
04-06 02:10:11.182 I/SystemServerTiming( 1508): ssm.onStartUser-0_com.android.server.media.MediaSessionService
04-06 02:10:11.182 I/SystemServerTiming( 1508): ssm.onStartUser-0_com.android.server.media.MediaResourceMonitorService
04-06 02:10:11.182 I/SystemServerTiming( 1508): ssm.onStartUser-0_com.android.server.biometrics.sensors.fingerprint.FingerprintService
04-06 02:10:11.182 I/SystemServerTiming( 1508): ssm.onStartUser-0_com.android.server.biometrics.BiometricService
04-06 02:10:11.182 I/SystemServerTiming( 1508): ssm.onStartUser-0_com.android.server.biometrics.AuthService
04-06 02:10:11.182 I/SystemServerTiming( 1508): ssm.onStartUser-0_com.android.server.pm.ShortcutService$Lifecycle
04-06 02:10:11.182 I/SystemServerTiming( 1508): ssm.onStartUser-0_com.android.server.pm.LauncherAppsService
04-06 02:10:11.182 I/SystemServerTiming( 1508): ssm.onStartUser-0_com.android.server.pm.CrossProfileAppsService
04-06 02:10:11.182 I/SystemServerTiming( 1508): ssm.onStartUser-0_com.android.server.people.PeopleService
04-06 02:10:11.182 I/SystemServerTiming( 1508): ssm.onStartUser-0_com.android.server.media.metrics.MediaMetricsManagerService
04-06 02:10:11.182 I/SystemServerTiming( 1508): ssm.onStartUser-0_com.android.server.media.projection.MediaProjectionManagerService
04-06 02:10:11.182 I/SystemServerTiming( 1508): ssm.onStartUser-0_com.android.server.slice.SliceManagerService$Lifecycle
04-06 02:10:11.182 I/SystemServerTiming( 1508): ssm.onStartUser-0_com.android.server.stats.StatsCompanion$Lifecycle
04-06 02:10:11.182 I/SystemServerTiming( 1508): ssm.onStartUser-0_com.android.server.scheduling.RebootReadinessManagerService$Lifecycle
04-06 02:10:11.182 I/SystemServerTiming( 1508): ssm.onStartUser-0_com.android.server.stats.pull.StatsPullAtomService
04-06 02:10:11.182 I/SystemServerTiming( 1508): ssm.onStartUser-0_com.android.server.incident.IncidentCompanionService
04-06 02:10:11.182 I/SystemServerTiming( 1508): ssm.onStartUser-0_com.android.server.MmsServiceBroker
04-06 02:10:11.182 I/SystemServerTiming( 1508): ssm.onStartUser-0_com.android.server.autofill.AutofillManagerService
04-06 02:10:11.182 I/SystemServerTiming( 1508): ssm.onStartUser-0_com.android.server.clipboard.ClipboardService
04-06 02:10:11.182 I/SystemServerTiming( 1508): ssm.onStartUser-0_com.android.server.appbinding.AppBindingService$Lifecycle
04-06 02:10:11.182 W/AppBindingService( 1508): [Default SMS app] u0 Target package not found
04-06 02:10:11.182 I/SystemServerTiming( 1508): ssm.onStartUser-0_com.android.server.tracing.TracingServiceProxy
04-06 02:10:11.182 I/SystemServerTiming( 1508): ssm.onStartUser-0_com.android.server.policy.PermissionPolicyService
04-06 02:10:11.182 I/SystemServerTiming( 1508): ssm.onStartUser-0_com.android.server.pm.StagingManager$Lifecycle
04-06 02:10:11.182 I/SystemServerTiming( 1508): ssm.onStartUser-0_com.android.server.app.GameManagerService$Lifecycle
04-06 02:10:11.183 I/SystemServerTiming( 1508): ssm.onStartUser-0_com.android.server.appsearch.AppSearchManagerService
04-06 02:10:11.183 I/SystemServerTiming( 1508): ssm.onStartUser-0_com.android.server.media.MediaCommunicationService
04-06 02:10:11.183 I/SystemServerTiming( 1508): startPersistentApps
04-06 02:10:11.184 D/CompatibilityChangeReporter( 1508): Compat change id reported: 135634846; UID 1000; state: DISABLED
04-06 02:10:11.184 D/CompatibilityChangeReporter( 1508): Compat change id reported: 177438394; UID 1000; state: DISABLED
04-06 02:10:11.184 D/CompatibilityChangeReporter( 1508): Compat change id reported: 135772972; UID 1000; state: DISABLED
04-06 02:10:11.184 D/CompatibilityChangeReporter( 1508): Compat change id reported: 135754954; UID 1000; state: ENABLED
04-06 02:10:11.184 W/ActivityManager( 1508): com.thundercomm.microsettings inode == 0 (b/152760674)
04-06 02:10:11.185 D/CompatibilityChangeReporter( 1508): Compat change id reported: 135634846; UID 1001; state: DISABLED
04-06 02:10:11.185 D/CompatibilityChangeReporter( 1508): Compat change id reported: 177438394; UID 1001; state: DISABLED
04-06 02:10:11.186 D/CompatibilityChangeReporter( 1508): Compat change id reported: 135772972; UID 1001; state: DISABLED
04-06 02:10:11.186 D/CompatibilityChangeReporter( 1508): Compat change id reported: 135754954; UID 1001; state: ENABLED
04-06 02:10:11.186 D/CompatibilityChangeReporter( 1508): Compat change id reported: 135634846; UID 10052; state: DISABLED
04-06 02:10:11.186 D/CompatibilityChangeReporter( 1508): Compat change id reported: 177438394; UID 10052; state: DISABLED
04-06 02:10:11.186 D/CompatibilityChangeReporter( 1508): Compat change id reported: 135772972; UID 10052; state: DISABLED
04-06 02:10:11.186 D/CompatibilityChangeReporter( 1508): Compat change id reported: 135754954; UID 10052; state: DISABLED
04-06 02:10:11.189 D/CompatibilityChangeReporter( 1508): Compat change id reported: 135634846; UID 10085; state: DISABLED
04-06 02:10:11.189 D/CompatibilityChangeReporter( 1508): Compat change id reported: 177438394; UID 10085; state: DISABLED
04-06 02:10:11.189 D/CompatibilityChangeReporter( 1508): Compat change id reported: 135772972; UID 10085; state: DISABLED
04-06 02:10:11.189 D/CompatibilityChangeReporter( 1508): Compat change id reported: 135754954; UID 10085; state: DISABLED
04-06 02:10:11.189 D/CompatibilityChangeReporter( 1508): Compat change id reported: 135634846; UID 1068; state: DISABLED
04-06 02:10:11.191 D/CompatibilityChangeReporter( 1508): Compat change id reported: 135634846; UID 10062; state: DISABLED
04-06 02:10:11.191 D/CompatibilityChangeReporter( 1508): Compat change id reported: 177438394; UID 10062; state: DISABLED
04-06 02:10:11.191 D/CompatibilityChangeReporter( 1508): Compat change id reported: 135772972; UID 10062; state: DISABLED
04-06 02:10:11.191 D/CompatibilityChangeReporter( 1508): Compat change id reported: 135754954; UID 10062; state: ENABLED
04-06 02:10:11.191 I/SystemServerTiming( 1508): startHomeOnAllDisplays
04-06 02:10:11.192 I/ActivityTaskManager( 1508): START u0 {act=android.intent.action.MAIN cat=[android.intent.category.HOME] flg=0x10000100 cmp=com.android.settings/.CryptKeeper (has extras)} from uid 0
04-06 02:10:11.198 D/CompatibilityChangeReporter( 1508): Compat change id reported: 174042980; UID 1000; state: DISABLED
01-01 08:01:30.034 I/binder ( 0): 2562:2562 ioctl 40046210 7fd41ed904 returned -22
01-01 08:01:30.036 E/init ( 0): Control message: Could not find 'vendor.qti.hardware.iop@2.0::IIop/default' for ctl.interface_start from pid: 507 (/system/bin/hwservicemanager)
04-06 02:10:11.204 W/ContextImpl( 1508): Calling a method in the system process without a qualified user: android.app.ContextImpl.bindService:1895 android.content.ContextWrapper.bindService:810 com.qualcomm.qti.activityextension.ActivityNotifier.bindToDynamicDDSService:103 com.qualcomm.qti.activityextension.ActivityNotifier.handleSendActivityInvokeNotification:184 com.qualcomm.qti.activityextension.ActivityNotifier.access$300:26
04-06 02:10:11.205 D/CompatibilityChangeReporter( 1508): Compat change id reported: 168419799; UID 1000; state: DISABLED
04-06 02:10:11.205 I/ActivityTaskManager( 1508): FOREGROUND_APPLICATION_CHANGED to com.android.settings.CryptKeeper
04-06 02:10:11.206 I/SystemServerTiming( 1508): showSystemReadyErrorDialogs
04-06 02:10:11.229 I/SystemServerTiming( 1508): sendUserStartBroadcast
04-06 02:10:11.229 I/SystemServerTiming( 1508): resumeTopActivities
04-06 02:10:11.230 I/SystemServerTiming( 1508): sendUserSwitchBroadcasts
04-06 02:10:11.230 I/SystemServerTiming( 1508): setBinderProxies
04-06 02:10:11.230 I/SystemServerTiming( 1508): StartSystemUI
04-06 02:10:11.230 I/ActivityManager( 1508): Start proc 2562:com.thundercomm.gamemode/1000 for added application com.thundercomm.gamemode
04-06 02:10:11.230 W/ActivityManager( 1508): com.thundercomm.microsettings inode == 0 (b/152760674)
04-06 02:10:11.234 W/ContextImpl( 1508): Calling a method in the system process without a qualified user: android.app.ContextImpl.bindService:1895 android.content.ContextWrapper.bindService:810 com.qualcomm.qti.activityextension.ActivityNotifier.bindToDynamicDDSService:103 com.qualcomm.qti.activityextension.ActivityNotifier.handleSendActivityInvokeNotification:184 com.qualcomm.qti.activityextension.ActivityNotifier.access$300:26
04-06 02:10:11.234 D/CompatibilityChangeReporter( 1508): Compat change id reported: 135634846; UID 1000; state: DISABLED
04-06 02:10:11.234 D/CompatibilityChangeReporter( 1508): Compat change id reported: 177438394; UID 1000; state: DISABLED
04-06 02:10:11.234 D/CompatibilityChangeReporter( 1508): Compat change id reported: 135772972; UID 1000; state: DISABLED
04-06 02:10:11.234 D/CompatibilityChangeReporter( 1508): Compat change id reported: 135754954; UID 1000; state: ENABLED
04-06 02:10:11.237 I/SystemServerTiming( 1508): startMicroService
04-06 02:10:11.237 W/ContextImpl( 1508): Calling a method in the system process without a qualified user: android.app.ContextImpl.bindService:1895 android.content.ContextWrapper.bindService:810 com.qualcomm.qti.activityextension.ActivityNotifier.bindToDynamicDDSService:103 com.qualcomm.qti.activityextension.ActivityNotifier.handleSendActivityInvokeNotification:184 com.qualcomm.qti.activityextension.ActivityNotifier.access$300:26
04-06 02:10:11.238 W/ActivityManager( 1508): Slow operation: 53ms so far, now at startProcess: done updating battery stats
04-06 02:10:11.238 W/ActivityManager( 1508): Slow operation: 53ms so far, now at startProcess: building log message
04-06 02:10:11.238 I/ActivityManager( 1508): Start proc 2581:com.thundercomm.microservice/1000 for added application com.thundercomm.microservice
04-06 02:10:11.238 W/ActivityManager( 1508): Slow operation: 53ms so far, now at startProcess: starting to update pids map
04-06 02:10:11.238 W/ActivityManager( 1508): Slow operation: 53ms so far, now at startProcess: done updating pids map
04-06 02:10:11.238 W/ActivityManager( 1508): Slow operation: 53ms so far, now at startProcess: asking zygote to start proc
04-06 02:10:11.238 W/ActivityManager( 1508): com.thundercomm.microsettings inode == 0 (b/152760674)
04-06 02:10:11.243 W/ActivityManager( 1508): Slow operation: 58ms so far, now at startProcess: returned from zygote!
04-06 02:10:11.243 I/SystemServerTiming( 1508): startRemoteControlService
04-06 02:10:11.243 W/ActivityManager( 1508): Slow operation: 59ms so far, now at startProcess: done updating battery stats
04-06 02:10:11.243 W/ActivityManager( 1508): Slow operation: 59ms so far, now at startProcess: building log message
04-06 02:10:11.243 I/ActivityManager( 1508): Start proc 2585:com.thundercomm.microsettings/1000 for added application com.thundercomm.microsettings
04-06 02:10:11.243 W/ActivityManager( 1508): Slow operation: 59ms so far, now at startProcess: starting to update pids map
04-06 02:10:11.243 W/ActivityManager( 1508): Slow operation: 59ms so far, now at startProcess: done updating pids map
04-06 02:10:11.244 W/ActivityManager( 1508): Slow operation: 59ms so far, now at startProcess: asking zygote to start proc
04-06 02:10:11.244 W/ActivityManager( 1508): com.qti.dpmserviceapp inode == 0 (b/152760674)
04-06 02:10:11.245 I/SystemServerTiming( 1508): startTcService
04-06 02:10:11.245 I/SystemServerTiming( 1508): startBoostPerfService
04-06 02:10:11.249 W/Looper ( 1508): Slow delivery took 8417ms main h=android.app.PropertyInvalidatedCache$AutoCorker$1 c=null m=0
04-06 02:10:11.252 W/ActivityManager( 1508): Slow operation: 66ms so far, now at startProcess: returned from zygote!
04-06 02:10:11.252 W/ActivityManager( 1508): Slow operation: 67ms so far, now at startProcess: done updating battery stats
04-06 02:10:11.252 W/ActivityManager( 1508): Slow operation: 67ms so far, now at startProcess: building log message
04-06 02:10:11.252 I/ActivityManager( 1508): Start proc 2596:.dataservices/1001 for added application .dataservices
04-06 02:10:11.252 W/ActivityManager( 1508): Slow operation: 67ms so far, now at startProcess: starting to update pids map
04-06 02:10:11.252 W/ActivityManager( 1508): Slow operation: 67ms so far, now at startProcess: done updating pids map
04-06 02:10:11.252 W/ActivityManager( 1508): Slow operation: 67ms so far, now at startProcess: asking zygote to start proc
04-06 02:10:11.252 D/CompatibilityChangeReporter( 1508): Compat change id reported: 143937733; UID 10052; state: DISABLED
04-06 02:10:11.252 W/ActivityManager( 1508): vendor.qti.iwlan inode == 0 (b/152760674)
04-06 02:10:11.257 W/QuotaTracker( 1508): Alarm not scheduled because boot isn't completed
04-06 02:10:11.257 W/ActivityManager( 1508): Slow operation: 72ms so far, now at startProcess: returned from zygote!
04-06 02:10:11.257 W/ActivityManager( 1508): Slow operation: 72ms so far, now at startProcess: done updating battery stats
04-06 02:10:11.257 W/ActivityManager( 1508): Slow operation: 72ms so far, now at startProcess: building log message
04-06 02:10:11.257 I/ActivityManager( 1508): Start proc 2599:.qtidataservices/u0a52 for added application .qtidataservices
04-06 02:10:11.257 W/ActivityManager( 1508): Slow operation: 72ms so far, now at startProcess: starting to update pids map
04-06 02:10:11.257 W/ActivityManager( 1508): Slow operation: 72ms so far, now at startProcess: done updating pids map
04-06 02:10:11.257 W/ActivityManager( 1508): Slow operation: 71ms so far, now at startProcess: asking zygote to start proc
04-06 02:10:11.257 W/ActivityManager( 1508): com.thundercomm.microsettings inode == 0 (b/152760674)
04-06 02:10:11.259 D/CompatibilityChangeReporter( 1508): Compat change id reported: 182478738; UID 1073; state: DISABLED
04-06 02:10:11.261 D/CompatibilityChangeReporter( 1508): Compat change id reported: 168419799; UID 1000; state: DISABLED
04-06 02:10:11.264 W/ActivityManager( 1508): Slow operation: 78ms so far, now at startProcess: returned from zygote!
04-06 02:10:11.264 W/ActivityManager( 1508): Slow operation: 78ms so far, now at startProcess: done updating battery stats
04-06 02:10:11.264 W/ActivityManager( 1508): Slow operation: 78ms so far, now at startProcess: building log message
04-06 02:10:11.264 I/ActivityManager( 1508): Start proc 2611:com.thundercomm.tchttpserver/1000 for added application com.thundercomm.tchttpserver
04-06 02:10:11.264 W/ActivityManager( 1508): Slow operation: 78ms so far, now at startProcess: starting to update pids map
04-06 02:10:11.264 W/ActivityManager( 1508): Slow operation: 78ms so far, now at startProcess: done updating pids map
04-06 02:10:11.264 W/ActivityManager( 1508): Slow operation: 78ms so far, now at startProcess: asking zygote to start proc
04-06 02:10:11.264 W/ActivityManager( 1508): com.thundercomm.microsettings inode == 0 (b/152760674)
01-01 08:01:30.104 I/binder ( 0): 2585:2585 ioctl 40046210 7fd41ed904 returned -22
01-01 08:01:30.108 I/binder ( 0): 2581:2581 ioctl 40046210 7fd41ed904 returned -22
01-01 08:01:30.110 I/binder ( 0): 2599:2599 ioctl 40046210 7fd41ed904 returned -22
04-06 02:10:11.270 W/ActivityManager( 1508): Slow operation: 84ms so far, now at startProcess: returned from zygote!
04-06 02:10:11.271 W/ActivityManager( 1508): Slow operation: 84ms so far, now at startProcess: done updating battery stats
04-06 02:10:11.271 W/ActivityManager( 1508): Slow operation: 84ms so far, now at startProcess: building log message
04-06 02:10:11.271 I/ActivityManager( 1508): Start proc 2631:com.tc.logclient/1000 for added application com.tc.logclient
04-06 02:10:11.271 W/ActivityManager( 1508): Slow operation: 84ms so far, now at startProcess: starting to update pids map
04-06 02:10:11.271 W/ActivityManager( 1508): Slow operation: 84ms so far, now at startProcess: done updating pids map
04-06 02:10:11.271 W/ActivityManager( 1508): Slow operation: 83ms so far, now at startProcess: asking zygote to start proc
04-06 02:10:11.271 W/ActivityManager( 1508): com.thundercomm.microsettings inode == 0 (b/152760674)
04-06 02:10:11.271 D/ConditionProviders.SCP( 1508): onConnected
04-06 02:10:11.276 W/ActivityManager( 1508): Slow operation: 88ms so far, now at startProcess: returned from zygote!
04-06 02:10:11.276 D/CompatibilityChangeReporter( 1508): Compat change id reported: 181136395; UID 1000; state: DISABLED
04-06 02:10:11.277 D/CompatibilityChangeReporter( 1508): Compat change id reported: 174042936; UID 1000; state: DISABLED
01-01 08:01:30.114 I/binder ( 0): 2596:2596 ioctl 40046210 7fd41ed904 returned -22
01-01 08:01:30.116 I/binder ( 0): 1167:1167 ioctl 40046210 7ff019ffa4 returned -22
01-01 08:01:30.117 E/init ( 0): Control message: Could not find 'vendor.qti.hardware.iop@2.0::IIop/default' for ctl.interface_start from pid: 507 (/system/bin/hwservicemanager)
04-06 02:10:11.280 W/ActivityManager( 1508): Slow operation: 92ms so far, now at startProcess: done updating battery stats
04-06 02:10:11.280 W/ActivityManager( 1508): Slow operation: 92ms so far, now at startProcess: building log message
04-06 02:10:11.280 I/ActivityManager( 1508): Start proc 2648:com.thundercomm.tcsetupwizard/1000 for added application com.thundercomm.tcsetupwizard
04-06 02:10:11.280 W/ActivityManager( 1508): Slow operation: 92ms so far, now at startProcess: starting to update pids map
04-06 02:10:11.280 W/ActivityManager( 1508): Slow operation: 93ms so far, now at startProcess: done updating pids map
04-06 02:10:11.280 W/ActivityManager( 1508): Slow operation: 93ms so far, now at startProcess: asking zygote to start proc
04-06 02:10:11.280 W/ActivityManager( 1508): com.thundercomm.microsettings inode == 0 (b/152760674)
04-06 02:10:11.281 D/CompatibilityChangeReporter( 1508): Compat change id reported: 168419799; UID 1000; state: DISABLED
04-06 02:10:11.282 I/GameModeConfig( 1508): isGameModeOn = false
04-06 02:10:11.282 D/ConditionProviders( 1508): Subscribing to condition://android/event?userId=-10000&calendar=&reply=1 with ComponentInfo{android/com.android.server.notification.EventConditionProvider}
04-06 02:10:11.282 D/ConditionProviders( 1508): Subscribing to condition://android/schedule?days=1.2.3.4.5.6.7&start=22.0&end=7.0&exitAtAlarm=true with ComponentInfo{android/com.android.server.notification.ScheduleConditionProvider}
04-06 02:10:11.286 D/CompatibilityChangeReporter( 1508): Compat change id reported: 168419799; UID 1001; state: DISABLED
04-06 02:10:11.289 D/CompatibilityChangeReporter( 1508): Compat change id reported: 168419799; UID 1001; state: DISABLED
04-06 02:10:11.291 D/CompatibilityChangeReporter( 1508): Compat change id reported: 168419799; UID 10052; state: DISABLED
04-06 02:10:11.294 D/CompatibilityChangeReporter( 1508): Compat change id reported: 135634846; UID 10064; state: DISABLED
04-06 02:10:11.294 D/CompatibilityChangeReporter( 1508): Compat change id reported: 177438394; UID 10064; state: DISABLED
04-06 02:10:11.294 D/CompatibilityChangeReporter( 1508): Compat change id reported: 135772972; UID 10064; state: DISABLED
04-06 02:10:11.294 D/CompatibilityChangeReporter( 1508): Compat change id reported: 135754954; UID 10064; state: ENABLED
04-06 02:10:11.296 W/ActivityManager( 1508): Slow operation: 108ms so far, now at startProcess: returned from zygote!
04-06 02:10:11.296 W/ActivityManager( 1508): Slow operation: 109ms so far, now at startProcess: done updating battery stats
04-06 02:10:11.296 W/ActivityManager( 1508): Slow operation: 109ms so far, now at startProcess: building log message
04-06 02:10:11.296 I/ActivityManager( 1508): Start proc 2665:vendor.qti.qesdk.sysservice/1000 for added application vendor.qti.qesdk.sysservice
04-06 02:10:11.296 W/ActivityManager( 1508): Slow operation: 109ms so far, now at startProcess: starting to update pids map
04-06 02:10:11.298 W/ActivityManager( 1508): Slow operation: 111ms so far, now at startProcess: done updating pids map
04-06 02:10:11.298 W/ActivityManager( 1508): Slow operation: 110ms so far, now at startProcess: asking zygote to start proc
04-06 02:10:11.299 D/CompatibilityChangeReporter( 1508): Compat change id reported: 143937733; UID 10085; state: DISABLED
04-06 02:10:11.299 W/ActivityManager( 1508): com.qti.qualcomm.mstatssystemservice inode == 0 (b/152760674)
01-01 08:01:30.139 I/binder ( 0): 2648:2648 ioctl 40046210 7fd41ed904 returned -22
01-01 08:01:30.141 I/binder ( 0): 2611:2611 ioctl 40046210 7fd41ed904 returned -22
01-01 08:01:30.142 I/binder ( 0): 2631:2631 ioctl 40046210 7fd41ed904 returned -22
04-06 02:10:11.307 D/CompatibilityChangeReporter( 1508): Compat change id reported: 135634846; UID 10074; state: DISABLED
04-06 02:10:11.307 D/CompatibilityChangeReporter( 1508): Compat change id reported: 177438394; UID 10074; state: DISABLED
04-06 02:10:11.307 D/CompatibilityChangeReporter( 1508): Compat change id reported: 135772972; UID 10074; state: DISABLED
04-06 02:10:11.307 D/CompatibilityChangeReporter( 1508): Compat change id reported: 135754954; UID 10074; state: ENABLED
04-06 02:10:11.308 D/CompatibilityChangeReporter( 1508): Compat change id reported: 168419799; UID 1000; state: DISABLED
01-01 08:01:30.146 W/perfetto( 0): enabled ftrace
04-06 02:10:11.311 D/CompatibilityChangeReporter( 1508): Compat change id reported: 168419799; UID 1000; state: DISABLED
04-06 02:10:11.315 W/ActivityManager( 1508): Slow operation: 126ms so far, now at startProcess: returned from zygote!
04-06 02:10:11.315 D/CompatibilityChangeReporter( 1508): Compat change id reported: 168419799; UID 1000; state: DISABLED
01-01 08:01:30.155 E/init ( 0): Control message: Could not find 'vendor.qti.hardware.iop@2.0::IIop/default' for ctl.interface_start from pid: 507 (/system/bin/hwservicemanager)
04-06 02:10:11.318 W/ActivityManager( 1508): Slow operation: 129ms so far, now at startProcess: done updating battery stats
04-06 02:10:11.318 W/ActivityManager( 1508): Slow operation: 130ms so far, now at startProcess: building log message
04-06 02:10:11.318 I/ActivityManager( 1508): Start proc 2711:com.qti.qualcomm.mstatssystemservice/u0a85 for added application com.qti.qualcomm.mstatssystemservice
04-06 02:10:11.318 W/ActivityManager( 1508): Slow operation: 130ms so far, now at startProcess: starting to update pids map
04-06 02:10:11.318 W/ActivityManager( 1508): Slow operation: 130ms so far, now at startProcess: done updating pids map
04-06 02:10:11.318 W/ActivityManager( 1508): Slow operation: 129ms so far, now at startProcess: asking zygote to start proc
04-06 02:10:11.318 W/ActivityManager( 1508): com.android.se inode == 0 (b/152760674)
01-01 08:01:30.165 E/init ( 0): Control message: Could not find 'vendor.qti.hardware.iop@2.0::IIop/default' for ctl.interface_start from pid: 507 (/system/bin/hwservicemanager)
01-01 08:01:30.168 I/binder ( 0): 2363:2717 ioctl 40046210 783a1e1124 returned -22
04-06 02:10:11.339 W/ContextImpl( 2585): Calling a method in the system process without a qualified user: android.app.ContextImpl.startService:1816 android.content.ContextWrapper.startService:774 com.thundercomm.microsettings.service.SettingsApplication.onCreate:30 android.app.Instrumentation.callApplicationOnCreate:1212 android.app.ActivityThread.handleBindApplication:6744
01-01 08:01:30.180 I/binder ( 0): 2665:2665 ioctl 40046210 7fd41ed904 returned -22
01-01 08:01:30.182 I/binder ( 0): 2596:2747 ioctl 40046210 78b11929e4 returned -22
01-01 08:01:30.183 I/binder ( 0): 2711:2711 ioctl 40046210 7fd41ed904 returned -22
04-06 02:10:11.349 W/ActivityManager( 1508): Unable to start service Intent { act=com.thundercomm.microsettings.SETTING_SERVICE pkg=com.thundercomm.microsettings } U=0: not found
04-06 02:10:11.351 D/CompatibilityChangeReporter( 1508): Compat change id reported: 168419799; UID 1000; state: DISABLED
04-06 02:10:11.351 W/ContextImpl( 2585): Calling a method in the system process without a qualified user: android.app.ContextImpl.startService:1816 android.content.ContextWrapper.startService:774 com.thundercomm.microsettings.service.SettingsApplication.onCreate:36 android.app.Instrumentation.callApplicationOnCreate:1212 android.app.ActivityThread.handleBindApplication:6744
04-06 02:10:11.351 W/ActivityManager( 1508): Slow operation: 161ms so far, now at startProcess: returned from zygote!
04-06 02:10:11.352 W/ActivityManager( 1508): Slow operation: 163ms so far, now at startProcess: done updating battery stats
04-06 02:10:11.352 W/ActivityManager( 1508): Slow operation: 163ms so far, now at startProcess: building log message
04-06 02:10:11.352 I/ActivityManager( 1508): Start proc 2768:com.android.se/1068 for added application com.android.se
04-06 02:10:11.352 W/ActivityManager( 1508): Slow operation: 163ms so far, now at startProcess: starting to update pids map
04-06 02:10:11.353 W/ActivityManager( 1508): Slow operation: 164ms so far, now at startProcess: done updating pids map
04-06 02:10:11.353 W/ActivityManager( 1508): Slow operation: 164ms so far, now at startProcess: asking zygote to start proc
04-06 02:10:11.353 W/ActivityManager( 1508): com.thundercomm.microsettings inode == 0 (b/152760674)
04-06 02:10:11.353 W/ActivityManager( 1508): Unable to start service Intent { act=com.thundercomm.microsettings.EOL_SERVICE pkg=com.thundercomm.microsettings } U=0: not found
04-06 02:10:11.357 D/MicroServiceManager( 2585): add linkToDeath
04-06 02:10:11.357 D/MicroServiceManager( 2585): bindMicroService: called already get service
04-06 02:10:11.358 I/MicroServiceManager( 2585): addCommonCallbackListener add listener
04-06 02:10:11.358 I/MicroServiceManager( 2585): addConnectChangedListener add listener
04-06 02:10:11.361 D/CompatibilityChangeReporter( 1508): Compat change id reported: 168419799; UID 10085; state: DISABLED
04-06 02:10:11.367 W/ActivityManager( 1508): Slow operation: 177ms so far, now at startProcess: returned from zygote!
04-06 02:10:11.367 W/ActivityManager( 1508): Slow operation: 177ms so far, now at startProcess: done updating battery stats
04-06 02:10:11.367 W/ActivityManager( 1508): Slow operation: 177ms so far, now at startProcess: building log message
04-06 02:10:11.367 I/ActivityManager( 1508): Start proc 2780:com.thundercomm.remotecontrolservice/1000 for added application com.thundercomm.remotecontrolservice
04-06 02:10:11.367 W/ActivityManager( 1508): Slow operation: 177ms so far, now at startProcess: starting to update pids map
04-06 02:10:11.367 W/ActivityManager( 1508): Slow operation: 177ms so far, now at startProcess: done updating pids map
04-06 02:10:11.367 W/ActivityManager( 1508): Slow operation: 177ms so far, now at startProcess: asking zygote to start proc
04-06 02:10:11.367 W/ActivityManager( 1508): com.thundercomm.microsettings inode == 0 (b/152760674)
01-01 08:01:30.210 I/binder ( 0): 2768:2768 ioctl 40046210 7fd41ed904 returned -22
04-06 02:10:11.380 D/CompatibilityChangeReporter( 1508): Compat change id reported: 168419799; UID 1068; state: DISABLED
04-06 02:10:11.383 W/ActivityManager( 1508): Slow operation: 193ms so far, now at startProcess: returned from zygote!
04-06 02:10:11.385 W/ActivityManager( 1508): Slow operation: 195ms so far, now at startProcess: done updating battery stats
04-06 02:10:11.385 W/ActivityManager( 1508): Slow operation: 195ms so far, now at startProcess: building log message
04-06 02:10:11.385 I/ActivityManager( 1508): Start proc 2786:com.thundercomm.tcservice/1000 for added application com.thundercomm.tcservice
04-06 02:10:11.385 W/ActivityManager( 1508): Slow operation: 195ms so far, now at startProcess: starting to update pids map
04-06 02:10:11.385 W/ActivityManager( 1508): Slow operation: 196ms so far, now at startProcess: done updating pids map
04-06 02:10:11.385 W/ActivityManager( 1508): Slow operation: 195ms so far, now at startProcess: asking zygote to start proc
04-06 02:10:11.385 D/CompatibilityChangeReporter( 1508): Compat change id reported: 143937733; UID 10062; state: ENABLED
04-06 02:10:11.385 W/ActivityManager( 1508): com.qualcomm.qti.devicestatisticsservice inode == 0 (b/152760674)
01-01 08:01:30.231 I/binder ( 0): 2780:2780 ioctl 40046210 7fd41ed904 returned -22
04-06 02:10:11.391 W/ActivityManager( 1508): Slow operation: 200ms so far, now at startProcess: returned from zygote!
04-06 02:10:11.391 W/ActivityManager( 1508): Slow operation: 200ms so far, now at startProcess: done updating battery stats
04-06 02:10:11.391 W/ActivityManager( 1508): Slow operation: 200ms so far, now at startProcess: building log message
04-06 02:10:11.391 I/ActivityManager( 1508): Start proc 2802:com.qualcomm.qti.devicestatisticsservice/u0a62 for added application com.qualcomm.qti.devicestatisticsservice
04-06 02:10:11.391 W/ActivityManager( 1508): Slow operation: 201ms so far, now at startProcess: starting to update pids map
04-06 02:10:11.391 W/ActivityManager( 1508): Slow operation: 201ms so far, now at startProcess: done updating pids map
04-06 02:10:11.391 W/ActivityManager( 1508): Slow operation: 200ms so far, now at startProcess: asking zygote to start proc
04-06 02:10:11.391 W/ActivityManager( 1508): com.thundercomm.microsettings inode == 0 (b/152760674)
04-06 02:10:11.396 W/ActivityManager( 1508): Slow operation: 205ms so far, now at startProcess: returned from zygote!
04-06 02:10:11.396 W/ActivityManager( 1508): Slow operation: 205ms so far, now at startProcess: done updating battery stats
04-06 02:10:11.396 W/ActivityManager( 1508): Slow operation: 205ms so far, now at startProcess: building log message
04-06 02:10:11.396 I/ActivityManager( 1508): Start proc 2816:com.qualcomm.qti.qdma/1000 for added application com.qualcomm.qti.qdma
04-06 02:10:11.396 W/ActivityManager( 1508): Slow operation: 205ms so far, now at startProcess: starting to update pids map
04-06 02:10:11.396 W/ActivityManager( 1508): Slow operation: 205ms so far, now at startProcess: done updating pids map
04-06 02:10:11.396 W/ActivityManager( 1508): Slow operation: 163ms so far, now at startProcess: asking zygote to start proc
04-06 02:10:11.396 W/ActivityManager( 1508): com.thundercomm.microsettings inode == 0 (b/152760674)
04-06 02:10:11.402 W/ActivityManager( 1508): Slow operation: 169ms so far, now at startProcess: returned from zygote!
04-06 02:10:11.402 W/ActivityManager( 1508): Slow operation: 169ms so far, now at startProcess: done updating battery stats
04-06 02:10:11.402 W/ActivityManager( 1508): Slow operation: 169ms so far, now at startProcess: building log message
04-06 02:10:11.402 I/ActivityManager( 1508): Start proc 2819:com.android.settings:CryptKeeper/1000 for top-activity {com.android.settings/com.android.settings.CryptKeeper}
04-06 02:10:11.402 W/ActivityManager( 1508): Slow operation: 169ms so far, now at startProcess: starting to update pids map
04-06 02:10:11.402 W/ActivityManager( 1508): Slow operation: 169ms so far, now at startProcess: done updating pids map
04-06 02:10:11.402 W/ActivityManager( 1508): Slow operation: 109ms so far, now at startProcess: asking zygote to start proc
04-06 02:10:11.402 D/CompatibilityChangeReporter( 1508): Compat change id reported: 143937733; UID 10064; state: ENABLED
04-06 02:10:11.402 W/ActivityManager( 1508): com.thundercomm.gamemode.provider inode == 0 (b/152760674)
04-06 02:10:11.406 D/CompatibilityChangeReporter( 1508): Compat change id reported: 168419799; UID 1000; state: DISABLED
04-06 02:10:11.407 W/ActivityManager( 1508): Slow operation: 114ms so far, now at startProcess: returned from zygote!
04-06 02:10:11.407 W/ActivityManager( 1508): Slow operation: 114ms so far, now at startProcess: done updating battery stats
04-06 02:10:11.407 W/ActivityManager( 1508): Slow operation: 114ms so far, now at startProcess: building log message
04-06 02:10:11.407 I/ActivityManager( 1508): Start proc 2823:com.thundercomm.gamemode.provider/u0a64 for content provider {com.thundercomm.gamemode.provider/com.thundercomm.gamemode.provider.SettingsProvider}
04-06 02:10:11.407 W/ActivityManager( 1508): Slow operation: 114ms so far, now at startProcess: starting to update pids map
04-06 02:10:11.408 W/ActivityManager( 1508): Slow operation: 114ms so far, now at startProcess: done updating pids map
04-06 02:10:11.408 W/ActivityManager( 1508): Slow operation: 101ms so far, now at startProcess: asking zygote to start proc
04-06 02:10:11.408 D/CompatibilityChangeReporter( 1508): Compat change id reported: 143937733; UID 10074; state: ENABLED
04-06 02:10:11.408 W/ActivityManager( 1508): com.android.launcher3 inode == 0 (b/152760674)
04-06 02:10:11.413 W/ActivityManager( 1508): Slow operation: 107ms so far, now at startProcess: returned from zygote!
04-06 02:10:11.414 W/ActivityManager( 1508): Slow operation: 108ms so far, now at startProcess: done updating battery stats
04-06 02:10:11.414 W/ActivityManager( 1508): Slow operation: 108ms so far, now at startProcess: building log message
04-06 02:10:11.414 I/ActivityManager( 1508): Start proc 2826:com.android.launcher3/u0a74 for service {com.android.launcher3/com.android.quickstep.TouchInteractionService}
04-06 02:10:11.414 W/ActivityManager( 1508): Slow operation: 108ms so far, now at startProcess: starting to update pids map
04-06 02:10:11.414 W/ActivityManager( 1508): Slow operation: 108ms so far, now at startProcess: done updating pids map
01-01 08:01:30.254 I/binder ( 0): 2786:2786 ioctl 40046210 7fd41ed904 returned -22
01-01 08:01:30.255 I/binder ( 0): 2768:2768 ioctl 40046210 7fd41ec8b4 returned -22
04-06 02:10:11.425 D/CompatibilityChangeReporter( 1508): Compat change id reported: 168419799; UID 1000; state: DISABLED
01-01 08:01:30.265 I/binder ( 0): 2816:2816 ioctl 40046210 7fd41ed904 returned -22
04-06 02:10:11.430 D/CompatibilityChangeReporter( 1508): Compat change id reported: 168419799; UID 1000; state: DISABLED
01-01 08:01:30.271 I/binder ( 0): 2826:2826 ioctl 40046210 7fd41ed904 returned -22
01-01 08:01:30.274 I/binder ( 0): 2802:2802 ioctl 40046210 7fd41ed904 returned -22
04-06 02:10:11.441 D/CompatibilityChangeReporter( 1508): Compat change id reported: 168419799; UID 10062; state: DISABLED
01-01 08:01:30.281 I/binder ( 0): 2823:2823 ioctl 40046210 7fd41ed904 returned -22
04-06 02:10:11.444 D/CompatibilityChangeReporter( 1508): Compat change id reported: 168419799; UID 10074; state: DISABLED
04-06 02:10:11.447 D/CompatibilityChangeReporter( 1508): Compat change id reported: 168419799; UID 10064; state: DISABLED
04-06 02:10:11.455 D/CompatibilityChangeReporter( 1508): Compat change id reported: 168419799; UID 1000; state: DISABLED
01-01 08:01:30.288 I/binder ( 0): 2819:2819 ioctl 40046210 7fd41ed904 returned -22
01-01 08:01:30.299 I/input ( 0): Remote Mouse Controller as /devices/virtual/input/input4
01-01 08:01:30.301 I/input ( 0): Remote Keyboard Controller as /devices/virtual/input/input5
01-01 08:01:30.307 I/binder ( 0): 2786:2786 ioctl 40046210 7fd41ec474 returned -22
04-06 02:10:11.477 W/ContextImpl( 2786): Calling a method in the system process without a qualified user: android.app.ContextImpl.startService:1816 android.content.ContextWrapper.startService:774 com.thundercomm.tcservice.TCService.init:46 com.thundercomm.tcservice.TCService.onCreate:33 android.app.ActivityThread.handleCreateService:4488
04-06 02:10:11.489 I/android.hardware.wifi@1.0-service( 831): Wifi HAL started
01-01 08:01:30.325 I/ ( 0): Wifi Turning On from UI
01-01 08:01:30.329 I/ ( 0): Wifi Turning On from UI
01-01 08:01:30.329 I/[wifi@1][0x1d6cca4d][02:10:11.492354] wlan( 0): [831:I:DP] dp_vdev_attach_wifi3: wlan_cfg_ap_bridge_enabled 0
01-01 08:01:30.329 I/[wifi@1][0x1d6cce22][02:10:11.492405] wlan( 0): [831:I:DP] 00000000: 59 02 9f 1a 01 e6 ff e5 39 ad 2d 69 98 83 a9 c2
01-01 08:01:30.329 I/[wifi@1][0x1d6cce3d][02:10:11.492406] wlan( 0): [831:I:DP] 00000010: 2a b7 b9 d3
01-01 08:01:30.329 I/[wifi@1][0x1d6cce65][02:10:11.492409] wlan( 0): [831:I:DP] 00000000: b4 9c 46 99 22 ce 2c f1 2c cf 28 7b cb 74 a0 45
01-01 08:01:30.329 I/[wifi@1][0x1d6cce7d][02:10:11.492410] wlan( 0): [831:I:DP] 00000010: 33 d8 d9 29 ae eb 83 37 fc f0 05 b2 5d 33 6c 88
01-01 08:01:30.329 I/[wifi@1][0x1d6cce93][02:10:11.492411] wlan( 0): [831:I:DP] 00000020: 3a a7 bd 9e c4 8e 69 1a db 12 4d 43
01-01 08:01:30.330 I/IPv6 ( 0): ADDRCONF(NETDEV_UP): wlan0: link is not ready
04-06 02:10:11.494 I/android.hardware.wifi@1.0-service( 831): Adding interface handle for p2p0
04-06 02:10:11.494 I/android.hardware.wifi@1.0-service( 831): Adding interface handle for wifi-aware0
04-06 02:10:11.494 I/android.hardware.wifi@1.0-service( 831): Adding interface handle for wlan0
04-06 02:10:11.494 W/android.hardware.wifi@1.0-service( 831): No active wlan interfaces in use! Using default
04-06 02:10:11.494 W/android.hardware.wifi@1.0-service( 831): No active wlan interfaces in use! Using default
01-01 08:01:30.333 I/[lowi-s][0x1d6e01c7][02:10:11.496507] wlan( 0): [1438:I:wifipos] wifi_pos_get_ch_info: 461: num channels: 26
04-06 02:10:11.497 I/android.hardware.wifi@1.0-service( 831): Configured chip in mode 3
04-06 02:10:11.497 W/android.hardware.wifi@1.0-service( 831): No active wlan interfaces in use! Using default
01-01 08:01:30.343 E/[wifi@1][0x1d70b4d1][02:10:11.505721] wlan( 0): [2935:E:wifipos] wifi_pos_process_app_reg_req: 608: Received App Req Req pid(-1652554945), len(16)
01-01 08:01:30.343 I/[wifi@1][0x1d70d339][02:10:11.506126] wlan( 0): [2935:I:wifipos] wifi_pos_get_ch_info: 461: num channels: 26
01-01 08:01:30.343 I/[wifi@1][0x1d70e555][02:10:11.506368] wlan( 0): [2935:I:wifipos] wifi_pos_get_ch_info: 461: num channels: 26
01-01 08:01:30.348 I/binder ( 0): 2816:2816 ioctl 40046210 7fd41eb5a4 returned -22
04-06 02:10:11.518 I/wificond( 1204): createClientInterface: wiphy_index 0 iface_name wlan0
04-06 02:10:11.518 I/wificond( 1204): create scanner for interface with index: 17
