04-06 02:12:35.773 W/MediaProvider( 3483): at android.content.ContentProviderNative.onTransact(ContentProviderNative.java:327)
04-06 02:12:35.773 W/MediaProvider( 3483): at android.os.Binder.execTransactInternal(Binder.java:1179)
04-06 02:12:35.773 W/MediaProvider( 3483): at android.os.Binder.execTransact(Binder.java:1143)
04-06 02:12:35.774 D/NuPlayerDriver( 1193): NuPlayerDriver(0xe4f80b50) created, clientPid(2648)
04-06 02:12:35.779 I/ExtendedNuUtils( 1193): printFileName fd(8) -> /system_ext/app/TCSetupWizard/TCSetupWizard.apk
04-06 02:12:35.779 D/SurfaceUtils( 1193): connecting to surface 0xe4384ba8, reason setVideoSurfaceTexture
04-06 02:12:35.779 D/NuPlayer( 1193): onSetVideoSurface(0xe4389730, no video decoder)
04-06 02:12:35.780 D/Avrcp_ext( 2345): AudioManager Player: AudioPlaybackConfiguration piid:103 deviceId:0 type:android.media.SoundPool u/pid:10078/2363 state:idle attr:AudioAttributes: usage=USAGE_ASSISTANCE_SONIFICATION content=CONTENT_TYPE_SONIFICATION flags=0x800 tags= bundle=null sessionId:0
04-06 02:12:35.781 D/Avrcp_ext( 2345): AudioManager Player: AudioPlaybackConfiguration piid:119 deviceId:0 type:android.media.SoundPool u/pid:1000/2562 state:idle attr:AudioAttributes: usage=USAGE_ASSISTANCE_SONIFICATION content=CONTENT_TYPE_SONIFICATION flags=0x801 tags= bundle=null sessionId:0
04-06 02:12:35.781 D/Avrcp_ext( 2345): AudioManager Player: AudioPlaybackConfiguration piid:151 deviceId:0 type:android.media.MediaPlayer u/pid:1000/2648 state:idle attr:AudioAttributes: usage=USAGE_MEDIA content=CONTENT_TYPE_MOVIE flags=0x800 tags= bundle=null sessionId:0
04-06 02:12:35.781 D/Avrcp_ext( 2345): AudioManager Player: AudioPlaybackConfiguration piid:359 deviceId:0 type:android.media.MediaPlayer u/pid:1000/2648 state:idle attr:AudioAttributes: usage=USAGE_MEDIA content=CONTENT_TYPE_MOVIE flags=0x800 tags= bundle=null sessionId:121
04-06 02:12:35.781 D/Avrcp_ext( 2345): AudioManager Player: AudioPlaybackConfiguration piid:95 deviceId:0 type:android.media.SoundPool u/pid:1000/1508 state:idle attr:AudioAttributes: usage=USAGE_ASSISTANCE_SONIFICATION content=CONTENT_TYPE_SONIFICATION flags=0x800 tags= bundle=null sessionId:0
04-06 02:12:35.781 D/Avrcp_ext( 2345): AudioManager Player: AudioPlaybackConfiguration piid:271 deviceId:0 type:android.media.MediaPlayer u/pid:1000/2648 state:idle attr:AudioAttributes: usage=USAGE_MEDIA content=CONTENT_TYPE_MOVIE flags=0x800 tags= bundle=null sessionId:0
04-06 02:12:35.781 D/Avrcp_ext( 2345): AudioManager isPlaying: false, mAudioPlaybackIsActive = false
04-06 02:12:35.781 D/Avrcp_ext( 2345): AudioManager Reset Active Player
04-06 02:12:35.783 D/NuPlayerDriver( 1193): reset(0xe4f80b50) at state 3
04-06 02:12:35.784 D/GenericSource( 1193): FileSource remote
04-06 02:12:35.785 D/NuPlayerDriver( 1193): notifyResetComplete(0xe4f80b50)
04-06 02:12:35.785 D/NuPlayerDriver( 1193): reset(0xe4f80b50) at state 0
04-06 02:12:35.785 D/SurfaceUtils( 1193): disconnecting from surface 0xe4384ba8, reason disconnectNativeWindow
04-06 02:12:35.787 I/MediaFocusControl( 1508): abandonAudioFocus() from uid/pid 1000/2648 clientId=android.media.AudioManager@22af96b
04-06 02:12:35.787 I/MediaFocusControl( 1508): requestAudioFocus() from uid/pid 1000/2648 AA=USAGE_MEDIA/CONTENT_TYPE_MOVIE clientId=android.media.AudioManager@22af96b callingPack=com.thundercomm.tcsetupwizard req=1 flags=0x0 sdk=31
04-06 02:12:35.788 I/AudioService.FadeOutManager( 1508): unfadeOutUid() uid:1000
04-06 02:12:35.788 D/Avrcp_ext( 2345): AudioManager Player: AudioPlaybackConfiguration piid:103 deviceId:0 type:android.media.SoundPool u/pid:10078/2363 state:idle attr:AudioAttributes: usage=USAGE_ASSISTANCE_SONIFICATION content=CONTENT_TYPE_SONIFICATION flags=0x800 tags= bundle=null sessionId:0
04-06 02:12:35.788 D/Avrcp_ext( 2345): AudioManager Player: AudioPlaybackConfiguration piid:119 deviceId:0 type:android.media.SoundPool u/pid:1000/2562 state:idle attr:AudioAttributes: usage=USAGE_ASSISTANCE_SONIFICATION content=CONTENT_TYPE_SONIFICATION flags=0x801 tags= bundle=null sessionId:0
04-06 02:12:35.788 D/Avrcp_ext( 2345): AudioManager Player: AudioPlaybackConfiguration piid:151 deviceId:0 type:android.media.MediaPlayer u/pid:1000/2648 state:idle attr:AudioAttributes: usage=USAGE_MEDIA content=CONTENT_TYPE_MOVIE flags=0x800 tags= bundle=null sessionId:0
04-06 02:12:35.788 D/Avrcp_ext( 2345): AudioManager Player: AudioPlaybackConfiguration piid:95 deviceId:0 type:android.media.SoundPool u/pid:1000/1508 state:idle attr:AudioAttributes: usage=USAGE_ASSISTANCE_SONIFICATION content=CONTENT_TYPE_SONIFICATION flags=0x800 tags= bundle=null sessionId:0
04-06 02:12:35.788 I/MMParserExtractor( 1190): Created(0xb40000719fa56470)
04-06 02:12:35.788 D/Avrcp_ext( 2345): AudioManager Player: AudioPlaybackConfiguration piid:271 deviceId:0 type:android.media.MediaPlayer u/pid:1000/2648 state:idle attr:AudioAttributes: usage=USAGE_MEDIA content=CONTENT_TYPE_MOVIE flags=0x800 tags= bundle=null sessionId:0
04-06 02:12:35.788 D/Avrcp_ext( 2345): AudioManager isPlaying: false, mAudioPlaybackIsActive = false
04-06 02:12:35.788 D/Avrcp_ext( 2345): AudioManager Reset Active Player
04-06 02:12:35.790 D/Avrcp_ext( 2345): AudioManager Player: AudioPlaybackConfiguration piid:103 deviceId:0 type:android.media.SoundPool u/pid:10078/2363 state:idle attr:AudioAttributes: usage=USAGE_ASSISTANCE_SONIFICATION content=CONTENT_TYPE_SONIFICATION flags=0x800 tags= bundle=null sessionId:0
04-06 02:12:35.790 D/Avrcp_ext( 2345): AudioManager Player: AudioPlaybackConfiguration piid:119 deviceId:0 type:android.media.SoundPool u/pid:1000/2562 state:idle attr:AudioAttributes: usage=USAGE_ASSISTANCE_SONIFICATION content=CONTENT_TYPE_SONIFICATION flags=0x801 tags= bundle=null sessionId:0
04-06 02:12:35.790 D/Avrcp_ext( 2345): AudioManager Player: AudioPlaybackConfiguration piid:151 deviceId:0 type:android.media.MediaPlayer u/pid:1000/2648 state:idle attr:AudioAttributes: usage=USAGE_MEDIA content=CONTENT_TYPE_MOVIE flags=0x800 tags= bundle=null sessionId:0
04-06 02:12:35.790 D/Avrcp_ext( 2345): AudioManager Player: AudioPlaybackConfiguration piid:95 deviceId:0 type:android.media.SoundPool u/pid:1000/1508 state:idle attr:AudioAttributes: usage=USAGE_ASSISTANCE_SONIFICATION content=CONTENT_TYPE_SONIFICATION flags=0x800 tags= bundle=null sessionId:0
04-06 02:12:35.790 D/Avrcp_ext( 2345): AudioManager Player: AudioPlaybackConfiguration piid:271 deviceId:0 type:android.media.MediaPlayer u/pid:1000/2648 state:idle attr:AudioAttributes: usage=USAGE_MEDIA content=CONTENT_TYPE_MOVIE flags=0x800 tags= bundle=null sessionId:0
04-06 02:12:35.790 D/Avrcp_ext( 2345): AudioManager Player: AudioPlaybackConfiguration piid:367 deviceId:0 type:android.media.MediaPlayer u/pid:1000/2648 state:idle attr:AudioAttributes: usage=USAGE_UNKNOWN content=CONTENT_TYPE_UNKNOWN flags=0x800 tags= bundle=null sessionId:121
04-06 02:12:35.790 D/Avrcp_ext( 2345): AudioManager isPlaying: false, mAudioPlaybackIsActive = false
04-06 02:12:35.790 D/Avrcp_ext( 2345): AudioManager Reset Active Player
04-06 02:12:35.792 W/AMessage( 1193): failed to post message as target looper for handler 0 is gone.
04-06 02:12:35.792 W/AMessage( 1193): failed to post message as target looper for handler 0 is gone.
04-06 02:12:35.792 D/MediaBufferGroup( 1190): creating MemoryDealer
04-06 02:12:35.792 W/adbd ( 3149): timed out while waiting for FUNCTIONFS_BIND, trying again
04-06 02:12:35.792 I/adbd ( 3149): UsbFfs: connection terminated: monitor thread finished
04-06 02:12:35.793 W/AMessage( 1193): failed to post message as target looper for handler 0 is gone.
04-06 02:12:35.793 I/adbd ( 3149): UsbFfs: already offline
04-06 02:12:35.793 I/adbd ( 3149): destroying transport UsbFfs
04-06 02:12:35.793 I/adbd ( 3149): UsbFfsConnection being destroyed
04-06 02:12:35.796 I/MMParserExtractor( 1190): Created(0xb40000719fa57350)
04-06 02:12:35.799 W/MediaProvider( 3483): Failed to fetch original file descriptor
04-06 02:12:35.799 W/MediaProvider( 3483): java.io.FileNotFoundException: Input file descriptor is already original
04-06 02:12:35.799 W/MediaProvider( 3483): at com.android.providers.media.MediaProvider.getOriginalMediaFormatFileDescriptor(MediaProvider.java:5718)
04-06 02:12:35.799 W/MediaProvider( 3483): at com.android.providers.media.MediaProvider.openTypedAssetFileCommon(MediaProvider.java:7134)
04-06 02:12:35.799 W/MediaProvider( 3483): at com.android.providers.media.MediaProvider.openTypedAssetFile(MediaProvider.java:7115)
04-06 02:12:35.799 W/MediaProvider( 3483): at android.content.ContentProvider$Transport.openTypedAssetFile(ContentProvider.java:548)
04-06 02:12:35.799 W/MediaProvider( 3483): at android.content.ContentProviderNative.onTransact(ContentProviderNative.java:327)
04-06 02:12:35.799 W/MediaProvider( 3483): at android.os.Binder.execTransactInternal(Binder.java:1179)
04-06 02:12:35.799 W/MediaProvider( 3483): at android.os.Binder.execTransact(Binder.java:1143)
04-06 02:12:35.800 D/NuPlayerDriver( 1193): NuPlayerDriver(0xe4f80b50) created, clientPid(2648)
04-06 02:12:35.805 I/ExtendedNuUtils( 1193): printFileName fd(8) -> /system_ext/app/TCSetupWizard/TCSetupWizard.apk
04-06 02:12:35.805 D/SurfaceUtils( 1193): connecting to surface 0xe4389738, reason setVideoSurfaceTexture
04-06 02:12:35.805 D/NuPlayer( 1193): onSetVideoSurface(0xe4384ba0, no video decoder)
04-06 02:12:35.806 D/Avrcp_ext( 2345): AudioManager Player: AudioPlaybackConfiguration piid:103 deviceId:0 type:android.media.SoundPool u/pid:10078/2363 state:idle attr:AudioAttributes: usage=USAGE_ASSISTANCE_SONIFICATION content=CONTENT_TYPE_SONIFICATION flags=0x800 tags= bundle=null sessionId:0
04-06 02:12:35.806 D/Avrcp_ext( 2345): AudioManager Player: AudioPlaybackConfiguration piid:119 deviceId:0 type:android.media.SoundPool u/pid:1000/2562 state:idle attr:AudioAttributes: usage=USAGE_ASSISTANCE_SONIFICATION content=CONTENT_TYPE_SONIFICATION flags=0x801 tags= bundle=null sessionId:0
04-06 02:12:35.807 D/Avrcp_ext( 2345): AudioManager Player: AudioPlaybackConfiguration piid:151 deviceId:0 type:android.media.MediaPlayer u/pid:1000/2648 state:idle attr:AudioAttributes: usage=USAGE_MEDIA content=CONTENT_TYPE_MOVIE flags=0x800 tags= bundle=null sessionId:0
04-06 02:12:35.807 D/Avrcp_ext( 2345): AudioManager Player: AudioPlaybackConfiguration piid:95 deviceId:0 type:android.media.SoundPool u/pid:1000/1508 state:idle attr:AudioAttributes: usage=USAGE_ASSISTANCE_SONIFICATION content=CONTENT_TYPE_SONIFICATION flags=0x800 tags= bundle=null sessionId:0
04-06 02:12:35.807 D/Avrcp_ext( 2345): AudioManager Player: AudioPlaybackConfiguration piid:271 deviceId:0 type:android.media.MediaPlayer u/pid:1000/2648 state:idle attr:AudioAttributes: usage=USAGE_MEDIA content=CONTENT_TYPE_MOVIE flags=0x800 tags= bundle=null sessionId:0
04-06 02:12:35.807 D/Avrcp_ext( 2345): AudioManager Player: AudioPlaybackConfiguration piid:367 deviceId:0 type:android.media.MediaPlayer u/pid:1000/2648 state:idle attr:AudioAttributes: usage=USAGE_MEDIA content=CONTENT_TYPE_MOVIE flags=0x800 tags= bundle=null sessionId:121
04-06 02:12:35.807 D/Avrcp_ext( 2345): AudioManager isPlaying: false, mAudioPlaybackIsActive = false
04-06 02:12:35.807 D/Avrcp_ext( 2345): AudioManager Reset Active Player
04-06 02:12:35.808 D/GenericSource( 1193): FileSource remote
04-06 02:12:35.810 D/NuPlayerDriver( 1193): reset(0xe4f80b50) at state 3
04-06 02:12:35.810 D/NuPlayerDriver( 1193): notifyResetComplete(0xe4f80b50)
04-06 02:12:35.810 D/NuPlayerDriver( 1193): reset(0xe4f80b50) at state 0
04-06 02:12:35.810 D/SurfaceUtils( 1193): disconnecting from surface 0xe4389738, reason disconnectNativeWindow
04-06 02:12:35.812 I/MediaFocusControl( 1508): abandonAudioFocus() from uid/pid 1000/2648 clientId=android.media.AudioManager@22af96b
04-06 02:12:35.812 I/MediaFocusControl( 1508): requestAudioFocus() from uid/pid 1000/2648 AA=USAGE_MEDIA/CONTENT_TYPE_MOVIE clientId=android.media.AudioManager@22af96b callingPack=com.thundercomm.tcsetupwizard req=1 flags=0x0 sdk=31
04-06 02:12:35.812 I/MMParserExtractor( 1190): Created(0xb40000719fa57350)
04-06 02:12:35.812 D/Avrcp_ext( 2345): AudioManager Player: AudioPlaybackConfiguration piid:103 deviceId:0 type:android.media.SoundPool u/pid:10078/2363 state:idle attr:AudioAttributes: usage=USAGE_ASSISTANCE_SONIFICATION content=CONTENT_TYPE_SONIFICATION flags=0x800 tags= bundle=null sessionId:0
04-06 02:12:35.812 I/AudioService.FadeOutManager( 1508): unfadeOutUid() uid:1000
04-06 02:12:35.812 D/Avrcp_ext( 2345): AudioManager Player: AudioPlaybackConfiguration piid:119 deviceId:0 type:android.media.SoundPool u/pid:1000/2562 state:idle attr:AudioAttributes: usage=USAGE_ASSISTANCE_SONIFICATION content=CONTENT_TYPE_SONIFICATION flags=0x801 tags= bundle=null sessionId:0
04-06 02:12:35.812 D/Avrcp_ext( 2345): AudioManager Player: AudioPlaybackConfiguration piid:151 deviceId:0 type:android.media.MediaPlayer u/pid:1000/2648 state:idle attr:AudioAttributes: usage=USAGE_MEDIA content=CONTENT_TYPE_MOVIE flags=0x800 tags= bundle=null sessionId:0
04-06 02:12:35.812 D/Avrcp_ext( 2345): AudioManager Player: AudioPlaybackConfiguration piid:95 deviceId:0 type:android.media.SoundPool u/pid:1000/1508 state:idle attr:AudioAttributes: usage=USAGE_ASSISTANCE_SONIFICATION content=CONTENT_TYPE_SONIFICATION flags=0x800 tags= bundle=null sessionId:0
04-06 02:12:35.812 D/Avrcp_ext( 2345): AudioManager Player: AudioPlaybackConfiguration piid:271 deviceId:0 type:android.media.MediaPlayer u/pid:1000/2648 state:idle attr:AudioAttributes: usage=USAGE_MEDIA content=CONTENT_TYPE_MOVIE flags=0x800 tags= bundle=null sessionId:0
04-06 02:12:35.812 D/Avrcp_ext( 2345): AudioManager isPlaying: false, mAudioPlaybackIsActive = false
04-06 02:12:35.812 D/Avrcp_ext( 2345): AudioManager Reset Active Player
04-06 02:12:35.814 D/Avrcp_ext( 2345): AudioManager Player: AudioPlaybackConfiguration piid:103 deviceId:0 type:android.media.SoundPool u/pid:10078/2363 state:idle attr:AudioAttributes: usage=USAGE_ASSISTANCE_SONIFICATION content=CONTENT_TYPE_SONIFICATION flags=0x800 tags= bundle=null sessionId:0
04-06 02:12:35.814 D/Avrcp_ext( 2345): AudioManager Player: AudioPlaybackConfiguration piid:119 deviceId:0 type:android.media.SoundPool u/pid:1000/2562 state:idle attr:AudioAttributes: usage=USAGE_ASSISTANCE_SONIFICATION content=CONTENT_TYPE_SONIFICATION flags=0x801 tags= bundle=null sessionId:0
04-06 02:12:35.814 D/Avrcp_ext( 2345): AudioManager Player: AudioPlaybackConfiguration piid:151 deviceId:0 type:android.media.MediaPlayer u/pid:1000/2648 state:idle attr:AudioAttributes: usage=USAGE_MEDIA content=CONTENT_TYPE_MOVIE flags=0x800 tags= bundle=null sessionId:0
04-06 02:12:35.814 D/Avrcp_ext( 2345): AudioManager Player: AudioPlaybackConfiguration piid:375 deviceId:0 type:android.media.MediaPlayer u/pid:1000/2648 state:idle attr:AudioAttributes: usage=USAGE_UNKNOWN content=CONTENT_TYPE_UNKNOWN flags=0x800 tags= bundle=null sessionId:121
04-06 02:12:35.814 D/Avrcp_ext( 2345): AudioManager Player: AudioPlaybackConfiguration piid:95 deviceId:0 type:android.media.SoundPool u/pid:1000/1508 state:idle attr:AudioAttributes: usage=USAGE_ASSISTANCE_SONIFICATION content=CONTENT_TYPE_SONIFICATION flags=0x800 tags= bundle=null sessionId:0
04-06 02:12:35.814 D/Avrcp_ext( 2345): AudioManager Player: AudioPlaybackConfiguration piid:271 deviceId:0 type:android.media.MediaPlayer u/pid:1000/2648 state:idle attr:AudioAttributes: usage=USAGE_MEDIA content=CONTENT_TYPE_MOVIE flags=0x800 tags= bundle=null sessionId:0
04-06 02:12:35.814 D/Avrcp_ext( 2345): AudioManager isPlaying: false, mAudioPlaybackIsActive = false
04-06 02:12:35.814 D/Avrcp_ext( 2345): AudioManager Reset Active Player
04-06 02:12:35.815 W/AMessage( 1193): failed to post message as target looper for handler 0 is gone.
04-06 02:12:35.815 W/AMessage( 1193): failed to post message as target looper for handler 0 is gone.
04-06 02:12:35.815 D/MediaBufferGroup( 1190): creating MemoryDealer
04-06 02:12:35.815 W/AMessage( 1193): failed to post message as target looper for handler 0 is gone.
04-06 02:12:35.817 I/adbd ( 3149): opening control endpoint /dev/usb-ffs/adb/ep0
04-06 02:12:35.818 I/adbd ( 3149): UsbFfsConnection constructed
04-06 02:12:35.818 I/adbd ( 3149): UsbFfs-monitor thread spawned
04-06 02:12:35.819 I/MMParserExtractor( 1190): Created(0xb40000719fa57350)
01-01 08:03:54.655 I/ ( 0): read descriptors
01-01 08:03:54.655 I/ ( 0): read strings
04-06 02:12:35.823 W/MediaProvider( 3483): Failed to fetch original file descriptor
04-06 02:12:35.823 W/MediaProvider( 3483): java.io.FileNotFoundException: Input file descriptor is already original
04-06 02:12:35.823 W/MediaProvider( 3483): at com.android.providers.media.MediaProvider.getOriginalMediaFormatFileDescriptor(MediaProvider.java:5718)
04-06 02:12:35.823 W/MediaProvider( 3483): at com.android.providers.media.MediaProvider.openTypedAssetFileCommon(MediaProvider.java:7134)
04-06 02:12:35.823 W/MediaProvider( 3483): at com.android.providers.media.MediaProvider.openTypedAssetFile(MediaProvider.java:7115)
04-06 02:12:35.823 W/MediaProvider( 3483): at android.content.ContentProvider$Transport.openTypedAssetFile(ContentProvider.java:548)
04-06 02:12:35.823 W/MediaProvider( 3483): at android.content.ContentProviderNative.onTransact(ContentProviderNative.java:327)
04-06 02:12:35.823 W/MediaProvider( 3483): at android.os.Binder.execTransactInternal(Binder.java:1179)
04-06 02:12:35.823 W/MediaProvider( 3483): at android.os.Binder.execTransact(Binder.java:1143)
04-06 02:12:35.823 D/NuPlayerDriver( 1193): NuPlayerDriver(0xe4f80b50) created, clientPid(2648)
04-06 02:12:35.828 I/ExtendedNuUtils( 1193): printFileName fd(8) -> /system_ext/app/TCSetupWizard/TCSetupWizard.apk
04-06 02:12:35.828 D/SurfaceUtils( 1193): connecting to surface 0xe4384ba8, reason setVideoSurfaceTexture
04-06 02:12:35.829 D/NuPlayer( 1193): onSetVideoSurface(0xe4389730, no video decoder)
04-06 02:12:35.830 D/Avrcp_ext( 2345): AudioManager Player: AudioPlaybackConfiguration piid:103 deviceId:0 type:android.media.SoundPool u/pid:10078/2363 state:idle attr:AudioAttributes: usage=USAGE_ASSISTANCE_SONIFICATION content=CONTENT_TYPE_SONIFICATION flags=0x800 tags= bundle=null sessionId:0
04-06 02:12:35.830 D/Avrcp_ext( 2345): AudioManager Player: AudioPlaybackConfiguration piid:119 deviceId:0 type:android.media.SoundPool u/pid:1000/2562 state:idle attr:AudioAttributes: usage=USAGE_ASSISTANCE_SONIFICATION content=CONTENT_TYPE_SONIFICATION flags=0x801 tags= bundle=null sessionId:0
04-06 02:12:35.830 D/Avrcp_ext( 2345): AudioManager Player: AudioPlaybackConfiguration piid:151 deviceId:0 type:android.media.MediaPlayer u/pid:1000/2648 state:idle attr:AudioAttributes: usage=USAGE_MEDIA content=CONTENT_TYPE_MOVIE flags=0x800 tags= bundle=null sessionId:0
04-06 02:12:35.830 D/Avrcp_ext( 2345): AudioManager Player: AudioPlaybackConfiguration piid:375 deviceId:0 type:android.media.MediaPlayer u/pid:1000/2648 state:idle attr:AudioAttributes: usage=USAGE_MEDIA content=CONTENT_TYPE_MOVIE flags=0x800 tags= bundle=null sessionId:121
04-06 02:12:35.830 D/Avrcp_ext( 2345): AudioManager Player: AudioPlaybackConfiguration piid:95 deviceId:0 type:android.media.SoundPool u/pid:1000/1508 state:idle attr:AudioAttributes: usage=USAGE_ASSISTANCE_SONIFICATION content=CONTENT_TYPE_SONIFICATION flags=0x800 tags= bundle=null sessionId:0
04-06 02:12:35.830 D/Avrcp_ext( 2345): AudioManager Player: AudioPlaybackConfiguration piid:271 deviceId:0 type:android.media.MediaPlayer u/pid:1000/2648 state:idle attr:AudioAttributes: usage=USAGE_MEDIA content=CONTENT_TYPE_MOVIE flags=0x800 tags= bundle=null sessionId:0
04-06 02:12:35.830 D/Avrcp_ext( 2345): AudioManager isPlaying: false, mAudioPlaybackIsActive = false
04-06 02:12:35.830 D/Avrcp_ext( 2345): AudioManager Reset Active Player
04-06 02:12:35.832 D/GenericSource( 1193): FileSource remote
04-06 02:12:35.833 D/NuPlayerDriver( 1193): reset(0xe4f80b50) at state 3
04-06 02:12:35.833 D/NuPlayerDriver( 1193): notifyResetComplete(0xe4f80b50)
04-06 02:12:35.833 D/NuPlayerDriver( 1193): reset(0xe4f80b50) at state 0
04-06 02:12:35.834 D/SurfaceUtils( 1193): disconnecting from surface 0xe4384ba8, reason disconnectNativeWindow
04-06 02:12:35.835 I/MediaFocusControl( 1508): abandonAudioFocus() from uid/pid 1000/2648 clientId=android.media.AudioManager@22af96b
04-06 02:12:35.835 D/Avrcp_ext( 2345): AudioManager Player: AudioPlaybackConfiguration piid:103 deviceId:0 type:android.media.SoundPool u/pid:10078/2363 state:idle attr:AudioAttributes: usage=USAGE_ASSISTANCE_SONIFICATION content=CONTENT_TYPE_SONIFICATION flags=0x800 tags= bundle=null sessionId:0
04-06 02:12:35.835 D/Avrcp_ext( 2345): AudioManager Player: AudioPlaybackConfiguration piid:119 deviceId:0 type:android.media.SoundPool u/pid:1000/2562 state:idle attr:AudioAttributes: usage=USAGE_ASSISTANCE_SONIFICATION content=CONTENT_TYPE_SONIFICATION flags=0x801 tags= bundle=null sessionId:0
04-06 02:12:35.835 D/Avrcp_ext( 2345): AudioManager Player: AudioPlaybackConfiguration piid:151 deviceId:0 type:android.media.MediaPlayer u/pid:1000/2648 state:idle attr:AudioAttributes: usage=USAGE_MEDIA content=CONTENT_TYPE_MOVIE flags=0x800 tags= bundle=null sessionId:0
04-06 02:12:35.835 D/Avrcp_ext( 2345): AudioManager Player: AudioPlaybackConfiguration piid:95 deviceId:0 type:android.media.SoundPool u/pid:1000/1508 state:idle attr:AudioAttributes: usage=USAGE_ASSISTANCE_SONIFICATION content=CONTENT_TYPE_SONIFICATION flags=0x800 tags= bundle=null sessionId:0
04-06 02:12:35.835 D/Avrcp_ext( 2345): AudioManager Player: AudioPlaybackConfiguration piid:271 deviceId:0 type:android.media.MediaPlayer u/pid:1000/2648 state:idle attr:AudioAttributes: usage=USAGE_MEDIA content=CONTENT_TYPE_MOVIE flags=0x800 tags= bundle=null sessionId:0
04-06 02:12:35.835 D/Avrcp_ext( 2345): AudioManager isPlaying: false, mAudioPlaybackIsActive = false
04-06 02:12:35.835 D/Avrcp_ext( 2345): AudioManager Reset Active Player
04-06 02:12:35.836 I/MediaFocusControl( 1508): requestAudioFocus() from uid/pid 1000/2648 AA=USAGE_MEDIA/CONTENT_TYPE_MOVIE clientId=android.media.AudioManager@22af96b callingPack=com.thundercomm.tcsetupwizard req=1 flags=0x0 sdk=31
04-06 02:12:35.836 I/AudioService.FadeOutManager( 1508): unfadeOutUid() uid:1000
04-06 02:12:35.836 I/MMParserExtractor( 1190): Created(0xb40000719fa57350)
04-06 02:12:35.838 D/Avrcp_ext( 2345): AudioManager Player: AudioPlaybackConfiguration piid:103 deviceId:0 type:android.media.SoundPool u/pid:10078/2363 state:idle attr:AudioAttributes: usage=USAGE_ASSISTANCE_SONIFICATION content=CONTENT_TYPE_SONIFICATION flags=0x800 tags= bundle=null sessionId:0
04-06 02:12:35.838 D/Avrcp_ext( 2345): AudioManager Player: AudioPlaybackConfiguration piid:119 deviceId:0 type:android.media.SoundPool u/pid:1000/2562 state:idle attr:AudioAttributes: usage=USAGE_ASSISTANCE_SONIFICATION content=CONTENT_TYPE_SONIFICATION flags=0x801 tags= bundle=null sessionId:0
04-06 02:12:35.838 D/Avrcp_ext( 2345): AudioManager Player: AudioPlaybackConfiguration piid:151 deviceId:0 type:android.media.MediaPlayer u/pid:1000/2648 state:idle attr:AudioAttributes: usage=USAGE_MEDIA content=CONTENT_TYPE_MOVIE flags=0x800 tags= bundle=null sessionId:0
04-06 02:12:35.838 D/Avrcp_ext( 2345): AudioManager Player: AudioPlaybackConfiguration piid:95 deviceId:0 type:android.media.SoundPool u/pid:1000/1508 state:idle attr:AudioAttributes: usage=USAGE_ASSISTANCE_SONIFICATION content=CONTENT_TYPE_SONIFICATION flags=0x800 tags= bundle=null sessionId:0
04-06 02:12:35.838 D/Avrcp_ext( 2345): AudioManager Player: AudioPlaybackConfiguration piid:271 deviceId:0 type:android.media.MediaPlayer u/pid:1000/2648 state:idle attr:AudioAttributes: usage=USAGE_MEDIA content=CONTENT_TYPE_MOVIE flags=0x800 tags= bundle=null sessionId:0
04-06 02:12:35.838 D/Avrcp_ext( 2345): AudioManager Player: AudioPlaybackConfiguration piid:383 deviceId:0 type:android.media.MediaPlayer u/pid:1000/2648 state:idle attr:AudioAttributes: usage=USAGE_UNKNOWN content=CONTENT_TYPE_UNKNOWN flags=0x800 tags= bundle=null sessionId:121
04-06 02:12:35.838 D/Avrcp_ext( 2345): AudioManager isPlaying: false, mAudioPlaybackIsActive = false
04-06 02:12:35.838 D/Avrcp_ext( 2345): AudioManager Reset Active Player
04-06 02:12:35.840 W/AMessage( 1193): failed to post message as target looper for handler 0 is gone.
04-06 02:12:35.840 W/AMessage( 1193): failed to post message as target looper for handler 0 is gone.
04-06 02:12:35.840 D/MediaBufferGroup( 1190): creating MemoryDealer
04-06 02:12:35.841 W/AMessage( 1193): failed to post message as target looper for handler 0 is gone.
04-06 02:12:35.843 I/MMParserExtractor( 1190): Created(0xb40000719fa56550)
04-06 02:12:35.845 W/MediaProvider( 3483): Failed to fetch original file descriptor
04-06 02:12:35.845 W/MediaProvider( 3483): java.io.FileNotFoundException: Input file descriptor is already original
04-06 02:12:35.845 W/MediaProvider( 3483): at com.android.providers.media.MediaProvider.getOriginalMediaFormatFileDescriptor(MediaProvider.java:5718)
04-06 02:12:35.845 W/MediaProvider( 3483): at com.android.providers.media.MediaProvider.openTypedAssetFileCommon(MediaProvider.java:7134)
04-06 02:12:35.845 W/MediaProvider( 3483): at com.android.providers.media.MediaProvider.openTypedAssetFile(MediaProvider.java:7115)
04-06 02:12:35.845 W/MediaProvider( 3483): at android.content.ContentProvider$Transport.openTypedAssetFile(ContentProvider.java:548)
04-06 02:12:35.845 W/MediaProvider( 3483): at android.content.ContentProviderNative.onTransact(ContentProviderNative.java:327)
04-06 02:12:35.845 W/MediaProvider( 3483): at android.os.Binder.execTransactInternal(Binder.java:1179)
04-06 02:12:35.845 W/MediaProvider( 3483): at android.os.Binder.execTransact(Binder.java:1143)
04-06 02:12:35.846 D/NuPlayerDriver( 1193): NuPlayerDriver(0xe4f80b50) created, clientPid(2648)
04-06 02:12:35.851 I/ExtendedNuUtils( 1193): printFileName fd(8) -> /system_ext/app/TCSetupWizard/TCSetupWizard.apk
04-06 02:12:35.851 D/SurfaceUtils( 1193): connecting to surface 0xe4389738, reason setVideoSurfaceTexture
04-06 02:12:35.852 D/NuPlayer( 1193): onSetVideoSurface(0xe4384ba0, no video decoder)
04-06 02:12:35.853 D/Avrcp_ext( 2345): AudioManager Player: AudioPlaybackConfiguration piid:103 deviceId:0 type:android.media.SoundPool u/pid:10078/2363 state:idle attr:AudioAttributes: usage=USAGE_ASSISTANCE_SONIFICATION content=CONTENT_TYPE_SONIFICATION flags=0x800 tags= bundle=null sessionId:0
04-06 02:12:35.853 D/Avrcp_ext( 2345): AudioManager Player: AudioPlaybackConfiguration piid:119 deviceId:0 type:android.media.SoundPool u/pid:1000/2562 state:idle attr:AudioAttributes: usage=USAGE_ASSISTANCE_SONIFICATION content=CONTENT_TYPE_SONIFICATION flags=0x801 tags= bundle=null sessionId:0
04-06 02:12:35.853 D/Avrcp_ext( 2345): AudioManager Player: AudioPlaybackConfiguration piid:151 deviceId:0 type:android.media.MediaPlayer u/pid:1000/2648 state:idle attr:AudioAttributes: usage=USAGE_MEDIA content=CONTENT_TYPE_MOVIE flags=0x800 tags= bundle=null sessionId:0
04-06 02:12:35.853 D/Avrcp_ext( 2345): AudioManager Player: AudioPlaybackConfiguration piid:95 deviceId:0 type:android.media.SoundPool u/pid:1000/1508 state:idle attr:AudioAttributes: usage=USAGE_ASSISTANCE_SONIFICATION content=CONTENT_TYPE_SONIFICATION flags=0x800 tags= bundle=null sessionId:0
04-06 02:12:35.853 D/Avrcp_ext( 2345): AudioManager Player: AudioPlaybackConfiguration piid:271 deviceId:0 type:android.media.MediaPlayer u/pid:1000/2648 state:idle attr:AudioAttributes: usage=USAGE_MEDIA content=CONTENT_TYPE_MOVIE flags=0x800 tags= bundle=null sessionId:0
04-06 02:12:35.853 D/Avrcp_ext( 2345): AudioManager Player: AudioPlaybackConfiguration piid:383 deviceId:0 type:android.media.MediaPlayer u/pid:1000/2648 state:idle attr:AudioAttributes: usage=USAGE_MEDIA content=CONTENT_TYPE_MOVIE flags=0x800 tags= bundle=null sessionId:121
04-06 02:12:35.853 D/Avrcp_ext( 2345): AudioManager isPlaying: false, mAudioPlaybackIsActive = false
04-06 02:12:35.853 D/Avrcp_ext( 2345): AudioManager Reset Active Player
04-06 02:12:35.854 D/GenericSource( 1193): FileSource remote
04-06 02:12:35.855 D/NuPlayerDriver( 1193): reset(0xe4f80b50) at state 3
04-06 02:12:35.855 D/NuPlayerDriver( 1193): notifyResetComplete(0xe4f80b50)
04-06 02:12:35.855 D/NuPlayerDriver( 1193): reset(0xe4f80b50) at state 0
04-06 02:12:35.855 D/SurfaceUtils( 1193): disconnecting from surface 0xe4389738, reason disconnectNativeWindow
04-06 02:12:35.856 I/MMParserExtractor( 1190): Created(0xb40000719fa56550)
04-06 02:12:35.857 I/MediaFocusControl( 1508): abandonAudioFocus() from uid/pid 1000/2648 clientId=android.media.AudioManager@22af96b
04-06 02:12:35.857 D/Avrcp_ext( 2345): AudioManager Player: AudioPlaybackConfiguration piid:103 deviceId:0 type:android.media.SoundPool u/pid:10078/2363 state:idle attr:AudioAttributes: usage=USAGE_ASSISTANCE_SONIFICATION content=CONTENT_TYPE_SONIFICATION flags=0x800 tags= bundle=null sessionId:0
04-06 02:12:35.857 I/MediaFocusControl( 1508): requestAudioFocus() from uid/pid 1000/2648 AA=USAGE_MEDIA/CONTENT_TYPE_MOVIE clientId=android.media.AudioManager@22af96b callingPack=com.thundercomm.tcsetupwizard req=1 flags=0x0 sdk=31
04-06 02:12:35.857 D/Avrcp_ext( 2345): AudioManager Player: AudioPlaybackConfiguration piid:119 deviceId:0 type:android.media.SoundPool u/pid:1000/2562 state:idle attr:AudioAttributes: usage=USAGE_ASSISTANCE_SONIFICATION content=CONTENT_TYPE_SONIFICATION flags=0x801 tags= bundle=null sessionId:0
04-06 02:12:35.857 D/Avrcp_ext( 2345): AudioManager Player: AudioPlaybackConfiguration piid:151 deviceId:0 type:android.media.MediaPlayer u/pid:1000/2648 state:idle attr:AudioAttributes: usage=USAGE_MEDIA content=CONTENT_TYPE_MOVIE flags=0x800 tags= bundle=null sessionId:0
04-06 02:12:35.857 D/Avrcp_ext( 2345): AudioManager Player: AudioPlaybackConfiguration piid:95 deviceId:0 type:android.media.SoundPool u/pid:1000/1508 state:idle attr:AudioAttributes: usage=USAGE_ASSISTANCE_SONIFICATION content=CONTENT_TYPE_SONIFICATION flags=0x800 tags= bundle=null sessionId:0
04-06 02:12:35.857 I/AudioService.FadeOutManager( 1508): unfadeOutUid() uid:1000
04-06 02:12:35.857 D/Avrcp_ext( 2345): AudioManager Player: AudioPlaybackConfiguration piid:271 deviceId:0 type:android.media.MediaPlayer u/pid:1000/2648 state:idle attr:AudioAttributes: usage=USAGE_MEDIA content=CONTENT_TYPE_MOVIE flags=0x800 tags= bundle=null sessionId:0
04-06 02:12:35.857 D/Avrcp_ext( 2345): AudioManager isPlaying: false, mAudioPlaybackIsActive = false
04-06 02:12:35.857 D/Avrcp_ext( 2345): AudioManager Reset Active Player
04-06 02:12:35.858 W/AMessage( 1193): failed to post message as target looper for handler 0 is gone.
04-06 02:12:35.858 W/AMessage( 1193): failed to post message as target looper for handler 0 is gone.
04-06 02:12:35.858 D/MediaBufferGroup( 1190): creating MemoryDealer
04-06 02:12:35.858 W/AMessage( 1193): failed to post message as target looper for handler 0 is gone.
04-06 02:12:35.858 W/hpplay-java( 3295): [main]:IPManager:getActiveNets invalid networkInfo:null
04-06 02:12:35.858 I/hpplay-java( 3295): [main]:IPManager:getActiveNets eth0:false wifi:false mobile:false ap:false
04-06 02:12:35.858 I/hpplay-java( 3295): [main]:ServerTaskManager:get local ip:null
04-06 02:12:35.860 D/Avrcp_ext( 2345): AudioManager Player: AudioPlaybackConfiguration piid:103 deviceId:0 type:android.media.SoundPool u/pid:10078/2363 state:idle attr:AudioAttributes: usage=USAGE_ASSISTANCE_SONIFICATION content=CONTENT_TYPE_SONIFICATION flags=0x800 tags= bundle=null sessionId:0
04-06 02:12:35.860 D/Avrcp_ext( 2345): AudioManager Player: AudioPlaybackConfiguration piid:119 deviceId:0 type:android.media.SoundPool u/pid:1000/2562 state:idle attr:AudioAttributes: usage=USAGE_ASSISTANCE_SONIFICATION content=CONTENT_TYPE_SONIFICATION flags=0x801 tags= bundle=null sessionId:0
04-06 02:12:35.860 D/Avrcp_ext( 2345): AudioManager Player: AudioPlaybackConfiguration piid:151 deviceId:0 type:android.media.MediaPlayer u/pid:1000/2648 state:idle attr:AudioAttributes: usage=USAGE_MEDIA content=CONTENT_TYPE_MOVIE flags=0x800 tags= bundle=null sessionId:0
04-06 02:12:35.860 D/Avrcp_ext( 2345): AudioManager Player: AudioPlaybackConfiguration piid:391 deviceId:0 type:android.media.MediaPlayer u/pid:1000/2648 state:idle attr:AudioAttributes: usage=USAGE_UNKNOWN content=CONTENT_TYPE_UNKNOWN flags=0x800 tags= bundle=null sessionId:121
04-06 02:12:35.860 D/Avrcp_ext( 2345): AudioManager Player: AudioPlaybackConfiguration piid:95 deviceId:0 type:android.media.SoundPool u/pid:1000/1508 state:idle attr:AudioAttributes: usage=USAGE_ASSISTANCE_SONIFICATION content=CONTENT_TYPE_SONIFICATION flags=0x800 tags= bundle=null sessionId:0
04-06 02:12:35.860 D/Avrcp_ext( 2345): AudioManager Player: AudioPlaybackConfiguration piid:271 deviceId:0 type:android.media.MediaPlayer u/pid:1000/2648 state:idle attr:AudioAttributes: usage=USAGE_MEDIA content=CONTENT_TYPE_MOVIE flags=0x800 tags= bundle=null sessionId:0
04-06 02:12:35.860 D/Avrcp_ext( 2345): AudioManager isPlaying: false, mAudioPlaybackIsActive = false
04-06 02:12:35.860 D/Avrcp_ext( 2345): AudioManager Reset Active Player
04-06 02:12:35.865 I/MMParserExtractor( 1190): Created(0xb40000719fa56550)
04-06 02:12:35.868 W/MediaProvider( 3483): Failed to fetch original file descriptor
04-06 02:12:35.868 W/MediaProvider( 3483): java.io.FileNotFoundException: Input file descriptor is already original
04-06 02:12:35.868 W/MediaProvider( 3483): at com.android.providers.media.MediaProvider.getOriginalMediaFormatFileDescriptor(MediaProvider.java:5718)
04-06 02:12:35.868 W/MediaProvider( 3483): at com.android.providers.media.MediaProvider.openTypedAssetFileCommon(MediaProvider.java:7134)
04-06 02:12:35.868 W/MediaProvider( 3483): at com.android.providers.media.MediaProvider.openTypedAssetFile(MediaProvider.java:7115)
04-06 02:12:35.868 W/MediaProvider( 3483): at android.content.ContentProvider$Transport.openTypedAssetFile(ContentProvider.java:548)
04-06 02:12:35.868 W/MediaProvider( 3483): at android.content.ContentProviderNative.onTransact(ContentProviderNative.java:327)
04-06 02:12:35.868 W/MediaProvider( 3483): at android.os.Binder.execTransactInternal(Binder.java:1179)
04-06 02:12:35.868 W/MediaProvider( 3483): at android.os.Binder.execTransact(Binder.java:1143)
04-06 02:12:35.868 D/NuPlayerDriver( 1193): NuPlayerDriver(0xe4f80b50) created, clientPid(2648)
04-06 02:12:35.874 I/ExtendedNuUtils( 1193): printFileName fd(8) -> /system_ext/app/TCSetupWizard/TCSetupWizard.apk
04-06 02:12:35.874 D/SurfaceUtils( 1193): connecting to surface 0xe4384ba8, reason setVideoSurfaceTexture
04-06 02:12:35.874 D/NuPlayer( 1193): onSetVideoSurface(0xe4389730, no video decoder)
04-06 02:12:35.876 D/Avrcp_ext( 2345): AudioManager Player: AudioPlaybackConfiguration piid:103 deviceId:0 type:android.media.SoundPool u/pid:10078/2363 state:idle attr:AudioAttributes: usage=USAGE_ASSISTANCE_SONIFICATION content=CONTENT_TYPE_SONIFICATION flags=0x800 tags= bundle=null sessionId:0
04-06 02:12:35.876 D/Avrcp_ext( 2345): AudioManager Player: AudioPlaybackConfiguration piid:119 deviceId:0 type:android.media.SoundPool u/pid:1000/2562 state:idle attr:AudioAttributes: usage=USAGE_ASSISTANCE_SONIFICATION content=CONTENT_TYPE_SONIFICATION flags=0x801 tags= bundle=null sessionId:0
04-06 02:12:35.876 D/Avrcp_ext( 2345): AudioManager Player: AudioPlaybackConfiguration piid:151 deviceId:0 type:android.media.MediaPlayer u/pid:1000/2648 state:idle attr:AudioAttributes: usage=USAGE_MEDIA content=CONTENT_TYPE_MOVIE flags=0x800 tags= bundle=null sessionId:0
04-06 02:12:35.876 D/Avrcp_ext( 2345): AudioManager Player: AudioPlaybackConfiguration piid:391 deviceId:0 type:android.media.MediaPlayer u/pid:1000/2648 state:idle attr:AudioAttributes: usage=USAGE_MEDIA content=CONTENT_TYPE_MOVIE flags=0x800 tags= bundle=null sessionId:121
04-06 02:12:35.876 D/Avrcp_ext( 2345): AudioManager Player: AudioPlaybackConfiguration piid:95 deviceId:0 type:android.media.SoundPool u/pid:1000/1508 state:idle attr:AudioAttributes: usage=USAGE_ASSISTANCE_SONIFICATION content=CONTENT_TYPE_SONIFICATION flags=0x800 tags= bundle=null sessionId:0
04-06 02:12:35.876 D/Avrcp_ext( 2345): AudioManager Player: AudioPlaybackConfiguration piid:271 deviceId:0 type:android.media.MediaPlayer u/pid:1000/2648 state:idle attr:AudioAttributes: usage=USAGE_MEDIA content=CONTENT_TYPE_MOVIE flags=0x800 tags= bundle=null sessionId:0
04-06 02:12:35.876 D/Avrcp_ext( 2345): AudioManager isPlaying: false, mAudioPlaybackIsActive = false
04-06 02:12:35.876 D/Avrcp_ext( 2345): AudioManager Reset Active Player
04-06 02:12:35.877 D/GenericSource( 1193): FileSource remote
04-06 02:12:35.878 D/NuPlayerDriver( 1193): reset(0xe4f80b50) at state 3
04-06 02:12:35.879 D/NuPlayerDriver( 1193): notifyResetComplete(0xe4f80b50)
04-06 02:12:35.879 D/NuPlayerDriver( 1193): reset(0xe4f80b50) at state 0
04-06 02:12:35.879 D/SurfaceUtils( 1193): disconnecting from surface 0xe4384ba8, reason disconnectNativeWindow
04-06 02:12:35.881 I/MediaFocusControl( 1508): abandonAudioFocus() from uid/pid 1000/2648 clientId=android.media.AudioManager@22af96b
04-06 02:12:35.881 D/Avrcp_ext( 2345): AudioManager Player: AudioPlaybackConfiguration piid:103 deviceId:0 type:android.media.SoundPool u/pid:10078/2363 state:idle attr:AudioAttributes: usage=USAGE_ASSISTANCE_SONIFICATION content=CONTENT_TYPE_SONIFICATION flags=0x800 tags= bundle=null sessionId:0
04-06 02:12:35.881 D/Avrcp_ext( 2345): AudioManager Player: AudioPlaybackConfiguration piid:119 deviceId:0 type:android.media.SoundPool u/pid:1000/2562 state:idle attr:AudioAttributes: usage=USAGE_ASSISTANCE_SONIFICATION content=CONTENT_TYPE_SONIFICATION flags=0x801 tags= bundle=null sessionId:0
04-06 02:12:35.881 D/Avrcp_ext( 2345): AudioManager Player: AudioPlaybackConfiguration piid:151 deviceId:0 type:android.media.MediaPlayer u/pid:1000/2648 state:idle attr:AudioAttributes: usage=USAGE_MEDIA content=CONTENT_TYPE_MOVIE flags=0x800 tags= bundle=null sessionId:0
04-06 02:12:35.881 D/Avrcp_ext( 2345): AudioManager Player: AudioPlaybackConfiguration piid:95 deviceId:0 type:android.media.SoundPool u/pid:1000/1508 state:idle attr:AudioAttributes: usage=USAGE_ASSISTANCE_SONIFICATION content=CONTENT_TYPE_SONIFICATION flags=0x800 tags= bundle=null sessionId:0
04-06 02:12:35.881 D/Avrcp_ext( 2345): AudioManager Player: AudioPlaybackConfiguration piid:271 deviceId:0 type:android.media.MediaPlayer u/pid:1000/2648 state:idle attr:AudioAttributes: usage=USAGE_MEDIA content=CONTENT_TYPE_MOVIE flags=0x800 tags= bundle=null sessionId:0
04-06 02:12:35.881 D/Avrcp_ext( 2345): AudioManager isPlaying: false, mAudioPlaybackIsActive = false
04-06 02:12:35.881 D/Avrcp_ext( 2345): AudioManager Reset Active Player
04-06 02:12:35.881 I/MediaFocusControl( 1508): requestAudioFocus() from uid/pid 1000/2648 AA=USAGE_MEDIA/CONTENT_TYPE_MOVIE clientId=android.media.AudioManager@22af96b callingPack=com.thundercomm.tcsetupwizard req=1 flags=0x0 sdk=31
04-06 02:12:35.881 I/AudioService.FadeOutManager( 1508): unfadeOutUid() uid:1000
04-06 02:12:35.882 I/MMParserExtractor( 1190): Created(0xb40000719fa56550)
04-06 02:12:35.884 D/Avrcp_ext( 2345): AudioManager Player: AudioPlaybackConfiguration piid:103 deviceId:0 type:android.media.SoundPool u/pid:10078/2363 state:idle attr:AudioAttributes: usage=USAGE_ASSISTANCE_SONIFICATION content=CONTENT_TYPE_SONIFICATION flags=0x800 tags= bundle=null sessionId:0
04-06 02:12:35.884 D/Avrcp_ext( 2345): AudioManager Player: AudioPlaybackConfiguration piid:119 deviceId:0 type:android.media.SoundPool u/pid:1000/2562 state:idle attr:AudioAttributes: usage=USAGE_ASSISTANCE_SONIFICATION content=CONTENT_TYPE_SONIFICATION flags=0x801 tags= bundle=null sessionId:0
04-06 02:12:35.884 D/Avrcp_ext( 2345): AudioManager Player: AudioPlaybackConfiguration piid:151 deviceId:0 type:android.media.MediaPlayer u/pid:1000/2648 state:idle attr:AudioAttributes: usage=USAGE_MEDIA content=CONTENT_TYPE_MOVIE flags=0x800 tags= bundle=null sessionId:0
04-06 02:12:35.884 D/Avrcp_ext( 2345): AudioManager Player: AudioPlaybackConfiguration piid:95 deviceId:0 type:android.media.SoundPool u/pid:1000/1508 state:idle attr:AudioAttributes: usage=USAGE_ASSISTANCE_SONIFICATION content=CONTENT_TYPE_SONIFICATION flags=0x800 tags= bundle=null sessionId:0
04-06 02:12:35.884 D/Avrcp_ext( 2345): AudioManager Player: AudioPlaybackConfiguration piid:271 deviceId:0 type:android.media.MediaPlayer u/pid:1000/2648 state:idle attr:AudioAttributes: usage=USAGE_MEDIA content=CONTENT_TYPE_MOVIE flags=0x800 tags= bundle=null sessionId:0
04-06 02:12:35.884 D/Avrcp_ext( 2345): AudioManager Player: AudioPlaybackConfiguration piid:399 deviceId:0 type:android.media.MediaPlayer u/pid:1000/2648 state:idle attr:AudioAttributes: usage=USAGE_UNKNOWN content=CONTENT_TYPE_UNKNOWN flags=0x800 tags= bundle=null sessionId:121
04-06 02:12:35.884 D/Avrcp_ext( 2345): AudioManager isPlaying: false, mAudioPlaybackIsActive = false
04-06 02:12:35.884 D/Avrcp_ext( 2345): AudioManager Reset Active Player
04-06 02:12:35.885 W/AMessage( 1193): failed to post message as target looper for handler 0 is gone.
04-06 02:12:35.886 W/AMessage( 1193): failed to post message as target looper for handler 0 is gone.
04-06 02:12:35.886 D/MediaBufferGroup( 1190): creating MemoryDealer
04-06 02:12:35.886 W/AMessage( 1193): failed to post message as target looper for handler 0 is gone.
04-06 02:12:35.889 I/MMParserExtractor( 1190): Created(0xb40000719fa57350)
04-06 02:12:35.892 W/MediaProvider( 3483): Failed to fetch original file descriptor
04-06 02:12:35.892 W/MediaProvider( 3483): java.io.FileNotFoundException: Input file descriptor is already original
04-06 02:12:35.892 W/MediaProvider( 3483): at com.android.providers.media.MediaProvider.getOriginalMediaFormatFileDescriptor(MediaProvider.java:5718)
04-06 02:12:35.892 W/MediaProvider( 3483): at com.android.providers.media.MediaProvider.openTypedAssetFileCommon(MediaProvider.java:7134)
04-06 02:12:35.892 W/MediaProvider( 3483): at com.android.providers.media.MediaProvider.openTypedAssetFile(MediaProvider.java:7115)
04-06 02:12:35.892 W/MediaProvider( 3483): at android.content.ContentProvider$Transport.openTypedAssetFile(ContentProvider.java:548)
04-06 02:12:35.892 W/MediaProvider( 3483): at android.content.ContentProviderNative.onTransact(ContentProviderNative.java:327)
04-06 02:12:35.892 W/MediaProvider( 3483): at android.os.Binder.execTransactInternal(Binder.java:1179)
04-06 02:12:35.892 W/MediaProvider( 3483): at android.os.Binder.execTransact(Binder.java:1143)
04-06 02:12:35.893 D/NuPlayerDriver( 1193): NuPlayerDriver(0xe4f80b50) created, clientPid(2648)
04-06 02:12:35.899 I/ExtendedNuUtils( 1193): printFileName fd(8) -> /system_ext/app/TCSetupWizard/TCSetupWizard.apk
04-06 02:12:35.900 D/SurfaceUtils( 1193): connecting to surface 0xe4389738, reason setVideoSurfaceTexture
04-06 02:12:35.900 D/NuPlayer( 1193): onSetVideoSurface(0xe4384ba0, no video decoder)
04-06 02:12:35.902 D/Avrcp_ext( 2345): AudioManager Player: AudioPlaybackConfiguration piid:103 deviceId:0 type:android.media.SoundPool u/pid:10078/2363 state:idle attr:AudioAttributes: usage=USAGE_ASSISTANCE_SONIFICATION content=CONTENT_TYPE_SONIFICATION flags=0x800 tags= bundle=null sessionId:0
04-06 02:12:35.902 D/Avrcp_ext( 2345): AudioManager Player: AudioPlaybackConfiguration piid:119 deviceId:0 type:android.media.SoundPool u/pid:1000/2562 state:idle attr:AudioAttributes: usage=USAGE_ASSISTANCE_SONIFICATION content=CONTENT_TYPE_SONIFICATION flags=0x801 tags= bundle=null sessionId:0
04-06 02:12:35.902 D/Avrcp_ext( 2345): AudioManager Player: AudioPlaybackConfiguration piid:151 deviceId:0 type:android.media.MediaPlayer u/pid:1000/2648 state:idle attr:AudioAttributes: usage=USAGE_MEDIA content=CONTENT_TYPE_MOVIE flags=0x800 tags= bundle=null sessionId:0
04-06 02:12:35.902 D/Avrcp_ext( 2345): AudioManager Player: AudioPlaybackConfiguration piid:95 deviceId:0 type:android.media.SoundPool u/pid:1000/1508 state:idle attr:AudioAttributes: usage=USAGE_ASSISTANCE_SONIFICATION content=CONTENT_TYPE_SONIFICATION flags=0x800 tags= bundle=null sessionId:0
04-06 02:12:35.902 D/Avrcp_ext( 2345): AudioManager Player: AudioPlaybackConfiguration piid:271 deviceId:0 type:android.media.MediaPlayer u/pid:1000/2648 state:idle attr:AudioAttributes: usage=USAGE_MEDIA content=CONTENT_TYPE_MOVIE flags=0x800 tags= bundle=null sessionId:0
04-06 02:12:35.902 D/Avrcp_ext( 2345): AudioManager Player: AudioPlaybackConfiguration piid:399 deviceId:0 type:android.media.MediaPlayer u/pid:1000/2648 state:idle attr:AudioAttributes: usage=USAGE_MEDIA content=CONTENT_TYPE_MOVIE flags=0x800 tags= bundle=null sessionId:121
04-06 02:12:35.902 D/Avrcp_ext( 2345): AudioManager isPlaying: false, mAudioPlaybackIsActive = false
04-06 02:12:35.902 D/Avrcp_ext( 2345): AudioManager Reset Active Player
04-06 02:12:35.903 D/GenericSource( 1193): FileSource remote
04-06 02:12:35.904 D/NuPlayerDriver( 1193): reset(0xe4f80b50) at state 3
04-06 02:12:35.904 D/NuPlayerDriver( 1193): notifyResetComplete(0xe4f80b50)
04-06 02:12:35.905 D/NuPlayerDriver( 1193): reset(0xe4f80b50) at state 0
04-06 02:12:35.905 D/SurfaceUtils( 1193): disconnecting from surface 0xe4389738, reason disconnectNativeWindow
04-06 02:12:35.906 I/MediaFocusControl( 1508): abandonAudioFocus() from uid/pid 1000/2648 clientId=android.media.AudioManager@22af96b
04-06 02:12:35.906 D/Avrcp_ext( 2345): AudioManager Player: AudioPlaybackConfiguration piid:103 deviceId:0 type:android.media.SoundPool u/pid:10078/2363 state:idle attr:AudioAttributes: usage=USAGE_ASSISTANCE_SONIFICATION content=CONTENT_TYPE_SONIFICATION flags=0x800 tags= bundle=null sessionId:0
04-06 02:12:35.906 D/Avrcp_ext( 2345): AudioManager Player: AudioPlaybackConfiguration piid:119 deviceId:0 type:android.media.SoundPool u/pid:1000/2562 state:idle attr:AudioAttributes: usage=USAGE_ASSISTANCE_SONIFICATION content=CONTENT_TYPE_SONIFICATION flags=0x801 tags= bundle=null sessionId:0
04-06 02:12:35.906 D/Avrcp_ext( 2345): AudioManager Player: AudioPlaybackConfiguration piid:151 deviceId:0 type:android.media.MediaPlayer u/pid:1000/2648 state:idle attr:AudioAttributes: usage=USAGE_MEDIA content=CONTENT_TYPE_MOVIE flags=0x800 tags= bundle=null sessionId:0
04-06 02:12:35.906 D/Avrcp_ext( 2345): AudioManager Player: AudioPlaybackConfiguration piid:95 deviceId:0 type:android.media.SoundPool u/pid:1000/1508 state:idle attr:AudioAttributes: usage=USAGE_ASSISTANCE_SONIFICATION content=CONTENT_TYPE_SONIFICATION flags=0x800 tags= bundle=null sessionId:0
04-06 02:12:35.906 D/Avrcp_ext( 2345): AudioManager Player: AudioPlaybackConfiguration piid:271 deviceId:0 type:android.media.MediaPlayer u/pid:1000/2648 state:idle attr:AudioAttributes: usage=USAGE_MEDIA content=CONTENT_TYPE_MOVIE flags=0x800 tags= bundle=null sessionId:0
04-06 02:12:35.906 D/Avrcp_ext( 2345): AudioManager isPlaying: false, mAudioPlaybackIsActive = false
04-06 02:12:35.906 D/Avrcp_ext( 2345): AudioManager Reset Active Player
04-06 02:12:35.906 I/MediaFocusControl( 1508): requestAudioFocus() from uid/pid 1000/2648 AA=USAGE_MEDIA/CONTENT_TYPE_MOVIE clientId=android.media.AudioManager@22af96b callingPack=com.thundercomm.tcsetupwizard req=1 flags=0x0 sdk=31
04-06 02:12:35.907 I/MMParserExtractor( 1190): Created(0xb40000719fa56550)
04-06 02:12:35.907 I/AudioService.FadeOutManager( 1508): unfadeOutUid() uid:1000
04-06 02:12:35.909 D/Avrcp_ext( 2345): AudioManager Player: AudioPlaybackConfiguration piid:103 deviceId:0 type:android.media.SoundPool u/pid:10078/2363 state:idle attr:AudioAttributes: usage=USAGE_ASSISTANCE_SONIFICATION content=CONTENT_TYPE_SONIFICATION flags=0x800 tags= bundle=null sessionId:0
04-06 02:12:35.909 D/Avrcp_ext( 2345): AudioManager Player: AudioPlaybackConfiguration piid:119 deviceId:0 type:android.media.SoundPool u/pid:1000/2562 state:idle attr:AudioAttributes: usage=USAGE_ASSISTANCE_SONIFICATION content=CONTENT_TYPE_SONIFICATION flags=0x801 tags= bundle=null sessionId:0
04-06 02:12:35.909 D/Avrcp_ext( 2345): AudioManager Player: AudioPlaybackConfiguration piid:151 deviceId:0 type:android.media.MediaPlayer u/pid:1000/2648 state:idle attr:AudioAttributes: usage=USAGE_MEDIA content=CONTENT_TYPE_MOVIE flags=0x800 tags= bundle=null sessionId:0
04-06 02:12:35.909 D/Avrcp_ext( 2345): AudioManager Player: AudioPlaybackConfiguration piid:407 deviceId:0 type:android.media.MediaPlayer u/pid:1000/2648 state:idle attr:AudioAttributes: usage=USAGE_UNKNOWN content=CONTENT_TYPE_UNKNOWN flags=0x800 tags= bundle=null sessionId:121
04-06 02:12:35.909 D/Avrcp_ext( 2345): AudioManager Player: AudioPlaybackConfiguration piid:95 deviceId:0 type:android.media.SoundPool u/pid:1000/1508 state:idle attr:AudioAttributes: usage=USAGE_ASSISTANCE_SONIFICATION content=CONTENT_TYPE_SONIFICATION flags=0x800 tags= bundle=null sessionId:0
04-06 02:12:35.909 D/Avrcp_ext( 2345): AudioManager Player: AudioPlaybackConfiguration piid:271 deviceId:0 type:android.media.MediaPlayer u/pid:1000/2648 state:idle attr:AudioAttributes: usage=USAGE_MEDIA content=CONTENT_TYPE_MOVIE flags=0x800 tags= bundle=null sessionId:0
04-06 02:12:35.909 D/Avrcp_ext( 2345): AudioManager isPlaying: false, mAudioPlaybackIsActive = false
04-06 02:12:35.909 D/Avrcp_ext( 2345): AudioManager Reset Active Player
04-06 02:12:35.909 W/AMessage( 1193): failed to post message as target looper for handler 0 is gone.
04-06 02:12:35.909 W/AMessage( 1193): failed to post message as target looper for handler 0 is gone.
04-06 02:12:35.909 D/MediaBufferGroup( 1190): creating MemoryDealer
04-06 02:12:35.909 W/AMessage( 1193): failed to post message as target looper for handler 0 is gone.
04-06 02:12:35.913 I/MMParserExtractor( 1190): Created(0xb40000719fa56550)
04-06 02:12:35.916 W/MediaProvider( 3483): Failed to fetch original file descriptor
04-06 02:12:35.916 W/MediaProvider( 3483): java.io.FileNotFoundException: Input file descriptor is already original
04-06 02:12:35.916 W/MediaProvider( 3483): at com.android.providers.media.MediaProvider.getOriginalMediaFormatFileDescriptor(MediaProvider.java:5718)
