04-06 02:12:37.668 W/MediaProvider( 3483): at com.android.providers.media.MediaProvider.openTypedAssetFileCommon(MediaProvider.java:7134)
04-06 02:12:37.668 W/MediaProvider( 3483): at com.android.providers.media.MediaProvider.openTypedAssetFile(MediaProvider.java:7115)
04-06 02:12:37.668 W/MediaProvider( 3483): at android.content.ContentProvider$Transport.openTypedAssetFile(ContentProvider.java:548)
04-06 02:12:37.668 W/MediaProvider( 3483): at android.content.ContentProviderNative.onTransact(ContentProviderNative.java:327)
04-06 02:12:37.668 W/MediaProvider( 3483): at android.os.Binder.execTransactInternal(Binder.java:1179)
04-06 02:12:37.668 W/MediaProvider( 3483): at android.os.Binder.execTransact(Binder.java:1143)
04-06 02:12:37.669 D/NuPlayerDriver( 1193): NuPlayerDriver(0xe4f80970) created, clientPid(2648)
04-06 02:12:37.678 I/ExtendedNuUtils( 1193): printFileName fd(8) -> /system_ext/app/TCSetupWizard/TCSetupWizard.apk
04-06 02:12:37.678 D/SurfaceUtils( 1193): connecting to surface 0xe43864d8, reason setVideoSurfaceTexture
04-06 02:12:37.679 D/NuPlayer( 1193): onSetVideoSurface(0xe4391520, no video decoder)
04-06 02:12:37.680 D/Avrcp_ext( 2345): AudioManager Player: AudioPlaybackConfiguration piid:103 deviceId:0 type:android.media.SoundPool u/pid:10078/2363 state:idle attr:AudioAttributes: usage=USAGE_ASSISTANCE_SONIFICATION content=CONTENT_TYPE_SONIFICATION flags=0x800 tags= bundle=null sessionId:0
04-06 02:12:37.680 D/Avrcp_ext( 2345): AudioManager Player: AudioPlaybackConfiguration piid:119 deviceId:0 type:android.media.SoundPool u/pid:1000/2562 state:idle attr:AudioAttributes: usage=USAGE_ASSISTANCE_SONIFICATION content=CONTENT_TYPE_SONIFICATION flags=0x801 tags= bundle=null sessionId:0
04-06 02:12:37.680 D/Avrcp_ext( 2345): AudioManager Player: AudioPlaybackConfiguration piid:455 deviceId:0 type:android.media.MediaPlayer u/pid:1000/2648 state:stopped attr:AudioAttributes: usage=USAGE_MEDIA content=CONTENT_TYPE_MOVIE flags=0x800 tags= bundle=null sessionId:121
04-06 02:12:37.680 D/Avrcp_ext( 2345): AudioManager Player: AudioPlaybackConfiguration piid:583 deviceId:0 type:android.media.MediaPlayer u/pid:1000/2648 state:idle attr:AudioAttributes: usage=USAGE_MEDIA content=CONTENT_TYPE_MOVIE flags=0x800 tags= bundle=null sessionId:129
04-06 02:12:37.680 D/Avrcp_ext( 2345): AudioManager Player: AudioPlaybackConfiguration piid:95 deviceId:0 type:android.media.SoundPool u/pid:1000/1508 state:idle attr:AudioAttributes: usage=USAGE_ASSISTANCE_SONIFICATION content=CONTENT_TYPE_SONIFICATION flags=0x800 tags= bundle=null sessionId:0
04-06 02:12:37.680 D/Avrcp_ext( 2345): AudioManager Player: AudioPlaybackConfiguration piid:271 deviceId:0 type:android.media.MediaPlayer u/pid:1000/2648 state:idle attr:AudioAttributes: usage=USAGE_MEDIA content=CONTENT_TYPE_MOVIE flags=0x800 tags= bundle=null sessionId:0
04-06 02:12:37.680 D/Avrcp_ext( 2345): AudioManager isPlaying: false, mAudioPlaybackIsActive = false
04-06 02:12:37.680 D/Avrcp_ext( 2345): AudioManager Reset Active Player
04-06 02:12:37.682 D/GenericSource( 1193): FileSource remote
04-06 02:12:37.683 D/NuPlayerDriver( 1193): reset(0xe4f80970) at state 3
04-06 02:12:37.683 D/NuPlayerDriver( 1193): notifyResetComplete(0xe4f80970)
04-06 02:12:37.684 D/NuPlayerDriver( 1193): reset(0xe4f80970) at state 0
04-06 02:12:37.684 D/SurfaceUtils( 1193): disconnecting from surface 0xe43864d8, reason disconnectNativeWindow
04-06 02:12:37.686 I/MediaFocusControl( 1508): abandonAudioFocus() from uid/pid 1000/2648 clientId=android.media.AudioManager@22af96b
04-06 02:12:37.686 D/Avrcp_ext( 2345): AudioManager Player: AudioPlaybackConfiguration piid:103 deviceId:0 type:android.media.SoundPool u/pid:10078/2363 state:idle attr:AudioAttributes: usage=USAGE_ASSISTANCE_SONIFICATION content=CONTENT_TYPE_SONIFICATION flags=0x800 tags= bundle=null sessionId:0
04-06 02:12:37.686 D/Avrcp_ext( 2345): AudioManager Player: AudioPlaybackConfiguration piid:119 deviceId:0 type:android.media.SoundPool u/pid:1000/2562 state:idle attr:AudioAttributes: usage=USAGE_ASSISTANCE_SONIFICATION content=CONTENT_TYPE_SONIFICATION flags=0x801 tags= bundle=null sessionId:0
04-06 02:12:37.686 D/Avrcp_ext( 2345): AudioManager Player: AudioPlaybackConfiguration piid:455 deviceId:0 type:android.media.MediaPlayer u/pid:1000/2648 state:stopped attr:AudioAttributes: usage=USAGE_MEDIA content=CONTENT_TYPE_MOVIE flags=0x800 tags= bundle=null sessionId:121
04-06 02:12:37.686 D/Avrcp_ext( 2345): AudioManager Player: AudioPlaybackConfiguration piid:95 deviceId:0 type:android.media.SoundPool u/pid:1000/1508 state:idle attr:AudioAttributes: usage=USAGE_ASSISTANCE_SONIFICATION content=CONTENT_TYPE_SONIFICATION flags=0x800 tags= bundle=null sessionId:0
04-06 02:12:37.686 D/Avrcp_ext( 2345): AudioManager Player: AudioPlaybackConfiguration piid:271 deviceId:0 type:android.media.MediaPlayer u/pid:1000/2648 state:idle attr:AudioAttributes: usage=USAGE_MEDIA content=CONTENT_TYPE_MOVIE flags=0x800 tags= bundle=null sessionId:0
04-06 02:12:37.686 D/Avrcp_ext( 2345): AudioManager isPlaying: false, mAudioPlaybackIsActive = false
04-06 02:12:37.686 D/Avrcp_ext( 2345): AudioManager Reset Active Player
04-06 02:12:37.686 I/MediaFocusControl( 1508): requestAudioFocus() from uid/pid 1000/2648 AA=USAGE_MEDIA/CONTENT_TYPE_MOVIE clientId=android.media.AudioManager@22af96b callingPack=com.thundercomm.tcsetupwizard req=1 flags=0x0 sdk=31
04-06 02:12:37.686 I/AudioService.FadeOutManager( 1508): unfadeOutUid() uid:1000
04-06 02:12:37.687 I/MMParserExtractor( 1190): Created(0xb40000719fa57c10)
04-06 02:12:37.689 D/Avrcp_ext( 2345): AudioManager Player: AudioPlaybackConfiguration piid:103 deviceId:0 type:android.media.SoundPool u/pid:10078/2363 state:idle attr:AudioAttributes: usage=USAGE_ASSISTANCE_SONIFICATION content=CONTENT_TYPE_SONIFICATION flags=0x800 tags= bundle=null sessionId:0
04-06 02:12:37.689 D/Avrcp_ext( 2345): AudioManager Player: AudioPlaybackConfiguration piid:119 deviceId:0 type:android.media.SoundPool u/pid:1000/2562 state:idle attr:AudioAttributes: usage=USAGE_ASSISTANCE_SONIFICATION content=CONTENT_TYPE_SONIFICATION flags=0x801 tags= bundle=null sessionId:0
04-06 02:12:37.689 D/Avrcp_ext( 2345): AudioManager Player: AudioPlaybackConfiguration piid:455 deviceId:0 type:android.media.MediaPlayer u/pid:1000/2648 state:stopped attr:AudioAttributes: usage=USAGE_MEDIA content=CONTENT_TYPE_MOVIE flags=0x800 tags= bundle=null sessionId:121
04-06 02:12:37.689 D/Avrcp_ext( 2345): AudioManager Player: AudioPlaybackConfiguration piid:95 deviceId:0 type:android.media.SoundPool u/pid:1000/1508 state:idle attr:AudioAttributes: usage=USAGE_ASSISTANCE_SONIFICATION content=CONTENT_TYPE_SONIFICATION flags=0x800 tags= bundle=null sessionId:0
04-06 02:12:37.689 D/Avrcp_ext( 2345): AudioManager Player: AudioPlaybackConfiguration piid:271 deviceId:0 type:android.media.MediaPlayer u/pid:1000/2648 state:idle attr:AudioAttributes: usage=USAGE_MEDIA content=CONTENT_TYPE_MOVIE flags=0x800 tags= bundle=null sessionId:0
04-06 02:12:37.689 D/Avrcp_ext( 2345): AudioManager Player: AudioPlaybackConfiguration piid:591 deviceId:0 type:android.media.MediaPlayer u/pid:1000/2648 state:idle attr:AudioAttributes: usage=USAGE_UNKNOWN content=CONTENT_TYPE_UNKNOWN flags=0x800 tags= bundle=null sessionId:129
04-06 02:12:37.689 D/Avrcp_ext( 2345): AudioManager isPlaying: false, mAudioPlaybackIsActive = false
04-06 02:12:37.689 D/Avrcp_ext( 2345): AudioManager Reset Active Player
04-06 02:12:37.691 W/AMessage( 1193): failed to post message as target looper for handler 0 is gone.
04-06 02:12:37.691 W/AMessage( 1193): failed to post message as target looper for handler 0 is gone.
04-06 02:12:37.691 D/MediaBufferGroup( 1190): creating MemoryDealer
04-06 02:12:37.691 W/AMessage( 1193): failed to post message as target looper for handler 0 is gone.
04-06 02:12:37.697 I/MMParserExtractor( 1190): Created(0xb40000719fa56e10)
04-06 02:12:37.701 W/MediaProvider( 3483): Failed to fetch original file descriptor
04-06 02:12:37.701 W/MediaProvider( 3483): java.io.FileNotFoundException: Input file descriptor is already original
04-06 02:12:37.701 W/MediaProvider( 3483): at com.android.providers.media.MediaProvider.getOriginalMediaFormatFileDescriptor(MediaProvider.java:5718)
04-06 02:12:37.701 W/MediaProvider( 3483): at com.android.providers.media.MediaProvider.openTypedAssetFileCommon(MediaProvider.java:7134)
04-06 02:12:37.701 W/MediaProvider( 3483): at com.android.providers.media.MediaProvider.openTypedAssetFile(MediaProvider.java:7115)
04-06 02:12:37.701 W/MediaProvider( 3483): at android.content.ContentProvider$Transport.openTypedAssetFile(ContentProvider.java:548)
04-06 02:12:37.701 W/MediaProvider( 3483): at android.content.ContentProviderNative.onTransact(ContentProviderNative.java:327)
04-06 02:12:37.701 W/MediaProvider( 3483): at android.os.Binder.execTransactInternal(Binder.java:1179)
04-06 02:12:37.701 W/MediaProvider( 3483): at android.os.Binder.execTransact(Binder.java:1143)
04-06 02:12:37.702 D/NuPlayerDriver( 1193): NuPlayerDriver(0xe4f80970) created, clientPid(2648)
04-06 02:12:37.709 I/ExtendedNuUtils( 1193): printFileName fd(8) -> /system_ext/app/TCSetupWizard/TCSetupWizard.apk
04-06 02:12:37.709 D/SurfaceUtils( 1193): connecting to surface 0xe4391528, reason setVideoSurfaceTexture
04-06 02:12:37.710 D/NuPlayer( 1193): onSetVideoSurface(0xe43864d0, no video decoder)
04-06 02:12:37.711 D/Avrcp_ext( 2345): AudioManager Player: AudioPlaybackConfiguration piid:103 deviceId:0 type:android.media.SoundPool u/pid:10078/2363 state:idle attr:AudioAttributes: usage=USAGE_ASSISTANCE_SONIFICATION content=CONTENT_TYPE_SONIFICATION flags=0x800 tags= bundle=null sessionId:0
04-06 02:12:37.711 D/Avrcp_ext( 2345): AudioManager Player: AudioPlaybackConfiguration piid:119 deviceId:0 type:android.media.SoundPool u/pid:1000/2562 state:idle attr:AudioAttributes: usage=USAGE_ASSISTANCE_SONIFICATION content=CONTENT_TYPE_SONIFICATION flags=0x801 tags= bundle=null sessionId:0
04-06 02:12:37.711 D/Avrcp_ext( 2345): AudioManager Player: AudioPlaybackConfiguration piid:455 deviceId:0 type:android.media.MediaPlayer u/pid:1000/2648 state:stopped attr:AudioAttributes: usage=USAGE_MEDIA content=CONTENT_TYPE_MOVIE flags=0x800 tags= bundle=null sessionId:121
04-06 02:12:37.711 D/Avrcp_ext( 2345): AudioManager Player: AudioPlaybackConfiguration piid:95 deviceId:0 type:android.media.SoundPool u/pid:1000/1508 state:idle attr:AudioAttributes: usage=USAGE_ASSISTANCE_SONIFICATION content=CONTENT_TYPE_SONIFICATION flags=0x800 tags= bundle=null sessionId:0
04-06 02:12:37.711 D/Avrcp_ext( 2345): AudioManager Player: AudioPlaybackConfiguration piid:271 deviceId:0 type:android.media.MediaPlayer u/pid:1000/2648 state:idle attr:AudioAttributes: usage=USAGE_MEDIA content=CONTENT_TYPE_MOVIE flags=0x800 tags= bundle=null sessionId:0
04-06 02:12:37.711 D/Avrcp_ext( 2345): AudioManager Player: AudioPlaybackConfiguration piid:591 deviceId:0 type:android.media.MediaPlayer u/pid:1000/2648 state:idle attr:AudioAttributes: usage=USAGE_MEDIA content=CONTENT_TYPE_MOVIE flags=0x800 tags= bundle=null sessionId:129
04-06 02:12:37.711 D/Avrcp_ext( 2345): AudioManager isPlaying: false, mAudioPlaybackIsActive = false
04-06 02:12:37.711 D/Avrcp_ext( 2345): AudioManager Reset Active Player
04-06 02:12:37.713 D/GenericSource( 1193): FileSource remote
04-06 02:12:37.713 D/NuPlayerDriver( 1193): reset(0xe4f80970) at state 3
04-06 02:12:37.714 D/NuPlayerDriver( 1193): notifyResetComplete(0xe4f80970)
04-06 02:12:37.714 D/NuPlayerDriver( 1193): reset(0xe4f80970) at state 0
04-06 02:12:37.714 D/SurfaceUtils( 1193): disconnecting from surface 0xe4391528, reason disconnectNativeWindow
04-06 02:12:37.716 I/MediaFocusControl( 1508): abandonAudioFocus() from uid/pid 1000/2648 clientId=android.media.AudioManager@22af96b
04-06 02:12:37.717 I/MediaFocusControl( 1508): requestAudioFocus() from uid/pid 1000/2648 AA=USAGE_MEDIA/CONTENT_TYPE_MOVIE clientId=android.media.AudioManager@22af96b callingPack=com.thundercomm.tcsetupwizard req=1 flags=0x0 sdk=31
04-06 02:12:37.717 I/MMParserExtractor( 1190): Created(0xb40000719fa57c10)
04-06 02:12:37.718 I/AudioService.FadeOutManager( 1508): unfadeOutUid() uid:1000
04-06 02:12:37.720 W/AMessage( 1193): failed to post message as target looper for handler 0 is gone.
04-06 02:12:37.720 W/AMessage( 1193): failed to post message as target looper for handler 0 is gone.
04-06 02:12:37.721 D/MediaBufferGroup( 1190): creating MemoryDealer
04-06 02:12:37.721 W/AMessage( 1193): failed to post message as target looper for handler 0 is gone.
04-06 02:12:37.722 D/Avrcp_ext( 2345): AudioManager Player: AudioPlaybackConfiguration piid:103 deviceId:0 type:android.media.SoundPool u/pid:10078/2363 state:idle attr:AudioAttributes: usage=USAGE_ASSISTANCE_SONIFICATION content=CONTENT_TYPE_SONIFICATION flags=0x800 tags= bundle=null sessionId:0
04-06 02:12:37.722 D/Avrcp_ext( 2345): AudioManager Player: AudioPlaybackConfiguration piid:119 deviceId:0 type:android.media.SoundPool u/pid:1000/2562 state:idle attr:AudioAttributes: usage=USAGE_ASSISTANCE_SONIFICATION content=CONTENT_TYPE_SONIFICATION flags=0x801 tags= bundle=null sessionId:0
04-06 02:12:37.723 D/Avrcp_ext( 2345): AudioManager Player: AudioPlaybackConfiguration piid:455 deviceId:0 type:android.media.MediaPlayer u/pid:1000/2648 state:stopped attr:AudioAttributes: usage=USAGE_MEDIA content=CONTENT_TYPE_MOVIE flags=0x800 tags= bundle=null sessionId:121
04-06 02:12:37.723 D/Avrcp_ext( 2345): AudioManager Player: AudioPlaybackConfiguration piid:95 deviceId:0 type:android.media.SoundPool u/pid:1000/1508 state:idle attr:AudioAttributes: usage=USAGE_ASSISTANCE_SONIFICATION content=CONTENT_TYPE_SONIFICATION flags=0x800 tags= bundle=null sessionId:0
04-06 02:12:37.723 D/Avrcp_ext( 2345): AudioManager Player: AudioPlaybackConfiguration piid:271 deviceId:0 type:android.media.MediaPlayer u/pid:1000/2648 state:idle attr:AudioAttributes: usage=USAGE_MEDIA content=CONTENT_TYPE_MOVIE flags=0x800 tags= bundle=null sessionId:0
04-06 02:12:37.723 D/Avrcp_ext( 2345): AudioManager isPlaying: false, mAudioPlaybackIsActive = false
04-06 02:12:37.723 D/Avrcp_ext( 2345): AudioManager Reset Active Player
04-06 02:12:37.723 D/Avrcp_ext( 2345): AudioManager Player: AudioPlaybackConfiguration piid:103 deviceId:0 type:android.media.SoundPool u/pid:10078/2363 state:idle attr:AudioAttributes: usage=USAGE_ASSISTANCE_SONIFICATION content=CONTENT_TYPE_SONIFICATION flags=0x800 tags= bundle=null sessionId:0
04-06 02:12:37.723 D/Avrcp_ext( 2345): AudioManager Player: AudioPlaybackConfiguration piid:119 deviceId:0 type:android.media.SoundPool u/pid:1000/2562 state:idle attr:AudioAttributes: usage=USAGE_ASSISTANCE_SONIFICATION content=CONTENT_TYPE_SONIFICATION flags=0x801 tags= bundle=null sessionId:0
04-06 02:12:37.723 D/Avrcp_ext( 2345): AudioManager Player: AudioPlaybackConfiguration piid:455 deviceId:0 type:android.media.MediaPlayer u/pid:1000/2648 state:stopped attr:AudioAttributes: usage=USAGE_MEDIA content=CONTENT_TYPE_MOVIE flags=0x800 tags= bundle=null sessionId:121
04-06 02:12:37.723 D/Avrcp_ext( 2345): AudioManager Player: AudioPlaybackConfiguration piid:599 deviceId:0 type:android.media.MediaPlayer u/pid:1000/2648 state:idle attr:AudioAttributes: usage=USAGE_UNKNOWN content=CONTENT_TYPE_UNKNOWN flags=0x800 tags= bundle=null sessionId:129
04-06 02:12:37.723 D/Avrcp_ext( 2345): AudioManager Player: AudioPlaybackConfiguration piid:95 deviceId:0 type:android.media.SoundPool u/pid:1000/1508 state:idle attr:AudioAttributes: usage=USAGE_ASSISTANCE_SONIFICATION content=CONTENT_TYPE_SONIFICATION flags=0x800 tags= bundle=null sessionId:0
04-06 02:12:37.723 D/Avrcp_ext( 2345): AudioManager Player: AudioPlaybackConfiguration piid:271 deviceId:0 type:android.media.MediaPlayer u/pid:1000/2648 state:idle attr:AudioAttributes: usage=USAGE_MEDIA content=CONTENT_TYPE_MOVIE flags=0x800 tags= bundle=null sessionId:0
04-06 02:12:37.723 D/Avrcp_ext( 2345): AudioManager isPlaying: false, mAudioPlaybackIsActive = false
04-06 02:12:37.723 D/Avrcp_ext( 2345): AudioManager Reset Active Player
04-06 02:12:37.729 I/MMParserExtractor( 1190): Created(0xb40000719fa56e10)
04-06 02:12:37.733 W/MediaProvider( 3483): Failed to fetch original file descriptor
04-06 02:12:37.733 W/MediaProvider( 3483): java.io.FileNotFoundException: Input file descriptor is already original
04-06 02:12:37.733 W/MediaProvider( 3483): at com.android.providers.media.MediaProvider.getOriginalMediaFormatFileDescriptor(MediaProvider.java:5718)
04-06 02:12:37.733 W/MediaProvider( 3483): at com.android.providers.media.MediaProvider.openTypedAssetFileCommon(MediaProvider.java:7134)
04-06 02:12:37.733 W/MediaProvider( 3483): at com.android.providers.media.MediaProvider.openTypedAssetFile(MediaProvider.java:7115)
04-06 02:12:37.733 W/MediaProvider( 3483): at android.content.ContentProvider$Transport.openTypedAssetFile(ContentProvider.java:548)
04-06 02:12:37.733 W/MediaProvider( 3483): at android.content.ContentProviderNative.onTransact(ContentProviderNative.java:327)
04-06 02:12:37.733 W/MediaProvider( 3483): at android.os.Binder.execTransactInternal(Binder.java:1179)
04-06 02:12:37.733 W/MediaProvider( 3483): at android.os.Binder.execTransact(Binder.java:1143)
04-06 02:12:37.734 D/NuPlayerDriver( 1193): NuPlayerDriver(0xe4f80970) created, clientPid(2648)
04-06 02:12:37.740 I/ExtendedNuUtils( 1193): printFileName fd(8) -> /system_ext/app/TCSetupWizard/TCSetupWizard.apk
04-06 02:12:37.740 D/SurfaceUtils( 1193): connecting to surface 0xe43864d8, reason setVideoSurfaceTexture
04-06 02:12:37.740 D/NuPlayer( 1193): onSetVideoSurface(0xe4391520, no video decoder)
04-06 02:12:37.742 D/Avrcp_ext( 2345): AudioManager Player: AudioPlaybackConfiguration piid:103 deviceId:0 type:android.media.SoundPool u/pid:10078/2363 state:idle attr:AudioAttributes: usage=USAGE_ASSISTANCE_SONIFICATION content=CONTENT_TYPE_SONIFICATION flags=0x800 tags= bundle=null sessionId:0
04-06 02:12:37.742 D/Avrcp_ext( 2345): AudioManager Player: AudioPlaybackConfiguration piid:119 deviceId:0 type:android.media.SoundPool u/pid:1000/2562 state:idle attr:AudioAttributes: usage=USAGE_ASSISTANCE_SONIFICATION content=CONTENT_TYPE_SONIFICATION flags=0x801 tags= bundle=null sessionId:0
04-06 02:12:37.742 D/Avrcp_ext( 2345): AudioManager Player: AudioPlaybackConfiguration piid:455 deviceId:0 type:android.media.MediaPlayer u/pid:1000/2648 state:stopped attr:AudioAttributes: usage=USAGE_MEDIA content=CONTENT_TYPE_MOVIE flags=0x800 tags= bundle=null sessionId:121
04-06 02:12:37.742 D/Avrcp_ext( 2345): AudioManager Player: AudioPlaybackConfiguration piid:599 deviceId:0 type:android.media.MediaPlayer u/pid:1000/2648 state:idle attr:AudioAttributes: usage=USAGE_MEDIA content=CONTENT_TYPE_MOVIE flags=0x800 tags= bundle=null sessionId:129
04-06 02:12:37.742 D/Avrcp_ext( 2345): AudioManager Player: AudioPlaybackConfiguration piid:95 deviceId:0 type:android.media.SoundPool u/pid:1000/1508 state:idle attr:AudioAttributes: usage=USAGE_ASSISTANCE_SONIFICATION content=CONTENT_TYPE_SONIFICATION flags=0x800 tags= bundle=null sessionId:0
04-06 02:12:37.742 D/Avrcp_ext( 2345): AudioManager Player: AudioPlaybackConfiguration piid:271 deviceId:0 type:android.media.MediaPlayer u/pid:1000/2648 state:idle attr:AudioAttributes: usage=USAGE_MEDIA content=CONTENT_TYPE_MOVIE flags=0x800 tags= bundle=null sessionId:0
04-06 02:12:37.742 D/Avrcp_ext( 2345): AudioManager isPlaying: false, mAudioPlaybackIsActive = false
04-06 02:12:37.742 D/Avrcp_ext( 2345): AudioManager Reset Active Player
04-06 02:12:37.744 D/GenericSource( 1193): FileSource remote
04-06 02:12:37.745 D/NuPlayerDriver( 1193): reset(0xe4f80970) at state 3
04-06 02:12:37.745 D/NuPlayerDriver( 1193): notifyResetComplete(0xe4f80970)
04-06 02:12:37.745 D/NuPlayerDriver( 1193): reset(0xe4f80970) at state 0
04-06 02:12:37.746 D/SurfaceUtils( 1193): disconnecting from surface 0xe43864d8, reason disconnectNativeWindow
04-06 02:12:37.747 D/Avrcp_ext( 2345): AudioManager Player: AudioPlaybackConfiguration piid:103 deviceId:0 type:android.media.SoundPool u/pid:10078/2363 state:idle attr:AudioAttributes: usage=USAGE_ASSISTANCE_SONIFICATION content=CONTENT_TYPE_SONIFICATION flags=0x800 tags= bundle=null sessionId:0
04-06 02:12:37.747 D/Avrcp_ext( 2345): AudioManager Player: AudioPlaybackConfiguration piid:119 deviceId:0 type:android.media.SoundPool u/pid:1000/2562 state:idle attr:AudioAttributes: usage=USAGE_ASSISTANCE_SONIFICATION content=CONTENT_TYPE_SONIFICATION flags=0x801 tags= bundle=null sessionId:0
04-06 02:12:37.747 I/MediaFocusControl( 1508): abandonAudioFocus() from uid/pid 1000/2648 clientId=android.media.AudioManager@22af96b
04-06 02:12:37.747 D/Avrcp_ext( 2345): AudioManager Player: AudioPlaybackConfiguration piid:455 deviceId:0 type:android.media.MediaPlayer u/pid:1000/2648 state:stopped attr:AudioAttributes: usage=USAGE_MEDIA content=CONTENT_TYPE_MOVIE flags=0x800 tags= bundle=null sessionId:121
04-06 02:12:37.747 D/Avrcp_ext( 2345): AudioManager Player: AudioPlaybackConfiguration piid:95 deviceId:0 type:android.media.SoundPool u/pid:1000/1508 state:idle attr:AudioAttributes: usage=USAGE_ASSISTANCE_SONIFICATION content=CONTENT_TYPE_SONIFICATION flags=0x800 tags= bundle=null sessionId:0
04-06 02:12:37.747 D/Avrcp_ext( 2345): AudioManager Player: AudioPlaybackConfiguration piid:271 deviceId:0 type:android.media.MediaPlayer u/pid:1000/2648 state:idle attr:AudioAttributes: usage=USAGE_MEDIA content=CONTENT_TYPE_MOVIE flags=0x800 tags= bundle=null sessionId:0
04-06 02:12:37.747 D/Avrcp_ext( 2345): AudioManager isPlaying: false, mAudioPlaybackIsActive = false
04-06 02:12:37.747 D/Avrcp_ext( 2345): AudioManager Reset Active Player
04-06 02:12:37.747 I/MediaFocusControl( 1508): requestAudioFocus() from uid/pid 1000/2648 AA=USAGE_MEDIA/CONTENT_TYPE_MOVIE clientId=android.media.AudioManager@22af96b callingPack=com.thundercomm.tcsetupwizard req=1 flags=0x0 sdk=31
04-06 02:12:37.748 I/AudioService.FadeOutManager( 1508): unfadeOutUid() uid:1000
04-06 02:12:37.749 I/MMParserExtractor( 1190): Created(0xb40000719fa56e10)
04-06 02:12:37.751 D/Avrcp_ext( 2345): AudioManager Player: AudioPlaybackConfiguration piid:103 deviceId:0 type:android.media.SoundPool u/pid:10078/2363 state:idle attr:AudioAttributes: usage=USAGE_ASSISTANCE_SONIFICATION content=CONTENT_TYPE_SONIFICATION flags=0x800 tags= bundle=null sessionId:0
04-06 02:12:37.751 D/Avrcp_ext( 2345): AudioManager Player: AudioPlaybackConfiguration piid:119 deviceId:0 type:android.media.SoundPool u/pid:1000/2562 state:idle attr:AudioAttributes: usage=USAGE_ASSISTANCE_SONIFICATION content=CONTENT_TYPE_SONIFICATION flags=0x801 tags= bundle=null sessionId:0
04-06 02:12:37.751 D/Avrcp_ext( 2345): AudioManager Player: AudioPlaybackConfiguration piid:455 deviceId:0 type:android.media.MediaPlayer u/pid:1000/2648 state:stopped attr:AudioAttributes: usage=USAGE_MEDIA content=CONTENT_TYPE_MOVIE flags=0x800 tags= bundle=null sessionId:121
04-06 02:12:37.751 D/Avrcp_ext( 2345): AudioManager Player: AudioPlaybackConfiguration piid:95 deviceId:0 type:android.media.SoundPool u/pid:1000/1508 state:idle attr:AudioAttributes: usage=USAGE_ASSISTANCE_SONIFICATION content=CONTENT_TYPE_SONIFICATION flags=0x800 tags= bundle=null sessionId:0
04-06 02:12:37.751 D/Avrcp_ext( 2345): AudioManager Player: AudioPlaybackConfiguration piid:271 deviceId:0 type:android.media.MediaPlayer u/pid:1000/2648 state:idle attr:AudioAttributes: usage=USAGE_MEDIA content=CONTENT_TYPE_MOVIE flags=0x800 tags= bundle=null sessionId:0
04-06 02:12:37.751 D/Avrcp_ext( 2345): AudioManager Player: AudioPlaybackConfiguration piid:607 deviceId:0 type:android.media.MediaPlayer u/pid:1000/2648 state:idle attr:AudioAttributes: usage=USAGE_UNKNOWN content=CONTENT_TYPE_UNKNOWN flags=0x800 tags= bundle=null sessionId:129
04-06 02:12:37.751 D/Avrcp_ext( 2345): AudioManager isPlaying: false, mAudioPlaybackIsActive = false
04-06 02:12:37.751 D/Avrcp_ext( 2345): AudioManager Reset Active Player
04-06 02:12:37.753 W/AMessage( 1193): failed to post message as target looper for handler 0 is gone.
04-06 02:12:37.753 W/AMessage( 1193): failed to post message as target looper for handler 0 is gone.
04-06 02:12:37.753 D/MediaBufferGroup( 1190): creating MemoryDealer
04-06 02:12:37.753 W/AMessage( 1193): failed to post message as target looper for handler 0 is gone.
04-06 02:12:37.757 I/MMParserExtractor( 1190): Created(0xb40000719fa56e10)
04-06 02:12:37.760 W/MediaProvider( 3483): Failed to fetch original file descriptor
04-06 02:12:37.760 W/MediaProvider( 3483): java.io.FileNotFoundException: Input file descriptor is already original
04-06 02:12:37.760 W/MediaProvider( 3483): at com.android.providers.media.MediaProvider.getOriginalMediaFormatFileDescriptor(MediaProvider.java:5718)
04-06 02:12:37.760 W/MediaProvider( 3483): at com.android.providers.media.MediaProvider.openTypedAssetFileCommon(MediaProvider.java:7134)
04-06 02:12:37.760 W/MediaProvider( 3483): at com.android.providers.media.MediaProvider.openTypedAssetFile(MediaProvider.java:7115)
04-06 02:12:37.760 W/MediaProvider( 3483): at android.content.ContentProvider$Transport.openTypedAssetFile(ContentProvider.java:548)
04-06 02:12:37.760 W/MediaProvider( 3483): at android.content.ContentProviderNative.onTransact(ContentProviderNative.java:327)
04-06 02:12:37.760 W/MediaProvider( 3483): at android.os.Binder.execTransactInternal(Binder.java:1179)
04-06 02:12:37.760 W/MediaProvider( 3483): at android.os.Binder.execTransact(Binder.java:1143)
04-06 02:12:37.760 D/NuPlayerDriver( 1193): NuPlayerDriver(0xe4f80970) created, clientPid(2648)
04-06 02:12:37.766 I/ExtendedNuUtils( 1193): printFileName fd(8) -> /system_ext/app/TCSetupWizard/TCSetupWizard.apk
04-06 02:12:37.767 D/SurfaceUtils( 1193): connecting to surface 0xe438b068, reason setVideoSurfaceTexture
04-06 02:12:37.767 D/NuPlayer( 1193): onSetVideoSurface(0xe4387e00, no video decoder)
04-06 02:12:37.768 D/Avrcp_ext( 2345): AudioManager Player: AudioPlaybackConfiguration piid:103 deviceId:0 type:android.media.SoundPool u/pid:10078/2363 state:idle attr:AudioAttributes: usage=USAGE_ASSISTANCE_SONIFICATION content=CONTENT_TYPE_SONIFICATION flags=0x800 tags= bundle=null sessionId:0
04-06 02:12:37.768 D/Avrcp_ext( 2345): AudioManager Player: AudioPlaybackConfiguration piid:119 deviceId:0 type:android.media.SoundPool u/pid:1000/2562 state:idle attr:AudioAttributes: usage=USAGE_ASSISTANCE_SONIFICATION content=CONTENT_TYPE_SONIFICATION flags=0x801 tags= bundle=null sessionId:0
04-06 02:12:37.768 D/Avrcp_ext( 2345): AudioManager Player: AudioPlaybackConfiguration piid:455 deviceId:0 type:android.media.MediaPlayer u/pid:1000/2648 state:stopped attr:AudioAttributes: usage=USAGE_MEDIA content=CONTENT_TYPE_MOVIE flags=0x800 tags= bundle=null sessionId:121
04-06 02:12:37.769 D/Avrcp_ext( 2345): AudioManager Player: AudioPlaybackConfiguration piid:95 deviceId:0 type:android.media.SoundPool u/pid:1000/1508 state:idle attr:AudioAttributes: usage=USAGE_ASSISTANCE_SONIFICATION content=CONTENT_TYPE_SONIFICATION flags=0x800 tags= bundle=null sessionId:0
04-06 02:12:37.769 D/Avrcp_ext( 2345): AudioManager Player: AudioPlaybackConfiguration piid:271 deviceId:0 type:android.media.MediaPlayer u/pid:1000/2648 state:idle attr:AudioAttributes: usage=USAGE_MEDIA content=CONTENT_TYPE_MOVIE flags=0x800 tags= bundle=null sessionId:0
04-06 02:12:37.769 D/Avrcp_ext( 2345): AudioManager Player: AudioPlaybackConfiguration piid:607 deviceId:0 type:android.media.MediaPlayer u/pid:1000/2648 state:idle attr:AudioAttributes: usage=USAGE_MEDIA content=CONTENT_TYPE_MOVIE flags=0x800 tags= bundle=null sessionId:129
04-06 02:12:37.769 D/Avrcp_ext( 2345): AudioManager isPlaying: false, mAudioPlaybackIsActive = false
04-06 02:12:37.769 D/Avrcp_ext( 2345): AudioManager Reset Active Player
04-06 02:12:37.771 D/GenericSource( 1193): FileSource remote
04-06 02:12:37.771 D/NuPlayerDriver( 1193): reset(0xe4f80970) at state 3
04-06 02:12:37.772 D/NuPlayerDriver( 1193): notifyResetComplete(0xe4f80970)
04-06 02:12:37.772 D/NuPlayerDriver( 1193): reset(0xe4f80970) at state 0
04-06 02:12:37.772 D/SurfaceUtils( 1193): disconnecting from surface 0xe438b068, reason disconnectNativeWindow
04-06 02:12:37.774 D/Avrcp_ext( 2345): AudioManager Player: AudioPlaybackConfiguration piid:103 deviceId:0 type:android.media.SoundPool u/pid:10078/2363 state:idle attr:AudioAttributes: usage=USAGE_ASSISTANCE_SONIFICATION content=CONTENT_TYPE_SONIFICATION flags=0x800 tags= bundle=null sessionId:0
04-06 02:12:37.774 D/Avrcp_ext( 2345): AudioManager Player: AudioPlaybackConfiguration piid:119 deviceId:0 type:android.media.SoundPool u/pid:1000/2562 state:idle attr:AudioAttributes: usage=USAGE_ASSISTANCE_SONIFICATION content=CONTENT_TYPE_SONIFICATION flags=0x801 tags= bundle=null sessionId:0
04-06 02:12:37.774 D/Avrcp_ext( 2345): AudioManager Player: AudioPlaybackConfiguration piid:455 deviceId:0 type:android.media.MediaPlayer u/pid:1000/2648 state:stopped attr:AudioAttributes: usage=USAGE_MEDIA content=CONTENT_TYPE_MOVIE flags=0x800 tags= bundle=null sessionId:121
04-06 02:12:37.774 D/Avrcp_ext( 2345): AudioManager Player: AudioPlaybackConfiguration piid:95 deviceId:0 type:android.media.SoundPool u/pid:1000/1508 state:idle attr:AudioAttributes: usage=USAGE_ASSISTANCE_SONIFICATION content=CONTENT_TYPE_SONIFICATION flags=0x800 tags= bundle=null sessionId:0
04-06 02:12:37.774 D/Avrcp_ext( 2345): AudioManager Player: AudioPlaybackConfiguration piid:271 deviceId:0 type:android.media.MediaPlayer u/pid:1000/2648 state:idle attr:AudioAttributes: usage=USAGE_MEDIA content=CONTENT_TYPE_MOVIE flags=0x800 tags= bundle=null sessionId:0
04-06 02:12:37.774 D/Avrcp_ext( 2345): AudioManager isPlaying: false, mAudioPlaybackIsActive = false
04-06 02:12:37.774 D/Avrcp_ext( 2345): AudioManager Reset Active Player
04-06 02:12:37.774 I/MediaFocusControl( 1508): abandonAudioFocus() from uid/pid 1000/2648 clientId=android.media.AudioManager@22af96b
04-06 02:12:37.774 I/MediaFocusControl( 1508): requestAudioFocus() from uid/pid 1000/2648 AA=USAGE_MEDIA/CONTENT_TYPE_MOVIE clientId=android.media.AudioManager@22af96b callingPack=com.thundercomm.tcsetupwizard req=1 flags=0x0 sdk=31
04-06 02:12:37.775 I/AudioService.FadeOutManager( 1508): unfadeOutUid() uid:1000
04-06 02:12:37.775 I/MMParserExtractor( 1190): Created(0xb40000719fa56e10)
04-06 02:12:37.777 D/Avrcp_ext( 2345): AudioManager Player: AudioPlaybackConfiguration piid:103 deviceId:0 type:android.media.SoundPool u/pid:10078/2363 state:idle attr:AudioAttributes: usage=USAGE_ASSISTANCE_SONIFICATION content=CONTENT_TYPE_SONIFICATION flags=0x800 tags= bundle=null sessionId:0
04-06 02:12:37.777 D/Avrcp_ext( 2345): AudioManager Player: AudioPlaybackConfiguration piid:119 deviceId:0 type:android.media.SoundPool u/pid:1000/2562 state:idle attr:AudioAttributes: usage=USAGE_ASSISTANCE_SONIFICATION content=CONTENT_TYPE_SONIFICATION flags=0x801 tags= bundle=null sessionId:0
04-06 02:12:37.777 D/Avrcp_ext( 2345): AudioManager Player: AudioPlaybackConfiguration piid:455 deviceId:0 type:android.media.MediaPlayer u/pid:1000/2648 state:stopped attr:AudioAttributes: usage=USAGE_MEDIA content=CONTENT_TYPE_MOVIE flags=0x800 tags= bundle=null sessionId:121
04-06 02:12:37.777 D/Avrcp_ext( 2345): AudioManager Player: AudioPlaybackConfiguration piid:615 deviceId:0 type:android.media.MediaPlayer u/pid:1000/2648 state:idle attr:AudioAttributes: usage=USAGE_UNKNOWN content=CONTENT_TYPE_UNKNOWN flags=0x800 tags= bundle=null sessionId:129
04-06 02:12:37.777 D/Avrcp_ext( 2345): AudioManager Player: AudioPlaybackConfiguration piid:95 deviceId:0 type:android.media.SoundPool u/pid:1000/1508 state:idle attr:AudioAttributes: usage=USAGE_ASSISTANCE_SONIFICATION content=CONTENT_TYPE_SONIFICATION flags=0x800 tags= bundle=null sessionId:0
04-06 02:12:37.777 D/Avrcp_ext( 2345): AudioManager Player: AudioPlaybackConfiguration piid:271 deviceId:0 type:android.media.MediaPlayer u/pid:1000/2648 state:idle attr:AudioAttributes: usage=USAGE_MEDIA content=CONTENT_TYPE_MOVIE flags=0x800 tags= bundle=null sessionId:0
04-06 02:12:37.777 D/Avrcp_ext( 2345): AudioManager isPlaying: false, mAudioPlaybackIsActive = false
04-06 02:12:37.777 D/Avrcp_ext( 2345): AudioManager Reset Active Player
04-06 02:12:37.778 W/AMessage( 1193): failed to post message as target looper for handler 0 is gone.
04-06 02:12:37.778 W/AMessage( 1193): failed to post message as target looper for handler 0 is gone.
04-06 02:12:37.778 D/MediaBufferGroup( 1190): creating MemoryDealer
04-06 02:12:37.779 W/AMessage( 1193): failed to post message as target looper for handler 0 is gone.
04-06 02:12:37.782 I/MMParserExtractor( 1190): Created(0xb40000719fa57c10)
04-06 02:12:37.785 W/MediaProvider( 3483): Failed to fetch original file descriptor
04-06 02:12:37.785 W/MediaProvider( 3483): java.io.FileNotFoundException: Input file descriptor is already original
04-06 02:12:37.785 W/MediaProvider( 3483): at com.android.providers.media.MediaProvider.getOriginalMediaFormatFileDescriptor(MediaProvider.java:5718)
04-06 02:12:37.785 W/MediaProvider( 3483): at com.android.providers.media.MediaProvider.openTypedAssetFileCommon(MediaProvider.java:7134)
04-06 02:12:37.785 W/MediaProvider( 3483): at com.android.providers.media.MediaProvider.openTypedAssetFile(MediaProvider.java:7115)
04-06 02:12:37.785 W/MediaProvider( 3483): at android.content.ContentProvider$Transport.openTypedAssetFile(ContentProvider.java:548)
04-06 02:12:37.785 W/MediaProvider( 3483): at android.content.ContentProviderNative.onTransact(ContentProviderNative.java:327)
04-06 02:12:37.785 W/MediaProvider( 3483): at android.os.Binder.execTransactInternal(Binder.java:1179)
04-06 02:12:37.785 W/MediaProvider( 3483): at android.os.Binder.execTransact(Binder.java:1143)
04-06 02:12:37.786 D/NuPlayerDriver( 1193): NuPlayerDriver(0xe4f80970) created, clientPid(2648)
04-06 02:12:37.795 I/ExtendedNuUtils( 1193): printFileName fd(8) -> /system_ext/app/TCSetupWizard/TCSetupWizard.apk
04-06 02:12:37.795 D/SurfaceUtils( 1193): connecting to surface 0xe4387e08, reason setVideoSurfaceTexture
04-06 02:12:37.795 D/NuPlayer( 1193): onSetVideoSurface(0xe438b060, no video decoder)
04-06 02:12:37.797 D/Avrcp_ext( 2345): AudioManager Player: AudioPlaybackConfiguration piid:103 deviceId:0 type:android.media.SoundPool u/pid:10078/2363 state:idle attr:AudioAttributes: usage=USAGE_ASSISTANCE_SONIFICATION content=CONTENT_TYPE_SONIFICATION flags=0x800 tags= bundle=null sessionId:0
04-06 02:12:37.797 D/Avrcp_ext( 2345): AudioManager Player: AudioPlaybackConfiguration piid:119 deviceId:0 type:android.media.SoundPool u/pid:1000/2562 state:idle attr:AudioAttributes: usage=USAGE_ASSISTANCE_SONIFICATION content=CONTENT_TYPE_SONIFICATION flags=0x801 tags= bundle=null sessionId:0
04-06 02:12:37.797 D/Avrcp_ext( 2345): AudioManager Player: AudioPlaybackConfiguration piid:455 deviceId:0 type:android.media.MediaPlayer u/pid:1000/2648 state:stopped attr:AudioAttributes: usage=USAGE_MEDIA content=CONTENT_TYPE_MOVIE flags=0x800 tags= bundle=null sessionId:121
04-06 02:12:37.797 D/Avrcp_ext( 2345): AudioManager Player: AudioPlaybackConfiguration piid:615 deviceId:0 type:android.media.MediaPlayer u/pid:1000/2648 state:idle attr:AudioAttributes: usage=USAGE_MEDIA content=CONTENT_TYPE_MOVIE flags=0x800 tags= bundle=null sessionId:129
04-06 02:12:37.797 D/Avrcp_ext( 2345): AudioManager Player: AudioPlaybackConfiguration piid:95 deviceId:0 type:android.media.SoundPool u/pid:1000/1508 state:idle attr:AudioAttributes: usage=USAGE_ASSISTANCE_SONIFICATION content=CONTENT_TYPE_SONIFICATION flags=0x800 tags= bundle=null sessionId:0
04-06 02:12:37.797 D/Avrcp_ext( 2345): AudioManager Player: AudioPlaybackConfiguration piid:271 deviceId:0 type:android.media.MediaPlayer u/pid:1000/2648 state:idle attr:AudioAttributes: usage=USAGE_MEDIA content=CONTENT_TYPE_MOVIE flags=0x800 tags= bundle=null sessionId:0
04-06 02:12:37.797 D/Avrcp_ext( 2345): AudioManager isPlaying: false, mAudioPlaybackIsActive = false
04-06 02:12:37.797 D/Avrcp_ext( 2345): AudioManager Reset Active Player
04-06 02:12:37.799 D/GenericSource( 1193): FileSource remote
04-06 02:12:37.800 D/NuPlayerDriver( 1193): reset(0xe4f80970) at state 3
04-06 02:12:37.800 D/NuPlayerDriver( 1193): notifyResetComplete(0xe4f80970)
04-06 02:12:37.800 D/NuPlayerDriver( 1193): reset(0xe4f80970) at state 0
04-06 02:12:37.800 D/SurfaceUtils( 1193): disconnecting from surface 0xe4387e08, reason disconnectNativeWindow
04-06 02:12:37.802 D/Avrcp_ext( 2345): AudioManager Player: AudioPlaybackConfiguration piid:103 deviceId:0 type:android.media.SoundPool u/pid:10078/2363 state:idle attr:AudioAttributes: usage=USAGE_ASSISTANCE_SONIFICATION content=CONTENT_TYPE_SONIFICATION flags=0x800 tags= bundle=null sessionId:0
04-06 02:12:37.802 D/Avrcp_ext( 2345): AudioManager Player: AudioPlaybackConfiguration piid:119 deviceId:0 type:android.media.SoundPool u/pid:1000/2562 state:idle attr:AudioAttributes: usage=USAGE_ASSISTANCE_SONIFICATION content=CONTENT_TYPE_SONIFICATION flags=0x801 tags= bundle=null sessionId:0
04-06 02:12:37.802 I/MediaFocusControl( 1508): abandonAudioFocus() from uid/pid 1000/2648 clientId=android.media.AudioManager@22af96b
04-06 02:12:37.802 D/Avrcp_ext( 2345): AudioManager Player: AudioPlaybackConfiguration piid:455 deviceId:0 type:android.media.MediaPlayer u/pid:1000/2648 state:stopped attr:AudioAttributes: usage=USAGE_MEDIA content=CONTENT_TYPE_MOVIE flags=0x800 tags= bundle=null sessionId:121
04-06 02:12:37.802 D/Avrcp_ext( 2345): AudioManager Player: AudioPlaybackConfiguration piid:95 deviceId:0 type:android.media.SoundPool u/pid:1000/1508 state:idle attr:AudioAttributes: usage=USAGE_ASSISTANCE_SONIFICATION content=CONTENT_TYPE_SONIFICATION flags=0x800 tags= bundle=null sessionId:0
04-06 02:12:37.802 D/Avrcp_ext( 2345): AudioManager Player: AudioPlaybackConfiguration piid:271 deviceId:0 type:android.media.MediaPlayer u/pid:1000/2648 state:idle attr:AudioAttributes: usage=USAGE_MEDIA content=CONTENT_TYPE_MOVIE flags=0x800 tags= bundle=null sessionId:0
04-06 02:12:37.802 D/Avrcp_ext( 2345): AudioManager isPlaying: false, mAudioPlaybackIsActive = false
04-06 02:12:37.802 D/Avrcp_ext( 2345): AudioManager Reset Active Player
04-06 02:12:37.803 I/MediaFocusControl( 1508): requestAudioFocus() from uid/pid 1000/2648 AA=USAGE_MEDIA/CONTENT_TYPE_MOVIE clientId=android.media.AudioManager@22af96b callingPack=com.thundercomm.tcsetupwizard req=1 flags=0x0 sdk=31
04-06 02:12:37.803 I/AudioService.FadeOutManager( 1508): unfadeOutUid() uid:1000
04-06 02:12:37.804 I/MMParserExtractor( 1190): Created(0xb40000719fa57c10)
04-06 02:12:37.806 D/Avrcp_ext( 2345): AudioManager Player: AudioPlaybackConfiguration piid:103 deviceId:0 type:android.media.SoundPool u/pid:10078/2363 state:idle attr:AudioAttributes: usage=USAGE_ASSISTANCE_SONIFICATION content=CONTENT_TYPE_SONIFICATION flags=0x800 tags= bundle=null sessionId:0
04-06 02:12:37.806 D/Avrcp_ext( 2345): AudioManager Player: AudioPlaybackConfiguration piid:119 deviceId:0 type:android.media.SoundPool u/pid:1000/2562 state:idle attr:AudioAttributes: usage=USAGE_ASSISTANCE_SONIFICATION content=CONTENT_TYPE_SONIFICATION flags=0x801 tags= bundle=null sessionId:0
04-06 02:12:37.806 D/Avrcp_ext( 2345): AudioManager Player: AudioPlaybackConfiguration piid:455 deviceId:0 type:android.media.MediaPlayer u/pid:1000/2648 state:stopped attr:AudioAttributes: usage=USAGE_MEDIA content=CONTENT_TYPE_MOVIE flags=0x800 tags= bundle=null sessionId:121
04-06 02:12:37.806 D/Avrcp_ext( 2345): AudioManager Player: AudioPlaybackConfiguration piid:95 deviceId:0 type:android.media.SoundPool u/pid:1000/1508 state:idle attr:AudioAttributes: usage=USAGE_ASSISTANCE_SONIFICATION content=CONTENT_TYPE_SONIFICATION flags=0x800 tags= bundle=null sessionId:0
04-06 02:12:37.806 D/Avrcp_ext( 2345): AudioManager Player: AudioPlaybackConfiguration piid:271 deviceId:0 type:android.media.MediaPlayer u/pid:1000/2648 state:idle attr:AudioAttributes: usage=USAGE_MEDIA content=CONTENT_TYPE_MOVIE flags=0x800 tags= bundle=null sessionId:0
04-06 02:12:37.806 D/Avrcp_ext( 2345): AudioManager Player: AudioPlaybackConfiguration piid:623 deviceId:0 type:android.media.MediaPlayer u/pid:1000/2648 state:idle attr:AudioAttributes: usage=USAGE_UNKNOWN content=CONTENT_TYPE_UNKNOWN flags=0x800 tags= bundle=null sessionId:129
04-06 02:12:37.806 D/Avrcp_ext( 2345): AudioManager isPlaying: false, mAudioPlaybackIsActive = false
04-06 02:12:37.806 D/Avrcp_ext( 2345): AudioManager Reset Active Player
04-06 02:12:37.807 W/AMessage( 1193): failed to post message as target looper for handler 0 is gone.
04-06 02:12:37.807 W/AMessage( 1193): failed to post message as target looper for handler 0 is gone.
04-06 02:12:37.807 D/MediaBufferGroup( 1190): creating MemoryDealer
04-06 02:12:37.808 W/AMessage( 1193): failed to post message as target looper for handler 0 is gone.
04-06 02:12:37.812 I/MMParserExtractor( 1190): Created(0xb40000719fa58690)
04-06 02:12:37.815 W/MediaProvider( 3483): Failed to fetch original file descriptor
04-06 02:12:37.815 W/MediaProvider( 3483): java.io.FileNotFoundException: Input file descriptor is already original
04-06 02:12:37.815 W/MediaProvider( 3483): at com.android.providers.media.MediaProvider.getOriginalMediaFormatFileDescriptor(MediaProvider.java:5718)
04-06 02:12:37.815 W/MediaProvider( 3483): at com.android.providers.media.MediaProvider.openTypedAssetFileCommon(MediaProvider.java:7134)
04-06 02:12:37.815 W/MediaProvider( 3483): at com.android.providers.media.MediaProvider.openTypedAssetFile(MediaProvider.java:7115)
04-06 02:12:37.815 W/MediaProvider( 3483): at android.content.ContentProvider$Transport.openTypedAssetFile(ContentProvider.java:548)
04-06 02:12:37.815 W/MediaProvider( 3483): at android.content.ContentProviderNative.onTransact(ContentProviderNative.java:327)
04-06 02:12:37.815 W/MediaProvider( 3483): at android.os.Binder.execTransactInternal(Binder.java:1179)
04-06 02:12:37.815 W/MediaProvider( 3483): at android.os.Binder.execTransact(Binder.java:1143)
04-06 02:12:37.816 D/NuPlayerDriver( 1193): NuPlayerDriver(0xe4f80970) created, clientPid(2648)
04-06 02:12:37.823 I/ExtendedNuUtils( 1193): printFileName fd(8) -> /system_ext/app/TCSetupWizard/TCSetupWizard.apk
04-06 02:12:37.824 D/SurfaceUtils( 1193): connecting to surface 0xe438b068, reason setVideoSurfaceTexture
04-06 02:12:37.824 D/NuPlayer( 1193): onSetVideoSurface(0xe4387e00, no video decoder)
04-06 02:12:37.826 D/Avrcp_ext( 2345): AudioManager Player: AudioPlaybackConfiguration piid:103 deviceId:0 type:android.media.SoundPool u/pid:10078/2363 state:idle attr:AudioAttributes: usage=USAGE_ASSISTANCE_SONIFICATION content=CONTENT_TYPE_SONIFICATION flags=0x800 tags= bundle=null sessionId:0
04-06 02:12:37.826 D/Avrcp_ext( 2345): AudioManager Player: AudioPlaybackConfiguration piid:119 deviceId:0 type:android.media.SoundPool u/pid:1000/2562 state:idle attr:AudioAttributes: usage=USAGE_ASSISTANCE_SONIFICATION content=CONTENT_TYPE_SONIFICATION flags=0x801 tags= bundle=null sessionId:0
04-06 02:12:37.826 D/Avrcp_ext( 2345): AudioManager Player: AudioPlaybackConfiguration piid:455 deviceId:0 type:android.media.MediaPlayer u/pid:1000/2648 state:stopped attr:AudioAttributes: usage=USAGE_MEDIA content=CONTENT_TYPE_MOVIE flags=0x800 tags= bundle=null sessionId:121
04-06 02:12:37.826 D/Avrcp_ext( 2345): AudioManager Player: AudioPlaybackConfiguration piid:95 deviceId:0 type:android.media.SoundPool u/pid:1000/1508 state:idle attr:AudioAttributes: usage=USAGE_ASSISTANCE_SONIFICATION content=CONTENT_TYPE_SONIFICATION flags=0x800 tags= bundle=null sessionId:0
04-06 02:12:37.826 D/Avrcp_ext( 2345): AudioManager Player: AudioPlaybackConfiguration piid:271 deviceId:0 type:android.media.MediaPlayer u/pid:1000/2648 state:idle attr:AudioAttributes: usage=USAGE_MEDIA content=CONTENT_TYPE_MOVIE flags=0x800 tags= bundle=null sessionId:0
04-06 02:12:37.826 D/Avrcp_ext( 2345): AudioManager Player: AudioPlaybackConfiguration piid:623 deviceId:0 type:android.media.MediaPlayer u/pid:1000/2648 state:idle attr:AudioAttributes: usage=USAGE_MEDIA content=CONTENT_TYPE_MOVIE flags=0x800 tags= bundle=null sessionId:129
04-06 02:12:37.826 D/Avrcp_ext( 2345): AudioManager isPlaying: false, mAudioPlaybackIsActive = false
04-06 02:12:37.826 D/Avrcp_ext( 2345): AudioManager Reset Active Player
04-06 02:12:37.827 D/GenericSource( 1193): FileSource remote
04-06 02:12:37.828 D/NuPlayerDriver( 1193): reset(0xe4f80970) at state 3
04-06 02:12:37.829 D/NuPlayerDriver( 1193): notifyResetComplete(0xe4f80970)
04-06 02:12:37.829 D/NuPlayerDriver( 1193): reset(0xe4f80970) at state 0
04-06 02:12:37.829 D/SurfaceUtils( 1193): disconnecting from surface 0xe438b068, reason disconnectNativeWindow
04-06 02:12:37.830 I/MediaFocusControl( 1508): abandonAudioFocus() from uid/pid 1000/2648 clientId=android.media.AudioManager@22af96b
04-06 02:12:37.830 D/Avrcp_ext( 2345): AudioManager Player: AudioPlaybackConfiguration piid:103 deviceId:0 type:android.media.SoundPool u/pid:10078/2363 state:idle attr:AudioAttributes: usage=USAGE_ASSISTANCE_SONIFICATION content=CONTENT_TYPE_SONIFICATION flags=0x800 tags= bundle=null sessionId:0
04-06 02:12:37.830 D/Avrcp_ext( 2345): AudioManager Player: AudioPlaybackConfiguration piid:119 deviceId:0 type:android.media.SoundPool u/pid:1000/2562 state:idle attr:AudioAttributes: usage=USAGE_ASSISTANCE_SONIFICATION content=CONTENT_TYPE_SONIFICATION flags=0x801 tags= bundle=null sessionId:0
04-06 02:12:37.831 D/Avrcp_ext( 2345): AudioManager Player: AudioPlaybackConfiguration piid:455 deviceId:0 type:android.media.MediaPlayer u/pid:1000/2648 state:stopped attr:AudioAttributes: usage=USAGE_MEDIA content=CONTENT_TYPE_MOVIE flags=0x800 tags= bundle=null sessionId:121
04-06 02:12:37.831 D/Avrcp_ext( 2345): AudioManager Player: AudioPlaybackConfiguration piid:95 deviceId:0 type:android.media.SoundPool u/pid:1000/1508 state:idle attr:AudioAttributes: usage=USAGE_ASSISTANCE_SONIFICATION content=CONTENT_TYPE_SONIFICATION flags=0x800 tags= bundle=null sessionId:0
04-06 02:12:37.831 D/Avrcp_ext( 2345): AudioManager Player: AudioPlaybackConfiguration piid:271 deviceId:0 type:android.media.MediaPlayer u/pid:1000/2648 state:idle attr:AudioAttributes: usage=USAGE_MEDIA content=CONTENT_TYPE_MOVIE flags=0x800 tags= bundle=null sessionId:0
04-06 02:12:37.831 D/Avrcp_ext( 2345): AudioManager isPlaying: false, mAudioPlaybackIsActive = false
04-06 02:12:37.831 D/Avrcp_ext( 2345): AudioManager Reset Active Player
04-06 02:12:37.831 I/MediaFocusControl( 1508): requestAudioFocus() from uid/pid 1000/2648 AA=USAGE_MEDIA/CONTENT_TYPE_MOVIE clientId=android.media.AudioManager@22af96b callingPack=com.thundercomm.tcsetupwizard req=1 flags=0x0 sdk=31
04-06 02:12:37.831 I/AudioService.FadeOutManager( 1508): unfadeOutUid() uid:1000
04-06 02:12:37.833 I/MMParserExtractor( 1190): Created(0xb40000719fa58690)
04-06 02:12:37.834 D/Avrcp_ext( 2345): AudioManager Player: AudioPlaybackConfiguration piid:103 deviceId:0 type:android.media.SoundPool u/pid:10078/2363 state:idle attr:AudioAttributes: usage=USAGE_ASSISTANCE_SONIFICATION content=CONTENT_TYPE_SONIFICATION flags=0x800 tags= bundle=null sessionId:0
04-06 02:12:37.834 D/Avrcp_ext( 2345): AudioManager Player: AudioPlaybackConfiguration piid:119 deviceId:0 type:android.media.SoundPool u/pid:1000/2562 state:idle attr:AudioAttributes: usage=USAGE_ASSISTANCE_SONIFICATION content=CONTENT_TYPE_SONIFICATION flags=0x801 tags= bundle=null sessionId:0
04-06 02:12:37.835 D/Avrcp_ext( 2345): AudioManager Player: AudioPlaybackConfiguration piid:455 deviceId:0 type:android.media.MediaPlayer u/pid:1000/2648 state:stopped attr:AudioAttributes: usage=USAGE_MEDIA content=CONTENT_TYPE_MOVIE flags=0x800 tags= bundle=null sessionId:121
04-06 02:12:37.835 D/Avrcp_ext( 2345): AudioManager Player: AudioPlaybackConfiguration piid:631 deviceId:0 type:android.media.MediaPlayer u/pid:1000/2648 state:idle attr:AudioAttributes: usage=USAGE_UNKNOWN content=CONTENT_TYPE_UNKNOWN flags=0x800 tags= bundle=null sessionId:129
04-06 02:12:37.835 D/Avrcp_ext( 2345): AudioManager Player: AudioPlaybackConfiguration piid:95 deviceId:0 type:android.media.SoundPool u/pid:1000/1508 state:idle attr:AudioAttributes: usage=USAGE_ASSISTANCE_SONIFICATION content=CONTENT_TYPE_SONIFICATION flags=0x800 tags= bundle=null sessionId:0
04-06 02:12:37.835 D/Avrcp_ext( 2345): AudioManager Player: AudioPlaybackConfiguration piid:271 deviceId:0 type:android.media.MediaPlayer u/pid:1000/2648 state:idle attr:AudioAttributes: usage=USAGE_MEDIA content=CONTENT_TYPE_MOVIE flags=0x800 tags= bundle=null sessionId:0
04-06 02:12:37.835 D/Avrcp_ext( 2345): AudioManager isPlaying: false, mAudioPlaybackIsActive = false
04-06 02:12:37.835 D/Avrcp_ext( 2345): AudioManager Reset Active Player
04-06 02:12:37.837 W/AMessage( 1193): failed to post message as target looper for handler 0 is gone.
04-06 02:12:37.838 W/AMessage( 1193): failed to post message as target looper for handler 0 is gone.
04-06 02:12:37.838 D/MediaBufferGroup( 1190): creating MemoryDealer
04-06 02:12:37.838 W/AMessage( 1193): failed to post message as target looper for handler 0 is gone.
04-06 02:12:37.839 I/MMParserExtractor( 1190): Created(0xb40000719fa57c10)
04-06 02:12:37.840 W/adbd ( 3149): timed out while waiting for FUNCTIONFS_BIND, trying again
04-06 02:12:37.841 I/adbd ( 3149): UsbFfs: connection terminated: monitor thread finished
04-06 02:12:37.841 I/adbd ( 3149): UsbFfs: already offline
04-06 02:12:37.841 I/adbd ( 3149): destroying transport UsbFfs
04-06 02:12:37.841 I/adbd ( 3149): UsbFfsConnection being destroyed
04-06 02:12:37.842 W/MediaProvider( 3483): Failed to fetch original file descriptor
04-06 02:12:37.842 W/MediaProvider( 3483): java.io.FileNotFoundException: Input file descriptor is already original
04-06 02:12:37.842 W/MediaProvider( 3483): at com.android.providers.media.MediaProvider.getOriginalMediaFormatFileDescriptor(MediaProvider.java:5718)
