04-06 02:12:37.517 W/AMessage( 1193): failed to post message as target looper for handler 0 is gone.
04-06 02:12:37.520 W/MediaProvider( 3483): Failed to fetch original file descriptor
04-06 02:12:37.520 W/MediaProvider( 3483): java.io.FileNotFoundException: Input file descriptor is already original
04-06 02:12:37.520 W/MediaProvider( 3483): at com.android.providers.media.MediaProvider.getOriginalMediaFormatFileDescriptor(MediaProvider.java:5718)
04-06 02:12:37.520 W/MediaProvider( 3483): at com.android.providers.media.MediaProvider.openTypedAssetFileCommon(MediaProvider.java:7134)
04-06 02:12:37.520 W/MediaProvider( 3483): at com.android.providers.media.MediaProvider.openTypedAssetFile(MediaProvider.java:7115)
04-06 02:12:37.520 W/MediaProvider( 3483): at android.content.ContentProvider$Transport.openTypedAssetFile(ContentProvider.java:548)
04-06 02:12:37.520 W/MediaProvider( 3483): at android.content.ContentProviderNative.onTransact(ContentProviderNative.java:327)
04-06 02:12:37.520 W/MediaProvider( 3483): at android.os.Binder.execTransactInternal(Binder.java:1179)
04-06 02:12:37.520 W/MediaProvider( 3483): at android.os.Binder.execTransact(Binder.java:1143)
04-06 02:12:37.521 D/NuPlayerDriver( 1193): NuPlayerDriver(0xe4f80470) created, clientPid(2648)
04-06 02:12:37.526 I/ExtendedNuUtils( 1193): printFileName fd(8) -> /system_ext/app/TCSetupWizard/TCSetupWizard.apk
04-06 02:12:37.527 D/SurfaceUtils( 1193): connecting to surface 0xe43864d8, reason setVideoSurfaceTexture
04-06 02:12:37.527 D/NuPlayer( 1193): onSetVideoSurface(0xe4391520, no video decoder)
04-06 02:12:37.528 D/Avrcp_ext( 2345): AudioManager Player: AudioPlaybackConfiguration piid:103 deviceId:0 type:android.media.SoundPool u/pid:10078/2363 state:idle attr:AudioAttributes: usage=USAGE_ASSISTANCE_SONIFICATION content=CONTENT_TYPE_SONIFICATION flags=0x800 tags= bundle=null sessionId:0
04-06 02:12:37.528 D/Avrcp_ext( 2345): AudioManager Player: AudioPlaybackConfiguration piid:119 deviceId:0 type:android.media.SoundPool u/pid:1000/2562 state:idle attr:AudioAttributes: usage=USAGE_ASSISTANCE_SONIFICATION content=CONTENT_TYPE_SONIFICATION flags=0x801 tags= bundle=null sessionId:0
04-06 02:12:37.528 D/Avrcp_ext( 2345): AudioManager Player: AudioPlaybackConfiguration piid:455 deviceId:0 type:android.media.MediaPlayer u/pid:1000/2648 state:stopped attr:AudioAttributes: usage=USAGE_MEDIA content=CONTENT_TYPE_MOVIE flags=0x800 tags= bundle=null sessionId:121
04-06 02:12:37.528 D/Avrcp_ext( 2345): AudioManager Player: AudioPlaybackConfiguration piid:535 deviceId:0 type:android.media.MediaPlayer u/pid:1000/2648 state:idle attr:AudioAttributes: usage=USAGE_MEDIA content=CONTENT_TYPE_MOVIE flags=0x800 tags= bundle=null sessionId:129
04-06 02:12:37.529 D/Avrcp_ext( 2345): AudioManager Player: AudioPlaybackConfiguration piid:95 deviceId:0 type:android.media.SoundPool u/pid:1000/1508 state:idle attr:AudioAttributes: usage=USAGE_ASSISTANCE_SONIFICATION content=CONTENT_TYPE_SONIFICATION flags=0x800 tags= bundle=null sessionId:0
04-06 02:12:37.529 D/Avrcp_ext( 2345): AudioManager Player: AudioPlaybackConfiguration piid:271 deviceId:0 type:android.media.MediaPlayer u/pid:1000/2648 state:idle attr:AudioAttributes: usage=USAGE_MEDIA content=CONTENT_TYPE_MOVIE flags=0x800 tags= bundle=null sessionId:0
04-06 02:12:37.529 D/Avrcp_ext( 2345): AudioManager isPlaying: false, mAudioPlaybackIsActive = false
04-06 02:12:37.529 D/Avrcp_ext( 2345): AudioManager Reset Active Player
04-06 02:12:37.530 D/GenericSource( 1193): FileSource remote
04-06 02:12:37.531 D/NuPlayerDriver( 1193): reset(0xe4f80470) at state 3
04-06 02:12:37.532 D/NuPlayerDriver( 1193): notifyResetComplete(0xe4f80470)
04-06 02:12:37.532 D/NuPlayerDriver( 1193): reset(0xe4f80470) at state 0
04-06 02:12:37.532 D/SurfaceUtils( 1193): disconnecting from surface 0xe43864d8, reason disconnectNativeWindow
04-06 02:12:37.534 I/MMParserExtractor( 1190): Created(0xb40000719fa57b30)
04-06 02:12:37.535 I/MediaFocusControl( 1508): abandonAudioFocus() from uid/pid 1000/2648 clientId=android.media.AudioManager@22af96b
04-06 02:12:37.535 D/Avrcp_ext( 2345): AudioManager Player: AudioPlaybackConfiguration piid:103 deviceId:0 type:android.media.SoundPool u/pid:10078/2363 state:idle attr:AudioAttributes: usage=USAGE_ASSISTANCE_SONIFICATION content=CONTENT_TYPE_SONIFICATION flags=0x800 tags= bundle=null sessionId:0
04-06 02:12:37.535 D/Avrcp_ext( 2345): AudioManager Player: AudioPlaybackConfiguration piid:119 deviceId:0 type:android.media.SoundPool u/pid:1000/2562 state:idle attr:AudioAttributes: usage=USAGE_ASSISTANCE_SONIFICATION content=CONTENT_TYPE_SONIFICATION flags=0x801 tags= bundle=null sessionId:0
04-06 02:12:37.535 D/Avrcp_ext( 2345): AudioManager Player: AudioPlaybackConfiguration piid:455 deviceId:0 type:android.media.MediaPlayer u/pid:1000/2648 state:stopped attr:AudioAttributes: usage=USAGE_MEDIA content=CONTENT_TYPE_MOVIE flags=0x800 tags= bundle=null sessionId:121
04-06 02:12:37.535 D/Avrcp_ext( 2345): AudioManager Player: AudioPlaybackConfiguration piid:95 deviceId:0 type:android.media.SoundPool u/pid:1000/1508 state:idle attr:AudioAttributes: usage=USAGE_ASSISTANCE_SONIFICATION content=CONTENT_TYPE_SONIFICATION flags=0x800 tags= bundle=null sessionId:0
04-06 02:12:37.535 D/Avrcp_ext( 2345): AudioManager Player: AudioPlaybackConfiguration piid:271 deviceId:0 type:android.media.MediaPlayer u/pid:1000/2648 state:idle attr:AudioAttributes: usage=USAGE_MEDIA content=CONTENT_TYPE_MOVIE flags=0x800 tags= bundle=null sessionId:0
04-06 02:12:37.535 D/Avrcp_ext( 2345): AudioManager isPlaying: false, mAudioPlaybackIsActive = false
04-06 02:12:37.535 D/Avrcp_ext( 2345): AudioManager Reset Active Player
04-06 02:12:37.535 I/MediaFocusControl( 1508): requestAudioFocus() from uid/pid 1000/2648 AA=USAGE_MEDIA/CONTENT_TYPE_MOVIE clientId=android.media.AudioManager@22af96b callingPack=com.thundercomm.tcsetupwizard req=1 flags=0x0 sdk=31
04-06 02:12:37.536 I/AudioService.FadeOutManager( 1508): unfadeOutUid() uid:1000
04-06 02:12:37.537 D/Avrcp_ext( 2345): AudioManager Player: AudioPlaybackConfiguration piid:103 deviceId:0 type:android.media.SoundPool u/pid:10078/2363 state:idle attr:AudioAttributes: usage=USAGE_ASSISTANCE_SONIFICATION content=CONTENT_TYPE_SONIFICATION flags=0x800 tags= bundle=null sessionId:0
04-06 02:12:37.537 D/Avrcp_ext( 2345): AudioManager Player: AudioPlaybackConfiguration piid:119 deviceId:0 type:android.media.SoundPool u/pid:1000/2562 state:idle attr:AudioAttributes: usage=USAGE_ASSISTANCE_SONIFICATION content=CONTENT_TYPE_SONIFICATION flags=0x801 tags= bundle=null sessionId:0
04-06 02:12:37.538 D/Avrcp_ext( 2345): AudioManager Player: AudioPlaybackConfiguration piid:455 deviceId:0 type:android.media.MediaPlayer u/pid:1000/2648 state:stopped attr:AudioAttributes: usage=USAGE_MEDIA content=CONTENT_TYPE_MOVIE flags=0x800 tags= bundle=null sessionId:121
04-06 02:12:37.538 D/Avrcp_ext( 2345): AudioManager Player: AudioPlaybackConfiguration piid:95 deviceId:0 type:android.media.SoundPool u/pid:1000/1508 state:idle attr:AudioAttributes: usage=USAGE_ASSISTANCE_SONIFICATION content=CONTENT_TYPE_SONIFICATION flags=0x800 tags= bundle=null sessionId:0
04-06 02:12:37.538 D/Avrcp_ext( 2345): AudioManager Player: AudioPlaybackConfiguration piid:271 deviceId:0 type:android.media.MediaPlayer u/pid:1000/2648 state:idle attr:AudioAttributes: usage=USAGE_MEDIA content=CONTENT_TYPE_MOVIE flags=0x800 tags= bundle=null sessionId:0
04-06 02:12:37.538 D/Avrcp_ext( 2345): AudioManager Player: AudioPlaybackConfiguration piid:543 deviceId:0 type:android.media.MediaPlayer u/pid:1000/2648 state:idle attr:AudioAttributes: usage=USAGE_UNKNOWN content=CONTENT_TYPE_UNKNOWN flags=0x800 tags= bundle=null sessionId:129
04-06 02:12:37.538 D/Avrcp_ext( 2345): AudioManager isPlaying: false, mAudioPlaybackIsActive = false
04-06 02:12:37.538 D/Avrcp_ext( 2345): AudioManager Reset Active Player
04-06 02:12:37.538 W/AMessage( 1193): failed to post message as target looper for handler 0 is gone.
04-06 02:12:37.538 W/AMessage( 1193): failed to post message as target looper for handler 0 is gone.
04-06 02:12:37.538 D/MediaBufferGroup( 1190): creating MemoryDealer
04-06 02:12:37.539 W/AMessage( 1193): failed to post message as target looper for handler 0 is gone.
04-06 02:12:37.542 I/MMParserExtractor( 1190): Created(0xb40000719fa58690)
04-06 02:12:37.545 W/MediaProvider( 3483): Failed to fetch original file descriptor
04-06 02:12:37.545 W/MediaProvider( 3483): java.io.FileNotFoundException: Input file descriptor is already original
04-06 02:12:37.545 W/MediaProvider( 3483): at com.android.providers.media.MediaProvider.getOriginalMediaFormatFileDescriptor(MediaProvider.java:5718)
04-06 02:12:37.545 W/MediaProvider( 3483): at com.android.providers.media.MediaProvider.openTypedAssetFileCommon(MediaProvider.java:7134)
04-06 02:12:37.545 W/MediaProvider( 3483): at com.android.providers.media.MediaProvider.openTypedAssetFile(MediaProvider.java:7115)
04-06 02:12:37.545 W/MediaProvider( 3483): at android.content.ContentProvider$Transport.openTypedAssetFile(ContentProvider.java:548)
04-06 02:12:37.545 W/MediaProvider( 3483): at android.content.ContentProviderNative.onTransact(ContentProviderNative.java:327)
04-06 02:12:37.545 W/MediaProvider( 3483): at android.os.Binder.execTransactInternal(Binder.java:1179)
04-06 02:12:37.545 W/MediaProvider( 3483): at android.os.Binder.execTransact(Binder.java:1143)
04-06 02:12:37.545 D/NuPlayerDriver( 1193): NuPlayerDriver(0xe4f80470) created, clientPid(2648)
04-06 02:12:37.551 I/ExtendedNuUtils( 1193): printFileName fd(8) -> /system_ext/app/TCSetupWizard/TCSetupWizard.apk
04-06 02:12:37.551 D/SurfaceUtils( 1193): connecting to surface 0xe4391528, reason setVideoSurfaceTexture
04-06 02:12:37.552 D/NuPlayer( 1193): onSetVideoSurface(0xe43864d0, no video decoder)
04-06 02:12:37.553 D/Avrcp_ext( 2345): AudioManager Player: AudioPlaybackConfiguration piid:103 deviceId:0 type:android.media.SoundPool u/pid:10078/2363 state:idle attr:AudioAttributes: usage=USAGE_ASSISTANCE_SONIFICATION content=CONTENT_TYPE_SONIFICATION flags=0x800 tags= bundle=null sessionId:0
04-06 02:12:37.553 D/Avrcp_ext( 2345): AudioManager Player: AudioPlaybackConfiguration piid:119 deviceId:0 type:android.media.SoundPool u/pid:1000/2562 state:idle attr:AudioAttributes: usage=USAGE_ASSISTANCE_SONIFICATION content=CONTENT_TYPE_SONIFICATION flags=0x801 tags= bundle=null sessionId:0
04-06 02:12:37.553 D/Avrcp_ext( 2345): AudioManager Player: AudioPlaybackConfiguration piid:455 deviceId:0 type:android.media.MediaPlayer u/pid:1000/2648 state:stopped attr:AudioAttributes: usage=USAGE_MEDIA content=CONTENT_TYPE_MOVIE flags=0x800 tags= bundle=null sessionId:121
04-06 02:12:37.553 D/Avrcp_ext( 2345): AudioManager Player: AudioPlaybackConfiguration piid:95 deviceId:0 type:android.media.SoundPool u/pid:1000/1508 state:idle attr:AudioAttributes: usage=USAGE_ASSISTANCE_SONIFICATION content=CONTENT_TYPE_SONIFICATION flags=0x800 tags= bundle=null sessionId:0
04-06 02:12:37.553 D/Avrcp_ext( 2345): AudioManager Player: AudioPlaybackConfiguration piid:271 deviceId:0 type:android.media.MediaPlayer u/pid:1000/2648 state:idle attr:AudioAttributes: usage=USAGE_MEDIA content=CONTENT_TYPE_MOVIE flags=0x800 tags= bundle=null sessionId:0
04-06 02:12:37.553 D/Avrcp_ext( 2345): AudioManager Player: AudioPlaybackConfiguration piid:543 deviceId:0 type:android.media.MediaPlayer u/pid:1000/2648 state:idle attr:AudioAttributes: usage=USAGE_MEDIA content=CONTENT_TYPE_MOVIE flags=0x800 tags= bundle=null sessionId:129
04-06 02:12:37.553 D/Avrcp_ext( 2345): AudioManager isPlaying: false, mAudioPlaybackIsActive = false
04-06 02:12:37.553 D/Avrcp_ext( 2345): AudioManager Reset Active Player
04-06 02:12:37.555 D/GenericSource( 1193): FileSource remote
04-06 02:12:37.555 D/NuPlayerDriver( 1193): reset(0xe4f80470) at state 3
04-06 02:12:37.557 D/NuPlayerDriver( 1193): notifyResetComplete(0xe4f80470)
04-06 02:12:37.557 D/NuPlayerDriver( 1193): reset(0xe4f80470) at state 0
04-06 02:12:37.557 D/SurfaceUtils( 1193): disconnecting from surface 0xe4391528, reason disconnectNativeWindow
04-06 02:12:37.557 I/MMParserExtractor( 1190): Created(0xb40000719fa58690)
04-06 02:12:37.558 I/MediaFocusControl( 1508): abandonAudioFocus() from uid/pid 1000/2648 clientId=android.media.AudioManager@22af96b
04-06 02:12:37.558 D/Avrcp_ext( 2345): AudioManager Player: AudioPlaybackConfiguration piid:103 deviceId:0 type:android.media.SoundPool u/pid:10078/2363 state:idle attr:AudioAttributes: usage=USAGE_ASSISTANCE_SONIFICATION content=CONTENT_TYPE_SONIFICATION flags=0x800 tags= bundle=null sessionId:0
04-06 02:12:37.558 D/Avrcp_ext( 2345): AudioManager Player: AudioPlaybackConfiguration piid:119 deviceId:0 type:android.media.SoundPool u/pid:1000/2562 state:idle attr:AudioAttributes: usage=USAGE_ASSISTANCE_SONIFICATION content=CONTENT_TYPE_SONIFICATION flags=0x801 tags= bundle=null sessionId:0
04-06 02:12:37.558 D/Avrcp_ext( 2345): AudioManager Player: AudioPlaybackConfiguration piid:455 deviceId:0 type:android.media.MediaPlayer u/pid:1000/2648 state:stopped attr:AudioAttributes: usage=USAGE_MEDIA content=CONTENT_TYPE_MOVIE flags=0x800 tags= bundle=null sessionId:121
04-06 02:12:37.558 I/MediaFocusControl( 1508): requestAudioFocus() from uid/pid 1000/2648 AA=USAGE_MEDIA/CONTENT_TYPE_MOVIE clientId=android.media.AudioManager@22af96b callingPack=com.thundercomm.tcsetupwizard req=1 flags=0x0 sdk=31
04-06 02:12:37.558 D/Avrcp_ext( 2345): AudioManager Player: AudioPlaybackConfiguration piid:95 deviceId:0 type:android.media.SoundPool u/pid:1000/1508 state:idle attr:AudioAttributes: usage=USAGE_ASSISTANCE_SONIFICATION content=CONTENT_TYPE_SONIFICATION flags=0x800 tags= bundle=null sessionId:0
04-06 02:12:37.558 D/Avrcp_ext( 2345): AudioManager Player: AudioPlaybackConfiguration piid:271 deviceId:0 type:android.media.MediaPlayer u/pid:1000/2648 state:idle attr:AudioAttributes: usage=USAGE_MEDIA content=CONTENT_TYPE_MOVIE flags=0x800 tags= bundle=null sessionId:0
04-06 02:12:37.558 D/Avrcp_ext( 2345): AudioManager isPlaying: false, mAudioPlaybackIsActive = false
04-06 02:12:37.558 D/Avrcp_ext( 2345): AudioManager Reset Active Player
04-06 02:12:37.558 I/AudioService.FadeOutManager( 1508): unfadeOutUid() uid:1000
04-06 02:12:37.558 W/AMessage( 1193): failed to post message as target looper for handler 0 is gone.
04-06 02:12:37.558 W/AMessage( 1193): failed to post message as target looper for handler 0 is gone.
04-06 02:12:37.559 D/MediaBufferGroup( 1190): creating MemoryDealer
04-06 02:12:37.559 W/AMessage( 1193): failed to post message as target looper for handler 0 is gone.
04-06 02:12:37.560 D/Avrcp_ext( 2345): AudioManager Player: AudioPlaybackConfiguration piid:103 deviceId:0 type:android.media.SoundPool u/pid:10078/2363 state:idle attr:AudioAttributes: usage=USAGE_ASSISTANCE_SONIFICATION content=CONTENT_TYPE_SONIFICATION flags=0x800 tags= bundle=null sessionId:0
04-06 02:12:37.561 D/Avrcp_ext( 2345): AudioManager Player: AudioPlaybackConfiguration piid:119 deviceId:0 type:android.media.SoundPool u/pid:1000/2562 state:idle attr:AudioAttributes: usage=USAGE_ASSISTANCE_SONIFICATION content=CONTENT_TYPE_SONIFICATION flags=0x801 tags= bundle=null sessionId:0
04-06 02:12:37.561 D/Avrcp_ext( 2345): AudioManager Player: AudioPlaybackConfiguration piid:455 deviceId:0 type:android.media.MediaPlayer u/pid:1000/2648 state:stopped attr:AudioAttributes: usage=USAGE_MEDIA content=CONTENT_TYPE_MOVIE flags=0x800 tags= bundle=null sessionId:121
04-06 02:12:37.561 D/Avrcp_ext( 2345): AudioManager Player: AudioPlaybackConfiguration piid:551 deviceId:0 type:android.media.MediaPlayer u/pid:1000/2648 state:idle attr:AudioAttributes: usage=USAGE_UNKNOWN content=CONTENT_TYPE_UNKNOWN flags=0x800 tags= bundle=null sessionId:129
04-06 02:12:37.561 D/Avrcp_ext( 2345): AudioManager Player: AudioPlaybackConfiguration piid:95 deviceId:0 type:android.media.SoundPool u/pid:1000/1508 state:idle attr:AudioAttributes: usage=USAGE_ASSISTANCE_SONIFICATION content=CONTENT_TYPE_SONIFICATION flags=0x800 tags= bundle=null sessionId:0
04-06 02:12:37.561 D/Avrcp_ext( 2345): AudioManager Player: AudioPlaybackConfiguration piid:271 deviceId:0 type:android.media.MediaPlayer u/pid:1000/2648 state:idle attr:AudioAttributes: usage=USAGE_MEDIA content=CONTENT_TYPE_MOVIE flags=0x800 tags= bundle=null sessionId:0
04-06 02:12:37.561 D/Avrcp_ext( 2345): AudioManager isPlaying: false, mAudioPlaybackIsActive = false
04-06 02:12:37.561 D/Avrcp_ext( 2345): AudioManager Reset Active Player
04-06 02:12:37.566 I/MMParserExtractor( 1190): Created(0xb40000719fa58690)
04-06 02:12:37.568 W/MediaProvider( 3483): Failed to fetch original file descriptor
04-06 02:12:37.568 W/MediaProvider( 3483): java.io.FileNotFoundException: Input file descriptor is already original
04-06 02:12:37.568 W/MediaProvider( 3483): at com.android.providers.media.MediaProvider.getOriginalMediaFormatFileDescriptor(MediaProvider.java:5718)
04-06 02:12:37.568 W/MediaProvider( 3483): at com.android.providers.media.MediaProvider.openTypedAssetFileCommon(MediaProvider.java:7134)
04-06 02:12:37.568 W/MediaProvider( 3483): at com.android.providers.media.MediaProvider.openTypedAssetFile(MediaProvider.java:7115)
04-06 02:12:37.568 W/MediaProvider( 3483): at android.content.ContentProvider$Transport.openTypedAssetFile(ContentProvider.java:548)
04-06 02:12:37.568 W/MediaProvider( 3483): at android.content.ContentProviderNative.onTransact(ContentProviderNative.java:327)
04-06 02:12:37.568 W/MediaProvider( 3483): at android.os.Binder.execTransactInternal(Binder.java:1179)
04-06 02:12:37.568 W/MediaProvider( 3483): at android.os.Binder.execTransact(Binder.java:1143)
04-06 02:12:37.569 D/NuPlayerDriver( 1193): NuPlayerDriver(0xe4f80470) created, clientPid(2648)
04-06 02:12:37.574 I/ExtendedNuUtils( 1193): printFileName fd(8) -> /system_ext/app/TCSetupWizard/TCSetupWizard.apk
04-06 02:12:37.574 D/SurfaceUtils( 1193): connecting to surface 0xe43864d8, reason setVideoSurfaceTexture
04-06 02:12:37.574 D/NuPlayer( 1193): onSetVideoSurface(0xe4391520, no video decoder)
04-06 02:12:37.575 D/Avrcp_ext( 2345): AudioManager Player: AudioPlaybackConfiguration piid:103 deviceId:0 type:android.media.SoundPool u/pid:10078/2363 state:idle attr:AudioAttributes: usage=USAGE_ASSISTANCE_SONIFICATION content=CONTENT_TYPE_SONIFICATION flags=0x800 tags= bundle=null sessionId:0
04-06 02:12:37.576 D/Avrcp_ext( 2345): AudioManager Player: AudioPlaybackConfiguration piid:119 deviceId:0 type:android.media.SoundPool u/pid:1000/2562 state:idle attr:AudioAttributes: usage=USAGE_ASSISTANCE_SONIFICATION content=CONTENT_TYPE_SONIFICATION flags=0x801 tags= bundle=null sessionId:0
04-06 02:12:37.576 D/Avrcp_ext( 2345): AudioManager Player: AudioPlaybackConfiguration piid:455 deviceId:0 type:android.media.MediaPlayer u/pid:1000/2648 state:stopped attr:AudioAttributes: usage=USAGE_MEDIA content=CONTENT_TYPE_MOVIE flags=0x800 tags= bundle=null sessionId:121
04-06 02:12:37.576 D/Avrcp_ext( 2345): AudioManager Player: AudioPlaybackConfiguration piid:551 deviceId:0 type:android.media.MediaPlayer u/pid:1000/2648 state:idle attr:AudioAttributes: usage=USAGE_MEDIA content=CONTENT_TYPE_MOVIE flags=0x800 tags= bundle=null sessionId:129
04-06 02:12:37.576 D/Avrcp_ext( 2345): AudioManager Player: AudioPlaybackConfiguration piid:95 deviceId:0 type:android.media.SoundPool u/pid:1000/1508 state:idle attr:AudioAttributes: usage=USAGE_ASSISTANCE_SONIFICATION content=CONTENT_TYPE_SONIFICATION flags=0x800 tags= bundle=null sessionId:0
04-06 02:12:37.576 D/Avrcp_ext( 2345): AudioManager Player: AudioPlaybackConfiguration piid:271 deviceId:0 type:android.media.MediaPlayer u/pid:1000/2648 state:idle attr:AudioAttributes: usage=USAGE_MEDIA content=CONTENT_TYPE_MOVIE flags=0x800 tags= bundle=null sessionId:0
04-06 02:12:37.576 D/Avrcp_ext( 2345): AudioManager isPlaying: false, mAudioPlaybackIsActive = false
04-06 02:12:37.576 D/Avrcp_ext( 2345): AudioManager Reset Active Player
04-06 02:12:37.577 D/GenericSource( 1193): FileSource remote
04-06 02:12:37.578 D/NuPlayerDriver( 1193): reset(0xe4f80470) at state 3
04-06 02:12:37.578 D/NuPlayerDriver( 1193): notifyResetComplete(0xe4f80470)
04-06 02:12:37.579 D/NuPlayerDriver( 1193): reset(0xe4f80470) at state 0
04-06 02:12:37.579 D/SurfaceUtils( 1193): disconnecting from surface 0xe43864d8, reason disconnectNativeWindow
04-06 02:12:37.580 I/MediaFocusControl( 1508): abandonAudioFocus() from uid/pid 1000/2648 clientId=android.media.AudioManager@22af96b
04-06 02:12:37.580 D/Avrcp_ext( 2345): AudioManager Player: AudioPlaybackConfiguration piid:103 deviceId:0 type:android.media.SoundPool u/pid:10078/2363 state:idle attr:AudioAttributes: usage=USAGE_ASSISTANCE_SONIFICATION content=CONTENT_TYPE_SONIFICATION flags=0x800 tags= bundle=null sessionId:0
04-06 02:12:37.580 D/Avrcp_ext( 2345): AudioManager Player: AudioPlaybackConfiguration piid:119 deviceId:0 type:android.media.SoundPool u/pid:1000/2562 state:idle attr:AudioAttributes: usage=USAGE_ASSISTANCE_SONIFICATION content=CONTENT_TYPE_SONIFICATION flags=0x801 tags= bundle=null sessionId:0
04-06 02:12:37.580 D/Avrcp_ext( 2345): AudioManager Player: AudioPlaybackConfiguration piid:455 deviceId:0 type:android.media.MediaPlayer u/pid:1000/2648 state:stopped attr:AudioAttributes: usage=USAGE_MEDIA content=CONTENT_TYPE_MOVIE flags=0x800 tags= bundle=null sessionId:121
04-06 02:12:37.580 D/Avrcp_ext( 2345): AudioManager Player: AudioPlaybackConfiguration piid:95 deviceId:0 type:android.media.SoundPool u/pid:1000/1508 state:idle attr:AudioAttributes: usage=USAGE_ASSISTANCE_SONIFICATION content=CONTENT_TYPE_SONIFICATION flags=0x800 tags= bundle=null sessionId:0
04-06 02:12:37.580 D/Avrcp_ext( 2345): AudioManager Player: AudioPlaybackConfiguration piid:271 deviceId:0 type:android.media.MediaPlayer u/pid:1000/2648 state:idle attr:AudioAttributes: usage=USAGE_MEDIA content=CONTENT_TYPE_MOVIE flags=0x800 tags= bundle=null sessionId:0
04-06 02:12:37.580 D/Avrcp_ext( 2345): AudioManager isPlaying: false, mAudioPlaybackIsActive = false
04-06 02:12:37.580 D/Avrcp_ext( 2345): AudioManager Reset Active Player
04-06 02:12:37.581 I/MediaFocusControl( 1508): requestAudioFocus() from uid/pid 1000/2648 AA=USAGE_MEDIA/CONTENT_TYPE_MOVIE clientId=android.media.AudioManager@22af96b callingPack=com.thundercomm.tcsetupwizard req=1 flags=0x0 sdk=31
04-06 02:12:37.581 I/AudioService.FadeOutManager( 1508): unfadeOutUid() uid:1000
04-06 02:12:37.581 I/MMParserExtractor( 1190): Created(0xb40000719fa58690)
04-06 02:12:37.583 D/Avrcp_ext( 2345): AudioManager Player: AudioPlaybackConfiguration piid:103 deviceId:0 type:android.media.SoundPool u/pid:10078/2363 state:idle attr:AudioAttributes: usage=USAGE_ASSISTANCE_SONIFICATION content=CONTENT_TYPE_SONIFICATION flags=0x800 tags= bundle=null sessionId:0
04-06 02:12:37.583 D/Avrcp_ext( 2345): AudioManager Player: AudioPlaybackConfiguration piid:119 deviceId:0 type:android.media.SoundPool u/pid:1000/2562 state:idle attr:AudioAttributes: usage=USAGE_ASSISTANCE_SONIFICATION content=CONTENT_TYPE_SONIFICATION flags=0x801 tags= bundle=null sessionId:0
04-06 02:12:37.583 D/Avrcp_ext( 2345): AudioManager Player: AudioPlaybackConfiguration piid:455 deviceId:0 type:android.media.MediaPlayer u/pid:1000/2648 state:stopped attr:AudioAttributes: usage=USAGE_MEDIA content=CONTENT_TYPE_MOVIE flags=0x800 tags= bundle=null sessionId:121
04-06 02:12:37.583 D/Avrcp_ext( 2345): AudioManager Player: AudioPlaybackConfiguration piid:95 deviceId:0 type:android.media.SoundPool u/pid:1000/1508 state:idle attr:AudioAttributes: usage=USAGE_ASSISTANCE_SONIFICATION content=CONTENT_TYPE_SONIFICATION flags=0x800 tags= bundle=null sessionId:0
04-06 02:12:37.583 D/Avrcp_ext( 2345): AudioManager Player: AudioPlaybackConfiguration piid:271 deviceId:0 type:android.media.MediaPlayer u/pid:1000/2648 state:idle attr:AudioAttributes: usage=USAGE_MEDIA content=CONTENT_TYPE_MOVIE flags=0x800 tags= bundle=null sessionId:0
04-06 02:12:37.583 D/Avrcp_ext( 2345): AudioManager Player: AudioPlaybackConfiguration piid:559 deviceId:0 type:android.media.MediaPlayer u/pid:1000/2648 state:idle attr:AudioAttributes: usage=USAGE_UNKNOWN content=CONTENT_TYPE_UNKNOWN flags=0x800 tags= bundle=null sessionId:129
04-06 02:12:37.583 D/Avrcp_ext( 2345): AudioManager isPlaying: false, mAudioPlaybackIsActive = false
04-06 02:12:37.583 D/Avrcp_ext( 2345): AudioManager Reset Active Player
04-06 02:12:37.584 W/AMessage( 1193): failed to post message as target looper for handler 0 is gone.
04-06 02:12:37.584 W/AMessage( 1193): failed to post message as target looper for handler 0 is gone.
04-06 02:12:37.585 D/MediaBufferGroup( 1190): creating MemoryDealer
04-06 02:12:37.585 W/AMessage( 1193): failed to post message as target looper for handler 0 is gone.
04-06 02:12:37.589 I/MMParserExtractor( 1190): Created(0xb40000719fa57c10)
04-06 02:12:37.591 W/MediaProvider( 3483): Failed to fetch original file descriptor
04-06 02:12:37.591 W/MediaProvider( 3483): java.io.FileNotFoundException: Input file descriptor is already original
04-06 02:12:37.591 W/MediaProvider( 3483): at com.android.providers.media.MediaProvider.getOriginalMediaFormatFileDescriptor(MediaProvider.java:5718)
04-06 02:12:37.591 W/MediaProvider( 3483): at com.android.providers.media.MediaProvider.openTypedAssetFileCommon(MediaProvider.java:7134)
04-06 02:12:37.591 W/MediaProvider( 3483): at com.android.providers.media.MediaProvider.openTypedAssetFile(MediaProvider.java:7115)
04-06 02:12:37.591 W/MediaProvider( 3483): at android.content.ContentProvider$Transport.openTypedAssetFile(ContentProvider.java:548)
04-06 02:12:37.591 W/MediaProvider( 3483): at android.content.ContentProviderNative.onTransact(ContentProviderNative.java:327)
04-06 02:12:37.591 W/MediaProvider( 3483): at android.os.Binder.execTransactInternal(Binder.java:1179)
04-06 02:12:37.591 W/MediaProvider( 3483): at android.os.Binder.execTransact(Binder.java:1143)
04-06 02:12:37.592 D/NuPlayerDriver( 1193): NuPlayerDriver(0xe4f80470) created, clientPid(2648)
04-06 02:12:37.597 I/ExtendedNuUtils( 1193): printFileName fd(8) -> /system_ext/app/TCSetupWizard/TCSetupWizard.apk
04-06 02:12:37.597 D/SurfaceUtils( 1193): connecting to surface 0xe4391528, reason setVideoSurfaceTexture
04-06 02:12:37.598 D/NuPlayer( 1193): onSetVideoSurface(0xe43864d0, no video decoder)
04-06 02:12:37.599 D/Avrcp_ext( 2345): AudioManager Player: AudioPlaybackConfiguration piid:103 deviceId:0 type:android.media.SoundPool u/pid:10078/2363 state:idle attr:AudioAttributes: usage=USAGE_ASSISTANCE_SONIFICATION content=CONTENT_TYPE_SONIFICATION flags=0x800 tags= bundle=null sessionId:0
04-06 02:12:37.599 D/Avrcp_ext( 2345): AudioManager Player: AudioPlaybackConfiguration piid:119 deviceId:0 type:android.media.SoundPool u/pid:1000/2562 state:idle attr:AudioAttributes: usage=USAGE_ASSISTANCE_SONIFICATION content=CONTENT_TYPE_SONIFICATION flags=0x801 tags= bundle=null sessionId:0
04-06 02:12:37.599 D/Avrcp_ext( 2345): AudioManager Player: AudioPlaybackConfiguration piid:455 deviceId:0 type:android.media.MediaPlayer u/pid:1000/2648 state:stopped attr:AudioAttributes: usage=USAGE_MEDIA content=CONTENT_TYPE_MOVIE flags=0x800 tags= bundle=null sessionId:121
04-06 02:12:37.599 D/Avrcp_ext( 2345): AudioManager Player: AudioPlaybackConfiguration piid:95 deviceId:0 type:android.media.SoundPool u/pid:1000/1508 state:idle attr:AudioAttributes: usage=USAGE_ASSISTANCE_SONIFICATION content=CONTENT_TYPE_SONIFICATION flags=0x800 tags= bundle=null sessionId:0
04-06 02:12:37.599 D/Avrcp_ext( 2345): AudioManager Player: AudioPlaybackConfiguration piid:271 deviceId:0 type:android.media.MediaPlayer u/pid:1000/2648 state:idle attr:AudioAttributes: usage=USAGE_MEDIA content=CONTENT_TYPE_MOVIE flags=0x800 tags= bundle=null sessionId:0
04-06 02:12:37.599 D/Avrcp_ext( 2345): AudioManager Player: AudioPlaybackConfiguration piid:559 deviceId:0 type:android.media.MediaPlayer u/pid:1000/2648 state:idle attr:AudioAttributes: usage=USAGE_MEDIA content=CONTENT_TYPE_MOVIE flags=0x800 tags= bundle=null sessionId:129
04-06 02:12:37.599 D/Avrcp_ext( 2345): AudioManager isPlaying: false, mAudioPlaybackIsActive = false
04-06 02:12:37.599 D/Avrcp_ext( 2345): AudioManager Reset Active Player
04-06 02:12:37.600 D/GenericSource( 1193): FileSource remote
04-06 02:12:37.601 D/NuPlayerDriver( 1193): reset(0xe4f80470) at state 3
04-06 02:12:37.601 D/NuPlayerDriver( 1193): notifyResetComplete(0xe4f80470)
04-06 02:12:37.602 D/NuPlayerDriver( 1193): reset(0xe4f80470) at state 0
04-06 02:12:37.602 D/SurfaceUtils( 1193): disconnecting from surface 0xe4391528, reason disconnectNativeWindow
04-06 02:12:37.603 I/MediaFocusControl( 1508): abandonAudioFocus() from uid/pid 1000/2648 clientId=android.media.AudioManager@22af96b
04-06 02:12:37.603 D/Avrcp_ext( 2345): AudioManager Player: AudioPlaybackConfiguration piid:103 deviceId:0 type:android.media.SoundPool u/pid:10078/2363 state:idle attr:AudioAttributes: usage=USAGE_ASSISTANCE_SONIFICATION content=CONTENT_TYPE_SONIFICATION flags=0x800 tags= bundle=null sessionId:0
04-06 02:12:37.603 D/Avrcp_ext( 2345): AudioManager Player: AudioPlaybackConfiguration piid:119 deviceId:0 type:android.media.SoundPool u/pid:1000/2562 state:idle attr:AudioAttributes: usage=USAGE_ASSISTANCE_SONIFICATION content=CONTENT_TYPE_SONIFICATION flags=0x801 tags= bundle=null sessionId:0
04-06 02:12:37.603 D/Avrcp_ext( 2345): AudioManager Player: AudioPlaybackConfiguration piid:455 deviceId:0 type:android.media.MediaPlayer u/pid:1000/2648 state:stopped attr:AudioAttributes: usage=USAGE_MEDIA content=CONTENT_TYPE_MOVIE flags=0x800 tags= bundle=null sessionId:121
04-06 02:12:37.603 D/Avrcp_ext( 2345): AudioManager Player: AudioPlaybackConfiguration piid:95 deviceId:0 type:android.media.SoundPool u/pid:1000/1508 state:idle attr:AudioAttributes: usage=USAGE_ASSISTANCE_SONIFICATION content=CONTENT_TYPE_SONIFICATION flags=0x800 tags= bundle=null sessionId:0
04-06 02:12:37.603 D/Avrcp_ext( 2345): AudioManager Player: AudioPlaybackConfiguration piid:271 deviceId:0 type:android.media.MediaPlayer u/pid:1000/2648 state:idle attr:AudioAttributes: usage=USAGE_MEDIA content=CONTENT_TYPE_MOVIE flags=0x800 tags= bundle=null sessionId:0
04-06 02:12:37.603 D/Avrcp_ext( 2345): AudioManager isPlaying: false, mAudioPlaybackIsActive = false
04-06 02:12:37.603 D/Avrcp_ext( 2345): AudioManager Reset Active Player
04-06 02:12:37.604 I/MediaFocusControl( 1508): requestAudioFocus() from uid/pid 1000/2648 AA=USAGE_MEDIA/CONTENT_TYPE_MOVIE clientId=android.media.AudioManager@22af96b callingPack=com.thundercomm.tcsetupwizard req=1 flags=0x0 sdk=31
04-06 02:12:37.604 I/AudioService.FadeOutManager( 1508): unfadeOutUid() uid:1000
04-06 02:12:37.604 I/MMParserExtractor( 1190): Created(0xb40000719fa57c10)
04-06 02:12:37.605 D/Avrcp_ext( 2345): AudioManager Player: AudioPlaybackConfiguration piid:103 deviceId:0 type:android.media.SoundPool u/pid:10078/2363 state:idle attr:AudioAttributes: usage=USAGE_ASSISTANCE_SONIFICATION content=CONTENT_TYPE_SONIFICATION flags=0x800 tags= bundle=null sessionId:0
04-06 02:12:37.605 D/Avrcp_ext( 2345): AudioManager Player: AudioPlaybackConfiguration piid:119 deviceId:0 type:android.media.SoundPool u/pid:1000/2562 state:idle attr:AudioAttributes: usage=USAGE_ASSISTANCE_SONIFICATION content=CONTENT_TYPE_SONIFICATION flags=0x801 tags= bundle=null sessionId:0
04-06 02:12:37.605 D/Avrcp_ext( 2345): AudioManager Player: AudioPlaybackConfiguration piid:455 deviceId:0 type:android.media.MediaPlayer u/pid:1000/2648 state:stopped attr:AudioAttributes: usage=USAGE_MEDIA content=CONTENT_TYPE_MOVIE flags=0x800 tags= bundle=null sessionId:121
04-06 02:12:37.605 D/Avrcp_ext( 2345): AudioManager Player: AudioPlaybackConfiguration piid:567 deviceId:0 type:android.media.MediaPlayer u/pid:1000/2648 state:idle attr:AudioAttributes: usage=USAGE_UNKNOWN content=CONTENT_TYPE_UNKNOWN flags=0x800 tags= bundle=null sessionId:129
04-06 02:12:37.605 D/Avrcp_ext( 2345): AudioManager Player: AudioPlaybackConfiguration piid:95 deviceId:0 type:android.media.SoundPool u/pid:1000/1508 state:idle attr:AudioAttributes: usage=USAGE_ASSISTANCE_SONIFICATION content=CONTENT_TYPE_SONIFICATION flags=0x800 tags= bundle=null sessionId:0
04-06 02:12:37.605 D/Avrcp_ext( 2345): AudioManager Player: AudioPlaybackConfiguration piid:271 deviceId:0 type:android.media.MediaPlayer u/pid:1000/2648 state:idle attr:AudioAttributes: usage=USAGE_MEDIA content=CONTENT_TYPE_MOVIE flags=0x800 tags= bundle=null sessionId:0
04-06 02:12:37.605 D/Avrcp_ext( 2345): AudioManager isPlaying: false, mAudioPlaybackIsActive = false
04-06 02:12:37.606 D/Avrcp_ext( 2345): AudioManager Reset Active Player
04-06 02:12:37.607 W/AMessage( 1193): failed to post message as target looper for handler 0 is gone.
04-06 02:12:37.607 W/AMessage( 1193): failed to post message as target looper for handler 0 is gone.
04-06 02:12:37.607 D/MediaBufferGroup( 1190): creating MemoryDealer
04-06 02:12:37.607 W/AMessage( 1193): failed to post message as target looper for handler 0 is gone.
04-06 02:12:37.610 I/MMParserExtractor( 1190): Created(0xb40000719fa56e10)
04-06 02:12:37.613 W/MediaProvider( 3483): Failed to fetch original file descriptor
04-06 02:12:37.613 W/MediaProvider( 3483): java.io.FileNotFoundException: Input file descriptor is already original
04-06 02:12:37.613 W/MediaProvider( 3483): at com.android.providers.media.MediaProvider.getOriginalMediaFormatFileDescriptor(MediaProvider.java:5718)
04-06 02:12:37.613 W/MediaProvider( 3483): at com.android.providers.media.MediaProvider.openTypedAssetFileCommon(MediaProvider.java:7134)
04-06 02:12:37.613 W/MediaProvider( 3483): at com.android.providers.media.MediaProvider.openTypedAssetFile(MediaProvider.java:7115)
04-06 02:12:37.613 W/MediaProvider( 3483): at android.content.ContentProvider$Transport.openTypedAssetFile(ContentProvider.java:548)
04-06 02:12:37.613 W/MediaProvider( 3483): at android.content.ContentProviderNative.onTransact(ContentProviderNative.java:327)
04-06 02:12:37.613 W/MediaProvider( 3483): at android.os.Binder.execTransactInternal(Binder.java:1179)
04-06 02:12:37.613 W/MediaProvider( 3483): at android.os.Binder.execTransact(Binder.java:1143)
04-06 02:12:37.613 D/NuPlayerDriver( 1193): NuPlayerDriver(0xe4f80970) created, clientPid(2648)
04-06 02:12:37.618 I/ExtendedNuUtils( 1193): printFileName fd(8) -> /system_ext/app/TCSetupWizard/TCSetupWizard.apk
04-06 02:12:37.618 D/SurfaceUtils( 1193): connecting to surface 0xe43864d8, reason setVideoSurfaceTexture
04-06 02:12:37.619 D/NuPlayer( 1193): onSetVideoSurface(0xe4391520, no video decoder)
04-06 02:12:37.620 D/Avrcp_ext( 2345): AudioManager Player: AudioPlaybackConfiguration piid:103 deviceId:0 type:android.media.SoundPool u/pid:10078/2363 state:idle attr:AudioAttributes: usage=USAGE_ASSISTANCE_SONIFICATION content=CONTENT_TYPE_SONIFICATION flags=0x800 tags= bundle=null sessionId:0
04-06 02:12:37.620 D/Avrcp_ext( 2345): AudioManager Player: AudioPlaybackConfiguration piid:119 deviceId:0 type:android.media.SoundPool u/pid:1000/2562 state:idle attr:AudioAttributes: usage=USAGE_ASSISTANCE_SONIFICATION content=CONTENT_TYPE_SONIFICATION flags=0x801 tags= bundle=null sessionId:0
04-06 02:12:37.620 D/Avrcp_ext( 2345): AudioManager Player: AudioPlaybackConfiguration piid:455 deviceId:0 type:android.media.MediaPlayer u/pid:1000/2648 state:stopped attr:AudioAttributes: usage=USAGE_MEDIA content=CONTENT_TYPE_MOVIE flags=0x800 tags= bundle=null sessionId:121
04-06 02:12:37.621 D/Avrcp_ext( 2345): AudioManager Player: AudioPlaybackConfiguration piid:567 deviceId:0 type:android.media.MediaPlayer u/pid:1000/2648 state:idle attr:AudioAttributes: usage=USAGE_MEDIA content=CONTENT_TYPE_MOVIE flags=0x800 tags= bundle=null sessionId:129
04-06 02:12:37.621 D/Avrcp_ext( 2345): AudioManager Player: AudioPlaybackConfiguration piid:95 deviceId:0 type:android.media.SoundPool u/pid:1000/1508 state:idle attr:AudioAttributes: usage=USAGE_ASSISTANCE_SONIFICATION content=CONTENT_TYPE_SONIFICATION flags=0x800 tags= bundle=null sessionId:0
04-06 02:12:37.621 D/Avrcp_ext( 2345): AudioManager Player: AudioPlaybackConfiguration piid:271 deviceId:0 type:android.media.MediaPlayer u/pid:1000/2648 state:idle attr:AudioAttributes: usage=USAGE_MEDIA content=CONTENT_TYPE_MOVIE flags=0x800 tags= bundle=null sessionId:0
04-06 02:12:37.621 D/Avrcp_ext( 2345): AudioManager isPlaying: false, mAudioPlaybackIsActive = false
04-06 02:12:37.621 D/Avrcp_ext( 2345): AudioManager Reset Active Player
04-06 02:12:37.622 D/GenericSource( 1193): FileSource remote
04-06 02:12:37.623 D/NuPlayerDriver( 1193): reset(0xe4f80970) at state 3
04-06 02:12:37.624 D/NuPlayerDriver( 1193): notifyResetComplete(0xe4f80970)
04-06 02:12:37.624 D/NuPlayerDriver( 1193): reset(0xe4f80970) at state 0
04-06 02:12:37.624 D/SurfaceUtils( 1193): disconnecting from surface 0xe43864d8, reason disconnectNativeWindow
04-06 02:12:37.626 D/Avrcp_ext( 2345): AudioManager Player: AudioPlaybackConfiguration piid:103 deviceId:0 type:android.media.SoundPool u/pid:10078/2363 state:idle attr:AudioAttributes: usage=USAGE_ASSISTANCE_SONIFICATION content=CONTENT_TYPE_SONIFICATION flags=0x800 tags= bundle=null sessionId:0
04-06 02:12:37.626 I/MediaFocusControl( 1508): abandonAudioFocus() from uid/pid 1000/2648 clientId=android.media.AudioManager@22af96b
04-06 02:12:37.626 D/Avrcp_ext( 2345): AudioManager Player: AudioPlaybackConfiguration piid:119 deviceId:0 type:android.media.SoundPool u/pid:1000/2562 state:idle attr:AudioAttributes: usage=USAGE_ASSISTANCE_SONIFICATION content=CONTENT_TYPE_SONIFICATION flags=0x801 tags= bundle=null sessionId:0
04-06 02:12:37.626 D/Avrcp_ext( 2345): AudioManager Player: AudioPlaybackConfiguration piid:455 deviceId:0 type:android.media.MediaPlayer u/pid:1000/2648 state:stopped attr:AudioAttributes: usage=USAGE_MEDIA content=CONTENT_TYPE_MOVIE flags=0x800 tags= bundle=null sessionId:121
04-06 02:12:37.626 D/Avrcp_ext( 2345): AudioManager Player: AudioPlaybackConfiguration piid:95 deviceId:0 type:android.media.SoundPool u/pid:1000/1508 state:idle attr:AudioAttributes: usage=USAGE_ASSISTANCE_SONIFICATION content=CONTENT_TYPE_SONIFICATION flags=0x800 tags= bundle=null sessionId:0
04-06 02:12:37.626 D/Avrcp_ext( 2345): AudioManager Player: AudioPlaybackConfiguration piid:271 deviceId:0 type:android.media.MediaPlayer u/pid:1000/2648 state:idle attr:AudioAttributes: usage=USAGE_MEDIA content=CONTENT_TYPE_MOVIE flags=0x800 tags= bundle=null sessionId:0
04-06 02:12:37.626 D/Avrcp_ext( 2345): AudioManager isPlaying: false, mAudioPlaybackIsActive = false
04-06 02:12:37.626 D/Avrcp_ext( 2345): AudioManager Reset Active Player
04-06 02:12:37.626 I/MediaFocusControl( 1508): requestAudioFocus() from uid/pid 1000/2648 AA=USAGE_MEDIA/CONTENT_TYPE_MOVIE clientId=android.media.AudioManager@22af96b callingPack=com.thundercomm.tcsetupwizard req=1 flags=0x0 sdk=31
04-06 02:12:37.626 I/AudioService.FadeOutManager( 1508): unfadeOutUid() uid:1000
04-06 02:12:37.627 I/MMParserExtractor( 1190): Created(0xb40000719fa56e10)
04-06 02:12:37.629 D/Avrcp_ext( 2345): AudioManager Player: AudioPlaybackConfiguration piid:103 deviceId:0 type:android.media.SoundPool u/pid:10078/2363 state:idle attr:AudioAttributes: usage=USAGE_ASSISTANCE_SONIFICATION content=CONTENT_TYPE_SONIFICATION flags=0x800 tags= bundle=null sessionId:0
04-06 02:12:37.629 D/Avrcp_ext( 2345): AudioManager Player: AudioPlaybackConfiguration piid:119 deviceId:0 type:android.media.SoundPool u/pid:1000/2562 state:idle attr:AudioAttributes: usage=USAGE_ASSISTANCE_SONIFICATION content=CONTENT_TYPE_SONIFICATION flags=0x801 tags= bundle=null sessionId:0
04-06 02:12:37.629 D/Avrcp_ext( 2345): AudioManager Player: AudioPlaybackConfiguration piid:455 deviceId:0 type:android.media.MediaPlayer u/pid:1000/2648 state:stopped attr:AudioAttributes: usage=USAGE_MEDIA content=CONTENT_TYPE_MOVIE flags=0x800 tags= bundle=null sessionId:121
04-06 02:12:37.629 D/Avrcp_ext( 2345): AudioManager Player: AudioPlaybackConfiguration piid:95 deviceId:0 type:android.media.SoundPool u/pid:1000/1508 state:idle attr:AudioAttributes: usage=USAGE_ASSISTANCE_SONIFICATION content=CONTENT_TYPE_SONIFICATION flags=0x800 tags= bundle=null sessionId:0
04-06 02:12:37.629 D/Avrcp_ext( 2345): AudioManager Player: AudioPlaybackConfiguration piid:271 deviceId:0 type:android.media.MediaPlayer u/pid:1000/2648 state:idle attr:AudioAttributes: usage=USAGE_MEDIA content=CONTENT_TYPE_MOVIE flags=0x800 tags= bundle=null sessionId:0
04-06 02:12:37.629 D/Avrcp_ext( 2345): AudioManager Player: AudioPlaybackConfiguration piid:575 deviceId:0 type:android.media.MediaPlayer u/pid:1000/2648 state:idle attr:AudioAttributes: usage=USAGE_UNKNOWN content=CONTENT_TYPE_UNKNOWN flags=0x800 tags= bundle=null sessionId:129
04-06 02:12:37.629 D/Avrcp_ext( 2345): AudioManager isPlaying: false, mAudioPlaybackIsActive = false
04-06 02:12:37.629 D/Avrcp_ext( 2345): AudioManager Reset Active Player
04-06 02:12:37.630 W/AMessage( 1193): failed to post message as target looper for handler 0 is gone.
04-06 02:12:37.630 W/AMessage( 1193): failed to post message as target looper for handler 0 is gone.
04-06 02:12:37.630 D/MediaBufferGroup( 1190): creating MemoryDealer
04-06 02:12:37.630 W/AMessage( 1193): failed to post message as target looper for handler 0 is gone.
04-06 02:12:37.636 I/MMParserExtractor( 1190): Created(0xb40000719fa57c10)
04-06 02:12:37.640 W/MediaProvider( 3483): Failed to fetch original file descriptor
04-06 02:12:37.640 W/MediaProvider( 3483): java.io.FileNotFoundException: Input file descriptor is already original
04-06 02:12:37.640 W/MediaProvider( 3483): at com.android.providers.media.MediaProvider.getOriginalMediaFormatFileDescriptor(MediaProvider.java:5718)
04-06 02:12:37.640 W/MediaProvider( 3483): at com.android.providers.media.MediaProvider.openTypedAssetFileCommon(MediaProvider.java:7134)
04-06 02:12:37.640 W/MediaProvider( 3483): at com.android.providers.media.MediaProvider.openTypedAssetFile(MediaProvider.java:7115)
04-06 02:12:37.640 W/MediaProvider( 3483): at android.content.ContentProvider$Transport.openTypedAssetFile(ContentProvider.java:548)
04-06 02:12:37.640 W/MediaProvider( 3483): at android.content.ContentProviderNative.onTransact(ContentProviderNative.java:327)
04-06 02:12:37.640 W/MediaProvider( 3483): at android.os.Binder.execTransactInternal(Binder.java:1179)
04-06 02:12:37.640 W/MediaProvider( 3483): at android.os.Binder.execTransact(Binder.java:1143)
04-06 02:12:37.641 D/NuPlayerDriver( 1193): NuPlayerDriver(0xe4f80970) created, clientPid(2648)
04-06 02:12:37.647 I/ExtendedNuUtils( 1193): printFileName fd(8) -> /system_ext/app/TCSetupWizard/TCSetupWizard.apk
04-06 02:12:37.647 D/SurfaceUtils( 1193): connecting to surface 0xe4391528, reason setVideoSurfaceTexture
04-06 02:12:37.648 D/NuPlayer( 1193): onSetVideoSurface(0xe43864d0, no video decoder)
04-06 02:12:37.649 D/Avrcp_ext( 2345): AudioManager Player: AudioPlaybackConfiguration piid:103 deviceId:0 type:android.media.SoundPool u/pid:10078/2363 state:idle attr:AudioAttributes: usage=USAGE_ASSISTANCE_SONIFICATION content=CONTENT_TYPE_SONIFICATION flags=0x800 tags= bundle=null sessionId:0
04-06 02:12:37.650 D/Avrcp_ext( 2345): AudioManager Player: AudioPlaybackConfiguration piid:119 deviceId:0 type:android.media.SoundPool u/pid:1000/2562 state:idle attr:AudioAttributes: usage=USAGE_ASSISTANCE_SONIFICATION content=CONTENT_TYPE_SONIFICATION flags=0x801 tags= bundle=null sessionId:0
04-06 02:12:37.650 D/Avrcp_ext( 2345): AudioManager Player: AudioPlaybackConfiguration piid:455 deviceId:0 type:android.media.MediaPlayer u/pid:1000/2648 state:stopped attr:AudioAttributes: usage=USAGE_MEDIA content=CONTENT_TYPE_MOVIE flags=0x800 tags= bundle=null sessionId:121
04-06 02:12:37.650 D/Avrcp_ext( 2345): AudioManager Player: AudioPlaybackConfiguration piid:95 deviceId:0 type:android.media.SoundPool u/pid:1000/1508 state:idle attr:AudioAttributes: usage=USAGE_ASSISTANCE_SONIFICATION content=CONTENT_TYPE_SONIFICATION flags=0x800 tags= bundle=null sessionId:0
04-06 02:12:37.650 D/Avrcp_ext( 2345): AudioManager Player: AudioPlaybackConfiguration piid:271 deviceId:0 type:android.media.MediaPlayer u/pid:1000/2648 state:idle attr:AudioAttributes: usage=USAGE_MEDIA content=CONTENT_TYPE_MOVIE flags=0x800 tags= bundle=null sessionId:0
04-06 02:12:37.650 D/Avrcp_ext( 2345): AudioManager Player: AudioPlaybackConfiguration piid:575 deviceId:0 type:android.media.MediaPlayer u/pid:1000/2648 state:idle attr:AudioAttributes: usage=USAGE_MEDIA content=CONTENT_TYPE_MOVIE flags=0x800 tags= bundle=null sessionId:129
04-06 02:12:37.650 D/Avrcp_ext( 2345): AudioManager isPlaying: false, mAudioPlaybackIsActive = false
04-06 02:12:37.650 D/Avrcp_ext( 2345): AudioManager Reset Active Player
04-06 02:12:37.651 D/GenericSource( 1193): FileSource remote
04-06 02:12:37.652 D/NuPlayerDriver( 1193): reset(0xe4f80970) at state 3
04-06 02:12:37.652 D/NuPlayerDriver( 1193): notifyResetComplete(0xe4f80970)
04-06 02:12:37.653 D/NuPlayerDriver( 1193): reset(0xe4f80970) at state 0
04-06 02:12:37.653 D/SurfaceUtils( 1193): disconnecting from surface 0xe4391528, reason disconnectNativeWindow
04-06 02:12:37.654 I/MediaFocusControl( 1508): abandonAudioFocus() from uid/pid 1000/2648 clientId=android.media.AudioManager@22af96b
04-06 02:12:37.654 D/Avrcp_ext( 2345): AudioManager Player: AudioPlaybackConfiguration piid:103 deviceId:0 type:android.media.SoundPool u/pid:10078/2363 state:idle attr:AudioAttributes: usage=USAGE_ASSISTANCE_SONIFICATION content=CONTENT_TYPE_SONIFICATION flags=0x800 tags= bundle=null sessionId:0
04-06 02:12:37.655 D/Avrcp_ext( 2345): AudioManager Player: AudioPlaybackConfiguration piid:119 deviceId:0 type:android.media.SoundPool u/pid:1000/2562 state:idle attr:AudioAttributes: usage=USAGE_ASSISTANCE_SONIFICATION content=CONTENT_TYPE_SONIFICATION flags=0x801 tags= bundle=null sessionId:0
04-06 02:12:37.655 D/Avrcp_ext( 2345): AudioManager Player: AudioPlaybackConfiguration piid:455 deviceId:0 type:android.media.MediaPlayer u/pid:1000/2648 state:stopped attr:AudioAttributes: usage=USAGE_MEDIA content=CONTENT_TYPE_MOVIE flags=0x800 tags= bundle=null sessionId:121
04-06 02:12:37.655 D/Avrcp_ext( 2345): AudioManager Player: AudioPlaybackConfiguration piid:95 deviceId:0 type:android.media.SoundPool u/pid:1000/1508 state:idle attr:AudioAttributes: usage=USAGE_ASSISTANCE_SONIFICATION content=CONTENT_TYPE_SONIFICATION flags=0x800 tags= bundle=null sessionId:0
04-06 02:12:37.655 D/Avrcp_ext( 2345): AudioManager Player: AudioPlaybackConfiguration piid:271 deviceId:0 type:android.media.MediaPlayer u/pid:1000/2648 state:idle attr:AudioAttributes: usage=USAGE_MEDIA content=CONTENT_TYPE_MOVIE flags=0x800 tags= bundle=null sessionId:0
04-06 02:12:37.655 I/MediaFocusControl( 1508): requestAudioFocus() from uid/pid 1000/2648 AA=USAGE_MEDIA/CONTENT_TYPE_MOVIE clientId=android.media.AudioManager@22af96b callingPack=com.thundercomm.tcsetupwizard req=1 flags=0x0 sdk=31
04-06 02:12:37.655 D/Avrcp_ext( 2345): AudioManager isPlaying: false, mAudioPlaybackIsActive = false
04-06 02:12:37.655 D/Avrcp_ext( 2345): AudioManager Reset Active Player
04-06 02:12:37.655 I/AudioService.FadeOutManager( 1508): unfadeOutUid() uid:1000
04-06 02:12:37.655 I/MMParserExtractor( 1190): Created(0xb40000719fa57c10)
04-06 02:12:37.657 D/Avrcp_ext( 2345): AudioManager Player: AudioPlaybackConfiguration piid:103 deviceId:0 type:android.media.SoundPool u/pid:10078/2363 state:idle attr:AudioAttributes: usage=USAGE_ASSISTANCE_SONIFICATION content=CONTENT_TYPE_SONIFICATION flags=0x800 tags= bundle=null sessionId:0
04-06 02:12:37.657 D/Avrcp_ext( 2345): AudioManager Player: AudioPlaybackConfiguration piid:119 deviceId:0 type:android.media.SoundPool u/pid:1000/2562 state:idle attr:AudioAttributes: usage=USAGE_ASSISTANCE_SONIFICATION content=CONTENT_TYPE_SONIFICATION flags=0x801 tags= bundle=null sessionId:0
04-06 02:12:37.657 D/Avrcp_ext( 2345): AudioManager Player: AudioPlaybackConfiguration piid:455 deviceId:0 type:android.media.MediaPlayer u/pid:1000/2648 state:stopped attr:AudioAttributes: usage=USAGE_MEDIA content=CONTENT_TYPE_MOVIE flags=0x800 tags= bundle=null sessionId:121
04-06 02:12:37.657 D/Avrcp_ext( 2345): AudioManager Player: AudioPlaybackConfiguration piid:583 deviceId:0 type:android.media.MediaPlayer u/pid:1000/2648 state:idle attr:AudioAttributes: usage=USAGE_UNKNOWN content=CONTENT_TYPE_UNKNOWN flags=0x800 tags= bundle=null sessionId:129
04-06 02:12:37.657 D/Avrcp_ext( 2345): AudioManager Player: AudioPlaybackConfiguration piid:95 deviceId:0 type:android.media.SoundPool u/pid:1000/1508 state:idle attr:AudioAttributes: usage=USAGE_ASSISTANCE_SONIFICATION content=CONTENT_TYPE_SONIFICATION flags=0x800 tags= bundle=null sessionId:0
04-06 02:12:37.657 D/Avrcp_ext( 2345): AudioManager Player: AudioPlaybackConfiguration piid:271 deviceId:0 type:android.media.MediaPlayer u/pid:1000/2648 state:idle attr:AudioAttributes: usage=USAGE_MEDIA content=CONTENT_TYPE_MOVIE flags=0x800 tags= bundle=null sessionId:0
04-06 02:12:37.657 D/Avrcp_ext( 2345): AudioManager isPlaying: false, mAudioPlaybackIsActive = false
04-06 02:12:37.657 D/Avrcp_ext( 2345): AudioManager Reset Active Player
04-06 02:12:37.659 W/AMessage( 1193): failed to post message as target looper for handler 0 is gone.
04-06 02:12:37.659 W/AMessage( 1193): failed to post message as target looper for handler 0 is gone.
04-06 02:12:37.659 D/MediaBufferGroup( 1190): creating MemoryDealer
04-06 02:12:37.659 W/AMessage( 1193): failed to post message as target looper for handler 0 is gone.
04-06 02:12:37.665 I/MMParserExtractor( 1190): Created(0xb40000719fa57c10)
04-06 02:12:37.668 W/MediaProvider( 3483): Failed to fetch original file descriptor
04-06 02:12:37.668 W/MediaProvider( 3483): java.io.FileNotFoundException: Input file descriptor is already original
04-06 02:12:37.668 W/MediaProvider( 3483): at com.android.providers.media.MediaProvider.getOriginalMediaFormatFileDescriptor(MediaProvider.java:5718)
