01-01 08:01:09.957 I/iommu ( 0): Adding device soc:qcom,msm_fastrpc:qcom,msm_fastrpc_compute_cb12 to group 43
01-01 08:01:09.957 I/fastrpc soc( 0): qcom,msm_fastrpc:qcom,msm_fastrpc_compute_cb13: Linked as a consumer to 15000000.apps-smmu
01-01 08:01:09.957 I/iommu ( 0): Adding device soc:qcom,msm_fastrpc:qcom,msm_fastrpc_compute_cb13 to group 44
01-01 08:01:09.958 I/fastrpc soc( 0): qcom,msm_fastrpc:qcom,msm_fastrpc_compute_cb14: Linked as a consumer to 15000000.apps-smmu
01-01 08:01:09.958 I/iommu ( 0): Adding device soc:qcom,msm_fastrpc:qcom,msm_fastrpc_compute_cb14 to group 45
01-01 08:01:09.958 I/fastrpc soc( 0): qcom,msm_fastrpc:qcom,msm_fastrpc_compute_cb15: Linked as a consumer to 15000000.apps-smmu
01-01 08:01:09.958 I/iommu ( 0): Adding device soc:qcom,msm_fastrpc:qcom,msm_fastrpc_compute_cb15 to group 46
01-01 08:01:09.959 I/adsprpc ( 0): fastrpc_device_init: SSR notifier registered for adsp
01-01 08:01:09.959 I/adsprpc ( 0): fastrpc_device_init: SSR notifier registered for modem
01-01 08:01:09.959 I/adsprpc ( 0): fastrpc_device_init: SSR notifier registered for slpi
01-01 08:01:09.959 I/adsprpc ( 0): fastrpc_device_init: SSR notifier registered for cdsp
01-01 08:01:09.959 E/register_client_adhoc( 0): find path.src 1 dest 589
01-01 08:01:09.959 E/register_client_adhoc( 0): Failed to find path.src 1 dest 589
01-01 08:01:09.959 E/register_client_adhoc( 0): find path.src 1 dest 589
01-01 08:01:09.959 E/register_client_adhoc( 0): Failed to find path.src 1 dest 589
01-01 08:01:09.959 I/ngd_msm_ctrl 3ac0000.slim( 0): Linked as a consumer to 15000000.apps-smmu
01-01 08:01:09.960 I/iommu ( 0): Adding device 3ac0000.slim to group 47
01-01 08:01:09.960 E/register_client_adhoc( 0): find path.src 1 dest 589
01-01 08:01:09.960 E/register_client_adhoc( 0): Failed to find path.src 1 dest 589
01-01 08:01:09.961 I/input ( 0): gpio-keys as /devices/platform/soc/soc:gpio_keys/input/input3
01-01 08:01:09.962 E/register_client_adhoc( 0): find path.src 1 dest 589
01-01 08:01:09.962 E/register_client_adhoc( 0): Failed to find path.src 1 dest 589
01-01 08:01:09.963 E/register_client_adhoc( 0): find path.src 1 dest 589
01-01 08:01:09.963 E/register_client_adhoc( 0): Failed to find path.src 1 dest 589
01-01 08:01:09.964 I/lpm_levels( 0): Cluster (L3) stats not registered
01-01 08:01:09.964 E/register_client_adhoc( 0): find path.src 1 dest 589
01-01 08:01:09.964 E/register_client_adhoc( 0): Failed to find path.src 1 dest 589
01-01 08:01:09.966 E/register_client_adhoc( 0): find path.src 1 dest 589
01-01 08:01:09.966 E/register_client_adhoc( 0): Failed to find path.src 1 dest 589
01-01 08:01:09.968 I/ ( 0): rmnet_ipa3 started initialization
01-01 08:01:09.968 E/register_client_adhoc( 0): find path.src 1 dest 589
01-01 08:01:09.968 E/register_client_adhoc( 0): Failed to find path.src 1 dest 589
01-01 08:01:09.968 E/register_client_adhoc( 0): find path.src 1 dest 589
01-01 08:01:09.968 E/register_client_adhoc( 0): Failed to find path.src 1 dest 589
01-01 08:01:09.969 I/ ( 0): RNDIS_IPA module is loaded.
01-01 08:01:09.969 E/ ( 0): [drm:dp_display_init_aux_switch][msm-dp-err][1 ]failed to register notifier (-22)
01-01 08:01:09.969 I/ ( 0): msm notifier probed successfully
01-01 08:01:09.970 E/register_client_adhoc( 0): find path.src 1 dest 589
01-01 08:01:09.970 E/register_client_adhoc( 0): Failed to find path.src 1 dest 589
01-01 08:01:09.970 E/ ( 0): [drm:dp_display_init_aux_switch][msm-dp-err][436 ]failed to register notifier (-22)
01-01 08:01:09.970 I/cfg80211( 0): Loading compiled-in X.509 certificates for regulatory database
01-01 08:01:09.971 I/cfg80211( 0): Loaded X.509 cert 'sforshee: 00b28ddf47aef9cea7'
01-01 08:01:09.972 E/msm_bus_late_init( 0): Remove handoff bw requests
01-01 08:01:09.973 I/regulator_proxy_consumer_remove_all( 0): removing regulator proxy consumer requests
01-01 08:01:09.973 I/ ( 0): ALSA device list:
01-01 08:01:09.973 I/ ( 0): No soundcards found.
01-01 08:01:09.973 E/ ( 0): Warning: unable to open an initial console.
01-01 08:01:09.974 I/ ( 0): Freeing unused kernel memory: 4096K
01-01 08:01:09.975 I/ ( 0): Run /init as init process
01-01 08:01:09.976 I/init ( 0): init first stage started!
01-01 08:01:09.977 I/init ( 0): Unable to open /lib/modules, skipping module loading.
01-01 08:01:09.977 I/init ( 0): [libfs_mgr]dt_fstab: Skip disabled entry for partition vendor
01-01 08:01:09.977 I/init ( 0): [libfs_mgr]ReadFstabFromDt(): failed to read fstab from dt
01-01 08:01:09.977 I/init ( 0): [libfs_mgr]dt_fstab: Skip disabled entry for partition vendor
01-01 08:01:09.978 W/init ( 0): [libfs_mgr]Warning: unknown flag: resize
01-01 08:01:09.978 I/init ( 0): Using Android DT directory /proc/device-tree/firmware/android/
01-01 08:01:09.991 I/init ( 0): [libfs_mgr]superblock s_max_mnt_count:65535,/dev/block/platform/soc/1d84000.ufshc/by-name/metadata
01-01 08:01:09.991 I/init ( 0): [libfs_mgr]check_fs(): mount(/dev/block/platform/soc/1d84000.ufshc/by-name/metadata,/metadata,ext4)=-1: No such file or directory
01-01 08:01:09.991 I/init ( 0): [libfs_mgr]Running /system/bin/e2fsck on /dev/block/sda11
01-01 08:01:09.992 I/e2fsck ( 0): e2fsck 1.45.4 (23-Sep-2019)
01-01 08:01:09.995 I/e2fsck ( 0): Pass 1: Checking inodes, blocks, and sizes
01-01 08:01:09.995 I/e2fsck ( 0): Pass 2: Checking directory structure
01-01 08:01:09.996 I/e2fsck ( 0): Pass 3: Checking directory connectivity
01-01 08:01:09.996 I/e2fsck ( 0): Pass 4: Checking reference counts
01-01 08:01:09.996 I/e2fsck ( 0): Pass 5: Checking group summary information
01-01 08:01:09.999 I/e2fsck ( 0): /dev/block/platform/soc/1d84000.ufshc/by-name/metadata: 11/4096 files (0.0% non-contiguous), 1161/4096 blocks
01-01 08:01:10.001 I/EXT4-fs (sda11)( 0): mounted filesystem with ordered data mode. Opts: discard
01-01 08:01:10.006 I/device-mapper( 0): verity: sha256 using implementation "sha256-ce"
01-01 08:01:10.009 W/EXT4-fs (dm-5)( 0): mounting with "discard" option, but the device does not support discard
01-01 08:01:10.009 I/EXT4-fs (dm-5)( 0): mounted filesystem without journal. Opts: barrier=1,discard
01-01 08:01:10.012 I/device-mapper( 0): verity: sha256 using implementation "sha256-ce"
01-01 08:01:10.015 W/EXT4-fs (dm-6)( 0): mounting with "discard" option, but the device does not support discard
01-01 08:01:10.015 I/EXT4-fs (dm-6)( 0): mounted filesystem without journal. Opts: barrier=1,discard
01-01 08:01:10.015 I/device-mapper( 0): verity: sha256 using implementation "sha256-ce"
01-01 08:01:10.018 W/EXT4-fs (dm-7)( 0): mounting with "discard" option, but the device does not support discard
01-01 08:01:10.018 I/EXT4-fs (dm-7)( 0): mounted filesystem without journal. Opts: barrier=1,discard
01-01 08:01:10.018 I/device-mapper( 0): verity: sha1 using implementation "sha1-ce"
01-01 08:01:10.021 W/EXT4-fs (dm-8)( 0): mounting with "discard" option, but the device does not support discard
01-01 08:01:10.021 I/EXT4-fs (dm-8)( 0): mounted filesystem without journal. Opts: barrier=1,discard
01-01 08:01:10.021 I/device-mapper( 0): verity: sha1 using implementation "sha1-ce"
01-01 08:01:10.024 W/EXT4-fs (dm-9)( 0): mounting with "discard" option, but the device does not support discard
01-01 08:01:10.024 I/EXT4-fs (dm-9)( 0): mounted filesystem without journal. Opts: barrier=1,discard
01-01 08:01:10.025 I/EXT4-fs (sda2)( 0): mounted filesystem with ordered data mode. Opts: barrier=1
01-01 08:01:10.036 W/init ( 0): 38 output lines suppressed due to ratelimiting
01-01 08:01:10.164 I/init ( 0): [libfs_mgr]dt_fstab: Skip disabled entry for partition vendor
01-01 08:01:10.164 I/init ( 0): [libfs_mgr]GetFstabPath()fstab_path:/odm/etc/fstab.default
01-01 08:01:10.164 I/init ( 0): [libfs_mgr]GetFstabPath()fstab_path:/vendor/etc/fstab.default
01-01 08:01:10.164 I/init ( 0): [libfs_mgr]GetFstabPath()fstab_path:/system/etc/fstab.default
01-01 08:01:10.164 I/init ( 0): [libfs_mgr]GetFstabPath()fstab_path:/first_stage_ramdisk/system/etc/fstab.default
01-01 08:01:10.164 I/init ( 0): [libfs_mgr]GetFstabPath()fstab_path:/fstab.default
01-01 08:01:10.164 I/init ( 0): [libfs_mgr]GetFstabPath()fstab_path:/first_stage_ramdisk/fstab.default
01-01 08:01:10.165 I/init ( 0): [libfs_mgr]GetFstabPath()fstab_path:/odm/etc/fstab.qcom
01-01 08:01:10.165 I/init ( 0): [libfs_mgr]GetFstabPath()fstab_path:/vendor/etc/fstab.qcom
01-01 08:01:10.166 I/init ( 0): [libfs_mgr]GetFstabPath()fstab_path.c_str():/vendor/etc/fstab.qcom
01-01 08:01:11.221 I/SELinux ( 0): policy capability network_peer_controls=1
01-01 08:01:11.221 I/SELinux ( 0): policy capability open_perms=1
01-01 08:01:11.221 I/SELinux ( 0): policy capability extended_socket_class=1
01-01 08:01:11.221 I/SELinux ( 0): policy capability always_check_network=0
01-01 08:01:11.221 I/SELinux ( 0): policy capability cgroup_seclabel=0
01-01 08:01:11.221 I/SELinux ( 0): policy capability nnp_nosuid_transition=1
01-01 08:01:11.257 W/init ( 0): 8 output lines suppressed due to ratelimiting
01-01 08:01:11.268 I/init ( 0): init second stage started!
01-01 08:01:11.281 I/init ( 0): Using Android DT directory /proc/device-tree/firmware/android/
01-01 08:01:11.284 E/init ( 0): Do not have permissions to set 'ro.adb.secure' to '1' in property file '/vendor/default.prop': SELinux permission check failed
01-01 08:01:11.284 E/init ( 0): Do not have permissions to set 'persist.backup.ntpServer' to '0.pool.ntp.org' in property file '/vendor/build.prop': SELinux permission check failed
01-01 08:01:11.285 W/init ( 0): Overriding previous property 'dalvik.vm.heapsize':'36m' with new value '512m'
01-01 08:01:11.285 E/init ( 0): Do not have permissions to set 'persist.vendor.bt.a2dp_offload_cap' to 'sbc-aptx-aptxtws-aptxhd-aac-ldac' in property file '/vendor/build.prop': SELinux permission check failed
01-01 08:01:11.285 E/init ( 0): Do not have permissions to set 'vendor.mm.enable.qcom_parser' to '16777215' in property file '/vendor/build.prop': SELinux permission check failed
01-01 08:01:11.285 E/init ( 0): Do not have permissions to set 'persist.demo.hdmirotationlock' to 'false' in property file '/vendor/build.prop': SELinux permission check failed
01-01 08:01:11.285 W/init ( 0): Couldn't load property file '/vendor_dlkm/etc/build.prop': open() failed: No such file or directory: No such file or directory
01-01 08:01:11.285 W/init ( 0): Couldn't load property file '/odm_dlkm/etc/build.prop': open() failed: No such file or directory: No such file or directory
01-01 08:01:11.445 I/ueventd ( 0): ueventd started!
01-01 08:01:11.446 I/selinux ( 0): SELinux: Loaded file_contexts
01-01 08:01:11.446 I/selinux ( 0):
01-01 08:01:11.446 I/ueventd ( 0): Parsing file /system/etc/ueventd.rc...
01-01 08:01:11.446 I/ueventd ( 0): Added '/vendor/etc/ueventd.rc' to import list
01-01 08:01:11.446 I/ueventd ( 0): Added '/odm/etc/ueventd.rc' to import list
01-01 08:01:11.446 I/ueventd ( 0): Parsing file /vendor/etc/ueventd.rc...
01-01 08:01:11.446 I/ueventd ( 0): Unable to read config file '/vendor/etc/ueventd.rc': open() failed: No such file or directory
01-01 08:01:11.446 I/ueventd ( 0): Parsing file /odm/etc/ueventd.rc...
01-01 08:01:11.446 I/ueventd ( 0): Unable to read config file '/odm/etc/ueventd.rc': open() failed: No such file or directory
01-01 08:01:11.725 W/msm_11ad soc( 0): qcom,wil6210: GPIO not found, dc GPIO not used
01-01 08:01:11.725 W/msm_11ad soc( 0): qcom,wil6210: GPIO not found, enable GPIO not used
01-01 08:01:11.725 W/msm_11ad soc( 0): qcom,wil6210: GPIO not found, sleep clock not used
01-01 08:01:11.725 W/msm_11ad soc( 0): qcom,wil6210: soc:qcom,wil6210 supply vdd not found, using dummy regulator
01-01 08:01:11.725 I/msm_11ad soc( 0): qcom,wil6210: Linked as a consumer to regulator.0
01-01 08:01:11.725 I/msm_11ad soc( 0): qcom,wil6210: Linked as a consumer to regulator.8
01-01 08:01:11.725 I/msm_11ad soc( 0): qcom,wil6210: Linked as a consumer to regulator.26
01-01 08:01:11.726 E/msm_pcie_enumerate( 0): PCIe: RC1: has already been enumerated.
01-01 08:01:11.726 E/msm_11ad soc( 0): qcom,wil6210: Wigig device not found
01-01 08:01:11.726 I/msm_11ad soc( 0): qcom,wil6210: Dropping the link to regulator.26
01-01 08:01:11.726 I/msm_11ad soc( 0): qcom,wil6210: Dropping the link to regulator.0
01-01 08:01:11.726 I/msm_11ad soc( 0): qcom,wil6210: Dropping the link to regulator.8
01-01 08:01:11.744 W/q6_pdr_dlkm( 0): loading out-of-tree module taints kernel.
01-01 08:01:11.747 W/apr_dlkm( 0): no symbol version for snd_event_notify
01-01 08:01:11.749 E/register_client_adhoc( 0): find path.src 1 dest 589
01-01 08:01:11.749 E/register_client_adhoc( 0): Failed to find path.src 1 dest 589
01-01 08:01:11.750 E/ ( 0): [drm:dp_display_init_aux_switch][msm-dp-err][396 ]failed to register notifier (-22)
01-01 08:01:11.753 E/register_client_adhoc( 0): find path.src 1 dest 589
01-01 08:01:11.753 E/register_client_adhoc( 0): Failed to find path.src 1 dest 589
01-01 08:01:11.753 E/ ( 0): [drm:dp_display_init_aux_switch][msm-dp-err][493 ]failed to register notifier (-22)
01-01 08:01:11.781 W/ ( 0): **********************************************************
01-01 08:01:11.781 W/ ( 0): ** NOTICE NOTICE NOTICE NOTICE NOTICE NOTICE NOTICE **
01-01 08:01:11.781 W/ ( 0): ** **
01-01 08:01:11.781 W/ ( 0): ** trace_printk() being used. Allocating extra memory. **
01-01 08:01:11.781 W/ ( 0): ** **
01-01 08:01:11.781 W/ ( 0): ** This means that this is a DEBUG kernel and it is **
01-01 08:01:11.781 W/ ( 0): ** unsafe for production use. **
01-01 08:01:11.781 W/ ( 0): ** **
01-01 08:01:11.781 W/ ( 0): ** If you see this message and you are not debugging **
01-01 08:01:11.781 W/ ( 0): ** the kernel, report this immediately to your vendor! **
01-01 08:01:11.781 W/ ( 0): ** **
01-01 08:01:11.781 W/ ( 0): ** NOTICE NOTICE NOTICE NOTICE NOTICE NOTICE NOTICE **
01-01 08:01:11.781 W/ ( 0): **********************************************************
01-01 08:01:11.783 E/register_client_adhoc( 0): find path.src 1 dest 589
01-01 08:01:11.783 E/register_client_adhoc( 0): Failed to find path.src 1 dest 589
01-01 08:01:11.783 E/ ( 0): [drm:dp_display_init_aux_switch][msm-dp-err][79 ]failed to register notifier (-22)
01-01 08:01:11.800 E/register_client_adhoc( 0): find path.src 1 dest 589
01-01 08:01:11.800 E/register_client_adhoc( 0): Failed to find path.src 1 dest 589
01-01 08:01:11.800 E/ ( 0): [drm:dp_display_init_aux_switch][msm-dp-err][79 ]failed to register notifier (-22)
01-01 08:01:11.801 E/register_client_adhoc( 0): find path.src 1 dest 589
01-01 08:01:11.801 E/register_client_adhoc( 0): Failed to find path.src 1 dest 589
01-01 08:01:11.801 E/ ( 0): [drm:dp_display_init_aux_switch][msm-dp-err][79 ]failed to register notifier (-22)
01-01 08:01:11.801 E/register_client_adhoc( 0): find path.src 1 dest 589
01-01 08:01:11.801 E/register_client_adhoc( 0): Failed to find path.src 1 dest 589
01-01 08:01:11.801 E/ ( 0): [drm:dp_display_init_aux_switch][msm-dp-err][79 ]failed to register notifier (-22)
01-01 08:01:11.801 E/register_client_adhoc( 0): find path.src 1 dest 589
01-01 08:01:11.801 E/register_client_adhoc( 0): Failed to find path.src 1 dest 589
01-01 08:01:11.802 E/ ( 0): [drm:dp_display_init_aux_switch][msm-dp-err][79 ]failed to register notifier (-22)
01-01 08:01:11.802 E/register_client_adhoc( 0): find path.src 1 dest 589
01-01 08:01:11.802 E/register_client_adhoc( 0): Failed to find path.src 1 dest 589
01-01 08:01:11.802 E/ ( 0): [drm:dp_display_init_aux_switch][msm-dp-err][79 ]failed to register notifier (-22)
01-01 08:01:11.802 E/register_client_adhoc( 0): find path.src 1 dest 589
01-01 08:01:11.802 E/register_client_adhoc( 0): Failed to find path.src 1 dest 589
01-01 08:01:11.802 E/ ( 0): [drm:dp_display_init_aux_switch][msm-dp-err][79 ]failed to register notifier (-22)
01-01 08:01:11.802 E/register_client_adhoc( 0): find path.src 1 dest 589
01-01 08:01:11.802 E/register_client_adhoc( 0): Failed to find path.src 1 dest 589
01-01 08:01:11.803 E/ ( 0): [drm:dp_display_init_aux_switch][msm-dp-err][79 ]failed to register notifier (-22)
01-01 08:01:11.803 E/register_client_adhoc( 0): find path.src 1 dest 589
01-01 08:01:11.803 E/register_client_adhoc( 0): Failed to find path.src 1 dest 589
01-01 08:01:11.803 E/ ( 0): [drm:dp_display_init_aux_switch][msm-dp-err][79 ]failed to register notifier (-22)
01-01 08:01:11.803 E/register_client_adhoc( 0): find path.src 1 dest 589
01-01 08:01:11.803 E/register_client_adhoc( 0): Failed to find path.src 1 dest 589
01-01 08:01:11.803 E/ ( 0): [drm:dp_display_init_aux_switch][msm-dp-err][79 ]failed to register notifier (-22)
01-01 08:01:11.803 E/register_client_adhoc( 0): find path.src 1 dest 589
01-01 08:01:11.803 E/register_client_adhoc( 0): Failed to find path.src 1 dest 589
01-01 08:01:11.803 E/ ( 0): [drm:dp_display_init_aux_switch][msm-dp-err][79 ]failed to register notifier (-22)
01-01 08:01:11.803 E/register_client_adhoc( 0): find path.src 1 dest 589
01-01 08:01:11.803 E/register_client_adhoc( 0): Failed to find path.src 1 dest 589
01-01 08:01:11.803 E/ ( 0): [drm:dp_display_init_aux_switch][msm-dp-err][79 ]failed to register notifier (-22)
01-01 08:01:11.806 E/register_client_adhoc( 0): find path.src 1 dest 589
01-01 08:01:11.806 E/register_client_adhoc( 0): Failed to find path.src 1 dest 589
01-01 08:01:11.806 E/ ( 0): [drm:dp_display_init_aux_switch][msm-dp-err][79 ]failed to register notifier (-22)
01-01 08:01:11.806 E/register_client_adhoc( 0): find path.src 1 dest 589
01-01 08:01:11.806 E/register_client_adhoc( 0): Failed to find path.src 1 dest 589
01-01 08:01:11.806 E/ ( 0): [drm:dp_display_init_aux_switch][msm-dp-err][79 ]failed to register notifier (-22)
01-01 08:01:11.806 E/register_client_adhoc( 0): find path.src 1 dest 589
01-01 08:01:11.806 E/register_client_adhoc( 0): Failed to find path.src 1 dest 589
01-01 08:01:11.807 E/ ( 0): [drm:dp_display_init_aux_switch][msm-dp-err][79 ]failed to register notifier (-22)
01-01 08:01:11.807 E/register_client_adhoc( 0): find path.src 1 dest 589
01-01 08:01:11.807 E/register_client_adhoc( 0): Failed to find path.src 1 dest 589
01-01 08:01:11.807 E/ ( 0): [drm:dp_display_init_aux_switch][msm-dp-err][79 ]failed to register notifier (-22)
01-01 08:01:11.807 E/register_client_adhoc( 0): find path.src 1 dest 589
01-01 08:01:11.807 E/register_client_adhoc( 0): Failed to find path.src 1 dest 589
01-01 08:01:11.807 E/ ( 0): [drm:dp_display_init_aux_switch][msm-dp-err][79 ]failed to register notifier (-22)
01-01 08:01:11.807 E/register_client_adhoc( 0): find path.src 1 dest 589
01-01 08:01:11.807 E/register_client_adhoc( 0): Failed to find path.src 1 dest 589
01-01 08:01:11.807 E/ ( 0): [drm:dp_display_init_aux_switch][msm-dp-err][79 ]failed to register notifier (-22)
01-01 08:01:11.807 E/register_client_adhoc( 0): find path.src 1 dest 589
01-01 08:01:11.807 E/register_client_adhoc( 0): Failed to find path.src 1 dest 589
01-01 08:01:11.807 E/ ( 0): [drm:dp_display_init_aux_switch][msm-dp-err][79 ]failed to register notifier (-22)
01-01 08:01:11.808 E/register_client_adhoc( 0): find path.src 1 dest 589
01-01 08:01:11.808 E/register_client_adhoc( 0): Failed to find path.src 1 dest 589
01-01 08:01:11.808 E/ ( 0): [drm:dp_display_init_aux_switch][msm-dp-err][79 ]failed to register notifier (-22)
01-01 08:01:11.808 E/register_client_adhoc( 0): find path.src 1 dest 589
01-01 08:01:11.808 E/register_client_adhoc( 0): Failed to find path.src 1 dest 589
01-01 08:01:11.808 E/ ( 0): [drm:dp_display_init_aux_switch][msm-dp-err][79 ]failed to register notifier (-22)
01-01 08:01:11.808 E/register_client_adhoc( 0): find path.src 1 dest 589
01-01 08:01:11.808 E/register_client_adhoc( 0): Failed to find path.src 1 dest 589
01-01 08:01:11.808 E/ ( 0): [drm:dp_display_init_aux_switch][msm-dp-err][79 ]failed to register notifier (-22)
01-01 08:01:11.808 E/register_client_adhoc( 0): find path.src 1 dest 589
01-01 08:01:11.808 E/register_client_adhoc( 0): Failed to find path.src 1 dest 589
01-01 08:01:11.808 E/ ( 0): [drm:dp_display_init_aux_switch][msm-dp-err][79 ]failed to register notifier (-22)
01-01 08:01:11.808 E/register_client_adhoc( 0): find path.src 1 dest 589
01-01 08:01:11.809 E/register_client_adhoc( 0): Failed to find path.src 1 dest 589
01-01 08:01:11.809 E/ ( 0): [drm:dp_display_init_aux_switch][msm-dp-err][79 ]failed to register notifier (-22)
01-01 08:01:11.809 E/register_client_adhoc( 0): find path.src 1 dest 589
01-01 08:01:11.809 E/register_client_adhoc( 0): Failed to find path.src 1 dest 589
01-01 08:01:11.809 E/ ( 0): [drm:dp_display_init_aux_switch][msm-dp-err][79 ]failed to register notifier (-22)
01-01 08:01:11.809 E/register_client_adhoc( 0): find path.src 1 dest 589
01-01 08:01:11.809 E/register_client_adhoc( 0): Failed to find path.src 1 dest 589
01-01 08:01:11.809 E/ ( 0): [drm:dp_display_init_aux_switch][msm-dp-err][79 ]failed to register notifier (-22)
01-01 08:01:11.809 E/register_client_adhoc( 0): find path.src 1 dest 589
01-01 08:01:11.809 E/register_client_adhoc( 0): Failed to find path.src 1 dest 589
01-01 08:01:11.809 E/ ( 0): [drm:dp_display_init_aux_switch][msm-dp-err][79 ]failed to register notifier (-22)
01-01 08:01:11.809 E/register_client_adhoc( 0): find path.src 1 dest 589
01-01 08:01:11.809 E/register_client_adhoc( 0): Failed to find path.src 1 dest 589
01-01 08:01:11.810 E/ ( 0): [drm:dp_display_init_aux_switch][msm-dp-err][79 ]failed to register notifier (-22)
01-01 08:01:11.810 E/register_client_adhoc( 0): find path.src 1 dest 589
01-01 08:01:11.810 E/register_client_adhoc( 0): Failed to find path.src 1 dest 589
01-01 08:01:11.810 E/ ( 0): [drm:dp_display_init_aux_switch][msm-dp-err][79 ]failed to register notifier (-22)
01-01 08:01:11.810 E/register_client_adhoc( 0): find path.src 1 dest 589
01-01 08:01:11.810 E/register_client_adhoc( 0): Failed to find path.src 1 dest 589
01-01 08:01:11.810 E/ ( 0): [drm:dp_display_init_aux_switch][msm-dp-err][79 ]failed to register notifier (-22)
01-01 08:01:11.810 E/register_client_adhoc( 0): find path.src 1 dest 589
01-01 08:01:11.810 E/register_client_adhoc( 0): Failed to find path.src 1 dest 589
01-01 08:01:11.810 E/ ( 0): [drm:dp_display_init_aux_switch][msm-dp-err][79 ]failed to register notifier (-22)
01-01 08:01:11.810 E/register_client_adhoc( 0): find path.src 1 dest 589
01-01 08:01:11.810 E/register_client_adhoc( 0): Failed to find path.src 1 dest 589
01-01 08:01:11.811 E/ ( 0): [drm:dp_display_init_aux_switch][msm-dp-err][79 ]failed to register notifier (-22)
01-01 08:01:11.811 E/register_client_adhoc( 0): find path.src 1 dest 589
01-01 08:01:11.811 E/register_client_adhoc( 0): Failed to find path.src 1 dest 589
01-01 08:01:11.811 E/ ( 0): [drm:dp_display_init_aux_switch][msm-dp-err][79 ]failed to register notifier (-22)
01-01 08:01:11.811 E/register_client_adhoc( 0): find path.src 1 dest 589
01-01 08:01:11.811 E/register_client_adhoc( 0): Failed to find path.src 1 dest 589
01-01 08:01:11.811 E/ ( 0): [drm:dp_display_init_aux_switch][msm-dp-err][79 ]failed to register notifier (-22)
01-01 08:01:11.811 E/register_client_adhoc( 0): find path.src 1 dest 589
01-01 08:01:11.811 E/register_client_adhoc( 0): Failed to find path.src 1 dest 589
01-01 08:01:11.811 E/ ( 0): [drm:dp_display_init_aux_switch][msm-dp-err][79 ]failed to register notifier (-22)
01-01 08:01:11.811 E/register_client_adhoc( 0): find path.src 1 dest 589
01-01 08:01:11.811 E/register_client_adhoc( 0): Failed to find path.src 1 dest 589
01-01 08:01:11.812 E/ ( 0): [drm:dp_display_init_aux_switch][msm-dp-err][79 ]failed to register notifier (-22)
01-01 08:01:11.812 E/register_client_adhoc( 0): find path.src 1 dest 589
01-01 08:01:11.812 E/register_client_adhoc( 0): Failed to find path.src 1 dest 589
01-01 08:01:11.812 E/ ( 0): [drm:dp_display_init_aux_switch][msm-dp-err][79 ]failed to register notifier (-22)
01-01 08:01:11.812 E/register_client_adhoc( 0): find path.src 1 dest 589
01-01 08:01:11.812 E/register_client_adhoc( 0): Failed to find path.src 1 dest 589
01-01 08:01:11.812 E/ ( 0): [drm:dp_display_init_aux_switch][msm-dp-err][79 ]failed to register notifier (-22)
01-01 08:01:11.812 E/register_client_adhoc( 0): find path.src 1 dest 589
01-01 08:01:11.812 E/register_client_adhoc( 0): Failed to find path.src 1 dest 589
01-01 08:01:11.812 E/ ( 0): [drm:dp_display_init_aux_switch][msm-dp-err][79 ]failed to register notifier (-22)
01-01 08:01:11.812 E/register_client_adhoc( 0): find path.src 1 dest 589
01-01 08:01:11.812 E/register_client_adhoc( 0): Failed to find path.src 1 dest 589
01-01 08:01:11.813 E/ ( 0): [drm:dp_display_init_aux_switch][msm-dp-err][79 ]failed to register notifier (-22)
01-01 08:01:11.813 E/register_client_adhoc( 0): find path.src 1 dest 589
01-01 08:01:11.813 E/register_client_adhoc( 0): Failed to find path.src 1 dest 589
01-01 08:01:11.813 E/ ( 0): [drm:dp_display_init_aux_switch][msm-dp-err][79 ]failed to register notifier (-22)
01-01 08:01:11.813 E/register_client_adhoc( 0): find path.src 1 dest 589
01-01 08:01:11.813 E/register_client_adhoc( 0): Failed to find path.src 1 dest 589
01-01 08:01:11.813 E/ ( 0): [drm:dp_display_init_aux_switch][msm-dp-err][79 ]failed to register notifier (-22)
01-01 08:01:11.813 E/register_client_adhoc( 0): find path.src 1 dest 589
01-01 08:01:11.813 E/register_client_adhoc( 0): Failed to find path.src 1 dest 589
01-01 08:01:11.813 E/ ( 0): [drm:dp_display_init_aux_switch][msm-dp-err][79 ]failed to register notifier (-22)
01-01 08:01:11.813 E/register_client_adhoc( 0): find path.src 1 dest 589
01-01 08:01:11.813 E/register_client_adhoc( 0): Failed to find path.src 1 dest 589
01-01 08:01:11.813 E/ ( 0): [drm:dp_display_init_aux_switch][msm-dp-err][79 ]failed to register notifier (-22)
01-01 08:01:11.814 E/register_client_adhoc( 0): find path.src 1 dest 589
01-01 08:01:11.814 E/register_client_adhoc( 0): Failed to find path.src 1 dest 589
01-01 08:01:11.814 E/ ( 0): [drm:dp_display_init_aux_switch][msm-dp-err][79 ]failed to register notifier (-22)
01-01 08:01:11.814 E/register_client_adhoc( 0): find path.src 1 dest 589
01-01 08:01:11.814 E/register_client_adhoc( 0): Failed to find path.src 1 dest 589
01-01 08:01:11.814 E/ ( 0): [drm:dp_display_init_aux_switch][msm-dp-err][79 ]failed to register notifier (-22)
01-01 08:01:11.814 E/register_client_adhoc( 0): find path.src 1 dest 589
01-01 08:01:11.814 E/register_client_adhoc( 0): Failed to find path.src 1 dest 589
01-01 08:01:11.814 E/ ( 0): [drm:dp_display_init_aux_switch][msm-dp-err][79 ]failed to register notifier (-22)
01-01 08:01:11.815 E/register_client_adhoc( 0): find path.src 1 dest 589
01-01 08:01:11.815 E/register_client_adhoc( 0): Failed to find path.src 1 dest 589
01-01 08:01:11.815 E/ ( 0): [drm:dp_display_init_aux_switch][msm-dp-err][79 ]failed to register notifier (-22)
01-01 08:01:11.815 E/register_client_adhoc( 0): find path.src 1 dest 589
01-01 08:01:11.815 E/register_client_adhoc( 0): Failed to find path.src 1 dest 589
01-01 08:01:11.815 E/ ( 0): [drm:dp_display_init_aux_switch][msm-dp-err][79 ]failed to register notifier (-22)
01-01 08:01:11.815 E/register_client_adhoc( 0): find path.src 1 dest 589
01-01 08:01:11.815 E/register_client_adhoc( 0): Failed to find path.src 1 dest 589
01-01 08:01:11.816 E/ ( 0): [drm:dp_display_init_aux_switch][msm-dp-err][79 ]failed to register notifier (-22)
01-01 08:01:11.816 E/register_client_adhoc( 0): find path.src 1 dest 589
01-01 08:01:11.816 E/register_client_adhoc( 0): Failed to find path.src 1 dest 589
01-01 08:01:11.816 E/ ( 0): [drm:dp_display_init_aux_switch][msm-dp-err][79 ]failed to register notifier (-22)
01-01 08:01:11.816 E/register_client_adhoc( 0): find path.src 1 dest 589
01-01 08:01:11.816 E/register_client_adhoc( 0): Failed to find path.src 1 dest 589
01-01 08:01:11.816 E/ ( 0): [drm:dp_display_init_aux_switch][msm-dp-err][79 ]failed to register notifier (-22)
01-01 08:01:11.816 E/register_client_adhoc( 0): find path.src 1 dest 589
01-01 08:01:11.816 E/register_client_adhoc( 0): Failed to find path.src 1 dest 589
01-01 08:01:11.816 E/ ( 0): [drm:dp_display_init_aux_switch][msm-dp-err][79 ]failed to register notifier (-22)
01-01 08:01:11.817 E/register_client_adhoc( 0): find path.src 1 dest 589
01-01 08:01:11.817 E/register_client_adhoc( 0): Failed to find path.src 1 dest 589
01-01 08:01:11.817 E/ ( 0): [drm:dp_display_init_aux_switch][msm-dp-err][79 ]failed to register notifier (-22)
01-01 08:01:11.817 E/register_client_adhoc( 0): find path.src 1 dest 589
01-01 08:01:11.817 E/register_client_adhoc( 0): Failed to find path.src 1 dest 589
01-01 08:01:11.817 E/ ( 0): [drm:dp_display_init_aux_switch][msm-dp-err][79 ]failed to register notifier (-22)
01-01 08:01:11.817 E/register_client_adhoc( 0): find path.src 1 dest 589
01-01 08:01:11.817 E/register_client_adhoc( 0): Failed to find path.src 1 dest 589
01-01 08:01:11.817 E/ ( 0): [drm:dp_display_init_aux_switch][msm-dp-err][79 ]failed to register notifier (-22)
01-01 08:01:11.818 E/register_client_adhoc( 0): find path.src 1 dest 589
01-01 08:01:11.818 E/register_client_adhoc( 0): Failed to find path.src 1 dest 589
01-01 08:01:11.818 E/ ( 0): [drm:dp_display_init_aux_switch][msm-dp-err][79 ]failed to register notifier (-22)
01-01 08:01:11.818 E/register_client_adhoc( 0): find path.src 1 dest 589
01-01 08:01:11.818 E/register_client_adhoc( 0): Failed to find path.src 1 dest 589
01-01 08:01:11.819 E/ ( 0): [drm:dp_display_init_aux_switch][msm-dp-err][79 ]failed to register notifier (-22)
01-01 08:01:11.819 E/register_client_adhoc( 0): find path.src 1 dest 589
01-01 08:01:11.819 E/register_client_adhoc( 0): Failed to find path.src 1 dest 589
01-01 08:01:11.819 E/ ( 0): [drm:dp_display_init_aux_switch][msm-dp-err][79 ]failed to register notifier (-22)
01-01 08:01:11.819 E/register_client_adhoc( 0): find path.src 1 dest 589
01-01 08:01:11.819 E/register_client_adhoc( 0): Failed to find path.src 1 dest 589
01-01 08:01:11.819 E/ ( 0): [drm:dp_display_init_aux_switch][msm-dp-err][79 ]failed to register notifier (-22)
01-01 08:01:11.819 E/register_client_adhoc( 0): find path.src 1 dest 589
01-01 08:01:11.820 E/register_client_adhoc( 0): Failed to find path.src 1 dest 589
01-01 08:01:11.820 E/ ( 0): [drm:dp_display_init_aux_switch][msm-dp-err][79 ]failed to register notifier (-22)
01-01 08:01:11.820 E/register_client_adhoc( 0): find path.src 1 dest 589
01-01 08:01:11.820 E/register_client_adhoc( 0): Failed to find path.src 1 dest 589
01-01 08:01:11.820 E/ ( 0): [drm:dp_display_init_aux_switch][msm-dp-err][82 ]failed to register notifier (-22)
01-01 08:01:11.820 E/register_client_adhoc( 0): find path.src 1 dest 589
01-01 08:01:11.820 E/register_client_adhoc( 0): Failed to find path.src 1 dest 589
01-01 08:01:11.820 E/ ( 0): [drm:dp_display_init_aux_switch][msm-dp-err][82 ]failed to register notifier (-22)
01-01 08:01:11.821 E/register_client_adhoc( 0): find path.src 1 dest 589
01-01 08:01:11.821 E/register_client_adhoc( 0): Failed to find path.src 1 dest 589
01-01 08:01:11.821 E/ ( 0): [drm:dp_display_init_aux_switch][msm-dp-err][82 ]failed to register notifier (-22)
01-01 08:01:11.821 E/register_client_adhoc( 0): find path.src 1 dest 589
01-01 08:01:11.821 E/register_client_adhoc( 0): Failed to find path.src 1 dest 589
01-01 08:01:11.821 E/ ( 0): [drm:dp_display_init_aux_switch][msm-dp-err][82 ]failed to register notifier (-22)
01-01 08:01:11.821 E/register_client_adhoc( 0): find path.src 1 dest 589
01-01 08:01:11.821 E/register_client_adhoc( 0): Failed to find path.src 1 dest 589
01-01 08:01:11.821 E/ ( 0): [drm:dp_display_init_aux_switch][msm-dp-err][82 ]failed to register notifier (-22)
01-01 08:01:11.821 E/register_client_adhoc( 0): find path.src 1 dest 589
01-01 08:01:11.821 E/register_client_adhoc( 0): Failed to find path.src 1 dest 589
01-01 08:01:11.822 E/ ( 0): [drm:dp_display_init_aux_switch][msm-dp-err][82 ]failed to register notifier (-22)
01-01 08:01:11.822 E/register_client_adhoc( 0): find path.src 1 dest 589
01-01 08:01:11.822 E/register_client_adhoc( 0): Failed to find path.src 1 dest 589
01-01 08:01:11.822 E/ ( 0): [drm:dp_display_init_aux_switch][msm-dp-err][82 ]failed to register notifier (-22)
01-01 08:01:11.822 E/register_client_adhoc( 0): find path.src 1 dest 589
01-01 08:01:11.822 E/register_client_adhoc( 0): Failed to find path.src 1 dest 589
01-01 08:01:11.822 E/ ( 0): [drm:dp_display_init_aux_switch][msm-dp-err][82 ]failed to register notifier (-22)
01-01 08:01:11.822 E/register_client_adhoc( 0): find path.src 1 dest 589
01-01 08:01:11.822 E/register_client_adhoc( 0): Failed to find path.src 1 dest 589
01-01 08:01:11.823 E/ ( 0): [drm:dp_display_init_aux_switch][msm-dp-err][82 ]failed to register notifier (-22)
01-01 08:01:11.823 E/register_client_adhoc( 0): find path.src 1 dest 589
01-01 08:01:11.823 E/register_client_adhoc( 0): Failed to find path.src 1 dest 589
01-01 08:01:11.823 E/ ( 0): [drm:dp_display_init_aux_switch][msm-dp-err][82 ]failed to register notifier (-22)
01-01 08:01:11.823 E/register_client_adhoc( 0): find path.src 1 dest 589
01-01 08:01:11.823 E/register_client_adhoc( 0): Failed to find path.src 1 dest 589
01-01 08:01:11.823 E/ ( 0): [drm:dp_display_init_aux_switch][msm-dp-err][82 ]failed to register notifier (-22)
01-01 08:01:11.823 E/register_client_adhoc( 0): find path.src 1 dest 589
01-01 08:01:11.824 E/register_client_adhoc( 0): Failed to find path.src 1 dest 589
01-01 08:01:11.824 E/ ( 0): [drm:dp_display_init_aux_switch][msm-dp-err][82 ]failed to register notifier (-22)
01-01 08:01:11.824 E/register_client_adhoc( 0): find path.src 1 dest 589
01-01 08:01:11.824 E/register_client_adhoc( 0): Failed to find path.src 1 dest 589
01-01 08:01:11.824 E/ ( 0): [drm:dp_display_init_aux_switch][msm-dp-err][82 ]failed to register notifier (-22)
01-01 08:01:11.824 E/register_client_adhoc( 0): find path.src 1 dest 589
01-01 08:01:11.824 E/register_client_adhoc( 0): Failed to find path.src 1 dest 589
01-01 08:01:11.825 E/ ( 0): [drm:dp_display_init_aux_switch][msm-dp-err][79 ]failed to register notifier (-22)
01-01 08:01:11.825 E/register_client_adhoc( 0): find path.src 1 dest 589
01-01 08:01:11.825 E/register_client_adhoc( 0): Failed to find path.src 1 dest 589
01-01 08:01:11.825 E/ ( 0): [drm:dp_display_init_aux_switch][msm-dp-err][79 ]failed to register notifier (-22)
01-01 08:01:11.825 E/register_client_adhoc( 0): find path.src 1 dest 589
01-01 08:01:11.825 E/register_client_adhoc( 0): Failed to find path.src 1 dest 589
01-01 08:01:11.825 E/ ( 0): [drm:dp_display_init_aux_switch][msm-dp-err][79 ]failed to register notifier (-22)
01-01 08:01:11.826 E/register_client_adhoc( 0): find path.src 1 dest 589
01-01 08:01:11.826 E/register_client_adhoc( 0): Failed to find path.src 1 dest 589
01-01 08:01:11.826 E/ ( 0): [drm:dp_display_init_aux_switch][msm-dp-err][79 ]failed to register notifier (-22)
01-01 08:01:11.826 E/register_client_adhoc( 0): find path.src 1 dest 589
01-01 08:01:11.826 E/register_client_adhoc( 0): Failed to find path.src 1 dest 589
01-01 08:01:11.826 E/ ( 0): [drm:dp_display_init_aux_switch][msm-dp-err][79 ]failed to register notifier (-22)
01-01 08:01:11.828 E/register_client_adhoc( 0): find path.src 1 dest 589
01-01 08:01:11.828 E/register_client_adhoc( 0): Failed to find path.src 1 dest 589
01-01 08:01:11.828 E/ ( 0): [drm:dp_display_init_aux_switch][msm-dp-err][79 ]failed to register notifier (-22)
01-01 08:01:11.853 E/register_client_adhoc( 0): find path.src 1 dest 589
01-01 08:01:11.853 E/register_client_adhoc( 0): Failed to find path.src 1 dest 589
01-01 08:01:11.853 E/ ( 0): [drm:dp_display_init_aux_switch][msm-dp-err][82 ]failed to register notifier (-22)
01-01 08:01:11.854 E/register_client_adhoc( 0): find path.src 1 dest 589
01-01 08:01:11.854 E/register_client_adhoc( 0): Failed to find path.src 1 dest 589
01-01 08:01:11.854 E/ ( 0): [drm:dp_display_init_aux_switch][msm-dp-err][82 ]failed to register notifier (-22)
01-01 08:01:11.855 E/register_client_adhoc( 0): find path.src 1 dest 589
01-01 08:01:11.855 E/register_client_adhoc( 0): Failed to find path.src 1 dest 589
01-01 08:01:11.855 E/ ( 0): [drm:dp_display_init_aux_switch][msm-dp-err][78 ]failed to register notifier (-22)
01-01 08:01:11.856 E/register_client_adhoc( 0): find path.src 1 dest 589
01-01 08:01:11.856 E/register_client_adhoc( 0): Failed to find path.src 1 dest 589
01-01 08:01:11.856 E/ ( 0): [drm:dp_display_init_aux_switch][msm-dp-err][78 ]failed to register notifier (-22)
01-01 08:01:11.856 E/kona-pinctrl f000000.pinctrl( 0): invalid function func2 in map table
01-01 08:01:11.856 E/kona-pinctrl f000000.pinctrl( 0): invalid function func2 in map table
01-01 08:01:11.856 E/kona-pinctrl f000000.pinctrl( 0): invalid function func2 in map table
01-01 08:01:11.856 E/kona-pinctrl f000000.pinctrl( 0): invalid function func2 in map table
01-01 08:01:11.856 E/register_client_adhoc( 0): find path.src 1 dest 589
01-01 08:01:11.856 E/register_client_adhoc( 0): Failed to find path.src 1 dest 589
01-01 08:01:11.856 E/ ( 0): [drm:dp_display_init_aux_switch][msm-dp-err][78 ]failed to register notifier (-22)
01-01 08:01:11.873 E/register_client_adhoc( 0): find path.src 1 dest 589
01-01 08:01:11.873 E/register_client_adhoc( 0): Failed to find path.src 1 dest 589
01-01 08:01:11.873 E/ ( 0): [drm:dp_display_init_aux_switch][msm-dp-err][78 ]failed to register notifier (-22)
01-01 08:01:11.874 E/register_client_adhoc( 0): find path.src 1 dest 589
01-01 08:01:11.874 E/register_client_adhoc( 0): Failed to find path.src 1 dest 589
01-01 08:01:11.874 E/ ( 0): [drm:dp_display_init_aux_switch][msm-dp-err][78 ]failed to register notifier (-22)
01-01 08:01:11.874 E/register_client_adhoc( 0): find path.src 1 dest 589
01-01 08:01:11.874 E/register_client_adhoc( 0): Failed to find path.src 1 dest 589
01-01 08:01:11.874 E/ ( 0): [drm:dp_display_init_aux_switch][msm-dp-err][78 ]failed to register notifier (-22)
01-01 08:01:11.874 E/register_client_adhoc( 0): find path.src 1 dest 589
01-01 08:01:11.874 E/register_client_adhoc( 0): Failed to find path.src 1 dest 589
01-01 08:01:11.875 E/ ( 0): [drm:dp_display_init_aux_switch][msm-dp-err][78 ]failed to register notifier (-22)
01-01 08:01:11.875 E/register_client_adhoc( 0): find path.src 1 dest 589
01-01 08:01:11.875 E/register_client_adhoc( 0): Failed to find path.src 1 dest 589
01-01 08:01:11.947 E/ ( 0): Trying to create more than 6 SchedTune boosting groups
01-01 08:01:11.947 E/ ( 0): Trying to create more than 6 SchedTune boosting groups
01-01 08:01:11.960 I/ ( 0): Registered swp emulation handler
01-01 08:01:11.974 I/binder ( 0): 506:506 ioctl 40046210 7fc8940cc4 returned -22
01-01 08:01:11.975 I/binder ( 0): 507:507 ioctl 40046210 7fd8dac574 returned -22
01-01 08:01:11.978 I/init ( 0): wait for '/dev/block/platform/soc/1d84000.ufshc' took 0ms
01-01 08:01:11.979 I/logd.auditd( 0): start
01-01 08:01:11.982 I/ ( 0): tsnv tsnv_init register TSNV Driver v0.01
01-01 08:01:11.983 I/init ( 0): wait for '/dev/qseecom' took 0ms
01-01 08:01:11.991 E/FAT-fs (sde51)( 0): bogus number of reserved sectors
01-01 08:01:11.991 I/FAT-fs (sde51)( 0): Can't find a valid FAT filesystem
01-01 08:01:11.995 I/fsck_msdos( 0): ** /dev/block/bootdevice/by-name/spunvm
01-01 08:01:11.995 I/fsck_msdos( 0): Can't open `/dev/block/bootdevice/by-name/spunvm'
01-01 08:01:11.997 I/fsck_msdos( 0): fsck_msdos terminated by exit(8)
01-01 08:01:11.997 E/FAT-fs (sde51)( 0): bogus number of reserved sectors
01-01 08:01:11.997 I/FAT-fs (sde51)( 0): Can't find a valid FAT filesystem
01-01 08:01:11.999 I/binder ( 0): 505:505 ioctl 40046210 7fd607c594 returned -22
01-01 08:01:12.003 I/EXT4-fs (sde9)( 0): mounted filesystem with ordered data mode. Opts: barrier=1
01-01 08:01:12.012 I/e2fsck ( 0): e2fsck 1.45.4 (23-Sep-2019)
01-01 08:01:12.013 I/e2fsck ( 0): /system/bin/e2fsck: Permission denied while trying to open /dev/block/bootdevice/by-name/persist
01-01 08:01:12.013 I/e2fsck ( 0): You must have r/w access to the filesystem or be root
01-01 08:01:12.013 I/e2fsck ( 0): e2fsck terminated by exit(8) --------- beginning of system
01-01 08:01:12.019 I/vold ( 519): Vold 3.0 (the awakening) firing up
01-01 08:01:12.019 D/vold ( 519): Detected support for: ext4 f2fs vfat
01-01 08:01:12.020 D/vold ( 519): Found unmanaged dm device named system_ext_a
01-01 08:01:12.020 D/vold ( 519): Found unmanaged dm device named odm_a
01-01 08:01:12.020 D/vold ( 519): Found unmanaged dm device named system_a
01-01 08:01:12.020 D/vold ( 519): Found unmanaged dm device named vendor-verity
01-01 08:01:12.020 D/vold ( 519): Found unmanaged dm device named vendor_a
01-01 08:01:12.020 D/vold ( 519): Found unmanaged dm device named system_ext-verity
01-01 08:01:12.020 D/vold ( 519): Found unmanaged dm device named odm-verity
01-01 08:01:12.020 D/vold ( 519): Found unmanaged dm device named product-verity
01-01 08:01:12.020 D/vold ( 519): Found unmanaged dm device named system-verity
01-01 08:01:12.020 D/vold ( 519): Found unmanaged dm device named product_a
01-01 08:01:12.021 I/vold ( 519): [libfs_mgr]dt_fstab: Skip disabled entry for partition vendor
01-01 08:01:12.021 I/vold ( 519): [libfs_mgr]GetFstabPath()fstab_path:/odm/etc/fstab.default
01-01 08:01:12.021 I/vold ( 519): [libfs_mgr]GetFstabPath()fstab_path:/vendor/etc/fstab.default
01-01 08:01:12.021 I/vold ( 519): [libfs_mgr]GetFstabPath()fstab_path:/system/etc/fstab.default
01-01 08:01:12.021 I/vold ( 519): [libfs_mgr]GetFstabPath()fstab_path:/first_stage_ramdisk/system/etc/fstab.default
01-01 08:01:12.021 I/vold ( 519): [libfs_mgr]GetFstabPath()fstab_path:/fstab.default
01-01 08:01:12.021 I/vold ( 519): [libfs_mgr]GetFstabPath()fstab_path:/first_stage_ramdisk/fstab.default
01-01 08:01:12.021 I/vold ( 519): [libfs_mgr]GetFstabPath()fstab_path:/odm/etc/fstab.qcom
01-01 08:01:12.021 I/vold ( 519): [libfs_mgr]GetFstabPath()fstab_path:/vendor/etc/fstab.qcom
01-01 08:01:12.021 I/vold ( 519): [libfs_mgr]GetFstabPath()fstab_path.c_str():/vendor/etc/fstab.qcom
01-01 08:01:12.023 I/binder ( 0): 519:519 ioctl 40046210 7fe811e374 returned -22
01-01 08:01:12.024 D/vold ( 519): VoldNativeService::start() completed OK
01-01 08:01:12.023 I/binder ( 0): 519:519 ioctl 40046210 7fe811e314 returned -22
01-01 08:01:12.025 I/QISL ( 517): QSEE Interrupt Service Listener Thread is started
01-01 08:01:12.026 I/binder ( 0): 554:554 ioctl 40046210 7fc14eca34 returned -22
01-01 08:01:12.026 D/ProcessState( 0): Binder ioctl to enable oneway spam detection failed: Invalid argument
01-01 08:01:12.026 D/vdc ( 0): Waited 0ms for vold
01-01 08:01:12.030 E/NetlinkListener( 519): recvmsg failed (No buffer space available)
01-01 08:01:12.031 I/QISL ( 517): QSEE Interrupt Service Listener was activated successfully
01-01 08:01:12.031 D/SPL ( 517): Call QSEECom_register_listener()
01-01 08:01:12.032 D/SPL ( 517): Registered listener sucessfully!
01-01 08:01:12.032 D/SPL ( 517): pipe read-fd [32] write-fd [33]
01-01 08:01:12.032 D/SPL ( 517): Create thread
01-01 08:01:12.032 D/SPL ( 517): Thread created sucessfully.
01-01 08:01:12.032 D/SPL ( 517): spl_dispatch() started
01-01 08:01:12.032 D/SPL ( 517): ==== Wait For Request ======
01-01 08:01:12.034 W/subsys-pil-tz soc( 0): qcom,ipa_fws: Falling back to syfs fallback for: ipa_fws.mdt
01-01 08:01:12.036 I/init ( 0): wait for '/mnt/vendor/spunvm' took 0ms
01-01 08:01:12.050 I/binder ( 0): 568:568 ioctl 40046210 7ff007c434 returned -22
01-01 08:01:12.050 I/binder ( 0): 568:568 ioctl 40046210 7ff007c374 returned -22
01-01 08:01:12.064 D/spdaemon( 567): Firmware Name [spss2p].
01-01 08:01:12.064 D/spdaemon( 567): Prod FW.
01-01 08:01:12.064 D/spdaemon( 567): firmware_type [p].
01-01 08:01:12.064 D/spdaemon( 567): machine_name [SXR2130]
01-01 08:01:12.064 E/iardb ( 567): [iar_db_get_iar_state] failed to open file /mnt/vendor/spunvm/iar_db/iar_state.bin [13] [Permission denied]
01-01 08:01:12.064 D/iarlib ( 567): [iar_get_state] Can't get iar_state, return DISABLED
01-01 08:01:12.064 I/spdaemon( 567): IAR is not activated
01-01 08:01:12.064 D/spdaemon( 567): ------ going to start SP From kernel ------
01-01 08:01:12.064 I/spcomlib( 567): [spcom_restart_sp_subsystem] restart_sp starts
01-01 08:01:12.064 D/spcomlib( 567): [spcom_restart_sp_subsystem] restart_sp - Send PIL request [1]
01-01 08:01:12.064 I/ ( 0): SW_INIT_DONE - 2nd phase loading [spss] completed ok
01-01 08:01:12.064 I/ ( 0): PBL_DONE - 1st phase loading [spss] completed ok
01-01 08:01:12.066 D/spcomlib( 567): [spcom_restart_sp_subsystem] restart_sp - Restart SP command ok.
01-01 08:01:12.066 D/spcomlib( 567): [spcom_signal_event] event [0] [pil_called] EVENT_STATUS_SIGNALED
01-01 08:01:12.066 I/spcomlib( 567): [spcom_reset_all_app_loaded_prop] start reset all spcomlib apploaded props.
01-01 08:01:12.066 E/ ( 0): [drm:dp_display_init_aux_switch][msm-dp-err][5 ]failed to register notifier (-22)
01-01 08:01:12.067 E/register_client_adhoc( 0): find path.src 1 dest 589
01-01 08:01:12.067 E/register_client_adhoc( 0): Failed to find path.src 1 dest 589
01-01 08:01:12.070 I/wait_for_keymaster( 0): Waiting for Keymaster device
01-01 08:01:12.070 I/binder ( 0): 577:577 ioctl 40046210 7fea29c964 returned -22
01-01 08:01:12.070 D/ProcessState( 0): Binder ioctl to enable oneway spam detection failed: Invalid argument
01-01 08:01:12.080 I/binder ( 0): 569:569 ioctl 40046210 7ff9b23ad4 returned -22
01-01 08:01:12.085 I/binder ( 0): 569:580 ioctl 40046210 7a5f855154 returned -22
01-01 08:01:12.151 I/subsys-pil-tz soc( 0): qcom,ipa_fws: ipa_fws: loading from 0x0000000086810000 to 0x0000000086819000
01-01 08:01:12.153 W/subsys-pil-tz soc( 0): qcom,ipa_fws: Falling back to syfs fallback for: ipa_fws.b02
01-01 08:01:12.153 W/subsys-pil-tz soc( 0): qcom,ipa_fws: Falling back to syfs fallback for: ipa_fws.b03
01-01 08:01:12.153 W/subsys-pil-tz soc( 0): qcom,ipa_fws: Falling back to syfs fallback for: ipa_fws.b04
01-01 08:01:12.157 I/subsys-pil-tz soc( 0): qcom,ipa_fws: ipa_fws: Brought out of reset
01-01 08:01:12.157 I/ ( 0): IPA FW loaded successfully
01-01 08:01:12.158 E/gsi soc ( 0): qcom,msm_gsi: gsi_register_device:1203 GSI irq is wake enabled 34
01-01 08:01:12.159 I/ ( 0): rmnet_ipa3 started initialization
01-01 08:01:12.159 I/ ( 0): IPA SSR support = True
01-01 08:01:12.159 I/ ( 0): IPA SG support = True
01-01 08:01:12.159 I/ ( 0): IPA Napi Enable = True
01-01 08:01:12.159 I/ ( 0): using default for wan-rx-desc-size = 256
01-01 08:01:12.159 I/ ( 0): IPA driver initialization was successful.
01-01 08:01:12.159 W/subsys-pil-tz soc( 0): qcom,ipa_uc: Falling back to syfs fallback for: ipa_uc.mdt
01-01 08:01:12.159 E/ipa-wan ipa3_wwan_probe( 0): 2530 rmnet_ipa completed initialization
01-01 08:01:12.166 I/subsys-pil-tz soc( 0): qcom,ipa_uc: ipa_uc: loading from 0x0000000086800000 to 0x0000000086810000
01-01 08:01:12.168 W/subsys-pil-tz soc( 0): qcom,ipa_uc: Falling back to syfs fallback for: ipa_uc.b02
01-01 08:01:12.172 I/subsys-pil-tz soc( 0): qcom,ipa_uc: ipa_uc: Brought out of reset
01-01 08:01:12.172 E/ipa3_uc_wdi_event_log_info_handler( 0): 351 WDI protocol missing 0x21
01-01 08:01:12.172 E/ipa3_uc_ntn_event_log_info_handler( 0): 34 NTN stats ofst=0x500e0
01-01 08:01:13.070 W/ServiceManager( 0): Waited one second for android.system.keystore2.IKeystoreService/default (is service started? are binder threads started and available?)
01-01 08:01:13.071 I/wait_for_keymaster( 0): Keymaster device ready
01-01 08:01:13.074 I/binder ( 0): undelivered transaction 235, process died.
01-01 08:01:13.076 I/binder ( 0): 609:609 ioctl 40046210 7fe9d3b9a4 returned -22
01-01 08:01:13.076 D/ProcessState( 0): Binder ioctl to enable oneway spam detection failed: Invalid argument
01-01 08:01:13.076 D/vdc ( 0): Waited 0ms for vold
01-01 08:01:13.494 E/DTC_ETH,link_delay_work_func( 0): 3003, SQI=0, link=0
01-01 08:01:16.770 I/init ( 0): [libfs_mgr]Running /system/bin/fsck.f2fs -a -c 10000 --debug-cache /dev/block/sda15
01-01 08:01:16.773 I/fsck.f2fs( 0): Info: Fix the reported corruption.
01-01 08:01:16.774 I/fsck.f2fs( 0): Info: No support kernel version!
01-01 08:01:16.774 I/fsck.f2fs( 0): Info: Segments per section = 1
01-01 08:01:16.777 W/F2FS-fs (sda15)( 0): invalid crc_offset: 0
01-01 08:01:16.795 I/F2FS-fs (sda15)( 0): Found nat_bits in checkpoint
01-01 08:01:16.852 I/F2FS-fs (sda15)( 0): Mounted with checkpoint version = 35bbd0aa
01-01 08:01:16.852 I/init ( 0): [libfs_mgr]__mount(source=/dev/block/bootdevice/by-name/userdata,target=/data,type=f2fs)=0: Success
01-01 08:01:16.866 I/init ( 0): Calling: /system/bin/vdc cryptfs encryptFstab /dev/block/bootdevice/by-name/userdata /data false f2fs
01-01 08:01:16.870 I/binder ( 0): 616:616 ioctl 40046210 7fee68be14 returned -22
01-01 08:01:16.870 D/ProcessState( 0): Binder ioctl to enable oneway spam detection failed: Invalid argument
01-01 08:01:16.870 D/vdc ( 0): Waited 0ms for vold
01-01 08:01:16.870 D/vold ( 519): fscrypt_mount_metadata_encrypted: /data encrypt: 1 format: 0 with f2fs
01-01 08:01:16.870 D/vold ( 519): metadata_key_dir/key: /metadata/vold/metadata_encryption/key
01-01 08:01:16.898 D/vold ( 519): Created directory /metadata/vold/metadata_encryption
01-01 08:01:16.898 D/vold ( 519): Metadata key does not exist but ro.crypto.metadata_init_delete_all_keys.enabled is false
01-01 08:01:16.898 I/vold ( 519): Creating new key in /metadata/vold/metadata_encryption/key
01-01 08:01:16.898 D/vold ( 519): Generating wrapped storage key
01-01 08:01:16.900 E/vold ( 519): keystore2 Keystore generateKey returned service specific error: -67
01-01 08:01:16.900 W/vold ( 519): Failed to generate rollback-resistant key. This is expected if keymaster doesn't support rollback resistance. Falling back to non-rollback-resistant key.
01-01 08:01:16.905 D/vold ( 519): Generating "key storage" key
01-01 08:01:16.906 E/vold ( 519): keystore2 Keystore generateKey returned service specific error: -67
01-01 08:01:16.906 W/vold ( 519): Failed to generate rollback-resistant key. This is expected if keymaster doesn't support rollback resistance. Falling back to non-rollback-resistant key.
01-01 08:01:16.914 D/vold ( 519): Created key: /metadata/vold/metadata_encryption/key
