04-06 02:12:51.897 W/hpplay-java( 3295): [main]:IPManager:getActiveNets invalid networkInfo:null
04-06 02:12:51.897 I/hpplay-java( 3295): [main]:IPManager:getActiveNets eth0:false wifi:false mobile:false ap:false
04-06 02:12:51.897 I/hpplay-java( 3295): [main]:ServerTaskManager:get local ip:null
04-06 02:12:51.937 I/mpu_uart( 651): [MSG-P:RECV]:No message received in 1000 ms
04-06 02:12:52.113 W/adbd ( 3149): timed out while waiting for FUNCTIONFS_BIND, trying again
04-06 02:12:52.113 I/adbd ( 3149): UsbFfs: connection terminated: monitor thread finished
04-06 02:12:52.113 I/adbd ( 3149): UsbFfs: already offline
04-06 02:12:52.113 I/adbd ( 3149): destroying transport UsbFfs
04-06 02:12:52.114 I/adbd ( 3149): UsbFfsConnection being destroyed
04-06 02:12:52.137 I/adbd ( 3149): opening control endpoint /dev/usb-ffs/adb/ep0
04-06 02:12:52.138 I/adbd ( 3149): UsbFfsConnection constructed
04-06 02:12:52.139 I/adbd ( 3149): UsbFfs-monitor thread spawned
01-01 08:04:10.974 I/ ( 0): read descriptors
01-01 08:04:10.974 I/ ( 0): read strings
04-06 02:12:52.898 W/hpplay-java( 3295): [main]:IPManager:getActiveNets invalid networkInfo:null
04-06 02:12:52.898 I/hpplay-java( 3295): [main]:IPManager:getActiveNets eth0:false wifi:false mobile:false ap:false
04-06 02:12:52.899 I/hpplay-java( 3295): [main]:ServerTaskManager:get local ip:null
04-06 02:12:52.937 I/mpu_uart( 651): [MSG-P:RECV]:No message received in 1000 ms
04-06 02:12:53.038 I/mpu_uart( 651): [MSG-P:R]:recv sync frame timeout
04-06 02:12:53.140 W/adbd ( 3149): timed out while waiting for FUNCTIONFS_BIND, trying again
04-06 02:12:53.140 I/adbd ( 3149): UsbFfs: connection terminated: monitor thread finished
04-06 02:12:53.141 I/adbd ( 3149): UsbFfs: already offline
04-06 02:12:53.141 I/adbd ( 3149): destroying transport UsbFfs
04-06 02:12:53.141 I/adbd ( 3149): UsbFfsConnection being destroyed
04-06 02:12:53.153 I/adbd ( 3149): opening control endpoint /dev/usb-ffs/adb/ep0
04-06 02:12:53.155 I/adbd ( 3149): UsbFfsConnection constructed
04-06 02:12:53.156 I/adbd ( 3149): UsbFfs-monitor thread spawned
01-01 08:04:11.991 I/ ( 0): read descriptors
01-01 08:04:11.991 I/ ( 0): read strings
01-01 08:04:12.422 E/DTC_ETH,link_delay_work_func( 0): 3003, SQI=0, link=0
04-06 02:12:53.814 I/OpenGLRenderer( 2963): Davey! duration=9223371851595ms; Flags=0, FrameTimelineVsyncId=3541, IntendedVsync=185259017541, Vsync=185259017541, InputEventId=971044182, HandleInputStart=185259441958, AnimationStart=185259443417, PerformTraversalsStart=185259444823, DrawStart=185259536125, FrameDeadline=185275684207, FrameInterval=185259438156, FrameStartTime=16666666, SyncQueued=185265183208, SyncStart=185265406802, IssueDrawCommandsStart=185266108885, SwapBuffers=185269466750, FrameCompleted=9223372036854775807, DequeueBufferDuration=38542, QueueBufferDuration=790834, GpuCompleted=9223372036854775807, SwapBuffersCompleted=185270781385, DisplayPresentTime=-1,
04-06 02:12:53.901 W/hpplay-java( 3295): [main]:IPManager:getActiveNets invalid networkInfo:null
04-06 02:12:53.901 I/hpplay-java( 3295): [main]:IPManager:getActiveNets eth0:false wifi:false mobile:false ap:false
04-06 02:12:53.901 I/hpplay-java( 3295): [main]:ServerTaskManager:get local ip:null
04-06 02:12:53.938 I/mpu_uart( 651): [MSG-P:RECV]:No message received in 1000 ms
04-06 02:12:54.157 W/adbd ( 3149): timed out while waiting for FUNCTIONFS_BIND, trying again
04-06 02:12:54.157 I/adbd ( 3149): UsbFfs: connection terminated: monitor thread finished
04-06 02:12:54.158 I/adbd ( 3149): UsbFfs: already offline
04-06 02:12:54.158 I/adbd ( 3149): destroying transport UsbFfs
04-06 02:12:54.158 I/adbd ( 3149): UsbFfsConnection being destroyed
04-06 02:12:54.173 I/adbd ( 3149): opening control endpoint /dev/usb-ffs/adb/ep0
04-06 02:12:54.174 I/adbd ( 3149): UsbFfsConnection constructed
04-06 02:12:54.174 I/adbd ( 3149): UsbFfs-monitor thread spawned
01-01 08:04:13.010 I/ ( 0): read descriptors
01-01 08:04:13.011 I/ ( 0): read strings
04-06 02:12:54.185 D/CompatibilityChangeReporter( 2963): Compat change id reported: 147798919; UID 1000; state: ENABLED
04-06 02:12:54.212 D/BaseIconFactory( 2363): normalizeAndWrapToAdaptiveIcon: scale=0.8095146
01-01 08:04:13.135 I/init ( 0): Sending signal 9 to service 'idmap2d' (pid 5144) process group...
04-06 02:12:54.301 W/OverlayManager( 1508): service 'idmap' died
01-01 08:04:13.140 I/libprocessgroup( 0): Successfully killed process cgroup uid 1000 pid 5144 in 5ms
01-01 08:04:13.141 I/init ( 0): Control message: Processed ctl.stop for 'idmap2d' from pid: 1508 (system_server)
01-01 08:04:13.142 I/init ( 0): Service 'idmap2d' (pid 5144) received signal 9
04-06 02:12:54.349 I/NotificationService( 1508): cancelToast pkg=com.android.settings token=android.os.BinderProxy@735ae07
04-06 02:12:54.531 I/NotificationService( 1508): cancelToast pkg=com.android.settings token=android.os.BinderProxy@87523a3
04-06 02:12:54.532 W/ToastUI ( 2363): Attempt to hide non-current toast from package com.android.settings
04-06 02:12:54.623 W/InputManager-JNI( 1508): Input channel object '641ee88 Toast (client)' was disposed without first being removed with the input manager!
04-06 02:12:54.629 W/NotificationService( 1508): Toast already killed. pkg=com.android.settings token=android.os.BinderProxy@735ae07
04-06 02:12:54.699 I/NotificationService( 1508): cancelToast pkg=com.android.settings token=android.os.BinderProxy@40ac2f6
04-06 02:12:54.870 I/NotificationService( 1508): cancelToast pkg=com.android.settings token=android.os.BinderProxy@9c63b93
04-06 02:12:54.871 W/ToastUI ( 2363): Attempt to hide non-current toast from package com.android.settings
04-06 02:12:54.874 I/ActivityManager( 1508): Killing 4171:com.android.shell/2000 (adj 935): change com.android.shell
04-06 02:12:54.883 I/libprocessgroup( 1508): Successfully killed process cgroup uid 2000 pid 4171 in 0ms
04-06 02:12:54.885 I/Telecom ( 1508): DefaultDialerCache: Refreshing default dialer for user 0: now null: DDC.oR@AB4
04-06 02:12:54.885 D/CompanionDeviceManagerService( 1508): onPackageModified(packageName = com.android.shell)
04-06 02:12:54.887 D/Avrcp_ext( 2345): AvrcpServiceBroadcastReceiver-> Action: android.intent.action.PACKAGE_CHANGED
04-06 02:12:54.887 D/Avrcp_ext( 2345): AvrcpServiceBroadcastReceiver-> packageName: com.android.shell
04-06 02:12:54.887 D/Avrcp_ext( 2345): packageName: com.android.shell removed: false
04-06 02:12:54.887 I/InputReader( 1508): Reconfiguring input devices, changes=KEYBOARD_LAYOUTS |
04-06 02:12:54.889 I/RoleService( 1508): Granting default roles...
04-06 02:12:54.893 D/Avrcp_ext( 2345): isBrowsableListUpdated: browsable list size mismatch, true
04-06 02:12:54.893 D/Avrcp_ext( 2345): buildBrowsablePlayerList
04-06 02:12:54.898 D/Avrcp_ext( 2345): Adding media player info for com.android.bluetooth with id 1
04-06 02:12:54.898 D/Avrcp_ext( 2345): update #1:MediaPlayerInfo com.android.bluetooth (as '蓝牙') Type = 1, SubType = 0, Status = 0 Feature Bits [40 41 42 44 45 47 48 58] Controller: null
04-06 02:12:54.898 D/Avrcp_ext( 2345): Added MediaPlayerController/MediaPlayerPackage
04-06 02:12:54.899 D/Avrcp_ext( 2345): Adding media player info for com.microsoft.emmx with id 2
04-06 02:12:54.899 D/Avrcp_ext( 2345): update #2:MediaPlayerInfo com.microsoft.emmx (as 'Edge') Type = 1, SubType = 0, Status = 0 Feature Bits [40 41 42 44 45 47 48 58] Controller: null
04-06 02:12:54.899 D/Avrcp_ext( 2345): Added MediaPlayerController/MediaPlayerPackage
04-06 02:12:54.899 D/CompatibilityInfo( 1508): mCompatibilityFlags - 4
04-06 02:12:54.899 D/CompatibilityInfo( 1508): applicationDensity - 240
04-06 02:12:54.899 D/CompatibilityInfo( 1508): applicationScale - 1.0
04-06 02:12:54.900 W/Avrcp_ext( 2345): isMusicActive: false getBluetoothPlayState: 2 A2dp State: 11 mAudioPlaybackIsActive: false
04-06 02:12:54.900 W/Avrcp_ext( 2345): updateCurrentMediaState: isPlaying = false
04-06 02:12:54.900 D/Avrcp_ext( 2345): isPackageNameValid: browsedPackage = isValid = false
04-06 02:12:54.900 D/HeadsetService( 2345): getHeadsetService(): returning com.android.bluetooth.hfp.HeadsetService@3e66d62
04-06 02:12:54.900 D/HeadsetService( 2345): isAudioOn: The number of audio connected devices 0
04-06 02:12:54.900 D/HeadsetService( 2345): isScoOrCallActive(): Call Active:falseCall is Ringing:falseSCO is Active:false
04-06 02:12:54.900 D/HeadsetService( 2345): isAudioOn: The number of audio connected devices 0
04-06 02:12:54.900 I/Avrcp_ext( 2345): updatePlayStatusForDevice: device: null
04-06 02:12:54.901 D/UsageGraph( 2963): Enabled state changed for some tiles, reloading all categories {com.android.settings/com.android.settings.Settings$DevelopmentSettingsDashboardActivity},
04-06 02:12:54.901 I/Avrcp_ext( 2345): Exit updatePlayStatusForDevice
04-06 02:12:54.901 D/HeadsetService( 2345): isAudioOn: The number of audio connected devices 0
04-06 02:12:54.901 D/HeadsetService( 2345): isScoOrCallActive(): Call Active:falseCall is Ringing:falseSCO is Active:false
04-06 02:12:54.901 D/HeadsetService( 2345): isAudioOn: The number of audio connected devices 0
04-06 02:12:54.901 I/Avrcp_ext( 2345): updatePlayStatusForDevice: device: null
04-06 02:12:54.901 I/Avrcp_ext( 2345): Exit updatePlayStatusForDevice
04-06 02:12:54.901 W/ActivityManager( 1508): ProcessRecord{39850bd 0:com.android.shell/2000} is attached to a previous process 4171
04-06 02:12:54.901 D/HeadsetService( 2345): isAudioOn: The number of audio connected devices 0
04-06 02:12:54.901 D/HeadsetService( 2345): isScoOrCallActive(): Call Active:falseCall is Ringing:falseSCO is Active:false
04-06 02:12:54.901 D/HeadsetService( 2345): isAudioOn: The number of audio connected devices 0
04-06 02:12:54.901 I/Avrcp_ext( 2345): updatePlayStatusForDevice: device: null
04-06 02:12:54.901 I/Avrcp_ext( 2345): Exit updatePlayStatusForDevice
04-06 02:12:54.901 D/HeadsetService( 2345): isAudioOn: The number of audio connected devices 0
04-06 02:12:54.901 D/HeadsetService( 2345): isScoOrCallActive(): Call Active:falseCall is Ringing:falseSCO is Active:false
04-06 02:12:54.901 D/HeadsetService( 2345): isAudioOn: The number of audio connected devices 0
04-06 02:12:54.901 I/Avrcp_ext( 2345): updatePlayStatusForDevice: device: null
04-06 02:12:54.901 I/Avrcp_ext( 2345): Exit updatePlayStatusForDevice
04-06 02:12:54.901 I/ActivityManager( 1508): com.android.shell is exempt from freezer
04-06 02:12:54.901 D/HeadsetService( 2345): isAudioOn: The number of audio connected devices 0
04-06 02:12:54.901 D/HeadsetService( 2345): isScoOrCallActive(): Call Active:falseCall is Ringing:falseSCO is Active:false
04-06 02:12:54.901 D/HeadsetService( 2345): isAudioOn: The number of audio connected devices 0
04-06 02:12:54.902 I/Avrcp_ext( 2345): updatePlayStatusForDevice: device: null
04-06 02:12:54.902 I/Avrcp_ext( 2345): Exit updatePlayStatusForDevice
04-06 02:12:54.902 D/Avrcp_ext( 2345): Enter sendPlayPosNotificationRsp
04-06 02:12:54.902 D/Avrcp_ext( 2345): sendPlayPosNotificationRsp: Not registered or requesting.
04-06 02:12:54.902 D/Avrcp_ext( 2345): Enter sendPlayPosNotificationRsp
04-06 02:12:54.902 D/Avrcp_ext( 2345): sendPlayPosNotificationRsp: Not registered or requesting.
04-06 02:12:54.902 D/CompatibilityChangeReporter( 1508): Compat change id reported: 135634846; UID 2000; state: DISABLED
04-06 02:12:54.902 D/Avrcp_ext( 2345): Enter sendPlayPosNotificationRsp
04-06 02:12:54.902 D/Avrcp_ext( 2345): sendPlayPosNotificationRsp: Not registered or requesting.
04-06 02:12:54.902 D/Avrcp_ext( 2345): Enter sendPlayPosNotificationRsp
04-06 02:12:54.902 D/Avrcp_ext( 2345): sendPlayPosNotificationRsp: Not registered or requesting.
04-06 02:12:54.902 D/Avrcp_ext( 2345): Enter sendPlayPosNotificationRsp
04-06 02:12:54.902 D/CompatibilityChangeReporter( 1508): Compat change id reported: 177438394; UID 2000; state: DISABLED
04-06 02:12:54.902 D/Avrcp_ext( 2345): sendPlayPosNotificationRsp: Not registered or requesting.
04-06 02:12:54.902 D/Avrcp_ext( 2345): Exit handlePackageModified
04-06 02:12:54.902 D/CompatibilityChangeReporter( 1508): Compat change id reported: 135772972; UID 2000; state: DISABLED
04-06 02:12:54.902 D/CompatibilityChangeReporter( 1508): Compat change id reported: 135754954; UID 2000; state: ENABLED
04-06 02:12:54.904 I/PermissionControllerServiceImpl( 2365): Updating user sensitive for uid 2000
04-06 02:12:54.905 W/hpplay-java( 3295): [main]:IPManager:getActiveNets invalid networkInfo:null
04-06 02:12:54.905 I/hpplay-java( 3295): [main]:IPManager:getActiveNets eth0:false wifi:false mobile:false ap:false
04-06 02:12:54.906 I/hpplay-java( 3295): [main]:ServerTaskManager:get local ip:null
04-06 02:12:54.906 W/Role ( 2365): Cannot get ApplicationInfo for default holder: com.android.contacts
04-06 02:12:54.915 W/Searchables( 1508): No global search activity found
04-06 02:12:54.916 W/VoiceInteractionManager( 1508): no available voice recognition services found for user 0
04-06 02:12:54.916 D/BaseModelUpdateTask( 2826): BaseModelUpdateTask constructor
04-06 02:12:54.916 D/BaseModelUpdateTask( 2826): java.lang.Exception
04-06 02:12:54.916 D/BaseModelUpdateTask( 2826): at com.android.launcher3.model.BaseModelUpdateTask.(BaseModelUpdateTask.java:57)
04-06 02:12:54.916 D/BaseModelUpdateTask( 2826): at com.android.launcher3.model.PackageUpdatedTask.(PackageUpdatedTask.java:88)
04-06 02:12:54.916 D/BaseModelUpdateTask( 2826): at com.android.launcher3.LauncherModel.onPackageChanged(LauncherModel.java:156)
04-06 02:12:54.916 D/BaseModelUpdateTask( 2826): at android.content.pm.LauncherApps$CallbackMessageHandler.handleMessage(LauncherApps.java:1805)
04-06 02:12:54.916 D/BaseModelUpdateTask( 2826): at android.os.Handler.dispatchMessage(Handler.java:106)
04-06 02:12:54.916 D/BaseModelUpdateTask( 2826): at android.os.Looper.loopOnce(Looper.java:201)
04-06 02:12:54.916 D/BaseModelUpdateTask( 2826): at android.os.Looper.loop(Looper.java:288)
04-06 02:12:54.916 D/BaseModelUpdateTask( 2826): at android.app.ActivityThread.main(ActivityThread.java:7880)
04-06 02:12:54.916 D/BaseModelUpdateTask( 2826): at java.lang.reflect.Method.invoke(Native Method)
04-06 02:12:54.916 D/BaseModelUpdateTask( 2826): at com.android.internal.os.RuntimeInit$MethodAndArgsCaller.run(RuntimeInit.java:548)
04-06 02:12:54.916 D/BaseModelUpdateTask( 2826): at com.android.internal.os.ZygoteInit.main(ZygoteInit.java:1009)
04-06 02:12:54.917 D/PackageUpdatedTask( 2826): PackageUpdatedTask constructor: op=2,user=UserHandle{0},packages=[com.android.shell]
04-06 02:12:54.917 D/PackageUpdatedTask( 2826): java.lang.Exception
04-06 02:12:54.917 D/PackageUpdatedTask( 2826): at com.android.launcher3.model.PackageUpdatedTask.(PackageUpdatedTask.java:93)
04-06 02:12:54.917 D/PackageUpdatedTask( 2826): at com.android.launcher3.LauncherModel.onPackageChanged(LauncherModel.java:156)
04-06 02:12:54.917 D/PackageUpdatedTask( 2826): at android.content.pm.LauncherApps$CallbackMessageHandler.handleMessage(LauncherApps.java:1805)
04-06 02:12:54.917 D/PackageUpdatedTask( 2826): at android.os.Handler.dispatchMessage(Handler.java:106)
04-06 02:12:54.917 D/PackageUpdatedTask( 2826): at android.os.Looper.loopOnce(Looper.java:201)
04-06 02:12:54.917 D/PackageUpdatedTask( 2826): at android.os.Looper.loop(Looper.java:288)
04-06 02:12:54.917 D/PackageUpdatedTask( 2826): at android.app.ActivityThread.main(ActivityThread.java:7880)
04-06 02:12:54.917 D/PackageUpdatedTask( 2826): at java.lang.reflect.Method.invoke(Native Method)
04-06 02:12:54.917 D/PackageUpdatedTask( 2826): at com.android.internal.os.RuntimeInit$MethodAndArgsCaller.run(RuntimeInit.java:548)
04-06 02:12:54.917 D/PackageUpdatedTask( 2826): at com.android.internal.os.ZygoteInit.main(ZygoteInit.java:1009)
04-06 02:12:54.920 D/BaseModelUpdateTask( 2826): BaseModelUpdateTask constructor
04-06 02:12:54.920 D/BaseModelUpdateTask( 2826): java.lang.Exception
04-06 02:12:54.920 D/BaseModelUpdateTask( 2826): at com.android.launcher3.model.BaseModelUpdateTask.(BaseModelUpdateTask.java:57)
04-06 02:12:54.920 D/BaseModelUpdateTask( 2826): at com.android.launcher3.LauncherModel$6.(LauncherModel.java:605)
04-06 02:12:54.920 D/BaseModelUpdateTask( 2826): at com.android.launcher3.LauncherModel.refreshAndBindWidgetsAndShortcuts(LauncherModel.java:605)
04-06 02:12:54.920 D/BaseModelUpdateTask( 2826): at com.android.launcher3.Launcher.refreshAndBindWidgetsForPackageUser(Launcher.java:2878)
04-06 02:12:54.920 D/BaseModelUpdateTask( 2826): at com.android.launcher3.model.PackageUpdatedTask.execute(PackageUpdatedTask.java:139)
04-06 02:12:54.920 D/BaseModelUpdateTask( 2826): at com.android.launcher3.model.BaseModelUpdateTask.run(BaseModelUpdateTask.java:80)
04-06 02:12:54.920 D/BaseModelUpdateTask( 2826): at android.os.Handler.handleCallback(Handler.java:938)
04-06 02:12:54.920 D/BaseModelUpdateTask( 2826): at android.os.Handler.dispatchMessage(Handler.java:99)
04-06 02:12:54.920 D/BaseModelUpdateTask( 2826): at android.os.Looper.loopOnce(Looper.java:201)
04-06 02:12:54.920 D/BaseModelUpdateTask( 2826): at android.os.Looper.loop(Looper.java:288)
04-06 02:12:54.920 D/BaseModelUpdateTask( 2826): at android.os.HandlerThread.run(HandlerThread.java:67)
04-06 02:12:54.921 I/CategoryMixin( 2963): Tile added: com.android.settings/.Settings$DevelopmentSettingsDashboardActivity
04-06 02:12:54.923 D/BaseIconFactory( 2826): normalizeAndWrapToAdaptiveIcon: scale=0.80950594
04-06 02:12:54.929 W/Role ( 2365): Cannot get ApplicationInfo for default holder: com.android.messaging
04-06 02:12:54.935 I/WidgetsModel( 2826): found whitelist widget: com.android.gallery3d, label: 照片, sectionName:T
04-06 02:12:54.935 I/WidgetsModel( 2826): found whitelist widget: com.android.settings, label: 设置快捷方式, sectionName:S
04-06 02:12:54.935 I/WidgetsModel( 2826): found whitelist widget: com.android.systemui, label: 对话, sectionName:D
04-06 02:12:54.935 I/WidgetsModel( 2826): found whitelist widget: com.android.music, label: 音乐, sectionName:Y
04-06 02:12:54.938 I/mpu_uart( 651): [MSG-P:RECV]:No message received in 1000 ms
04-06 02:12:54.939 D/BaseModelUpdateTask( 2826): BaseModelUpdateTask constructor
04-06 02:12:54.939 D/BaseModelUpdateTask( 2826): java.lang.Exception
04-06 02:12:54.939 D/BaseModelUpdateTask( 2826): at com.android.launcher3.model.BaseModelUpdateTask.(BaseModelUpdateTask.java:57)
04-06 02:12:54.939 D/BaseModelUpdateTask( 2826): at com.android.launcher3.model.AddWorkspaceItemsTask.(AddWorkspaceItemsTask.java:58)
04-06 02:12:54.939 D/BaseModelUpdateTask( 2826): at com.android.launcher3.LauncherModel.addAndBindAddedWorkspaceItems(LauncherModel.java:145)
04-06 02:12:54.939 D/BaseModelUpdateTask( 2826): at com.android.launcher3.model.PackageUpdatedTask.updateToWorkSpace(PackageUpdatedTask.java:406)
04-06 02:12:54.939 D/BaseModelUpdateTask( 2826): at com.android.launcher3.model.PackageUpdatedTask.execute(PackageUpdatedTask.java:370)
04-06 02:12:54.939 D/BaseModelUpdateTask( 2826): at com.android.launcher3.model.BaseModelUpdateTask.run(BaseModelUpdateTask.java:80)
04-06 02:12:54.939 D/BaseModelUpdateTask( 2826): at android.os.Handler.handleCallback(Handler.java:938)
04-06 02:12:54.939 D/BaseModelUpdateTask( 2826): at android.os.Handler.dispatchMessage(Handler.java:99)
04-06 02:12:54.939 D/BaseModelUpdateTask( 2826): at android.os.Looper.loopOnce(Looper.java:201)
04-06 02:12:54.939 D/BaseModelUpdateTask( 2826): at android.os.Looper.loop(Looper.java:288)
04-06 02:12:54.939 D/BaseModelUpdateTask( 2826): at android.os.HandlerThread.run(HandlerThread.java:67)
04-06 02:12:54.944 I/Zygote ( 672): Process 4171 exited due to signal 9 (Killed)
04-06 02:12:54.959 D/Zygote ( 672): Forked child process 5183
04-06 02:12:54.959 W/ActivityManager( 1508): Slow operation: 58ms so far, now at startProcess: returned from zygote!
04-06 02:12:54.959 W/ActivityManager( 1508): Slow operation: 58ms so far, now at startProcess: done updating battery stats
04-06 02:12:54.959 W/ActivityManager( 1508): Slow operation: 58ms so far, now at startProcess: building log message
04-06 02:12:54.959 I/ActivityManager( 1508): Start proc 5183:com.android.shell/2000 for content provider {com.android.shell/com.android.shell.BugreportStorageProvider}
04-06 02:12:54.959 W/ActivityManager( 1508): Slow operation: 58ms so far, now at startProcess: starting to update pids map
04-06 02:12:54.960 W/ActivityManager( 1508): Slow operation: 58ms so far, now at startProcess: done updating pids map
04-06 02:12:54.962 W/InputManager-JNI( 1508): Input channel object 'ef9641b Toast (client)' was disposed without first being removed with the input manager!
04-06 02:12:54.967 W/NotificationService( 1508): Toast already killed. pkg=com.android.settings token=android.os.BinderProxy@40ac2f6
04-06 02:12:54.978 E/m.android.shel( 5183): Not starting debugger since process cannot load the jdwp agent.
04-06 02:12:54.981 D/ProcessState( 5183): Binder ioctl to enable oneway spam detection failed: Invalid argument
01-01 08:04:13.818 I/binder ( 0): 5183:5183 ioctl 40046210 7fd41ed904 returned -22
04-06 02:12:54.987 D/CompatibilityChangeReporter( 1508): Compat change id reported: 168419799; UID 2000; state: DISABLED
04-06 02:12:54.987 D/CompatibilityInfo( 1508): mCompatibilityFlags - 4
04-06 02:12:54.987 D/CompatibilityInfo( 1508): applicationDensity - 240
04-06 02:12:54.987 D/CompatibilityInfo( 1508): applicationScale - 1.0
04-06 02:12:54.995 D/CompatibilityChangeReporter( 5183): Compat change id reported: 171979766; UID 2000; state: ENABLED
04-06 02:12:55.012 I/Perf ( 5183): Connecting to perf service.
04-06 02:12:55.018 D/NetworkSecurityConfig( 5183): No Network Security Config specified, using platform default
04-06 02:12:55.018 D/NetworkSecurityConfig( 5183): No Network Security Config specified, using platform default
04-06 02:12:55.176 W/adbd ( 3149): timed out while waiting for FUNCTIONFS_BIND, trying again
04-06 02:12:55.176 I/adbd ( 3149): UsbFfs: connection terminated: monitor thread finished
04-06 02:12:55.176 I/adbd ( 3149): UsbFfs: already offline
04-06 02:12:55.176 I/adbd ( 3149): destroying transport UsbFfs
04-06 02:12:55.177 I/adbd ( 3149): UsbFfsConnection being destroyed
04-06 02:12:55.190 I/adbd ( 3149): opening control endpoint /dev/usb-ffs/adb/ep0
01-01 08:04:14.027 I/ ( 0): read descriptors
01-01 08:04:14.027 I/ ( 0): read strings
04-06 02:12:55.192 I/adbd ( 3149): UsbFfsConnection constructed
04-06 02:12:55.193 I/adbd ( 3149): UsbFfs-monitor thread spawned
04-06 02:12:55.908 W/hpplay-java( 3295): [main]:IPManager:getActiveNets invalid networkInfo:null
04-06 02:12:55.909 I/hpplay-java( 3295): [main]:IPManager:getActiveNets eth0:false wifi:false mobile:false ap:false
04-06 02:12:55.909 I/hpplay-java( 3295): [main]:ServerTaskManager:get local ip:null
01-01 08:04:14.754 I/init ( 0): starting service 'idmap2d'...
04-06 02:12:55.914 D/Avrcp_ext( 2345): AvrcpServiceBroadcastReceiver-> Action: android.intent.action.PACKAGE_CHANGED
04-06 02:12:55.914 D/Avrcp_ext( 2345): AvrcpServiceBroadcastReceiver-> packageName: com.android.settings
04-06 02:12:55.914 D/Avrcp_ext( 2345): packageName: com.android.settings removed: false
04-06 02:12:55.918 I/RoleService( 1508): Granting default roles...
04-06 02:12:55.919 I/InputReader( 1508): Reconfiguring input devices, changes=KEYBOARD_LAYOUTS |
04-06 02:12:55.922 I/Telecom ( 1508): DefaultDialerCache: Refreshing default dialer for user 0: now null: DDC.oR@AB8
04-06 02:12:55.922 D/CompanionDeviceManagerService( 1508): onPackageModified(packageName = com.android.settings)
04-06 02:12:55.923 W/Searchables( 1508): No global search activity found
04-06 02:12:55.925 D/Avrcp_ext( 2345): isBrowsableListUpdated: browsable list size mismatch, true
04-06 02:12:55.925 D/Avrcp_ext( 2345): buildBrowsablePlayerList
04-06 02:12:55.925 W/Role ( 2365): Cannot get ApplicationInfo for default holder: com.android.contacts
04-06 02:12:55.925 I/PermissionControllerServiceImpl( 2365): Updating user sensitive for uid 1000
04-06 02:12:55.929 D/Avrcp_ext( 2345): Adding media player info for com.android.bluetooth with id 1
04-06 02:12:55.929 D/Avrcp_ext( 2345): update #1:MediaPlayerInfo com.android.bluetooth (as '蓝牙') Type = 1, SubType = 0, Status = 0 Feature Bits [40 41 42 44 45 47 48 58] Controller: null
04-06 02:12:55.929 D/Avrcp_ext( 2345): Added MediaPlayerController/MediaPlayerPackage
04-06 02:12:55.930 D/Avrcp_ext( 2345): Adding media player info for com.microsoft.emmx with id 2
04-06 02:12:55.930 D/Avrcp_ext( 2345): update #2:MediaPlayerInfo com.microsoft.emmx (as 'Edge') Type = 1, SubType = 0, Status = 0 Feature Bits [40 41 42 44 45 47 48 58] Controller: null
04-06 02:12:55.930 D/Avrcp_ext( 2345): Added MediaPlayerController/MediaPlayerPackage
04-06 02:12:55.932 W/Avrcp_ext( 2345): isMusicActive: false getBluetoothPlayState: 2 A2dp State: 11 mAudioPlaybackIsActive: false
04-06 02:12:55.932 W/Avrcp_ext( 2345): updateCurrentMediaState: isPlaying = false
04-06 02:12:55.932 D/Avrcp_ext( 2345): isPackageNameValid: browsedPackage = isValid = false
04-06 02:12:55.932 D/HeadsetService( 2345): getHeadsetService(): returning com.android.bluetooth.hfp.HeadsetService@3e66d62
04-06 02:12:55.934 D/HeadsetService( 2345): isAudioOn: The number of audio connected devices 0
04-06 02:12:55.934 D/HeadsetService( 2345): isScoOrCallActive(): Call Active:falseCall is Ringing:falseSCO is Active:false
04-06 02:12:55.934 D/HeadsetService( 2345): isAudioOn: The number of audio connected devices 0
04-06 02:12:55.934 I/Avrcp_ext( 2345): updatePlayStatusForDevice: device: null
04-06 02:12:55.934 I/Avrcp_ext( 2345): Exit updatePlayStatusForDevice
04-06 02:12:55.934 D/HeadsetService( 2345): isAudioOn: The number of audio connected devices 0
04-06 02:12:55.934 D/HeadsetService( 2345): isScoOrCallActive(): Call Active:falseCall is Ringing:falseSCO is Active:false
04-06 02:12:55.934 D/HeadsetService( 2345): isAudioOn: The number of audio connected devices 0
04-06 02:12:55.934 I/Avrcp_ext( 2345): updatePlayStatusForDevice: device: null
04-06 02:12:55.934 I/Avrcp_ext( 2345): Exit updatePlayStatusForDevice
04-06 02:12:55.934 D/HeadsetService( 2345): isAudioOn: The number of audio connected devices 0
04-06 02:12:55.934 D/HeadsetService( 2345): isScoOrCallActive(): Call Active:falseCall is Ringing:falseSCO is Active:false
04-06 02:12:55.934 D/HeadsetService( 2345): isAudioOn: The number of audio connected devices 0
04-06 02:12:55.934 I/Avrcp_ext( 2345): updatePlayStatusForDevice: device: null
04-06 02:12:55.934 I/Avrcp_ext( 2345): Exit updatePlayStatusForDevice
04-06 02:12:55.934 D/HeadsetService( 2345): isAudioOn: The number of audio connected devices 0
04-06 02:12:55.934 D/HeadsetService( 2345): isScoOrCallActive(): Call Active:falseCall is Ringing:falseSCO is Active:false
04-06 02:12:55.934 D/HeadsetService( 2345): isAudioOn: The number of audio connected devices 0
04-06 02:12:55.934 I/Avrcp_ext( 2345): updatePlayStatusForDevice: device: null
04-06 02:12:55.934 W/VoiceInteractionManager( 1508): no available voice recognition services found for user 0
04-06 02:12:55.934 I/Avrcp_ext( 2345): Exit updatePlayStatusForDevice
04-06 02:12:55.934 D/HeadsetService( 2345): isAudioOn: The number of audio connected devices 0
04-06 02:12:55.934 D/HeadsetService( 2345): isScoOrCallActive(): Call Active:falseCall is Ringing:falseSCO is Active:false
04-06 02:12:55.934 D/HeadsetService( 2345): isAudioOn: The number of audio connected devices 0
04-06 02:12:55.934 I/Avrcp_ext( 2345): updatePlayStatusForDevice: device: null
04-06 02:12:55.934 I/Avrcp_ext( 2345): Exit updatePlayStatusForDevice
04-06 02:12:55.934 D/Avrcp_ext( 2345): Enter sendPlayPosNotificationRsp
04-06 02:12:55.934 D/Avrcp_ext( 2345): sendPlayPosNotificationRsp: Not registered or requesting.
04-06 02:12:55.934 D/Avrcp_ext( 2345): Enter sendPlayPosNotificationRsp
04-06 02:12:55.934 D/Avrcp_ext( 2345): sendPlayPosNotificationRsp: Not registered or requesting.
04-06 02:12:55.934 D/Avrcp_ext( 2345): Enter sendPlayPosNotificationRsp
04-06 02:12:55.934 D/Avrcp_ext( 2345): sendPlayPosNotificationRsp: Not registered or requesting.
04-06 02:12:55.934 D/Avrcp_ext( 2345): Enter sendPlayPosNotificationRsp
04-06 02:12:55.934 D/Avrcp_ext( 2345): sendPlayPosNotificationRsp: Not registered or requesting.
04-06 02:12:55.934 D/Avrcp_ext( 2345): Enter sendPlayPosNotificationRsp
04-06 02:12:55.934 D/Avrcp_ext( 2345): sendPlayPosNotificationRsp: Not registered or requesting.
04-06 02:12:55.934 D/Avrcp_ext( 2345): Exit handlePackageModified
04-06 02:12:55.935 D/BaseModelUpdateTask( 2826): BaseModelUpdateTask constructor
04-06 02:12:55.935 D/BaseModelUpdateTask( 2826): java.lang.Exception
04-06 02:12:55.935 D/BaseModelUpdateTask( 2826): at com.android.launcher3.model.BaseModelUpdateTask.(BaseModelUpdateTask.java:57)
04-06 02:12:55.935 D/BaseModelUpdateTask( 2826): at com.android.launcher3.model.PackageUpdatedTask.(PackageUpdatedTask.java:88)
04-06 02:12:55.935 D/BaseModelUpdateTask( 2826): at com.android.launcher3.LauncherModel.onPackageChanged(LauncherModel.java:156)
04-06 02:12:55.935 D/BaseModelUpdateTask( 2826): at android.content.pm.LauncherApps$CallbackMessageHandler.handleMessage(LauncherApps.java:1805)
04-06 02:12:55.935 D/BaseModelUpdateTask( 2826): at android.os.Handler.dispatchMessage(Handler.java:106)
04-06 02:12:55.935 D/BaseModelUpdateTask( 2826): at android.os.Looper.loopOnce(Looper.java:201)
04-06 02:12:55.935 D/BaseModelUpdateTask( 2826): at android.os.Looper.loop(Looper.java:288)
04-06 02:12:55.935 D/BaseModelUpdateTask( 2826): at android.app.ActivityThread.main(ActivityThread.java:7880)
04-06 02:12:55.935 D/BaseModelUpdateTask( 2826): at java.lang.reflect.Method.invoke(Native Method)
04-06 02:12:55.935 D/BaseModelUpdateTask( 2826): at com.android.internal.os.RuntimeInit$MethodAndArgsCaller.run(RuntimeInit.java:548)
04-06 02:12:55.935 D/BaseModelUpdateTask( 2826): at com.android.internal.os.ZygoteInit.main(ZygoteInit.java:1009)
01-01 08:04:14.772 I/init ( 0): Control message: Processed ctl.start for 'idmap2d' from pid: 1508 (system_server)
04-06 02:12:55.936 D/PackageUpdatedTask( 2826): PackageUpdatedTask constructor: op=2,user=UserHandle{0},packages=[com.android.settings]
04-06 02:12:55.936 D/PackageUpdatedTask( 2826): java.lang.Exception
04-06 02:12:55.936 D/PackageUpdatedTask( 2826): at com.android.launcher3.model.PackageUpdatedTask.(PackageUpdatedTask.java:93)
04-06 02:12:55.936 D/PackageUpdatedTask( 2826): at com.android.launcher3.LauncherModel.onPackageChanged(LauncherModel.java:156)
04-06 02:12:55.936 D/PackageUpdatedTask( 2826): at android.content.pm.LauncherApps$CallbackMessageHandler.handleMessage(LauncherApps.java:1805)
04-06 02:12:55.936 D/PackageUpdatedTask( 2826): at android.os.Handler.dispatchMessage(Handler.java:106)
04-06 02:12:55.936 D/PackageUpdatedTask( 2826): at android.os.Looper.loopOnce(Looper.java:201)
04-06 02:12:55.936 D/PackageUpdatedTask( 2826): at android.os.Looper.loop(Looper.java:288)
04-06 02:12:55.936 D/PackageUpdatedTask( 2826): at android.app.ActivityThread.main(ActivityThread.java:7880)
04-06 02:12:55.936 D/PackageUpdatedTask( 2826): at java.lang.reflect.Method.invoke(Native Method)
04-06 02:12:55.936 D/PackageUpdatedTask( 2826): at com.android.internal.os.RuntimeInit$MethodAndArgsCaller.run(RuntimeInit.java:548)
04-06 02:12:55.936 D/PackageUpdatedTask( 2826): at com.android.internal.os.ZygoteInit.main(ZygoteInit.java:1009)
04-06 02:12:55.937 D/BaseModelUpdateTask( 2826): BaseModelUpdateTask constructor
04-06 02:12:55.937 D/BaseModelUpdateTask( 2826): java.lang.Exception
04-06 02:12:55.937 D/BaseModelUpdateTask( 2826): at com.android.launcher3.model.BaseModelUpdateTask.(BaseModelUpdateTask.java:57)
04-06 02:12:55.937 D/BaseModelUpdateTask( 2826): at com.android.launcher3.model.ShortcutsChangedTask.(ShortcutsChangedTask.java:47)
04-06 02:12:55.937 D/BaseModelUpdateTask( 2826): at com.android.launcher3.LauncherModel.onShortcutsChanged(LauncherModel.java:216)
04-06 02:12:55.937 D/BaseModelUpdateTask( 2826): at android.content.pm.LauncherApps$CallbackMessageHandler.handleMessage(LauncherApps.java:1821)
04-06 02:12:55.937 D/BaseModelUpdateTask( 2826): at android.os.Handler.dispatchMessage(Handler.java:106)
04-06 02:12:55.937 D/BaseModelUpdateTask( 2826): at android.os.Looper.loopOnce(Looper.java:201)
04-06 02:12:55.937 D/BaseModelUpdateTask( 2826): at android.os.Looper.loop(Looper.java:288)
04-06 02:12:55.937 D/BaseModelUpdateTask( 2826): at android.app.ActivityThread.main(ActivityThread.java:7880)
04-06 02:12:55.937 D/BaseModelUpdateTask( 2826): at java.lang.reflect.Method.invoke(Native Method)
04-06 02:12:55.937 D/BaseModelUpdateTask( 2826): at com.android.internal.os.RuntimeInit$MethodAndArgsCaller.run(RuntimeInit.java:548)
04-06 02:12:55.937 D/BaseModelUpdateTask( 2826): at com.android.internal.os.ZygoteInit.main(ZygoteInit.java:1009)
04-06 02:12:55.938 I/mpu_uart( 651): [MSG-P:RECV]:No message received in 1000 ms
04-06 02:12:55.945 D/ProcessState( 5203): Binder ioctl to enable oneway spam detection failed: Invalid argument
04-06 02:12:55.945 D/BaseIconFactory( 2826): normalizeAndWrapToAdaptiveIcon: scale=0.80950594
01-01 08:04:14.782 I/binder ( 0): 5203:5203 ioctl 40046210 7ffa16afa4 returned -22
04-06 02:12:55.951 D/BaseModelUpdateTask( 2826): BaseModelUpdateTask constructor
04-06 02:12:55.951 D/BaseModelUpdateTask( 2826): java.lang.Exception
04-06 02:12:55.951 D/BaseModelUpdateTask( 2826): at com.android.launcher3.model.BaseModelUpdateTask.(BaseModelUpdateTask.java:57)
04-06 02:12:55.951 D/BaseModelUpdateTask( 2826): at com.android.launcher3.LauncherModel$6.(LauncherModel.java:605)
04-06 02:12:55.951 D/BaseModelUpdateTask( 2826): at com.android.launcher3.LauncherModel.refreshAndBindWidgetsAndShortcuts(LauncherModel.java:605)
04-06 02:12:55.951 D/BaseModelUpdateTask( 2826): at com.android.launcher3.Launcher.refreshAndBindWidgetsForPackageUser(Launcher.java:2878)
04-06 02:12:55.951 D/BaseModelUpdateTask( 2826): at com.android.launcher3.model.PackageUpdatedTask.execute(PackageUpdatedTask.java:139)
04-06 02:12:55.951 D/BaseModelUpdateTask( 2826): at com.android.launcher3.model.BaseModelUpdateTask.run(BaseModelUpdateTask.java:80)
04-06 02:12:55.951 D/BaseModelUpdateTask( 2826): at android.os.Handler.handleCallback(Handler.java:938)
04-06 02:12:55.951 D/BaseModelUpdateTask( 2826): at android.os.Handler.dispatchMessage(Handler.java:99)
04-06 02:12:55.951 D/BaseModelUpdateTask( 2826): at android.os.Looper.loopOnce(Looper.java:201)
04-06 02:12:55.951 D/BaseModelUpdateTask( 2826): at android.os.Looper.loop(Looper.java:288)
04-06 02:12:55.951 D/BaseModelUpdateTask( 2826): at android.os.HandlerThread.run(HandlerThread.java:67)
04-06 02:12:55.953 D/BaseIconFactory( 2826): normalizeAndWrapToAdaptiveIcon: scale=0.80950594
04-06 02:12:55.953 W/Role ( 2365): Cannot get ApplicationInfo for default holder: com.android.messaging
04-06 02:12:55.954 W/idmap2d ( 5203): failed to parse idmap header of '/data/resource-cache/product@overlay@SettingsResCommon_Sys.apk@idmap'
04-06 02:12:55.956 W/idmap2d ( 5203): overlay '/product/overlay/SettingsResCommon_Sys.apk' is not allowed to overlay resource 'array/config_color_mode_options_strings' in target: target resource has no overlayable declaration
04-06 02:12:55.957 W/idmap2d ( 5203): overlay '/product/overlay/SettingsResCommon_Sys.apk' is not allowed to overlay resource 'array/config_color_mode_options_values' in target: target resource has no overlayable declaration
04-06 02:12:55.957 E/idmap2d ( 5203): no resources were overlaid
04-06 02:12:55.962 I/WidgetsModel( 2826): found whitelist widget: com.android.gallery3d, label: 照片, sectionName:T
04-06 02:12:55.962 I/WidgetsModel( 2826): found whitelist widget: com.android.settings, label: 设置快捷方式, sectionName:S
04-06 02:12:55.962 I/WidgetsModel( 2826): found whitelist widget: com.android.systemui, label: 对话, sectionName:D
04-06 02:12:55.963 I/WidgetsModel( 2826): found whitelist widget: com.android.music, label: 音乐, sectionName:Y
04-06 02:12:55.964 D/ModelWriter( 2826): updateItemInDatabase: WorkspaceItemInfo(id=3 type=APP container=# com.android.launcher3.logger.LauncherAtom$ContainerInfo@1a1bf6a
04-06 02:12:55.964 D/ModelWriter( 2826): hotseat {
04-06 02:12:55.964 D/ModelWriter( 2826): index: 0
04-06 02:12:55.964 D/ModelWriter( 2826): }(-101) targetComponent=ComponentInfo{com.android.settings/com.android.settings.Settings} screen=0 cell(0,0) span(1,1) minSpan(1,1) rank=0 user=UserHandle{0} title=设置)
04-06 02:12:55.970 D/BaseModelUpdateTask( 2826): BaseModelUpdateTask constructor
04-06 02:12:55.970 D/BaseModelUpdateTask( 2826): java.lang.Exception
04-06 02:12:55.970 D/BaseModelUpdateTask( 2826): at com.android.launcher3.model.BaseModelUpdateTask.(BaseModelUpdateTask.java:57)
04-06 02:12:55.970 D/BaseModelUpdateTask( 2826): at com.android.launcher3.model.AddWorkspaceItemsTask.(AddWorkspaceItemsTask.java:58)
04-06 02:12:55.970 D/BaseModelUpdateTask( 2826): at com.android.launcher3.LauncherModel.addAndBindAddedWorkspaceItems(LauncherModel.java:145)
04-06 02:12:55.970 D/BaseModelUpdateTask( 2826): at com.android.launcher3.model.PackageUpdatedTask.updateToWorkSpace(PackageUpdatedTask.java:406)
04-06 02:12:55.970 D/BaseModelUpdateTask( 2826): at com.android.launcher3.model.PackageUpdatedTask.execute(PackageUpdatedTask.java:370)
04-06 02:12:55.970 D/BaseModelUpdateTask( 2826): at com.android.launcher3.model.BaseModelUpdateTask.run(BaseModelUpdateTask.java:80)
04-06 02:12:55.970 D/BaseModelUpdateTask( 2826): at android.os.Handler.handleCallback(Handler.java:938)
04-06 02:12:55.970 D/BaseModelUpdateTask( 2826): at android.os.Handler.dispatchMessage(Handler.java:99)
04-06 02:12:55.970 D/BaseModelUpdateTask( 2826): at android.os.Looper.loopOnce(Looper.java:201)
04-06 02:12:55.970 D/BaseModelUpdateTask( 2826): at android.os.Looper.loop(Looper.java:288)
04-06 02:12:55.970 D/BaseModelUpdateTask( 2826): at android.os.HandlerThread.run(HandlerThread.java:67)
04-06 02:12:56.041 I/mpu_uart( 651): [MSG-P:R]:recv sync frame timeout
04-06 02:12:56.121 E/tlogd ( 1366): [TzLogger](isPathReadable) file /sys/kernel/debug/tzdbg/qsee_log isn't exist or no permission, err: No such file or directory
04-06 02:12:56.122 E/tlogd ( 1366): [TzLogger](saveTzlogAsync) /sys/kernel/debug/tzdbg/qsee_log can not read.
04-06 02:12:56.122 E/tlogd ( 1366): [TzLogger](isPathReadable) file /sys/kernel/debug/tzdbg/log isn't exist or no permission, err: No such file or directory
04-06 02:12:56.122 E/tlogd ( 1366): [TzLogger](saveTzlogAsync) /sys/kernel/debug/tzdbg/log can not read.
04-06 02:12:56.194 W/adbd ( 3149): timed out while waiting for FUNCTIONFS_BIND, trying again
04-06 02:12:56.194 I/adbd ( 3149): UsbFfs: connection terminated: monitor thread finished
04-06 02:12:56.194 I/adbd ( 3149): UsbFfs: already offline
04-06 02:12:56.195 I/adbd ( 3149): destroying transport UsbFfs
04-06 02:12:56.195 I/adbd ( 3149): UsbFfsConnection being destroyed
04-06 02:12:56.213 I/adbd ( 3149): opening control endpoint /dev/usb-ffs/adb/ep0
04-06 02:12:56.215 I/adbd ( 3149): UsbFfsConnection constructed
04-06 02:12:56.216 I/adbd ( 3149): UsbFfs-monitor thread spawned
01-01 08:04:15.051 I/ ( 0): read descriptors
01-01 08:04:15.051 I/ ( 0): read strings
04-06 02:12:56.787 I/TopLevelSettings( 2963): TopLevelSettings: TopLevelSettings::com.android.settings.system.SystemDashboardFragment
04-06 02:12:56.804 I/OpenGLRenderer( 2963): Davey! duration=9223371848604ms; Flags=0, FrameTimelineVsyncId=3881, IntendedVsync=188249549628, Vsync=188249549628, InputEventId=743036348, HandleInputStart=188250022843, AnimationStart=188250024197, PerformTraversalsStart=188250025551, DrawStart=188250115447, FrameDeadline=188266216294, FrameInterval=188250019405, FrameStartTime=16666666, SyncQueued=188253835551, SyncStart=188254085186, IssueDrawCommandsStart=188254896436, SwapBuffers=188258014353, FrameCompleted=9223372036854775807, DequeueBufferDuration=43854, QueueBufferDuration=1035781, GpuCompleted=9223372036854775807, SwapBuffersCompleted=188259488364, DisplayPresentTime=7308335521232875119,
04-06 02:12:56.812 D/RemoteControlService( 2780): startVlanDispatchThread
04-06 02:12:56.903 D/PrefCtrlListHelper( 2963): Could not find Context-only controller for pref: com.android.settings.datetime.DateTimePreferenceController
04-06 02:12:56.905 D/PrefCtrlListHelper( 2963): Could not find Context-only controller for pref: com.android.settings.system.ResetPreferenceController
04-06 02:12:56.906 E/UserRestrictionsUtils( 1508): Unknown restriction queried by uid 1000 (com.thundercomm.microsettings et al): null
04-06 02:12:56.907 E/UserRestrictionsUtils( 1508): Unknown restriction queried by uid 1000 (com.thundercomm.microsettings et al): null
04-06 02:12:56.907 E/UserRestrictionsUtils( 1508): Unknown restriction queried by uid 1000 (com.thundercomm.microsettings et al): null
04-06 02:12:56.907 E/UserRestrictionsUtils( 1508): Unknown restriction queried by uid 1000 (com.thundercomm.microsettings et al): null
04-06 02:12:56.908 E/UserRestrictionsUtils( 1508): Unknown restriction queried by uid 1000 (com.thundercomm.microsettings et al): null
04-06 02:12:56.908 E/UserRestrictionsUtils( 1508): Unknown restriction queried by uid 1000 (com.thundercomm.microsettings et al): null
04-06 02:12:56.910 D/AssistGesture( 2963): mAssistOnly:false, isSupported:false, isSensorAvailable:false
04-06 02:12:56.911 D/AssistGesture( 2963): mAssistOnly:false, isSupported:false, isSensorAvailable:false
04-06 02:12:56.912 W/hpplay-java( 3295): [main]:IPManager:getActiveNets invalid networkInfo:null
04-06 02:12:56.912 I/hpplay-java( 3295): [main]:IPManager:getActiveNets eth0:false wifi:false mobile:false ap:false
04-06 02:12:56.912 I/hpplay-java( 3295): [main]:ServerTaskManager:get local ip:null
04-06 02:12:56.913 D/AssistGesture( 2963): mAssistOnly:false, isSupported:false, isSensorAvailable:false
04-06 02:12:56.914 D/SystemDashboardFrag( 2963): refreshDashboardTiles ::com.android.settingslib.drawer.ActivityTile@1a123f5
04-06 02:12:56.916 D/SystemDashboardFrag( 2963): All preferences added, reporting fully drawn
04-06 02:12:56.928 D/DashboardFragment( 2963): Cannot find preference with key system_update_settings in Controller SystemUpdatePreferenceController
04-06 02:12:56.928 D/AssistGesture( 2963): mAssistOnly:false, isSupported:false, isSensorAvailable:false
04-06 02:12:56.938 I/mpu_uart( 651): [MSG-P:RECV]:No message received in 1000 ms
04-06 02:12:57.216 W/adbd ( 3149): timed out while waiting for FUNCTIONFS_BIND, trying again
04-06 02:12:57.216 I/adbd ( 3149): UsbFfs: connection terminated: monitor thread finished
04-06 02:12:57.217 I/adbd ( 3149): UsbFfs: already offline
04-06 02:12:57.217 I/adbd ( 3149): destroying transport UsbFfs
04-06 02:12:57.217 I/adbd ( 3149): UsbFfsConnection being destroyed
04-06 02:12:57.234 I/adbd ( 3149): opening control endpoint /dev/usb-ffs/adb/ep0
04-06 02:12:57.236 I/adbd ( 3149): UsbFfsConnection constructed
04-06 02:12:57.236 I/adbd ( 3149): UsbFfs-monitor thread spawned
01-01 08:04:16.072 I/ ( 0): read descriptors
01-01 08:04:16.072 I/ ( 0): read strings
04-06 02:12:57.914 W/hpplay-java( 3295): [main]:IPManager:getActiveNets invalid networkInfo:null
04-06 02:12:57.914 I/hpplay-java( 3295): [main]:IPManager:getActiveNets eth0:false wifi:false mobile:false ap:false
04-06 02:12:57.914 I/hpplay-java( 3295): [main]:ServerTaskManager:get local ip:null
04-06 02:12:57.938 I/mpu_uart( 651): [MSG-P:RECV]:No message received in 1000 ms
04-06 02:12:57.955 D/ForcePeakRefreshRateCtr( 2963): DEFAULT_REFRESH_RATE : 60.0 mPeakRefreshRate : 60.0
04-06 02:12:57.980 D/PrefCtrlListHelper( 2963): Could not find Context-only controller for pref: com.android.settings.development.Prefer5GNetworkSummaryController
04-06 02:12:57.980 W/PrefCtrlListHelper( 2963): Cannot instantiate controller from reflection: com.android.settings.development.Prefer5GNetworkSummaryController
04-06 02:12:57.981 D/PrefCtrlListHelper( 2963): Could not find Context-only controller for pref: com.android.settings.notification.ImportanceResetPreferenceController
04-06 02:12:57.981 D/PrefCtrlListHelper( 2963): Could not find Context-only controller for pref: com.android.settings.location.LocationIndicatorsPreferenceController
04-06 02:12:57.991 E/UserRestrictionsUtils( 1508): Unknown restriction queried by uid 1000 (com.thundercomm.microsettings et al): null
04-06 02:12:57.993 E/UserRestrictionsUtils( 1508): Unknown restriction queried by uid 1000 (com.thundercomm.microsettings et al): null
04-06 02:12:57.996 E/UserRestrictionsUtils( 1508): Unknown restriction queried by uid 1000 (com.thundercomm.microsettings et al): null
04-06 02:12:57.996 E/UserRestrictionsUtils( 1508): Unknown restriction queried by uid 1000 (com.thundercomm.microsettings et al): null
04-06 02:12:57.998 E/UserRestrictionsUtils( 1508): Unknown restriction queried by uid 1000 (com.thundercomm.microsettings et al): null
04-06 02:12:58.001 E/UserRestrictionsUtils( 1508): Unknown restriction queried by uid 1000 (com.thundercomm.microsettings et al): null
04-06 02:12:58.001 E/UserRestrictionsUtils( 1508): Unknown restriction queried by uid 1000 (com.thundercomm.microsettings et al): null
04-06 02:12:58.003 E/UserRestrictionsUtils( 1508): Unknown restriction queried by uid 1000 (com.thundercomm.microsettings et al): null
04-06 02:12:58.004 E/BtCodecDlgPref( 2963): a2dp_codec_titles array length: 8
04-06 02:12:58.004 E/BtCodecDlgPref( 2963): a2dp_codec_summaries array length: 8
04-06 02:12:58.010 E/UserRestrictionsUtils( 1508): Unknown restriction queried by uid 1000 (com.thundercomm.microsettings et al): null
04-06 02:12:58.022 I/hwservicemanager( 507): getTransport: Cannot find entry android.hardware.dumpstate@1.1::IDumpstateDevice/default in either framework or device VINTF manifest.
04-06 02:12:58.022 I/hwservicemanager( 507): getTransport: Cannot find entry android.hardware.dumpstate@1.0::IDumpstateDevice/default in either framework or device VINTF manifest.
04-06 02:12:58.027 W/ndroid.settings( 2963): type=1400 audit(0.0:498): avc: denied { read } for name="pagetypeinfo" dev="proc" ino=4026531857 scontext=u:r:system_app:s0 tcontext=u:object_r:proc_pagetypeinfo:s0 tclass=file permissive=0
04-06 02:12:58.030 E/ndroid.setting( 2963): Can't find memory status under: /sys/block/zram0/
04-06 02:12:58.027 W/ndroid.settings( 2963): type=1400 audit(0.0:499): avc: denied { search } for name="zram0" dev="sysfs" ino=56847 scontext=u:r:system_app:s0 tcontext=u:object_r:sysfs_zram:s0 tclass=dir permissive=0
04-06 02:12:58.027 W/ndroid.settings( 2963): type=1400 audit(0.0:500): avc: denied { search } for name="zram0" dev="sysfs" ino=56847 scontext=u:r:system_app:s0 tcontext=u:object_r:sysfs_zram:s0 tclass=dir permissive=0
04-06 02:12:58.035 W/ProcStatsManager( 2963): No process com.android.dynsystem:dynsystem/1000 for service com.android.dynsystem.DynamicSystemInstallationService
04-06 02:12:58.035 W/ProcStatsManager( 2963): No process com.android.providers.calendar/10022 for service com.android.providers.calendar.CalendarProviderJobService
04-06 02:12:58.035 W/ProcStatsManager( 2963): No process com.android.keychain/1000 for service com.android.keychain.KeyChainService
04-06 02:12:58.035 W/ProcStatsManager( 2963): No process com.android.gallery3d/10065 for service com.android.gallery3d.app.PackagesMonitor$AsyncService
04-06 02:12:58.035 W/ProcStatsManager( 2963): No process com.android.localtransport/1000 for service com.android.localtransport.LocalTransportService
04-06 02:12:58.035 W/ProcStatsManager( 2963): No process com.thundercomm.screensaver/10051 for service com.thundercomm.screensaver.service.SystemDream
04-06 02:12:58.035 W/ProcStatsManager( 2963): No process com.thundercomm.screensaver/10051 for service com.thundercomm.screensaver.microservice.service.ScreensaverService
04-06 02:12:58.035 W/ProcStatsManager( 2963): No process com.qti.ltebc/10075 for service com.qualcomm.ltebc.LTERootService
04-06 02:12:58.035 W/ProcStatsManager( 2963): No process com.qualcomm.qti.qms.service.trustzoneaccess/10056 for service com.qualcomm.qti.qms.service.trustzoneaccess.TZAccessService
04-06 02:12:58.035 W/ProcStatsManager( 2963): No process com.qualcomm.qtil.aptxui/10081 for service com.qualcomm.qtil.aptxui.aptxuiService
04-06 02:12:58.046 D/DevSettingsDashboard( 2963): refreshDashboardTiles ::com.android.settingslib.drawer.ActivityTile@9d7c400
04-06 02:12:58.047 D/DevSettingsDashboard( 2963): All preferences added, reporting fully drawn
04-06 02:12:58.052 D/BluetoothA2dp( 2963): Binding service...
04-06 02:12:58.068 I/hwservicemanager( 507): getTransport: Cannot find entry android.hardware.dumpstate@1.1::IDumpstateDevice/default in either framework or device VINTF manifest.
04-06 02:12:58.068 I/hwservicemanager( 507): getTransport: Cannot find entry android.hardware.dumpstate@1.0::IDumpstateDevice/default in either framework or device VINTF manifest.
04-06 02:12:58.074 D/SubscriptionsChangeListener( 2963): Start
04-06 02:12:58.075 W/MobileNetworkUtils( 2963): EuiccManager is not enabled.
04-06 02:12:58.076 W/MobileNetworkUtils( 2963): EuiccManager is not enabled.
04-06 02:12:58.076 D/SubscriptionsChangeListener( 2963): Start
04-06 02:12:58.081 I/hwservicemanager( 507): getTransport: Cannot find entry android.hardware.dumpstate@1.1::IDumpstateDevice/default in either framework or device VINTF manifest.
04-06 02:12:58.081 I/hwservicemanager( 507): getTransport: Cannot find entry android.hardware.dumpstate@1.0::IDumpstateDevice/default in either framework or device VINTF manifest.
04-06 02:12:58.083 W/pool-2-thread-1( 2963): type=1400 audit(0.0:501): avc: denied { read } for name="pagetypeinfo" dev="proc" ino=4026531857 scontext=u:r:system_app:s0 tcontext=u:object_r:proc_pagetypeinfo:s0 tclass=file permissive=0
04-06 02:12:58.087 E/ndroid.setting( 2963): Can't find memory status under: /sys/block/zram0/
04-06 02:12:58.083 W/pool-2-thread-1( 2963): type=1400 audit(0.0:502): avc: denied { search } for name="zram0" dev="sysfs" ino=56847 scontext=u:r:system_app:s0 tcontext=u:object_r:sysfs_zram:s0 tclass=dir permissive=0
