04-06 02:13:28.980 I/hpplay-java( 3295): [main]:IPManager:getActiveNets eth0:false wifi:false mobile:false ap:false
04-06 02:13:28.980 I/hpplay-java( 3295): [main]:ServerTaskManager:get local ip:null
04-06 02:13:29.073 I/mpu_uart( 651): [MSG-P:R]:recv sync frame timeout
01-01 08:04:48.262 E/DTC_ETH,link_delay_work_func( 0): 3003, SQI=0, link=0
04-06 02:13:29.953 I/mpu_uart( 651): [MSG-P:RECV]:No message received in 1000 ms
04-06 02:13:29.982 W/hpplay-java( 3295): [main]:IPManager:getActiveNets invalid networkInfo:null
04-06 02:13:29.982 I/hpplay-java( 3295): [main]:IPManager:getActiveNets eth0:false wifi:false mobile:false ap:false
04-06 02:13:29.982 I/hpplay-java( 3295): [main]:ServerTaskManager:get local ip:null
04-06 02:13:30.954 I/mpu_uart( 651): [MSG-P:RECV]:No message received in 1000 ms
04-06 02:13:30.983 W/hpplay-java( 3295): [main]:IPManager:getActiveNets invalid networkInfo:null
04-06 02:13:30.983 I/hpplay-java( 3295): [main]:IPManager:getActiveNets eth0:false wifi:false mobile:false ap:false
04-06 02:13:30.983 I/hpplay-java( 3295): [main]:ServerTaskManager:get local ip:null
04-06 02:13:31.130 E/tlogd ( 1366): [TzLogger](isPathReadable) file /sys/kernel/debug/tzdbg/qsee_log isn't exist or no permission, err: No such file or directory
04-06 02:13:31.130 E/tlogd ( 1366): [TzLogger](saveTzlogAsync) /sys/kernel/debug/tzdbg/qsee_log can not read.
04-06 02:13:31.130 E/tlogd ( 1366): [TzLogger](isPathReadable) file /sys/kernel/debug/tzdbg/log isn't exist or no permission, err: No such file or directory
04-06 02:13:31.130 E/tlogd ( 1366): [TzLogger](saveTzlogAsync) /sys/kernel/debug/tzdbg/log can not read.
04-06 02:13:31.137 I/selfinstaller( 1199): create socket failed: Network is unreachable 101
04-06 02:13:31.887 D/RemoteControlService( 2780): startVlanDispatchThread
04-06 02:13:31.954 I/mpu_uart( 651): [MSG-P:RECV]:No message received in 1000 ms
04-06 02:13:31.985 W/hpplay-java( 3295): [main]:IPManager:getActiveNets invalid networkInfo:null
04-06 02:13:31.985 I/hpplay-java( 3295): [main]:IPManager:getActiveNets eth0:false wifi:false mobile:false ap:false
04-06 02:13:31.985 I/hpplay-java( 3295): [main]:ServerTaskManager:get local ip:null
04-06 02:13:32.076 I/mpu_uart( 651): [MSG-P:R]:recv sync frame timeout
04-06 02:13:32.955 I/mpu_uart( 651): [MSG-P:RECV]:No message received in 1000 ms
04-06 02:13:32.986 W/hpplay-java( 3295): [main]:IPManager:getActiveNets invalid networkInfo:null
04-06 02:13:32.986 I/hpplay-java( 3295): [main]:IPManager:getActiveNets eth0:false wifi:false mobile:false ap:false
04-06 02:13:32.986 I/hpplay-java( 3295): [main]:ServerTaskManager:get local ip:null
04-06 02:13:33.955 I/mpu_uart( 651): [MSG-P:RECV]:No message received in 1000 ms
04-06 02:13:33.987 W/hpplay-java( 3295): [main]:IPManager:getActiveNets invalid networkInfo:null
04-06 02:13:33.988 I/hpplay-java( 3295): [main]:IPManager:getActiveNets eth0:false wifi:false mobile:false ap:false
04-06 02:13:33.988 I/hpplay-java( 3295): [main]:ServerTaskManager:get local ip:null
01-01 08:04:53.382 E/DTC_ETH,link_delay_work_func( 0): 3003, SQI=0, link=0
04-06 02:13:34.955 I/mpu_uart( 651): [MSG-P:RECV]:No message received in 1000 ms
04-06 02:13:34.989 W/hpplay-java( 3295): [main]:IPManager:getActiveNets invalid networkInfo:null
04-06 02:13:34.989 I/hpplay-java( 3295): [main]:IPManager:getActiveNets eth0:false wifi:false mobile:false ap:false
04-06 02:13:34.989 I/hpplay-java( 3295): [main]:ServerTaskManager:get local ip:null
04-06 02:13:35.077 I/mpu_uart( 651): [MSG-P:R]:recv sync frame timeout
04-06 02:13:35.956 I/mpu_uart( 651): [MSG-P:RECV]:No message received in 1000 ms
04-06 02:13:35.990 W/hpplay-java( 3295): [main]:IPManager:getActiveNets invalid networkInfo:null
04-06 02:13:35.991 I/hpplay-java( 3295): [main]:IPManager:getActiveNets eth0:false wifi:false mobile:false ap:false
04-06 02:13:35.991 I/hpplay-java( 3295): [main]:ServerTaskManager:get local ip:null
04-06 02:13:36.131 E/tlogd ( 1366): [TzLogger](isPathReadable) file /sys/kernel/debug/tzdbg/qsee_log isn't exist or no permission, err: No such file or directory
04-06 02:13:36.131 E/tlogd ( 1366): [TzLogger](saveTzlogAsync) /sys/kernel/debug/tzdbg/qsee_log can not read.
04-06 02:13:36.131 E/tlogd ( 1366): [TzLogger](isPathReadable) file /sys/kernel/debug/tzdbg/log isn't exist or no permission, err: No such file or directory
04-06 02:13:36.131 E/tlogd ( 1366): [TzLogger](saveTzlogAsync) /sys/kernel/debug/tzdbg/log can not read.
04-06 02:13:36.895 D/RemoteControlService( 2780): startVlanDispatchThread
04-06 02:13:36.956 I/mpu_uart( 651): [MSG-P:RECV]:No message received in 1000 ms
04-06 02:13:36.992 W/hpplay-java( 3295): [main]:IPManager:getActiveNets invalid networkInfo:null
04-06 02:13:36.992 I/hpplay-java( 3295): [main]:IPManager:getActiveNets eth0:false wifi:false mobile:false ap:false
04-06 02:13:36.993 I/hpplay-java( 3295): [main]:ServerTaskManager:get local ip:null
04-06 02:13:37.956 I/mpu_uart( 651): [MSG-P:RECV]:No message received in 1000 ms
04-06 02:13:37.994 W/hpplay-java( 3295): [main]:IPManager:getActiveNets invalid networkInfo:null
04-06 02:13:37.994 I/hpplay-java( 3295): [main]:IPManager:getActiveNets eth0:false wifi:false mobile:false ap:false
04-06 02:13:37.995 I/hpplay-java( 3295): [main]:ServerTaskManager:get local ip:null
04-06 02:13:38.079 I/mpu_uart( 651): [MSG-P:R]:recv sync frame timeout
04-06 02:13:38.957 I/mpu_uart( 651): [MSG-P:RECV]:No message received in 1000 ms
04-06 02:13:38.996 W/hpplay-java( 3295): [main]:IPManager:getActiveNets invalid networkInfo:null
04-06 02:13:38.996 I/hpplay-java( 3295): [main]:IPManager:getActiveNets eth0:false wifi:false mobile:false ap:false
04-06 02:13:38.996 I/hpplay-java( 3295): [main]:ServerTaskManager:get local ip:null
01-01 08:04:58.502 E/DTC_ETH,link_delay_work_func( 0): 3003, SQI=0, link=0
04-06 02:13:39.957 I/mpu_uart( 651): [MSG-P:RECV]:No message received in 1000 ms
04-06 02:13:39.998 W/hpplay-java( 3295): [main]:IPManager:getActiveNets invalid networkInfo:null
04-06 02:13:39.998 I/hpplay-java( 3295): [main]:IPManager:getActiveNets eth0:false wifi:false mobile:false ap:false
04-06 02:13:39.998 I/hpplay-java( 3295): [main]:ServerTaskManager:get local ip:null
04-06 02:13:40.958 I/mpu_uart( 651): [MSG-P:RECV]:No message received in 1000 ms
04-06 02:13:41.000 W/hpplay-java( 3295): [main]:IPManager:getActiveNets invalid networkInfo:null
04-06 02:13:41.000 I/hpplay-java( 3295): [main]:IPManager:getActiveNets eth0:false wifi:false mobile:false ap:false
04-06 02:13:41.000 I/hpplay-java( 3295): [main]:ServerTaskManager:get local ip:null
04-06 02:13:41.082 I/mpu_uart( 651): [MSG-P:R]:recv sync frame timeout
04-06 02:13:41.131 E/tlogd ( 1366): [TzLogger](isPathReadable) file /sys/kernel/debug/tzdbg/qsee_log isn't exist or no permission, err: No such file or directory
04-06 02:13:41.131 E/tlogd ( 1366): [TzLogger](saveTzlogAsync) /sys/kernel/debug/tzdbg/qsee_log can not read.
04-06 02:13:41.132 E/tlogd ( 1366): [TzLogger](isPathReadable) file /sys/kernel/debug/tzdbg/log isn't exist or no permission, err: No such file or directory
04-06 02:13:41.132 E/tlogd ( 1366): [TzLogger](saveTzlogAsync) /sys/kernel/debug/tzdbg/log can not read.
04-06 02:13:41.903 D/RemoteControlService( 2780): startVlanDispatchThread
04-06 02:13:41.958 I/mpu_uart( 651): [MSG-P:RECV]:No message received in 1000 ms
04-06 02:13:42.002 W/hpplay-java( 3295): [main]:IPManager:getActiveNets invalid networkInfo:null
04-06 02:13:42.002 I/hpplay-java( 3295): [main]:IPManager:getActiveNets eth0:false wifi:false mobile:false ap:false
04-06 02:13:42.002 I/hpplay-java( 3295): [main]:ServerTaskManager:get local ip:null
04-06 02:13:42.958 I/mpu_uart( 651): [MSG-P:RECV]:No message received in 1000 ms
04-06 02:13:43.004 W/hpplay-java( 3295): [main]:IPManager:getActiveNets invalid networkInfo:null
04-06 02:13:43.004 I/hpplay-java( 3295): [main]:IPManager:getActiveNets eth0:false wifi:false mobile:false ap:false
04-06 02:13:43.004 I/hpplay-java( 3295): [main]:ServerTaskManager:get local ip:null
04-06 02:13:43.959 I/mpu_uart( 651): [MSG-P:RECV]:No message received in 1000 ms
04-06 02:13:44.006 W/hpplay-java( 3295): [main]:IPManager:getActiveNets invalid networkInfo:null
04-06 02:13:44.006 I/hpplay-java( 3295): [main]:IPManager:getActiveNets eth0:false wifi:false mobile:false ap:false
04-06 02:13:44.006 I/hpplay-java( 3295): [main]:ServerTaskManager:get local ip:null
04-06 02:13:44.085 I/mpu_uart( 651): [MSG-P:R]:recv sync frame timeout
01-01 08:05:03.621 E/DTC_ETH,link_delay_work_func( 0): 3003, SQI=0, link=0
04-06 02:13:44.959 I/mpu_uart( 651): [MSG-P:RECV]:No message received in 1000 ms
04-06 02:13:45.008 W/hpplay-java( 3295): [main]:IPManager:getActiveNets invalid networkInfo:null
04-06 02:13:45.009 I/hpplay-java( 3295): [main]:IPManager:getActiveNets eth0:false wifi:false mobile:false ap:false
04-06 02:13:45.009 I/hpplay-java( 3295): [main]:ServerTaskManager:get local ip:null
04-06 02:13:45.960 I/mpu_uart( 651): [MSG-P:RECV]:No message received in 1000 ms
04-06 02:13:46.010 W/hpplay-java( 3295): [main]:IPManager:getActiveNets invalid networkInfo:null
04-06 02:13:46.010 I/hpplay-java( 3295): [main]:IPManager:getActiveNets eth0:false wifi:false mobile:false ap:false
04-06 02:13:46.010 I/hpplay-java( 3295): [main]:ServerTaskManager:get local ip:null
04-06 02:13:46.132 E/tlogd ( 1366): [TzLogger](isPathReadable) file /sys/kernel/debug/tzdbg/qsee_log isn't exist or no permission, err: No such file or directory
04-06 02:13:46.132 E/tlogd ( 1366): [TzLogger](saveTzlogAsync) /sys/kernel/debug/tzdbg/qsee_log can not read.
04-06 02:13:46.132 E/tlogd ( 1366): [TzLogger](isPathReadable) file /sys/kernel/debug/tzdbg/log isn't exist or no permission, err: No such file or directory
04-06 02:13:46.132 E/tlogd ( 1366): [TzLogger](saveTzlogAsync) /sys/kernel/debug/tzdbg/log can not read.
04-06 02:13:46.912 D/RemoteControlService( 2780): startVlanDispatchThread
04-06 02:13:46.960 I/mpu_uart( 651): [MSG-P:RECV]:No message received in 1000 ms
04-06 02:13:47.012 W/hpplay-java( 3295): [main]:IPManager:getActiveNets invalid networkInfo:null
04-06 02:13:47.012 I/hpplay-java( 3295): [main]:IPManager:getActiveNets eth0:false wifi:false mobile:false ap:false
04-06 02:13:47.012 I/hpplay-java( 3295): [main]:ServerTaskManager:get local ip:null
04-06 02:13:47.088 I/mpu_uart( 651): [MSG-P:R]:recv sync frame timeout
04-06 02:13:47.960 I/mpu_uart( 651): [MSG-P:RECV]:No message received in 1000 ms
04-06 02:13:48.014 W/hpplay-java( 3295): [main]:IPManager:getActiveNets invalid networkInfo:null
04-06 02:13:48.014 I/hpplay-java( 3295): [main]:IPManager:getActiveNets eth0:false wifi:false mobile:false ap:false
04-06 02:13:48.014 I/hpplay-java( 3295): [main]:ServerTaskManager:get local ip:null
04-06 02:13:48.961 I/mpu_uart( 651): [MSG-P:RECV]:No message received in 1000 ms
04-06 02:13:49.016 W/hpplay-java( 3295): [main]:IPManager:getActiveNets invalid networkInfo:null
04-06 02:13:49.016 I/hpplay-java( 3295): [main]:IPManager:getActiveNets eth0:false wifi:false mobile:false ap:false
04-06 02:13:49.016 I/hpplay-java( 3295): [main]:ServerTaskManager:get local ip:null
01-01 08:05:08.741 E/DTC_ETH,link_delay_work_func( 0): 3003, SQI=0, link=0
04-06 02:13:49.961 I/mpu_uart( 651): [MSG-P:RECV]:No message received in 1000 ms
04-06 02:13:50.018 W/hpplay-java( 3295): [main]:IPManager:getActiveNets invalid networkInfo:null
04-06 02:13:50.018 I/hpplay-java( 3295): [main]:IPManager:getActiveNets eth0:false wifi:false mobile:false ap:false
04-06 02:13:50.018 I/hpplay-java( 3295): [main]:ServerTaskManager:get local ip:null
04-06 02:13:50.092 I/mpu_uart( 651): [MSG-P:R]:recv sync frame timeout
04-06 02:13:50.961 I/mpu_uart( 651): [MSG-P:RECV]:No message received in 1000 ms
04-06 02:13:51.020 W/hpplay-java( 3295): [main]:IPManager:getActiveNets invalid networkInfo:null
04-06 02:13:51.020 I/hpplay-java( 3295): [main]:IPManager:getActiveNets eth0:false wifi:false mobile:false ap:false
04-06 02:13:51.020 I/hpplay-java( 3295): [main]:ServerTaskManager:get local ip:null
04-06 02:13:51.133 E/tlogd ( 1366): [TzLogger](isPathReadable) file /sys/kernel/debug/tzdbg/qsee_log isn't exist or no permission, err: No such file or directory
04-06 02:13:51.133 E/tlogd ( 1366): [TzLogger](saveTzlogAsync) /sys/kernel/debug/tzdbg/qsee_log can not read.
04-06 02:13:51.133 E/tlogd ( 1366): [TzLogger](isPathReadable) file /sys/kernel/debug/tzdbg/log isn't exist or no permission, err: No such file or directory
04-06 02:13:51.133 E/tlogd ( 1366): [TzLogger](saveTzlogAsync) /sys/kernel/debug/tzdbg/log can not read.
04-06 02:13:51.919 D/RemoteControlService( 2780): startVlanDispatchThread
04-06 02:13:51.962 I/mpu_uart( 651): [MSG-P:RECV]:No message received in 1000 ms
04-06 02:13:52.022 W/hpplay-java( 3295): [main]:IPManager:getActiveNets invalid networkInfo:null
04-06 02:13:52.022 I/hpplay-java( 3295): [main]:IPManager:getActiveNets eth0:false wifi:false mobile:false ap:false
04-06 02:13:52.022 I/hpplay-java( 3295): [main]:ServerTaskManager:get local ip:null
04-06 02:13:52.962 I/mpu_uart( 651): [MSG-P:RECV]:No message received in 1000 ms
04-06 02:13:53.024 W/hpplay-java( 3295): [main]:IPManager:getActiveNets invalid networkInfo:null
04-06 02:13:53.024 I/hpplay-java( 3295): [main]:IPManager:getActiveNets eth0:false wifi:false mobile:false ap:false
04-06 02:13:53.024 I/hpplay-java( 3295): [main]:ServerTaskManager:get local ip:null
04-06 02:13:53.095 I/mpu_uart( 651): [MSG-P:R]:recv sync frame timeout
04-06 02:13:53.963 I/mpu_uart( 651): [MSG-P:RECV]:No message received in 1000 ms
04-06 02:13:54.026 W/hpplay-java( 3295): [main]:IPManager:getActiveNets invalid networkInfo:null
04-06 02:13:54.026 I/hpplay-java( 3295): [main]:IPManager:getActiveNets eth0:false wifi:false mobile:false ap:false
04-06 02:13:54.026 I/hpplay-java( 3295): [main]:ServerTaskManager:get local ip:null
04-06 02:13:54.963 I/mpu_uart( 651): [MSG-P:RECV]:No message received in 1000 ms
01-01 08:05:13.861 E/DTC_ETH,link_delay_work_func( 0): 3003, SQI=0, link=0
04-06 02:13:55.028 W/hpplay-java( 3295): [main]:IPManager:getActiveNets invalid networkInfo:null
04-06 02:13:55.028 I/hpplay-java( 3295): [main]:IPManager:getActiveNets eth0:false wifi:false mobile:false ap:false
04-06 02:13:55.029 I/hpplay-java( 3295): [main]:ServerTaskManager:get local ip:null
04-06 02:13:55.964 I/mpu_uart( 651): [MSG-P:RECV]:No message received in 1000 ms
04-06 02:13:56.030 W/hpplay-java( 3295): [main]:IPManager:getActiveNets invalid networkInfo:null
04-06 02:13:56.030 I/hpplay-java( 3295): [main]:IPManager:getActiveNets eth0:false wifi:false mobile:false ap:false
04-06 02:13:56.030 I/hpplay-java( 3295): [main]:ServerTaskManager:get local ip:null
04-06 02:13:56.098 I/mpu_uart( 651): [MSG-P:R]:recv sync frame timeout
04-06 02:13:56.133 E/tlogd ( 1366): [TzLogger](isPathReadable) file /sys/kernel/debug/tzdbg/qsee_log isn't exist or no permission, err: No such file or directory
04-06 02:13:56.133 E/tlogd ( 1366): [TzLogger](saveTzlogAsync) /sys/kernel/debug/tzdbg/qsee_log can not read.
04-06 02:13:56.133 E/tlogd ( 1366): [TzLogger](isPathReadable) file /sys/kernel/debug/tzdbg/log isn't exist or no permission, err: No such file or directory
04-06 02:13:56.133 E/tlogd ( 1366): [TzLogger](saveTzlogAsync) /sys/kernel/debug/tzdbg/log can not read.
04-06 02:13:56.928 D/RemoteControlService( 2780): startVlanDispatchThread
04-06 02:13:56.964 I/mpu_uart( 651): [MSG-P:RECV]:No message received in 1000 ms
04-06 02:13:57.032 W/hpplay-java( 3295): [main]:IPManager:getActiveNets invalid networkInfo:null
04-06 02:13:57.033 I/hpplay-java( 3295): [main]:IPManager:getActiveNets eth0:false wifi:false mobile:false ap:false
04-06 02:13:57.033 I/hpplay-java( 3295): [main]:ServerTaskManager:get local ip:null
04-06 02:13:57.964 I/mpu_uart( 651): [MSG-P:RECV]:No message received in 1000 ms
04-06 02:13:58.035 W/hpplay-java( 3295): [main]:IPManager:getActiveNets invalid networkInfo:null
04-06 02:13:58.035 I/hpplay-java( 3295): [main]:IPManager:getActiveNets eth0:false wifi:false mobile:false ap:false
04-06 02:13:58.035 I/hpplay-java( 3295): [main]:ServerTaskManager:get local ip:null
04-06 02:13:58.965 I/mpu_uart( 651): [MSG-P:RECV]:No message received in 1000 ms
04-06 02:13:59.037 W/hpplay-java( 3295): [main]:IPManager:getActiveNets invalid networkInfo:null
04-06 02:13:59.037 I/hpplay-java( 3295): [main]:IPManager:getActiveNets eth0:false wifi:false mobile:false ap:false
04-06 02:13:59.037 I/hpplay-java( 3295): [main]:ServerTaskManager:get local ip:null
04-06 02:13:59.101 I/mpu_uart( 651): [MSG-P:R]:recv sync frame timeout
04-06 02:13:59.965 I/mpu_uart( 651): [MSG-P:RECV]:No message received in 1000 ms
04-06 02:14:00.006 D/KeyguardUpdateMonitor( 2363): received broadcast android.intent.action.TIME_TICK
04-06 02:14:00.006 D/KeyguardUpdateMonitor( 2363): handleTimeUpdate
04-06 02:14:00.038 W/hpplay-java( 3295): [main]:IPManager:getActiveNets invalid networkInfo:null
04-06 02:14:00.038 I/hpplay-java( 3295): [main]:IPManager:getActiveNets eth0:false wifi:false mobile:false ap:false
04-06 02:14:00.038 I/hpplay-java( 3295): [main]:ServerTaskManager:get local ip:null
04-06 02:14:00.047 I/OpenGLRenderer( 2363): Davey! duration=9223371785359ms; Flags=0, FrameTimelineVsyncId=5235, IntendedVsync=251494567309, Vsync=251494567309, InputEventId=0, HandleInputStart=251495566725, AnimationStart=251495571464, PerformTraversalsStart=251495574954, DrawStart=251501553652, FrameDeadline=251511233975, FrameInterval=251495554902, FrameStartTime=16666666, SyncQueued=251502025735, SyncStart=251502418964, IssueDrawCommandsStart=251502683339, SwapBuffers=251505406308, FrameCompleted=9223372036854775807, DequeueBufferDuration=57500, QueueBufferDuration=1284167, GpuCompleted=9223372036854775807, SwapBuffersCompleted=251507511569, DisplayPresentTime=0,
01-01 08:05:18.982 E/DTC_ETH,link_delay_work_func( 0): 3003, SQI=0, link=0
04-06 02:14:00.966 I/mpu_uart( 651): [MSG-P:RECV]:No message received in 1000 ms
04-06 02:14:01.040 W/hpplay-java( 3295): [main]:IPManager:getActiveNets invalid networkInfo:null
04-06 02:14:01.041 I/hpplay-java( 3295): [main]:IPManager:getActiveNets eth0:false wifi:false mobile:false ap:false
04-06 02:14:01.041 I/hpplay-java( 3295): [main]:ServerTaskManager:get local ip:null
04-06 02:14:01.134 E/tlogd ( 1366): [TzLogger](isPathReadable) file /sys/kernel/debug/tzdbg/qsee_log isn't exist or no permission, err: No such file or directory
04-06 02:14:01.134 E/tlogd ( 1366): [TzLogger](saveTzlogAsync) /sys/kernel/debug/tzdbg/qsee_log can not read.
04-06 02:14:01.134 E/tlogd ( 1366): [TzLogger](isPathReadable) file /sys/kernel/debug/tzdbg/log isn't exist or no permission, err: No such file or directory
04-06 02:14:01.134 E/tlogd ( 1366): [TzLogger](saveTzlogAsync) /sys/kernel/debug/tzdbg/log can not read.
04-06 02:14:01.152 I/selfinstaller( 1199): create socket failed: Network is unreachable 101
04-06 02:14:01.804 W/PowerManagerService( 1508): Screen on took 118580 ms
04-06 02:14:01.814 E/DisplayDeviceConfig( 1508): requesting nits when no mapping exists.
04-06 02:14:01.815 E/DisplayDeviceConfig( 1508): requesting nits when no mapping exists.
04-06 02:14:01.817 I/DropBoxManagerService( 1508): add tag=system_server_wtf isTagEnabled=true flags=0x2
04-06 02:14:01.821 I/DropBoxManagerService( 1508): add tag=system_server_wtf isTagEnabled=true flags=0x2
04-06 02:14:01.830 E/DisplayDeviceConfig( 1508): requesting nits when no mapping exists.
04-06 02:14:01.831 E/DisplayDeviceConfig( 1508): requesting nits when no mapping exists.
04-06 02:14:01.832 I/DropBoxManagerService( 1508): add tag=system_server_wtf isTagEnabled=true flags=0x2
04-06 02:14:01.834 I/DropBoxManagerService( 1508): add tag=system_server_wtf isTagEnabled=true flags=0x2
04-06 02:14:01.847 E/DisplayDeviceConfig( 1508): requesting nits when no mapping exists.
04-06 02:14:01.847 E/DisplayDeviceConfig( 1508): requesting nits when no mapping exists.
04-06 02:14:01.848 I/DropBoxManagerService( 1508): add tag=system_server_wtf isTagEnabled=true flags=0x2
04-06 02:14:01.851 E/DisplayDeviceConfig( 1508): requesting nits when no mapping exists.
04-06 02:14:01.852 E/DisplayDeviceConfig( 1508): requesting nits when no mapping exists.
04-06 02:14:01.867 E/DisplayDeviceConfig( 1508): requesting nits when no mapping exists.
04-06 02:14:01.868 E/DisplayDeviceConfig( 1508): requesting nits when no mapping exists.
04-06 02:14:01.885 E/DisplayDeviceConfig( 1508): requesting nits when no mapping exists.
04-06 02:14:01.885 E/DisplayDeviceConfig( 1508): requesting nits when no mapping exists.
04-06 02:14:01.901 E/DisplayDeviceConfig( 1508): requesting nits when no mapping exists.
04-06 02:14:01.901 E/DisplayDeviceConfig( 1508): requesting nits when no mapping exists.
04-06 02:14:01.918 E/DisplayDeviceConfig( 1508): requesting nits when no mapping exists.
04-06 02:14:01.918 E/DisplayDeviceConfig( 1508): requesting nits when no mapping exists.
04-06 02:14:01.935 E/DisplayDeviceConfig( 1508): requesting nits when no mapping exists.
04-06 02:14:01.935 E/DisplayDeviceConfig( 1508): requesting nits when no mapping exists.
04-06 02:14:01.936 D/RemoteControlService( 2780): startVlanDispatchThread
04-06 02:14:01.952 E/DisplayDeviceConfig( 1508): requesting nits when no mapping exists.
04-06 02:14:01.952 E/DisplayDeviceConfig( 1508): requesting nits when no mapping exists.
04-06 02:14:01.966 I/mpu_uart( 651): [MSG-P:RECV]:No message received in 1000 ms
04-06 02:14:01.969 E/DisplayDeviceConfig( 1508): requesting nits when no mapping exists.
04-06 02:14:01.969 E/DisplayDeviceConfig( 1508): requesting nits when no mapping exists.
04-06 02:14:01.985 E/DisplayDeviceConfig( 1508): requesting nits when no mapping exists.
04-06 02:14:01.985 E/DisplayDeviceConfig( 1508): requesting nits when no mapping exists.
04-06 02:14:02.002 E/DisplayDeviceConfig( 1508): requesting nits when no mapping exists.
04-06 02:14:02.002 E/DisplayDeviceConfig( 1508): requesting nits when no mapping exists.
04-06 02:14:02.018 E/DisplayDeviceConfig( 1508): requesting nits when no mapping exists.
04-06 02:14:02.019 E/DisplayDeviceConfig( 1508): requesting nits when no mapping exists.
04-06 02:14:02.035 E/DisplayDeviceConfig( 1508): requesting nits when no mapping exists.
04-06 02:14:02.035 E/DisplayDeviceConfig( 1508): requesting nits when no mapping exists.
04-06 02:14:02.043 W/hpplay-java( 3295): [main]:IPManager:getActiveNets invalid networkInfo:null
04-06 02:14:02.043 I/hpplay-java( 3295): [main]:IPManager:getActiveNets eth0:false wifi:false mobile:false ap:false
04-06 02:14:02.043 I/hpplay-java( 3295): [main]:ServerTaskManager:get local ip:null
04-06 02:14:02.052 E/DisplayDeviceConfig( 1508): requesting nits when no mapping exists.
04-06 02:14:02.052 E/DisplayDeviceConfig( 1508): requesting nits when no mapping exists.
04-06 02:14:02.069 E/DisplayDeviceConfig( 1508): requesting nits when no mapping exists.
04-06 02:14:02.069 E/DisplayDeviceConfig( 1508): requesting nits when no mapping exists.
04-06 02:14:02.085 E/DisplayDeviceConfig( 1508): requesting nits when no mapping exists.
04-06 02:14:02.086 E/DisplayDeviceConfig( 1508): requesting nits when no mapping exists.
04-06 02:14:02.102 E/DisplayDeviceConfig( 1508): requesting nits when no mapping exists.
04-06 02:14:02.103 E/DisplayDeviceConfig( 1508): requesting nits when no mapping exists.
04-06 02:14:02.105 I/mpu_uart( 651): [MSG-P:R]:recv sync frame timeout
04-06 02:14:02.119 E/DisplayDeviceConfig( 1508): requesting nits when no mapping exists.
04-06 02:14:02.119 E/DisplayDeviceConfig( 1508): requesting nits when no mapping exists.
04-06 02:14:02.135 E/DisplayDeviceConfig( 1508): requesting nits when no mapping exists.
04-06 02:14:02.136 E/DisplayDeviceConfig( 1508): requesting nits when no mapping exists.
04-06 02:14:02.152 E/DisplayDeviceConfig( 1508): requesting nits when no mapping exists.
04-06 02:14:02.153 E/DisplayDeviceConfig( 1508): requesting nits when no mapping exists.
04-06 02:14:02.169 E/DisplayDeviceConfig( 1508): requesting nits when no mapping exists.
04-06 02:14:02.170 E/DisplayDeviceConfig( 1508): requesting nits when no mapping exists.
04-06 02:14:02.185 E/DisplayDeviceConfig( 1508): requesting nits when no mapping exists.
04-06 02:14:02.186 E/DisplayDeviceConfig( 1508): requesting nits when no mapping exists.
04-06 02:14:02.202 E/DisplayDeviceConfig( 1508): requesting nits when no mapping exists.
04-06 02:14:02.203 E/DisplayDeviceConfig( 1508): requesting nits when no mapping exists.
04-06 02:14:02.219 E/DisplayDeviceConfig( 1508): requesting nits when no mapping exists.
04-06 02:14:02.219 E/DisplayDeviceConfig( 1508): requesting nits when no mapping exists.
04-06 02:14:02.235 E/DisplayDeviceConfig( 1508): requesting nits when no mapping exists.
04-06 02:14:02.236 E/DisplayDeviceConfig( 1508): requesting nits when no mapping exists.
04-06 02:14:02.252 E/DisplayDeviceConfig( 1508): requesting nits when no mapping exists.
04-06 02:14:02.253 E/DisplayDeviceConfig( 1508): requesting nits when no mapping exists.
04-06 02:14:02.269 E/DisplayDeviceConfig( 1508): requesting nits when no mapping exists.
04-06 02:14:02.269 E/DisplayDeviceConfig( 1508): requesting nits when no mapping exists.
04-06 02:14:02.286 E/DisplayDeviceConfig( 1508): requesting nits when no mapping exists.
04-06 02:14:02.286 E/DisplayDeviceConfig( 1508): requesting nits when no mapping exists.
04-06 02:14:02.302 E/DisplayDeviceConfig( 1508): requesting nits when no mapping exists.
04-06 02:14:02.303 E/DisplayDeviceConfig( 1508): requesting nits when no mapping exists.
04-06 02:14:02.319 E/DisplayDeviceConfig( 1508): requesting nits when no mapping exists.
04-06 02:14:02.320 E/DisplayDeviceConfig( 1508): requesting nits when no mapping exists.
04-06 02:14:02.336 E/DisplayDeviceConfig( 1508): requesting nits when no mapping exists.
04-06 02:14:02.336 E/DisplayDeviceConfig( 1508): requesting nits when no mapping exists.
04-06 02:14:02.352 E/DisplayDeviceConfig( 1508): requesting nits when no mapping exists.
04-06 02:14:02.353 E/DisplayDeviceConfig( 1508): requesting nits when no mapping exists.
04-06 02:14:02.370 E/DisplayDeviceConfig( 1508): requesting nits when no mapping exists.
04-06 02:14:02.370 E/DisplayDeviceConfig( 1508): requesting nits when no mapping exists.
04-06 02:14:02.386 E/DisplayDeviceConfig( 1508): requesting nits when no mapping exists.
04-06 02:14:02.387 E/DisplayDeviceConfig( 1508): requesting nits when no mapping exists.
04-06 02:14:02.403 E/DisplayDeviceConfig( 1508): requesting nits when no mapping exists.
04-06 02:14:02.403 E/DisplayDeviceConfig( 1508): requesting nits when no mapping exists.
04-06 02:14:02.419 E/DisplayDeviceConfig( 1508): requesting nits when no mapping exists.
04-06 02:14:02.420 E/DisplayDeviceConfig( 1508): requesting nits when no mapping exists.
04-06 02:14:02.436 E/DisplayDeviceConfig( 1508): requesting nits when no mapping exists.
04-06 02:14:02.437 E/DisplayDeviceConfig( 1508): requesting nits when no mapping exists.
04-06 02:14:02.453 E/DisplayDeviceConfig( 1508): requesting nits when no mapping exists.
04-06 02:14:02.453 E/DisplayDeviceConfig( 1508): requesting nits when no mapping exists.
04-06 02:14:02.469 E/DisplayDeviceConfig( 1508): requesting nits when no mapping exists.
04-06 02:14:02.470 E/DisplayDeviceConfig( 1508): requesting nits when no mapping exists.
04-06 02:14:02.486 E/DisplayDeviceConfig( 1508): requesting nits when no mapping exists.
04-06 02:14:02.487 E/DisplayDeviceConfig( 1508): requesting nits when no mapping exists.
04-06 02:14:02.503 E/DisplayDeviceConfig( 1508): requesting nits when no mapping exists.
04-06 02:14:02.503 E/DisplayDeviceConfig( 1508): requesting nits when no mapping exists.
04-06 02:14:02.519 E/DisplayDeviceConfig( 1508): requesting nits when no mapping exists.
04-06 02:14:02.520 E/DisplayDeviceConfig( 1508): requesting nits when no mapping exists.
04-06 02:14:02.536 E/DisplayDeviceConfig( 1508): requesting nits when no mapping exists.
04-06 02:14:02.537 E/DisplayDeviceConfig( 1508): requesting nits when no mapping exists.
04-06 02:14:02.553 E/DisplayDeviceConfig( 1508): requesting nits when no mapping exists.
04-06 02:14:02.554 E/DisplayDeviceConfig( 1508): requesting nits when no mapping exists.
04-06 02:14:02.570 E/DisplayDeviceConfig( 1508): requesting nits when no mapping exists.
04-06 02:14:02.570 E/DisplayDeviceConfig( 1508): requesting nits when no mapping exists.
04-06 02:14:02.586 E/DisplayDeviceConfig( 1508): requesting nits when no mapping exists.
04-06 02:14:02.587 E/DisplayDeviceConfig( 1508): requesting nits when no mapping exists.
04-06 02:14:02.603 E/DisplayDeviceConfig( 1508): requesting nits when no mapping exists.
04-06 02:14:02.603 E/DisplayDeviceConfig( 1508): requesting nits when no mapping exists.
04-06 02:14:02.620 E/DisplayDeviceConfig( 1508): requesting nits when no mapping exists.
04-06 02:14:02.621 E/DisplayDeviceConfig( 1508): requesting nits when no mapping exists.
04-06 02:14:02.636 E/DisplayDeviceConfig( 1508): requesting nits when no mapping exists.
04-06 02:14:02.637 E/DisplayDeviceConfig( 1508): requesting nits when no mapping exists.
04-06 02:14:02.653 E/DisplayDeviceConfig( 1508): requesting nits when no mapping exists.
04-06 02:14:02.653 E/DisplayDeviceConfig( 1508): requesting nits when no mapping exists.
04-06 02:14:02.670 E/DisplayDeviceConfig( 1508): requesting nits when no mapping exists.
04-06 02:14:02.670 E/DisplayDeviceConfig( 1508): requesting nits when no mapping exists.
04-06 02:14:02.687 E/DisplayDeviceConfig( 1508): requesting nits when no mapping exists.
04-06 02:14:02.687 E/DisplayDeviceConfig( 1508): requesting nits when no mapping exists.
04-06 02:14:02.703 E/DisplayDeviceConfig( 1508): requesting nits when no mapping exists.
04-06 02:14:02.704 E/DisplayDeviceConfig( 1508): requesting nits when no mapping exists.
04-06 02:14:02.720 E/DisplayDeviceConfig( 1508): requesting nits when no mapping exists.
04-06 02:14:02.721 E/DisplayDeviceConfig( 1508): requesting nits when no mapping exists.
04-06 02:14:02.737 E/DisplayDeviceConfig( 1508): requesting nits when no mapping exists.
04-06 02:14:02.738 E/DisplayDeviceConfig( 1508): requesting nits when no mapping exists.
04-06 02:14:02.754 E/DisplayDeviceConfig( 1508): requesting nits when no mapping exists.
04-06 02:14:02.754 E/DisplayDeviceConfig( 1508): requesting nits when no mapping exists.
04-06 02:14:02.966 I/mpu_uart( 651): [MSG-P:RECV]:No message received in 1000 ms
04-06 02:14:03.045 W/hpplay-java( 3295): [main]:IPManager:getActiveNets invalid networkInfo:null
04-06 02:14:03.045 I/hpplay-java( 3295): [main]:IPManager:getActiveNets eth0:false wifi:false mobile:false ap:false
04-06 02:14:03.045 I/hpplay-java( 3295): [main]:ServerTaskManager:get local ip:null
04-06 02:14:03.967 I/mpu_uart( 651): [MSG-P:RECV]:No message received in 1000 ms
04-06 02:14:04.047 W/hpplay-java( 3295): [main]:IPManager:getActiveNets invalid networkInfo:null
04-06 02:14:04.047 I/hpplay-java( 3295): [main]:IPManager:getActiveNets eth0:false wifi:false mobile:false ap:false
04-06 02:14:04.047 I/hpplay-java( 3295): [main]:ServerTaskManager:get local ip:null
04-06 02:14:04.967 I/mpu_uart( 651): [MSG-P:RECV]:No message received in 1000 ms
04-06 02:14:05.050 W/hpplay-java( 3295): [main]:IPManager:getActiveNets invalid networkInfo:null
04-06 02:14:05.050 I/hpplay-java( 3295): [main]:IPManager:getActiveNets eth0:false wifi:false mobile:false ap:false
04-06 02:14:05.050 I/hpplay-java( 3295): [main]:ServerTaskManager:get local ip:null
04-06 02:14:05.108 I/mpu_uart( 651): [MSG-P:R]:recv sync frame timeout
01-01 08:05:24.101 E/DTC_ETH,link_delay_work_func( 0): 3003, SQI=0, link=0
04-06 02:14:05.967 I/mpu_uart( 651): [MSG-P:RECV]:No message received in 1000 ms
04-06 02:14:06.052 W/hpplay-java( 3295): [main]:IPManager:getActiveNets invalid networkInfo:null
04-06 02:14:06.052 I/hpplay-java( 3295): [main]:IPManager:getActiveNets eth0:false wifi:false mobile:false ap:false
04-06 02:14:06.052 I/hpplay-java( 3295): [main]:ServerTaskManager:get local ip:null
04-06 02:14:06.134 E/tlogd ( 1366): [TzLogger](isPathReadable) file /sys/kernel/debug/tzdbg/qsee_log isn't exist or no permission, err: No such file or directory
04-06 02:14:06.135 E/tlogd ( 1366): [TzLogger](saveTzlogAsync) /sys/kernel/debug/tzdbg/qsee_log can not read.
04-06 02:14:06.135 E/tlogd ( 1366): [TzLogger](isPathReadable) file /sys/kernel/debug/tzdbg/log isn't exist or no permission, err: No such file or directory
04-06 02:14:06.135 E/tlogd ( 1366): [TzLogger](saveTzlogAsync) /sys/kernel/debug/tzdbg/log can not read.
04-06 02:14:06.945 D/RemoteControlService( 2780): startVlanDispatchThread
04-06 02:14:06.967 I/mpu_uart( 651): [MSG-P:RECV]:No message received in 1000 ms
04-06 02:14:07.054 W/hpplay-java( 3295): [main]:IPManager:getActiveNets invalid networkInfo:null
04-06 02:14:07.054 I/hpplay-java( 3295): [main]:IPManager:getActiveNets eth0:false wifi:false mobile:false ap:false
04-06 02:14:07.054 I/hpplay-java( 3295): [main]:ServerTaskManager:get local ip:null
04-06 02:14:07.968 I/mpu_uart( 651): [MSG-P:RECV]:No message received in 1000 ms
04-06 02:14:08.056 W/hpplay-java( 3295): [main]:IPManager:getActiveNets invalid networkInfo:null
04-06 02:14:08.056 I/hpplay-java( 3295): [main]:IPManager:getActiveNets eth0:false wifi:false mobile:false ap:false
04-06 02:14:08.057 I/hpplay-java( 3295): [main]:ServerTaskManager:get local ip:null
04-06 02:14:08.111 I/mpu_uart( 651): [MSG-P:R]:recv sync frame timeout
04-06 02:14:08.805 I/PowerManagerService( 1508): Napping display group (groupId=0, uid=1000)...
04-06 02:14:08.805 I/PowerManagerService( 1508): Nap time (uid 1000)...
04-06 02:14:08.808 I/DreamManagerService( 1508): Entering dreamland.
04-06 02:14:08.811 I/PowerManagerService( 1508): Dreaming...
04-06 02:14:08.817 I/DreamController( 1508): Starting dream: name=ComponentInfo{com.thundercomm.screensaver/com.thundercomm.screensaver.service.SystemDream}, isTest=false, canDoze=false, userId=0
04-06 02:14:08.825 D/CompatibilityChangeReporter( 1508): Compat change id reported: 168419799; UID 10051; state: DISABLED
04-06 02:14:08.825 D/CompatibilityInfo( 1508): mCompatibilityFlags - 4
04-06 02:14:08.825 D/CompatibilityInfo( 1508): applicationDensity - 240
04-06 02:14:08.825 D/CompatibilityInfo( 1508): applicationScale - 1.0
04-06 02:14:08.830 I/ActivityTaskManager( 1508): START u0 {flg=0x10000000 pkg=com.thundercomm.screensaver cmp=com.thundercomm.screensaver/android.service.dreams.DreamActivity (has extras)} from uid 10051
04-06 02:14:08.831 I/EventSequenceValidator( 1508): Transition from REPORT_FULLY_DRAWN to INTENT_STARTED
04-06 02:14:08.836 W/ActivityTaskManager( 1508): Can't find TaskDisplayArea to determine support for multi window. Task id=13 attached=false
04-06 02:14:08.841 D/CompatibilityInfo( 1508): mCompatibilityFlags - 4
04-06 02:14:08.841 D/CompatibilityInfo( 1508): applicationDensity - 240
04-06 02:14:08.841 D/CompatibilityInfo( 1508): applicationScale - 1.0
04-06 02:14:08.841 D/ActivityTrigger( 1508): ActivityTrigger activityPauseTrigger
04-06 02:14:08.844 I/EventSequenceValidator( 1508): Transition from INTENT_STARTED to ACTIVITY_LAUNCHED
04-06 02:14:08.847 I/ActivityTaskManager( 1508): FOREGROUND_APPLICATION_CHANGED to android.service.dreams.DreamActivity
04-06 02:14:08.848 I/ActivityTaskManager( 1508): The Process com.thundercomm.screensaver Already Exists in BG. So sending its PID: 4581
04-06 02:14:08.848 W/ActivityTaskManager( 1508): Tried to set launchTime (0) < mLastActivityLaunchTime (85336)
04-06 02:14:08.848 D/CompatibilityInfo( 1508): mCompatibilityFlags - 4
04-06 02:14:08.848 D/CompatibilityInfo( 1508): applicationDensity - 240
04-06 02:14:08.848 D/CompatibilityInfo( 1508): applicationScale - 1.0
04-06 02:14:08.855 I/GameMode_ActivityMonitoringService( 2562): onActivityLaunch: com.thundercomm.screensaver, isGameApp: false
04-06 02:14:08.855 W/WindowManager( 1508): Failed looking up window session=Session{4fa8c97 4581:u0a10051} callers=com.android.server.wm.WindowManagerService.windowForClientLocked:5628 com.android.server.wm.Session.insetsModified:629 android.view.IWindowSession$Stub.onTransact:1151
04-06 02:14:08.856 D/KeyguardViewMediator( 2363): setOccluded true
04-06 02:14:08.857 D/GameModeIF_GameModeSettings( 2562): getUriFor setting_content_uri_root = content://com.thundercomm.gamemode.api/gamemode_settings , name = gamemode_enable
04-06 02:14:08.857 E/MCUUtil ( 2826): saveLastActivity activityName=android.service.dreams.DreamActivity packageName=com.thundercomm.screensaver
04-06 02:14:08.857 D/KeyguardViewMediator( 2363): adjustStatusBarLocked: mShowing=false mOccluded=true isSecure=false force=false --> flags=0x0
04-06 02:14:08.868 I/BpBinder( 1003): onLastStrongRef automatically unlinking death recipients:
04-06 02:14:08.876 I/BpBinder( 1003): onLastStrongRef automatically unlinking death recipients:
04-06 02:14:08.880 D/PermissionCache( 1003): checking android.permission.READ_FRAME_BUFFER for uid=1000 => granted (267 us)
04-06 02:14:08.883 I/hwservicemanager( 507): getTransport: Cannot find entry android.hardware.graphics.mapper@4.0::IMapper/default in either framework or device VINTF manifest.
04-06 02:14:08.883 I/Gralloc4( 1508): mapper 4.x is not supported
04-06 02:14:08.885 D/ConnectivityService( 1508): requestNetwork for uid/pid:10051/4581 activeRequest: null callbackRequest: 44 [NetworkRequest [ REQUEST id=45, [ Capabilities: INTERNET&NOT_RESTRICTED&TRUSTED&NOT_VCN_MANAGED Uid: 10051 RequestorUid: 10051 RequestorPkg: com.thundercomm.screensaver] ]] callback flags: 0 priority: 2147483647
04-06 02:14:08.885 D/ConnectivityService( 1508): NetReassign [no changes]
04-06 02:14:08.886 D/Ethernet( 1508): got request NetworkRequest [ REQUEST id=45, [ Capabilities: INTERNET&NOT_RESTRICTED&TRUSTED&NOT_VCN_MANAGED Uid: 10051 RequestorUid: 10051 RequestorPkg: com.thundercomm.screensaver] ]
04-06 02:14:08.886 D/EthernetNetworkFactory( 1508): acceptRequest, request: NetworkRequest [ REQUEST id=45, [ Capabilities: INTERNET&NOT_RESTRICTED&TRUSTED&NOT_VCN_MANAGED Uid: 10051 RequestorUid: 10051 RequestorPkg: com.thundercomm.screensaver] ]
04-06 02:14:08.886 I/EthernetNetworkFactory( 1508): networkForRequest, request: NetworkRequest [ REQUEST id=45, [ Capabilities: INTERNET&NOT_RESTRICTED&TRUSTED&NOT_VCN_MANAGED Uid: 10051 RequestorUid: 10051 RequestorPkg: com.thundercomm.screensaver] ], network: null
04-06 02:14:08.887 D/WifiNetworkFactory( 1508): got request NetworkRequest [ REQUEST id=45, [ Capabilities: INTERNET&NOT_RESTRICTED&TRUSTED&NOT_VCN_MANAGED Uid: 10051 RequestorUid: 10051 RequestorPkg: com.thundercomm.screensaver] ]
04-06 02:14:08.887 D/UntrustedWifiNetworkFactory( 1508): got request NetworkRequest [ REQUEST id=45, [ Capabilities: INTERNET&NOT_RESTRICTED&TRUSTED&NOT_VCN_MANAGED Uid: 10051 RequestorUid: 10051 RequestorPkg: com.thundercomm.screensaver] ]
04-06 02:14:08.887 D/OemPaidWifiNetworkFactory( 1508): got request NetworkRequest [ REQUEST id=45, [ Capabilities: INTERNET&NOT_RESTRICTED&TRUSTED&NOT_VCN_MANAGED Uid: 10051 RequestorUid: 10051 RequestorPkg: com.thundercomm.screensaver] ]
04-06 02:14:08.887 D/StatusBar( 2363): disable disable2
04-06 02:14:08.889 I/ActivityTaskManager( 1508): Displayed com.thundercomm.screensaver/android.service.dreams.DreamActivity: +48ms
04-06 02:14:08.891 I/EventSequenceValidator( 1508): Transition from ACTIVITY_LAUNCHED to ACTIVITY_FINISHED
04-06 02:14:08.891 I/hwservicemanager( 507): getTransport: Cannot find entry android.hardware.graphics.mapper@4.0::IMapper/default in either framework or device VINTF manifest.
04-06 02:14:08.891 I/Gralloc4( 2562): mapper 4.x is not supported
04-06 02:14:08.900 E/DisplayDeviceConfig( 1508): requesting nits when no mapping exists.
04-06 02:14:08.901 E/DisplayDeviceConfig( 1508): requesting nits when no mapping exists.
04-06 02:14:08.917 E/DisplayDeviceConfig( 1508): requesting nits when no mapping exists.
04-06 02:14:08.917 E/DisplayDeviceConfig( 1508): requesting nits when no mapping exists.
04-06 02:14:08.934 E/DisplayDeviceConfig( 1508): requesting nits when no mapping exists.
04-06 02:14:08.934 E/DisplayDeviceConfig( 1508): requesting nits when no mapping exists.
04-06 02:14:08.950 W/FreeFormWindowHelper( 1508): Current Display FreeFormTask is null
04-06 02:14:08.951 E/DisplayDeviceConfig( 1508): requesting nits when no mapping exists.
04-06 02:14:08.951 E/DisplayDeviceConfig( 1508): requesting nits when no mapping exists.
04-06 02:14:08.967 E/DisplayDeviceConfig( 1508): requesting nits when no mapping exists.
04-06 02:14:08.967 E/DisplayDeviceConfig( 1508): requesting nits when no mapping exists.
04-06 02:14:08.969 I/mpu_uart( 651): [MSG-P:RECV]:No message received in 1000 ms
04-06 02:14:08.984 E/DisplayDeviceConfig( 1508): requesting nits when no mapping exists.
04-06 02:14:08.984 E/DisplayDeviceConfig( 1508): requesting nits when no mapping exists.
04-06 02:14:09.001 E/DisplayDeviceConfig( 1508): requesting nits when no mapping exists.
04-06 02:14:09.001 E/DisplayDeviceConfig( 1508): requesting nits when no mapping exists.
04-06 02:14:09.017 E/DisplayDeviceConfig( 1508): requesting nits when no mapping exists.
04-06 02:14:09.018 E/DisplayDeviceConfig( 1508): requesting nits when no mapping exists.
04-06 02:14:09.034 E/DisplayDeviceConfig( 1508): requesting nits when no mapping exists.
04-06 02:14:09.034 E/DisplayDeviceConfig( 1508): requesting nits when no mapping exists.
04-06 02:14:09.051 E/DisplayDeviceConfig( 1508): requesting nits when no mapping exists.
04-06 02:14:09.051 E/DisplayDeviceConfig( 1508): requesting nits when no mapping exists.
04-06 02:14:09.058 W/hpplay-java( 3295): [main]:IPManager:getActiveNets invalid networkInfo:null
04-06 02:14:09.058 I/hpplay-java( 3295): [main]:IPManager:getActiveNets eth0:false wifi:false mobile:false ap:false
04-06 02:14:09.058 I/hpplay-java( 3295): [main]:ServerTaskManager:get local ip:null
04-06 02:14:09.068 E/DisplayDeviceConfig( 1508): requesting nits when no mapping exists.
04-06 02:14:09.068 E/DisplayDeviceConfig( 1508): requesting nits when no mapping exists.
04-06 02:14:09.084 E/DisplayDeviceConfig( 1508): requesting nits when no mapping exists.
04-06 02:14:09.084 E/DisplayDeviceConfig( 1508): requesting nits when no mapping exists.
04-06 02:14:09.101 E/DisplayDeviceConfig( 1508): requesting nits when no mapping exists.
04-06 02:14:09.101 E/DisplayDeviceConfig( 1508): requesting nits when no mapping exists.
04-06 02:14:09.118 E/DisplayDeviceConfig( 1508): requesting nits when no mapping exists.
04-06 02:14:09.118 E/DisplayDeviceConfig( 1508): requesting nits when no mapping exists.
04-06 02:14:09.134 E/DisplayDeviceConfig( 1508): requesting nits when no mapping exists.
04-06 02:14:09.134 E/DisplayDeviceConfig( 1508): requesting nits when no mapping exists.
04-06 02:14:09.151 E/DisplayDeviceConfig( 1508): requesting nits when no mapping exists.
04-06 02:14:09.151 E/DisplayDeviceConfig( 1508): requesting nits when no mapping exists.
04-06 02:14:09.168 E/DisplayDeviceConfig( 1508): requesting nits when no mapping exists.
04-06 02:14:09.168 E/DisplayDeviceConfig( 1508): requesting nits when no mapping exists.
04-06 02:14:09.184 E/DisplayDeviceConfig( 1508): requesting nits when no mapping exists.
04-06 02:14:09.185 E/DisplayDeviceConfig( 1508): requesting nits when no mapping exists.
04-06 02:14:09.201 E/DisplayDeviceConfig( 1508): requesting nits when no mapping exists.
04-06 02:14:09.201 E/DisplayDeviceConfig( 1508): requesting nits when no mapping exists.
04-06 02:14:09.218 E/DisplayDeviceConfig( 1508): requesting nits when no mapping exists.
04-06 02:14:09.218 E/DisplayDeviceConfig( 1508): requesting nits when no mapping exists.
04-06 02:14:09.235 E/DisplayDeviceConfig( 1508): requesting nits when no mapping exists.
04-06 02:14:09.235 E/DisplayDeviceConfig( 1508): requesting nits when no mapping exists.
04-06 02:14:09.251 E/DisplayDeviceConfig( 1508): requesting nits when no mapping exists.
04-06 02:14:09.251 E/DisplayDeviceConfig( 1508): requesting nits when no mapping exists.
04-06 02:14:09.268 E/DisplayDeviceConfig( 1508): requesting nits when no mapping exists.
04-06 02:14:09.268 E/DisplayDeviceConfig( 1508): requesting nits when no mapping exists.
04-06 02:14:09.285 E/DisplayDeviceConfig( 1508): requesting nits when no mapping exists.
04-06 02:14:09.285 E/DisplayDeviceConfig( 1508): requesting nits when no mapping exists.
04-06 02:14:09.301 E/DisplayDeviceConfig( 1508): requesting nits when no mapping exists.
04-06 02:14:09.301 E/DisplayDeviceConfig( 1508): requesting nits when no mapping exists.
04-06 02:14:09.318 E/DisplayDeviceConfig( 1508): requesting nits when no mapping exists.
04-06 02:14:09.318 E/DisplayDeviceConfig( 1508): requesting nits when no mapping exists.
04-06 02:14:09.335 E/DisplayDeviceConfig( 1508): requesting nits when no mapping exists.
04-06 02:14:09.335 E/DisplayDeviceConfig( 1508): requesting nits when no mapping exists.
04-06 02:14:09.351 E/DisplayDeviceConfig( 1508): requesting nits when no mapping exists.
04-06 02:14:09.351 E/DisplayDeviceConfig( 1508): requesting nits when no mapping exists.
04-06 02:14:09.368 E/DisplayDeviceConfig( 1508): requesting nits when no mapping exists.
04-06 02:14:09.368 E/DisplayDeviceConfig( 1508): requesting nits when no mapping exists.
04-06 02:14:09.386 E/DisplayDeviceConfig( 1508): requesting nits when no mapping exists.
04-06 02:14:09.386 E/DisplayDeviceConfig( 1508): requesting nits when no mapping exists.
04-06 02:14:09.402 E/DisplayDeviceConfig( 1508): requesting nits when no mapping exists.
04-06 02:14:09.402 E/DisplayDeviceConfig( 1508): requesting nits when no mapping exists.
04-06 02:14:09.418 E/DisplayDeviceConfig( 1508): requesting nits when no mapping exists.
04-06 02:14:09.418 E/DisplayDeviceConfig( 1508): requesting nits when no mapping exists.
04-06 02:14:09.424 I/AdrenoGLES-0( 1508): QUALCOMM build : 47421dbee6, I139f36ad46
04-06 02:14:09.424 I/AdrenoGLES-0( 1508): Build Date : 02/18/22
04-06 02:14:09.424 I/AdrenoGLES-0( 1508): OpenGL ES Shader Compiler Version: EV031.32.02.17
04-06 02:14:09.424 I/AdrenoGLES-0( 1508): Local Branch :
04-06 02:14:09.424 I/AdrenoGLES-0( 1508): Remote Branch :
04-06 02:14:09.424 I/AdrenoGLES-0( 1508): Remote Branch :
04-06 02:14:09.424 I/AdrenoGLES-0( 1508): Reconstruct Branch :
04-06 02:14:09.424 I/AdrenoGLES-0( 1508): Build Config : S P 10.0.7 AArch64
04-06 02:14:09.424 I/AdrenoGLES-0( 1508): Driver Path : /vendor/lib64/egl/libGLESv2_adreno.so
04-06 02:14:09.425 I/hwservicemanager( 507): getTransport: Cannot find entry android.hardware.graphics.mapper@4.0::IMapper/default in either framework or device VINTF manifest.
04-06 02:14:09.427 I/AdrenoGLES-0( 1508): PFP: 0x016dd093, ME: 0x00000000
04-06 02:14:09.430 D/libEGL ( 1508): MSAA-->msaa:0 gamemode:0 4x_msaa:0
04-06 02:14:09.431 D/libEGL ( 1508): MSAA-->msaa:0 gamemode:0 4x_msaa:0
04-06 02:14:09.431 D/libEGL ( 1508): MSAA-->msaa:0 gamemode:0 4x_msaa:0
04-06 02:14:09.435 E/DisplayDeviceConfig( 1508): requesting nits when no mapping exists.
04-06 02:14:09.435 E/DisplayDeviceConfig( 1508): requesting nits when no mapping exists.
04-06 02:14:09.452 E/DisplayDeviceConfig( 1508): requesting nits when no mapping exists.
04-06 02:14:09.452 E/DisplayDeviceConfig( 1508): requesting nits when no mapping exists.
04-06 02:14:09.469 E/DisplayDeviceConfig( 1508): requesting nits when no mapping exists.
04-06 02:14:09.469 E/DisplayDeviceConfig( 1508): requesting nits when no mapping exists.
04-06 02:14:09.485 E/DisplayDeviceConfig( 1508): requesting nits when no mapping exists.
04-06 02:14:09.486 E/DisplayDeviceConfig( 1508): requesting nits when no mapping exists.
04-06 02:14:09.502 E/DisplayDeviceConfig( 1508): requesting nits when no mapping exists.
04-06 02:14:09.502 E/DisplayDeviceConfig( 1508): requesting nits when no mapping exists.
04-06 02:14:09.518 E/DisplayDeviceConfig( 1508): requesting nits when no mapping exists.
04-06 02:14:09.519 E/DisplayDeviceConfig( 1508): requesting nits when no mapping exists.
04-06 02:14:09.535 E/DisplayDeviceConfig( 1508): requesting nits when no mapping exists.
04-06 02:14:09.535 E/DisplayDeviceConfig( 1508): requesting nits when no mapping exists.
04-06 02:14:09.552 E/DisplayDeviceConfig( 1508): requesting nits when no mapping exists.
04-06 02:14:09.552 E/DisplayDeviceConfig( 1508): requesting nits when no mapping exists.
04-06 02:14:09.569 E/DisplayDeviceConfig( 1508): requesting nits when no mapping exists.
04-06 02:14:09.569 E/DisplayDeviceConfig( 1508): requesting nits when no mapping exists.
04-06 02:14:09.585 E/DisplayDeviceConfig( 1508): requesting nits when no mapping exists.
04-06 02:14:09.585 E/DisplayDeviceConfig( 1508): requesting nits when no mapping exists.
04-06 02:14:09.602 E/DisplayDeviceConfig( 1508): requesting nits when no mapping exists.
04-06 02:14:09.602 E/DisplayDeviceConfig( 1508): requesting nits when no mapping exists.
04-06 02:14:09.619 E/DisplayDeviceConfig( 1508): requesting nits when no mapping exists.
04-06 02:14:09.619 E/DisplayDeviceConfig( 1508): requesting nits when no mapping exists.
04-06 02:14:09.635 E/DisplayDeviceConfig( 1508): requesting nits when no mapping exists.
04-06 02:14:09.635 E/DisplayDeviceConfig( 1508): requesting nits when no mapping exists.
04-06 02:14:09.652 E/DisplayDeviceConfig( 1508): requesting nits when no mapping exists.
04-06 02:14:09.652 E/DisplayDeviceConfig( 1508): requesting nits when no mapping exists.
04-06 02:14:09.669 E/DisplayDeviceConfig( 1508): requesting nits when no mapping exists.
04-06 02:14:09.669 E/DisplayDeviceConfig( 1508): requesting nits when no mapping exists.
04-06 02:14:09.685 E/DisplayDeviceConfig( 1508): requesting nits when no mapping exists.
04-06 02:14:09.686 E/DisplayDeviceConfig( 1508): requesting nits when no mapping exists.
04-06 02:14:09.702 E/DisplayDeviceConfig( 1508): requesting nits when no mapping exists.
04-06 02:14:09.702 E/DisplayDeviceConfig( 1508): requesting nits when no mapping exists.
04-06 02:14:09.719 E/DisplayDeviceConfig( 1508): requesting nits when no mapping exists.
04-06 02:14:09.719 E/DisplayDeviceConfig( 1508): requesting nits when no mapping exists.
