04-06 02:10:10.776 I/ActivityManager( 1508): System now ready
04-06 02:10:10.776 I/SystemServerTiming( 1508): updateTopComponentForFactoryTest
04-06 02:10:10.776 I/SystemServerTiming( 1508): registerActivityLaunchObserver
04-06 02:10:10.776 I/SystemServerTiming( 1508): watchDeviceProvisioning
04-06 02:10:10.777 I/SystemServerTiming( 1508): retrieveSettings
04-06 02:10:10.779 I/ActivityTaskManager( 1508): Config changes=10000000 {1.0 ?mcc?mnc [zh_CN] ldltr sw680dp w1586dp h612dp 240dpi lrg long land finger -keyb/v/h -nav/h winConfig={ mBounds=Rect(0, 0 - 2380, 1020) mAppBounds=Rect(0, 0 - 2380, 954) mMaxBounds=Rect(0, 0 - 2380, 1020) mWindowingMode=fullscreen mDisplayWindowingMode=fullscreen mActivityType=undefined mAlwaysOnTop=undefined mRotation=ROTATION_0} s.8 fontWeightAdjustment=0}
04-06 02:10:10.779 I/WindowManager( 1508): Override config changes=10000000 {1.0 ?mcc?mnc [zh_CN] ldltr sw680dp w1586dp h612dp 240dpi lrg long land finger -keyb/v/h -nav/h winConfig={ mBounds=Rect(0, 0 - 2380, 1020) mAppBounds=Rect(0, 0 - 2380, 954) mMaxBounds=Rect(0, 0 - 2380, 1020) mWindowingMode=fullscreen mDisplayWindowingMode=fullscreen mActivityType=undefined mAlwaysOnTop=undefined mRotation=ROTATION_0} s.8 fontWeightAdjustment=0} for displayId=0
04-06 02:10:10.780 I/SystemServerTiming( 1508): Ugm.onSystemReady
04-06 02:10:10.780 I/SystemServerTiming( 1508): updateForceBackgroundCheck
04-06 02:10:10.780 I/SystemServer( 1508): Making services ready
04-06 02:10:10.780 I/SystemServerTiming( 1508): StartActivityManagerReadyPhase
04-06 02:10:10.780 I/SystemServiceManager( 1508): Starting phase 550
04-06 02:10:10.780 I/SystemServerTiming( 1508): OnBootPhase_550
04-06 02:10:10.780 I/SystemServerTiming( 1508): OnBootPhase_550_com.android.server.security.FileIntegrityService
04-06 02:10:10.780 I/SystemServerTiming( 1508): OnBootPhase_550_com.android.server.pm.Installer
04-06 02:10:10.780 I/SystemServerTiming( 1508): OnBootPhase_550_com.android.server.os.DeviceIdentifiersPolicyService
04-06 02:10:10.780 I/SystemServerTiming( 1508): OnBootPhase_550_com.android.server.uri.UriGrantsManagerService$Lifecycle
04-06 02:10:10.780 I/SystemServerTiming( 1508): OnBootPhase_550_com.android.server.powerstats.PowerStatsService
04-06 02:10:10.780 I/SystemServerTiming( 1508): OnBootPhase_550_com.android.server.wm.ActivityTaskManagerService$Lifecycle
04-06 02:10:10.780 I/SystemServerTiming( 1508): OnBootPhase_550_com.android.server.am.ActivityManagerService$Lifecycle
04-06 02:10:10.780 I/SystemServerTiming( 1508): OnBootPhase_550_com.android.server.pm.DataLoaderManagerService
04-06 02:10:10.781 I/SystemServerTiming( 1508): OnBootPhase_550_com.android.server.power.PowerManagerService
04-06 02:10:10.781 I/SystemServerTiming( 1508): OnBootPhase_550_com.android.server.power.ThermalManagerService
04-06 02:10:10.781 I/ThermalHalWrapper( 1508): Thermal HAL 2.0 service connected.
04-06 02:10:10.781 E/ThermalHalWrapper( 1508): Couldn't get temperatures because of HAL error: ThermalHAL not initialized properly.
04-06 02:10:10.781 W/ThermalManagerService( 1508): Thermal HAL reported invalid data, abort connection
04-06 02:10:10.782 E/ThermalHalWrapper( 1508): Couldn't get temperature thresholds because of HAL error: ThermalHAL not initialized properly.
04-06 02:10:10.782 I/SystemServerTiming( 1508): OnBootPhase_550_com.android.server.power.hint.HintManagerService
04-06 02:10:10.782 I/SystemServerTiming( 1508): OnBootPhase_550_com.android.server.recoverysystem.RecoverySystemService$Lifecycle
04-06 02:10:10.782 I/SystemServerTiming( 1508): OnBootPhase_550_com.android.server.lights.LightsService
04-06 02:10:10.782 I/SystemServerTiming( 1508): OnBootPhase_550_com.android.server.display.DisplayManagerService
04-06 02:10:10.782 I/SystemServerTiming( 1508): OnBootPhase_550_com.android.server.pm.verify.domain.DomainVerificationService
04-06 02:10:10.782 I/SystemServerTiming( 1508): OnBootPhase_550_com.android.server.pm.PackageInstallerService$Lifecycle
04-06 02:10:10.782 I/SystemServerTiming( 1508): OnBootPhase_550_com.android.server.pm.UserManagerService$LifeCycle
04-06 02:10:10.782 I/SystemServerTiming( 1508): OnBootPhase_550_com.android.server.om.OverlayManagerService
04-06 02:10:10.782 I/SystemServerTiming( 1508): OnBootPhase_550_com.android.server.SensorPrivacyService
04-06 02:10:10.782 I/SystemServerTiming( 1508): OnBootPhase_550_com.android.server.thunderperf.ThunderBoostPerfService
04-06 02:10:10.782 I/SystemServerTiming( 1508): OnBootPhase_550_com.android.server.sensors.SensorService
04-06 02:10:10.782 I/SystemServerTiming( 1508): OnBootPhase_550_com.android.server.SystemConfigService
04-06 02:10:10.782 I/SystemServerTiming( 1508): OnBootPhase_550_com.android.server.BatteryService
04-06 02:10:10.782 I/SystemServerTiming( 1508): OnBootPhase_550_com.android.server.usage.UsageStatsService
04-06 02:10:10.782 I/SystemServerTiming( 1508): OnBootPhase_550_com.android.server.webkit.WebViewUpdateService
04-06 02:10:10.782 I/SystemServerTiming( 1508): OnBootPhase_550_com.android.server.CachedDeviceStateService
04-06 02:10:10.782 I/SystemServerTiming( 1508): OnBootPhase_550_com.android.server.BinderCallsStatsService$LifeCycle
04-06 02:10:10.782 I/SystemServerTiming( 1508): OnBootPhase_550_com.android.server.LooperStatsService$Lifecycle
04-06 02:10:10.782 I/SystemServerTiming( 1508): OnBootPhase_550_com.android.server.rollback.RollbackManagerService
04-06 02:10:10.782 I/SystemServerTiming( 1508): OnBootPhase_550_com.android.server.os.NativeTombstoneManagerService
04-06 02:10:10.782 I/SystemServerTiming( 1508): OnBootPhase_550_com.android.server.os.BugreportManagerService
04-06 02:10:10.782 I/SystemServerTiming( 1508): OnBootPhase_550_com.android.server.gpu.GpuService
04-06 02:10:10.782 I/SystemServerTiming( 1508): OnBootPhase_550_com.android.server.security.KeyChainSystemService
04-06 02:10:10.782 I/SystemServerTiming( 1508): OnBootPhase_550_com.android.server.telecom.TelecomLoaderService
04-06 02:10:10.782 W/ActivityManager( 1508): Too early to start/bind service in system_server: Phase=550 ComponentInfo{com.android.server.telecom/com.android.server.telecom.components.TelecomService}
04-06 02:10:10.783 D/CompatibilityChangeReporter( 1508): Compat change id reported: 168419799; UID 1000; state: DISABLED
04-06 02:10:10.783 W/ActivityManager( 1508): Too early to start/bind service in system_server: Phase=550 ComponentInfo{com.android.server.telecom/com.android.server.telecom.components.TelecomService}
04-06 02:10:10.783 I/SystemServerTiming( 1508): OnBootPhase_550_com.android.server.accounts.AccountManagerService$Lifecycle
04-06 02:10:10.783 I/SystemServerTiming( 1508): OnBootPhase_550_com.android.server.content.ContentService$Lifecycle
04-06 02:10:10.783 I/SystemServerTiming( 1508): OnBootPhase_550_com.android.server.DropBoxManagerService
04-06 02:10:10.783 I/SystemServerTiming( 1508): OnBootPhase_550_com.android.role.RoleService
04-06 02:10:10.783 I/SystemServerTiming( 1508): OnBootPhase_550_com.android.server.vibrator.VibratorManagerService$Lifecycle
04-06 02:10:10.783 I/SystemServerTiming( 1508): OnBootPhase_550_com.android.server.alarm.AlarmManagerService
04-06 02:10:10.783 I/SystemServerTiming( 1508): OnBootPhase_550_com.android.server.devicestate.DeviceStateManagerService
04-06 02:10:10.783 I/SystemServerTiming( 1508): OnBootPhase_550_com.android.server.camera.CameraServiceProxy
04-06 02:10:10.783 I/SystemServerTiming( 1508): OnBootPhase_550_com.android.server.BluetoothService
04-06 02:10:10.783 D/BluetoothManagerService( 1508): Bluetooth boot completed
04-06 02:10:10.783 D/BluetoothManagerService( 1508): Auto-enabling Bluetooth.
04-06 02:10:10.783 D/BluetoothManagerService( 1508): MESSAGE_ENABLE(0): mBluetooth = null
04-06 02:10:10.783 D/BluetoothManagerService( 1508): MESSAGE_ENABLE: handleEnable
04-06 02:10:10.783 D/BluetoothManagerService( 1508): binding Bluetooth service
04-06 02:10:10.784 D/CompatibilityChangeReporter( 1508): Compat change id reported: 135634846; UID 1002; state: DISABLED
04-06 02:10:10.784 D/CompatibilityChangeReporter( 1508): Compat change id reported: 177438394; UID 1002; state: DISABLED
04-06 02:10:10.784 D/CompatibilityChangeReporter( 1508): Compat change id reported: 135772972; UID 1002; state: DISABLED
04-06 02:10:10.784 D/CompatibilityChangeReporter( 1508): Compat change id reported: 135754954; UID 1002; state: ENABLED
04-06 02:10:10.785 W/ActivityManager( 1508): com.android.bluetooth inode == 0 (b/152760674)
04-06 02:10:10.785 D/BluetoothManagerService( 1508): Binding BT service. Current user: 0
04-06 02:10:10.785 I/SystemServerTiming( 1508): OnBootPhase_550_com.android.server.connectivity.IpConnectivityMetrics
04-06 02:10:10.785 I/SystemServerTiming( 1508): OnBootPhase_550_com.android.server.net.watchlist.NetworkWatchlistService$Lifecycle
04-06 02:10:10.786 I/SystemServerTiming( 1508): OnBootPhase_550_com.android.server.PinnerService
04-06 02:10:10.786 I/SystemServerTiming( 1508): OnBootPhase_550_com.google.android.startop.iorap.IorapForwardingService
04-06 02:10:10.786 I/SystemServerTiming( 1508): OnBootPhase_550_com.android.server.ActivityTriggerService
04-06 02:10:10.786 I/SystemServerTiming( 1508): OnBootPhase_550_com.android.server.integrity.AppIntegrityManagerService
04-06 02:10:10.786 I/SystemServerTiming( 1508): OnBootPhase_550_com.android.server.inputmethod.InputMethodManagerService$Lifecycle
04-06 02:10:10.788 W/InputMethodManagerService( 1508): Default IME is uninstalled. Choose new default IME.
04-06 02:10:10.789 I/ActivityManager( 1508): Start proc 2345:com.android.bluetooth/1002 for service {com.android.bluetooth/com.android.bluetooth.btservice.AdapterService}
01-01 08:01:29.635 I/binder ( 0): 2345:2345 ioctl 40046210 7fd41ed904 returned -22
04-06 02:10:10.800 D/CompatibilityChangeReporter( 1508): Compat change id reported: 168419799; UID 1002; state: DISABLED
04-06 02:10:10.800 W/InputMethodManagerService( 1508): Illegal subtype state: old subtype = null, new subtype = android.view.inputmethod.InputMethodSubtype@c9194f98
04-06 02:10:10.801 I/SystemServerTiming( 1508): OnBootPhase_550_com.android.server.accessibility.AccessibilityManagerService$Lifecycle
04-06 02:10:10.801 I/SystemServerTiming( 1508): OnBootPhase_550_com.android.server.StorageManagerService$Lifecycle
04-06 02:10:10.801 I/SystemServerTiming( 1508): OnBootPhase_550_com.android.server.usage.StorageStatsService$Lifecycle
04-06 02:10:10.801 I/SystemServerTiming( 1508): OnBootPhase_550_com.android.server.UiModeManagerService
04-06 02:10:10.801 I/SystemServerTiming( 1508): OnBootPhase_550_com.android.server.locksettings.LockSettingsService$Lifecycle
04-06 02:10:10.806 I/LockSettingsService( 1508): Migrated migrated_frp.
04-06 02:10:10.806 I/RebootEscrowManager( 1508): No reboot escrow data found for users, skipping loading escrow data
04-06 02:10:10.806 I/SystemServerTiming( 1508): OnBootPhase_550_com.android.server.PersistentDataBlockService
04-06 02:10:10.806 I/SystemServerTiming( 1508): OnBootPhase_550_com.android.server.testharness.TestHarnessModeService
04-06 02:10:10.806 I/SystemServerTiming( 1508): OnBootPhase_550_com.android.server.oemlock.OemLockService
04-06 02:10:10.806 I/SystemServerTiming( 1508): OnBootPhase_550_com.android.server.DeviceIdleController
04-06 02:10:10.806 I/SystemServerTiming( 1508): OnBootPhase_550_com.android.server.devicepolicy.DevicePolicyManagerService$Lifecycle
04-06 02:10:10.806 I/SystemServerTiming( 1508): OnBootPhase_550_com.android.server.texttospeech.TextToSpeechManagerService
04-06 02:10:10.806 I/SystemServerTiming( 1508): OnBootPhase_550_com.android.server.speech.SpeechRecognitionManagerService
04-06 02:10:10.806 I/SystemServerTiming( 1508): OnBootPhase_550_com.android.server.searchui.SearchUiManagerService
04-06 02:10:10.806 I/SystemServerTiming( 1508): OnBootPhase_550_com.android.server.smartspace.SmartspaceManagerService
04-06 02:10:10.806 I/SystemServerTiming( 1508): OnBootPhase_550_com.android.server.graphics.fonts.FontManagerService$Lifecycle
04-06 02:10:10.806 I/SystemServerTiming( 1508): OnBootPhase_550_com.android.server.textservices.TextServicesManagerService$Lifecycle
04-06 02:10:10.806 I/SystemServerTiming( 1508): OnBootPhase_550_com.android.server.textclassifier.TextClassificationManagerService$Lifecycle
04-06 02:10:10.806 I/SystemServerTiming( 1508): OnBootPhase_550_com.android.server.NetworkScoreService$Lifecycle
04-06 02:10:10.806 I/SystemServerTiming( 1508): OnBootPhase_550_com.android.server.wifi.WifiService
04-06 02:10:10.806 I/SystemServerTiming( 1508): OnBootPhase_550_com.android.server.wifi.scanner.WifiScanningService
04-06 02:10:10.806 I/SystemServerTiming( 1508): OnBootPhase_550_com.android.server.wifi.rtt.RttService
04-06 02:10:10.806 I/SystemServerTiming( 1508): OnBootPhase_550_com.android.server.wifi.aware.WifiAwareService
04-06 02:10:10.806 I/SystemServerTiming( 1508): OnBootPhase_550_com.android.server.wifi.p2p.WifiP2pService
04-06 02:10:10.806 I/SystemServerTiming( 1508): OnBootPhase_550_com.android.server.ethernet.EthernetService
04-06 02:10:10.806 I/SystemServerTiming( 1508): OnBootPhase_550_com.android.server.ConnectivityServiceInitializer
04-06 02:10:10.806 I/SystemServerTiming( 1508): OnBootPhase_550_com.android.server.notification.NotificationManagerService
04-06 02:10:10.806 I/SystemServerTiming( 1508): OnBootPhase_550_com.android.server.storage.DeviceStorageMonitorService
04-06 02:10:10.806 I/SystemServerTiming( 1508): OnBootPhase_550_com.android.server.location.LocationManagerService$Lifecycle
04-06 02:10:10.806 I/SystemServerTiming( 1508): OnBootPhase_550_com.android.server.timedetector.TimeDetectorService$Lifecycle
04-06 02:10:10.806 I/SystemServerTiming( 1508): OnBootPhase_550_com.android.server.timezonedetector.TimeZoneDetectorService$Lifecycle
04-06 02:10:10.806 I/SystemServerTiming( 1508): OnBootPhase_550_com.android.server.timezonedetector.location.LocationTimeZoneManagerService$Lifecycle
04-06 02:10:10.806 I/SystemServerTiming( 1508): OnBootPhase_550_com.android.server.search.SearchManagerService$Lifecycle
04-06 02:10:10.806 I/SystemServerTiming( 1508): OnBootPhase_550_com.android.server.wallpaper.WallpaperManagerService$Lifecycle
04-06 02:10:10.807 I/WallpaperManagerService( 1508): No static wallpaper imagery; defaults will be shown
04-06 02:10:10.808 D/CompatibilityChangeReporter( 1508): Compat change id reported: 135634846; UID 10078; state: DISABLED
04-06 02:10:10.808 D/CompatibilityChangeReporter( 1508): Compat change id reported: 177438394; UID 10078; state: DISABLED
04-06 02:10:10.808 D/CompatibilityChangeReporter( 1508): Compat change id reported: 135772972; UID 10078; state: DISABLED
04-06 02:10:10.808 D/CompatibilityChangeReporter( 1508): Compat change id reported: 135754954; UID 10078; state: ENABLED
04-06 02:10:10.808 D/CompatibilityChangeReporter( 1508): Compat change id reported: 143937733; UID 10078; state: ENABLED
04-06 02:10:10.808 W/ActivityManager( 1508): com.android.systemui inode == 0 (b/152760674)
04-06 02:10:10.808 W/WallpaperManagerService( 1508): no current wallpaper -- first boot?
04-06 02:10:10.808 I/SystemServerTiming( 1508): OnBootPhase_550_com.android.server.audio.AudioService$Lifecycle
04-06 02:10:10.808 I/SystemServerTiming( 1508): OnBootPhase_550_com.android.server.soundtrigger_middleware.SoundTriggerMiddlewareService$Lifecycle
04-06 02:10:10.808 I/SystemServerTiming( 1508): OnBootPhase_550_com.android.server.DockObserver
04-06 02:10:10.808 I/SystemServerTiming( 1508): OnBootPhase_550_com.android.server.midi.MidiService$Lifecycle
04-06 02:10:10.808 I/SystemServerTiming( 1508): OnBootPhase_550_com.android.server.adb.AdbService$Lifecycle
04-06 02:10:10.808 W/BluetoothManagerService( 1508): bindBluetoothProfileService:Trying to bind to profile: 1, while Bluetooth is disabled
04-06 02:10:10.808 I/SystemServerTiming( 1508): OnBootPhase_550_com.android.server.usb.UsbService$Lifecycle
04-06 02:10:10.809 I/SystemServerTiming( 1508): OnBootPhase_550_com.android.server.twilight.TwilightService
04-06 02:10:10.809 I/SystemServerTiming( 1508): OnBootPhase_550_com.android.server.display.color.ColorDisplayService
04-06 02:10:10.809 I/SystemServerTiming( 1508): OnBootPhase_550_com.android.server.job.JobSchedulerService
04-06 02:10:10.809 I/SystemServerTiming( 1508): OnBootPhase_550_com.android.server.soundtrigger.SoundTriggerService
04-06 02:10:10.809 D/SoundTriggerService( 1508): onBootPhase: 550 : false
04-06 02:10:10.809 I/SystemServerTiming( 1508): OnBootPhase_550_com.android.server.trust.TrustManagerService
04-06 02:10:10.809 I/SystemServerTiming( 1508): OnBootPhase_550_com.android.server.backup.BackupManagerService$Lifecycle
04-06 02:10:10.809 I/SystemServerTiming( 1508): OnBootPhase_550_com.android.server.appwidget.AppWidgetService
04-06 02:10:10.809 I/SystemServerTimingAsync( 1508): InitThreadPoolExec:UsbService$Lifecycle#onBootPhase
04-06 02:10:10.809 I/SystemServerTiming( 1508): OnBootPhase_550_com.android.server.voiceinteraction.VoiceInteractionManagerService
04-06 02:10:10.809 I/SystemServerTiming( 1508): OnBootPhase_550_com.android.server.apphibernation.AppHibernationService
04-06 02:10:10.809 I/SystemServerTiming( 1508): OnBootPhase_550_com.android.server.SensorNotificationService
04-06 02:10:10.809 I/SystemServerTiming( 1508): OnBootPhase_550_com.android.server.emergency.EmergencyAffordanceService
04-06 02:10:10.809 I/SystemServerTiming( 1508): OnBootPhase_550_com.android.server.blob.BlobStoreManagerService
04-06 02:10:10.809 I/SystemServerTiming( 1508): OnBootPhase_550_com.android.server.dreams.DreamManagerService
04-06 02:10:10.809 I/SystemServerTiming( 1508): OnBootPhase_550_com.android.server.companion.CompanionDeviceManagerService
04-06 02:10:10.809 I/SystemServerTiming( 1508): OnBootPhase_550_com.android.server.restrictions.RestrictionsManagerService
04-06 02:10:10.809 I/SystemServerTiming( 1508): OnBootPhase_550_com.android.server.media.MediaSessionService
04-06 02:10:10.809 I/SystemServerTiming( 1508): OnBootPhase_550_com.android.server.media.MediaResourceMonitorService
04-06 02:10:10.809 I/SystemServerTiming( 1508): OnBootPhase_550_com.android.server.biometrics.sensors.fingerprint.FingerprintService
04-06 02:10:10.809 I/SystemServerTiming( 1508): OnBootPhase_550_com.android.server.biometrics.BiometricService
04-06 02:10:10.809 I/SystemServerTiming( 1508): OnBootPhase_550_com.android.server.biometrics.AuthService
04-06 02:10:10.809 I/SystemServerTiming( 1508): OnBootPhase_550_com.android.server.pm.ShortcutService$Lifecycle
04-06 02:10:10.809 I/SystemServerTiming( 1508): OnBootPhase_550_com.android.server.pm.LauncherAppsService
04-06 02:10:10.809 I/SystemServerTiming( 1508): OnBootPhase_550_com.android.server.pm.CrossProfileAppsService
04-06 02:10:10.809 I/SystemServerTiming( 1508): OnBootPhase_550_com.android.server.people.PeopleService
04-06 02:10:10.809 I/SystemServerTiming( 1508): OnBootPhase_550_com.android.server.media.metrics.MediaMetricsManagerService
04-06 02:10:10.809 I/SystemServerTiming( 1508): OnBootPhase_550_com.android.server.media.projection.MediaProjectionManagerService
04-06 02:10:10.809 I/SystemServerTiming( 1508): OnBootPhase_550_com.android.server.slice.SliceManagerService$Lifecycle
04-06 02:10:10.809 I/SystemServerTiming( 1508): OnBootPhase_550_com.android.server.stats.StatsCompanion$Lifecycle
04-06 02:10:10.809 I/SystemServerTiming( 1508): OnBootPhase_550_com.android.server.scheduling.RebootReadinessManagerService$Lifecycle
04-06 02:10:10.809 I/SystemServerTiming( 1508): OnBootPhase_550_com.android.server.stats.pull.StatsPullAtomService
04-06 02:10:10.809 I/SystemServerTiming( 1508): OnBootPhase_550_com.android.server.incident.IncidentCompanionService
04-06 02:10:10.809 I/SystemServerTiming( 1508): OnBootPhase_550_com.android.server.MmsServiceBroker
04-06 02:10:10.809 I/SystemServerTiming( 1508): OnBootPhase_550_com.android.server.autofill.AutofillManagerService
04-06 02:10:10.809 I/SystemServerTiming( 1508): OnBootPhase_550_com.android.server.clipboard.ClipboardService
04-06 02:10:10.809 I/SystemServerTiming( 1508): OnBootPhase_550_com.android.server.appbinding.AppBindingService$Lifecycle
04-06 02:10:10.810 I/AppBindingService( 1508): Updating constants with: null
04-06 02:10:10.810 I/SystemServerTiming( 1508): OnBootPhase_550_com.android.server.tracing.TracingServiceProxy
04-06 02:10:10.810 I/SystemServerTiming( 1508): OnBootPhase_550_com.android.server.policy.PermissionPolicyService
04-06 02:10:10.813 D/CompatibilityChangeReporter( 1508): Compat change id reported: 135634846; UID 10090; state: DISABLED
04-06 02:10:10.813 D/CompatibilityChangeReporter( 1508): Compat change id reported: 177438394; UID 10090; state: DISABLED
04-06 02:10:10.813 D/CompatibilityChangeReporter( 1508): Compat change id reported: 135772972; UID 10090; state: DISABLED
04-06 02:10:10.813 D/CompatibilityChangeReporter( 1508): Compat change id reported: 135754954; UID 10090; state: DISABLED
04-06 02:10:10.813 I/ActivityManager( 1508): Start proc 2363:com.android.systemui/u0a78 for service {com.android.systemui/com.android.systemui.ImageWallpaper}
04-06 02:10:10.813 D/CompatibilityChangeReporter( 1508): Compat change id reported: 143937733; UID 10090; state: DISABLED
04-06 02:10:10.813 W/ActivityManager( 1508): com.android.permissioncontroller inode == 0 (b/152760674)
04-06 02:10:10.814 I/UsbPortManager( 1508): ClientCallback V1_2:
04-06 02:10:10.814 I/UsbPortManager( 1508): USB port added: port=UsbPort{id=, supportedModes=nonesupportedContaminantProtectionModes=0supportsEnableContaminantPresenceProtection=falsesupportsEnableContaminantPresenceDetection=false, status=UsbPortStatus{connected=false, currentMode=none, currentPowerRole=no-power, currentDataRole=no-data, supportedRoleCombinations=[no-power:no-data], contaminantDetectionStatus=0, contaminantProtectionStatus=0}, canChangeMode=false, canChangePowerRole=false, canChangeDataRole=false, connectedAtMillis=0, lastConnectDurationMillis=0
04-06 02:10:10.818 I/ActivityManager( 1508): Start proc 2365:com.android.permissioncontroller/u0a90 for service {com.android.permissioncontroller/com.android.permissioncontroller.permission.service.PermissionControllerServiceImpl}
01-01 08:01:29.668 I/binder ( 0): 2365:2365 ioctl 40046210 7fd41ed904 returned -22
04-06 02:10:10.834 D/CompatibilityChangeReporter( 1508): Compat change id reported: 168419799; UID 10090; state: DISABLED
01-01 08:01:29.675 I/binder ( 0): 2363:2363 ioctl 40046210 7fd41ed904 returned -22
04-06 02:10:10.841 D/CompatibilityChangeReporter( 1508): Compat change id reported: 168419799; UID 10078; state: DISABLED
04-06 02:10:10.867 W/StorageManagerService( 1508): No primary storage defined yet; hacking together a stub
01-01 08:01:29.705 I/binder ( 0): 1206:1251 ioctl 40046210 7921154fc4 returned -22
01-01 08:01:29.707 E/init ( 0): Control message: Could not find 'vendor.qti.hardware.iop@2.0::IIop/default' for ctl.interface_start from pid: 507 (/system/bin/hwservicemanager)
01-01 08:01:29.727 E/init ( 0): Control message: Could not find 'vendor.qti.hardware.iop@2.0::IIop/default' for ctl.interface_start from pid: 507 (/system/bin/hwservicemanager)
04-06 02:10:10.932 D/CompatibilityChangeReporter( 1508): Compat change id reported: 171306433; UID 1000; state: ENABLED
04-06 02:10:10.942 W/OneHandedController( 2363): Device doesn't support OneHanded feature
01-01 08:01:29.804 I/binder ( 0): 2345:2345 ioctl 40046210 7fd41ecf74 returned -22
04-06 02:10:10.987 I/PackageManager( 1508): Permission ownership changed. Updating all permissions.
04-06 02:10:10.999 W/SystemServiceManager( 1508): Service com.android.server.policy.PermissionPolicyService took 190 ms in onBootPhase
04-06 02:10:10.999 I/SystemServerTiming( 1508): OnBootPhase_550_com.android.server.pm.StagingManager$Lifecycle
04-06 02:10:10.999 I/SystemServerTiming( 1508): OnBootPhase_550_com.android.server.app.GameManagerService$Lifecycle
04-06 02:10:10.999 I/SystemServerTiming( 1508): OnBootPhase_550_com.android.server.appsearch.AppSearchManagerService
04-06 02:10:10.999 I/SystemServerTiming( 1508): OnBootPhase_550_com.android.server.media.MediaCommunicationService
04-06 02:10:10.999 I/SystemServerTiming( 1508): StartObservingNativeCrashes
04-06 02:10:10.999 D/CompatibilityChangeReporter( 1508): Compat change id reported: 157233955; UID 10078; state: ENABLED
04-06 02:10:11.000 I/SystemServerTiming( 1508): RegisterAppOpsPolicy
04-06 02:10:11.000 I/SystemServerTiming( 1508): MakeNetworkManagementServiceReady
04-06 02:10:11.000 I/SystemServerTimingAsync( 1508): InitThreadPoolExec:WebViewFactoryPreparation
04-06 02:10:11.000 I/SystemServer( 1508): WebViewFactoryPreparation
04-06 02:10:11.001 I/SystemServerTimingAsync( 1508): WebViewFactoryPreparation
04-06 02:10:11.001 D/CompatibilityChangeReporter( 1508): Compat change id reported: 135634846; UID 1000; state: DISABLED
04-06 02:10:11.001 D/CompatibilityChangeReporter( 1508): Compat change id reported: 177438394; UID 1000; state: DISABLED
04-06 02:10:11.001 D/CompatibilityChangeReporter( 1508): Compat change id reported: 135772972; UID 1000; state: DISABLED
04-06 02:10:11.001 D/CompatibilityChangeReporter( 1508): Compat change id reported: 178038272; UID 1000; state: DISABLED
04-06 02:10:11.002 W/ActivityManager( 1508): com.thundercomm.microsettings inode == 0 (b/152760674)
04-06 02:10:11.002 I/SystemServerTiming( 1508): MakeIpSecServiceReady
04-06 02:10:11.002 D/IpSecService( 1508): IpSecService is ready
04-06 02:10:11.002 I/SystemServerTiming( 1508): MakeNetworkStatsServiceReady
04-06 02:10:11.005 W/BatteryExternalStatsWorker( 1508): error reading modem stats:ERROR_PHONE_NOT_AVAILABLE
04-06 02:10:11.011 I/SystemServerTiming( 1508): MakeConnectivityServiceReady
04-06 02:10:11.013 W/NetworkPolicy( 1508): setRestrictBackgroundUL: already false
04-06 02:10:11.022 I/SystemServerTiming( 1508): MakeVpnManagerServiceReady
04-06 02:10:11.025 I/SystemServerTiming( 1508): MakeVcnManagementServiceReady
04-06 02:10:11.027 I/SystemServerTiming( 1508): MakeNetworkPolicyServiceReady
04-06 02:10:11.027 I/SystemServerTiming( 1508): PhaseThirdPartyAppsCanStart
04-06 02:10:11.027 I/SystemServiceManager( 1508): Starting phase 600
04-06 02:10:11.027 I/SystemServerTiming( 1508): OnBootPhase_600
04-06 02:10:11.027 I/SystemServerTiming( 1508): OnBootPhase_600_com.android.server.security.FileIntegrityService
04-06 02:10:11.027 I/SystemServerTiming( 1508): OnBootPhase_600_com.android.server.pm.Installer
04-06 02:10:11.027 I/SystemServerTiming( 1508): OnBootPhase_600_com.android.server.os.DeviceIdentifiersPolicyService
04-06 02:10:11.027 I/SystemServerTiming( 1508): OnBootPhase_600_com.android.server.uri.UriGrantsManagerService$Lifecycle
04-06 02:10:11.027 I/SystemServerTiming( 1508): OnBootPhase_600_com.android.server.powerstats.PowerStatsService
04-06 02:10:11.027 I/SystemServerTiming( 1508): OnBootPhase_600_com.android.server.wm.ActivityTaskManagerService$Lifecycle
04-06 02:10:11.027 I/SystemServerTiming( 1508): OnBootPhase_600_com.android.server.am.ActivityManagerService$Lifecycle
04-06 02:10:11.027 I/ExplicitHealthCheckController( 1508): Explicit health checks enabled.
04-06 02:10:11.027 I/PackageWatchdog( 1508): Syncing state, reason: health check state enabled
04-06 02:10:11.027 I/PackageWatchdog( 1508): Not pruning observers, elapsed time: 0ms
04-06 02:10:11.027 I/PackageWatchdog( 1508): Saving observer state to file
04-06 02:10:11.028 I/PackageWatchdog( 1508): Cancelling state sync, nothing to sync
04-06 02:10:11.028 I/SystemServerTiming( 1508): OnBootPhase_600_com.android.server.pm.DataLoaderManagerService
04-06 02:10:11.028 I/SystemServerTiming( 1508): OnBootPhase_600_com.android.server.power.PowerManagerService
04-06 02:10:11.028 I/SystemServerTiming( 1508): OnBootPhase_600_com.android.server.power.ThermalManagerService
04-06 02:10:11.028 I/SystemServerTiming( 1508): OnBootPhase_600_com.android.server.power.hint.HintManagerService
04-06 02:10:11.028 I/SystemServerTiming( 1508): OnBootPhase_600_com.android.server.recoverysystem.RecoverySystemService$Lifecycle
04-06 02:10:11.028 I/SystemServerTiming( 1508): OnBootPhase_600_com.android.server.lights.LightsService
04-06 02:10:11.028 I/SystemServerTiming( 1508): OnBootPhase_600_com.android.server.display.DisplayManagerService
04-06 02:10:11.028 I/SystemServerTiming( 1508): OnBootPhase_600_com.android.server.pm.verify.domain.DomainVerificationService
04-06 02:10:11.028 I/SystemServerTiming( 1508): OnBootPhase_600_com.android.server.pm.PackageInstallerService$Lifecycle
04-06 02:10:11.028 I/SystemServerTiming( 1508): OnBootPhase_600_com.android.server.pm.UserManagerService$LifeCycle
04-06 02:10:11.028 I/SystemServerTiming( 1508): OnBootPhase_600_com.android.server.om.OverlayManagerService
04-06 02:10:11.028 I/SystemServerTiming( 1508): OnBootPhase_600_com.android.server.SensorPrivacyService
04-06 02:10:11.028 I/SystemServerTiming( 1508): OnBootPhase_600_com.android.server.thunderperf.ThunderBoostPerfService
04-06 02:10:11.028 I/SystemServerTiming( 1508): OnBootPhase_600_com.android.server.sensors.SensorService
04-06 02:10:11.028 I/SystemServerTiming( 1508): OnBootPhase_600_com.android.server.SystemConfigService
04-06 02:10:11.028 I/SystemServerTiming( 1508): OnBootPhase_600_com.android.server.BatteryService
04-06 02:10:11.028 I/SystemServerTiming( 1508): OnBootPhase_600_com.android.server.usage.UsageStatsService
04-06 02:10:11.028 I/SystemServerTiming( 1508): OnBootPhase_600_com.android.server.webkit.WebViewUpdateService
04-06 02:10:11.028 I/SystemServerTiming( 1508): OnBootPhase_600_com.android.server.CachedDeviceStateService
04-06 02:10:11.028 I/SystemServerTiming( 1508): OnBootPhase_600_com.android.server.BinderCallsStatsService$LifeCycle
04-06 02:10:11.028 I/SystemServerTiming( 1508): OnBootPhase_600_com.android.server.LooperStatsService$Lifecycle
04-06 02:10:11.028 I/SystemServerTiming( 1508): OnBootPhase_600_com.android.server.rollback.RollbackManagerService
04-06 02:10:11.028 I/SystemServerTiming( 1508): OnBootPhase_600_com.android.server.os.NativeTombstoneManagerService
04-06 02:10:11.028 I/SystemServerTiming( 1508): OnBootPhase_600_com.android.server.os.BugreportManagerService
04-06 02:10:11.028 I/SystemServerTiming( 1508): OnBootPhase_600_com.android.server.gpu.GpuService
04-06 02:10:11.028 I/SystemServerTiming( 1508): OnBootPhase_600_com.android.server.security.KeyChainSystemService
04-06 02:10:11.028 I/SystemServerTiming( 1508): OnBootPhase_600_com.android.server.telecom.TelecomLoaderService
04-06 02:10:11.028 I/SystemServerTiming( 1508): OnBootPhase_600_com.android.server.accounts.AccountManagerService$Lifecycle
04-06 02:10:11.028 I/SystemServerTiming( 1508): OnBootPhase_600_com.android.server.content.ContentService$Lifecycle
04-06 02:10:11.028 I/SystemServerTiming( 1508): OnBootPhase_600_com.android.server.DropBoxManagerService
04-06 02:10:11.028 I/SystemServerTiming( 1508): OnBootPhase_600_com.android.role.RoleService
04-06 02:10:11.028 I/SystemServerTiming( 1508): OnBootPhase_600_com.android.server.vibrator.VibratorManagerService$Lifecycle
04-06 02:10:11.028 I/SystemServerTiming( 1508): OnBootPhase_600_com.android.server.alarm.AlarmManagerService
04-06 02:10:11.028 I/SystemServerTiming( 1508): OnBootPhase_600_com.android.server.devicestate.DeviceStateManagerService
04-06 02:10:11.028 I/SystemServerTiming( 1508): OnBootPhase_600_com.android.server.camera.CameraServiceProxy
04-06 02:10:11.028 I/SystemServerTiming( 1508): OnBootPhase_600_com.android.server.BluetoothService
04-06 02:10:11.028 I/SystemServerTiming( 1508): OnBootPhase_600_com.android.server.connectivity.IpConnectivityMetrics
04-06 02:10:11.028 I/SystemServerTiming( 1508): OnBootPhase_600_com.android.server.net.watchlist.NetworkWatchlistService$Lifecycle
04-06 02:10:11.028 I/SystemServerTiming( 1508): OnBootPhase_600_com.android.server.PinnerService
04-06 02:10:11.028 I/SystemServerTiming( 1508): OnBootPhase_600_com.google.android.startop.iorap.IorapForwardingService
04-06 02:10:11.028 I/SystemServerTiming( 1508): OnBootPhase_600_com.android.server.ActivityTriggerService
04-06 02:10:11.028 I/SystemServerTiming( 1508): OnBootPhase_600_com.android.server.integrity.AppIntegrityManagerService
04-06 02:10:11.028 I/SystemServerTiming( 1508): OnBootPhase_600_com.android.server.inputmethod.InputMethodManagerService$Lifecycle
04-06 02:10:11.028 I/SystemServerTiming( 1508): OnBootPhase_600_com.android.server.accessibility.AccessibilityManagerService$Lifecycle
04-06 02:10:11.028 I/SystemServerTiming( 1508): OnBootPhase_600_com.android.server.StorageManagerService$Lifecycle
04-06 02:10:11.028 I/SystemServerTiming( 1508): OnBootPhase_600_com.android.server.usage.StorageStatsService$Lifecycle
04-06 02:10:11.028 I/SystemServerTiming( 1508): OnBootPhase_600_com.android.server.UiModeManagerService
04-06 02:10:11.028 I/SystemServerTiming( 1508): OnBootPhase_600_com.android.server.locksettings.LockSettingsService$Lifecycle
04-06 02:10:11.028 I/SystemServerTiming( 1508): OnBootPhase_600_com.android.server.PersistentDataBlockService
04-06 02:10:11.028 I/SystemServerTiming( 1508): OnBootPhase_600_com.android.server.testharness.TestHarnessModeService
04-06 02:10:11.028 I/SystemServerTiming( 1508): OnBootPhase_600_com.android.server.oemlock.OemLockService
04-06 02:10:11.028 I/SystemServerTiming( 1508): OnBootPhase_600_com.android.server.DeviceIdleController
04-06 02:10:11.028 I/SystemServerTiming( 1508): OnBootPhase_600_com.android.server.devicepolicy.DevicePolicyManagerService$Lifecycle
04-06 02:10:11.028 I/SystemServerTiming( 1508): OnBootPhase_600_com.android.server.texttospeech.TextToSpeechManagerService
04-06 02:10:11.028 I/SystemServerTiming( 1508): OnBootPhase_600_com.android.server.speech.SpeechRecognitionManagerService
04-06 02:10:11.028 I/SystemServerTiming( 1508): OnBootPhase_600_com.android.server.searchui.SearchUiManagerService
04-06 02:10:11.028 I/SystemServerTiming( 1508): OnBootPhase_600_com.android.server.smartspace.SmartspaceManagerService
04-06 02:10:11.028 I/SystemServerTiming( 1508): OnBootPhase_600_com.android.server.graphics.fonts.FontManagerService$Lifecycle
04-06 02:10:11.029 I/SystemServerTiming( 1508): OnBootPhase_600_com.android.server.textservices.TextServicesManagerService$Lifecycle
04-06 02:10:11.029 I/SystemServerTiming( 1508): OnBootPhase_600_com.android.server.textclassifier.TextClassificationManagerService$Lifecycle
04-06 02:10:11.029 I/SystemServerTiming( 1508): OnBootPhase_600_com.android.server.NetworkScoreService$Lifecycle
04-06 02:10:11.029 I/SystemServerTiming( 1508): OnBootPhase_600_com.android.server.wifi.WifiService
04-06 02:10:11.029 I/SystemServerTiming( 1508): OnBootPhase_600_com.android.server.wifi.scanner.WifiScanningService
04-06 02:10:11.029 I/SystemServerTiming( 1508): OnBootPhase_600_com.android.server.wifi.rtt.RttService
04-06 02:10:11.029 I/SystemServerTiming( 1508): OnBootPhase_600_com.android.server.wifi.aware.WifiAwareService
04-06 02:10:11.029 I/SystemServerTiming( 1508): OnBootPhase_600_com.android.server.wifi.p2p.WifiP2pService
04-06 02:10:11.029 I/SystemServerTiming( 1508): OnBootPhase_600_com.android.server.ethernet.EthernetService
04-06 02:10:11.029 I/SystemServerTiming( 1508): OnBootPhase_600_com.android.server.ConnectivityServiceInitializer
04-06 02:10:11.029 I/SystemServerTiming( 1508): OnBootPhase_600_com.android.server.notification.NotificationManagerService
04-06 02:10:11.031 I/SystemServerTiming( 1508): OnBootPhase_600_com.android.server.storage.DeviceStorageMonitorService
04-06 02:10:11.031 I/SystemServerTiming( 1508): OnBootPhase_600_com.android.server.location.LocationManagerService$Lifecycle
04-06 02:10:11.055 I/SystemServerTiming( 1508): OnBootPhase_600_com.android.server.timedetector.TimeDetectorService$Lifecycle
04-06 02:10:11.055 I/SystemServerTiming( 1508): OnBootPhase_600_com.android.server.timezonedetector.TimeZoneDetectorService$Lifecycle
04-06 02:10:11.055 I/SystemServerTiming( 1508): OnBootPhase_600_com.android.server.timezonedetector.location.LocationTimeZoneManagerService$Lifecycle
04-06 02:10:11.055 I/SystemServerTiming( 1508): OnBootPhase_600_com.android.server.search.SearchManagerService$Lifecycle
04-06 02:10:11.055 I/SystemServerTiming( 1508): OnBootPhase_600_com.android.server.wallpaper.WallpaperManagerService$Lifecycle
04-06 02:10:11.055 I/WallpaperManagerService( 1508): switch-user-0
04-06 02:10:11.057 I/SystemServerTiming( 1508): OnBootPhase_600_com.android.server.audio.AudioService$Lifecycle
04-06 02:10:11.057 I/SystemServerTiming( 1508): OnBootPhase_600_com.android.server.soundtrigger_middleware.SoundTriggerMiddlewareService$Lifecycle
04-06 02:10:11.057 I/SystemServerTiming( 1508): OnBootPhase_600_com.android.server.DockObserver
04-06 02:10:11.057 I/SystemServerTiming( 1508): OnBootPhase_600_com.android.server.midi.MidiService$Lifecycle
04-06 02:10:11.057 I/SystemServerTiming( 1508): OnBootPhase_600_com.android.server.adb.AdbService$Lifecycle
04-06 02:10:11.057 I/SystemServerTiming( 1508): OnBootPhase_600_com.android.server.usb.UsbService$Lifecycle
04-06 02:10:11.057 I/SystemServerTiming( 1508): OnBootPhase_600_com.android.server.twilight.TwilightService
04-06 02:10:11.057 I/SystemServerTiming( 1508): OnBootPhase_600_com.android.server.display.color.ColorDisplayService
04-06 02:10:11.057 I/SystemServerTiming( 1508): OnBootPhase_600_com.android.server.job.JobSchedulerService
04-06 02:10:11.058 I/SystemServerTiming( 1508): OnBootPhase_600_com.android.server.soundtrigger.SoundTriggerService
04-06 02:10:11.058 D/SoundTriggerService( 1508): onBootPhase: 600 : false
04-06 02:10:11.058 I/SystemServerTiming( 1508): OnBootPhase_600_com.android.server.trust.TrustManagerService
04-06 02:10:11.058 D/BiometricService( 1508): Sensor ID(0), oemStrength: 15, updatedStrength: 15, modality 2, state: 0, cookie: 0, props: ID: 0, Strength: 2, Type: 1, sensorId 0, hasEnrollments: false cannot participate in Keystore operations
04-06 02:10:11.059 I/SystemServerTiming( 1508): OnBootPhase_600_com.android.server.backup.BackupManagerService$Lifecycle
04-06 02:10:11.059 I/SystemServerTiming( 1508): OnBootPhase_600_com.android.server.appwidget.AppWidgetService
04-06 02:10:11.059 I/SystemServerTiming( 1508): OnBootPhase_600_com.android.server.voiceinteraction.VoiceInteractionManagerService
04-06 02:10:11.059 I/SystemServerTiming( 1508): OnBootPhase_600_com.android.server.apphibernation.AppHibernationService
04-06 02:10:11.059 I/SystemServerTiming( 1508): OnBootPhase_600_com.android.server.SensorNotificationService
04-06 02:10:11.060 I/SystemServerTiming( 1508): OnBootPhase_600_com.android.server.emergency.EmergencyAffordanceService
04-06 02:10:11.060 I/SystemServerTiming( 1508): OnBootPhase_600_com.android.server.blob.BlobStoreManagerService
04-06 02:10:11.061 I/SystemServerTiming( 1508): OnBootPhase_600_com.android.server.dreams.DreamManagerService
04-06 02:10:11.061 I/SystemServerTiming( 1508): OnBootPhase_600_com.android.server.companion.CompanionDeviceManagerService
04-06 02:10:11.061 I/SystemServerTiming( 1508): OnBootPhase_600_com.android.server.restrictions.RestrictionsManagerService
04-06 02:10:11.061 I/SystemServerTiming( 1508): OnBootPhase_600_com.android.server.media.MediaSessionService
04-06 02:10:11.061 I/SystemServerTiming( 1508): OnBootPhase_600_com.android.server.media.MediaResourceMonitorService
04-06 02:10:11.061 I/SystemServerTiming( 1508): OnBootPhase_600_com.android.server.biometrics.sensors.fingerprint.FingerprintService
04-06 02:10:11.061 I/SystemServerTiming( 1508): OnBootPhase_600_com.android.server.biometrics.BiometricService
04-06 02:10:11.061 I/SystemServerTiming( 1508): OnBootPhase_600_com.android.server.biometrics.AuthService
04-06 02:10:11.061 I/SystemServerTiming( 1508): OnBootPhase_600_com.android.server.pm.ShortcutService$Lifecycle
04-06 02:10:11.061 I/SystemServerTiming( 1508): OnBootPhase_600_com.android.server.pm.LauncherAppsService
04-06 02:10:11.061 I/SystemServerTiming( 1508): OnBootPhase_600_com.android.server.pm.CrossProfileAppsService
04-06 02:10:11.061 I/SystemServerTiming( 1508): OnBootPhase_600_com.android.server.people.PeopleService
04-06 02:10:11.061 I/SystemServerTiming( 1508): OnBootPhase_600_com.android.server.media.metrics.MediaMetricsManagerService
04-06 02:10:11.061 I/SystemServerTiming( 1508): OnBootPhase_600_com.android.server.media.projection.MediaProjectionManagerService
04-06 02:10:11.061 I/SystemServerTiming( 1508): OnBootPhase_600_com.android.server.slice.SliceManagerService$Lifecycle
04-06 02:10:11.061 I/SystemServerTiming( 1508): OnBootPhase_600_com.android.server.stats.StatsCompanion$Lifecycle
04-06 02:10:11.064 I/SystemServerTiming( 1508): OnBootPhase_600_com.android.server.scheduling.RebootReadinessManagerService$Lifecycle
04-06 02:10:11.064 I/SystemServerTiming( 1508): OnBootPhase_600_com.android.server.stats.pull.StatsPullAtomService
04-06 02:10:11.065 I/SystemServerTiming( 1508): OnBootPhase_600_com.android.server.incident.IncidentCompanionService
04-06 02:10:11.065 I/SystemServerTiming( 1508): OnBootPhase_600_com.android.server.MmsServiceBroker
04-06 02:10:11.065 I/SystemServerTiming( 1508): OnBootPhase_600_com.android.server.autofill.AutofillManagerService
04-06 02:10:11.065 D/StatsPullAtomService( 1508): Registering NetworkStats pullers with statsd
04-06 02:10:11.065 I/SystemServerTiming( 1508): OnBootPhase_600_com.android.server.clipboard.ClipboardService
04-06 02:10:11.065 I/SystemServerTiming( 1508): OnBootPhase_600_com.android.server.appbinding.AppBindingService$Lifecycle
04-06 02:10:11.066 I/SystemServerTiming( 1508): OnBootPhase_600_com.android.server.tracing.TracingServiceProxy
04-06 02:10:11.066 I/SystemServerTiming( 1508): OnBootPhase_600_com.android.server.policy.PermissionPolicyService
04-06 02:10:11.066 I/SystemServerTiming( 1508): OnBootPhase_600_com.android.server.pm.StagingManager$Lifecycle
04-06 02:10:11.066 I/SystemServerTiming( 1508): OnBootPhase_600_com.android.server.app.GameManagerService$Lifecycle
04-06 02:10:11.066 I/SystemServerTiming( 1508): OnBootPhase_600_com.android.server.appsearch.AppSearchManagerService
04-06 02:10:11.066 I/SystemServerTiming( 1508): OnBootPhase_600_com.android.server.media.MediaCommunicationService
04-06 02:10:11.066 I/SystemServerTiming( 1508): StartNetworkStack
04-06 02:10:11.066 D/ConnectivityModuleConnector( 1508): Starting networking module android.net.INetworkStackConnector
04-06 02:10:11.066 D/ConnectivityModuleConnector( 1508): Starting networking module in network_stack process
04-06 02:10:11.068 D/CompatibilityChangeReporter( 1508): Compat change id reported: 135634846; UID 1073; state: DISABLED
04-06 02:10:11.068 D/CompatibilityChangeReporter( 1508): Compat change id reported: 177438394; UID 1073; state: DISABLED
04-06 02:10:11.068 D/CompatibilityChangeReporter( 1508): Compat change id reported: 135772972; UID 1073; state: DISABLED
04-06 02:10:11.068 D/CompatibilityChangeReporter( 1508): Compat change id reported: 135754954; UID 1073; state: ENABLED
04-06 02:10:11.068 D/ConnectivityModuleConnector( 1508): Networking module service start requested
04-06 02:10:11.068 I/SystemServerTiming( 1508): StartTethering
04-06 02:10:11.068 D/ConnectivityModuleConnector( 1508): Starting networking module android.net.ITetheringConnector
04-06 02:10:11.069 D/ConnectivityModuleConnector( 1508): Starting networking module in network_stack process
04-06 02:10:11.069 D/ConnectivityModuleConnector( 1508): Networking module service start requested
04-06 02:10:11.069 I/SystemServerTiming( 1508): MakeCountryDetectionServiceReady
04-06 02:10:11.069 I/SystemServerTiming( 1508): MakeNetworkTimeUpdateReady
01-01 08:01:29.906 E/init ( 0): Control message: Could not find 'vendor.qti.hardware.iop@2.0::IIop/default' for ctl.interface_start from pid: 507 (/system/bin/hwservicemanager)
04-06 02:10:11.071 I/SystemServerTiming( 1508): MakeInputManagerServiceReady
04-06 02:10:11.071 D/CompatibilityChangeReporter( 1508): Compat change id reported: 168936375; UID 1000; state: ENABLED
04-06 02:10:11.072 I/ActivityTaskManager( 1508): Config changes=4000 {1.0 ?mcc?mnc [zh_CN] ldltr sw680dp w1586dp h612dp 240dpi lrg long hdr land finger -keyb/v/h -nav/h winConfig={ mBounds=Rect(0, 0 - 2380, 1020) mAppBounds=Rect(0, 0 - 2380, 954) mMaxBounds=Rect(0, 0 - 2380, 1020) mWindowingMode=fullscreen mDisplayWindowingMode=fullscreen mActivityType=undefined mAlwaysOnTop=undefined mRotation=ROTATION_0} s.10 fontWeightAdjustment=0}
04-06 02:10:11.072 D/CompatibilityChangeReporter( 1508): Compat change id reported: 168936375; UID 1000; state: DISABLED
04-06 02:10:11.072 I/WindowManager( 1508): Override config changes=4000 {1.0 ?mcc?mnc [zh_CN] ldltr sw680dp w1586dp h612dp 240dpi lrg long hdr land finger -keyb/v/h -nav/h winConfig={ mBounds=Rect(0, 0 - 2380, 1020) mAppBounds=Rect(0, 0 - 2380, 954) mMaxBounds=Rect(0, 0 - 2380, 1020) mWindowingMode=fullscreen mDisplayWindowingMode=fullscreen mActivityType=undefined mAlwaysOnTop=undefined mRotation=ROTATION_0} s.10 fontWeightAdjustment=0} for displayId=0
04-06 02:10:11.075 W/ActivityManager( 1508): Slow operation: 74ms so far, now at startProcess: returned from zygote!
04-06 02:10:11.076 W/ActivityManager( 1508): Slow operation: 74ms so far, now at startProcess: done updating battery stats
04-06 02:10:11.076 W/ActivityManager( 1508): Slow operation: 74ms so far, now at startProcess: building log message
04-06 02:10:11.076 I/ActivityManager( 1508): Start proc 2488:WebViewLoader-armeabi-v7a/1037 [android.webkit.WebViewLibraryLoader$RelroFileCreator] for null
04-06 02:10:11.076 W/ActivityManager( 1508): Slow operation: 74ms so far, now at startProcess: starting to update pids map
04-06 02:10:11.077 W/ActivityManager( 1508): Slow operation: 75ms so far, now at startProcess: done updating pids map
04-06 02:10:11.077 W/ActivityManager( 1508): Slow operation: 75ms so far, now at startProcess: asking zygote to start proc
04-06 02:10:11.077 W/ActivityManager( 1508): com.thundercomm.microsettings inode == 0 (b/152760674)
04-06 02:10:11.077 I/SystemServerTiming( 1508): MakeTelephonyRegistryReady
04-06 02:10:11.077 I/SystemServerTiming( 1508): MakeMediaRouterServiceReady
04-06 02:10:11.077 I/SystemServerTiming( 1508): MakeMmsServiceReady
04-06 02:10:11.077 I/MmsServiceBroker( 1508): Delay connecting to MmsService until an API is called
04-06 02:10:11.077 I/SystemServerTiming( 1508): IncidentDaemonReady
04-06 02:10:11.079 I/SystemServerTiming( 1508): MakeIncrementalServiceReady
04-06 02:10:11.079 I/SystemServerTiming( 1508): getCurrentUser
04-06 02:10:11.079 I/ActivityManager( 1508): Current user:0
04-06 02:10:11.079 I/SystemServerTiming( 1508): ActivityManagerStartApps
04-06 02:10:11.079 I/SystemServerTiming( 1508): ssm.StartUser-0
04-06 02:10:11.079 I/SystemServiceManager( 1508): Calling onStartUser 0
04-06 02:10:11.079 I/SystemServerTiming( 1508): ssm.onStartUser-0_com.android.server.security.FileIntegrityService
04-06 02:10:11.079 I/SystemServerTiming( 1508): ssm.onStartUser-0_com.android.server.pm.Installer
04-06 02:10:11.079 I/SystemServerTiming( 1508): ssm.onStartUser-0_com.android.server.os.DeviceIdentifiersPolicyService
04-06 02:10:11.079 I/SystemServerTiming( 1508): ssm.onStartUser-0_com.android.server.uri.UriGrantsManagerService$Lifecycle
04-06 02:10:11.079 I/SystemServerTiming( 1508): ssm.onStartUser-0_com.android.server.powerstats.PowerStatsService
04-06 02:10:11.079 I/SystemServerTiming( 1508): ssm.onStartUser-0_com.android.server.wm.ActivityTaskManagerService$Lifecycle
04-06 02:10:11.079 I/SystemServerTiming( 1508): ssm.onStartUser-0_com.android.server.am.ActivityManagerService$Lifecycle
04-06 02:10:11.079 I/SystemServerTiming( 1508): ssm.onStartUser-0_com.android.server.pm.DataLoaderManagerService
04-06 02:10:11.079 I/SystemServerTiming( 1508): ssm.onStartUser-0_com.android.server.power.PowerManagerService
04-06 02:10:11.079 I/SystemServerTiming( 1508): ssm.onStartUser-0_com.android.server.power.ThermalManagerService
04-06 02:10:11.079 I/SystemServerTiming( 1508): ssm.onStartUser-0_com.android.server.power.hint.HintManagerService
04-06 02:10:11.079 I/SystemServerTiming( 1508): ssm.onStartUser-0_com.android.server.recoverysystem.RecoverySystemService$Lifecycle
04-06 02:10:11.079 I/SystemServerTiming( 1508): ssm.onStartUser-0_com.android.server.lights.LightsService
04-06 02:10:11.079 I/SystemServerTiming( 1508): ssm.onStartUser-0_com.android.server.display.DisplayManagerService
04-06 02:10:11.079 I/SystemServerTiming( 1508): ssm.onStartUser-0_com.android.server.pm.verify.domain.DomainVerificationService
04-06 02:10:11.079 I/SystemServerTiming( 1508): ssm.onStartUser-0_com.android.server.pm.PackageInstallerService$Lifecycle
04-06 02:10:11.079 I/SystemServerTiming( 1508): ssm.onStartUser-0_com.android.server.pm.UserManagerService$LifeCycle
04-06 02:10:11.079 I/SystemServerTiming( 1508): ssm.onStartUser-0_com.android.server.om.OverlayManagerService
04-06 02:10:11.079 I/SystemServerTiming( 1508): ssm.onStartUser-0_com.android.server.SensorPrivacyService
04-06 02:10:11.080 I/SystemServerTiming( 1508): ssm.onStartUser-0_com.android.server.thunderperf.ThunderBoostPerfService
04-06 02:10:11.080 I/SystemServerTiming( 1508): ssm.onStartUser-0_com.android.server.sensors.SensorService
04-06 02:10:11.080 I/SystemServerTiming( 1508): ssm.onStartUser-0_com.android.server.SystemConfigService
04-06 02:10:11.080 I/SystemServerTiming( 1508): ssm.onStartUser-0_com.android.server.BatteryService
04-06 02:10:11.080 I/SystemServerTiming( 1508): ssm.onStartUser-0_com.android.server.usage.UsageStatsService
04-06 02:10:11.080 I/SystemServerTiming( 1508): ssm.onStartUser-0_com.android.server.webkit.WebViewUpdateService
04-06 02:10:11.080 I/SystemServerTiming( 1508): ssm.onStartUser-0_com.android.server.CachedDeviceStateService
04-06 02:10:11.080 I/SystemServerTiming( 1508): ssm.onStartUser-0_com.android.server.BinderCallsStatsService$LifeCycle
04-06 02:10:11.080 I/SystemServerTiming( 1508): ssm.onStartUser-0_com.android.server.LooperStatsService$Lifecycle
04-06 02:10:11.080 I/SystemServerTiming( 1508): ssm.onStartUser-0_com.android.server.rollback.RollbackManagerService
