04-06 02:10:12.506 I/SystemServerTimingAsync( 1508): ssm.onUnlockingUser-0_com.android.server.DropBoxManagerService
04-06 02:10:12.506 I/SystemServerTimingAsync( 1508): ssm.onUnlockingUser-0_com.android.role.RoleService
04-06 02:10:12.506 I/SystemServerTimingAsync( 1508): ssm.onUnlockingUser-0_com.android.server.vibrator.VibratorManagerService$Lifecycle
04-06 02:10:12.506 I/SystemServerTimingAsync( 1508): ssm.onUnlockingUser-0_com.android.server.alarm.AlarmManagerService
04-06 02:10:12.506 I/SystemServerTimingAsync( 1508): ssm.onUnlockingUser-0_com.android.server.devicestate.DeviceStateManagerService
04-06 02:10:12.506 I/SystemServerTimingAsync( 1508): ssm.onUnlockingUser-0_com.android.server.camera.CameraServiceProxy
04-06 02:10:12.506 I/SystemServerTimingAsync( 1508): ssm.onUnlockingUser-0_com.android.server.BluetoothService
04-06 02:10:12.506 D/BluetoothManagerService( 1508): User 0 unlocked
04-06 02:10:12.506 I/SystemServerTimingAsync( 1508): ssm.onUnlockingUser-0_com.android.server.connectivity.IpConnectivityMetrics
04-06 02:10:12.506 I/SystemServerTimingAsync( 1508): ssm.onUnlockingUser-0_com.android.server.net.watchlist.NetworkWatchlistService$Lifecycle
04-06 02:10:12.506 D/BluetoothManagerService( 1508): MESSAGE_USER_UNLOCKED
04-06 02:10:12.506 I/SystemServerTimingAsync( 1508): ssm.onUnlockingUser-0_com.android.server.PinnerService
04-06 02:10:12.506 I/SystemServerTimingAsync( 1508): ssm.onUnlockingUser-0_com.google.android.startop.iorap.IorapForwardingService
04-06 02:10:12.506 I/SystemServerTimingAsync( 1508): ssm.onUnlockingUser-0_com.android.server.ActivityTriggerService
04-06 02:10:12.507 I/SystemServerTimingAsync( 1508): ssm.onUnlockingUser-0_com.android.server.integrity.AppIntegrityManagerService
04-06 02:10:12.507 I/SystemServerTimingAsync( 1508): ssm.onUnlockingUser-0_com.android.server.inputmethod.InputMethodManagerService$Lifecycle
04-06 02:10:12.507 I/SystemServerTimingAsync( 1508): ssm.onUnlockingUser-0_com.android.server.accessibility.AccessibilityManagerService$Lifecycle
04-06 02:10:12.507 I/SystemServerTimingAsync( 1508): ssm.onUnlockingUser-0_com.android.server.StorageManagerService$Lifecycle
04-06 02:10:12.507 D/StorageManagerService( 1508): onUnlockUser 0
04-06 02:10:12.507 I/StorageSessionController( 1508): On user unlock 0
04-06 02:10:12.507 I/StorageSessionController( 1508): Initialialising...
04-06 02:10:12.508 I/vold ( 519): onUserStarted: 0
04-06 02:10:12.510 I/SystemServerTimingAsync( 1508): ssm.onUnlockingUser-0_com.android.server.usage.StorageStatsService$Lifecycle
04-06 02:10:12.510 I/StorageManagerService( 1508): Mounting volume VolumeInfo{emulated;0}:
04-06 02:10:12.510 I/StorageManagerService( 1508): type=EMULATED diskId=null partGuid= mountFlags=PRIMARY|VISIBLE
04-06 02:10:12.510 I/StorageManagerService( 1508): mountUserId=0 state=UNMOUNTED
04-06 02:10:12.510 I/StorageManagerService( 1508): fsType=null fsUuid=null fsLabel=null
04-06 02:10:12.510 I/StorageManagerService( 1508): path=null internalPath=null
04-06 02:10:12.510 I/SystemServerTimingAsync( 1508): ssm.onUnlockingUser-0_com.android.server.UiModeManagerService
04-06 02:10:12.510 I/SystemServerTimingAsync( 1508): ssm.onUnlockingUser-0_com.android.server.locksettings.LockSettingsService$Lifecycle
04-06 02:10:12.510 I/SystemServerTimingAsync( 1508): ssm.onUnlockingUser-0_com.android.server.PersistentDataBlockService
04-06 02:10:12.510 I/SystemServerTimingAsync( 1508): ssm.onUnlockingUser-0_com.android.server.testharness.TestHarnessModeService
04-06 02:10:12.510 I/SystemServerTimingAsync( 1508): ssm.onUnlockingUser-0_com.android.server.oemlock.OemLockService
04-06 02:10:12.510 I/SystemServerTimingAsync( 1508): ssm.onUnlockingUser-0_com.android.server.DeviceIdleController
04-06 02:10:12.510 I/SystemServerTimingAsync( 1508): ssm.onUnlockingUser-0_com.android.server.devicepolicy.DevicePolicyManagerService$Lifecycle
04-06 02:10:12.510 I/SystemServerTimingAsync( 1508): ssm.onUnlockingUser-0_com.android.server.texttospeech.TextToSpeechManagerService
04-06 02:10:12.510 I/vold ( 519): Executing sdcardfs
04-06 02:10:12.510 I/SystemServerTimingAsync( 1508): ssm.onUnlockingUser-0_com.android.server.speech.SpeechRecognitionManagerService
04-06 02:10:12.511 I/SystemServerTimingAsync( 1508): ssm.onUnlockingUser-0_com.android.server.searchui.SearchUiManagerService
04-06 02:10:12.511 I/SystemServerTimingAsync( 1508): ssm.onUnlockingUser-0_com.android.server.smartspace.SmartspaceManagerService
04-06 02:10:12.511 I/SystemServerTimingAsync( 1508): ssm.onUnlockingUser-0_com.android.server.graphics.fonts.FontManagerService$Lifecycle
04-06 02:10:12.511 I/SystemServerTimingAsync( 1508): ssm.onUnlockingUser-0_com.android.server.textservices.TextServicesManagerService$Lifecycle
04-06 02:10:12.511 D/vold ( 519): Waiting for sdcardfs to spin up...
04-06 02:10:12.516 W/Looper ( 1508): Slow dispatch took 268ms android.fg h=android.os.Handler c=com.android.server.am.UserController$$ExternalSyntheticLambda3@9dc479d m=0
04-06 02:10:12.516 W/Looper ( 1508): Slow delivery took 308ms android.fg h=android.os.Handler c=com.android.server.am.UserController$$ExternalSyntheticLambda1@da3e7e3 m=0
04-06 02:10:12.516 W/Looper ( 1508): Drained
04-06 02:10:12.517 I/SystemServerTimingAsync( 1508): ssm.onUnlockingUser-0_com.android.server.textclassifier.TextClassificationManagerService$Lifecycle
04-06 02:10:12.518 I/SystemServerTimingAsync( 1508): ssm.onUnlockingUser-0_com.android.server.NetworkScoreService$Lifecycle
04-06 02:10:12.518 I/SystemServerTimingAsync( 1508): ssm.onUnlockingUser-0_com.android.server.wifi.WifiService
04-06 02:10:12.518 I/SystemServerTimingAsync( 1508): ssm.onUnlockingUser-0_com.android.server.wifi.scanner.WifiScanningService
04-06 02:10:12.518 I/SystemServerTimingAsync( 1508): ssm.onUnlockingUser-0_com.android.server.wifi.rtt.RttService
04-06 02:10:12.518 I/SystemServerTimingAsync( 1508): ssm.onUnlockingUser-0_com.android.server.wifi.aware.WifiAwareService
04-06 02:10:12.518 I/SystemServerTimingAsync( 1508): ssm.onUnlockingUser-0_com.android.server.wifi.p2p.WifiP2pService
04-06 02:10:12.518 I/SystemServerTimingAsync( 1508): ssm.onUnlockingUser-0_com.android.server.ethernet.EthernetService
04-06 02:10:12.519 I/SystemServerTimingAsync( 1508): ssm.onUnlockingUser-0_com.android.server.ConnectivityServiceInitializer
04-06 02:10:12.519 I/SystemServerTimingAsync( 1508): ssm.onUnlockingUser-0_com.android.server.notification.NotificationManagerService
04-06 02:10:12.519 I/SystemServerTimingAsync( 1508): ssm.onUnlockingUser-0_com.android.server.storage.DeviceStorageMonitorService
04-06 02:10:12.519 I/SystemServerTimingAsync( 1508): ssm.onUnlockingUser-0_com.android.server.location.LocationManagerService$Lifecycle
04-06 02:10:12.519 I/SystemServerTimingAsync( 1508): ssm.onUnlockingUser-0_com.android.server.timedetector.TimeDetectorService$Lifecycle
04-06 02:10:12.519 I/SystemServerTimingAsync( 1508): ssm.onUnlockingUser-0_com.android.server.timezonedetector.TimeZoneDetectorService$Lifecycle
04-06 02:10:12.519 I/SystemServerTimingAsync( 1508): ssm.onUnlockingUser-0_com.android.server.timezonedetector.location.LocationTimeZoneManagerService$Lifecycle
04-06 02:10:12.519 I/SystemServerTimingAsync( 1508): ssm.onUnlockingUser-0_com.android.server.search.SearchManagerService$Lifecycle
04-06 02:10:12.519 I/SystemServerTimingAsync( 1508): ssm.onUnlockingUser-0_com.android.server.wallpaper.WallpaperManagerService$Lifecycle
04-06 02:10:12.519 I/WallpaperManagerService( 1508): on-unlock-user-0
04-06 02:10:12.519 I/SystemServerTimingAsync( 1508): ssm.onUnlockingUser-0_com.android.server.audio.AudioService$Lifecycle
04-06 02:10:12.519 I/SystemServerTimingAsync( 1508): ssm.onUnlockingUser-0_com.android.server.soundtrigger_middleware.SoundTriggerMiddlewareService$Lifecycle
04-06 02:10:12.519 I/SystemServerTimingAsync( 1508): ssm.onUnlockingUser-0_com.android.server.DockObserver
04-06 02:10:12.519 I/SystemServerTimingAsync( 1508): ssm.onUnlockingUser-0_com.android.server.midi.MidiService$Lifecycle
04-06 02:10:12.520 I/SystemServerTimingAsync( 1508): ssm.onUnlockingUser-0_com.android.server.adb.AdbService$Lifecycle
04-06 02:10:12.520 I/SystemServerTimingAsync( 1508): ssm.onUnlockingUser-0_com.android.server.usb.UsbService$Lifecycle
04-06 02:10:12.520 I/SystemServerTimingAsync( 1508): ssm.onUnlockingUser-0_com.android.server.twilight.TwilightService
04-06 02:10:12.520 I/SystemServerTimingAsync( 1508): ssm.onUnlockingUser-0_com.android.server.display.color.ColorDisplayService
04-06 02:10:12.520 I/SystemServerTimingAsync( 1508): ssm.onUnlockingUser-0_com.android.server.job.JobSchedulerService
04-06 02:10:12.521 I/SystemServerTimingAsync( 1508): ssm.onUnlockingUser-0_com.android.server.soundtrigger.SoundTriggerService
04-06 02:10:12.521 I/SystemServerTimingAsync( 1508): ssm.onUnlockingUser-0_com.android.server.trust.TrustManagerService
04-06 02:10:12.521 I/SystemServerTimingAsync( 1508): ssm.onUnlockingUser-0_com.android.server.backup.BackupManagerService$Lifecycle
04-06 02:10:12.521 I/SystemServerTimingAsync( 1508): ssm.onUnlockingUser-0_com.android.server.appwidget.AppWidgetService
04-06 02:10:12.521 I/SystemServerTimingAsync( 1508): ssm.onUnlockingUser-0_com.android.server.voiceinteraction.VoiceInteractionManagerService
04-06 02:10:12.522 W/VoiceInteractionManager( 1508): no available voice recognition services found for user 0
04-06 02:10:12.522 I/SystemServerTimingAsync( 1508): ssm.onUnlockingUser-0_com.android.server.apphibernation.AppHibernationService
04-06 02:10:12.523 I/SystemServerTimingAsync( 1508): ssm.onUnlockingUser-0_com.android.server.SensorNotificationService
04-06 02:10:12.523 I/SystemServerTimingAsync( 1508): ssm.onUnlockingUser-0_com.android.server.emergency.EmergencyAffordanceService
04-06 02:10:12.523 I/SystemServerTimingAsync( 1508): ssm.onUnlockingUser-0_com.android.server.blob.BlobStoreManagerService
04-06 02:10:12.523 I/SystemServerTimingAsync( 1508): ssm.onUnlockingUser-0_com.android.server.dreams.DreamManagerService
04-06 02:10:12.523 I/SystemServerTimingAsync( 1508): ssm.onUnlockingUser-0_com.android.server.companion.CompanionDeviceManagerService
04-06 02:10:12.523 I/HibernationStateDiskStore( 1508): No hibernation file on disk for file /data/system_ce/0/hibernation/states
04-06 02:10:12.524 I/CompanionDeviceManagerService( 1508): Read associations from disk: {0=[]}
04-06 02:10:12.524 I/SystemServerTimingAsync( 1508): ssm.onUnlockingUser-0_com.android.server.restrictions.RestrictionsManagerService
04-06 02:10:12.524 I/SystemServerTimingAsync( 1508): ssm.onUnlockingUser-0_com.android.server.media.MediaSessionService
04-06 02:10:12.524 I/SystemServerTimingAsync( 1508): ssm.onUnlockingUser-0_com.android.server.media.MediaResourceMonitorService
04-06 02:10:12.524 I/SystemServerTimingAsync( 1508): ssm.onUnlockingUser-0_com.android.server.biometrics.sensors.fingerprint.FingerprintService
04-06 02:10:12.524 I/SystemServerTimingAsync( 1508): ssm.onUnlockingUser-0_com.android.server.biometrics.BiometricService
04-06 02:10:12.524 I/SystemServerTimingAsync( 1508): ssm.onUnlockingUser-0_com.android.server.biometrics.AuthService
04-06 02:10:12.524 I/SystemServerTimingAsync( 1508): ssm.onUnlockingUser-0_com.android.server.pm.ShortcutService$Lifecycle
04-06 02:10:12.524 I/SystemServerTimingAsync( 1508): ssm.onUnlockingUser-0_com.android.server.pm.LauncherAppsService
04-06 02:10:12.524 I/SystemServerTimingAsync( 1508): ssm.onUnlockingUser-0_com.android.server.pm.CrossProfileAppsService
04-06 02:10:12.524 I/SystemServerTimingAsync( 1508): ssm.onUnlockingUser-0_com.android.server.people.PeopleService
04-06 02:10:12.524 I/SystemServerTimingAsync( 1508): ssm.onUnlockingUser-0_com.android.server.media.metrics.MediaMetricsManagerService
04-06 02:10:12.524 I/SystemServerTimingAsync( 1508): ssm.onUnlockingUser-0_com.android.server.media.projection.MediaProjectionManagerService
04-06 02:10:12.524 I/SystemServerTimingAsync( 1508): ssm.onUnlockingUser-0_com.android.server.slice.SliceManagerService$Lifecycle
04-06 02:10:12.524 I/SystemServerTimingAsync( 1508): ssm.onUnlockingUser-0_com.android.server.stats.StatsCompanion$Lifecycle
04-06 02:10:12.524 I/SystemServerTimingAsync( 1508): ssm.onUnlockingUser-0_com.android.server.scheduling.RebootReadinessManagerService$Lifecycle
04-06 02:10:12.524 I/SystemServerTimingAsync( 1508): ssm.onUnlockingUser-0_com.android.server.stats.pull.StatsPullAtomService
04-06 02:10:12.524 I/SystemServerTimingAsync( 1508): ssm.onUnlockingUser-0_com.android.server.incident.IncidentCompanionService
04-06 02:10:12.524 I/SystemServerTimingAsync( 1508): ssm.onUnlockingUser-0_com.android.server.MmsServiceBroker
04-06 02:10:12.524 I/SystemServerTimingAsync( 1508): ssm.onUnlockingUser-0_com.android.server.autofill.AutofillManagerService
04-06 02:10:12.525 I/SystemServerTimingAsync( 1508): ssm.onUnlockingUser-0_com.android.server.clipboard.ClipboardService
04-06 02:10:12.525 I/SystemServerTimingAsync( 1508): ssm.onUnlockingUser-0_com.android.server.appbinding.AppBindingService$Lifecycle
04-06 02:10:12.525 W/AppBindingService( 1508): [Default SMS app] u0 Target package not found
04-06 02:10:12.525 I/SystemServerTimingAsync( 1508): ssm.onUnlockingUser-0_com.android.server.tracing.TracingServiceProxy
04-06 02:10:12.525 I/SystemServerTimingAsync( 1508): ssm.onUnlockingUser-0_com.android.server.policy.PermissionPolicyService
04-06 02:10:12.525 I/SystemServerTimingAsync( 1508): ssm.onUnlockingUser-0_com.android.server.pm.StagingManager$Lifecycle
04-06 02:10:12.525 I/SystemServerTimingAsync( 1508): ssm.onUnlockingUser-0_com.android.server.app.GameManagerService$Lifecycle
04-06 02:10:12.525 I/SystemServerTimingAsync( 1508): ssm.onUnlockingUser-0_com.android.server.appsearch.AppSearchManagerService
04-06 02:10:12.526 I/SystemServerTimingAsync( 1508): ssm.onUnlockingUser-0_com.android.server.media.MediaCommunicationService
04-06 02:10:12.526 W/ActivityManager( 1508): UserLifecycleEvent 5 received without an active userJourneySession.
04-06 02:10:12.526 W/ActivityManager( 1508): UserLifecycleEvent 6 received without an active userJourneySession.
04-06 02:10:12.526 I/ActivityManager( 1508): User 0 state changed from RUNNING_UNLOCKING to RUNNING_UNLOCKED
04-06 02:10:12.527 D/SystemServerTiming( 1508): SystemUserUnlock took to complete: 318ms
01-01 08:01:31.368 I/ ( 0): sdcardfs version 2.0
01-01 08:01:31.368 I/sdcardfs( 0): dev_name -> /data/media
01-01 08:01:31.368 I/sdcardfs( 0): options -> fsuid=1023,fsgid=1023,multiuser,derive_gid,default_normal,unshared_obb,mask=6,userid=0,gid=1015
01-01 08:01:31.368 I/sdcardfs( 0): mnt -> 00000000a0f1e9cd
01-01 08:01:31.368 I/sdcardfs( 0): mounted on top of /data/media type f2fs
01-01 08:01:31.368 I/ ( 0): Remount options were mask=23,gid=9997 for vfsmnt 0000000099a8c201.
01-01 08:01:31.368 I/sdcardfs( 0): options - debug:1
01-01 08:01:31.368 I/sdcardfs( 0): options - gid:9997
01-01 08:01:31.368 I/sdcardfs( 0): options - mask:23
01-01 08:01:31.368 I/ ( 0): Remount options were mask=7,gid=9997 for vfsmnt 0000000020fcbe29.
01-01 08:01:31.368 I/sdcardfs( 0): options - debug:1
01-01 08:01:31.368 I/sdcardfs( 0): options - gid:9997
01-01 08:01:31.368 I/sdcardfs( 0): options - mask:7
01-01 08:01:31.368 I/ ( 0): Remount options were mask=7,gid=9997 for vfsmnt 000000000996148b.
01-01 08:01:31.368 I/sdcardfs( 0): options - debug:1
01-01 08:01:31.368 I/sdcardfs( 0): options - gid:9997
01-01 08:01:31.368 I/sdcardfs( 0): options - mask:7
04-06 02:10:12.527 I/BackupManagerService( 1508): Starting service for user: 0
04-06 02:10:12.527 D/CompatibilityChangeReporter( 1508): Compat change id reported: 135634846; UID 10083; state: DISABLED
04-06 02:10:12.528 D/CompatibilityChangeReporter( 1508): Compat change id reported: 143937733; UID 10083; state: ENABLED
04-06 02:10:12.528 D/BackupManagerService( 1508): [UserID:0] Started thread backup-0
04-06 02:10:12.528 I/ActivityTaskManager( 1508): Loading recents for user 0 into memory.
04-06 02:10:12.528 E/TaskPersister( 1508): restoreTasksForUserLocked: Unable to list files from /data/system_ce/0/recent_tasks
04-06 02:10:12.529 D/CompatibilityChangeReporter( 1508): Compat change id reported: 135634846; UID 10054; state: DISABLED
04-06 02:10:12.529 D/CompatibilityChangeReporter( 1508): Compat change id reported: 177438394; UID 10054; state: DISABLED
04-06 02:10:12.529 D/CompatibilityChangeReporter( 1508): Compat change id reported: 135772972; UID 10054; state: DISABLED
04-06 02:10:12.529 D/CompatibilityChangeReporter( 1508): Compat change id reported: 135754954; UID 10054; state: ENABLED
04-06 02:10:12.530 D/CompatibilityChangeReporter( 1508): Compat change id reported: 135634846; UID 1000; state: DISABLED
04-06 02:10:12.530 D/CompatibilityChangeReporter( 1508): Compat change id reported: 177438394; UID 1000; state: DISABLED
04-06 02:10:12.530 D/CompatibilityChangeReporter( 1508): Compat change id reported: 135772972; UID 1000; state: DISABLED
04-06 02:10:12.530 D/CompatibilityChangeReporter( 1508): Compat change id reported: 135754954; UID 1000; state: ENABLED
04-06 02:10:12.530 D/CompatibilityChangeReporter( 1508): Compat change id reported: 135634846; UID 10053; state: DISABLED
04-06 02:10:12.530 D/CompatibilityChangeReporter( 1508): Compat change id reported: 177438394; UID 10053; state: DISABLED
04-06 02:10:12.530 D/CompatibilityChangeReporter( 1508): Compat change id reported: 135772972; UID 10053; state: DISABLED
04-06 02:10:12.530 D/CompatibilityChangeReporter( 1508): Compat change id reported: 135754954; UID 10053; state: ENABLED
04-06 02:10:12.531 W/sdcard ( 3287): Device explicitly enabled sdcardfs
04-06 02:10:12.537 D/CompatibilityChangeReporter( 1508): Compat change id reported: 135634846; UID 10068; state: DISABLED
04-06 02:10:12.537 D/CompatibilityChangeReporter( 1508): Compat change id reported: 177438394; UID 10068; state: DISABLED
04-06 02:10:12.537 D/CompatibilityChangeReporter( 1508): Compat change id reported: 135772972; UID 10068; state: DISABLED
04-06 02:10:12.537 D/CompatibilityChangeReporter( 1508): Compat change id reported: 135754954; UID 10068; state: DISABLED
04-06 02:10:12.538 D/CompatibilityChangeReporter( 1508): Compat change id reported: 135634846; UID 10086; state: DISABLED
04-06 02:10:12.538 D/CompatibilityChangeReporter( 1508): Compat change id reported: 177438394; UID 10086; state: DISABLED
04-06 02:10:12.539 D/CompatibilityChangeReporter( 1508): Compat change id reported: 135772972; UID 10086; state: DISABLED
04-06 02:10:12.540 D/CompatibilityChangeReporter( 1508): Compat change id reported: 135754954; UID 10086; state: ENABLED
04-06 02:10:12.540 D/CompatibilityChangeReporter( 1508): Compat change id reported: 135634846; UID 10079; state: DISABLED
04-06 02:10:12.540 D/CompatibilityChangeReporter( 1508): Compat change id reported: 177438394; UID 10079; state: DISABLED
04-06 02:10:12.540 D/CompatibilityChangeReporter( 1508): Compat change id reported: 135772972; UID 10079; state: DISABLED
04-06 02:10:12.541 D/CompatibilityChangeReporter( 1508): Compat change id reported: 135754954; UID 10079; state: ENABLED
04-06 02:10:12.541 I/ActivityManager( 1508): Start proc 3295:com.hht.lebocast/u0a83 for added application com.hht.lebocast
04-06 02:10:12.541 D/CompatibilityChangeReporter( 1508): Compat change id reported: 143937733; UID 10054; state: ENABLED
04-06 02:10:12.542 I/PreBootBroadcaster( 1508): Pre-boot of {com.android.documentsui/com.android.documentsui.PreBootReceiver} for user 0
04-06 02:10:12.547 W/StorageManagerService( 1508): Reporting emulated;0 unmounted due to system locked
01-01 08:01:31.385 W/QSEECOM ( 0): qseecom_load_app: App with id 8 (fingerpr) now loaded
04-06 02:10:12.550 D/CompatibilityChangeReporter( 1508): Compat change id reported: 135634846; UID 10028; state: DISABLED
04-06 02:10:12.550 D/CompatibilityChangeReporter( 1508): Compat change id reported: 177438394; UID 10028; state: DISABLED
04-06 02:10:12.550 D/CompatibilityChangeReporter( 1508): Compat change id reported: 135772972; UID 10028; state: DISABLED
04-06 02:10:12.550 D/CompatibilityChangeReporter( 1508): Compat change id reported: 135754954; UID 10028; state: ENABLED
01-01 08:01:31.395 I/android_work( 0): sent uevent USB_STATE=CONNECTED
01-01 08:01:31.396 I/binder ( 0): 3295:3295 ioctl 40046210 fff1b558 returned -22
04-06 02:10:12.558 E/BackupPasswordManager( 1508): Unable to read backup pw version
04-06 02:10:12.559 E/BackupPasswordManager( 1508): Unable to read saved backup pw hash
04-06 02:10:12.561 I/vold ( 519): Mounting emulated fuse volume
04-06 02:10:12.563 I/ActivityTaskManager( 1508): START u0 {act=android.intent.action.MAIN cat=[android.intent.category.HOME] flg=0x10000100 cmp=com.android.provision/.DefaultActivity (has extras)} from uid 0
04-06 02:10:12.565 D/CompatibilityChangeReporter( 1508): Compat change id reported: 174042980; UID 1000; state: DISABLED
01-01 08:01:31.406 I/binder ( 0): 3296:3296 ioctl 40046210 7fd41ed904 returned -22
04-06 02:10:12.577 I/vold ( 519): Bind mounting /mnt/runtime/full/emulated to /mnt/pass_through/0/emulated
01-01 08:01:31.414 E/msm-dwc3 a600000.ssusb( 0): Could not get usb psy
04-06 02:10:12.580 I/StorageSessionController( 1508): On volume mount VolumeInfo{emulated;0}:
04-06 02:10:12.580 I/StorageSessionController( 1508): type=EMULATED diskId=null partGuid= mountFlags=PRIMARY|VISIBLE
04-06 02:10:12.580 I/StorageSessionController( 1508): mountUserId=0 state=CHECKING
04-06 02:10:12.580 I/StorageSessionController( 1508): fsType=null fsUuid=null fsLabel=null
04-06 02:10:12.580 I/StorageSessionController( 1508): path=/storage/emulated internalPath=/data/media
04-06 02:10:12.581 I/StorageSessionController( 1508): Creating connection for user: 0
04-06 02:10:12.588 I/StorageSessionController( 1508): Creating and starting session with id: emulated;0
04-06 02:10:12.588 I/StorageUserConnection( 1508): Binding to the ExternalStorageService for user 0
04-06 02:10:12.593 I/ActivityTaskManager( 1508): FOREGROUND_APPLICATION_CHANGED to com.android.provision.DefaultActivity
04-06 02:10:12.594 I/UsageStatsService( 1508): Starting migration to system CE for user 0
04-06 02:10:12.595 I/UsageStatsService( 1508): Finished migration to system CE for user 0
04-06 02:10:12.597 I/UsageStatsDatabase( 1508): Upgrading from version 0 to 5
04-06 02:10:12.597 I/UsageStatsDatabase( 1508): Deleting all usage stats files
04-06 02:10:12.599 I/UsageStatsService( 1508): User[0] Rollover scheduled @ 2023-04-07 02:10:12(1680804612595)
04-06 02:10:12.600 D/AppStandbyController( 1508): Initializing defaults for system apps on user 0, appIdleEnabled=false
01-01 08:01:31.439 I/zram0 ( 0): detected capacity change from 0 to 4294967296
04-06 02:10:12.608 W/ActivityManager( 1508): Slow operation: 80ms so far, now at startProcess: done updating battery stats
04-06 02:10:12.609 W/ActivityManager( 1508): Slow operation: 80ms so far, now at startProcess: building log message
04-06 02:10:12.609 I/ActivityManager( 1508): Start proc 3296:ts.car.uart/u0a54 for added application ts.car.uart
04-06 02:10:12.609 W/ActivityManager( 1508): Slow operation: 80ms so far, now at startProcess: starting to update pids map
04-06 02:10:12.609 W/ActivityManager( 1508): Slow operation: 81ms so far, now at startProcess: done updating pids map
04-06 02:10:12.609 W/ActivityManager( 1508): Slow operation: 80ms so far, now at startProcess: asking zygote to start proc
04-06 02:10:12.613 D/CompatibilityChangeReporter( 1508): Compat change id reported: 168419799; UID 10083; state: DISABLED
04-06 02:10:12.616 I/UsageStatsService( 1508): Time changed in by 1680718121 seconds
04-06 02:10:12.620 W/ActivityManager( 1508): Slow operation: 91ms so far, now at startProcess: returned from zygote!
04-06 02:10:12.622 D/CompatibilityChangeReporter( 1508): Compat change id reported: 181136395; UID 1000; state: DISABLED
04-06 02:10:12.622 D/CompatibilityChangeReporter( 1508): Compat change id reported: 174042936; UID 1000; state: DISABLED
04-06 02:10:12.623 I/UsageStatsService( 1508): User[0] Flushing usage stats to disk
04-06 02:10:12.624 D/CompatibilityChangeReporter( 1508): Compat change id reported: 168419799; UID 10054; state: DISABLED
04-06 02:10:12.628 D/CompatibilityChangeReporter( 1508): Compat change id reported: 135634846; UID 10091; state: DISABLED
04-06 02:10:12.629 D/CompatibilityChangeReporter( 1508): Compat change id reported: 177438394; UID 10091; state: DISABLED
04-06 02:10:12.629 D/CompatibilityChangeReporter( 1508): Compat change id reported: 135772972; UID 10091; state: DISABLED
04-06 02:10:12.629 D/CompatibilityChangeReporter( 1508): Compat change id reported: 135754954; UID 10091; state: ENABLED
04-06 02:10:12.633 I/StorageUserConnection( 1508): Bound to the ExternalStorageService for user 0
04-06 02:10:12.636 W/ActivityManager( 1508): Slow operation: 107ms so far, now at startProcess: done updating battery stats
04-06 02:10:12.636 W/ActivityManager( 1508): Slow operation: 107ms so far, now at startProcess: building log message
04-06 02:10:12.636 I/ActivityManager( 1508): Start proc 3343:com.hryt.hiphishowfsecontrol/1000 for added application com.hryt.hiphishowfsecontrol
04-06 02:10:12.636 W/ActivityManager( 1508): Slow operation: 107ms so far, now at startProcess: starting to update pids map
04-06 02:10:12.637 W/ActivityManager( 1508): Slow operation: 107ms so far, now at startProcess: done updating pids map
04-06 02:10:12.637 W/ActivityManager( 1508): Slow operation: 106ms so far, now at startProcess: asking zygote to start proc
04-06 02:10:12.637 D/CompatibilityChangeReporter( 1508): Compat change id reported: 143937733; UID 10053; state: ENABLED
01-01 08:01:31.480 I/binder ( 0): 3343:3343 ioctl 40046210 7fd41ed904 returned -22
04-06 02:10:12.645 D/CompatibilityChangeReporter( 1508): Compat change id reported: 135634846; UID 10070; state: DISABLED
04-06 02:10:12.645 D/CompatibilityChangeReporter( 1508): Compat change id reported: 177438394; UID 10070; state: DISABLED
04-06 02:10:12.645 D/CompatibilityChangeReporter( 1508): Compat change id reported: 135772972; UID 10070; state: DISABLED
04-06 02:10:12.645 D/CompatibilityChangeReporter( 1508): Compat change id reported: 135754954; UID 10070; state: ENABLED
04-06 02:10:12.648 W/ActivityManager( 1508): Slow operation: 118ms so far, now at startProcess: returned from zygote!
01-01 08:01:31.490 I/binder ( 0): 3296:3296 ioctl 40046210 7fd41ec7f4 returned -22
04-06 02:10:12.650 D/CompatibilityChangeReporter( 1508): Compat change id reported: 168419799; UID 10074; state: DISABLED
04-06 02:10:12.657 W/ActivityManager( 1508): Slow operation: 127ms so far, now at startProcess: done updating battery stats
04-06 02:10:12.658 W/ActivityManager( 1508): Slow operation: 127ms so far, now at startProcess: building log message
04-06 02:10:12.658 I/ActivityManager( 1508): Start proc 3369:.pasr/u0a53 for added application .pasr
04-06 02:10:12.658 W/ActivityManager( 1508): Slow operation: 127ms so far, now at startProcess: starting to update pids map
04-06 02:10:12.658 W/ActivityManager( 1508): Slow operation: 127ms so far, now at startProcess: done updating pids map
04-06 02:10:12.658 W/ActivityManager( 1508): Slow operation: 128ms so far, now at startProcess: asking zygote to start proc
04-06 02:10:12.658 D/CompatibilityChangeReporter( 1508): Compat change id reported: 143937733; UID 10068; state: DISABLED
01-01 08:01:31.499 I/configfs-gadget gadget( 0): high-speed config #1: b
01-01 08:01:31.499 E/msm-dwc3 a600000.ssusb( 0): Could not get usb psy
01-01 08:01:31.500 I/android_work( 0): sent uevent USB_STATE=CONFIGURED
04-06 02:10:12.661 D/UsbDeviceManager( 1508): push notification:正在通过 USB 为此设备充电
04-06 02:10:12.667 W/ActivityManager( 1508): Slow operation: 137ms so far, now at startProcess: returned from zygote!
04-06 02:10:12.668 W/ActivityManager( 1508): Slow operation: 137ms so far, now at startProcess: done updating battery stats
04-06 02:10:12.668 W/ActivityManager( 1508): Slow operation: 137ms so far, now at startProcess: building log message
04-06 02:10:12.668 I/ActivityManager( 1508): Start proc 3375:com.qualcomm.qti.services.systemhelper:systemhelper_service/u0a68 for added application com.qualcomm.qti.services.systemhelper:systemhelper_service
01-01 08:01:31.515 I/binder ( 0): 3369:3369 ioctl 40046210 7fd41ed904 returned -22
01-01 08:01:31.524 I/ ( 0): Adding 4194300k swap on /dev/block/zram0. Priority:32758 extents:1 across:4194300k SS
04-06 02:10:12.687 D/CompatibilityChangeReporter( 1508): Compat change id reported: 157233955; UID 10071; state: DISABLED
04-06 02:10:12.687 W/ActivityManager( 1508): Slow operation: 157ms so far, now at startProcess: starting to update pids map
04-06 02:10:12.687 W/ActivityManager( 1508): Slow operation: 157ms so far, now at startProcess: done updating pids map
04-06 02:10:12.687 W/ActivityManager( 1508): Slow operation: 150ms so far, now at startProcess: asking zygote to start proc
04-06 02:10:12.688 D/CompatibilityChangeReporter( 1508): Compat change id reported: 143937733; UID 10086; state: ENABLED
04-06 02:10:12.691 D/CompatibilityChangeReporter( 1508): Compat change id reported: 135634846; UID 10017; state: DISABLED
04-06 02:10:12.691 D/CompatibilityChangeReporter( 1508): Compat change id reported: 177438394; UID 10017; state: DISABLED
04-06 02:10:12.691 D/CompatibilityChangeReporter( 1508): Compat change id reported: 135772972; UID 10017; state: DISABLED
04-06 02:10:12.691 D/CompatibilityChangeReporter( 1508): Compat change id reported: 135754954; UID 10017; state: ENABLED
04-06 02:10:12.693 D/CompatibilityChangeReporter( 1508): Compat change id reported: 73144566; UID 1000; state: ENABLED
04-06 02:10:12.694 D/CompatibilityChangeReporter( 1508): Compat change id reported: 73144566; UID 1000; state: DISABLED
04-06 02:10:12.695 I/BackupManagerService( 1508): isBackupEnabled() => false due to absent settings file
04-06 02:10:12.695 D/BackupManagerService( 1508): user:0 readBackupEnableState enabled:false
04-06 02:10:12.695 I/BackupManagerService( 1508): [UserID:0] Backup enabled => false
04-06 02:10:12.698 I/DropBoxManagerService( 1508): add tag=system_server_wtf isTagEnabled=true flags=0x2
01-01 08:01:31.536 I/binder ( 0): 3375:3375 ioctl 40046210 7fd41ed904 returned -22
04-06 02:10:12.703 W/ActivityManager( 1508): Slow operation: 166ms so far, now at startProcess: returned from zygote!
04-06 02:10:12.706 D/CompatibilityChangeReporter( 1508): Compat change id reported: 168419799; UID 10053; state: DISABLED
04-06 02:10:12.710 W/ActivityManager( 1508): Slow operation: 172ms so far, now at startProcess: done updating battery stats
04-06 02:10:12.710 W/ActivityManager( 1508): Slow operation: 172ms so far, now at startProcess: building log message
04-06 02:10:12.710 I/ActivityManager( 1508): Start proc 3400:com.qualcomm.qti.qccnetstat/u0a86 for added application com.qualcomm.qti.qccnetstat
04-06 02:10:12.710 W/ActivityManager( 1508): Slow operation: 172ms so far, now at startProcess: starting to update pids map
04-06 02:10:12.710 W/ActivityManager( 1508): Slow operation: 173ms so far, now at startProcess: done updating pids map
04-06 02:10:12.710 W/ActivityManager( 1508): Slow operation: 170ms so far, now at startProcess: asking zygote to start proc
04-06 02:10:12.710 D/CompatibilityChangeReporter( 1508): Compat change id reported: 143937733; UID 10079; state: ENABLED
01-01 08:01:31.554 I/binder ( 0): 3400:3400 ioctl 40046210 7fd41ed904 returned -22
04-06 02:10:12.713 D/CompatibilityChangeReporter( 1508): Compat change id reported: 168419799; UID 10068; state: DISABLED
04-06 02:10:12.717 W/ActivityManager( 1508): Slow operation: 177ms so far, now at startProcess: returned from zygote!
04-06 02:10:12.717 W/ActivityManager( 1508): Slow operation: 177ms so far, now at startProcess: done updating battery stats
04-06 02:10:12.717 W/ActivityManager( 1508): Slow operation: 177ms so far, now at startProcess: building log message
04-06 02:10:12.717 I/ActivityManager( 1508): Start proc 3424:com.qualcomm.qti.workloadclassifier/u0a79 for added application com.qualcomm.qti.workloadclassifier
04-06 02:10:12.717 W/ActivityManager( 1508): Slow operation: 177ms so far, now at startProcess: starting to update pids map
04-06 02:10:12.717 W/ActivityManager( 1508): Slow operation: 177ms so far, now at startProcess: done updating pids map
04-06 02:10:12.717 W/ActivityManager( 1508): Slow operation: 168ms so far, now at startProcess: asking zygote to start proc
04-06 02:10:12.717 D/CompatibilityChangeReporter( 1508): Compat change id reported: 143937733; UID 10028; state: ENABLED
04-06 02:10:12.723 D/CompatibilityChangeReporter( 1508): Compat change id reported: 168419799; UID 10086; state: DISABLED
04-06 02:10:12.726 W/ActivityManager( 1508): Slow operation: 176ms so far, now at startProcess: returned from zygote!
04-06 02:10:12.726 W/ActivityManager( 1508): Slow operation: 176ms so far, now at startProcess: done updating battery stats
04-06 02:10:12.726 W/ActivityManager( 1508): Slow operation: 176ms so far, now at startProcess: building log message
04-06 02:10:12.726 I/ActivityManager( 1508): Start proc 3429:com.android.documentsui/u0a28 for broadcast {com.android.documentsui/com.android.documentsui.PreBootReceiver}
04-06 02:10:12.726 W/ActivityManager( 1508): Slow operation: 176ms so far, now at startProcess: starting to update pids map
04-06 02:10:12.726 W/ActivityManager( 1508): Slow operation: 177ms so far, now at startProcess: done updating pids map
04-06 02:10:12.726 W/ActivityManager( 1508): Slow operation: 124ms so far, now at startProcess: asking zygote to start proc
01-01 08:01:31.580 I/binder ( 0): 3424:3424 ioctl 40046210 7fd41ed904 returned -22
04-06 02:10:12.743 W/ActivityManager( 1508): Slow operation: 141ms so far, now at startProcess: returned from zygote!
04-06 02:10:12.743 W/ActivityManager( 1508): Slow operation: 141ms so far, now at startProcess: done updating battery stats
04-06 02:10:12.743 W/ActivityManager( 1508): Slow operation: 141ms so far, now at startProcess: building log message
04-06 02:10:12.743 I/ActivityManager( 1508): Start proc 3447:com.android.keychain/1000 for service {com.android.keychain/com.android.keychain.KeyChainService}
04-06 02:10:12.743 W/ActivityManager( 1508): Slow operation: 141ms so far, now at startProcess: starting to update pids map
04-06 02:10:12.744 W/ActivityManager( 1508): Slow operation: 141ms so far, now at startProcess: done updating pids map
04-06 02:10:12.744 W/ActivityManager( 1508): Slow operation: 137ms so far, now at startProcess: asking zygote to start proc
04-06 02:10:12.746 D/CompatibilityChangeReporter( 1508): Compat change id reported: 168419799; UID 10079; state: DISABLED
01-01 08:01:31.591 I/binder ( 0): 3429:3429 ioctl 40046210 7fd41ed904 returned -22
01-01 08:01:31.595 W/QSEECOM ( 0): __qseecom_unload_app: App (8) is unloaded
01-01 08:01:31.596 D/qbt ( 0): qbt_release: entry minor_no=0 fd_available=0
01-01 08:01:31.596 D/qbt ( 0): qbt_release: Releasing wakelock
01-01 08:01:31.596 D/qbt ( 0): qbt_release: exit : fd_available=1
01-01 08:01:31.596 D/qbt ( 0): qbt_release: entry minor_no=1 fd_available=1
01-01 08:01:31.596 D/qbt ( 0): qbt_release: exit : fd_available=1
04-06 02:10:12.759 W/Looper ( 1508): Slow dispatch took 365ms main h=android.os.Handler c=com.android.server.biometrics.sensors.BiometricScheduler$InternalCallback$$ExternalSyntheticLambda0@a624346 m=0
04-06 02:10:12.760 I/AutofillManagerService( 1508): Updating for user 0: disabled=false
04-06 02:10:12.760 W/ActivityManager( 1508): Slow operation: 154ms so far, now at startProcess: returned from zygote!
04-06 02:10:12.760 W/ActivityManager( 1508): Slow operation: 154ms so far, now at startProcess: done updating battery stats
04-06 02:10:12.761 W/ActivityManager( 1508): Slow operation: 154ms so far, now at startProcess: building log message
04-06 02:10:12.761 I/ActivityManager( 1508): Start proc 3467:com.android.provision/1000 for top-activity {com.android.provision/com.android.provision.DefaultActivity}
04-06 02:10:12.761 W/ActivityManager( 1508): Slow operation: 154ms so far, now at startProcess: starting to update pids map
04-06 02:10:12.761 W/ActivityManager( 1508): Slow operation: 154ms so far, now at startProcess: done updating pids map
04-06 02:10:12.761 W/ActivityManager( 1508): Slow operation: 132ms so far, now at startProcess: asking zygote to start proc
04-06 02:10:12.761 D/CompatibilityChangeReporter( 1508): Compat change id reported: 143937733; UID 10091; state: ENABLED
01-01 08:01:31.603 I/binder ( 0): 3447:3447 ioctl 40046210 7fd41ed904 returned -22
04-06 02:10:12.768 W/ActivityManager( 1508): Slow operation: 139ms so far, now at startProcess: returned from zygote!
04-06 02:10:12.769 D/CompatibilityChangeReporter( 1508): Compat change id reported: 168419799; UID 10028; state: DISABLED
04-06 02:10:12.771 I/Telecom ( 1508): WiredHeadsetManager: ACTION_HEADSET_PLUG event, plugged in: false, : WHC.oADA@AAM
04-06 02:10:12.773 W/ActivityManager( 1508): Slow operation: 144ms so far, now at startProcess: done updating battery stats
04-06 02:10:12.773 I/Watchdog( 1508): Interesting Java process com.android.providers.media.module started. Pid 3483
04-06 02:10:12.773 W/ActivityManager( 1508): Slow operation: 144ms so far, now at startProcess: building log message
04-06 02:10:12.773 I/ActivityManager( 1508): Start proc 3483:com.android.providers.media.module/u0a91 for service {com.android.providers.media.module/com.android.providers.media.fuse.ExternalStorageServiceImpl}
04-06 02:10:12.773 W/ActivityManager( 1508): Slow operation: 144ms so far, now at startProcess: starting to update pids map
04-06 02:10:12.773 W/ActivityManager( 1508): Slow operation: 144ms so far, now at startProcess: done updating pids map
04-06 02:10:12.773 W/ActivityManager( 1508): Slow operation: 129ms so far, now at startProcess: asking zygote to start proc
04-06 02:10:12.773 D/CompatibilityChangeReporter( 1508): Compat change id reported: 143937733; UID 10070; state: ENABLED
01-01 08:01:31.613 I/binder ( 0): 3483:3483 ioctl 40046210 7fd41ed904 returned -22
01-01 08:01:31.633 I/binder ( 0): 3505:3505 ioctl 40046210 7fd41ed904 returned -22
04-06 02:10:12.779 W/ActivityManager( 1508): Slow operation: 135ms so far, now at startProcess: returned from zygote!
04-06 02:10:12.779 W/ActivityManager( 1508): Slow operation: 135ms so far, now at startProcess: done updating battery stats
04-06 02:10:12.779 W/ActivityManager( 1508): Slow operation: 135ms so far, now at startProcess: building log message
04-06 02:10:12.779 I/ActivityManager( 1508): Start proc 3503:com.qualcomm.location.XT/u0a70 for service {com.qualcomm.location.XT/com.qualcomm.location.XT.XTSrv}
04-06 02:10:12.780 W/ActivityManager( 1508): Slow operation: 136ms so far, now at startProcess: starting to update pids map
04-06 02:10:12.780 W/ActivityManager( 1508): Slow operation: 136ms so far, now at startProcess: done updating pids map
04-06 02:10:12.780 W/ActivityManager( 1508): Slow operation: 89ms so far, now at startProcess: asking zygote to start proc
04-06 02:10:12.780 D/CompatibilityChangeReporter( 1508): Compat change id reported: 143937733; UID 10017; state: ENABLED
01-01 08:01:31.636 I/binder ( 0): 3467:3467 ioctl 40046210 7fd41ed904 returned -22
01-01 08:01:31.641 I/binder ( 0): 3503:3503 ioctl 40046210 7fd41ed904 returned -22
04-06 02:10:12.783 D/CompatibilityChangeReporter( 1508): Compat change id reported: 168419799; UID 1000; state: DISABLED
04-06 02:10:12.786 W/ActivityManager( 1508): Slow operation: 94ms so far, now at startProcess: returned from zygote!
04-06 02:10:12.792 I/ExplicitHealthCheckController( 1508): Explicit health check service is connected ComponentInfo{android.ext.services/android.ext.services.watchdog.ExplicitHealthCheckServiceImpl}
04-06 02:10:12.793 I/ExplicitHealthCheckController( 1508): Service initialized, syncing requests
04-06 02:10:12.797 D/CompatibilityChangeReporter( 1508): Compat change id reported: 168419799; UID 10091; state: DISABLED
04-06 02:10:12.800 W/ActivityManager( 1508): Slow operation: 108ms so far, now at startProcess: done updating battery stats
04-06 02:10:12.800 W/ActivityManager( 1508): Slow operation: 108ms so far, now at startProcess: building log message
04-06 02:10:12.800 I/ActivityManager( 1508): Start proc 3505:android.process.media/u0a17 for broadcast {com.android.mtp/com.android.mtp.MtpReceiver}
04-06 02:10:12.800 W/ActivityManager( 1508): Slow operation: 108ms so far, now at startProcess: starting to update pids map
04-06 02:10:12.800 W/ActivityManager( 1508): Slow operation: 109ms so far, now at startProcess: done updating pids map
04-06 02:10:12.809 D/CompatibilityChangeReporter( 1508): Compat change id reported: 168419799; UID 10017; state: DISABLED
04-06 02:10:12.814 D/CompatibilityChangeReporter( 1508): Compat change id reported: 174042980; UID 1000; state: DISABLED
04-06 02:10:12.819 D/CompatibilityChangeReporter( 1508): Compat change id reported: 168419799; UID 10070; state: DISABLED
04-06 02:10:12.827 I/NotificationHistory( 1508): Attempted to unlock gone/disabled user 0
04-06 02:10:12.839 D/NotificationListeners( 1508): Removing active service ComponentInfo{android.ext.services/android.ext.services.notification.Assistant}
04-06 02:10:12.843 D/CompatibilityChangeReporter( 1508): Compat change id reported: 168419799; UID 10092; state: DISABLED
01-01 08:01:31.693 I/binder ( 0): 3503:3568 ioctl 40046210 784c1f8944 returned -22
01-01 08:01:31.697 E/bt_ioctl( 0): BT_CMD_PWR_CTRL pwr_cntrl:2
01-01 08:01:31.697 E/bt_vreg_unvote( 0): vreg_unvote successful for : qca,bt-vdd-rfa2
01-01 08:01:31.697 E/bt_vreg_unvote( 0): vreg_unvote successful for : qca,bt-vdd-rfa1
01-01 08:01:31.697 E/bt_vreg_unvote( 0): vreg_unvote successful for : qca,bt-vdd-dig
01-01 08:01:31.697 E/bt_vreg_unvote( 0): vreg_unvote successful for : qca,bt-vdd-aon
04-06 02:10:12.863 I/thunderperf( 1508): PlatormCompat.setOverrides: Uid1=1000 Pid1=3467 Uid2=1000 Pid2=3467
04-06 02:10:12.863 I/thunderperf( 1508): PlatormCompat.setOverrides: needCheck:false
04-06 02:10:12.864 I/thunderperf( 1508): CompatConfig.addOverrideUnsafe: bef-state=0
04-06 02:10:12.864 I/thunderperf( 1508): CompatConfig.addOverrideUnsafe: aft-state=0
04-06 02:10:12.869 I/thunderperf( 1508): CompatConfig.addOverrideUnsafe: bef-state=0
04-06 02:10:12.869 I/thunderperf( 1508): CompatConfig.addOverrideUnsafe: aft-state=0
04-06 02:10:12.870 I/thunderperf( 1508): CompatConfig.addOverrideUnsafe: bef-state=0
04-06 02:10:12.870 I/thunderperf( 1508): CompatConfig.addOverrideUnsafe: aft-state=0
04-06 02:10:12.870 I/thunderperf( 1508): CompatConfig.addOverrideUnsafe: bef-state=0
04-06 02:10:12.870 I/thunderperf( 1508): CompatConfig.addOverrideUnsafe: aft-state=0
04-06 02:10:12.870 I/thunderperf( 1508): CompatConfig.addOverrideUnsafe: bef-state=0
04-06 02:10:12.870 I/thunderperf( 1508): CompatConfig.addOverrideUnsafe: aft-state=0
04-06 02:10:12.870 I/thunderperf( 1508): CompatConfig.addOverrideUnsafe: bef-state=0
04-06 02:10:12.870 I/thunderperf( 1508): CompatConfig.addOverrideUnsafe: aft-state=0
04-06 02:10:12.871 I/thunderperf( 1508): CompatConfig.addOverrideUnsafe: bef-state=0
04-06 02:10:12.871 I/thunderperf( 1508): CompatConfig.addOverrideUnsafe: aft-state=0
04-06 02:10:12.872 I/thunderperf( 1508): CompatConfig.addOverrideUnsafe: bef-state=0
04-06 02:10:12.872 I/thunderperf( 1508): CompatConfig.addOverrideUnsafe: aft-state=0
04-06 02:10:12.872 I/thunderperf( 1508): CompatConfig.addOverrideUnsafe: bef-state=0
04-06 02:10:12.872 I/thunderperf( 1508): CompatConfig.addOverrideUnsafe: aft-state=0
04-06 02:10:12.873 I/thunderperf( 1508): CompatConfig.addOverrideUnsafe: bef-state=0
04-06 02:10:12.873 I/thunderperf( 1508): CompatConfig.addOverrideUnsafe: aft-state=0
04-06 02:10:12.873 I/thunderperf( 1508): CompatConfig.addOverrideUnsafe: bef-state=0
04-06 02:10:12.873 I/thunderperf( 1508): CompatConfig.addOverrideUnsafe: aft-state=0
04-06 02:10:12.873 I/thunderperf( 1508): CompatConfig.addOverrideUnsafe: bef-state=0
04-06 02:10:12.873 I/thunderperf( 1508): CompatConfig.addOverrideUnsafe: aft-state=0
04-06 02:10:12.874 I/thunderperf( 1508): CompatConfig.addOverrideUnsafe: bef-state=0
04-06 02:10:12.874 I/thunderperf( 1508): CompatConfig.addOverrideUnsafe: aft-state=0
04-06 02:10:12.874 I/thunderperf( 1508): CompatConfig.addOverrideUnsafe: bef-state=0
04-06 02:10:12.874 I/thunderperf( 1508): CompatConfig.addOverrideUnsafe: aft-state=0
04-06 02:10:12.883 I/ActivityTaskManager( 1508): START u0 {cmp=com.thundercomm.tcsetupwizard/.TcSetupStartActivity} from uid 1000
04-06 02:10:12.887 D/CompatibilityChangeReporter( 1508): Compat change id reported: 168419799; UID 1000; state: DISABLED
04-06 02:10:12.895 D/CompatibilityChangeReporter( 1508): Compat change id reported: 135634846; UID 10026; state: DISABLED
04-06 02:10:12.895 D/CompatibilityChangeReporter( 1508): Compat change id reported: 177438394; UID 10026; state: DISABLED
04-06 02:10:12.895 D/CompatibilityChangeReporter( 1508): Compat change id reported: 135772972; UID 10026; state: DISABLED
04-06 02:10:12.896 D/CompatibilityChangeReporter( 1508): Compat change id reported: 135754954; UID 10026; state: ENABLED
04-06 02:10:12.896 D/CompatibilityChangeReporter( 1508): Compat change id reported: 143937733; UID 10026; state: ENABLED
04-06 02:10:12.898 I/StorageUserConnection( 1508): Service: [ComponentInfo{com.android.providers.media.module/com.android.providers.media.fuse.ExternalStorageServiceImpl}] connected. User [0]
04-06 02:10:12.904 I/ActivityManager( 1508): Start proc 3601:com.android.externalstorage/u0a26 for content provider {com.android.externalstorage/com.android.externalstorage.ExternalStorageProvider}
04-06 02:10:12.915 I/ActivityTaskManager( 1508): FOREGROUND_APPLICATION_CHANGED to com.thundercomm.tcsetupwizard.TcSetupStartActivity
04-06 02:10:12.915 I/ActivityTaskManager( 1508): The Process com.thundercomm.tcsetupwizard Already Exists in BG. So sending its PID: 2648
04-06 02:10:12.917 D/CompatibilityChangeReporter( 1508): Compat change id reported: 181136395; UID 1000; state: DISABLED
04-06 02:10:12.918 D/CompatibilityChangeReporter( 1508): Compat change id reported: 174042936; UID 1000; state: DISABLED
04-06 02:10:12.933 I/SyncManager( 1508): Loaded persisted syncs: 0 periodic syncs, 0 oneshot syncs, 13 total system server jobs, JobStats: FirstLoad: 0/0/0 LastSave: -1/-1/-1
04-06 02:10:12.944 I/PreBootBroadcaster( 1508): Pre-boot of {com.android.managedprovisioning/com.android.managedprovisioning.ota.PreBootListener} for user 0
04-06 02:10:12.944 W/BroadcastQueue( 1508): Background execution not allowed: receiving Intent { act=android.intent.action.INPUT_METHOD_CHANGED flg=0x20000010 (has extras) } to com.baidu.input/.switchguide.InputMethodChangedReceiver
01-01 08:01:31.782 I/binder ( 0): 3601:3601 ioctl 40046210 7fd41ed904 returned -22
04-06 02:10:12.953 D/CompatibilityChangeReporter( 1508): Compat change id reported: 168419799; UID 10026; state: DISABLED
04-06 02:10:12.958 I/ActivityManager( 1508): com.android.managedprovisioning is exempt from freezer
04-06 02:10:12.958 D/CompatibilityChangeReporter( 1508): Compat change id reported: 135634846; UID 10027; state: DISABLED
04-06 02:10:12.958 D/CompatibilityChangeReporter( 1508): Compat change id reported: 177438394; UID 10027; state: DISABLED
04-06 02:10:12.958 D/CompatibilityChangeReporter( 1508): Compat change id reported: 135772972; UID 10027; state: DISABLED
04-06 02:10:12.958 D/CompatibilityChangeReporter( 1508): Compat change id reported: 135754954; UID 10027; state: ENABLED
04-06 02:10:12.959 D/CompatibilityChangeReporter( 1508): Compat change id reported: 143937733; UID 10027; state: ENABLED
04-06 02:10:12.959 D/BiometricScheduler/Fingerprint21( 1508): [Finishing] {[1] FingerprintUpdateActiveUserClient, proto=1, owner=android, cookie=0, requestId=-1, userId=0}, success: true
04-06 02:10:12.959 D/BiometricScheduler/Fingerprint21( 1508): [Polled] {[2] FingerprintInternalCleanupClient, proto=7, owner=android, cookie=0, requestId=-1, userId=0}, State: 0
04-06 02:10:12.959 D/BiometricScheduler/Fingerprint21( 1508): [Starting] {[2] FingerprintInternalCleanupClient, proto=7, owner=android, cookie=0, requestId=-1, userId=0}, State: 0
04-06 02:10:12.959 D/BiometricScheduler/Fingerprint21( 1508): [Started] {[2] FingerprintInternalCleanupClient, proto=7, owner=android, cookie=0, requestId=-1, userId=0}
04-06 02:10:12.959 D/Biometrics/InternalCleanupClient( 1508): Starting enumerate: {[3] FingerprintInternalEnumerateClient, proto=6, owner=android, cookie=0, requestId=-1, userId=0}
01-01 08:01:31.805 I/binder ( 0): 2648:2648 ioctl 40046210 7fd41ec664 returned -22
01-01 08:01:31.808 D/qbt ( 0): qbt_open: entry minor_no=0 fd_available=1
01-01 08:01:31.808 D/qbt ( 0): qbt_open: exit : 0 fd_available=0
01-01 08:01:31.808 D/qbt ( 0): qbt_open: entry minor_no=1 fd_available=0
01-01 08:01:31.808 D/qbt ( 0): qbt_open: exit : 0 fd_available=0
01-01 08:01:31.808 D/qbt ( 0): qbt_ioctl: cmd received 107
01-01 08:01:31.808 D/qbt ( 0): qbt_ioctl: Acquiring wakelock
04-06 02:10:12.969 I/ActivityManager( 1508): Start proc 3637:com.android.managedprovisioning/u0a27 for broadcast {com.android.managedprovisioning/com.android.managedprovisioning.ota.PreBootListener}
04-06 02:10:12.974 D/BluetoothManagerService( 1508): MESSAGE_BLUETOOTH_STATE_CHANGE: BLE_TURNING_ON > BLE_ON
04-06 02:10:12.974 D/BluetoothManagerService( 1508): Bluetooth is in LE only mode
04-06 02:10:12.974 D/BluetoothManagerService( 1508): Binding Bluetooth GATT service
04-06 02:10:12.976 D/BluetoothManagerService( 1508): Sending BLE State Change: BLE_TURNING_ON > BLE_ON
04-06 02:10:12.982 I/GameModeConfig( 1508): isGameModeOn = false
01-01 08:01:31.820 I/binder ( 0): 3637:3637 ioctl 40046210 7fd41ed904 returned -22
04-06 02:10:12.985 I/GameModeConfig( 1508): isGameModeOn = false
04-06 02:10:12.986 I/PackageWatchdog( 1508): Syncing health check requests for packages: {}
04-06 02:10:12.986 D/ExplicitHealthCheckController( 1508): Getting health check supported packages
01-01 08:01:31.821 I/binder ( 0): 3467:3562 ioctl 40046210 784c18f1f4 returned -22
