04-06 02:10:48.673 D/LOWI-9.0.0.87.a( 1416): [LOWI-Scan] BSS 1a:51:7e:52:1a:24 (wlan0) ASSO: NO AddInfo: 0x1, TSF 0, 00:00:59.216, RSSI: -130, CPL: 127, AGE: 928, SSID H3C_EPOCH, TSFDelta: 0x3e625151, TXRate: 0
04-06 02:10:48.673 D/LOWI-9.0.0.87.a( 1416): [LOWI-Scan]
04-06 02:10:48.673 D/LOWI-9.0.0.87.a( 1416): [LOWI-Scan] print_bss_handler: Report beacon TSF 59304887 as it greater than probe TSF 59300393
04-06 02:10:48.673 D/LOWI-9.0.0.87.a( 1416): [LOWI-Scan] decode_rsn_wpa_ie: LOWI_ENCRYPTION_TYPE_WPA_PSK
04-06 02:10:48.673 D/LOWI-9.0.0.87.a( 1416): [LOWI-Scan] is_qcom_ie, bss_age: 0
04-06 02:10:48.673 D/LOWI-9.0.0.87.a( 1416): [LOWI-Scan] BSS 64:6e:97:5a:7e:e2 LOWI_PHY_MODE_11AC_VHT80(10), Beacon Interval: 100, LOWI_ENCRYPTION_TYPE_WPA_PSK 11mcRanging: No, ANQP: No, LCI: No, Civic: No, capability(0x1011): ESS Privacy
04-06 02:10:48.673 D/LOWI-9.0.0.87.a( 1416): [LOWI-Scan] BSS 64:6e:97:5a:7e:e2 FREQ: 5785, cFreq1[40:80:160] = [5795:5775:0] cFreq2 = 0 Country Code = CN
04-06 02:10:48.673 D/LOWI-9.0.0.87.a( 1416): [LOWI-Scan] BSS 64:6e:97:5a:7e:e2 (wlan0) ASSO: NO AddInfo: 0x1, TSF 0, 00:00:59.304, RSSI: -138, CPL: 127, AGE: 840, SSID DMC, TSFDelta: 0x9feadd2, TXRate: 0
04-06 02:10:48.674 D/LOWI-9.0.0.87.a( 1416): [LOWI-Scan]
04-06 02:10:48.674 D/LOWI-9.0.0.87.a( 1416): [LOWI-Scan] print_bss_handler: Report beacon TSF 59342714 as it greater than probe TSF 24194425
04-06 02:10:48.674 D/LOWI-9.0.0.87.a( 1416): [LOWI-Scan] decode_rsn_wpa_ie: LOWI_ENCRYPTION_TYPE_WPA_PSK
04-06 02:10:48.674 D/LOWI-9.0.0.87.a( 1416): [LOWI-Scan] is_qcom_ie, bss_age: 0
04-06 02:10:48.674 D/LOWI-9.0.0.87.a( 1416): [LOWI-Scan] BSS 98:97:cc:80:04:8a LOWI_PHY_MODE_11AC_VHT80(10), Beacon Interval: 100, LOWI_ENCRYPTION_TYPE_WPA_PSK 11mcRanging: No, ANQP: No, LCI: No, Civic: No, capability(0x1011): ESS Privacy
04-06 02:10:48.674 D/LOWI-9.0.0.87.a( 1416): [LOWI-Scan] BSS 98:97:cc:80:04:8a FREQ: 5805, cFreq1[40:80:160] = [5795:5775:0] cFreq2 = 0 Country Code = CN
04-06 02:10:48.674 D/LOWI-9.0.0.87.a( 1416): [LOWI-Scan] BSS 98:97:cc:80:04:8a (wlan0) ASSO: NO AddInfo: 0x1, TSF 0, 00:00:59.342, RSSI: -136, CPL: 127, AGE: 804, SSID TP-LINK-TS, TSFDelta: 0x47065b74, TXRate: 0
04-06 02:10:48.674 D/LOWI-9.0.0.87.a( 1416): [LOWI-Scan]
04-06 02:10:48.674 D/LOWI-9.0.0.87.a( 1416): [LOWI-Scan] print_bss_handler: Report Probe TSF 59618505 as it greater than Beacon TSF 59582292
04-06 02:10:48.674 D/LOWI-9.0.0.87.a( 1416): [LOWI-Scan] decode_rsn_wpa_ie: LOWI_ENCRYPTION_TYPE_WPA_PSK
04-06 02:10:48.674 D/LOWI-9.0.0.87.a( 1416): [LOWI-Scan] is_qcom_ie, bss_age: 0
04-06 02:10:48.674 D/LOWI-9.0.0.87.a( 1416): [LOWI-Scan] BSS 18:6f:2d:81:1f:d0 LOWI_PHY_MODE_11AC_VHT20(8), Beacon Interval: 100, LOWI_ENCRYPTION_TYPE_WPA_PSK 11mcRanging: No, ANQP: No, LCI: No, Civic: No, capability(0x0111): ESS Privacy SpectrumMgmt
04-06 02:10:48.674 D/LOWI-9.0.0.87.a( 1416): [LOWI-Scan] BSS 18:6f:2d:81:1f:d0 FREQ: 5280, cFreq1[40:80:160] = [5280:0:0] cFreq2 = 0 Country Code = CN
04-06 02:10:48.674 D/LOWI-9.0.0.87.a( 1416): [LOWI-Scan] BSS 18:6f:2d:81:1f:d0 (wlan0) ASSO: NO AddInfo: 0x0, TSF 0, 00:00:59.618, RSSI: -166, CPL: 127, AGE: 528, SSID Testing , TSFDelta: 0x399c1c79, TXRate: 0
04-06 02:10:48.674 D/LOWI-9.0.0.87.a( 1416): [LOWI-Scan]
04-06 02:10:48.674 D/LOWI-9.0.0.87.a( 1416): [LOWI-Scan] print_bss_handler: Report Probe TSF 59618684 as it greater than Beacon TSF 59582405
04-06 02:10:48.674 D/LOWI-9.0.0.87.a( 1416): [LOWI-Scan] is_qcom_ie, bss_age: 0
04-06 02:10:48.674 D/LOWI-9.0.0.87.a( 1416): [LOWI-Scan] BSS 18:6f:2d:81:1f:d1 LOWI_PHY_MODE_11AC_VHT20(8), Beacon Interval: 100, LOWI_ENCRYPTION_TYPE_OPEN 11mcRanging: No, ANQP: No, LCI: No, Civic: No, capability(0x0101): ESS SpectrumMgmt
04-06 02:10:48.674 D/LOWI-9.0.0.87.a( 1416): [LOWI-Scan] BSS 18:6f:2d:81:1f:d1 FREQ: 5280, cFreq1[40:80:160] = [5280:0:0] cFreq2 = 0 Country Code = CN
04-06 02:10:48.674 D/LOWI-9.0.0.87.a( 1416): [LOWI-Scan] BSS 18:6f:2d:81:1f:d1 (wlan0) ASSO: NO AddInfo: 0x0, TSF 0, 00:00:59.618, RSSI: -164, CPL: 127, AGE: 528, SSID Guest, TSFDelta: 0x39a1a981, TXRate: 0
04-06 02:10:48.674 D/LOWI-9.0.0.87.a( 1416): [LOWI-Scan]
04-06 02:10:48.674 D/LOWI-9.0.0.87.a( 1416): [LOWI-Scan] print_bss_handler: Report Probe TSF 59621388 as it greater than Beacon TSF 59582491
04-06 02:10:48.674 D/LOWI-9.0.0.87.a( 1416): [LOWI-Scan] decode_rsn_wpa_ie: LOWI_ENCRYPTION_TYPE_WPA_PSK
04-06 02:10:48.674 D/LOWI-9.0.0.87.a( 1416): [LOWI-Scan] is_qcom_ie, bss_age: 0
04-06 02:10:48.675 D/LOWI-9.0.0.87.a( 1416): [LOWI-Scan] BSS 18:6f:2d:81:1f:d2 LOWI_PHY_MODE_11AC_VHT20(8), Beacon Interval: 100, LOWI_ENCRYPTION_TYPE_WPA_PSK 11mcRanging: No, ANQP: No, LCI: No, Civic: No, capability(0x0111): ESS Privacy SpectrumMgmt
04-06 02:10:48.675 D/LOWI-9.0.0.87.a( 1416): [LOWI-Scan] BSS 18:6f:2d:81:1f:d2 FREQ: 5280, cFreq1[40:80:160] = [5280:0:0] cFreq2 = 0 Country Code = CN
04-06 02:10:48.675 D/LOWI-9.0.0.87.a( 1416): [LOWI-Scan] BSS 18:6f:2d:81:1f:d2 (wlan0) ASSO: NO AddInfo: 0x0, TSF 0, 00:00:59.621, RSSI: -164, CPL: 127, AGE: 524, SSID ZXHY, TSFDelta: 0x39b667d4, TXRate: 0
04-06 02:10:48.675 D/LOWI-9.0.0.87.a( 1416): [LOWI-Scan]
04-06 02:10:48.675 D/LOWI-9.0.0.87.a( 1416): [LOWI-Scan] print_bss_handler: Report Probe TSF 59622479 as it greater than Beacon TSF 59582562
04-06 02:10:48.675 D/LOWI-9.0.0.87.a( 1416): [LOWI-Scan] decode_rsn_wpa_ie: LOWI_ENCRYPTION_TYPE_WPA_PSK
04-06 02:10:48.675 D/LOWI-9.0.0.87.a( 1416): [LOWI-Scan] is_qcom_ie, bss_age: 0
04-06 02:10:48.675 D/LOWI-9.0.0.87.a( 1416): [LOWI-Scan] BSS 18:6f:2d:81:1f:d3 LOWI_PHY_MODE_11AC_VHT20(8), Beacon Interval: 100, LOWI_ENCRYPTION_TYPE_WPA_PSK 11mcRanging: No, ANQP: No, LCI: No, Civic: No, capability(0x0111): ESS Privacy SpectrumMgmt
04-06 02:10:48.675 D/LOWI-9.0.0.87.a( 1416): [LOWI-Scan] BSS 18:6f:2d:81:1f:d3 FREQ: 5280, cFreq1[40:80:160] = [5280:0:0] cFreq2 = 0 Country Code = CN
04-06 02:10:48.675 D/LOWI-9.0.0.87.a( 1416): [LOWI-Scan] BSS 18:6f:2d:81:1f:d3 (wlan0) ASSO: NO AddInfo: 0x0, TSF 0, 00:00:59.622, RSSI: -166, CPL: 127, AGE: 524, SSID Fanya, TSFDelta: 0x39bbc30f, TXRate: 0
04-06 02:10:48.675 D/LOWI-9.0.0.87.a( 1416): [LOWI-Scan]
04-06 02:10:48.675 D/LOWI-9.0.0.87.a( 1416): [LOWI-Scan] print_bss_handler: Report Probe TSF 59623046 as it greater than Beacon TSF 59582624
04-06 02:10:48.675 D/LOWI-9.0.0.87.a( 1416): [LOWI-Scan] decode_rsn_wpa_ie: LOWI_ENCRYPTION_TYPE_WPA_PSK
04-06 02:10:48.675 D/LOWI-9.0.0.87.a( 1416): [LOWI-Scan] is_qcom_ie, bss_age: 0
04-06 02:10:48.675 D/LOWI-9.0.0.87.a( 1416): [LOWI-Scan] BSS 18:6f:2d:81:1f:d4 LOWI_PHY_MODE_11AC_VHT20(8), Beacon Interval: 100, LOWI_ENCRYPTION_TYPE_WPA_PSK 11mcRanging: No, ANQP: No, LCI: No, Civic: No, capability(0x0111): ESS Privacy SpectrumMgmt
04-06 02:10:48.675 D/LOWI-9.0.0.87.a( 1416): [LOWI-Scan] BSS 18:6f:2d:81:1f:d4 FREQ: 5280, cFreq1[40:80:160] = [5280:0:0] cFreq2 = 0 Country Code = CN
04-06 02:10:48.675 D/LOWI-9.0.0.87.a( 1416): [LOWI-Scan] BSS 18:6f:2d:81:1f:d4 (wlan0) ASSO: NO AddInfo: 0x0, TSF 0, 00:00:59.623, RSSI: -164, CPL: 127, AGE: 524, SSID ThunderSoft, TSFDelta: 0x39c14cf8, TXRate: 0
04-06 02:10:48.675 D/LOWI-9.0.0.87.a( 1416): [LOWI-Scan]
04-06 02:10:48.675 D/LOWI-9.0.0.87.a( 1416): [LOWI-Scan] print_bss_handler: Report Probe TSF 59624399 as it greater than Beacon TSF 59583186
04-06 02:10:48.675 D/LOWI-9.0.0.87.a( 1416): [LOWI-Scan] decode_rsn_wpa_ie: LOWI_ENCRYPTION_TYPE_WPA_PSK
04-06 02:10:48.675 D/LOWI-9.0.0.87.a( 1416): [LOWI-Scan] is_qcom_ie, bss_age: 0
04-06 02:10:48.675 D/LOWI-9.0.0.87.a( 1416): [LOWI-Scan] BSS 18:6f:2d:81:1f:d5 LOWI_PHY_MODE_11AC_VHT20(8), Beacon Interval: 100, LOWI_ENCRYPTION_TYPE_WPA_PSK 11mcRanging: No, ANQP: No, LCI: No, Civic: No, capability(0x0111): ESS Privacy SpectrumMgmt
04-06 02:10:48.675 D/LOWI-9.0.0.87.a( 1416): [LOWI-Scan] BSS 18:6f:2d:81:1f:d5 FREQ: 5280, cFreq1[40:80:160] = [5280:0:0] cFreq2 = 0 Country Code = CN
04-06 02:10:48.675 D/LOWI-9.0.0.87.a( 1416): [LOWI-Scan] BSS 18:6f:2d:81:1f:d5 (wlan0) ASSO: NO AddInfo: 0x0, TSF 0, 00:00:59.624, RSSI: -164, CPL: 127, AGE: 520, SSID GM, TSFDelta: 0x39c3f54e, TXRate: 0
04-06 02:10:48.676 D/LOWI-9.0.0.87.a( 1416): [LOWI-Scan]
04-06 02:10:48.676 D/LOWI-9.0.0.87.a( 1416): [LOWI-Scan] print_bss_handler: Report Probe TSF 59618622 as it greater than Beacon TSF 59588323
04-06 02:10:48.676 D/LOWI-9.0.0.87.a( 1416): [LOWI-Scan] decode_rsn_wpa_ie: LOWI_ENCRYPTION_TYPE_WPA_PSK
04-06 02:10:48.676 D/LOWI-9.0.0.87.a( 1416): [LOWI-Scan] is_qcom_ie, bss_age: 0
04-06 02:10:48.676 D/LOWI-9.0.0.87.a( 1416): [LOWI-Scan] BSS 18:6f:2d:81:1e:70 LOWI_PHY_MODE_11AC_VHT20(8), Beacon Interval: 100, LOWI_ENCRYPTION_TYPE_WPA_PSK 11mcRanging: No, ANQP: No, LCI: No, Civic: No, capability(0x0111): ESS Privacy SpectrumMgmt
04-06 02:10:48.676 D/LOWI-9.0.0.87.a( 1416): [LOWI-Scan] BSS 18:6f:2d:81:1e:70 FREQ: 5280, cFreq1[40:80:160] = [5280:0:0] cFreq2 = 0 Country Code = CN
04-06 02:10:48.676 D/LOWI-9.0.0.87.a( 1416): [LOWI-Scan] BSS 18:6f:2d:81:1e:70 (wlan0) ASSO: NO AddInfo: 0x0, TSF 0, 00:00:59.618, RSSI: -148, CPL: 127, AGE: 528, SSID Testing , TSFDelta: 0xe705c658, TXRate: 0
04-06 02:10:48.676 D/LOWI-9.0.0.87.a( 1416): [LOWI-Scan]
04-06 02:10:48.684 D/LOWI-9.0.0.87.a( 1416): [LOWI-Scan] print_bss_handler: Report Probe TSF 59619043 as it greater than Beacon TSF 59588644
04-06 02:10:48.684 D/LOWI-9.0.0.87.a( 1416): [LOWI-Scan] is_qcom_ie, bss_age: 0
04-06 02:10:48.684 D/LOWI-9.0.0.87.a( 1416): [LOWI-Scan] BSS 18:6f:2d:81:1e:71 LOWI_PHY_MODE_11AC_VHT20(8), Beacon Interval: 100, LOWI_ENCRYPTION_TYPE_OPEN 11mcRanging: No, ANQP: No, LCI: No, Civic: No, capability(0x0101): ESS SpectrumMgmt
04-06 02:10:48.684 D/LOWI-9.0.0.87.a( 1416): [LOWI-Scan] BSS 18:6f:2d:81:1e:71 FREQ: 5280, cFreq1[40:80:160] = [5280:0:0] cFreq2 = 0 Country Code = CN
04-06 02:10:48.684 D/LOWI-9.0.0.87.a( 1416): [LOWI-Scan] BSS 18:6f:2d:81:1e:71 (wlan0) ASSO: NO AddInfo: 0x0, TSF 0, 00:00:59.619, RSSI: -146, CPL: 127, AGE: 528, SSID Guest, TSFDelta: 0xe70c85ad, TXRate: 0
04-06 02:10:48.684 D/LOWI-9.0.0.87.a( 1416): [LOWI-Scan]
04-06 02:10:48.684 D/LOWI-9.0.0.87.a( 1416): [LOWI-Scan] print_bss_handler: Report Probe TSF 59619789 as it greater than Beacon TSF 59588935
04-06 02:10:48.684 D/LOWI-9.0.0.87.a( 1416): [LOWI-Scan] decode_rsn_wpa_ie: LOWI_ENCRYPTION_TYPE_WPA_PSK
04-06 02:10:48.684 D/LOWI-9.0.0.87.a( 1416): [LOWI-Scan] is_qcom_ie, bss_age: 0
04-06 02:10:48.684 D/LOWI-9.0.0.87.a( 1416): [LOWI-Scan] BSS 18:6f:2d:81:1e:72 LOWI_PHY_MODE_11AC_VHT20(8), Beacon Interval: 100, LOWI_ENCRYPTION_TYPE_WPA_PSK 11mcRanging: No, ANQP: No, LCI: No, Civic: No, capability(0x0111): ESS Privacy SpectrumMgmt
04-06 02:10:48.684 D/LOWI-9.0.0.87.a( 1416): [LOWI-Scan] BSS 18:6f:2d:81:1e:72 FREQ: 5280, cFreq1[40:80:160] = [5280:0:0] cFreq2 = 0 Country Code = CN
04-06 02:10:48.684 D/LOWI-9.0.0.87.a( 1416): [LOWI-Scan] BSS 18:6f:2d:81:1e:72 (wlan0) ASSO: NO AddInfo: 0x0, TSF 0, 00:00:59.619, RSSI: -146, CPL: 127, AGE: 528, SSID ZXHY, TSFDelta: 0xe711c5bf, TXRate: 0
04-06 02:10:48.685 D/LOWI-9.0.0.87.a( 1416): [LOWI-Scan]
04-06 02:10:48.685 D/LOWI-9.0.0.87.a( 1416): [LOWI-Scan] print_bss_handler: Report Probe TSF 59620361 as it greater than Beacon TSF 59589233
04-06 02:10:48.685 D/LOWI-9.0.0.87.a( 1416): [LOWI-Scan] decode_rsn_wpa_ie: LOWI_ENCRYPTION_TYPE_WPA_PSK
04-06 02:10:48.685 D/LOWI-9.0.0.87.a( 1416): [LOWI-Scan] is_qcom_ie, bss_age: 0
04-06 02:10:48.685 D/LOWI-9.0.0.87.a( 1416): [LOWI-Scan] BSS 18:6f:2d:81:1e:73 LOWI_PHY_MODE_11AC_VHT20(8), Beacon Interval: 100, LOWI_ENCRYPTION_TYPE_WPA_PSK 11mcRanging: No, ANQP: No, LCI: No, Civic: No, capability(0x0111): ESS Privacy SpectrumMgmt
04-06 02:10:48.685 D/LOWI-9.0.0.87.a( 1416): [LOWI-Scan] BSS 18:6f:2d:81:1e:73 FREQ: 5280, cFreq1[40:80:160] = [5280:0:0] cFreq2 = 0 Country Code = CN
04-06 02:10:48.685 D/LOWI-9.0.0.87.a( 1416): [LOWI-Scan] BSS 18:6f:2d:81:1e:73 (wlan0) ASSO: NO AddInfo: 0x0, TSF 0, 00:00:59.620, RSSI: -148, CPL: 127, AGE: 524, SSID Fanya, TSFDelta: 0xe714a993, TXRate: 0
04-06 02:10:48.685 D/LOWI-9.0.0.87.a( 1416): [LOWI-Scan]
04-06 02:10:48.685 D/LOWI-9.0.0.87.a( 1416): [LOWI-Scan] print_bss_handler: Report Probe TSF 59621013 as it greater than Beacon TSF 59589563
04-06 02:10:48.685 D/LOWI-9.0.0.87.a( 1416): [LOWI-Scan] decode_rsn_wpa_ie: LOWI_ENCRYPTION_TYPE_WPA_PSK
04-06 02:10:48.685 D/LOWI-9.0.0.87.a( 1416): [LOWI-Scan] is_qcom_ie, bss_age: 0
04-06 02:10:48.685 D/LOWI-9.0.0.87.a( 1416): [LOWI-Scan] BSS 18:6f:2d:81:1e:74 LOWI_PHY_MODE_11AC_VHT20(8), Beacon Interval: 100, LOWI_ENCRYPTION_TYPE_WPA_PSK 11mcRanging: No, ANQP: No, LCI: No, Civic: No, capability(0x0111): ESS Privacy SpectrumMgmt
04-06 02:10:48.685 D/LOWI-9.0.0.87.a( 1416): [LOWI-Scan] BSS 18:6f:2d:81:1e:74 FREQ: 5280, cFreq1[40:80:160] = [5280:0:0] cFreq2 = 0 Country Code = CN
04-06 02:10:48.685 D/LOWI-9.0.0.87.a( 1416): [LOWI-Scan] BSS 18:6f:2d:81:1e:74 (wlan0) ASSO: NO AddInfo: 0x0, TSF 0, 00:00:59.621, RSSI: -148, CPL: 127, AGE: 524, SSID ThunderSoft, TSFDelta: 0xe71a7469, TXRate: 0
04-06 02:10:48.685 D/LOWI-9.0.0.87.a( 1416): [LOWI-Scan]
04-06 02:10:48.685 D/LOWI-9.0.0.87.a( 1416): [LOWI-Scan] print_bss_handler: Report Probe TSF 59621798 as it greater than Beacon TSF 59590191
04-06 02:10:48.685 D/LOWI-9.0.0.87.a( 1416): [LOWI-Scan] decode_rsn_wpa_ie: LOWI_ENCRYPTION_TYPE_WPA_PSK
04-06 02:10:48.685 D/LOWI-9.0.0.87.a( 1416): [LOWI-Scan] is_qcom_ie, bss_age: 0
04-06 02:10:48.685 D/LOWI-9.0.0.87.a( 1416): [LOWI-Scan] BSS 18:6f:2d:81:1e:75 LOWI_PHY_MODE_11AC_VHT20(8), Beacon Interval: 100, LOWI_ENCRYPTION_TYPE_WPA_PSK 11mcRanging: No, ANQP: No, LCI: No, Civic: No, capability(0x0111): ESS Privacy SpectrumMgmt
04-06 02:10:48.685 D/LOWI-9.0.0.87.a( 1416): [LOWI-Scan] BSS 18:6f:2d:81:1e:75 FREQ: 5280, cFreq1[40:80:160] = [5280:0:0] cFreq2 = 0 Country Code = CN
04-06 02:10:48.685 D/LOWI-9.0.0.87.a( 1416): [LOWI-Scan] BSS 18:6f:2d:81:1e:75 (wlan0) ASSO: NO AddInfo: 0x0, TSF 0, 00:00:59.621, RSSI: -148, CPL: 127, AGE: 524, SSID GM, TSFDelta: 0xe72011e3, TXRate: 0
04-06 02:10:48.685 D/LOWI-9.0.0.87.a( 1416): [LOWI-Scan]
04-06 02:10:48.686 D/LOWI-9.0.0.87.a( 1416): [LOWI-Scan] print_bss_handler: Report beacon TSF 59859661 as it greater than probe TSF 59859661
04-06 02:10:48.686 D/LOWI-9.0.0.87.a( 1416): [LOWI-Scan] is_qcom_ie, bss_age: 0
04-06 02:10:48.686 D/LOWI-9.0.0.87.a( 1416): [LOWI-Scan] BSS 30:80:9b:cb:a2:73 LOWI_PHY_MODE_11NG_HT20(5), Beacon Interval: 100, LOWI_ENCRYPTION_TYPE_OPEN 11mcRanging: No, ANQP: No, LCI: No, Civic: No, capability(0x0401): ESS ShortSlotTime
04-06 02:10:48.686 D/LOWI-9.0.0.87.a( 1416): [LOWI-Scan] BSS 30:80:9b:cb:a2:73 FREQ: 2457, cFreq1[40:80:160] = [2457:0:0] cFreq2 = 0 Country Code =
04-06 02:10:48.686 D/LOWI-9.0.0.87.a( 1416): [LOWI-Scan] BSS 30:80:9b:cb:a2:73 (wlan0) ASSO: NO AddInfo: 0x1, TSF 0, 00:00:59.859, RSSI: -166, CPL: 127, AGE: 288, SSID , TSFDelta: 0x996bc87a, TXRate: 0
04-06 02:10:48.686 D/LOWI-9.0.0.87.a( 1416): [LOWI-Scan]
04-06 02:10:48.686 D/LOWI-9.0.0.87.a( 1416): [LOWI-Scan] print_bss_handler: Report beacon TSF 59031391 as it greater than probe TSF 59031391
04-06 02:10:48.686 D/LOWI-9.0.0.87.a( 1416): [LOWI-Scan] decode_rsn_wpa_ie: LOWI_ENCRYPTION_TYPE_WPA_PSK
04-06 02:10:48.686 D/LOWI-9.0.0.87.a( 1416): [LOWI-Scan] is_qcom_ie, bss_age: 0
04-06 02:10:48.686 D/LOWI-9.0.0.87.a( 1416): [LOWI-Scan] BSS 98:97:cc:80:04:88 LOWI_PHY_MODE_11AC_VHT40_2G(12), Beacon Interval: 100, LOWI_ENCRYPTION_TYPE_WPA_PSK 11mcRanging: No, ANQP: No, LCI: No, Civic: No, capability(0x1411): ESS Privacy ShortSlotTime
04-06 02:10:48.686 D/LOWI-9.0.0.87.a( 1416): [LOWI-Scan] BSS 98:97:cc:80:04:88 FREQ: 2412, cFreq1[40:80:160] = [2422:0:0] cFreq2 = 0 Country Code = CN
04-06 02:10:48.686 D/LOWI-9.0.0.87.a( 1416): [LOWI-Scan] BSS 98:97:cc:80:04:88 (wlan0) ASSO: NO AddInfo: 0x1, TSF 0, 00:00:59.031, RSSI: -164, CPL: 127, AGE: 1116, SSID TP-LINK-TS, TSFDelta: 0x3a9edcde, TXRate: 0
04-06 02:10:48.686 D/LOWI-9.0.0.87.a( 1416): [LOWI-Scan]
04-06 02:10:48.686 D/LOWI-9.0.0.87.a( 1416): [LOWI-Scan] print_bss_handler: Report beacon TSF 59035916 as it greater than probe TSF 59035916
04-06 02:10:48.686 D/LOWI-9.0.0.87.a( 1416): [LOWI-Scan] decode_rsn_wpa_ie: LOWI_ENCRYPTION_TYPE_WPA_PSK
04-06 02:10:48.686 D/LOWI-9.0.0.87.a( 1416): [LOWI-Scan] is_qcom_ie, bss_age: 0
04-06 02:10:48.686 D/LOWI-9.0.0.87.a( 1416): [LOWI-Scan] BSS 18:6f:2d:81:1e:60 LOWI_PHY_MODE_11NG_HT20(5), Beacon Interval: 100, LOWI_ENCRYPTION_TYPE_WPA_PSK 11mcRanging: No, ANQP: No, LCI: No, Civic: No, capability(0x0531): ESS Privacy ShortPreamble SpectrumMgmt ShortSlotTime
04-06 02:10:48.686 D/LOWI-9.0.0.87.a( 1416): [LOWI-Scan] BSS 18:6f:2d:81:1e:60 FREQ: 2412, cFreq1[40:80:160] = [2412:0:0] cFreq2 = 0 Country Code = CN
04-06 02:10:48.686 D/LOWI-9.0.0.87.a( 1416): [LOWI-Scan] BSS 18:6f:2d:81:1e:60 (wlan0) ASSO: NO AddInfo: 0x1, TSF 0, 00:00:59.035, RSSI: -174, CPL: 127, AGE: 1112, SSID Testing , TSFDelta: 0x800ff3fe, TXRate: 0
04-06 02:10:48.686 D/LOWI-9.0.0.87.a( 1416): [LOWI-Scan]
04-06 02:10:48.686 D/LOWI-9.0.0.87.a( 1416): [LOWI-Scan] print_bss_handler: Report beacon TSF 59036668 as it greater than probe TSF 59036668
04-06 02:10:48.686 D/LOWI-9.0.0.87.a( 1416): [LOWI-Scan] is_qcom_ie, bss_age: 0
04-06 02:10:48.686 D/LOWI-9.0.0.87.a( 1416): [LOWI-Scan] BSS 18:6f:2d:81:1e:61 LOWI_PHY_MODE_11NG_HT20(5), Beacon Interval: 100, LOWI_ENCRYPTION_TYPE_OPEN 11mcRanging: No, ANQP: No, LCI: No, Civic: No, capability(0x0521): ESS ShortPreamble SpectrumMgmt ShortSlotTime
04-06 02:10:48.686 D/LOWI-9.0.0.87.a( 1416): [LOWI-Scan] BSS 18:6f:2d:81:1e:61 FREQ: 2412, cFreq1[40:80:160] = [2412:0:0] cFreq2 = 0 Country Code = CN
04-06 02:10:48.686 D/LOWI-9.0.0.87.a( 1416): [LOWI-Scan] BSS 18:6f:2d:81:1e:61 (wlan0) ASSO: NO AddInfo: 0x1, TSF 0, 00:00:59.036, RSSI: -180, CPL: 127, AGE: 1108, SSID Guest, TSFDelta: 0x80157fa9, TXRate: 0
04-06 02:10:48.687 D/LOWI-9.0.0.87.a( 1416): [LOWI-Scan]
04-06 02:10:48.687 D/LOWI-9.0.0.87.a( 1416): [LOWI-Scan] print_bss_handler: Report beacon TSF 59037378 as it greater than probe TSF 59037378
04-06 02:10:48.687 D/LOWI-9.0.0.87.a( 1416): [LOWI-Scan] decode_rsn_wpa_ie: LOWI_ENCRYPTION_TYPE_WPA_PSK
04-06 02:10:48.687 D/LOWI-9.0.0.87.a( 1416): [LOWI-Scan] is_qcom_ie, bss_age: 0
04-06 02:10:48.687 D/LOWI-9.0.0.87.a( 1416): [LOWI-Scan] BSS 18:6f:2d:81:1e:62 LOWI_PHY_MODE_11NG_HT20(5), Beacon Interval: 100, LOWI_ENCRYPTION_TYPE_WPA_PSK 11mcRanging: No, ANQP: No, LCI: No, Civic: No, capability(0x0531): ESS Privacy ShortPreamble SpectrumMgmt ShortSlotTime
04-06 02:10:48.687 D/LOWI-9.0.0.87.a( 1416): [LOWI-Scan] BSS 18:6f:2d:81:1e:62 FREQ: 2412, cFreq1[40:80:160] = [2412:0:0] cFreq2 = 0 Country Code = CN
04-06 02:10:48.687 D/LOWI-9.0.0.87.a( 1416): [LOWI-Scan] BSS 18:6f:2d:81:1e:62 (wlan0) ASSO: NO AddInfo: 0x1, TSF 0, 00:00:59.037, RSSI: -176, CPL: 127, AGE: 1108, SSID ThunderSoft_2.4G, TSFDelta: 0x801ac4de, TXRate: 0
04-06 02:10:48.687 D/LOWI-9.0.0.87.a( 1416): [LOWI-Scan]
04-06 02:10:48.687 D/LOWI-9.0.0.87.a( 1416): [LOWI-Scan] print_bss_handler: Report beacon TSF 59038413 as it greater than probe TSF 59038413
04-06 02:10:48.687 D/LOWI-9.0.0.87.a( 1416): [LOWI-Scan] decode_rsn_wpa_ie: LOWI_ENCRYPTION_TYPE_WPA_PSK
04-06 02:10:48.687 D/LOWI-9.0.0.87.a( 1416): [LOWI-Scan] is_qcom_ie, bss_age: 0
04-06 02:10:48.687 D/LOWI-9.0.0.87.a( 1416): [LOWI-Scan] BSS 18:6f:2d:81:1e:63 LOWI_PHY_MODE_11NG_HT20(5), Beacon Interval: 100, LOWI_ENCRYPTION_TYPE_WPA_PSK 11mcRanging: No, ANQP: No, LCI: No, Civic: No, capability(0x0531): ESS Privacy ShortPreamble SpectrumMgmt ShortSlotTime
04-06 02:10:48.687 D/LOWI-9.0.0.87.a( 1416): [LOWI-Scan] BSS 18:6f:2d:81:1e:63 FREQ: 2412, cFreq1[40:80:160] = [2412:0:0] cFreq2 = 0 Country Code = CN
04-06 02:10:48.687 D/LOWI-9.0.0.87.a( 1416): [LOWI-Scan] BSS 18:6f:2d:81:1e:63 (wlan0) ASSO: NO AddInfo: 0x1, TSF 0, 00:00:59.038, RSSI: -172, CPL: 127, AGE: 1108, SSID ZXHY, TSFDelta: 0x8021b335, TXRate: 0
04-06 02:10:48.687 D/LOWI-9.0.0.87.a( 1416): [LOWI-Scan]
04-06 02:10:48.687 D/LOWI-9.0.0.87.a( 1416): [LOWI-Scan] print_bss_handler: Report beacon TSF 59039100 as it greater than probe TSF 59039100
04-06 02:10:48.687 D/LOWI-9.0.0.87.a( 1416): [LOWI-Scan] decode_rsn_wpa_ie: LOWI_ENCRYPTION_TYPE_WPA_PSK
04-06 02:10:48.687 D/LOWI-9.0.0.87.a( 1416): [LOWI-Scan] is_qcom_ie, bss_age: 0
04-06 02:10:48.687 D/LOWI-9.0.0.87.a( 1416): [LOWI-Scan] BSS 18:6f:2d:81:1e:64 LOWI_PHY_MODE_11NG_HT20(5), Beacon Interval: 100, LOWI_ENCRYPTION_TYPE_WPA_PSK 11mcRanging: No, ANQP: No, LCI: No, Civic: No, capability(0x0531): ESS Privacy ShortPreamble SpectrumMgmt ShortSlotTime
04-06 02:10:48.687 D/LOWI-9.0.0.87.a( 1416): [LOWI-Scan] BSS 18:6f:2d:81:1e:64 FREQ: 2412, cFreq1[40:80:160] = [2412:0:0] cFreq2 = 0 Country Code = CN
04-06 02:10:48.687 D/LOWI-9.0.0.87.a( 1416): [LOWI-Scan] BSS 18:6f:2d:81:1e:64 (wlan0) ASSO: NO AddInfo: 0x1, TSF 0, 00:00:59.039, RSSI: -174, CPL: 127, AGE: 1108, SSID Fanya, TSFDelta: 0x80272323, TXRate: 0
04-06 02:10:48.688 D/LOWI-9.0.0.87.a( 1416): [LOWI-Scan]
04-06 02:10:48.688 D/LOWI-9.0.0.87.a( 1416): [LOWI-Scan] print_bss_handler: Report beacon TSF 59054397 as it greater than probe TSF 59054397
04-06 02:10:48.688 D/LOWI-9.0.0.87.a( 1416): [LOWI-Scan] decode_rsn_wpa_ie: LOWI_ENCRYPTION_TYPE_WPA_PSK
04-06 02:10:48.688 D/LOWI-9.0.0.87.a( 1416): [LOWI-Scan] is_qcom_ie, bss_age: 0
04-06 02:10:48.688 D/LOWI-9.0.0.87.a( 1416): [LOWI-Scan] BSS 18:6f:2d:81:16:e3 LOWI_PHY_MODE_11NG_HT20(5), Beacon Interval: 100, LOWI_ENCRYPTION_TYPE_WPA_PSK 11mcRanging: No, ANQP: No, LCI: No, Civic: No, capability(0x0531): ESS Privacy ShortPreamble SpectrumMgmt ShortSlotTime
04-06 02:10:48.688 D/LOWI-9.0.0.87.a( 1416): [LOWI-Scan] BSS 18:6f:2d:81:16:e3 FREQ: 2412, cFreq1[40:80:160] = [2412:0:0] cFreq2 = 0 Country Code = CN
04-06 02:10:48.688 D/LOWI-9.0.0.87.a( 1416): [LOWI-Scan] BSS 18:6f:2d:81:16:e3 (wlan0) ASSO: NO AddInfo: 0x1, TSF 0, 00:00:59.054, RSSI: -188, CPL: 127, AGE: 1092, SSID ZXHY, TSFDelta: 0x81c5b86d, TXRate: 0
04-06 02:10:48.688 D/LOWI-9.0.0.87.a( 1416): [LOWI-Scan]
04-06 02:10:48.688 D/LOWI-9.0.0.87.a( 1416): [LOWI-Scan] print_bss_handler: Report beacon TSF 59055200 as it greater than probe TSF 59055200
04-06 02:10:48.688 D/LOWI-9.0.0.87.a( 1416): [LOWI-Scan] is_qcom_ie, bss_age: 0
04-06 02:10:48.688 D/LOWI-9.0.0.87.a( 1416): [LOWI-Scan] BSS 30:80:9b:cb:a2:74 LOWI_PHY_MODE_11AC_VHT80(10), Beacon Interval: 100, LOWI_ENCRYPTION_TYPE_OPEN 11mcRanging: No, ANQP: No, LCI: No, Civic: No, capability(0x0101): ESS SpectrumMgmt
04-06 02:10:48.688 D/LOWI-9.0.0.87.a( 1416): [LOWI-Scan] BSS 30:80:9b:cb:a2:74 FREQ: 5200, cFreq1[40:80:160] = [5190:5210:0] cFreq2 = 0 Country Code = US
04-06 02:10:48.688 D/LOWI-9.0.0.87.a( 1416): [LOWI-Scan] BSS 30:80:9b:cb:a2:74 (wlan0) ASSO: NO AddInfo: 0x1, TSF 0, 00:00:59.055, RSSI: -160, CPL: 127, AGE: 1092, SSID , TSFDelta: 0x828d0fb2, TXRate: 0
04-06 02:10:48.688 D/LOWI-9.0.0.87.a( 1416): [LOWI-Scan]
04-06 02:10:48.688 D/LOWI-9.0.0.87.a( 1416): [LOWI-Scan] print_bss_handler: Report beacon TSF 59213014 as it greater than probe TSF 59213014
04-06 02:10:48.688 D/LOWI-9.0.0.87.a( 1416): [LOWI-Scan] is_qcom_ie, bss_age: 0
04-06 02:10:48.688 D/LOWI-9.0.0.87.a( 1416): [LOWI-Scan] BSS 14:51:7e:52:1a:24 LOWI_PHY_MODE_11AC_VHT40(9), Beacon Interval: 100, LOWI_ENCRYPTION_TYPE_OPEN 11mcRanging: No, ANQP: Yes, LCI: No, Civic: No, capability(0x0121): ESS ShortPreamble SpectrumMgmt
04-06 02:10:48.688 D/LOWI-9.0.0.87.a( 1416): [LOWI-Scan] BSS 14:51:7e:52:1a:24 FREQ: 5745, cFreq1[40:80:160] = [5755:0:0] cFreq2 = 0 Country Code = CN
04-06 02:10:48.688 D/LOWI-9.0.0.87.a( 1416): [LOWI-Scan] BSS 14:51:7e:52:1a:24 (wlan0) ASSO: NO AddInfo: 0x1, TSF 0, 00:00:59.213, RSSI: -130, CPL: 127, AGE: 932, SSID , TSFDelta: 0x3e5a2da3, TXRate: 0
04-06 02:10:48.688 D/LOWI-9.0.0.87.a( 1416): [LOWI-Scan]
04-06 02:10:48.688 D/LOWI-9.0.0.87.a( 1416): [LOWI-Scan] print_bss_handler: Report beacon TSF 59349630 as it greater than probe TSF 59349630
04-06 02:10:48.688 D/LOWI-9.0.0.87.a( 1416): [LOWI-Scan] decode_rsn_wpa_ie: LOWI_ENCRYPTION_TYPE_WPA_PSK
04-06 02:10:48.688 D/LOWI-9.0.0.87.a( 1416): [LOWI-Scan] is_qcom_ie, bss_age: 0
04-06 02:10:48.688 D/LOWI-9.0.0.87.a( 1416): [LOWI-Scan] BSS 9a:97:cc:d0:04:88 LOWI_PHY_MODE_11AC_VHT80(10), Beacon Interval: 100, LOWI_ENCRYPTION_TYPE_WPA_PSK 11mcRanging: No, ANQP: No, LCI: No, Civic: No, capability(0x0011): ESS Privacy
04-06 02:10:48.689 D/LOWI-9.0.0.87.a( 1416): [LOWI-Scan] BSS 9a:97:cc:d0:04:88 FREQ: 5805, cFreq1[40:80:160] = [5795:5775:0] cFreq2 = 0 Country Code = CN
04-06 02:10:48.689 D/LOWI-9.0.0.87.a( 1416): [LOWI-Scan] BSS 9a:97:cc:d0:04:88 (wlan0) ASSO: NO AddInfo: 0x1, TSF 0, 00:00:59.349, RSSI: -136, CPL: 127, AGE: 796, SSID , TSFDelta: 0x44249d9b, TXRate: 0
04-06 02:10:48.689 D/LOWI-9.0.0.87.a( 1416): [LOWI-Scan]
04-06 02:10:48.689 D/LOWI-9.0.0.87.a( 1416): [LOWI-Scan] print_bss_handler: Report Probe TSF 59405065 as it greater than Beacon TSF 0
04-06 02:10:48.689 D/LOWI-9.0.0.87.a( 1416): [LOWI-Scan] decode_rsn_wpa_ie: LOWI_ENCRYPTION_TYPE_WPA_PSK
04-06 02:10:48.689 D/LOWI-9.0.0.87.a( 1416): [LOWI-Scan] is_qcom_ie, bss_age: 0
04-06 02:10:48.689 D/LOWI-9.0.0.87.a( 1416): [LOWI-Scan] BSS 18:6f:2d:80:62:f0 LOWI_PHY_MODE_11AC_VHT20(8), Beacon Interval: 100, LOWI_ENCRYPTION_TYPE_WPA_PSK 11mcRanging: No, ANQP: No, LCI: No, Civic: No, capability(0x0111): ESS Privacy SpectrumMgmt
04-06 02:10:48.689 D/LOWI-9.0.0.87.a( 1416): [LOWI-Scan] BSS 18:6f:2d:80:62:f0 FREQ: 5825, cFreq1[40:80:160] = [5825:0:0] cFreq2 = 0 Country Code = CN
04-06 02:10:48.689 D/LOWI-9.0.0.87.a( 1416): [LOWI-Scan] BSS 18:6f:2d:80:62:f0 (wlan0) ASSO: NO AddInfo: 0x0, TSF 0, 00:00:59.405, RSSI: -164, CPL: 127, AGE: 740, SSID Testing , TSFDelta: 0x33c4ca87, TXRate: 0
04-06 02:10:48.689 D/LOWI-9.0.0.87.a( 1416): [LOWI-Scan]
04-06 02:10:48.689 D/LOWI-9.0.0.87.a( 1416): [LOWI-Scan] print_bss_handler: Report Probe TSF 59405317 as it greater than Beacon TSF 0
04-06 02:10:48.689 D/LOWI-9.0.0.87.a( 1416): [LOWI-Scan] is_qcom_ie, bss_age: 0
04-06 02:10:48.689 D/LOWI-9.0.0.87.a( 1416): [LOWI-Scan] BSS 18:6f:2d:80:62:f1 LOWI_PHY_MODE_11AC_VHT20(8), Beacon Interval: 100, LOWI_ENCRYPTION_TYPE_OPEN 11mcRanging: No, ANQP: No, LCI: No, Civic: No, capability(0x0101): ESS SpectrumMgmt
04-06 02:10:48.689 D/LOWI-9.0.0.87.a( 1416): [LOWI-Scan] BSS 18:6f:2d:80:62:f1 FREQ: 5825, cFreq1[40:80:160] = [5825:0:0] cFreq2 = 0 Country Code = CN
04-06 02:10:48.689 D/LOWI-9.0.0.87.a( 1416): [LOWI-Scan] BSS 18:6f:2d:80:62:f1 (wlan0) ASSO: NO AddInfo: 0x0, TSF 0, 00:00:59.405, RSSI: -166, CPL: 127, AGE: 740, SSID Guest, TSFDelta: 0x33ca5837, TXRate: 0
04-06 02:10:48.689 D/LOWI-9.0.0.87.a( 1416): [LOWI-Scan]
04-06 02:10:48.689 D/LOWI-9.0.0.87.a( 1416): [LOWI-Scan] print_bss_handler: Report Probe TSF 59405643 as it greater than Beacon TSF 0
04-06 02:10:48.689 D/LOWI-9.0.0.87.a( 1416): [LOWI-Scan] decode_rsn_wpa_ie: LOWI_ENCRYPTION_TYPE_WPA_PSK
04-06 02:10:48.689 D/LOWI-9.0.0.87.a( 1416): [LOWI-Scan] is_qcom_ie, bss_age: 0
04-06 02:10:48.689 D/LOWI-9.0.0.87.a( 1416): [LOWI-Scan] BSS 18:6f:2d:80:62:f2 LOWI_PHY_MODE_11AC_VHT20(8), Beacon Interval: 100, LOWI_ENCRYPTION_TYPE_WPA_PSK 11mcRanging: No, ANQP: No, LCI: No, Civic: No, capability(0x0111): ESS Privacy SpectrumMgmt
04-06 02:10:48.689 D/LOWI-9.0.0.87.a( 1416): [LOWI-Scan] BSS 18:6f:2d:80:62:f2 FREQ: 5825, cFreq1[40:80:160] = [5825:0:0] cFreq2 = 0 Country Code = CN
04-06 02:10:48.689 D/LOWI-9.0.0.87.a( 1416): [LOWI-Scan] BSS 18:6f:2d:80:62:f2 (wlan0) ASSO: NO AddInfo: 0x0, TSF 0, 00:00:59.405, RSSI: -164, CPL: 127, AGE: 740, SSID ZXHY, TSFDelta: 0x33cfcb77, TXRate: 0
04-06 02:10:48.689 D/LOWI-9.0.0.87.a( 1416): [LOWI-Scan]
04-06 02:10:48.689 D/LOWI-9.0.0.87.a( 1416): [LOWI-Scan] print_bss_handler: Report Probe TSF 59406228 as it greater than Beacon TSF 0
04-06 02:10:48.690 D/LOWI-9.0.0.87.a( 1416): [LOWI-Scan] decode_rsn_wpa_ie: LOWI_ENCRYPTION_TYPE_WPA_PSK
04-06 02:10:48.690 D/LOWI-9.0.0.87.a( 1416): [LOWI-Scan] is_qcom_ie, bss_age: 0
04-06 02:10:48.690 D/LOWI-9.0.0.87.a( 1416): [LOWI-Scan] BSS 18:6f:2d:80:62:f3 LOWI_PHY_MODE_11AC_VHT20(8), Beacon Interval: 100, LOWI_ENCRYPTION_TYPE_WPA_PSK 11mcRanging: No, ANQP: No, LCI: No, Civic: No, capability(0x0111): ESS Privacy SpectrumMgmt
04-06 02:10:48.690 D/LOWI-9.0.0.87.a( 1416): [LOWI-Scan] BSS 18:6f:2d:80:62:f3 FREQ: 5825, cFreq1[40:80:160] = [5825:0:0] cFreq2 = 0 Country Code = CN
04-06 02:10:48.690 D/LOWI-9.0.0.87.a( 1416): [LOWI-Scan] BSS 18:6f:2d:80:62:f3 (wlan0) ASSO: NO AddInfo: 0x0, TSF 0, 00:00:59.406, RSSI: -164, CPL: 127, AGE: 740, SSID Fanya, TSFDelta: 0x33d5239b, TXRate: 0
04-06 02:10:48.690 D/LOWI-9.0.0.87.a( 1416): [LOWI-Scan]
04-06 02:10:48.690 D/LOWI-9.0.0.87.a( 1416): [LOWI-Scan] print_bss_handler: Report Probe TSF 59406927 as it greater than Beacon TSF 0
04-06 02:10:48.690 D/LOWI-9.0.0.87.a( 1416): [LOWI-Scan] decode_rsn_wpa_ie: LOWI_ENCRYPTION_TYPE_WPA_PSK
04-06 02:10:48.690 D/LOWI-9.0.0.87.a( 1416): [LOWI-Scan] is_qcom_ie, bss_age: 0
04-06 02:10:48.690 D/LOWI-9.0.0.87.a( 1416): [LOWI-Scan] BSS 18:6f:2d:80:62:f4 LOWI_PHY_MODE_11AC_VHT20(8), Beacon Interval: 100, LOWI_ENCRYPTION_TYPE_WPA_PSK 11mcRanging: No, ANQP: No, LCI: No, Civic: No, capability(0x0111): ESS Privacy SpectrumMgmt
04-06 02:10:48.690 D/LOWI-9.0.0.87.a( 1416): [LOWI-Scan] BSS 18:6f:2d:80:62:f4 FREQ: 5825, cFreq1[40:80:160] = [5825:0:0] cFreq2 = 0 Country Code = CN
04-06 02:10:48.690 D/LOWI-9.0.0.87.a( 1416): [LOWI-Scan] BSS 18:6f:2d:80:62:f4 (wlan0) ASSO: NO AddInfo: 0x0, TSF 0, 00:00:59.406, RSSI: -166, CPL: 127, AGE: 740, SSID ThunderSoft, TSFDelta: 0x33da4743, TXRate: 0
04-06 02:10:48.690 D/LOWI-9.0.0.87.a( 1416): [LOWI-Scan]
04-06 02:10:48.690 D/LOWI-9.0.0.87.a( 1416): [LOWI-Scan] print_bss_handler: Report Probe TSF 59407649 as it greater than Beacon TSF 0
04-06 02:10:48.690 D/LOWI-9.0.0.87.a( 1416): [LOWI-Scan] decode_rsn_wpa_ie: LOWI_ENCRYPTION_TYPE_WPA_PSK
04-06 02:10:48.690 D/LOWI-9.0.0.87.a( 1416): [LOWI-Scan] is_qcom_ie, bss_age: 0
04-06 02:10:48.690 D/LOWI-9.0.0.87.a( 1416): [LOWI-Scan] BSS 18:6f:2d:80:62:f5 LOWI_PHY_MODE_11AC_VHT20(8), Beacon Interval: 100, LOWI_ENCRYPTION_TYPE_WPA_PSK 11mcRanging: No, ANQP: No, LCI: No, Civic: No, capability(0x0111): ESS Privacy SpectrumMgmt
04-06 02:10:48.690 D/LOWI-9.0.0.87.a( 1416): [LOWI-Scan] BSS 18:6f:2d:80:62:f5 FREQ: 5825, cFreq1[40:80:160] = [5825:0:0] cFreq2 = 0 Country Code = CN
04-06 02:10:48.690 D/LOWI-9.0.0.87.a( 1416): [LOWI-Scan] BSS 18:6f:2d:80:62:f5 (wlan0) ASSO: NO AddInfo: 0x0, TSF 0, 00:00:59.407, RSSI: -162, CPL: 127, AGE: 740, SSID GM, TSFDelta: 0x33df9c9b, TXRate: 0
04-06 02:10:48.690 D/LOWI-9.0.0.87.a( 1416): [LOWI-Scan]
04-06 02:10:48.690 D/LOWI-9.0.0.87.a( 1416): [LOWI-Scan] print_bss_handler: Report beacon TSF 59825945 as it greater than probe TSF 59825945
04-06 02:10:48.690 D/LOWI-9.0.0.87.a( 1416): [LOWI-Scan] is_qcom_ie, bss_age: 0
04-06 02:10:48.690 D/LOWI-9.0.0.87.a( 1416): [LOWI-Scan] BSS 38:80:9b:cb:a2:73 LOWI_PHY_MODE_11NG_HT20(5), Beacon Interval: 100, LOWI_ENCRYPTION_TYPE_OPEN 11mcRanging: No, ANQP: No, LCI: No, Civic: No, capability(0x0401): ESS ShortSlotTime
04-06 02:10:48.690 D/LOWI-9.0.0.87.a( 1416): [LOWI-Scan] BSS 38:80:9b:cb:a2:73 FREQ: 2457, cFreq1[40:80:160] = [2457:0:0] cFreq2 = 0 Country Code =
04-06 02:10:48.690 D/LOWI-9.0.0.87.a( 1416): [LOWI-Scan] BSS 38:80:9b:cb:a2:73 (wlan0) ASSO: NO AddInfo: 0x1, TSF 0, 00:00:59.825, RSSI: -166, CPL: 127, AGE: 320, SSID Lenovo12, TSFDelta: 0x987208f8, TXRate: 0
04-06 02:10:48.691 D/LOWI-9.0.0.87.a( 1416): [LOWI-Scan]
04-06 02:10:48.691 D/LOWI-9.0.0.87.a( 1416): [LOWI-Scan] print_bss_handler: Report beacon TSF 59891393 as it greater than probe TSF 59891393
04-06 02:10:48.691 D/LOWI-9.0.0.87.a( 1416): [LOWI-Scan] decode_rsn_wpa_ie: LOWI_ENCRYPTION_TYPE_WPA_PSK
04-06 02:10:48.691 D/LOWI-9.0.0.87.a( 1416): [LOWI-Scan] is_qcom_ie, bss_age: 0
04-06 02:10:48.691 D/LOWI-9.0.0.87.a( 1416): [LOWI-Scan] BSS dc:fe:18:77:4e:9a LOWI_PHY_MODE_11NG_HT40(7), Beacon Interval: 100, LOWI_ENCRYPTION_TYPE_WPA_PSK 11mcRanging: No, ANQP: No, LCI: No, Civic: No, capability(0x0431): ESS Privacy ShortPreamble ShortSlotTime
04-06 02:10:48.691 D/LOWI-9.0.0.87.a( 1416): [LOWI-Scan] BSS dc:fe:18:77:4e:9a FREQ: 2462, cFreq1[40:80:160] = [2452:0:0] cFreq2 = 0 Country Code =
04-06 02:10:48.691 D/LOWI-9.0.0.87.a( 1416): [LOWI-Scan] BSS dc:fe:18:77:4e:9a (wlan0) ASSO: NO AddInfo: 0x1, TSF 0, 00:00:59.891, RSSI: -176, CPL: 127, AGE: 256, SSID TP-LINK_4E9A, TSFDelta: 0xe98bb29e, TXRate: 0
04-06 02:10:48.691 D/LOWI-9.0.0.87.a( 1416): [LOWI-Scan]
04-06 02:10:48.691 D/LOWI-9.0.0.87.a( 1416): [LOWI-Scan] print_bss_handler: Report beacon TSF 59934603 as it greater than probe TSF 59934603
04-06 02:10:48.691 D/LOWI-9.0.0.87.a( 1416): [LOWI-Scan] decode_rsn_wpa_ie: LOWI_ENCRYPTION_TYPE_WPA_PSK
04-06 02:10:48.691 D/LOWI-9.0.0.87.a( 1416): [LOWI-Scan] is_qcom_ie, bss_age: 0
04-06 02:10:48.691 D/LOWI-9.0.0.87.a( 1416): [LOWI-Scan] BSS 7c:d9:5c:9d:f7:e0 LOWI_PHY_MODE_11NG_HT20(5), Beacon Interval: 100, LOWI_ENCRYPTION_TYPE_WPA_PSK 11mcRanging: No, ANQP: No, LCI: No, Civic: No, capability(0x1431): ESS Privacy ShortPreamble ShortSlotTime
04-06 02:10:48.691 D/LOWI-9.0.0.87.a( 1416): [LOWI-Scan] BSS 7c:d9:5c:9d:f7:e0 FREQ: 2462, cFreq1[40:80:160] = [0:0:0] cFreq2 = 0 Country Code = US
04-06 02:10:48.691 D/LOWI-9.0.0.87.a( 1416): [LOWI-Scan] BSS 7c:d9:5c:9d:f7:e0 (wlan0) ASSO: NO AddInfo: 0x1, TSF 0, 00:00:59.934, RSSI: -176, CPL: 127, AGE: 212, SSID Google nest wifi, TSFDelta: 0x252b66fa, TXRate: 0
04-06 02:10:48.691 D/LOWI-9.0.0.87.a( 1416): [LOWIDiagLog] Log: lowiMeasResult->request: invalid null argument
04-06 02:10:48.691 I/LOWI-9.0.0.87.a( 1416): [LOWI-Scan] lowi_close_record:Scan done in 37192ms, 37 APs in scan results
04-06 02:10:48.691 D/LOWI-9.0.0.87.a( 1416): [LOWI-Scan] WipsScanUsingNL: passive scan cached 0, took 35193 ms, err 0
04-06 02:10:48.691 D/LOWI-9.0.0.87.a( 1416): [LOWI-Scan] lowi_proc_req_passive_scan_with_live_meas - No WLAN Frames to be parsed
04-06 02:10:48.691 D/LOWI-9.0.0.87.a( 1416): [LOWIScanResultReceiver] Send scan meas to listener
04-06 02:10:48.691 D/LOWI-9.0.0.87.a( 1416): [LOWIScanResultReceiver] Enter passive listening mode
04-06 02:10:48.691 D/LOWI-9.0.0.87.a( 1416): [LOWIWifiDriverInterface] getMeasurements - Passive listening mode
04-06 02:10:48.691 D/LOWI-9.0.0.87.a( 1416): [LOWIEventReceiver] handleEvent:FROM:NA, TO:NA, REQ:NA, IREQ:NA, REQ_ID:0, RESP:NA, INFO:NA
04-06 02:10:48.691 D/LOWI-9.0.0.87.a( 1416): [LOWIBackgroundScanMgr] isRspForBgScanMgr: evt(LOWI_NO_EVT) - not handled
04-06 02:10:48.691 D/LOWI-9.0.0.87.a( 1416): [LOWIScheduler] manageMsg: NULL results or NULL request in results
04-06 02:10:48.691 D/LOWI-9.0.0.87.a( 1416): [LOWIController] Measurements received
04-06 02:10:48.691 D/LOWI-9.0.0.87.a( 1416): [LOWICacheManager] putInCache:Num of Meas to add: 37
04-06 02:10:48.691 D/LOWI-9.0.0.87.a( 1416): [LOWI-Scan] WipsScanUsingNL:wait -1 sec for netlink message
04-06 02:10:48.692 D/LOWI-9.0.0.87.a( 1416): [LOWIController] processMeasurementResults: No current Request. Cache measurements
04-06 02:10:48.692 D/LOWI-9.0.0.87.a( 1416): [LOWIController] sendAsyncScanResponse: Request FreeWifiScanObserver_0 is from a different client.
04-06 02:10:48.693 D/LOWI-9.0.0.87.a( 1416): [LOWIController] generateResponse: Type (ASYNC_DISCOVERY_SCAN_RESULTS) ScanStatus (1) request FreeWifiScanObserver_0
04-06 02:10:48.693 D/LOWI-9.0.0.87.a( 1416): [LOWIEventDispatcher] sendResponse - originator = FreeWifiScanObserver
04-06 02:10:48.693 D/LOWI-9.0.0.87.a( 1416): [LOWIUtils] injectScanMeasurements - num of APs = 37
04-06 02:10:48.694 I/LOWI-9.0.0.87.a( 1416): [LOWIUtils] responseToOutPostcard - TO: FreeWifiScanObserver, FROM: LOWI-SERVER, RESP: LOWI_ASYNC_DISCOVERY_SCAN_RESULTS
04-06 02:10:48.695 D/LOWI-9.0.0.87.a( 1416): [LOWIControllerExtn] sendLOWILpDiscoveryScanResponse: Not a discovery scan response
04-06 02:10:48.738 W/WifiDebugService( 2786): Can not find target wifi network : hht_test_wifi_fc4318c9
04-06 02:10:48.894 I/mpu_uart( 651): [MSG-P:RECV]:No message received in 1000 ms
04-06 02:10:49.060 W/adbd ( 3149): timed out while waiting for FUNCTIONFS_BIND, trying again
04-06 02:10:49.060 I/adbd ( 3149): UsbFfs: connection terminated: monitor thread finished
04-06 02:10:49.061 I/adbd ( 3149): UsbFfs: already offline
04-06 02:10:49.061 I/adbd ( 3149): destroying transport UsbFfs
04-06 02:10:49.061 I/adbd ( 3149): UsbFfsConnection being destroyed
04-06 02:10:49.073 I/adbd ( 3149): opening control endpoint /dev/usb-ffs/adb/ep0
04-06 02:10:49.074 I/adbd ( 3149): UsbFfsConnection constructed
04-06 02:10:49.075 I/adbd ( 3149): UsbFfs-monitor thread spawned
01-01 08:02:07.910 I/ ( 0): read descriptors
01-01 08:02:07.910 I/ ( 0): read strings
04-06 02:10:49.637 W/hpplay-java( 3295): [main]:IPManager:getActiveNets invalid networkInfo:null
04-06 02:10:49.637 I/hpplay-java( 3295): [main]:IPManager:getActiveNets eth0:false wifi:false mobile:false ap:false
04-06 02:10:49.637 I/hpplay-java( 3295): [main]:ServerTaskManager:get local ip:null
04-06 02:10:49.894 I/mpu_uart( 651): [MSG-P:RECV]:No message received in 1000 ms
04-06 02:10:49.916 I/mpu_uart( 651): [MSG-P:R]:recv sync frame timeout
04-06 02:10:50.076 W/adbd ( 3149): timed out while waiting for FUNCTIONFS_BIND, trying again
04-06 02:10:50.076 I/adbd ( 3149): UsbFfs: connection terminated: monitor thread finished
04-06 02:10:50.076 I/adbd ( 3149): UsbFfs: already offline
04-06 02:10:50.077 I/adbd ( 3149): destroying transport UsbFfs
04-06 02:10:50.077 I/adbd ( 3149): UsbFfsConnection being destroyed
04-06 02:10:50.089 I/adbd ( 3149): opening control endpoint /dev/usb-ffs/adb/ep0
04-06 02:10:50.090 I/adbd ( 3149): UsbFfsConnection constructed
04-06 02:10:50.090 I/adbd ( 3149): UsbFfs-monitor thread spawned
01-01 08:02:08.926 I/ ( 0): read descriptors
01-01 08:02:08.926 I/ ( 0): read strings
04-06 02:10:50.639 W/hpplay-java( 3295): [main]:IPManager:getActiveNets invalid networkInfo:null
04-06 02:10:50.639 I/hpplay-java( 3295): [main]:IPManager:getActiveNets eth0:false wifi:false mobile:false ap:false
04-06 02:10:50.639 I/hpplay-java( 3295): [main]:ServerTaskManager:get local ip:null
01-01 08:02:09.542 E/DTC_ETH,link_delay_work_func( 0): 3003, SQI=0, link=0
04-06 02:10:50.894 I/mpu_uart( 651): [MSG-P:RECV]:No message received in 1000 ms
04-06 02:10:51.092 W/adbd ( 3149): timed out while waiting for FUNCTIONFS_BIND, trying again
04-06 02:10:51.092 I/adbd ( 3149): UsbFfs: connection terminated: monitor thread finished
04-06 02:10:51.092 I/adbd ( 3149): UsbFfs: already offline
04-06 02:10:51.092 I/adbd ( 3149): destroying transport UsbFfs
04-06 02:10:51.092 I/adbd ( 3149): UsbFfsConnection being destroyed
04-06 02:10:51.105 I/adbd ( 3149): opening control endpoint /dev/usb-ffs/adb/ep0
04-06 02:10:51.106 I/adbd ( 3149): UsbFfsConnection constructed
04-06 02:10:51.106 I/adbd ( 3149): UsbFfs-monitor thread spawned
01-01 08:02:09.942 I/ ( 0): read descriptors
01-01 08:02:09.942 I/ ( 0): read strings
04-06 02:10:51.108 E/tlogd ( 1366): [TzLogger](isPathReadable) file /sys/kernel/debug/tzdbg/qsee_log isn't exist or no permission, err: No such file or directory
04-06 02:10:51.108 E/tlogd ( 1366): [TzLogger](saveTzlogAsync) /sys/kernel/debug/tzdbg/qsee_log can not read.
04-06 02:10:51.108 E/tlogd ( 1366): [TzLogger](isPathReadable) file /sys/kernel/debug/tzdbg/log isn't exist or no permission, err: No such file or directory
04-06 02:10:51.108 E/tlogd ( 1366): [TzLogger](saveTzlogAsync) /sys/kernel/debug/tzdbg/log can not read.
04-06 02:10:51.557 D/RemoteControlService( 2780): startVlanDispatchThread
04-06 02:10:51.641 W/hpplay-java( 3295): [main]:IPManager:getActiveNets invalid networkInfo:null
04-06 02:10:51.642 I/hpplay-java( 3295): [main]:IPManager:getActiveNets eth0:false wifi:false mobile:false ap:false
04-06 02:10:51.642 I/hpplay-java( 3295): [main]:ServerTaskManager:get local ip:null
04-06 02:10:51.895 I/mpu_uart( 651): [MSG-P:RECV]:No message received in 1000 ms
04-06 02:10:52.108 W/adbd ( 3149): timed out while waiting for FUNCTIONFS_BIND, trying again
04-06 02:10:52.108 I/adbd ( 3149): UsbFfs: connection terminated: monitor thread finished
04-06 02:10:52.108 I/adbd ( 3149): UsbFfs: already offline
04-06 02:10:52.108 I/adbd ( 3149): destroying transport UsbFfs
04-06 02:10:52.108 I/adbd ( 3149): UsbFfsConnection being destroyed
04-06 02:10:52.121 I/adbd ( 3149): opening control endpoint /dev/usb-ffs/adb/ep0
04-06 02:10:52.122 I/adbd ( 3149): UsbFfsConnection constructed
04-06 02:10:52.122 I/adbd ( 3149): UsbFfs-monitor thread spawned
01-01 08:02:10.958 I/ ( 0): read descriptors
01-01 08:02:10.958 I/ ( 0): read strings
04-06 02:10:52.643 W/hpplay-java( 3295): [main]:IPManager:getActiveNets invalid networkInfo:null
04-06 02:10:52.644 I/hpplay-java( 3295): [main]:IPManager:getActiveNets eth0:false wifi:false mobile:false ap:false
04-06 02:10:52.644 I/hpplay-java( 3295): [main]:ServerTaskManager:get local ip:null
04-06 02:10:52.895 I/mpu_uart( 651): [MSG-P:RECV]:No message received in 1000 ms
04-06 02:10:52.920 I/mpu_uart( 651): [MSG-P:R]:recv sync frame timeout
04-06 02:10:53.124 W/adbd ( 3149): timed out while waiting for FUNCTIONFS_BIND, trying again
04-06 02:10:53.124 I/adbd ( 3149): UsbFfs: connection terminated: monitor thread finished
04-06 02:10:53.124 I/adbd ( 3149): UsbFfs: already offline
04-06 02:10:53.124 I/adbd ( 3149): destroying transport UsbFfs
04-06 02:10:53.124 I/adbd ( 3149): UsbFfsConnection being destroyed
04-06 02:10:53.137 I/adbd ( 3149): opening control endpoint /dev/usb-ffs/adb/ep0
04-06 02:10:53.138 I/adbd ( 3149): UsbFfsConnection constructed
04-06 02:10:53.139 I/adbd ( 3149): UsbFfs-monitor thread spawned
01-01 08:02:11.974 I/ ( 0): read descriptors
01-01 08:02:11.974 I/ ( 0): read strings
04-06 02:10:53.645 W/hpplay-java( 3295): [main]:IPManager:getActiveNets invalid networkInfo:null
04-06 02:10:53.645 I/hpplay-java( 3295): [main]:IPManager:getActiveNets eth0:false wifi:false mobile:false ap:false
04-06 02:10:53.646 I/hpplay-java( 3295): [main]:ServerTaskManager:get local ip:null
04-06 02:10:53.895 I/mpu_uart( 651): [MSG-P:RECV]:No message received in 1000 ms
04-06 02:10:54.140 W/adbd ( 3149): timed out while waiting for FUNCTIONFS_BIND, trying again
04-06 02:10:54.140 I/adbd ( 3149): UsbFfs: connection terminated: monitor thread finished
04-06 02:10:54.140 I/adbd ( 3149): UsbFfs: already offline
04-06 02:10:54.140 I/adbd ( 3149): destroying transport UsbFfs
04-06 02:10:54.140 I/adbd ( 3149): UsbFfsConnection being destroyed
04-06 02:10:54.153 I/adbd ( 3149): opening control endpoint /dev/usb-ffs/adb/ep0
04-06 02:10:54.154 I/adbd ( 3149): UsbFfsConnection constructed
04-06 02:10:54.154 I/adbd ( 3149): UsbFfs-monitor thread spawned
01-01 08:02:12.990 I/ ( 0): read descriptors
01-01 08:02:12.990 I/ ( 0): read strings
04-06 02:10:54.647 W/hpplay-java( 3295): [main]:IPManager:getActiveNets invalid networkInfo:null
04-06 02:10:54.647 I/hpplay-java( 3295): [main]:IPManager:getActiveNets eth0:false wifi:false mobile:false ap:false
04-06 02:10:54.647 I/hpplay-java( 3295): [main]:ServerTaskManager:get local ip:null
04-06 02:10:54.896 I/mpu_uart( 651): [MSG-P:RECV]:No message received in 1000 ms
04-06 02:10:55.156 W/adbd ( 3149): timed out while waiting for FUNCTIONFS_BIND, trying again
04-06 02:10:55.156 I/adbd ( 3149): UsbFfs: connection terminated: monitor thread finished
04-06 02:10:55.156 I/adbd ( 3149): UsbFfs: already offline
04-06 02:10:55.156 I/adbd ( 3149): destroying transport UsbFfs
04-06 02:10:55.156 I/adbd ( 3149): UsbFfsConnection being destroyed
04-06 02:10:55.168 I/adbd ( 3149): opening control endpoint /dev/usb-ffs/adb/ep0
04-06 02:10:55.170 I/adbd ( 3149): UsbFfsConnection constructed
04-06 02:10:55.170 I/adbd ( 3149): UsbFfs-monitor thread spawned
01-01 08:02:14.006 I/ ( 0): read descriptors
01-01 08:02:14.006 I/ ( 0): read strings
04-06 02:10:55.649 W/hpplay-java( 3295): [main]:IPManager:getActiveNets invalid networkInfo:null
04-06 02:10:55.649 I/hpplay-java( 3295): [main]:IPManager:getActiveNets eth0:false wifi:false mobile:false ap:false
04-06 02:10:55.649 I/hpplay-java( 3295): [main]:ServerTaskManager:get local ip:null
01-01 08:02:14.661 E/DTC_ETH,link_delay_work_func( 0): 3003, SQI=0, link=0
04-06 02:10:55.896 I/mpu_uart( 651): [MSG-P:RECV]:No message received in 1000 ms
04-06 02:10:55.923 I/mpu_uart( 651): [MSG-P:R]:recv sync frame timeout
04-06 02:10:56.108 E/tlogd ( 1366): [TzLogger](isPathReadable) file /sys/kernel/debug/tzdbg/qsee_log isn't exist or no permission, err: No such file or directory
04-06 02:10:56.108 E/tlogd ( 1366): [TzLogger](saveTzlogAsync) /sys/kernel/debug/tzdbg/qsee_log can not read.
04-06 02:10:56.109 E/tlogd ( 1366): [TzLogger](isPathReadable) file /sys/kernel/debug/tzdbg/log isn't exist or no permission, err: No such file or directory
04-06 02:10:56.109 E/tlogd ( 1366): [TzLogger](saveTzlogAsync) /sys/kernel/debug/tzdbg/log can not read.
04-06 02:10:56.171 W/adbd ( 3149): timed out while waiting for FUNCTIONFS_BIND, trying again
04-06 02:10:56.172 I/adbd ( 3149): UsbFfs: connection terminated: monitor thread finished
04-06 02:10:56.172 I/adbd ( 3149): UsbFfs: already offline
04-06 02:10:56.172 I/adbd ( 3149): destroying transport UsbFfs
04-06 02:10:56.172 I/adbd ( 3149): UsbFfsConnection being destroyed
04-06 02:10:56.185 I/adbd ( 3149): opening control endpoint /dev/usb-ffs/adb/ep0
04-06 02:10:56.186 I/adbd ( 3149): UsbFfsConnection constructed
04-06 02:10:56.186 I/adbd ( 3149): UsbFfs-monitor thread spawned
01-01 08:02:15.022 I/ ( 0): read descriptors
01-01 08:02:15.022 I/ ( 0): read strings
04-06 02:10:56.568 D/RemoteControlService( 2780): startVlanDispatchThread
04-06 02:10:56.651 W/hpplay-java( 3295): [main]:IPManager:getActiveNets invalid networkInfo:null
04-06 02:10:56.651 I/hpplay-java( 3295): [main]:IPManager:getActiveNets eth0:false wifi:false mobile:false ap:false
04-06 02:10:56.651 I/hpplay-java( 3295): [main]:ServerTaskManager:get local ip:null
04-06 02:10:56.896 I/mpu_uart( 651): [MSG-P:RECV]:No message received in 1000 ms
04-06 02:10:57.188 W/adbd ( 3149): timed out while waiting for FUNCTIONFS_BIND, trying again
04-06 02:10:57.188 I/adbd ( 3149): UsbFfs: connection terminated: monitor thread finished
04-06 02:10:57.188 I/adbd ( 3149): UsbFfs: already offline
04-06 02:10:57.188 I/adbd ( 3149): destroying transport UsbFfs
04-06 02:10:57.188 I/adbd ( 3149): UsbFfsConnection being destroyed
04-06 02:10:57.200 I/adbd ( 3149): opening control endpoint /dev/usb-ffs/adb/ep0
04-06 02:10:57.202 I/adbd ( 3149): UsbFfsConnection constructed
04-06 02:10:57.202 I/adbd ( 3149): UsbFfs-monitor thread spawned
01-01 08:02:16.038 I/ ( 0): read descriptors
01-01 08:02:16.038 I/ ( 0): read strings
04-06 02:10:57.653 W/hpplay-java( 3295): [main]:IPManager:getActiveNets invalid networkInfo:null
04-06 02:10:57.653 I/hpplay-java( 3295): [main]:IPManager:getActiveNets eth0:false wifi:false mobile:false ap:false
04-06 02:10:57.653 I/hpplay-java( 3295): [main]:ServerTaskManager:get local ip:null
04-06 02:10:57.897 I/mpu_uart( 651): [MSG-P:RECV]:No message received in 1000 ms
04-06 02:10:58.204 W/adbd ( 3149): timed out while waiting for FUNCTIONFS_BIND, trying again
04-06 02:10:58.204 I/adbd ( 3149): UsbFfs: connection terminated: monitor thread finished
04-06 02:10:58.204 I/adbd ( 3149): UsbFfs: already offline
04-06 02:10:58.204 I/adbd ( 3149): destroying transport UsbFfs
04-06 02:10:58.204 I/adbd ( 3149): UsbFfsConnection being destroyed
04-06 02:10:58.217 I/adbd ( 3149): opening control endpoint /dev/usb-ffs/adb/ep0
04-06 02:10:58.218 I/adbd ( 3149): UsbFfsConnection constructed
04-06 02:10:58.218 I/adbd ( 3149): UsbFfs-monitor thread spawned
01-01 08:02:17.054 I/ ( 0): read descriptors
01-01 08:02:17.054 I/ ( 0): read strings
04-06 02:10:58.655 W/hpplay-java( 3295): [main]:IPManager:getActiveNets invalid networkInfo:null
04-06 02:10:58.655 I/hpplay-java( 3295): [main]:IPManager:getActiveNets eth0:false wifi:false mobile:false ap:false
04-06 02:10:58.655 I/hpplay-java( 3295): [main]:ServerTaskManager:get local ip:null
04-06 02:10:58.897 I/mpu_uart( 651): [MSG-P:RECV]:No message received in 1000 ms
04-06 02:10:58.926 I/mpu_uart( 651): [MSG-P:R]:recv sync frame timeout
04-06 02:10:59.219 W/adbd ( 3149): timed out while waiting for FUNCTIONFS_BIND, trying again
04-06 02:10:59.219 I/adbd ( 3149): UsbFfs: connection terminated: monitor thread finished
04-06 02:10:59.219 I/adbd ( 3149): UsbFfs: already offline
04-06 02:10:59.219 I/adbd ( 3149): destroying transport UsbFfs
04-06 02:10:59.220 I/adbd ( 3149): UsbFfsConnection being destroyed
04-06 02:10:59.237 I/adbd ( 3149): opening control endpoint /dev/usb-ffs/adb/ep0
04-06 02:10:59.238 I/adbd ( 3149): UsbFfsConnection constructed
04-06 02:10:59.238 I/adbd ( 3149): UsbFfs-monitor thread spawned
01-01 08:02:18.074 I/ ( 0): read descriptors
01-01 08:02:18.074 I/ ( 0): read strings
04-06 02:10:59.657 W/hpplay-java( 3295): [main]:IPManager:getActiveNets invalid networkInfo:null
04-06 02:10:59.657 I/hpplay-java( 3295): [main]:IPManager:getActiveNets eth0:false wifi:false mobile:false ap:false
04-06 02:10:59.657 I/hpplay-java( 3295): [main]:ServerTaskManager:get local ip:null
04-06 02:10:59.897 I/mpu_uart( 651): [MSG-P:RECV]:No message received in 1000 ms
04-06 02:11:00.004 D/KeyguardUpdateMonitor( 2363): received broadcast android.intent.action.TIME_TICK
04-06 02:11:00.005 D/KeyguardUpdateMonitor( 2363): handleTimeUpdate
04-06 02:11:00.240 W/adbd ( 3149): timed out while waiting for FUNCTIONFS_BIND, trying again
04-06 02:11:00.240 I/adbd ( 3149): UsbFfs: connection terminated: monitor thread finished
04-06 02:11:00.241 I/adbd ( 3149): UsbFfs: already offline
04-06 02:11:00.241 I/adbd ( 3149): destroying transport UsbFfs
04-06 02:11:00.241 I/adbd ( 3149): UsbFfsConnection being destroyed
04-06 02:11:00.253 I/adbd ( 3149): opening control endpoint /dev/usb-ffs/adb/ep0
04-06 02:11:00.254 I/adbd ( 3149): UsbFfsConnection constructed
04-06 02:11:00.255 I/adbd ( 3149): UsbFfs-monitor thread spawned
01-01 08:02:19.090 I/ ( 0): read descriptors
01-01 08:02:19.090 I/ ( 0): read strings
04-06 02:11:00.659 W/hpplay-java( 3295): [main]:IPManager:getActiveNets invalid networkInfo:null
04-06 02:11:00.659 I/hpplay-java( 3295): [main]:IPManager:getActiveNets eth0:false wifi:false mobile:false ap:false
