01-01 08:03:36.330 I/ ( 0): read descriptors
01-01 08:03:36.330 I/ ( 0): read strings
04-06 02:12:17.595 I/hpplay-java( 3295): [main]:IMTask:getIMRoot
04-06 02:12:17.602 W/hpplay-java( 3295): [AsyncTask #34]:HttpRequest:
04-06 02:12:17.603 W/hpplay-java( 3295): [AsyncTask #34]:HttpRequest:
04-06 02:12:17.604 W/hpplay-java( 3295): [AsyncTask #34]:HttpRequest:
04-06 02:12:17.605 E/hpplay-java( 3295): [main]:IMTask:getIMRoot failed
01-01 08:03:36.582 E/DTC_ETH,link_delay_work_func( 0): 3003, SQI=0, link=0
04-06 02:12:17.822 W/hpplay-java( 3295): [main]:IPManager:getActiveNets invalid networkInfo:null
04-06 02:12:17.822 I/hpplay-java( 3295): [main]:IPManager:getActiveNets eth0:false wifi:false mobile:false ap:false
04-06 02:12:17.822 I/hpplay-java( 3295): [main]:ServerTaskManager:get local ip:null
04-06 02:12:17.927 I/mpu_uart( 651): [MSG-P:RECV]:No message received in 1000 ms
04-06 02:12:18.496 W/adbd ( 3149): timed out while waiting for FUNCTIONFS_BIND, trying again
04-06 02:12:18.496 I/adbd ( 3149): UsbFfs: connection terminated: monitor thread finished
04-06 02:12:18.497 I/adbd ( 3149): UsbFfs: already offline
04-06 02:12:18.497 I/adbd ( 3149): destroying transport UsbFfs
04-06 02:12:18.497 I/adbd ( 3149): UsbFfsConnection being destroyed
04-06 02:12:18.509 I/adbd ( 3149): opening control endpoint /dev/usb-ffs/adb/ep0
04-06 02:12:18.510 I/adbd ( 3149): UsbFfsConnection constructed
04-06 02:12:18.511 I/adbd ( 3149): UsbFfs-monitor thread spawned
01-01 08:03:37.346 I/ ( 0): read descriptors
01-01 08:03:37.346 I/ ( 0): read strings
04-06 02:12:18.824 W/hpplay-java( 3295): [main]:IPManager:getActiveNets invalid networkInfo:null
04-06 02:12:18.824 I/hpplay-java( 3295): [main]:IPManager:getActiveNets eth0:false wifi:false mobile:false ap:false
04-06 02:12:18.824 I/hpplay-java( 3295): [main]:ServerTaskManager:get local ip:null
04-06 02:12:18.927 I/mpu_uart( 651): [MSG-P:RECV]:No message received in 1000 ms
04-06 02:12:19.512 W/adbd ( 3149): timed out while waiting for FUNCTIONFS_BIND, trying again
04-06 02:12:19.512 I/adbd ( 3149): UsbFfs: connection terminated: monitor thread finished
04-06 02:12:19.512 I/adbd ( 3149): UsbFfs: already offline
04-06 02:12:19.512 I/adbd ( 3149): destroying transport UsbFfs
04-06 02:12:19.513 I/adbd ( 3149): UsbFfsConnection being destroyed
04-06 02:12:19.524 I/adbd ( 3149): opening control endpoint /dev/usb-ffs/adb/ep0
04-06 02:12:19.526 I/adbd ( 3149): UsbFfsConnection constructed
04-06 02:12:19.527 I/adbd ( 3149): UsbFfs-monitor thread spawned
01-01 08:03:38.362 I/ ( 0): read descriptors
01-01 08:03:38.362 I/ ( 0): read strings
04-06 02:12:19.826 W/hpplay-java( 3295): [main]:IPManager:getActiveNets invalid networkInfo:null
04-06 02:12:19.826 I/hpplay-java( 3295): [main]:IPManager:getActiveNets eth0:false wifi:false mobile:false ap:false
04-06 02:12:19.826 I/hpplay-java( 3295): [main]:ServerTaskManager:get local ip:null
04-06 02:12:19.927 I/mpu_uart( 651): [MSG-P:RECV]:No message received in 1000 ms
04-06 02:12:20.006 I/mpu_uart( 651): [MSG-P:R]:recv sync frame timeout
04-06 02:12:20.528 W/adbd ( 3149): timed out while waiting for FUNCTIONFS_BIND, trying again
04-06 02:12:20.528 I/adbd ( 3149): UsbFfs: connection terminated: monitor thread finished
04-06 02:12:20.528 I/adbd ( 3149): UsbFfs: already offline
04-06 02:12:20.528 I/adbd ( 3149): destroying transport UsbFfs
04-06 02:12:20.529 I/adbd ( 3149): UsbFfsConnection being destroyed
04-06 02:12:20.541 I/adbd ( 3149): opening control endpoint /dev/usb-ffs/adb/ep0
04-06 02:12:20.542 I/adbd ( 3149): UsbFfsConnection constructed
04-06 02:12:20.543 I/adbd ( 3149): UsbFfs-monitor thread spawned
01-01 08:03:39.378 I/ ( 0): read descriptors
01-01 08:03:39.379 I/ ( 0): read strings
04-06 02:12:20.828 W/hpplay-java( 3295): [main]:IPManager:getActiveNets invalid networkInfo:null
04-06 02:12:20.828 I/hpplay-java( 3295): [main]:IPManager:getActiveNets eth0:false wifi:false mobile:false ap:false
04-06 02:12:20.828 I/hpplay-java( 3295): [main]:ServerTaskManager:get local ip:null
04-06 02:12:20.928 I/mpu_uart( 651): [MSG-P:RECV]:No message received in 1000 ms
04-06 02:12:21.118 E/tlogd ( 1366): [TzLogger](isPathReadable) file /sys/kernel/debug/tzdbg/qsee_log isn't exist or no permission, err: No such file or directory
04-06 02:12:21.118 E/tlogd ( 1366): [TzLogger](saveTzlogAsync) /sys/kernel/debug/tzdbg/qsee_log can not read.
04-06 02:12:21.118 E/tlogd ( 1366): [TzLogger](isPathReadable) file /sys/kernel/debug/tzdbg/log isn't exist or no permission, err: No such file or directory
04-06 02:12:21.118 E/tlogd ( 1366): [TzLogger](saveTzlogAsync) /sys/kernel/debug/tzdbg/log can not read.
04-06 02:12:21.545 W/adbd ( 3149): timed out while waiting for FUNCTIONFS_BIND, trying again
04-06 02:12:21.545 I/adbd ( 3149): UsbFfs: connection terminated: monitor thread finished
04-06 02:12:21.545 I/adbd ( 3149): UsbFfs: already offline
04-06 02:12:21.545 I/adbd ( 3149): destroying transport UsbFfs
04-06 02:12:21.545 I/adbd ( 3149): UsbFfsConnection being destroyed
04-06 02:12:21.561 I/adbd ( 3149): opening control endpoint /dev/usb-ffs/adb/ep0
04-06 02:12:21.562 I/adbd ( 3149): UsbFfsConnection constructed
04-06 02:12:21.563 I/adbd ( 3149): UsbFfs-monitor thread spawned
01-01 08:03:40.398 I/ ( 0): read descriptors
01-01 08:03:40.398 I/ ( 0): read strings
04-06 02:12:21.741 D/RemoteControlService( 2780): startVlanDispatchThread
04-06 02:12:21.830 W/hpplay-java( 3295): [main]:IPManager:getActiveNets invalid networkInfo:null
04-06 02:12:21.830 I/hpplay-java( 3295): [main]:IPManager:getActiveNets eth0:false wifi:false mobile:false ap:false
04-06 02:12:21.830 I/hpplay-java( 3295): [main]:ServerTaskManager:get local ip:null
04-06 02:12:21.928 I/mpu_uart( 651): [MSG-P:RECV]:No message received in 1000 ms
04-06 02:12:22.564 W/adbd ( 3149): timed out while waiting for FUNCTIONFS_BIND, trying again
04-06 02:12:22.564 I/adbd ( 3149): UsbFfs: connection terminated: monitor thread finished
04-06 02:12:22.565 I/adbd ( 3149): UsbFfs: already offline
04-06 02:12:22.565 I/adbd ( 3149): destroying transport UsbFfs
04-06 02:12:22.565 I/adbd ( 3149): UsbFfsConnection being destroyed
04-06 02:12:22.576 I/adbd ( 3149): opening control endpoint /dev/usb-ffs/adb/ep0
04-06 02:12:22.578 I/adbd ( 3149): UsbFfsConnection constructed
04-06 02:12:22.579 I/adbd ( 3149): UsbFfs-monitor thread spawned
01-01 08:03:41.414 I/ ( 0): read descriptors
01-01 08:03:41.414 I/ ( 0): read strings
04-06 02:12:22.832 W/hpplay-java( 3295): [main]:IPManager:getActiveNets invalid networkInfo:null
04-06 02:12:22.832 I/hpplay-java( 3295): [main]:IPManager:getActiveNets eth0:false wifi:false mobile:false ap:false
04-06 02:12:22.832 I/hpplay-java( 3295): [main]:ServerTaskManager:get local ip:null
01-01 08:03:41.701 E/DTC_ETH,link_delay_work_func( 0): 3003, SQI=0, link=0
04-06 02:12:22.929 I/mpu_uart( 651): [MSG-P:RECV]:No message received in 1000 ms
04-06 02:12:23.010 I/mpu_uart( 651): [MSG-P:R]:recv sync frame timeout
04-06 02:12:23.580 W/adbd ( 3149): timed out while waiting for FUNCTIONFS_BIND, trying again
04-06 02:12:23.580 I/adbd ( 3149): UsbFfs: connection terminated: monitor thread finished
04-06 02:12:23.580 I/adbd ( 3149): UsbFfs: already offline
04-06 02:12:23.580 I/adbd ( 3149): destroying transport UsbFfs
04-06 02:12:23.580 I/adbd ( 3149): UsbFfsConnection being destroyed
04-06 02:12:23.593 I/adbd ( 3149): opening control endpoint /dev/usb-ffs/adb/ep0
04-06 02:12:23.594 I/adbd ( 3149): UsbFfsConnection constructed
04-06 02:12:23.594 I/adbd ( 3149): UsbFfs-monitor thread spawned
01-01 08:03:42.430 I/ ( 0): read descriptors
01-01 08:03:42.430 I/ ( 0): read strings
04-06 02:12:23.834 W/hpplay-java( 3295): [main]:IPManager:getActiveNets invalid networkInfo:null
04-06 02:12:23.834 I/hpplay-java( 3295): [main]:IPManager:getActiveNets eth0:false wifi:false mobile:false ap:false
04-06 02:12:23.834 I/hpplay-java( 3295): [main]:ServerTaskManager:get local ip:null
04-06 02:12:23.929 I/mpu_uart( 651): [MSG-P:RECV]:No message received in 1000 ms
04-06 02:12:24.596 W/adbd ( 3149): timed out while waiting for FUNCTIONFS_BIND, trying again
04-06 02:12:24.596 I/adbd ( 3149): UsbFfs: connection terminated: monitor thread finished
04-06 02:12:24.596 I/adbd ( 3149): UsbFfs: already offline
04-06 02:12:24.596 I/adbd ( 3149): destroying transport UsbFfs
04-06 02:12:24.597 I/adbd ( 3149): UsbFfsConnection being destroyed
04-06 02:12:24.612 I/adbd ( 3149): opening control endpoint /dev/usb-ffs/adb/ep0
04-06 02:12:24.614 I/adbd ( 3149): UsbFfsConnection constructed
04-06 02:12:24.614 I/adbd ( 3149): UsbFfs-monitor thread spawned
01-01 08:03:43.450 I/ ( 0): read descriptors
01-01 08:03:43.450 I/ ( 0): read strings
04-06 02:12:24.836 W/hpplay-java( 3295): [main]:IPManager:getActiveNets invalid networkInfo:null
04-06 02:12:24.836 I/hpplay-java( 3295): [main]:IPManager:getActiveNets eth0:false wifi:false mobile:false ap:false
04-06 02:12:24.836 I/hpplay-java( 3295): [main]:ServerTaskManager:get local ip:null
04-06 02:12:24.929 I/mpu_uart( 651): [MSG-P:RECV]:No message received in 1000 ms
04-06 02:12:25.616 W/adbd ( 3149): timed out while waiting for FUNCTIONFS_BIND, trying again
04-06 02:12:25.616 I/adbd ( 3149): UsbFfs: connection terminated: monitor thread finished
04-06 02:12:25.616 I/adbd ( 3149): UsbFfs: already offline
04-06 02:12:25.616 I/adbd ( 3149): destroying transport UsbFfs
04-06 02:12:25.616 I/adbd ( 3149): UsbFfsConnection being destroyed
04-06 02:12:25.629 I/adbd ( 3149): opening control endpoint /dev/usb-ffs/adb/ep0
04-06 02:12:25.630 I/adbd ( 3149): UsbFfsConnection constructed
04-06 02:12:25.630 I/adbd ( 3149): UsbFfs-monitor thread spawned
01-01 08:03:44.466 I/ ( 0): read descriptors
01-01 08:03:44.466 I/ ( 0): read strings
04-06 02:12:25.838 W/hpplay-java( 3295): [main]:IPManager:getActiveNets invalid networkInfo:null
04-06 02:12:25.838 I/hpplay-java( 3295): [main]:IPManager:getActiveNets eth0:false wifi:false mobile:false ap:false
04-06 02:12:25.838 I/hpplay-java( 3295): [main]:ServerTaskManager:get local ip:null
04-06 02:12:25.929 I/mpu_uart( 651): [MSG-P:RECV]:No message received in 1000 ms
04-06 02:12:26.013 I/mpu_uart( 651): [MSG-P:R]:recv sync frame timeout
04-06 02:12:26.119 E/tlogd ( 1366): [TzLogger](isPathReadable) file /sys/kernel/debug/tzdbg/qsee_log isn't exist or no permission, err: No such file or directory
04-06 02:12:26.119 E/tlogd ( 1366): [TzLogger](saveTzlogAsync) /sys/kernel/debug/tzdbg/qsee_log can not read.
04-06 02:12:26.119 E/tlogd ( 1366): [TzLogger](isPathReadable) file /sys/kernel/debug/tzdbg/log isn't exist or no permission, err: No such file or directory
04-06 02:12:26.119 E/tlogd ( 1366): [TzLogger](saveTzlogAsync) /sys/kernel/debug/tzdbg/log can not read.
04-06 02:12:26.632 W/adbd ( 3149): timed out while waiting for FUNCTIONFS_BIND, trying again
04-06 02:12:26.632 I/adbd ( 3149): UsbFfs: connection terminated: monitor thread finished
04-06 02:12:26.632 I/adbd ( 3149): UsbFfs: already offline
04-06 02:12:26.632 I/adbd ( 3149): destroying transport UsbFfs
04-06 02:12:26.632 I/adbd ( 3149): UsbFfsConnection being destroyed
04-06 02:12:26.649 I/adbd ( 3149): opening control endpoint /dev/usb-ffs/adb/ep0
04-06 02:12:26.650 I/adbd ( 3149): UsbFfsConnection constructed
04-06 02:12:26.651 I/adbd ( 3149): UsbFfs-monitor thread spawned
01-01 08:03:45.486 I/ ( 0): read descriptors
01-01 08:03:45.486 I/ ( 0): read strings
04-06 02:12:26.750 D/RemoteControlService( 2780): startVlanDispatchThread
04-06 02:12:26.840 W/hpplay-java( 3295): [main]:IPManager:getActiveNets invalid networkInfo:null
04-06 02:12:26.840 I/hpplay-java( 3295): [main]:IPManager:getActiveNets eth0:false wifi:false mobile:false ap:false
04-06 02:12:26.840 I/hpplay-java( 3295): [main]:ServerTaskManager:get local ip:null
04-06 02:12:26.929 I/mpu_uart( 651): [MSG-P:RECV]:No message received in 1000 ms
04-06 02:12:27.652 W/adbd ( 3149): timed out while waiting for FUNCTIONFS_BIND, trying again
04-06 02:12:27.652 I/adbd ( 3149): UsbFfs: connection terminated: monitor thread finished
04-06 02:12:27.652 I/adbd ( 3149): UsbFfs: already offline
04-06 02:12:27.652 I/adbd ( 3149): destroying transport UsbFfs
04-06 02:12:27.652 I/adbd ( 3149): UsbFfsConnection being destroyed
04-06 02:12:27.664 I/adbd ( 3149): opening control endpoint /dev/usb-ffs/adb/ep0
04-06 02:12:27.666 I/adbd ( 3149): UsbFfsConnection constructed
04-06 02:12:27.666 I/adbd ( 3149): UsbFfs-monitor thread spawned
01-01 08:03:46.502 I/ ( 0): read descriptors
01-01 08:03:46.502 I/ ( 0): read strings
04-06 02:12:27.842 W/hpplay-java( 3295): [main]:IPManager:getActiveNets invalid networkInfo:null
04-06 02:12:27.842 I/hpplay-java( 3295): [main]:IPManager:getActiveNets eth0:false wifi:false mobile:false ap:false
04-06 02:12:27.842 I/hpplay-java( 3295): [main]:ServerTaskManager:get local ip:null
04-06 02:12:27.930 I/mpu_uart( 651): [MSG-P:RECV]:No message received in 1000 ms
01-01 08:03:46.821 E/DTC_ETH,link_delay_work_func( 0): 3003, SQI=0, link=0
04-06 02:12:28.668 W/adbd ( 3149): timed out while waiting for FUNCTIONFS_BIND, trying again
04-06 02:12:28.668 I/adbd ( 3149): UsbFfs: connection terminated: monitor thread finished
04-06 02:12:28.668 I/adbd ( 3149): UsbFfs: already offline
04-06 02:12:28.668 I/adbd ( 3149): destroying transport UsbFfs
04-06 02:12:28.668 I/adbd ( 3149): UsbFfsConnection being destroyed
04-06 02:12:28.684 I/adbd ( 3149): opening control endpoint /dev/usb-ffs/adb/ep0
04-06 02:12:28.686 I/adbd ( 3149): UsbFfsConnection constructed
04-06 02:12:28.686 I/adbd ( 3149): UsbFfs-monitor thread spawned
01-01 08:03:47.522 I/ ( 0): read descriptors
01-01 08:03:47.522 I/ ( 0): read strings
04-06 02:12:28.844 W/hpplay-java( 3295): [main]:IPManager:getActiveNets invalid networkInfo:null
04-06 02:12:28.844 I/hpplay-java( 3295): [main]:IPManager:getActiveNets eth0:false wifi:false mobile:false ap:false
04-06 02:12:28.844 I/hpplay-java( 3295): [main]:ServerTaskManager:get local ip:null
04-06 02:12:28.930 I/mpu_uart( 651): [MSG-P:RECV]:No message received in 1000 ms
04-06 02:12:29.016 I/mpu_uart( 651): [MSG-P:R]:recv sync frame timeout
04-06 02:12:29.688 W/adbd ( 3149): timed out while waiting for FUNCTIONFS_BIND, trying again
04-06 02:12:29.688 I/adbd ( 3149): UsbFfs: connection terminated: monitor thread finished
04-06 02:12:29.688 I/adbd ( 3149): UsbFfs: already offline
04-06 02:12:29.688 I/adbd ( 3149): destroying transport UsbFfs
04-06 02:12:29.688 I/adbd ( 3149): UsbFfsConnection being destroyed
04-06 02:12:29.701 I/adbd ( 3149): opening control endpoint /dev/usb-ffs/adb/ep0
04-06 02:12:29.702 I/adbd ( 3149): UsbFfsConnection constructed
04-06 02:12:29.702 I/adbd ( 3149): UsbFfs-monitor thread spawned
01-01 08:03:48.538 I/ ( 0): read descriptors
01-01 08:03:48.538 I/ ( 0): read strings
04-06 02:12:29.846 W/hpplay-java( 3295): [main]:IPManager:getActiveNets invalid networkInfo:null
04-06 02:12:29.846 I/hpplay-java( 3295): [main]:IPManager:getActiveNets eth0:false wifi:false mobile:false ap:false
04-06 02:12:29.846 I/hpplay-java( 3295): [main]:ServerTaskManager:get local ip:null
04-06 02:12:29.930 I/mpu_uart( 651): [MSG-P:RECV]:No message received in 1000 ms
04-06 02:12:30.704 W/adbd ( 3149): timed out while waiting for FUNCTIONFS_BIND, trying again
04-06 02:12:30.704 I/adbd ( 3149): UsbFfs: connection terminated: monitor thread finished
04-06 02:12:30.704 I/adbd ( 3149): UsbFfs: already offline
04-06 02:12:30.704 I/adbd ( 3149): destroying transport UsbFfs
04-06 02:12:30.704 I/adbd ( 3149): UsbFfsConnection being destroyed
04-06 02:12:30.721 I/adbd ( 3149): opening control endpoint /dev/usb-ffs/adb/ep0
04-06 02:12:30.722 I/adbd ( 3149): UsbFfsConnection constructed
04-06 02:12:30.722 I/adbd ( 3149): UsbFfs-monitor thread spawned
01-01 08:03:49.558 I/ ( 0): read descriptors
01-01 08:03:49.558 I/ ( 0): read strings
04-06 02:12:30.848 W/hpplay-java( 3295): [main]:IPManager:getActiveNets invalid networkInfo:null
04-06 02:12:30.848 I/hpplay-java( 3295): [main]:IPManager:getActiveNets eth0:false wifi:false mobile:false ap:false
04-06 02:12:30.848 I/hpplay-java( 3295): [main]:ServerTaskManager:get local ip:null
04-06 02:12:30.931 I/mpu_uart( 651): [MSG-P:RECV]:No message received in 1000 ms
04-06 02:12:31.101 I/selfinstaller( 1199): create socket failed: Network is unreachable 101
04-06 02:12:31.119 E/tlogd ( 1366): [TzLogger](isPathReadable) file /sys/kernel/debug/tzdbg/qsee_log isn't exist or no permission, err: No such file or directory
04-06 02:12:31.119 E/tlogd ( 1366): [TzLogger](saveTzlogAsync) /sys/kernel/debug/tzdbg/qsee_log can not read.
04-06 02:12:31.119 E/tlogd ( 1366): [TzLogger](isPathReadable) file /sys/kernel/debug/tzdbg/log isn't exist or no permission, err: No such file or directory
04-06 02:12:31.119 E/tlogd ( 1366): [TzLogger](saveTzlogAsync) /sys/kernel/debug/tzdbg/log can not read.
04-06 02:12:31.724 W/adbd ( 3149): timed out while waiting for FUNCTIONFS_BIND, trying again
04-06 02:12:31.724 I/adbd ( 3149): UsbFfs: connection terminated: monitor thread finished
04-06 02:12:31.724 I/adbd ( 3149): UsbFfs: already offline
04-06 02:12:31.724 I/adbd ( 3149): destroying transport UsbFfs
04-06 02:12:31.724 I/adbd ( 3149): UsbFfsConnection being destroyed
04-06 02:12:31.737 I/adbd ( 3149): opening control endpoint /dev/usb-ffs/adb/ep0
04-06 02:12:31.738 I/adbd ( 3149): UsbFfsConnection constructed
04-06 02:12:31.738 I/adbd ( 3149): UsbFfs-monitor thread spawned
01-01 08:03:50.574 I/ ( 0): read descriptors
01-01 08:03:50.574 I/ ( 0): read strings
04-06 02:12:31.759 D/RemoteControlService( 2780): startVlanDispatchThread
04-06 02:12:31.850 W/hpplay-java( 3295): [main]:IPManager:getActiveNets invalid networkInfo:null
04-06 02:12:31.850 I/hpplay-java( 3295): [main]:IPManager:getActiveNets eth0:false wifi:false mobile:false ap:false
04-06 02:12:31.850 I/hpplay-java( 3295): [main]:ServerTaskManager:get local ip:null
04-06 02:12:31.931 I/mpu_uart( 651): [MSG-P:RECV]:No message received in 1000 ms
04-06 02:12:32.019 I/mpu_uart( 651): [MSG-P:R]:recv sync frame timeout
04-06 02:12:32.151 D/TcSetupStartActivity( 2648): dispatchTouchEvent: evMotionEvent { action=ACTION_DOWN, actionButton=0, id[0]=0, x[0]=1340.0, y[0]=619.0, toolType[0]=TOOL_TYPE_FINGER, buttonState=0, classification=NONE, metaState=0, flags=0x0, edgeFlags=0x0, pointerCount=1, historySize=0, eventTime=163619, downTime=163619, deviceId=4, source=0x5002, displayId=0, eventId=394588827 }
04-06 02:12:32.151 D/TcSetupStartActivity( 2648): do goNextGuideScreen
04-06 02:12:32.153 I/thunderperf( 1508): Maybe need boostperf for current app!
04-06 02:12:32.153 D/FgBoostPerfService( 2562): [FgBoostPerfService.perfBoostAcq]start: stat=true pkgName=com.thundercomm.tcsetupwizard
04-06 02:12:32.153 I/FgBoostPerfService( 2562): [FgBoostPerfService.perfBoostAcq] not game-mode or game app!
04-06 02:12:32.154 I/ThunderPerfManager( 1508): PerfAcq error : state=true pkgName=com.thundercomm.tcsetupwizard
04-06 02:12:32.154 I/FgBoostPerfService( 2562): [GetGpuMode] isMode=0 isGame=false mGpuMode=0
04-06 02:12:32.155 I/FgBoostPerfService( 2562): [GetGpuDpiType] isMode=0 isGame=false mGpuDpiType=0
04-06 02:12:32.155 I/FgBoostPerfService( 2562): [GetGpuDpiType] isMode=0 isGame=false mGpuStandardValue=0
04-06 02:12:32.155 I/thunderperf( 1508): Current app pkgName=com.thundercomm.tcsetupwizard bm:com.thundercomm.perf.BoostPerfManager@2c7489 gpuMode=-1 gpuType=-1 gpuStandardVal=-1
04-06 02:12:32.155 I/ThunderBoostPerfService( 1508): Resolution: Uid=1000 Pid=2648 gMode=-1 dType=-1 gpuStandardVal=-1
04-06 02:12:32.156 I/thunderperf( 1508): PlatormCompat.setOverrides: Uid1=1000 Pid1=2648 Uid2=1000 Pid2=2648
04-06 02:12:32.156 I/thunderperf( 1508): PlatormCompat.setOverrides: needCheck:false
04-06 02:12:32.156 I/thunderperf( 1508): CompatConfig.addOverrideUnsafe: bef-state=0
04-06 02:12:32.156 I/thunderperf( 1508): CompatConfig.addOverrideUnsafe: aft-state=0
04-06 02:12:32.157 I/thunderperf( 1508): CompatConfig.addOverrideUnsafe: bef-state=0
04-06 02:12:32.157 I/thunderperf( 1508): CompatConfig.addOverrideUnsafe: aft-state=0
04-06 02:12:32.157 I/thunderperf( 1508): CompatConfig.addOverrideUnsafe: bef-state=0
04-06 02:12:32.157 I/thunderperf( 1508): CompatConfig.addOverrideUnsafe: aft-state=0
04-06 02:12:32.158 I/thunderperf( 1508): CompatConfig.addOverrideUnsafe: bef-state=0
04-06 02:12:32.158 I/thunderperf( 1508): CompatConfig.addOverrideUnsafe: aft-state=0
04-06 02:12:32.159 I/thunderperf( 1508): CompatConfig.addOverrideUnsafe: bef-state=0
04-06 02:12:32.159 I/thunderperf( 1508): CompatConfig.addOverrideUnsafe: aft-state=0
04-06 02:12:32.159 I/thunderperf( 1508): CompatConfig.addOverrideUnsafe: bef-state=0
04-06 02:12:32.159 I/thunderperf( 1508): CompatConfig.addOverrideUnsafe: aft-state=0
04-06 02:12:32.160 I/thunderperf( 1508): CompatConfig.addOverrideUnsafe: bef-state=0
04-06 02:12:32.160 I/thunderperf( 1508): CompatConfig.addOverrideUnsafe: aft-state=0
04-06 02:12:32.160 I/thunderperf( 1508): CompatConfig.addOverrideUnsafe: bef-state=0
04-06 02:12:32.160 I/thunderperf( 1508): CompatConfig.addOverrideUnsafe: aft-state=0
04-06 02:12:32.161 I/thunderperf( 1508): CompatConfig.addOverrideUnsafe: bef-state=0
04-06 02:12:32.161 I/thunderperf( 1508): CompatConfig.addOverrideUnsafe: aft-state=0
04-06 02:12:32.161 I/thunderperf( 1508): CompatConfig.addOverrideUnsafe: bef-state=0
04-06 02:12:32.161 I/thunderperf( 1508): CompatConfig.addOverrideUnsafe: aft-state=0
04-06 02:12:32.161 I/thunderperf( 1508): CompatConfig.addOverrideUnsafe: bef-state=0
04-06 02:12:32.161 I/thunderperf( 1508): CompatConfig.addOverrideUnsafe: aft-state=0
04-06 02:12:32.162 I/thunderperf( 1508): CompatConfig.addOverrideUnsafe: bef-state=0
04-06 02:12:32.162 I/thunderperf( 1508): CompatConfig.addOverrideUnsafe: aft-state=0
04-06 02:12:32.162 I/thunderperf( 1508): CompatConfig.addOverrideUnsafe: bef-state=0
04-06 02:12:32.162 I/thunderperf( 1508): CompatConfig.addOverrideUnsafe: aft-state=0
04-06 02:12:32.163 I/thunderperf( 1508): CompatConfig.addOverrideUnsafe: bef-state=0
04-06 02:12:32.163 I/thunderperf( 1508): CompatConfig.addOverrideUnsafe: aft-state=0
04-06 02:12:32.165 I/ThunderBoostPerfService( 1508): Disable downscaling com.thundercomm.tcsetupwizard to 2380x1020
04-06 02:12:32.166 I/ActivityTaskManager( 1508): START u0 {cmp=com.thundercomm.tcsetupwizard/.TcSetupSecondActivity} from uid 1000
04-06 02:12:32.166 I/EventSequenceValidator( 1508): Transition from ACTIVITY_FINISHED to INTENT_STARTED
04-06 02:12:32.170 D/CompatibilityChangeReporter( 1508): Compat change id reported: 168419799; UID 1000; state: DISABLED
04-06 02:12:32.170 D/CompatibilityInfo( 1508): mCompatibilityFlags - 4
04-06 02:12:32.170 D/CompatibilityInfo( 1508): applicationDensity - 240
04-06 02:12:32.170 D/CompatibilityInfo( 1508): applicationScale - 1.0
04-06 02:12:32.170 D/ActivityTrigger( 1508): ActivityTrigger activityPauseTrigger
04-06 02:12:32.173 D/TcSetupStartActivity( 2648): dispatchTouchEvent: evMotionEvent { action=ACTION_MOVE, actionButton=0, id[0]=0, x[0]=1335.1936, y[0]=619.0, toolType[0]=TOOL_TYPE_FINGER, buttonState=0, classification=NONE, metaState=0, flags=0x0, edgeFlags=0x0, pointerCount=1, historySize=1, eventTime=163639, downTime=163619, deviceId=4, source=0x5002, displayId=0, eventId=1026068729 }
04-06 02:12:32.173 I/EventSequenceValidator( 1508): Transition from INTENT_STARTED to INTENT_FAILED
04-06 02:12:32.173 I/ActivityTaskManager( 1508): FOREGROUND_APPLICATION_CHANGED to com.thundercomm.tcsetupwizard.TcSetupSecondActivity
04-06 02:12:32.173 I/ActivityTaskManager( 1508): The Process com.thundercomm.tcsetupwizard Already Exists in BG. So sending its PID: 2648
04-06 02:12:32.174 W/ActivityTaskManager( 1508): Tried to set launchTime (0) < mLastActivityLaunchTime (24391)
04-06 02:12:32.175 D/CompatibilityInfo( 1508): mCompatibilityFlags - 4
04-06 02:12:32.175 D/CompatibilityInfo( 1508): applicationDensity - 240
04-06 02:12:32.175 D/CompatibilityInfo( 1508): applicationScale - 1.0
04-06 02:12:32.180 D/CompatibilityChangeReporter( 2648): Compat change id reported: 171228096; UID 1000; state: ENABLED
04-06 02:12:32.185 W/MediaProvider( 3483): Failed to fetch original file descriptor
04-06 02:12:32.185 W/MediaProvider( 3483): java.io.FileNotFoundException: Input file descriptor is already original
04-06 02:12:32.185 W/MediaProvider( 3483): at com.android.providers.media.MediaProvider.getOriginalMediaFormatFileDescriptor(MediaProvider.java:5718)
04-06 02:12:32.185 W/MediaProvider( 3483): at com.android.providers.media.MediaProvider.openTypedAssetFileCommon(MediaProvider.java:7134)
04-06 02:12:32.185 W/MediaProvider( 3483): at com.android.providers.media.MediaProvider.openTypedAssetFile(MediaProvider.java:7115)
04-06 02:12:32.185 W/MediaProvider( 3483): at android.content.ContentProvider$Transport.openTypedAssetFile(ContentProvider.java:548)
04-06 02:12:32.185 W/MediaProvider( 3483): at android.content.ContentProviderNative.onTransact(ContentProviderNative.java:327)
04-06 02:12:32.185 W/MediaProvider( 3483): at android.os.Binder.execTransactInternal(Binder.java:1179)
04-06 02:12:32.185 W/MediaProvider( 3483): at android.os.Binder.execTransact(Binder.java:1143)
04-06 02:12:32.186 I/ExtendedUtils( 1193): printFileName fd(9) -> /system_ext/app/TCSetupWizard/TCSetupWizard.apk
04-06 02:12:32.189 I/MMParserExtractor( 1190): Created(0xb40000719fa561d0)
04-06 02:12:32.191 E/MM_OSAL ( 1190): resetPlayback no need to reset
04-06 02:12:32.191 D/MediaCodecList( 1193): codecHandlesFormat: no format, so no extra checks
04-06 02:12:32.191 D/MediaCodecList( 1193): codecHandlesFormat: no format, so no extra checks
04-06 02:12:32.191 D/MediaCodecList( 1193): codecHandlesFormat: no format, so no extra checks
04-06 02:12:32.191 D/MediaCodecList( 1193): codecHandlesFormat: no format, so no extra checks
04-06 02:12:32.191 D/FrameDecoder( 1193): FrameDecoder created
04-06 02:12:32.191 D/renderfright( 1193): RenderEngine with GLES Backend
04-06 02:12:32.192 D/libEGL ( 1193): loaded /vendor/lib/egl/libEGL_adreno.so
04-06 02:12:32.196 D/libEGL ( 1193): loaded /vendor/lib/egl/libGLESv1_CM_adreno.so
04-06 02:12:32.201 D/libEGL ( 1193): loaded /vendor/lib/egl/libGLESv2_adreno.so
04-06 02:12:32.202 I/BpBinder( 1003): onLastStrongRef automatically unlinking death recipients:
04-06 02:12:32.229 I/AdrenoGLES-0( 1193): QUALCOMM build : 47421dbee6, I139f36ad46
04-06 02:12:32.229 I/AdrenoGLES-0( 1193): Build Date : 02/18/22
04-06 02:12:32.229 I/AdrenoGLES-0( 1193): OpenGL ES Shader Compiler Version: EV031.32.02.17
04-06 02:12:32.229 I/AdrenoGLES-0( 1193): Local Branch :
04-06 02:12:32.229 I/AdrenoGLES-0( 1193): Remote Branch :
04-06 02:12:32.229 I/AdrenoGLES-0( 1193): Remote Branch :
04-06 02:12:32.229 I/AdrenoGLES-0( 1193): Reconstruct Branch :
04-06 02:12:32.229 I/AdrenoGLES-0( 1193): Build Config : S P 10.0.7 AArch32
04-06 02:12:32.229 I/AdrenoGLES-0( 1193): Driver Path : /vendor/lib/egl/libGLESv2_adreno.so
04-06 02:12:32.230 I/hwservicemanager( 507): getTransport: Cannot find entry android.hardware.graphics.mapper@4.0::IMapper/default in either framework or device VINTF manifest.
04-06 02:12:32.232 I/AdrenoGLES-0( 1193): PFP: 0x016dd093, ME: 0x00000000
04-06 02:12:32.235 E/SELinux ( 507): avc: denied { find } for interface=vendor.qti.qspmhal::IQspmhal sid=u:r:mediaserver:s0 pid=1193 scontext=u:r:mediaserver:s0 tcontext=u:object_r:vendor_hal_qspmhal_hwservice:s0 tclass=hwservice_manager permissive=0
04-06 02:12:32.235 E/Adreno-AppProfiles( 1193): Could not find QSPM HAL service
04-06 02:12:32.238 E/RenderEngine( 1193): Couldn't set SCHED_FIFO for ImageManager
04-06 02:12:32.238 I/hwservicemanager( 507): getTransport: Cannot find entry android.hardware.graphics.allocator@4.0::IAllocator/default in either framework or device VINTF manifest.
04-06 02:12:32.239 W/Gralloc4( 1193): allocator 4.x is not supported
04-06 02:12:32.240 I/RenderEngine( 1193): OpenGL ES informations:
04-06 02:12:32.240 I/RenderEngine( 1193): vendor : Qualcomm
04-06 02:12:32.240 I/RenderEngine( 1193): renderer : Adreno (TM) 650
04-06 02:12:32.240 I/RenderEngine( 1193): version : OpenGL ES 3.2 V@0502.0 (GIT@47421dbee6, I139f36ad46, 1645189640) (Date:02/18/22)
04-06 02:12:32.240 I/RenderEngine( 1193): extensions: GL_OES_EGL_image GL_OES_EGL_image_external GL_OES_EGL_sync GL_OES_vertex_half_float GL_OES_framebuffer_object GL_OES_rgb8_rgba8 GL_OES_compressed_ETC1_RGB8_texture GL_AMD_compressed_ATC_texture GL_KHR_texture_compression_astc_ldr GL_KHR_texture_compression_astc_hdr GL_OES_texture_compression_astc GL_OES_texture_npot GL_EXT_texture_filter_anisotropic GL_EXT_texture_format_BGRA8888 GL_EXT_read_format_bgra GL_OES_texture_3D GL_EXT_color_buffer_float GL_EXT_color_buffer_half_float GL_QCOM_alpha_test GL_OES_depth24 GL_OES_packed_depth_stencil GL_OES_depth_texture GL_OES_depth_texture_cube_map GL_EXT_sRGB GL_OES_texture_float GL_OES_texture_float_linear GL_OES_texture_half_float GL_OES_texture_half_float_linear GL_EXT_texture_type_2_10_10_10_REV GL_EXT_texture_sRGB_decode GL_EXT_texture_format_sRGB_override GL_OES_element_index_uint GL_EXT_copy_image GL_EXT_geometry_shader GL_EXT_tessellation_shader GL_OES_texture_stencil8 GL_EXT_shader_io_blocks GL_OES_shader_image_atomic GL_OES_sample_variables GL_EX
04-06 02:12:32.240 I/RenderEngine( 1193): GL_MAX_TEXTURE_SIZE = 16384
04-06 02:12:32.240 I/RenderEngine( 1193): GL_MAX_VIEWPORT_DIMS = 16384
04-06 02:12:32.240 I/FrameDecoder( 1193): using surface mode
04-06 02:12:32.241 I/OMXClient( 1193): IOmx service obtained
04-06 02:12:32.241 I/OMXMaster( 1209): makeComponentInstance(OMX.qcom.video.decoder.avc) in android.hardwar process
04-06 02:12:32.242 E/android.hardware.media.omx@1.0-service( 1209): Service not available yet
04-06 02:12:32.243 D/PlatformConfig( 1209): getInstance: Enter
04-06 02:12:32.243 D/PlatformConfig( 1209): getConfigStoreBool: vpp/enable=false, returning false
04-06 02:12:32.243 D/PlatformConfig( 1209): getInstance: Enter
04-06 02:12:32.243 D/PlatformConfig( 1209): getInt32 Config name: vidc_dec_log_in value: 0
04-06 02:12:32.243 D/PlatformConfig( 1209): getInstance: Enter
04-06 02:12:32.243 D/PlatformConfig( 1209): getInt32 Config name: vidc_dec_log_out value: 0
04-06 02:12:32.243 D/PlatformConfig( 1209): getInstance: Enter
04-06 02:12:32.243 D/PlatformConfig( 1209): getInt32 Config name: vidc_dec_sec_prefetch_size_internal value: 209715200
04-06 02:12:32.243 D/PlatformConfig( 1209): getInstance: Enter
04-06 02:12:32.243 D/PlatformConfig( 1209): getInt32 Config name: vidc_dec_sec_prefetch_size_output value: 13434880
04-06 02:12:32.243 D/PlatformConfig( 1209): getInstance: Enter
04-06 02:12:32.243 D/PlatformConfig( 1209): getInt32 Config name: vidc_perf_control_enable value: 0
04-06 02:12:32.243 D/PlatformConfig( 1209): getInstance: Enter
04-06 02:12:32.243 D/PlatformConfig( 1209): getInt32 Config name: vidc_dec_thumbnail_yuv_output value: 0
04-06 02:12:32.243 D/PlatformConfig( 1209): getInstance: Enter
04-06 02:12:32.243 D/PlatformConfig( 1209): getInt32: Returning default
04-06 02:12:32.243 D/PlatformConfig( 1209): getInstance: Enter
04-06 02:12:32.243 D/PlatformConfig( 1209): getInt32 Config name: vidc_dec_output_rate value: 120
04-06 02:12:32.244 I/OMX-VDEC-1080P( 1209): component_init: OMX.qcom.video.decoder.avc : fd=77
04-06 02:12:32.244 E/OMX-VDEC-1080P( 1209): Unsupported output color format for c2d (2141391876)
04-06 02:12:32.244 E/OMX-VDEC-1080P( 1209): Setting color format failed
01-01 08:03:51.081 I/msm_vidc( 0): high: 00000002: ....d: Opening video instance: 0000000000000000, 1
01-01 08:03:51.081 I/msm_vidc( 0): err : 00000002: ....d: Failed to create debugfs for msm_vidc
04-06 02:12:32.246 D/PlatformConfig( 1209): getInstance: Enter
04-06 02:12:32.246 D/PlatformConfig( 1209): getInt32: Returning default
04-06 02:12:32.246 D/PlatformConfig( 1209): getInstance: Enter
04-06 02:12:32.246 D/PlatformConfig( 1209): getInt32: Returning default
04-06 02:12:32.246 I/OMX-VDEC-1080P( 1209): omx_vdec::component_init() success : fd=77
04-06 02:12:32.246 D/SurfaceUtils( 1193): connecting to surface 0xe4384ba8, reason connectToSurface
04-06 02:12:32.246 I/MediaCodec( 1193): [OMX.qcom.video.decoder.avc] setting surface generation to 1221637
04-06 02:12:32.246 D/SurfaceUtils( 1193): disconnecting from surface 0xe4384ba8, reason connectToSurface(reconnect)
04-06 02:12:32.246 D/SurfaceUtils( 1193): connecting to surface 0xe4384ba8, reason connectToSurface(reconnect)
04-06 02:12:32.247 E/OMX-VDEC-1080P( 1209): Extension: OMX.google.android.index.storeANWBufferInMetadata not implemented
04-06 02:12:32.247 E/OMX-VDEC-1080P( 1209): Extension: OMX.google.android.index.configureVideoTunnelMode not implemented
04-06 02:12:32.247 E/OMX-VDEC-1080P( 1209): Extension: OMX.google.android.index.useAndroidNativeBuffer is supported
04-06 02:12:32.247 E/OMX-VDEC-1080P( 1209): get_parameter: unknown param 7f000046
04-06 02:12:32.247 E/OMXNodeInstance( 1209): getParameter(0xe83e0034:qcom.decoder.avc, ??(0x7f000046)) ERROR: UnsupportedIndex(0x8000101a)
04-06 02:12:32.247 E/OMX-VDEC-1080P( 1209): set_parameter: Error: 0x80001019, setting param 0x7f00005d
04-06 02:12:32.247 E/OMXNodeInstance( 1209): setParameter(0xe83e0034:qcom.decoder.avc, OMX.google.android.index.allocateNativeHandle(0x7f00005d): Output:1 en=0) ERROR: UnsupportedSetting(0x80001019)
04-06 02:12:32.247 E/OMX-VDEC-1080P( 1209): Extension: OMX.google.android.index.storeANWBufferInMetadata not implemented
04-06 02:12:32.247 E/OMX-VDEC-1080P( 1209): get_parameter: unknown param 6f600011
04-06 02:12:32.247 E/OMXNodeInstance( 1209): getParameter(0xe83e0034:qcom.decoder.avc, ??(0x6f600011)) ERROR: UnsupportedIndex(0x8000101a)
04-06 02:12:32.247 I/ExtendedACodec( 1193): setupVideoDecoder()
04-06 02:12:32.247 E/OMXNodeInstance( 1209): getParameter(0xe83e0034:qcom.decoder.avc, ??(0x7f000044)) ERROR: UnsupportedSetting(0x80001019)
04-06 02:12:32.248 E/OMXNodeInstance( 1209): getParameter(0xe83e0034:qcom.decoder.avc, ??(0x7f000044)) ERROR: UnsupportedSetting(0x80001019)
04-06 02:12:32.248 W/ACodec ( 1193): [OMX.qcom.video.decoder.avc] does not support color format 2130708361
04-06 02:12:32.249 I/ExtendedACodec( 1193): Decoder will be in frame by frame mode
04-06 02:12:32.249 E/OMX-VDEC-1080P( 1209): Setparameter: unknown param 2130706434
04-06 02:12:32.249 E/OMX-VDEC-1080P( 1209): set_parameter: Error: 0x8000101a, setting param 0x7f000002
04-06 02:12:32.249 E/OMXNodeInstance( 1209): setParameter(0xe83e0034:qcom.decoder.avc, ??(0x7f000002)) ERROR: UnsupportedIndex(0x8000101a)
04-06 02:12:32.249 W/ExtendedACodec( 1193): Failed to set frame packing format on component
04-06 02:12:32.249 E/OMXNodeInstance( 1209): getConfig(0xe83e0034:qcom.decoder.avc, ??(0x7f000062)) ERROR: UnsupportedSetting(0x80001019)
04-06 02:12:32.253 E/OMX-VDEC-1080P( 1209): Extension: OMX.google.android.index.AndroidNativeBufferConsumerUsage not implemented
04-06 02:12:32.253 D/SurfaceUtils( 1193): set up nativeWindow 0xe4384ba8 for 1920x1080, color 0x7fa30c06, rotation 0, usage 0x20402900
04-06 02:12:32.254 W/ResourceManagerService( 1193): Ignoring request to add new resource entry with value <= 0
04-06 02:12:32.254 D/MediaBufferGroup( 1190): creating MemoryDealer
04-06 02:12:32.257 E/OMXNodeInstance( 1209): getConfig(0xe83e0034:qcom.decoder.avc, ??(0x7f000062)) ERROR: UnsupportedSetting(0x80001019)
04-06 02:12:32.259 E/OMX-VDEC-1080P( 1209): Extension: OMX.google.android.index.AndroidNativeBufferConsumerUsage not implemented
04-06 02:12:32.259 D/SurfaceUtils( 1193): set up nativeWindow 0xe4384ba8 for 1920x1088, color 0x7fa30c06, rotation 0, usage 0x20402900
04-06 02:12:32.267 E/OMXNodeInstance( 1209): getConfig(0xe83e0034:qcom.decoder.avc, ??(0x7f000062)) ERROR: UnsupportedSetting(0x80001019)
04-06 02:12:32.268 E/OMX-VDEC-1080P( 1209): Extension: OMX.QTI.index.config.video.getdsmode not implemented
04-06 02:12:32.288 I/OMX-VDEC-1080P( 1209): omx_vdec::component_deinit() complete
04-06 02:12:32.289 I/OMX-VDEC-1080P( 1209): Exit OMX vdec Destructor: fd=77
04-06 02:12:32.290 D/SurfaceUtils( 1193): disconnecting from surface 0xe4384ba8, reason disconnectFromSurface
01-01 08:03:51.126 I/msm_vidc( 0): high: 00000002: h264d: Closed video instance: 0000000000000000
04-06 02:12:32.290 D/FrameDecoder( 1193): FrameDecoder destroyed
04-06 02:12:32.294 W/MediaProvider( 3483): Failed to fetch original file descriptor
04-06 02:12:32.294 W/MediaProvider( 3483): java.io.FileNotFoundException: Input file descriptor is already original
04-06 02:12:32.294 W/MediaProvider( 3483): at com.android.providers.media.MediaProvider.getOriginalMediaFormatFileDescriptor(MediaProvider.java:5718)
04-06 02:12:32.294 W/MediaProvider( 3483): at com.android.providers.media.MediaProvider.openTypedAssetFileCommon(MediaProvider.java:7134)
04-06 02:12:32.294 W/MediaProvider( 3483): at com.android.providers.media.MediaProvider.openTypedAssetFile(MediaProvider.java:7115)
04-06 02:12:32.294 W/MediaProvider( 3483): at android.content.ContentProvider$Transport.openTypedAssetFile(ContentProvider.java:548)
04-06 02:12:32.294 W/MediaProvider( 3483): at android.content.ContentProviderNative.onTransact(ContentProviderNative.java:327)
04-06 02:12:32.294 W/MediaProvider( 3483): at android.os.Binder.execTransactInternal(Binder.java:1179)
04-06 02:12:32.294 W/MediaProvider( 3483): at android.os.Binder.execTransact(Binder.java:1143)
04-06 02:12:32.295 I/ExtendedUtils( 1193): printFileName fd(60) -> /system_ext/app/TCSetupWizard/TCSetupWizard.apk
04-06 02:12:32.298 I/MMParserExtractor( 1190): Created(0xb40000719fa56c50)
04-06 02:12:32.298 E/MM_OSAL ( 1190): resetPlayback no need to reset
04-06 02:12:32.299 D/MediaCodecList( 1193): codecHandlesFormat: no format, so no extra checks
04-06 02:12:32.299 D/MediaCodecList( 1193): codecHandlesFormat: no format, so no extra checks
04-06 02:12:32.299 D/MediaCodecList( 1193): codecHandlesFormat: no format, so no extra checks
04-06 02:12:32.299 D/MediaCodecList( 1193): codecHandlesFormat: no format, so no extra checks
04-06 02:12:32.299 D/FrameDecoder( 1193): FrameDecoder created
04-06 02:12:32.299 I/FrameDecoder( 1193): using surface mode
04-06 02:12:32.300 I/OMXClient( 1193): IOmx service obtained
04-06 02:12:32.300 I/OMXMaster( 1209): makeComponentInstance(OMX.qcom.video.decoder.avc) in android.hardwar process
04-06 02:12:32.301 E/android.hardware.media.omx@1.0-service( 1209): Service not available yet
04-06 02:12:32.302 D/PlatformConfig( 1209): getInstance: Enter
04-06 02:12:32.302 D/PlatformConfig( 1209): getConfigStoreBool: vpp/enable=false, returning false
04-06 02:12:32.302 D/PlatformConfig( 1209): getInstance: Enter
04-06 02:12:32.302 D/PlatformConfig( 1209): getInt32 Config name: vidc_dec_log_in value: 0
04-06 02:12:32.302 D/PlatformConfig( 1209): getInstance: Enter
04-06 02:12:32.302 D/PlatformConfig( 1209): getInt32 Config name: vidc_dec_log_out value: 0
04-06 02:12:32.302 D/PlatformConfig( 1209): getInstance: Enter
04-06 02:12:32.302 D/PlatformConfig( 1209): getInt32 Config name: vidc_dec_sec_prefetch_size_internal value: 209715200
04-06 02:12:32.302 D/PlatformConfig( 1209): getInstance: Enter
04-06 02:12:32.302 D/PlatformConfig( 1209): getInt32 Config name: vidc_dec_sec_prefetch_size_output value: 13434880
04-06 02:12:32.302 D/PlatformConfig( 1209): getInstance: Enter
04-06 02:12:32.302 D/PlatformConfig( 1209): getInt32 Config name: vidc_perf_control_enable value: 0
04-06 02:12:32.302 D/PlatformConfig( 1209): getInstance: Enter
04-06 02:12:32.302 D/PlatformConfig( 1209): getInt32 Config name: vidc_dec_thumbnail_yuv_output value: 0
04-06 02:12:32.302 D/PlatformConfig( 1209): getInstance: Enter
04-06 02:12:32.302 D/PlatformConfig( 1209): getInt32: Returning default
04-06 02:12:32.302 D/PlatformConfig( 1209): getInstance: Enter
04-06 02:12:32.302 D/PlatformConfig( 1209): getInt32 Config name: vidc_dec_output_rate value: 120
04-06 02:12:32.302 I/OMX-VDEC-1080P( 1209): component_init: OMX.qcom.video.decoder.avc : fd=77
04-06 02:12:32.302 E/OMX-VDEC-1080P( 1209): Unsupported output color format for c2d (2141391876)
04-06 02:12:32.302 E/OMX-VDEC-1080P( 1209): Setting color format failed
04-06 02:12:32.303 D/PlatformConfig( 1209): getInstance: Enter
04-06 02:12:32.303 D/PlatformConfig( 1209): getInt32: Returning default
04-06 02:12:32.303 D/PlatformConfig( 1209): getInstance: Enter
04-06 02:12:32.303 D/PlatformConfig( 1209): getInt32: Returning default
04-06 02:12:32.303 I/OMX-VDEC-1080P( 1209): omx_vdec::component_init() success : fd=77
04-06 02:12:32.303 D/SurfaceUtils( 1193): connecting to surface 0xe4384ba8, reason connectToSurface
04-06 02:12:32.303 I/MediaCodec( 1193): [OMX.qcom.video.decoder.avc] setting surface generation to 1221638
04-06 02:12:32.303 D/SurfaceUtils( 1193): disconnecting from surface 0xe4384ba8, reason connectToSurface(reconnect)
04-06 02:12:32.303 D/SurfaceUtils( 1193): connecting to surface 0xe4384ba8, reason connectToSurface(reconnect)
04-06 02:12:32.304 E/OMX-VDEC-1080P( 1209): Extension: OMX.google.android.index.storeANWBufferInMetadata not implemented
04-06 02:12:32.304 E/OMX-VDEC-1080P( 1209): Extension: OMX.google.android.index.configureVideoTunnelMode not implemented
04-06 02:12:32.304 E/OMX-VDEC-1080P( 1209): Extension: OMX.google.android.index.useAndroidNativeBuffer is supported
04-06 02:12:32.304 E/OMX-VDEC-1080P( 1209): get_parameter: unknown param 7f000046
04-06 02:12:32.304 E/OMXNodeInstance( 1209): getParameter(0xe83e0034:qcom.decoder.avc, ??(0x7f000046)) ERROR: UnsupportedIndex(0x8000101a)
04-06 02:12:32.304 E/OMX-VDEC-1080P( 1209): set_parameter: Error: 0x80001019, setting param 0x7f00005d
04-06 02:12:32.304 E/OMXNodeInstance( 1209): setParameter(0xe83e0034:qcom.decoder.avc, OMX.google.android.index.allocateNativeHandle(0x7f00005d): Output:1 en=0) ERROR: UnsupportedSetting(0x80001019)
04-06 02:12:32.304 E/OMX-VDEC-1080P( 1209): Extension: OMX.google.android.index.storeANWBufferInMetadata not implemented
04-06 02:12:32.304 E/OMX-VDEC-1080P( 1209): get_parameter: unknown param 6f600011
04-06 02:12:32.304 E/OMXNodeInstance( 1209): getParameter(0xe83e0034:qcom.decoder.avc, ??(0x6f600011)) ERROR: UnsupportedIndex(0x8000101a)
04-06 02:12:32.304 I/ExtendedACodec( 1193): setupVideoDecoder()
01-01 08:03:51.140 I/msm_vidc( 0): high: 00000002: ....d: Opening video instance: 0000000000000000, 1
01-01 08:03:51.140 I/msm_vidc( 0): err : 00000002: ....d: Failed to create debugfs for msm_vidc
04-06 02:12:32.304 E/OMXNodeInstance( 1209): getParameter(0xe83e0034:qcom.decoder.avc, ??(0x7f000044)) ERROR: UnsupportedSetting(0x80001019)
04-06 02:12:32.305 E/OMXNodeInstance( 1209): getParameter(0xe83e0034:qcom.decoder.avc, ??(0x7f000044)) ERROR: UnsupportedSetting(0x80001019)
04-06 02:12:32.305 W/ACodec ( 1193): [OMX.qcom.video.decoder.avc] does not support color format 2130708361
04-06 02:12:32.305 I/ExtendedACodec( 1193): Decoder will be in frame by frame mode
04-06 02:12:32.305 E/OMX-VDEC-1080P( 1209): Setparameter: unknown param 2130706434
04-06 02:12:32.305 E/OMX-VDEC-1080P( 1209): set_parameter: Error: 0x8000101a, setting param 0x7f000002
04-06 02:12:32.305 E/OMXNodeInstance( 1209): setParameter(0xe83e0034:qcom.decoder.avc, ??(0x7f000002)) ERROR: UnsupportedIndex(0x8000101a)
04-06 02:12:32.305 W/ExtendedACodec( 1193): Failed to set frame packing format on component
04-06 02:12:32.306 E/OMXNodeInstance( 1209): getConfig(0xe83e0034:qcom.decoder.avc, ??(0x7f000062)) ERROR: UnsupportedSetting(0x80001019)
04-06 02:12:32.310 E/OMX-VDEC-1080P( 1209): Extension: OMX.google.android.index.AndroidNativeBufferConsumerUsage not implemented
04-06 02:12:32.310 D/SurfaceUtils( 1193): set up nativeWindow 0xe4384ba8 for 1920x1080, color 0x7fa30c06, rotation 0, usage 0x20402900
04-06 02:12:32.311 W/ResourceManagerService( 1193): Ignoring request to add new resource entry with value <= 0
04-06 02:12:32.311 D/MediaBufferGroup( 1190): creating MemoryDealer
04-06 02:12:32.314 E/OMXNodeInstance( 1209): getConfig(0xe83e0034:qcom.decoder.avc, ??(0x7f000062)) ERROR: UnsupportedSetting(0x80001019)
04-06 02:12:32.316 E/OMX-VDEC-1080P( 1209): Extension: OMX.google.android.index.AndroidNativeBufferConsumerUsage not implemented
04-06 02:12:32.316 D/SurfaceUtils( 1193): set up nativeWindow 0xe4384ba8 for 1920x1088, color 0x7fa30c06, rotation 0, usage 0x20402900
04-06 02:12:32.324 E/OMXNodeInstance( 1209): getConfig(0xe83e0034:qcom.decoder.avc, ??(0x7f000062)) ERROR: UnsupportedSetting(0x80001019)
04-06 02:12:32.325 E/OMX-VDEC-1080P( 1209): Extension: OMX.QTI.index.config.video.getdsmode not implemented
04-06 02:12:32.333 I/OMX-VDEC-1080P( 1209): omx_vdec::component_deinit() complete
04-06 02:12:32.333 I/OMX-VDEC-1080P( 1209): Exit OMX vdec Destructor: fd=77
04-06 02:12:32.334 D/SurfaceUtils( 1193): disconnecting from surface 0xe4384ba8, reason disconnectFromSurface
04-06 02:12:32.335 D/FrameDecoder( 1193): FrameDecoder destroyed
01-01 08:03:51.171 I/msm_vidc( 0): high: 00000002: h264d: Closed video instance: 0000000000000000
04-06 02:12:32.339 W/MediaProvider( 3483): Failed to fetch original file descriptor
04-06 02:12:32.339 W/MediaProvider( 3483): java.io.FileNotFoundException: Input file descriptor is already original
04-06 02:12:32.339 W/MediaProvider( 3483): at com.android.providers.media.MediaProvider.getOriginalMediaFormatFileDescriptor(MediaProvider.java:5718)
04-06 02:12:32.339 W/MediaProvider( 3483): at com.android.providers.media.MediaProvider.openTypedAssetFileCommon(MediaProvider.java:7134)
04-06 02:12:32.339 W/MediaProvider( 3483): at com.android.providers.media.MediaProvider.openTypedAssetFile(MediaProvider.java:7115)
04-06 02:12:32.339 W/MediaProvider( 3483): at android.content.ContentProvider$Transport.openTypedAssetFile(ContentProvider.java:548)
04-06 02:12:32.339 W/MediaProvider( 3483): at android.content.ContentProviderNative.onTransact(ContentProviderNative.java:327)
04-06 02:12:32.339 W/MediaProvider( 3483): at android.os.Binder.execTransactInternal(Binder.java:1179)
04-06 02:12:32.339 W/MediaProvider( 3483): at android.os.Binder.execTransact(Binder.java:1143)
04-06 02:12:32.339 I/ExtendedUtils( 1193): printFileName fd(56) -> /system_ext/app/TCSetupWizard/TCSetupWizard.apk
04-06 02:12:32.342 I/MMParserExtractor( 1190): Created(0xb40000719fa56a90)
04-06 02:12:32.343 E/MM_OSAL ( 1190): resetPlayback no need to reset
04-06 02:12:32.343 D/MediaCodecList( 1193): codecHandlesFormat: no format, so no extra checks
04-06 02:12:32.343 D/MediaCodecList( 1193): codecHandlesFormat: no format, so no extra checks
04-06 02:12:32.343 D/MediaCodecList( 1193): codecHandlesFormat: no format, so no extra checks
04-06 02:12:32.343 D/MediaCodecList( 1193): codecHandlesFormat: no format, so no extra checks
04-06 02:12:32.343 D/FrameDecoder( 1193): FrameDecoder created
04-06 02:12:32.343 I/FrameDecoder( 1193): using surface mode
04-06 02:12:32.344 I/OMXClient( 1193): IOmx service obtained
04-06 02:12:32.344 I/OMXMaster( 1209): makeComponentInstance(OMX.qcom.video.decoder.avc) in android.hardwar process
04-06 02:12:32.346 E/android.hardware.media.omx@1.0-service( 1209): Service not available yet
04-06 02:12:32.346 D/PlatformConfig( 1209): getInstance: Enter
04-06 02:12:32.346 D/PlatformConfig( 1209): getConfigStoreBool: vpp/enable=false, returning false
04-06 02:12:32.347 D/PlatformConfig( 1209): getInstance: Enter
04-06 02:12:32.347 D/PlatformConfig( 1209): getInt32 Config name: vidc_dec_log_in value: 0
04-06 02:12:32.347 D/PlatformConfig( 1209): getInstance: Enter
04-06 02:12:32.347 D/PlatformConfig( 1209): getInt32 Config name: vidc_dec_log_out value: 0
04-06 02:12:32.347 D/PlatformConfig( 1209): getInstance: Enter
04-06 02:12:32.347 D/PlatformConfig( 1209): getInt32 Config name: vidc_dec_sec_prefetch_size_internal value: 209715200
04-06 02:12:32.347 D/PlatformConfig( 1209): getInstance: Enter
04-06 02:12:32.347 D/PlatformConfig( 1209): getInt32 Config name: vidc_dec_sec_prefetch_size_output value: 13434880
04-06 02:12:32.347 D/PlatformConfig( 1209): getInstance: Enter
04-06 02:12:32.347 D/PlatformConfig( 1209): getInt32 Config name: vidc_perf_control_enable value: 0
04-06 02:12:32.347 D/PlatformConfig( 1209): getInstance: Enter
04-06 02:12:32.347 D/PlatformConfig( 1209): getInt32 Config name: vidc_dec_thumbnail_yuv_output value: 0
04-06 02:12:32.347 D/PlatformConfig( 1209): getInstance: Enter
04-06 02:12:32.347 D/PlatformConfig( 1209): getInt32: Returning default
04-06 02:12:32.347 D/PlatformConfig( 1209): getInstance: Enter
04-06 02:12:32.347 D/PlatformConfig( 1209): getInt32 Config name: vidc_dec_output_rate value: 120
04-06 02:12:32.347 I/OMX-VDEC-1080P( 1209): component_init: OMX.qcom.video.decoder.avc : fd=77
04-06 02:12:32.347 E/OMX-VDEC-1080P( 1209): Unsupported output color format for c2d (2141391876)
04-06 02:12:32.347 E/OMX-VDEC-1080P( 1209): Setting color format failed
04-06 02:12:32.347 D/PlatformConfig( 1209): getInstance: Enter
04-06 02:12:32.347 D/PlatformConfig( 1209): getInt32: Returning default
04-06 02:12:32.347 D/PlatformConfig( 1209): getInstance: Enter
04-06 02:12:32.347 D/PlatformConfig( 1209): getInt32: Returning default
04-06 02:12:32.347 I/OMX-VDEC-1080P( 1209): omx_vdec::component_init() success : fd=77
04-06 02:12:32.348 D/SurfaceUtils( 1193): connecting to surface 0xe4384ba8, reason connectToSurface
04-06 02:12:32.348 I/MediaCodec( 1193): [OMX.qcom.video.decoder.avc] setting surface generation to 1221639
04-06 02:12:32.348 D/SurfaceUtils( 1193): disconnecting from surface 0xe4384ba8, reason connectToSurface(reconnect)
04-06 02:12:32.348 D/SurfaceUtils( 1193): connecting to surface 0xe4384ba8, reason connectToSurface(reconnect)
01-01 08:03:51.184 I/msm_vidc( 0): high: 00000002: ....d: Opening video instance: 0000000000000000, 1
01-01 08:03:51.184 I/msm_vidc( 0): err : 00000002: ....d: Failed to create debugfs for msm_vidc
04-06 02:12:32.348 E/OMX-VDEC-1080P( 1209): Extension: OMX.google.android.index.storeANWBufferInMetadata not implemented
04-06 02:12:32.348 E/OMX-VDEC-1080P( 1209): Extension: OMX.google.android.index.configureVideoTunnelMode not implemented
04-06 02:12:32.348 E/OMX-VDEC-1080P( 1209): Extension: OMX.google.android.index.useAndroidNativeBuffer is supported
