04-06 02:10:12.989 I/ExplicitHealthCheckController( 1508): Explicit health check supported packages [PackageConfig{com.android.networkstack, 86400000}]
04-06 02:10:12.989 D/PackageWatchdog( 1508): Received supported packages [PackageConfig{com.android.networkstack, 86400000}]
04-06 02:10:12.989 D/ExplicitHealthCheckController( 1508): Getting health check requested packages
04-06 02:10:12.989 D/CompatibilityChangeReporter( 1508): Compat change id reported: 168419799; UID 10027; state: DISABLED
01-01 08:01:31.832 W/QSEECOM ( 0): qseecom_load_app: App (fingerpr) does'nt exist, loading apps for first time
04-06 02:10:12.990 W/WindowManager( 1508): Failed looking up window session=Session{5f4e835 2648:1000} callers=com.android.server.wm.WindowManagerService.windowForClientLocked:5628 com.android.server.wm.Session.insetsModified:629 android.view.IWindowSession$Stub.onTransact:1151
04-06 02:10:12.994 I/ExplicitHealthCheckController( 1508): Explicit health check requested packages []
04-06 02:10:12.994 I/ExplicitHealthCheckController( 1508): No more health check requests, unbinding...
04-06 02:10:12.996 D/CompatibilityChangeReporter( 1508): Compat change id reported: 168419799; UID 10017; state: DISABLED
04-06 02:10:12.998 I/ExplicitHealthCheckController( 1508): Explicit health check service is unbound
04-06 02:10:12.998 W/StorageManagerService( 1508): Reporting emulated;0 unmounted due to system locked
04-06 02:10:13.000 D/BluetoothManagerService( 1508): Bluetooth Adapter address changed to C8:D9:D2:06:D8:22
04-06 02:10:13.001 D/BluetoothManagerService( 1508): Stored Bluetoothaddress: C8:D9:D2:06:D8:22
04-06 02:10:13.001 D/BluetoothManagerService( 1508): Bluetooth Adapter name changed to 高合娱乐副屏 by android
04-06 02:10:13.001 D/BluetoothManagerService( 1508): Stored Bluetooth name: 高合娱乐副屏
04-06 02:10:13.007 I/GameModeConfig( 1508): isGameModeOn = false
04-06 02:10:13.008 W/NotificationHistory( 1508): Attempted to add notif for locked/gone/disabled user 0
04-06 02:10:13.009 D/BluetoothManagerService( 1508): Bluetooth Adapter address changed to C8:D9:D2:06:D8:22
04-06 02:10:13.009 D/BluetoothManagerService( 1508): Stored Bluetoothaddress: C8:D9:D2:06:D8:22
04-06 02:10:13.009 D/CompanionDeviceManagerService( 1508): Received BT state transition broadcast: BLE_TURNING_ON -> BLE_ON
04-06 02:10:13.010 I/CompanionDeviceManagerService( 1508): startBleScan()
04-06 02:10:13.010 D/BluetoothManagerService( 1508): BluetoothServiceConnection: com.android.bluetooth.gatt.GattService
04-06 02:10:13.010 D/BluetoothManagerService( 1508): MESSAGE_BLUETOOTH_SERVICE_CONNECTED: 2
04-06 02:10:13.010 D/BluetoothManagerService( 1508): continueFromBleOnState()
04-06 02:10:13.012 D/BluetoothManagerService( 1508): Persisting Bluetooth Setting: 1
04-06 02:10:13.015 D/BluetoothManagerService( 1508): MESSAGE_BLUETOOTH_STATE_CHANGE: BLE_ON > TURNING_ON
04-06 02:10:13.015 D/BluetoothManagerService( 1508): Sending BLE State Change: BLE_ON > TURNING_ON
04-06 02:10:13.015 D/BluetoothManagerService( 1508): Sending State Change: OFF > TURNING_ON
04-06 02:10:13.017 W/Looper ( 1508): Drained
04-06 02:10:13.018 D/CompanionDeviceManagerService( 1508): Received BT state transition broadcast: BLE_ON -> TURNING_ON
01-01 08:01:31.873 I/ ( 0): mtp_open
04-06 02:10:13.037 I/GameModeConfig( 1508): isGameModeOn = false
04-06 02:10:13.039 W/NotificationHistory( 1508): Attempted to add notif for locked/gone/disabled user 0
04-06 02:10:13.047 W/StorageManagerService( 1508): Reporting emulated;0 unmounted due to system locked
04-06 02:10:13.049 D/CompatibilityChangeReporter( 1508): Compat change id reported: 149924527; UID 10017; state: ENABLED
04-06 02:10:13.050 D/CompatibilityChangeReporter( 1508): Compat change id reported: 132649864; UID 10017; state: DISABLED
04-06 02:10:13.093 I/ActivityRecord( 1508): real home.....com.thundercomm.tcsetupwizard/.TcSetupStartActivity
04-06 02:10:13.095 I/WindowManager( 1508): ******* TELLING SURFACE FLINGER WE ARE BOOTED!
04-06 02:10:13.105 E/MicroServiceManager( 1508): requestResult(requestAudioFocus) mService is null.
01-01 08:01:31.965 W/ALERT ( 0): changing window size from 20000000 to 16000000 at 24600037749
01-01 08:01:31.974 I/msm_vidc( 0): high: 00000002: ....d: Opening video instance: 0000000000000000, 1
01-01 08:01:31.974 I/msm_vidc( 0): err : 00000002: ....d: Failed to create debugfs for msm_vidc
01-01 08:01:31.975 W/QSEECOM ( 0): qseecom_load_app: App with id 9 (fingerpr) now loaded
04-06 02:10:13.143 D/CompatibilityChangeReporter( 1508): Compat change id reported: 135634846; UID 10031; state: DISABLED
04-06 02:10:13.143 D/CompatibilityChangeReporter( 1508): Compat change id reported: 177438394; UID 10031; state: DISABLED
04-06 02:10:13.143 D/CompatibilityChangeReporter( 1508): Compat change id reported: 135772972; UID 10031; state: DISABLED
04-06 02:10:13.143 D/CompatibilityChangeReporter( 1508): Compat change id reported: 135754954; UID 10031; state: DISABLED
04-06 02:10:13.143 D/CompatibilityChangeReporter( 1508): Compat change id reported: 143937733; UID 10031; state: DISABLED
04-06 02:10:13.154 I/ActivityManager( 1508): Start proc 3733:com.baidu.input/u0a31 for service {com.baidu.input/com.baidu.input.ImeService}
01-01 08:01:32.016 I/binder ( 0): 3733:3733 ioctl 40046210 7fd41ed904 returned -22
04-06 02:10:13.190 D/CompatibilityChangeReporter( 1508): Compat change id reported: 168419799; UID 10031; state: DISABLED
04-06 02:10:13.198 I/PreBootBroadcaster( 1508): Pre-boot of {com.android.providers.calendar/com.android.providers.calendar.CalendarUpgradeReceiver} for user 0
04-06 02:10:13.199 D/CompatibilityChangeReporter( 1508): Compat change id reported: 135634846; UID 10022; state: DISABLED
04-06 02:10:13.199 D/CompatibilityChangeReporter( 1508): Compat change id reported: 177438394; UID 10022; state: DISABLED
04-06 02:10:13.199 D/CompatibilityChangeReporter( 1508): Compat change id reported: 135772972; UID 10022; state: DISABLED
04-06 02:10:13.199 D/CompatibilityChangeReporter( 1508): Compat change id reported: 135754954; UID 10022; state: ENABLED
04-06 02:10:13.199 D/CompatibilityChangeReporter( 1508): Compat change id reported: 143937733; UID 10022; state: ENABLED
04-06 02:10:13.208 I/ActivityManager( 1508): Start proc 3764:com.android.providers.calendar/u0a22 for broadcast {com.android.providers.calendar/com.android.providers.calendar.CalendarUpgradeReceiver}
04-06 02:10:13.211 I/Telecom ( 1508): BluetoothDeviceManager: Got BluetoothHearingAid: android.bluetooth.BluetoothHearingAid@f1d128: BMSL.oSC@AAQ
04-06 02:10:13.212 I/GameModeConfig( 1508): isGameModeOn = false
04-06 02:10:13.217 D/CompatibilityChangeReporter( 1508): Compat change id reported: 135634846; UID 10023; state: DISABLED
04-06 02:10:13.217 D/CompatibilityChangeReporter( 1508): Compat change id reported: 177438394; UID 10023; state: DISABLED
04-06 02:10:13.217 D/CompatibilityChangeReporter( 1508): Compat change id reported: 135772972; UID 10023; state: DISABLED
04-06 02:10:13.217 D/CompatibilityChangeReporter( 1508): Compat change id reported: 135754954; UID 10023; state: ENABLED
04-06 02:10:13.217 D/CompatibilityChangeReporter( 1508): Compat change id reported: 143937733; UID 10023; state: ENABLED
04-06 02:10:13.226 D/BluetoothManagerService( 1508): MESSAGE_BLUETOOTH_STATE_CHANGE: TURNING_ON > ON
04-06 02:10:13.226 D/BluetoothManagerService( 1508): Broadcasting onBluetoothStateChange(true) to 10 receivers.
04-06 02:10:13.226 D/BluetoothManagerService( 1508): Creating new ProfileServiceConnections object for profile: 1
04-06 02:10:13.232 I/ActivityManager( 1508): Start proc 3776:android.process.acore/u0a23 for content provider {com.android.providers.contacts/com.android.providers.contacts.ContactsProvider2}
04-06 02:10:13.236 W/BluetoothManagerService( 1508): psc is not null in bindBluetoothProfileService
04-06 02:10:13.236 D/BluetoothManagerService( 1508): Sending BLE State Change: TURNING_ON > ON
04-06 02:10:13.236 D/BluetoothManagerService( 1508): Sending State Change: TURNING_ON > ON
04-06 02:10:13.237 D/CompanionDeviceManagerService( 1508): Received BT state transition broadcast: TURNING_ON -> ON
04-06 02:10:13.237 I/CompanionDeviceManagerService( 1508): startBleScan()
04-06 02:10:13.240 D/CompatibilityChangeReporter( 1508): Compat change id reported: 168419799; UID 10022; state: DISABLED
01-01 08:01:32.072 I/binder ( 0): 3764:3764 ioctl 40046210 7fd41ed904 returned -22
01-01 08:01:32.079 I/binder ( 0): 3776:3776 ioctl 40046210 7fd41ed904 returned -22
04-06 02:10:13.244 W/BluetoothManagerService( 1508): psc is not null in bindBluetoothProfileService
04-06 02:10:13.248 D/CompatibilityChangeReporter( 1508): Compat change id reported: 168419799; UID 10023; state: DISABLED
04-06 02:10:13.252 W/StorageManagerService( 1508): Reporting emulated;0 unmounted due to system locked
04-06 02:10:13.257 D/CompatibilityChangeReporter( 1508): Compat change id reported: 149924527; UID 10031; state: ENABLED
04-06 02:10:13.257 D/CompatibilityChangeReporter( 1508): Compat change id reported: 132649864; UID 10031; state: DISABLED
04-06 02:10:13.293 D/CountryDetector( 1508): The first listener is added
01-01 08:01:32.171 W/QSEECOM ( 0): __qseecom_unload_app: App (9) is unloaded
04-06 02:10:13.335 I/Telecom ( 1508): BluetoothDeviceManager: Got BluetoothHeadset: com.android.server.telecom.BluetoothHeadsetProxy@4f10860: BMSL.oSC@AAU
04-06 02:10:13.336 D/Fingerprint21( 1508): handleError, client: FingerprintInternalCleanupClient, error: 2, vendorCode: 0
04-06 02:10:13.336 E/Fingerprint21( 1508): onError for non-error consumer: FingerprintInternalCleanupClient
01-01 08:01:32.171 D/qbt ( 0): qbt_release: entry minor_no=0 fd_available=0
01-01 08:01:32.171 D/qbt ( 0): qbt_release: Releasing wakelock
01-01 08:01:32.171 D/qbt ( 0): qbt_release: exit : fd_available=1
01-01 08:01:32.171 D/qbt ( 0): qbt_release: entry minor_no=1 fd_available=1
01-01 08:01:32.171 D/qbt ( 0): qbt_release: exit : fd_available=1
04-06 02:10:13.353 I/PreBootBroadcaster( 1508): Pre-boot of {com.android.providers.contacts/com.android.providers.contacts.ContactsUpgradeReceiver} for user 0
01-01 08:01:32.191 I/ ( 0): read descriptors
01-01 08:01:32.191 I/ ( 0): read strings
04-06 02:10:13.370 D/CompatibilityChangeReporter( 1508): Compat change id reported: 143231523; UID 10022; state: DISABLED
04-06 02:10:13.402 I/GameModeConfig( 1508): isGameModeOn = false
01-01 08:01:32.269 I/IRQ 5 ( 0): no longer affine to CPU7
04-06 02:10:13.473 I/PreBootBroadcaster( 1508): Pre-boot of {com.android.providers.media.module/com.android.providers.media.MediaUpgradeReceiver} for user 0
04-06 02:10:13.476 D/CompatibilityChangeReporter( 1508): Compat change id reported: 168419799; UID 10091; state: DISABLED
04-06 02:10:13.478 I/PreBootBroadcaster( 1508): Pre-boot of {com.android.settings/com.android.settings.SettingsInitialize} for user 0
04-06 02:10:13.490 I/ActivityManager( 1508): Posting BOOT_COMPLETED user #0
01-01 08:01:32.334 I/[schedu][0x1fb806e8][02:10:13.496789] wlan( 0): [2148:I:OSIF] vdev 0, scan id 40961 type COMPLETED(1) reason COMPLETED(1) scan found 21 bss
04-06 02:10:13.493 D/CompatibilityChangeReporter( 1508): Compat change id reported: 175319604; UID 10078; state: ENABLED
04-06 02:10:13.493 W/AppWidgetServiceImpl( 1508): Failed to read state: java.io.FileNotFoundException: /data/system/users/0/appwidgets.xml: open failed: ENOENT (No such file or directory)
04-06 02:10:13.493 I/AppWidgetServiceImpl( 1508): Processing of handleUserUnlocked u0 took 2 ms
04-06 02:10:13.493 I/SystemServerTimingAsync( 1508): ssm.UnlockedUser-0
04-06 02:10:13.493 I/SystemServiceManager( 1508): Calling onUnlockedUser 0
04-06 02:10:13.493 I/SystemServerTimingAsync( 1508): ssm.onUnlockedUser-0_com.android.server.security.FileIntegrityService
04-06 02:10:13.493 I/SystemServerTimingAsync( 1508): ssm.onUnlockedUser-0_com.android.server.pm.Installer
04-06 02:10:13.493 I/SystemServerTimingAsync( 1508): ssm.onUnlockedUser-0_com.android.server.os.DeviceIdentifiersPolicyService
04-06 02:10:13.494 I/SystemServerTimingAsync( 1508): ssm.onUnlockedUser-0_com.android.server.uri.UriGrantsManagerService$Lifecycle
04-06 02:10:13.494 I/SystemServerTimingAsync( 1508): ssm.onUnlockedUser-0_com.android.server.powerstats.PowerStatsService
04-06 02:10:13.494 I/SystemServerTimingAsync( 1508): ssm.onUnlockedUser-0_com.android.server.wm.ActivityTaskManagerService$Lifecycle
04-06 02:10:13.494 I/LaunchParamsPersister( 1508): Didn't find launch param folder for user 0
04-06 02:10:13.494 I/SystemServerTimingAsync( 1508): ssm.onUnlockedUser-0_com.android.server.am.ActivityManagerService$Lifecycle
04-06 02:10:13.494 I/SystemServerTimingAsync( 1508): ssm.onUnlockedUser-0_com.android.server.pm.DataLoaderManagerService
04-06 02:10:13.494 I/SystemServerTimingAsync( 1508): ssm.onUnlockedUser-0_com.android.server.power.PowerManagerService
04-06 02:10:13.494 I/SystemServerTimingAsync( 1508): ssm.onUnlockedUser-0_com.android.server.power.ThermalManagerService
04-06 02:10:13.494 I/SystemServerTimingAsync( 1508): ssm.onUnlockedUser-0_com.android.server.power.hint.HintManagerService
04-06 02:10:13.494 I/SystemServerTimingAsync( 1508): ssm.onUnlockedUser-0_com.android.server.recoverysystem.RecoverySystemService$Lifecycle
04-06 02:10:13.494 I/SystemServerTimingAsync( 1508): ssm.onUnlockedUser-0_com.android.server.lights.LightsService
04-06 02:10:13.494 I/SystemServerTimingAsync( 1508): ssm.onUnlockedUser-0_com.android.server.display.DisplayManagerService
04-06 02:10:13.494 I/SystemServerTimingAsync( 1508): ssm.onUnlockedUser-0_com.android.server.pm.verify.domain.DomainVerificationService
04-06 02:10:13.494 I/SystemServerTimingAsync( 1508): ssm.onUnlockedUser-0_com.android.server.pm.PackageInstallerService$Lifecycle
04-06 02:10:13.494 I/SystemServerTimingAsync( 1508): ssm.onUnlockedUser-0_com.android.server.pm.UserManagerService$LifeCycle
04-06 02:10:13.494 I/SystemServerTimingAsync( 1508): ssm.onUnlockedUser-0_com.android.server.om.OverlayManagerService
04-06 02:10:13.494 I/SystemServerTimingAsync( 1508): ssm.onUnlockedUser-0_com.android.server.SensorPrivacyService
04-06 02:10:13.494 D/CompatibilityChangeReporter( 1508): Compat change id reported: 175319604; UID 10092; state: DISABLED
04-06 02:10:13.495 I/SystemServerTimingAsync( 1508): ssm.onUnlockedUser-0_com.android.server.thunderperf.ThunderBoostPerfService
04-06 02:10:13.495 I/SystemServerTimingAsync( 1508): ssm.onUnlockedUser-0_com.android.server.sensors.SensorService
04-06 02:10:13.495 I/SystemServerTimingAsync( 1508): ssm.onUnlockedUser-0_com.android.server.SystemConfigService
04-06 02:10:13.495 I/SystemServerTimingAsync( 1508): ssm.onUnlockedUser-0_com.android.server.BatteryService
04-06 02:10:13.495 I/SystemServerTimingAsync( 1508): ssm.onUnlockedUser-0_com.android.server.usage.UsageStatsService
04-06 02:10:13.495 I/SystemServerTimingAsync( 1508): ssm.onUnlockedUser-0_com.android.server.webkit.WebViewUpdateService
04-06 02:10:13.495 I/SystemServerTimingAsync( 1508): ssm.onUnlockedUser-0_com.android.server.CachedDeviceStateService
04-06 02:10:13.495 I/SystemServerTimingAsync( 1508): ssm.onUnlockedUser-0_com.android.server.BinderCallsStatsService$LifeCycle
04-06 02:10:13.495 I/SystemServerTimingAsync( 1508): ssm.onUnlockedUser-0_com.android.server.LooperStatsService$Lifecycle
04-06 02:10:13.495 I/SystemServerTimingAsync( 1508): ssm.onUnlockedUser-0_com.android.server.rollback.RollbackManagerService
04-06 02:10:13.495 I/SystemServerTimingAsync( 1508): ssm.onUnlockedUser-0_com.android.server.os.NativeTombstoneManagerService
04-06 02:10:13.495 I/SystemServerTimingAsync( 1508): ssm.onUnlockedUser-0_com.android.server.os.BugreportManagerService
04-06 02:10:13.495 I/SystemServerTimingAsync( 1508): ssm.onUnlockedUser-0_com.android.server.gpu.GpuService
04-06 02:10:13.495 I/SystemServerTimingAsync( 1508): ssm.onUnlockedUser-0_com.android.server.security.KeyChainSystemService
04-06 02:10:13.495 I/SystemServerTimingAsync( 1508): ssm.onUnlockedUser-0_com.android.server.telecom.TelecomLoaderService
04-06 02:10:13.495 I/SystemServerTimingAsync( 1508): ssm.onUnlockedUser-0_com.android.server.accounts.AccountManagerService$Lifecycle
04-06 02:10:13.495 I/SystemServerTimingAsync( 1508): ssm.onUnlockedUser-0_com.android.server.content.ContentService$Lifecycle
04-06 02:10:13.495 I/SystemServerTimingAsync( 1508): ssm.onUnlockedUser-0_com.android.server.DropBoxManagerService
04-06 02:10:13.495 I/SystemServerTimingAsync( 1508): ssm.onUnlockedUser-0_com.android.role.RoleService
04-06 02:10:13.495 I/SystemServerTimingAsync( 1508): ssm.onUnlockedUser-0_com.android.server.vibrator.VibratorManagerService$Lifecycle
04-06 02:10:13.495 I/SystemServerTimingAsync( 1508): ssm.onUnlockedUser-0_com.android.server.alarm.AlarmManagerService
04-06 02:10:13.495 I/SystemServerTimingAsync( 1508): ssm.onUnlockedUser-0_com.android.server.devicestate.DeviceStateManagerService
04-06 02:10:13.495 I/SystemServerTimingAsync( 1508): ssm.onUnlockedUser-0_com.android.server.camera.CameraServiceProxy
04-06 02:10:13.495 I/SystemServerTimingAsync( 1508): ssm.onUnlockedUser-0_com.android.server.BluetoothService
04-06 02:10:13.495 I/SystemServerTimingAsync( 1508): ssm.onUnlockedUser-0_com.android.server.connectivity.IpConnectivityMetrics
04-06 02:10:13.495 I/SystemServerTimingAsync( 1508): ssm.onUnlockedUser-0_com.android.server.net.watchlist.NetworkWatchlistService$Lifecycle
04-06 02:10:13.495 I/SystemServerTimingAsync( 1508): ssm.onUnlockedUser-0_com.android.server.PinnerService
04-06 02:10:13.495 I/SystemServerTimingAsync( 1508): ssm.onUnlockedUser-0_com.google.android.startop.iorap.IorapForwardingService
04-06 02:10:13.495 I/SystemServerTimingAsync( 1508): ssm.onUnlockedUser-0_com.android.server.ActivityTriggerService
04-06 02:10:13.495 I/SystemServerTimingAsync( 1508): ssm.onUnlockedUser-0_com.android.server.integrity.AppIntegrityManagerService
04-06 02:10:13.495 I/SystemServerTimingAsync( 1508): ssm.onUnlockedUser-0_com.android.server.inputmethod.InputMethodManagerService$Lifecycle
04-06 02:10:13.495 I/SystemServerTimingAsync( 1508): ssm.onUnlockedUser-0_com.android.server.accessibility.AccessibilityManagerService$Lifecycle
04-06 02:10:13.495 I/SystemServerTimingAsync( 1508): ssm.onUnlockedUser-0_com.android.server.StorageManagerService$Lifecycle
04-06 02:10:13.495 I/SystemServerTimingAsync( 1508): ssm.onUnlockedUser-0_com.android.server.usage.StorageStatsService$Lifecycle
04-06 02:10:13.495 I/SystemServerTimingAsync( 1508): ssm.onUnlockedUser-0_com.android.server.UiModeManagerService
04-06 02:10:13.495 I/SystemServerTimingAsync( 1508): ssm.onUnlockedUser-0_com.android.server.locksettings.LockSettingsService$Lifecycle
04-06 02:10:13.495 I/SystemServerTimingAsync( 1508): ssm.onUnlockedUser-0_com.android.server.PersistentDataBlockService
04-06 02:10:13.495 I/SystemServerTimingAsync( 1508): ssm.onUnlockedUser-0_com.android.server.testharness.TestHarnessModeService
04-06 02:10:13.495 I/SystemServerTimingAsync( 1508): ssm.onUnlockedUser-0_com.android.server.oemlock.OemLockService
04-06 02:10:13.495 I/SystemServerTimingAsync( 1508): ssm.onUnlockedUser-0_com.android.server.DeviceIdleController
04-06 02:10:13.495 I/SystemServerTimingAsync( 1508): ssm.onUnlockedUser-0_com.android.server.devicepolicy.DevicePolicyManagerService$Lifecycle
04-06 02:10:13.495 I/SystemServerTimingAsync( 1508): ssm.onUnlockedUser-0_com.android.server.texttospeech.TextToSpeechManagerService
04-06 02:10:13.495 I/SystemServerTimingAsync( 1508): ssm.onUnlockedUser-0_com.android.server.speech.SpeechRecognitionManagerService
04-06 02:10:13.495 I/SystemServerTimingAsync( 1508): ssm.onUnlockedUser-0_com.android.server.searchui.SearchUiManagerService
04-06 02:10:13.495 I/SystemServerTimingAsync( 1508): ssm.onUnlockedUser-0_com.android.server.smartspace.SmartspaceManagerService
04-06 02:10:13.495 I/SystemServerTimingAsync( 1508): ssm.onUnlockedUser-0_com.android.server.graphics.fonts.FontManagerService$Lifecycle
04-06 02:10:13.495 I/SystemServerTimingAsync( 1508): ssm.onUnlockedUser-0_com.android.server.textservices.TextServicesManagerService$Lifecycle
04-06 02:10:13.495 I/SystemServerTimingAsync( 1508): ssm.onUnlockedUser-0_com.android.server.textclassifier.TextClassificationManagerService$Lifecycle
04-06 02:10:13.495 I/SystemServerTimingAsync( 1508): ssm.onUnlockedUser-0_com.android.server.NetworkScoreService$Lifecycle
04-06 02:10:13.495 I/SystemServerTimingAsync( 1508): ssm.onUnlockedUser-0_com.android.server.wifi.WifiService
04-06 02:10:13.495 I/SystemServerTimingAsync( 1508): ssm.onUnlockedUser-0_com.android.server.wifi.scanner.WifiScanningService
04-06 02:10:13.495 I/SystemServerTimingAsync( 1508): ssm.onUnlockedUser-0_com.android.server.wifi.rtt.RttService
04-06 02:10:13.495 I/SystemServerTimingAsync( 1508): ssm.onUnlockedUser-0_com.android.server.wifi.aware.WifiAwareService
04-06 02:10:13.495 I/SystemServerTimingAsync( 1508): ssm.onUnlockedUser-0_com.android.server.wifi.p2p.WifiP2pService
04-06 02:10:13.495 I/SystemServerTimingAsync( 1508): ssm.onUnlockedUser-0_com.android.server.ethernet.EthernetService
04-06 02:10:13.495 I/SystemServerTimingAsync( 1508): ssm.onUnlockedUser-0_com.android.server.ConnectivityServiceInitializer
04-06 02:10:13.495 I/SystemServerTimingAsync( 1508): ssm.onUnlockedUser-0_com.android.server.notification.NotificationManagerService
04-06 02:10:13.495 I/SystemServerTimingAsync( 1508): ssm.onUnlockedUser-0_com.android.server.storage.DeviceStorageMonitorService
04-06 02:10:13.495 I/SystemServerTimingAsync( 1508): ssm.onUnlockedUser-0_com.android.server.location.LocationManagerService$Lifecycle
04-06 02:10:13.495 I/SystemServerTimingAsync( 1508): ssm.onUnlockedUser-0_com.android.server.timedetector.TimeDetectorService$Lifecycle
04-06 02:10:13.495 I/SystemServerTimingAsync( 1508): ssm.onUnlockedUser-0_com.android.server.timezonedetector.TimeZoneDetectorService$Lifecycle
04-06 02:10:13.495 I/SystemServerTimingAsync( 1508): ssm.onUnlockedUser-0_com.android.server.timezonedetector.location.LocationTimeZoneManagerService$Lifecycle
04-06 02:10:13.495 I/SystemServerTimingAsync( 1508): ssm.onUnlockedUser-0_com.android.server.search.SearchManagerService$Lifecycle
04-06 02:10:13.495 I/SystemServerTimingAsync( 1508): ssm.onUnlockedUser-0_com.android.server.wallpaper.WallpaperManagerService$Lifecycle
04-06 02:10:13.495 I/SystemServerTimingAsync( 1508): ssm.onUnlockedUser-0_com.android.server.audio.AudioService$Lifecycle
04-06 02:10:13.495 I/SystemServerTimingAsync( 1508): ssm.onUnlockedUser-0_com.android.server.soundtrigger_middleware.SoundTriggerMiddlewareService$Lifecycle
04-06 02:10:13.495 I/SystemServerTimingAsync( 1508): ssm.onUnlockedUser-0_com.android.server.DockObserver
04-06 02:10:13.495 I/SystemServerTimingAsync( 1508): ssm.onUnlockedUser-0_com.android.server.midi.MidiService$Lifecycle
04-06 02:10:13.495 I/SystemServerTimingAsync( 1508): ssm.onUnlockedUser-0_com.android.server.adb.AdbService$Lifecycle
04-06 02:10:13.495 I/SystemServerTimingAsync( 1508): ssm.onUnlockedUser-0_com.android.server.usb.UsbService$Lifecycle
04-06 02:10:13.495 I/SystemServerTimingAsync( 1508): ssm.onUnlockedUser-0_com.android.server.twilight.TwilightService
04-06 02:10:13.496 I/SystemServerTimingAsync( 1508): ssm.onUnlockedUser-0_com.android.server.display.color.ColorDisplayService
04-06 02:10:13.496 I/SystemServerTimingAsync( 1508): ssm.onUnlockedUser-0_com.android.server.job.JobSchedulerService
04-06 02:10:13.496 I/SystemServerTimingAsync( 1508): ssm.onUnlockedUser-0_com.android.server.soundtrigger.SoundTriggerService
04-06 02:10:13.496 I/SystemServerTimingAsync( 1508): ssm.onUnlockedUser-0_com.android.server.trust.TrustManagerService
04-06 02:10:13.496 I/SystemServerTimingAsync( 1508): ssm.onUnlockedUser-0_com.android.server.backup.BackupManagerService$Lifecycle
04-06 02:10:13.496 I/SystemServerTimingAsync( 1508): ssm.onUnlockedUser-0_com.android.server.appwidget.AppWidgetService
04-06 02:10:13.496 I/SystemServerTimingAsync( 1508): ssm.onUnlockedUser-0_com.android.server.voiceinteraction.VoiceInteractionManagerService
04-06 02:10:13.496 I/SystemServerTimingAsync( 1508): ssm.onUnlockedUser-0_com.android.server.apphibernation.AppHibernationService
04-06 02:10:13.496 I/SystemServerTimingAsync( 1508): ssm.onUnlockedUser-0_com.android.server.SensorNotificationService
04-06 02:10:13.496 I/SystemServerTimingAsync( 1508): ssm.onUnlockedUser-0_com.android.server.emergency.EmergencyAffordanceService
04-06 02:10:13.496 I/SystemServerTimingAsync( 1508): ssm.onUnlockedUser-0_com.android.server.blob.BlobStoreManagerService
04-06 02:10:13.496 I/SystemServerTimingAsync( 1508): ssm.onUnlockedUser-0_com.android.server.dreams.DreamManagerService
04-06 02:10:13.496 I/SystemServerTimingAsync( 1508): ssm.onUnlockedUser-0_com.android.server.companion.CompanionDeviceManagerService
04-06 02:10:13.496 I/SystemServerTimingAsync( 1508): ssm.onUnlockedUser-0_com.android.server.restrictions.RestrictionsManagerService
04-06 02:10:13.496 I/SystemServerTimingAsync( 1508): ssm.onUnlockedUser-0_com.android.server.media.MediaSessionService
04-06 02:10:13.496 I/SystemServerTimingAsync( 1508): ssm.onUnlockedUser-0_com.android.server.media.MediaResourceMonitorService
04-06 02:10:13.496 I/SystemServerTimingAsync( 1508): ssm.onUnlockedUser-0_com.android.server.biometrics.sensors.fingerprint.FingerprintService
04-06 02:10:13.496 I/SystemServerTimingAsync( 1508): ssm.onUnlockedUser-0_com.android.server.biometrics.BiometricService
04-06 02:10:13.496 I/SystemServerTimingAsync( 1508): ssm.onUnlockedUser-0_com.android.server.biometrics.AuthService
04-06 02:10:13.496 I/SystemServerTimingAsync( 1508): ssm.onUnlockedUser-0_com.android.server.pm.ShortcutService$Lifecycle
04-06 02:10:13.496 I/SystemServerTimingAsync( 1508): ssm.onUnlockedUser-0_com.android.server.pm.LauncherAppsService
04-06 02:10:13.496 I/SystemServerTimingAsync( 1508): ssm.onUnlockedUser-0_com.android.server.pm.CrossProfileAppsService
04-06 02:10:13.496 I/SystemServerTimingAsync( 1508): ssm.onUnlockedUser-0_com.android.server.people.PeopleService
04-06 02:10:13.496 I/SystemServerTimingAsync( 1508): ssm.onUnlockedUser-0_com.android.server.media.metrics.MediaMetricsManagerService
04-06 02:10:13.496 I/SystemServerTimingAsync( 1508): ssm.onUnlockedUser-0_com.android.server.media.projection.MediaProjectionManagerService
04-06 02:10:13.496 I/SystemServerTimingAsync( 1508): ssm.onUnlockedUser-0_com.android.server.slice.SliceManagerService$Lifecycle
04-06 02:10:13.496 I/SystemServerTimingAsync( 1508): ssm.onUnlockedUser-0_com.android.server.stats.StatsCompanion$Lifecycle
04-06 02:10:13.496 I/SystemServerTimingAsync( 1508): ssm.onUnlockedUser-0_com.android.server.scheduling.RebootReadinessManagerService$Lifecycle
04-06 02:10:13.496 I/SystemServerTimingAsync( 1508): ssm.onUnlockedUser-0_com.android.server.stats.pull.StatsPullAtomService
04-06 02:10:13.496 I/SystemServerTimingAsync( 1508): ssm.onUnlockedUser-0_com.android.server.incident.IncidentCompanionService
04-06 02:10:13.496 I/SystemServerTimingAsync( 1508): ssm.onUnlockedUser-0_com.android.server.MmsServiceBroker
04-06 02:10:13.496 I/SystemServerTimingAsync( 1508): ssm.onUnlockedUser-0_com.android.server.autofill.AutofillManagerService
04-06 02:10:13.496 I/SystemServerTimingAsync( 1508): ssm.onUnlockedUser-0_com.android.server.clipboard.ClipboardService
04-06 02:10:13.496 I/SystemServerTimingAsync( 1508): ssm.onUnlockedUser-0_com.android.server.appbinding.AppBindingService$Lifecycle
04-06 02:10:13.496 I/SystemServerTimingAsync( 1508): ssm.onUnlockedUser-0_com.android.server.tracing.TracingServiceProxy
04-06 02:10:13.496 I/SystemServerTimingAsync( 1508): ssm.onUnlockedUser-0_com.android.server.policy.PermissionPolicyService
04-06 02:10:13.496 I/SystemServerTimingAsync( 1508): ssm.onUnlockedUser-0_com.android.server.pm.StagingManager$Lifecycle
04-06 02:10:13.496 I/SystemServerTimingAsync( 1508): ssm.onUnlockedUser-0_com.android.server.app.GameManagerService$Lifecycle
04-06 02:10:13.496 I/SystemServerTimingAsync( 1508): ssm.onUnlockedUser-0_com.android.server.appsearch.AppSearchManagerService
04-06 02:10:13.496 I/SystemServerTimingAsync( 1508): ssm.onUnlockedUser-0_com.android.server.media.MediaCommunicationService
04-06 02:10:13.496 W/ActivityManager( 1508): UserLifecycleEvent 6 received without an active userJourneySession.
04-06 02:10:13.503 D/CompatibilityChangeReporter( 1508): Compat change id reported: 135634846; UID 10020; state: DISABLED
04-06 02:10:13.503 D/CompatibilityChangeReporter( 1508): Compat change id reported: 177438394; UID 10020; state: DISABLED
04-06 02:10:13.503 D/CompatibilityChangeReporter( 1508): Compat change id reported: 135772972; UID 10020; state: DISABLED
04-06 02:10:13.503 D/CompatibilityChangeReporter( 1508): Compat change id reported: 135754954; UID 10020; state: ENABLED
04-06 02:10:13.503 D/CompatibilityChangeReporter( 1508): Compat change id reported: 143937733; UID 10020; state: ENABLED
04-06 02:10:13.504 E/TaskPersister( 1508): File error accessing recents directory (directory doesn't exist?).
04-06 02:10:13.504 E/TaskPersister( 1508): File error accessing recents directory (directory doesn't exist?).
04-06 02:10:13.510 I/ActivityManager( 1508): Start proc 3854:com.android.traceur/u0a20 for broadcast {com.android.traceur/com.android.traceur.Receiver}
01-01 08:01:32.356 I/binder ( 0): 3854:3854 ioctl 40046210 7fd41ed904 returned -22
04-06 02:10:13.528 D/CompatibilityChangeReporter( 1508): Compat change id reported: 168419799; UID 10020; state: DISABLED
04-06 02:10:13.558 I/NotificationService( 1508): Cannot find enqueued record for key: 0|android|13|PreBootBroadcaster|1000
04-06 02:10:13.594 D/CompatibilityChangeReporter( 1508): Compat change id reported: 168419799; UID 10062; state: DISABLED
04-06 02:10:13.598 D/MicroServiceManager( 1508): add linkToDeath
04-06 02:10:13.598 D/MicroServiceManager( 1508): bindMicroService: called already get service
04-06 02:10:13.598 E/AndroidRuntime( 2802): FATAL EXCEPTION: main
04-06 02:10:13.598 E/AndroidRuntime( 2802): Process: com.qualcomm.qti.devicestatisticsservice, PID: 2802
04-06 02:10:13.598 E/AndroidRuntime( 2802): java.lang.NoClassDefFoundError: Failed resolution of: Landroid/hidl/manager/V1_0/IServiceNotification$Stub;
04-06 02:10:13.598 E/AndroidRuntime( 2802): at com.qualcomm.qti.devicestatisticsservice.DeviceStatisticsService.onStartCommand(DeviceStatisticsService.java:83)
04-06 02:10:13.598 E/AndroidRuntime( 2802): at android.app.ActivityThread.handleServiceArgs(ActivityThread.java:4640)
04-06 02:10:13.598 E/AndroidRuntime( 2802): at android.app.ActivityThread.access$2000(ActivityThread.java:248)
04-06 02:10:13.598 E/AndroidRuntime( 2802): at android.app.ActivityThread$H.handleMessage(ActivityThread.java:2092)
04-06 02:10:13.598 E/AndroidRuntime( 2802): at android.os.Handler.dispatchMessage(Handler.java:106)
04-06 02:10:13.598 E/AndroidRuntime( 2802): at android.os.Looper.loopOnce(Looper.java:201)
04-06 02:10:13.598 E/AndroidRuntime( 2802): at android.os.Looper.loop(Looper.java:288)
04-06 02:10:13.598 E/AndroidRuntime( 2802): at android.app.ActivityThread.main(ActivityThread.java:7880)
04-06 02:10:13.598 E/AndroidRuntime( 2802): at java.lang.reflect.Method.invoke(Native Method)
04-06 02:10:13.598 E/AndroidRuntime( 2802): at com.android.internal.os.RuntimeInit$MethodAndArgsCaller.run(RuntimeInit.java:548)
04-06 02:10:13.598 E/AndroidRuntime( 2802): at com.android.internal.os.ZygoteInit.main(ZygoteInit.java:1009)
04-06 02:10:13.598 E/AndroidRuntime( 2802): Caused by: java.lang.ClassNotFoundException: android.hidl.manager.V1_0.IServiceNotification$Stub
04-06 02:10:13.598 E/AndroidRuntime( 2802): ... 11 more
04-06 02:10:13.607 I/DropBoxManagerService( 1508): add tag=system_app_crash isTagEnabled=true flags=0x2
04-06 02:10:13.613 E/BootReceiver( 1508): Could not open /sys/kernel/tracing/instances/bootreceiver/trace_pipe
04-06 02:10:13.613 E/BootReceiver( 1508): android.system.ErrnoException: open failed: ENOENT (No such file or directory)
04-06 02:10:13.613 E/BootReceiver( 1508): at libcore.io.Linux.open(Native Method)
04-06 02:10:13.613 E/BootReceiver( 1508): at libcore.io.ForwardingOs.open(ForwardingOs.java:567)
04-06 02:10:13.613 E/BootReceiver( 1508): at libcore.io.BlockGuardOs.open(BlockGuardOs.java:273)
04-06 02:10:13.613 E/BootReceiver( 1508): at android.system.Os.open(Os.java:501)
04-06 02:10:13.613 E/BootReceiver( 1508): at com.android.server.BootReceiver.onReceive(BootReceiver.java:167)
04-06 02:10:13.613 E/BootReceiver( 1508): at android.app.ActivityThread.handleReceiver(ActivityThread.java:4309)
04-06 02:10:13.613 E/BootReceiver( 1508): at android.app.ActivityThread.access$1600(ActivityThread.java:248)
04-06 02:10:13.613 E/BootReceiver( 1508): at android.app.ActivityThread$H.handleMessage(ActivityThread.java:2065)
04-06 02:10:13.613 E/BootReceiver( 1508): at android.os.Handler.dispatchMessage(Handler.java:106)
04-06 02:10:13.613 E/BootReceiver( 1508): at android.os.Looper.loopOnce(Looper.java:201)
04-06 02:10:13.613 E/BootReceiver( 1508): at android.os.Looper.loop(Looper.java:288)
04-06 02:10:13.613 E/BootReceiver( 1508): at com.android.server.SystemServer.run(SystemServer.java:909)
04-06 02:10:13.613 E/BootReceiver( 1508): at com.android.server.SystemServer.main(SystemServer.java:616)
04-06 02:10:13.613 E/BootReceiver( 1508): at java.lang.reflect.Method.invoke(Native Method)
04-06 02:10:13.613 E/BootReceiver( 1508): at com.android.internal.os.RuntimeInit$MethodAndArgsCaller.run(RuntimeInit.java:548)
04-06 02:10:13.613 E/BootReceiver( 1508): at com.android.internal.os.ZygoteInit.main(ZygoteInit.java:987)
04-06 02:10:13.614 I/DropBoxManagerService( 1508): add tag=system_server_wtf isTagEnabled=true flags=0x2
04-06 02:10:13.619 I/BootReceiver( 1508): No existing last log timestamp file /data/system/log-files.xml; starting empty
04-06 02:10:13.621 I/DropBoxManagerService( 1508): add tag=SYSTEM_BOOT isTagEnabled=true flags=0x2
04-06 02:10:13.622 I/BootReceiver( 1508): Copying audit failures to DropBox
04-06 02:10:13.623 I/BootReceiver( 1508): Checking for fsck errors
04-06 02:10:13.623 I/BootReceiver( 1508): fs_stat, partition:dsp_a stat:0x3
04-06 02:10:13.624 I/BootReceiver( 1508): fs_stat, partition:persist stat:0x40b
04-06 02:10:13.647 I/ActivityManager( 1508): Process com.qualcomm.qti.devicestatisticsservice (pid 2802) has died: pers PER
04-06 02:10:13.648 W/ActivityManager( 1508): Scheduling restart of crashed service com.qualcomm.qti.devicestatisticsservice/.DeviceStatisticsService in 0ms for persistent
04-06 02:10:13.649 W/ActivityManager( 1508): Re-adding persistent process ProcessRecord{ea22c2b 2802:com.qualcomm.qti.devicestatisticsservice/u0a62}
04-06 02:10:13.649 D/CompatibilityChangeReporter( 1508): Compat change id reported: 135634846; UID 10062; state: DISABLED
04-06 02:10:13.649 D/CompatibilityChangeReporter( 1508): Compat change id reported: 177438394; UID 10062; state: DISABLED
04-06 02:10:13.649 D/CompatibilityChangeReporter( 1508): Compat change id reported: 135772972; UID 10062; state: DISABLED
04-06 02:10:13.649 D/CompatibilityChangeReporter( 1508): Compat change id reported: 135754954; UID 10062; state: ENABLED
04-06 02:10:13.649 D/CompatibilityChangeReporter( 1508): Compat change id reported: 143937733; UID 10062; state: ENABLED
04-06 02:10:13.651 D/CompatibilityChangeReporter( 1508): Compat change id reported: 168419799; UID 10068; state: DISABLED
04-06 02:10:13.657 I/ActivityManager( 1508): Start proc 3881:com.qualcomm.qti.devicestatisticsservice/u0a62 for restart com.qualcomm.qti.devicestatisticsservice
04-06 02:10:13.670 D/CompatibilityChangeReporter( 1508): Compat change id reported: 135634846; UID 1000; state: DISABLED
04-06 02:10:13.670 D/CompatibilityChangeReporter( 1508): Compat change id reported: 177438394; UID 1000; state: DISABLED
04-06 02:10:13.670 D/CompatibilityChangeReporter( 1508): Compat change id reported: 135772972; UID 1000; state: DISABLED
04-06 02:10:13.671 D/CompatibilityChangeReporter( 1508): Compat change id reported: 135754954; UID 1000; state: ENABLED
01-01 08:01:32.508 I/binder ( 0): 3881:3881 ioctl 40046210 7fd41ed904 returned -22
01-01 08:01:32.509 I/binder ( 0): 3375:3899 ioctl 40046210 7849b0c604 returned -22
04-06 02:10:13.678 I/NotificationService( 1508): Cannot find enqueued record for key: 0|android|13|PreBootBroadcaster|1000
04-06 02:10:13.678 I/ActivityManager( 1508): Start proc 3903:com.qti.diagservices/1000 for broadcast {com.qti.diagservices/com.qti.diagservices.Diag_OnBoot}
04-06 02:10:13.682 I/NotificationService( 1508): Cannot find enqueued record for key: 0|android|13|PreBootBroadcaster|1000
01-01 08:01:32.528 I/binder ( 0): 3903:3903 ioctl 40046210 7fd41ed904 returned -22
04-06 02:10:13.707 I/MicroServiceManager( 1508): requestResult(requestAudioFocus) parameters is{"functionInfo":{"IDCM_AudioFocus":"AudioFocus_Media"}}.
04-06 02:10:13.720 W/ContextImpl( 3903): Calling a method in the system process without a qualified user: android.app.ContextImpl.startService:1816 android.content.ContextWrapper.startService:774 android.content.ContextWrapper.startService:774 com.qti.diagservices.Diag_OnBoot.onReceive:40 android.app.ActivityThread.handleReceiver:4309
04-06 02:10:13.729 I/Telecom ( 1508): DefaultDialerCache: Refreshing default dialer for user 0: now null: DDC.oR@AAw
04-06 02:10:13.730 I/Telecom ( 1508): MissedCallNotifierImpl: reloadAfterBootComplete: user=0: TSBCR.oR@AA0
01-01 08:01:32.569 W/audit ( 0): audit_lost=1 audit_rate_limit=5 audit_backlog_limit=64
01-01 08:01:32.569 E/audit ( 0): rate limit exceeded
04-06 02:10:13.731 I/Telecom ( 1508): MissedCallNotifierImpl: reloadAfterBootComplete: user=0: TSBCR.oR@AA0
04-06 02:10:13.732 D/CompatibilityChangeReporter( 1508): Compat change id reported: 135634846; UID 1000; state: DISABLED
04-06 02:10:13.732 D/CompatibilityChangeReporter( 1508): Compat change id reported: 177438394; UID 1000; state: DISABLED
04-06 02:10:13.732 D/CompatibilityChangeReporter( 1508): Compat change id reported: 135772972; UID 1000; state: DISABLED
04-06 02:10:13.732 D/CompatibilityChangeReporter( 1508): Compat change id reported: 135754954; UID 1000; state: ENABLED
04-06 02:10:13.742 I/ActivityManager( 1508): Start proc 3925:com.android.dynsystem/1000 for broadcast {com.android.dynsystem/com.android.dynsystem.BootCompletedReceiver}
04-06 02:10:13.743 I/GameModeConfig( 1508): isGameModeOn = false
04-06 02:10:13.745 W/NotificationHistory( 1508): Attempted to add notif for locked/gone/disabled user 0
01-01 08:01:32.598 I/binder ( 0): 3925:3925 ioctl 40046210 7fd41ed904 returned -22
04-06 02:10:13.768 D/CompatibilityChangeReporter( 1508): Compat change id reported: 168419799; UID 1000; state: DISABLED
04-06 02:10:13.804 D/CompatibilityChangeReporter( 1508): Compat change id reported: 135634846; UID 1000; state: DISABLED
04-06 02:10:13.804 D/CompatibilityChangeReporter( 1508): Compat change id reported: 177438394; UID 1000; state: DISABLED
04-06 02:10:13.805 D/CompatibilityChangeReporter( 1508): Compat change id reported: 135772972; UID 1000; state: DISABLED
04-06 02:10:13.805 D/CompatibilityChangeReporter( 1508): Compat change id reported: 135754954; UID 1000; state: ENABLED
04-06 02:10:13.806 D/CompatibilityChangeReporter( 1508): Compat change id reported: 135634846; UID 10065; state: DISABLED
04-06 02:10:13.807 D/CompatibilityChangeReporter( 1508): Compat change id reported: 177438394; UID 10065; state: DISABLED
04-06 02:10:13.807 D/CompatibilityChangeReporter( 1508): Compat change id reported: 135772972; UID 10065; state: DISABLED
04-06 02:10:13.807 D/CompatibilityChangeReporter( 1508): Compat change id reported: 135754954; UID 10065; state: DISABLED
04-06 02:10:13.813 I/ActivityManager( 1508): Start proc 3945:com.android.dynsystem:dynsystem/1000 for service {com.android.dynsystem/com.android.dynsystem.DynamicSystemInstallationService}
04-06 02:10:13.813 D/CompatibilityChangeReporter( 1508): Compat change id reported: 143937733; UID 10065; state: DISABLED
04-06 02:10:13.822 I/ActivityManager( 1508): Start proc 3947:com.android.gallery3d/u0a65 for broadcast {com.android.gallery3d/com.android.camera.DisableCameraReceiver}
01-01 08:01:32.665 I/binder ( 0): 3945:3945 ioctl 40046210 7fd41ed904 returned -22
01-01 08:01:32.675 I/binder ( 0): 3947:3947 ioctl 40046210 7fd41ed904 returned -22
04-06 02:10:13.884 D/CompatibilityChangeReporter( 1508): Compat change id reported: 168419799; UID 10065; state: DISABLED
04-06 02:10:13.887 D/CompatibilityChangeReporter( 1508): Compat change id reported: 181136395; UID 1000; state: DISABLED
04-06 02:10:13.888 D/CompatibilityChangeReporter( 1508): Compat change id reported: 174042936; UID 1000; state: DISABLED
04-06 02:10:13.892 D/CompatibilityChangeReporter( 1508): Compat change id reported: 168419799; UID 10065; state: DISABLED
04-06 02:10:13.892 W/ActivityManager( 1508): Slow operation: 52ms so far, now at attachApplicationLocked: after sendPendingBroadcastsLocked
04-06 02:10:13.902 I/DynamicSystemService( 1508): isInstalled(): false
04-06 02:10:13.909 I/vold ( 519): Bind mounting /mnt/runtime/default/emulated/0/Android/data on /mnt/user/0/emulated/0/Android/data
04-06 02:10:13.909 I/vold ( 519): Bind mounted /mnt/runtime/default/emulated/0/Android/data on /mnt/user/0/emulated/0/Android/data
04-06 02:10:13.909 I/vold ( 519): Bind mounting /mnt/runtime/default/emulated/0/Android/obb on /mnt/user/0/emulated/0/Android/obb
04-06 02:10:13.910 I/vold ( 519): Bind mounted /mnt/runtime/default/emulated/0/Android/obb on /mnt/user/0/emulated/0/Android/obb
04-06 02:10:13.910 I/vold ( 519): Bind mounting /mnt/runtime/write/emulated/0/Android/obb on /mnt/installer/0/emulated/0/Android/obb
04-06 02:10:13.910 I/vold ( 519): Bind mounted /mnt/runtime/write/emulated/0/Android/obb on /mnt/installer/0/emulated/0/Android/obb
04-06 02:10:13.910 I/vold ( 519): Configuring read_ahead of /mnt/user/0/emulated fuse filesystem to 256kb
04-06 02:10:13.910 I/vold ( 519): Writing 256 to /sys/class/bdi/0:54/read_ahead_kb
04-06 02:10:13.910 I/vold ( 519): Configuring max_ratio of /mnt/user/0/emulated fuse filesystem to 40
04-06 02:10:13.910 I/vold ( 519): Writing 40 to /sys/class/bdi/0:54/max_ratio
04-06 02:10:13.910 I/StorageManagerService( 1508): Mounted volume VolumeInfo{emulated;0}:
04-06 02:10:13.910 I/StorageManagerService( 1508): type=EMULATED diskId=null partGuid= mountFlags=PRIMARY|VISIBLE
04-06 02:10:13.910 I/StorageManagerService( 1508): mountUserId=0 state=MOUNTED
04-06 02:10:13.910 I/StorageManagerService( 1508): fsType=null fsUuid=null fsLabel=null
04-06 02:10:13.910 I/StorageManagerService( 1508): path=/storage/emulated internalPath=/data/media
04-06 02:10:13.911 I/StorageSessionController( 1508): Notifying volume state changed for session with id: emulated;0
04-06 02:10:13.911 W/StorageManagerService( 1508): Reporting emulated;0 unmounted due to system locked
04-06 02:10:13.913 W/StorageManagerService( 1508): Reporting emulated;0 unmounted due to system locked
04-06 02:10:13.916 W/StorageManagerService( 1508): Reporting emulated;0 unmounted due to system locked
04-06 02:10:13.917 W/StorageManagerService( 1508): Reporting emulated;0 unmounted due to system locked
04-06 02:10:13.919 I/StorageSessionController( 1508): Notifying volume state changed for session with id: emulated;0
04-06 02:10:13.935 D/CompatibilityChangeReporter( 1508): Compat change id reported: 135634846; UID 10067; state: DISABLED
04-06 02:10:13.935 D/CompatibilityChangeReporter( 1508): Compat change id reported: 177438394; UID 10067; state: DISABLED
04-06 02:10:13.935 D/CompatibilityChangeReporter( 1508): Compat change id reported: 135772972; UID 10067; state: DISABLED
04-06 02:10:13.936 D/CompatibilityChangeReporter( 1508): Compat change id reported: 135754954; UID 10067; state: ENABLED
04-06 02:10:13.936 D/CompatibilityChangeReporter( 1508): Compat change id reported: 143937733; UID 10067; state: ENABLED
01-01 08:01:32.781 I/IRQ 5 ( 0): no longer affine to CPU4
04-06 02:10:13.945 I/ActivityManager( 1508): Start proc 3986:com.android.inputmethod.latin/u0a67 for broadcast {com.android.inputmethod.latin/com.android.inputmethod.latin.SystemBroadcastReceiver}
04-06 02:10:13.945 I/StorageSessionController( 1508): Notifying volume state changed for session with id: emulated;0
04-06 02:10:13.954 D/StorageManagerService( 1508): Volume emulated;0 broadcasting mounted to UserHandle{0}
04-06 02:10:13.956 D/StorageManagerService( 1508): Volume emulated;0 broadcasting checking to UserHandle{0}
04-06 02:10:13.957 D/StorageManagerService( 1508): Volume emulated;0 broadcasting mounted to UserHandle{0}
01-01 08:01:32.801 I/binder ( 0): 3986:3986 ioctl 40046210 7fd41ed904 returned -22
04-06 02:10:13.967 D/CompatibilityChangeReporter( 1508): Compat change id reported: 168419799; UID 10067; state: DISABLED
04-06 02:10:13.981 W/OverlayManager( 1508): service 'idmap' died
04-06 02:10:14.043 I/ActivityManager( 1508): Process com.android.inputmethod.latin (pid 3986) has died: fg RCVR
04-06 02:10:14.050 D/CompatibilityChangeReporter( 1508): Compat change id reported: 168419799; UID 10027; state: DISABLED
04-06 02:10:14.066 D/CompatibilityChangeReporter( 1508): Compat change id reported: 135634846; UID 10084; state: DISABLED
04-06 02:10:14.067 D/CompatibilityChangeReporter( 1508): Compat change id reported: 177438394; UID 10084; state: DISABLED
04-06 02:10:14.067 D/CompatibilityChangeReporter( 1508): Compat change id reported: 135772972; UID 10084; state: DISABLED
04-06 02:10:14.067 D/CompatibilityChangeReporter( 1508): Compat change id reported: 135754954; UID 10084; state: ENABLED
04-06 02:10:14.068 D/CompatibilityChangeReporter( 1508): Compat change id reported: 143937733; UID 10084; state: ENABLED
04-06 02:10:14.074 I/ActivityManager( 1508): Start proc 4070:com.android.music/u0a84 for broadcast {com.android.music/com.android.music.MediaPlaybackReceiver}
01-01 08:01:32.939 I/binder ( 0): 4070:4070 ioctl 40046210 7fd41ed904 returned -22
04-06 02:10:14.163 D/CompatibilityChangeReporter( 1508): Compat change id reported: 149924527; UID 10091; state: ENABLED
04-06 02:10:14.163 W/ActivityManager( 1508): Slow operation: 58ms so far, now at attachApplicationLocked: before bindApplication
04-06 02:10:14.164 D/CompatibilityChangeReporter( 1508): Compat change id reported: 132649864; UID 10091; state: DISABLED
04-06 02:10:14.165 D/CompatibilityChangeReporter( 1508): Compat change id reported: 168419799; UID 10084; state: DISABLED
04-06 02:10:14.165 D/CompatibilityChangeReporter( 1508): Compat change id reported: 182734110; UID 10091; state: DISABLED
04-06 02:10:14.165 W/ActivityManager( 1508): Slow operation: 59ms so far, now at attachApplicationLocked: immediately before bindApplication
04-06 02:10:14.166 W/ActivityManager( 1508): Slow operation: 61ms so far, now at attachApplicationLocked: immediately after bindApplication
04-06 02:10:14.166 W/ActivityManager( 1508): Slow operation: 61ms so far, now at attachApplicationLocked: after updateLruProcessLocked
04-06 02:10:14.166 W/ActivityManager( 1508): Slow operation: 61ms so far, now at attachApplicationLocked: after mServices.attachApplicationLocked
04-06 02:10:14.168 W/ActivityManager( 1508): Slow operation: 62ms so far, now at attachApplicationLocked: after sendPendingBroadcastsLocked
04-06 02:10:14.191 D/CompatibilityChangeReporter( 1508): Compat change id reported: 168419799; UID 10031; state: DISABLED
04-06 02:10:14.221 D/CompatibilityChangeReporter( 1508): Compat change id reported: 135634846; UID 1027; state: DISABLED
04-06 02:10:14.229 I/ActivityManager( 1508): Start proc 4099:com.android.nfc/1027 for broadcast {com.android.nfc/com.android.nfc.NfcBootCompletedReceiver}
04-06 02:10:14.231 D/CompatibilityChangeReporter( 1508): Compat change id reported: 172100307; UID 10091; state: DISABLED
01-01 08:01:33.080 I/binder ( 0): 4099:4099 ioctl 40046210 7fd41ed904 returned -22
04-06 02:10:14.248 D/CompatibilityChangeReporter( 1508): Compat change id reported: 168419799; UID 1027; state: DISABLED
04-06 02:10:14.326 I/ActivityManager( 1508): Killing 4099:com.android.nfc/1027 (adj 0): change com.android.nfc
04-06 02:10:14.328 D/CompanionDeviceManagerService( 1508): onPackageModified(packageName = com.android.nfc)
04-06 02:10:14.329 D/CompatibilityChangeReporter( 1508): Compat change id reported: 135634846; UID 10059; state: DISABLED
04-06 02:10:14.329 D/CompatibilityChangeReporter( 1508): Compat change id reported: 177438394; UID 10059; state: DISABLED
04-06 02:10:14.329 D/CompatibilityChangeReporter( 1508): Compat change id reported: 135772972; UID 10059; state: DISABLED
04-06 02:10:14.329 D/CompatibilityChangeReporter( 1508): Compat change id reported: 135754954; UID 10059; state: ENABLED
04-06 02:10:14.330 D/CompatibilityChangeReporter( 1508): Compat change id reported: 143937733; UID 10059; state: ENABLED
04-06 02:10:14.331 I/Telecom ( 1508): DefaultDialerCache: Refreshing default dialer for user 0: now null: DDC.oR@ABI
04-06 02:10:14.339 I/ActivityManager( 1508): Start proc 4124:com.android.onetimeinitializer/u0a59 for broadcast {com.android.onetimeinitializer/com.android.onetimeinitializer.OneTimeInitializerReceiver}
01-01 08:01:33.185 I/binder ( 0): 4124:4124 ioctl 40046210 7fd41ed904 returned -22
04-06 02:10:14.352 D/CompatibilityChangeReporter( 1508): Compat change id reported: 168419799; UID 10059; state: DISABLED
01-01 08:01:33.209 I/binder ( 0): undelivered TRANSACTION_COMPLETE
01-01 08:01:33.210 I/binder ( 0): undelivered transaction 50838, process died.
01-01 08:01:33.226 I/ ( 0): read descriptors
01-01 08:01:33.226 I/ ( 0): read strings
04-06 02:10:14.435 E/ActivityThread( 4124): Failed to find provider info for com.android.launcher2.settings
04-06 02:10:14.445 W/VoiceInteractionManager( 1508): no available voice recognition services found for user 0
04-06 02:10:14.455 I/ActivityManager( 1508): com.android.packageinstaller is exempt from freezer
04-06 02:10:14.455 D/CompatibilityChangeReporter( 1508): Compat change id reported: 135634846; UID 10033; state: DISABLED
