04-06 02:11:58.692 D/LOWI-9.0.0.87.a( 1416): [LOWI-Scan] decode_rsn_wpa_ie: LOWI_ENCRYPTION_TYPE_WPA_PSK
04-06 02:11:58.692 D/LOWI-9.0.0.87.a( 1416): [LOWI-Scan] is_qcom_ie, bss_age: 0
04-06 02:11:58.692 D/LOWI-9.0.0.87.a( 1416): [LOWI-Scan] BSS 68:db:54:a1:05:ff LOWI_PHY_MODE_11NG_HT20(5), Beacon Interval: 100, LOWI_ENCRYPTION_TYPE_WPA_PSK 11mcRanging: No, ANQP: No, LCI: No, Civic: No, capability(0x0c11): ESS Privacy ShortSlotTime APSD
04-06 02:11:58.692 D/LOWI-9.0.0.87.a( 1416): [LOWI-Scan] BSS 68:db:54:a1:05:ff FREQ: 2422, cFreq1[40:80:160] = [2422:0:0] cFreq2 = 0 Country Code = CN
04-06 02:11:58.692 D/LOWI-9.0.0.87.a( 1416): [LOWI-Scan] BSS 68:db:54:a1:05:ff (wlan0) ASSO: NO AddInfo: 0x1, TSF 0, 00:02:09.224, RSSI: -178, CPL: 127, AGE: 920, SSID @PHICOMM_FD, TSFDelta: 0x1a481885, TXRate: 0
04-06 02:11:58.693 D/LOWI-9.0.0.87.a( 1416): [LOWI-Scan]
04-06 02:11:58.693 D/LOWI-9.0.0.87.a( 1416): [LOWI-Scan] print_bss_handler: Report beacon TSF 129465647 as it greater than probe TSF 129465647
04-06 02:11:58.693 D/LOWI-9.0.0.87.a( 1416): [LOWI-Scan] is_qcom_ie, bss_age: 0
04-06 02:11:58.693 D/LOWI-9.0.0.87.a( 1416): [LOWI-Scan] BSS 14:51:7e:52:1a:23 LOWI_PHY_MODE_11AC_VHT20_2G(11), Beacon Interval: 100, LOWI_ENCRYPTION_TYPE_OPEN 11mcRanging: No, ANQP: Yes, LCI: No, Civic: No, capability(0x1c21): ESS ShortPreamble ShortSlotTime APSD
04-06 02:11:58.693 D/LOWI-9.0.0.87.a( 1416): [LOWI-Scan] BSS 14:51:7e:52:1a:23 FREQ: 2437, cFreq1[40:80:160] = [2437:0:0] cFreq2 = 0 Country Code = CN
04-06 02:11:58.693 D/LOWI-9.0.0.87.a( 1416): [LOWI-Scan] BSS 14:51:7e:52:1a:23 (wlan0) ASSO: NO AddInfo: 0x1, TSF 0, 00:02:09.465, RSSI: -146, CPL: 127, AGE: 680, SSID , TSFDelta: 0x4133a7e7, TXRate: 0
04-06 02:11:58.693 D/LOWI-9.0.0.87.a( 1416): [LOWI-Scan]
04-06 02:11:58.693 D/LOWI-9.0.0.87.a( 1416): [LOWI-Scan] print_bss_handler: Report beacon TSF 129469307 as it greater than probe TSF 129469307
04-06 02:11:58.693 D/LOWI-9.0.0.87.a( 1416): [LOWI-Scan] decode_rsn_wpa_ie: LOWI_ENCRYPTION_TYPE_WPA_PSK
04-06 02:11:58.693 D/LOWI-9.0.0.87.a( 1416): [LOWI-Scan] is_qcom_ie, bss_age: 0
04-06 02:11:58.693 D/LOWI-9.0.0.87.a( 1416): [LOWI-Scan] BSS 1a:51:7e:52:1a:23 LOWI_PHY_MODE_11AC_VHT20_2G(11), Beacon Interval: 100, LOWI_ENCRYPTION_TYPE_WPA_PSK 11mcRanging: No, ANQP: Yes, LCI: No, Civic: No, capability(0x1c31): ESS Privacy ShortPreamble ShortSlotTime APSD
04-06 02:11:58.693 D/LOWI-9.0.0.87.a( 1416): [LOWI-Scan] BSS 1a:51:7e:52:1a:23 FREQ: 2437, cFreq1[40:80:160] = [0:0:0] cFreq2 = 0 Country Code = CN
04-06 02:11:58.693 D/LOWI-9.0.0.87.a( 1416): [LOWI-Scan] BSS 1a:51:7e:52:1a:23 (wlan0) ASSO: NO AddInfo: 0x1, TSF 0, 00:02:09.469, RSSI: -146, CPL: 127, AGE: 676, SSID H3C_EPOCH, TSFDelta: 0x4151eddb, TXRate: 0
04-06 02:11:58.693 D/LOWI-9.0.0.87.a( 1416): [LOWI-Scan]
04-06 02:11:58.693 D/LOWI-9.0.0.87.a( 1416): [LOWI-Scan] print_bss_handler: Report beacon TSF 129472771 as it greater than probe TSF 129472771
04-06 02:11:58.693 D/LOWI-9.0.0.87.a( 1416): [LOWI-Scan] decode_rsn_wpa_ie: LOWI_ENCRYPTION_TYPE_WPA_PSK
04-06 02:11:58.693 D/LOWI-9.0.0.87.a( 1416): [LOWI-Scan] is_qcom_ie, bss_age: 0
04-06 02:11:58.693 D/LOWI-9.0.0.87.a( 1416): [LOWI-Scan] BSS 1c:51:7e:52:1a:23 LOWI_PHY_MODE_11AC_VHT20_2G(11), Beacon Interval: 100, LOWI_ENCRYPTION_TYPE_WPA_PSK 11mcRanging: No, ANQP: Yes, LCI: No, Civic: No, capability(0x0431): ESS Privacy ShortPreamble ShortSlotTime
04-06 02:11:58.694 D/LOWI-9.0.0.87.a( 1416): [LOWI-Scan] BSS 1c:51:7e:52:1a:23 FREQ: 2437, cFreq1[40:80:160] = [0:0:0] cFreq2 = 0 Country Code = CN
04-06 02:11:58.694 D/LOWI-9.0.0.87.a( 1416): [LOWI-Scan] BSS 1c:51:7e:52:1a:23 (wlan0) ASSO: NO AddInfo: 0x1, TSF 0, 00:02:09.472, RSSI: -146, CPL: 127, AGE: 672, SSID H3C_EPOCH_ETH10, TSFDelta: 0x416f4fb0, TXRate: 0
04-06 02:11:58.694 D/LOWI-9.0.0.87.a( 1416): [LOWI-Scan]
04-06 02:11:58.694 D/LOWI-9.0.0.87.a( 1416): [LOWI-Scan] print_bss_handler: Report beacon TSF 129478485 as it greater than probe TSF 129478485
04-06 02:11:58.694 D/LOWI-9.0.0.87.a( 1416): [LOWI-Scan] decode_rsn_wpa_ie: LOWI_ENCRYPTION_TYPE_WPA_PSK
04-06 02:11:58.694 D/LOWI-9.0.0.87.a( 1416): [LOWI-Scan] is_qcom_ie, bss_age: 0
04-06 02:11:58.694 D/LOWI-9.0.0.87.a( 1416): [LOWI-Scan] BSS ee:60:73:e9:af:fe LOWI_PHY_MODE_11NG_HT40(7), Beacon Interval: 100, LOWI_ENCRYPTION_TYPE_WPA_PSK 11mcRanging: No, ANQP: No, LCI: No, Civic: No, capability(0x0411): ESS Privacy ShortSlotTime
04-06 02:11:58.694 D/LOWI-9.0.0.87.a( 1416): [LOWI-Scan] BSS ee:60:73:e9:af:fe FREQ: 2437, cFreq1[40:80:160] = [2427:0:0] cFreq2 = 0 Country Code = CN
04-06 02:11:58.694 D/LOWI-9.0.0.87.a( 1416): [LOWI-Scan] BSS ee:60:73:e9:af:fe (wlan0) ASSO: NO AddInfo: 0x1, TSF 0, 00:02:09.478, RSSI: -158, CPL: 127, AGE: 668, SSID , TSFDelta: 0x9aa28a1a, TXRate: 0
04-06 02:11:58.694 D/LOWI-9.0.0.87.a( 1416): [LOWI-Scan]
04-06 02:11:58.694 D/LOWI-9.0.0.87.a( 1416): [LOWI-Scan] print_bss_handler: Report beacon TSF 129481424 as it greater than probe TSF 129481424
04-06 02:11:58.694 D/LOWI-9.0.0.87.a( 1416): [LOWI-Scan] decode_rsn_wpa_ie: LOWI_ENCRYPTION_TYPE_WPA_PSK
04-06 02:11:58.694 D/LOWI-9.0.0.87.a( 1416): [LOWI-Scan] is_qcom_ie, bss_age: 0
04-06 02:11:58.694 D/LOWI-9.0.0.87.a( 1416): [LOWI-Scan] BSS 22:51:7e:52:1a:23 LOWI_PHY_MODE_11AC_VHT20_2G(11), Beacon Interval: 100, LOWI_ENCRYPTION_TYPE_WPA_PSK 11mcRanging: No, ANQP: Yes, LCI: No, Civic: No, capability(0x0431): ESS Privacy ShortPreamble ShortSlotTime
04-06 02:11:58.694 D/LOWI-9.0.0.87.a( 1416): [LOWI-Scan] BSS 22:51:7e:52:1a:23 FREQ: 2437, cFreq1[40:80:160] = [0:0:0] cFreq2 = 0 Country Code = CN
04-06 02:11:58.694 D/LOWI-9.0.0.87.a( 1416): [LOWI-Scan] BSS 22:51:7e:52:1a:23 (wlan0) ASSO: NO AddInfo: 0x1, TSF 0, 00:02:09.481, RSSI: -146, CPL: 127, AGE: 664, SSID H3C_EPOCH_WIFI5_4G, TSFDelta: 0x41b07fe8, TXRate: 0
04-06 02:11:58.694 D/LOWI-9.0.0.87.a( 1416): [LOWI-Scan]
04-06 02:11:58.694 D/LOWI-9.0.0.87.a( 1416): [LOWI-Scan] print_bss_handler: Report beacon TSF 129839686 as it greater than probe TSF 129839686
04-06 02:11:58.694 D/LOWI-9.0.0.87.a( 1416): [LOWI-Scan] decode_rsn_wpa_ie: LOWI_ENCRYPTION_TYPE_WPA_PSK
04-06 02:11:58.695 D/LOWI-9.0.0.87.a( 1416): [LOWI-Scan] is_qcom_ie, bss_age: 0
04-06 02:11:58.695 D/LOWI-9.0.0.87.a( 1416): [LOWI-Scan] BSS 36:80:9b:cb:a2:73 LOWI_PHY_MODE_11NG_HT20(5), Beacon Interval: 100, LOWI_ENCRYPTION_TYPE_WPA_PSK 11mcRanging: No, ANQP: No, LCI: No, Civic: No, capability(0x0411): ESS Privacy ShortSlotTime
04-06 02:11:58.695 D/LOWI-9.0.0.87.a( 1416): [LOWI-Scan] BSS 36:80:9b:cb:a2:73 FREQ: 2457, cFreq1[40:80:160] = [2457:0:0] cFreq2 = 0 Country Code =
04-06 02:11:58.695 D/LOWI-9.0.0.87.a( 1416): [LOWI-Scan] BSS 36:80:9b:cb:a2:73 (wlan0) ASSO: NO AddInfo: 0x1, TSF 0, 00:02:09.839, RSSI: -178, CPL: 127, AGE: 308, SSID FW, TSFDelta: 0x94bbbbf1, TXRate: 0
04-06 02:11:58.695 D/LOWI-9.0.0.87.a( 1416): [LOWI-Scan]
04-06 02:11:58.695 D/LOWI-9.0.0.87.a( 1416): [LOWI-Scan] print_bss_handler: Report beacon TSF 129907868 as it greater than probe TSF 129907868
04-06 02:11:58.695 D/LOWI-9.0.0.87.a( 1416): [LOWI-Scan] decode_rsn_wpa_ie: LOWI_ENCRYPTION_TYPE_WPA_PSK
04-06 02:11:58.695 D/LOWI-9.0.0.87.a( 1416): [LOWI-Scan] is_qcom_ie, bss_age: 0
04-06 02:11:58.695 D/LOWI-9.0.0.87.a( 1416): [LOWI-Scan] BSS 34:f7:16:b2:4c:1e LOWI_PHY_MODE_11NG_HT20(5), Beacon Interval: 100, LOWI_ENCRYPTION_TYPE_WPA_PSK 11mcRanging: No, ANQP: No, LCI: No, Civic: No, capability(0x1431): ESS Privacy ShortPreamble ShortSlotTime
04-06 02:11:58.695 D/LOWI-9.0.0.87.a( 1416): [LOWI-Scan] BSS 34:f7:16:b2:4c:1e FREQ: 2462, cFreq1[40:80:160] = [2462:0:0] cFreq2 = 0 Country Code =
04-06 02:11:58.695 D/LOWI-9.0.0.87.a( 1416): [LOWI-Scan] BSS 34:f7:16:b2:4c:1e (wlan0) ASSO: NO AddInfo: 0x1, TSF 0, 00:02:09.907, RSSI: -174, CPL: 127, AGE: 240, SSID martians, TSFDelta: 0x5d66676c, TXRate: 0
04-06 02:11:58.695 D/LOWI-9.0.0.87.a( 1416): [LOWIDiagLog] Log: lowiMeasResult->request: invalid null argument
04-06 02:11:58.695 I/LOWI-9.0.0.87.a( 1416): [LOWI-Scan] lowi_close_record:Scan done in 107196ms, 42 APs in scan results
04-06 02:11:58.695 D/LOWI-9.0.0.87.a( 1416): [LOWI-Scan] WipsScanUsingNL: passive scan cached 0, took 70004 ms, err 0
04-06 02:11:58.695 D/LOWI-9.0.0.87.a( 1416): [LOWI-Scan] lowi_proc_req_passive_scan_with_live_meas - No WLAN Frames to be parsed
04-06 02:11:58.695 D/LOWI-9.0.0.87.a( 1416): [LOWIScanResultReceiver] Send scan meas to listener
04-06 02:11:58.695 D/LOWI-9.0.0.87.a( 1416): [LOWIScanResultReceiver] Enter passive listening mode
04-06 02:11:58.695 D/LOWI-9.0.0.87.a( 1416): [LOWIWifiDriverInterface] getMeasurements - Passive listening mode
04-06 02:11:58.695 D/LOWI-9.0.0.87.a( 1416): [LOWIEventReceiver] handleEvent:FROM:NA, TO:NA, REQ:NA, IREQ:NA, REQ_ID:0, RESP:NA, INFO:NA
04-06 02:11:58.695 D/LOWI-9.0.0.87.a( 1416): [LOWIBackgroundScanMgr] isRspForBgScanMgr: evt(LOWI_NO_EVT) - not handled
04-06 02:11:58.695 D/LOWI-9.0.0.87.a( 1416): [LOWIScheduler] manageMsg: NULL results or NULL request in results
04-06 02:11:58.695 D/LOWI-9.0.0.87.a( 1416): [LOWIController] Measurements received
04-06 02:11:58.695 D/LOWI-9.0.0.87.a( 1416): [LOWI-Scan] WipsScanUsingNL:wait -1 sec for netlink message
04-06 02:11:58.696 D/LOWI-9.0.0.87.a( 1416): [LOWICacheManager] putInCache:Num of Meas to add: 42
04-06 02:11:58.697 D/LOWI-9.0.0.87.a( 1416): [LOWIController] processMeasurementResults: No current Request. Cache measurements
04-06 02:11:58.697 D/LOWI-9.0.0.87.a( 1416): [LOWIController] sendAsyncScanResponse: Request FreeWifiScanObserver_0 is from a different client.
04-06 02:11:58.697 D/LOWI-9.0.0.87.a( 1416): [LOWIController] generateResponse: Type (ASYNC_DISCOVERY_SCAN_RESULTS) ScanStatus (1) request FreeWifiScanObserver_0
04-06 02:11:58.697 D/LOWI-9.0.0.87.a( 1416): [LOWIEventDispatcher] sendResponse - originator = FreeWifiScanObserver
04-06 02:11:58.697 D/LOWI-9.0.0.87.a( 1416): [LOWIUtils] injectScanMeasurements - num of APs = 42
04-06 02:11:58.698 I/LOWI-9.0.0.87.a( 1416): [LOWIUtils] responseToOutPostcard - TO: FreeWifiScanObserver, FROM: LOWI-SERVER, RESP: LOWI_ASYNC_DISCOVERY_SCAN_RESULTS
04-06 02:11:58.699 D/LOWI-9.0.0.87.a( 1416): [LOWIControllerExtn] sendLOWILpDiscoveryScanResponse: Not a discovery scan response
04-06 02:11:58.702 W/IE_Capabilities( 1508): Unknown RSN cipher suite: 6ac0f00
04-06 02:11:58.754 W/WifiDebugService( 2786): Can not find target wifi network : hht_test_wifi_fc4318c9
04-06 02:11:58.782 W/hpplay-java( 3295): [main]:IPManager:getActiveNets invalid networkInfo:null
04-06 02:11:58.782 I/hpplay-java( 3295): [main]:IPManager:getActiveNets eth0:false wifi:false mobile:false ap:false
04-06 02:11:58.782 I/hpplay-java( 3295): [main]:ServerTaskManager:get local ip:null
04-06 02:11:58.920 I/mpu_uart( 651): [MSG-P:RECV]:No message received in 1000 ms
04-06 02:11:58.985 I/mpu_uart( 651): [MSG-P:R]:recv sync frame timeout
04-06 02:11:59.145 W/adbd ( 3149): timed out while waiting for FUNCTIONFS_BIND, trying again
04-06 02:11:59.145 I/adbd ( 3149): UsbFfs: connection terminated: monitor thread finished
04-06 02:11:59.145 I/adbd ( 3149): UsbFfs: already offline
04-06 02:11:59.145 I/adbd ( 3149): destroying transport UsbFfs
04-06 02:11:59.146 I/adbd ( 3149): UsbFfsConnection being destroyed
04-06 02:11:59.161 I/adbd ( 3149): opening control endpoint /dev/usb-ffs/adb/ep0
04-06 02:11:59.162 I/adbd ( 3149): UsbFfsConnection constructed
04-06 02:11:59.163 I/adbd ( 3149): UsbFfs-monitor thread spawned
01-01 08:03:17.998 I/ ( 0): read descriptors
01-01 08:03:17.998 I/ ( 0): read strings
04-06 02:11:59.784 W/hpplay-java( 3295): [main]:IPManager:getActiveNets invalid networkInfo:null
04-06 02:11:59.784 I/hpplay-java( 3295): [main]:IPManager:getActiveNets eth0:false wifi:false mobile:false ap:false
04-06 02:11:59.784 I/hpplay-java( 3295): [main]:ServerTaskManager:get local ip:null
04-06 02:11:59.920 I/mpu_uart( 651): [MSG-P:RECV]:No message received in 1000 ms
04-06 02:12:00.006 D/KeyguardUpdateMonitor( 2363): received broadcast android.intent.action.TIME_TICK
04-06 02:12:00.007 D/KeyguardUpdateMonitor( 2363): handleTimeUpdate
04-06 02:12:00.164 W/adbd ( 3149): timed out while waiting for FUNCTIONFS_BIND, trying again
04-06 02:12:00.164 I/adbd ( 3149): UsbFfs: connection terminated: monitor thread finished
04-06 02:12:00.165 I/adbd ( 3149): UsbFfs: already offline
04-06 02:12:00.165 I/adbd ( 3149): destroying transport UsbFfs
04-06 02:12:00.165 I/adbd ( 3149): UsbFfsConnection being destroyed
04-06 02:12:00.177 I/adbd ( 3149): opening control endpoint /dev/usb-ffs/adb/ep0
04-06 02:12:00.178 I/adbd ( 3149): UsbFfsConnection constructed
04-06 02:12:00.179 I/adbd ( 3149): UsbFfs-monitor thread spawned
01-01 08:03:19.014 I/ ( 0): read descriptors
01-01 08:03:19.014 I/ ( 0): read strings
04-06 02:12:00.787 W/hpplay-java( 3295): [main]:IPManager:getActiveNets invalid networkInfo:null
04-06 02:12:00.787 I/hpplay-java( 3295): [main]:IPManager:getActiveNets eth0:false wifi:false mobile:false ap:false
04-06 02:12:00.787 I/hpplay-java( 3295): [main]:ServerTaskManager:get local ip:null
04-06 02:12:00.921 I/mpu_uart( 651): [MSG-P:RECV]:No message received in 1000 ms
04-06 02:12:01.085 I/selfinstaller( 1199): create socket failed: Network is unreachable 101
04-06 02:12:01.116 E/tlogd ( 1366): [TzLogger](isPathReadable) file /sys/kernel/debug/tzdbg/qsee_log isn't exist or no permission, err: No such file or directory
04-06 02:12:01.116 E/tlogd ( 1366): [TzLogger](saveTzlogAsync) /sys/kernel/debug/tzdbg/qsee_log can not read.
04-06 02:12:01.117 E/tlogd ( 1366): [TzLogger](isPathReadable) file /sys/kernel/debug/tzdbg/log isn't exist or no permission, err: No such file or directory
04-06 02:12:01.117 E/tlogd ( 1366): [TzLogger](saveTzlogAsync) /sys/kernel/debug/tzdbg/log can not read.
04-06 02:12:01.180 W/adbd ( 3149): timed out while waiting for FUNCTIONFS_BIND, trying again
04-06 02:12:01.181 I/adbd ( 3149): UsbFfs: connection terminated: monitor thread finished
04-06 02:12:01.181 I/adbd ( 3149): UsbFfs: already offline
04-06 02:12:01.181 I/adbd ( 3149): destroying transport UsbFfs
04-06 02:12:01.181 I/adbd ( 3149): UsbFfsConnection being destroyed
04-06 02:12:01.192 I/adbd ( 3149): opening control endpoint /dev/usb-ffs/adb/ep0
04-06 02:12:01.195 I/adbd ( 3149): UsbFfsConnection constructed
04-06 02:12:01.196 I/adbd ( 3149): UsbFfs-monitor thread spawned
01-01 08:03:20.030 I/ ( 0): read descriptors
01-01 08:03:20.030 I/ ( 0): read strings
04-06 02:12:01.695 D/RemoteControlService( 2780): startVlanDispatchThread
04-06 02:12:01.789 W/hpplay-java( 3295): [main]:IPManager:getActiveNets invalid networkInfo:null
04-06 02:12:01.789 I/hpplay-java( 3295): [main]:IPManager:getActiveNets eth0:false wifi:false mobile:false ap:false
04-06 02:12:01.789 I/hpplay-java( 3295): [main]:ServerTaskManager:get local ip:null
04-06 02:12:01.921 I/mpu_uart( 651): [MSG-P:RECV]:No message received in 1000 ms
04-06 02:12:01.988 I/mpu_uart( 651): [MSG-P:R]:recv sync frame timeout
04-06 02:12:02.197 W/adbd ( 3149): timed out while waiting for FUNCTIONFS_BIND, trying again
04-06 02:12:02.197 I/adbd ( 3149): UsbFfs: connection terminated: monitor thread finished
04-06 02:12:02.197 I/adbd ( 3149): UsbFfs: already offline
04-06 02:12:02.197 I/adbd ( 3149): destroying transport UsbFfs
04-06 02:12:02.198 I/adbd ( 3149): UsbFfsConnection being destroyed
04-06 02:12:02.216 I/adbd ( 3149): opening control endpoint /dev/usb-ffs/adb/ep0
04-06 02:12:02.218 I/adbd ( 3149): UsbFfsConnection constructed
04-06 02:12:02.219 I/adbd ( 3149): UsbFfs-monitor thread spawned
01-01 08:03:21.054 I/ ( 0): read descriptors
01-01 08:03:21.054 I/ ( 0): read strings
01-01 08:03:21.222 E/DTC_ETH,link_delay_work_func( 0): 3003, SQI=0, link=0
04-06 02:12:02.791 W/hpplay-java( 3295): [main]:IPManager:getActiveNets invalid networkInfo:null
04-06 02:12:02.791 I/hpplay-java( 3295): [main]:IPManager:getActiveNets eth0:false wifi:false mobile:false ap:false
04-06 02:12:02.791 I/hpplay-java( 3295): [main]:ServerTaskManager:get local ip:null
04-06 02:12:02.921 I/mpu_uart( 651): [MSG-P:RECV]:No message received in 1000 ms
04-06 02:12:03.152 D/ActivityTrigger( 1508): ActivityTrigger activityPauseTrigger
04-06 02:12:03.162 I/DreamManagerService( 1508): Gently waking up from dream.
04-06 02:12:03.162 I/DreamManagerService( 1508): Performing gentle wake from dream.
04-06 02:12:03.164 I/ActivityTaskManager( 1508): FOREGROUND_APPLICATION_CHANGED to com.thundercomm.tcsetupwizard.TcSetupStartActivity
04-06 02:12:03.167 D/KeyguardViewMediator( 2363): setOccluded false
04-06 02:12:03.168 D/CompatibilityChangeReporter( 1508): Compat change id reported: 174042980; UID 1000; state: DISABLED
04-06 02:12:03.171 D/StatusBar( 2363): disable disable2
04-06 02:12:03.180 D/KeyguardViewMediator( 2363): adjustStatusBarLocked: mShowing=false mOccluded=false isSecure=false force=false --> flags=0x0
04-06 02:12:03.182 I/BpBinder( 1003): onLastStrongRef automatically unlinking death recipients:
04-06 02:12:03.193 I/MediaFocusControl( 1508): requestAudioFocus() from uid/pid 1000/2648 AA=USAGE_MEDIA/CONTENT_TYPE_MOVIE clientId=android.media.AudioManager@6d3b587 callingPack=com.thundercomm.tcsetupwizard req=1 flags=0x0 sdk=31
04-06 02:12:03.193 I/AudioService.FadeOutManager( 1508): unfadeOutUid() uid:1000
04-06 02:12:03.196 D/Avrcp_ext( 2345): AudioManager Player: AudioPlaybackConfiguration piid:103 deviceId:0 type:android.media.SoundPool u/pid:10078/2363 state:idle attr:AudioAttributes: usage=USAGE_ASSISTANCE_SONIFICATION content=CONTENT_TYPE_SONIFICATION flags=0x800 tags= bundle=null sessionId:0
04-06 02:12:03.196 D/Avrcp_ext( 2345): AudioManager Player: AudioPlaybackConfiguration piid:119 deviceId:0 type:android.media.SoundPool u/pid:1000/2562 state:idle attr:AudioAttributes: usage=USAGE_ASSISTANCE_SONIFICATION content=CONTENT_TYPE_SONIFICATION flags=0x801 tags= bundle=null sessionId:0
04-06 02:12:03.196 D/Avrcp_ext( 2345): AudioManager Player: AudioPlaybackConfiguration piid:135 deviceId:0 type:android.media.MediaPlayer u/pid:1000/2648 state:idle attr:AudioAttributes: usage=USAGE_UNKNOWN content=CONTENT_TYPE_UNKNOWN flags=0x800 tags= bundle=null sessionId:97
04-06 02:12:03.196 D/Avrcp_ext( 2345): AudioManager Player: AudioPlaybackConfiguration piid:95 deviceId:0 type:android.media.SoundPool u/pid:1000/1508 state:idle attr:AudioAttributes: usage=USAGE_ASSISTANCE_SONIFICATION content=CONTENT_TYPE_SONIFICATION flags=0x800 tags= bundle=null sessionId:0
04-06 02:12:03.196 D/Avrcp_ext( 2345): AudioManager isPlaying: false, mAudioPlaybackIsActive = false
04-06 02:12:03.197 D/Avrcp_ext( 2345): AudioManager Reset Active Player
04-06 02:12:03.204 I/MMParserExtractor( 1190): Created(0xb40000719fa57890)
04-06 02:12:03.204 E/MM_OSAL ( 1190): FileSource::FileSource
04-06 02:12:03.204 E/MM_OSAL ( 1190): FileSource::FileSource m_bEveryThingOK 1
04-06 02:12:03.209 W/MediaProvider( 3483): Failed to fetch original file descriptor
04-06 02:12:03.209 W/MediaProvider( 3483): java.io.FileNotFoundException: Input file descriptor is already original
04-06 02:12:03.209 W/MediaProvider( 3483): at com.android.providers.media.MediaProvider.getOriginalMediaFormatFileDescriptor(MediaProvider.java:5718)
04-06 02:12:03.209 W/MediaProvider( 3483): at com.android.providers.media.MediaProvider.openTypedAssetFileCommon(MediaProvider.java:7134)
04-06 02:12:03.209 W/MediaProvider( 3483): at com.android.providers.media.MediaProvider.openTypedAssetFile(MediaProvider.java:7115)
04-06 02:12:03.209 W/MediaProvider( 3483): at android.content.ContentProvider$Transport.openTypedAssetFile(ContentProvider.java:548)
04-06 02:12:03.209 W/MediaProvider( 3483): at android.content.ContentProviderNative.onTransact(ContentProviderNative.java:327)
04-06 02:12:03.209 W/MediaProvider( 3483): at android.os.Binder.execTransactInternal(Binder.java:1179)
04-06 02:12:03.209 W/MediaProvider( 3483): at android.os.Binder.execTransact(Binder.java:1143)
04-06 02:12:03.209 D/NuPlayerDriver( 1193): NuPlayerDriver(0xe4f81e10) created, clientPid(2648)
04-06 02:12:03.214 I/ExtendedNuUtils( 1193): printFileName fd(7) -> /system_ext/app/TCSetupWizard/TCSetupWizard.apk
04-06 02:12:03.214 D/SurfaceUtils( 1193): connecting to surface 0xe43864d8, reason setVideoSurfaceTexture
04-06 02:12:03.214 D/NuPlayer( 1193): onSetVideoSurface(0xe4389730, no video decoder)
04-06 02:12:03.216 D/GenericSource( 1193): FileSource remote
04-06 02:12:03.220 W/adbd ( 3149): timed out while waiting for FUNCTIONFS_BIND, trying again
04-06 02:12:03.220 D/Avrcp_ext( 2345): AudioManager Player: AudioPlaybackConfiguration piid:103 deviceId:0 type:android.media.SoundPool u/pid:10078/2363 state:idle attr:AudioAttributes: usage=USAGE_ASSISTANCE_SONIFICATION content=CONTENT_TYPE_SONIFICATION flags=0x800 tags= bundle=null sessionId:0
04-06 02:12:03.220 I/adbd ( 3149): UsbFfs: connection terminated: monitor thread finished
04-06 02:12:03.220 D/Avrcp_ext( 2345): AudioManager Player: AudioPlaybackConfiguration piid:119 deviceId:0 type:android.media.SoundPool u/pid:1000/2562 state:idle attr:AudioAttributes: usage=USAGE_ASSISTANCE_SONIFICATION content=CONTENT_TYPE_SONIFICATION flags=0x801 tags= bundle=null sessionId:0
04-06 02:12:03.220 D/Avrcp_ext( 2345): AudioManager Player: AudioPlaybackConfiguration piid:135 deviceId:0 type:android.media.MediaPlayer u/pid:1000/2648 state:idle attr:AudioAttributes: usage=USAGE_MEDIA content=CONTENT_TYPE_MOVIE flags=0x800 tags= bundle=null sessionId:97
04-06 02:12:03.220 I/adbd ( 3149): UsbFfs: already offline
04-06 02:12:03.220 D/Avrcp_ext( 2345): AudioManager Player: AudioPlaybackConfiguration piid:95 deviceId:0 type:android.media.SoundPool u/pid:1000/1508 state:idle attr:AudioAttributes: usage=USAGE_ASSISTANCE_SONIFICATION content=CONTENT_TYPE_SONIFICATION flags=0x800 tags= bundle=null sessionId:0
04-06 02:12:03.220 D/Avrcp_ext( 2345): AudioManager isPlaying: false, mAudioPlaybackIsActive = false
04-06 02:12:03.220 I/adbd ( 3149): destroying transport UsbFfs
04-06 02:12:03.220 D/Avrcp_ext( 2345): AudioManager Reset Active Player
04-06 02:12:03.220 I/adbd ( 3149): UsbFfsConnection being destroyed
04-06 02:12:03.220 I/MMParserExtractor( 1190): Created(0xb40000719fa57890)
04-06 02:12:03.220 E/MM_OSAL ( 1190): FileSource::FileSource
04-06 02:12:03.221 E/MM_OSAL ( 1190): FileSource::FileSource m_bEveryThingOK 1
04-06 02:12:03.224 I/PowerManagerService( 1508): Powering on display group fromDreaming (groupId=0, uid=1000, reason=WAKE_REASON_UNKNOWN, details=android.server.power:DREAM_FINISHED)...
04-06 02:12:03.224 I/PowerManagerService( 1508): Waking up from Dreaming (uid=1000, reason=WAKE_REASON_UNKNOWN, details=android.server.power:DREAM_FINISHED)...
04-06 02:12:03.226 D/MediaBufferGroup( 1190): creating MemoryDealer
04-06 02:12:03.234 D/MediaPlayerNative( 2648): getMetadata
04-06 02:12:03.234 I/GenericSource( 1193): start
04-06 02:12:03.234 I/MicroServiceManager( 1508): requestResult(requestAudioFocus) parameters is{"functionInfo":{"IDCM_AudioFocus":"AudioFocus_Media"}}.
04-06 02:12:03.236 E/MicroService( 2581): Client is not connected.
04-06 02:12:03.236 E/MicroService( 2581): Client is not connected.
04-06 02:12:03.239 W/NuPlayer( 1193): instantiateDecoder: getFormat called when source is gone or not set
04-06 02:12:03.242 I/OMXClient( 1193): IOmx service obtained
04-06 02:12:03.242 I/OMXMaster( 1209): makeComponentInstance(OMX.qcom.video.decoder.avc) in android.hardwar process
04-06 02:12:03.246 E/android.hardware.media.omx@1.0-service( 1209): Service not available yet
04-06 02:12:03.246 I/adbd ( 3149): opening control endpoint /dev/usb-ffs/adb/ep0
04-06 02:12:03.247 D/PlatformConfig( 1209): getInstance: Enter
04-06 02:12:03.247 I/adbd ( 3149): UsbFfsConnection constructed
04-06 02:12:03.247 D/PlatformConfig( 1209): getConfigStoreBool: vpp/enable=false, returning false
04-06 02:12:03.248 I/adbd ( 3149): UsbFfs-monitor thread spawned
01-01 08:03:22.084 I/ ( 0): read descriptors
01-01 08:03:22.084 I/ ( 0): read strings
04-06 02:12:03.254 D/PlatformConfig( 1209): getInstance: Enter
04-06 02:12:03.255 D/PlatformConfig( 1209): getInt32 Config name: vidc_dec_log_in value: 0
04-06 02:12:03.255 D/PlatformConfig( 1209): getInstance: Enter
04-06 02:12:03.255 D/PlatformConfig( 1209): getInt32 Config name: vidc_dec_log_out value: 0
04-06 02:12:03.255 D/PlatformConfig( 1209): getInstance: Enter
04-06 02:12:03.255 D/PlatformConfig( 1209): getInt32 Config name: vidc_dec_sec_prefetch_size_internal value: 209715200
04-06 02:12:03.255 D/PlatformConfig( 1209): getInstance: Enter
04-06 02:12:03.255 D/PlatformConfig( 1209): getInt32 Config name: vidc_dec_sec_prefetch_size_output value: 13434880
04-06 02:12:03.255 D/PlatformConfig( 1209): getInstance: Enter
04-06 02:12:03.255 D/PlatformConfig( 1209): getInt32 Config name: vidc_perf_control_enable value: 0
04-06 02:12:03.255 D/PlatformConfig( 1209): getInstance: Enter
04-06 02:12:03.255 D/PlatformConfig( 1209): getInt32 Config name: vidc_dec_thumbnail_yuv_output value: 0
04-06 02:12:03.255 D/PlatformConfig( 1209): getInstance: Enter
04-06 02:12:03.255 D/PlatformConfig( 1209): getInt32: Returning default
04-06 02:12:03.255 D/PlatformConfig( 1209): getInstance: Enter
04-06 02:12:03.255 D/PlatformConfig( 1209): getInt32 Config name: vidc_dec_output_rate value: 120
04-06 02:12:03.257 I/OMX-VDEC-1080P( 1209): component_init: OMX.qcom.video.decoder.avc : fd=7
04-06 02:12:03.258 E/OMX-VDEC-1080P( 1209): Unsupported output color format for c2d (2141391876)
04-06 02:12:03.258 E/OMX-VDEC-1080P( 1209): Setting color format failed
01-01 08:03:22.095 I/msm_vidc( 0): high: 00000001: ....d: Opening video instance: 0000000000000000, 1
01-01 08:03:22.095 I/msm_vidc( 0): err : 00000001: ....d: Failed to create debugfs for msm_vidc
04-06 02:12:03.261 D/PlatformConfig( 1209): getInstance: Enter
04-06 02:12:03.261 D/PlatformConfig( 1209): getInt32: Returning default
04-06 02:12:03.261 D/PlatformConfig( 1209): getInstance: Enter
04-06 02:12:03.261 D/PlatformConfig( 1209): getInt32: Returning default
04-06 02:12:03.261 I/OMX-VDEC-1080P( 1209): omx_vdec::component_init() success : fd=7
04-06 02:12:03.262 D/SurfaceUtils( 1193): disconnecting from surface 0xe4389738, reason onConfigure
04-06 02:12:03.263 D/SurfaceUtils( 1193): connecting to surface 0xe4389738, reason connectToSurface
04-06 02:12:03.263 I/MediaCodec( 1193): [OMX.qcom.video.decoder.avc] setting surface generation to 1221636
04-06 02:12:03.263 D/SurfaceUtils( 1193): disconnecting from surface 0xe4389738, reason connectToSurface(reconnect)
04-06 02:12:03.263 D/SurfaceUtils( 1193): connecting to surface 0xe4389738, reason connectToSurface(reconnect)
04-06 02:12:03.263 E/OMX-VDEC-1080P( 1209): Extension: OMX.google.android.index.storeANWBufferInMetadata not implemented
04-06 02:12:03.263 E/OMX-VDEC-1080P( 1209): Extension: OMX.google.android.index.configureVideoTunnelMode not implemented
04-06 02:12:03.263 E/OMX-VDEC-1080P( 1209): Extension: OMX.google.android.index.useAndroidNativeBuffer is supported
04-06 02:12:03.263 E/OMX-VDEC-1080P( 1209): get_parameter: unknown param 7f000046
04-06 02:12:03.263 E/OMXNodeInstance( 1209): getParameter(0xe9250024:qcom.decoder.avc, ??(0x7f000046)) ERROR: UnsupportedIndex(0x8000101a)
04-06 02:12:03.264 E/OMX-VDEC-1080P( 1209): set_parameter: Error: 0x80001019, setting param 0x7f00005d
04-06 02:12:03.264 E/OMXNodeInstance( 1209): setParameter(0xe9250024:qcom.decoder.avc, OMX.google.android.index.allocateNativeHandle(0x7f00005d): Output:1 en=0) ERROR: UnsupportedSetting(0x80001019)
04-06 02:12:03.264 E/OMX-VDEC-1080P( 1209): Extension: OMX.google.android.index.storeANWBufferInMetadata not implemented
04-06 02:12:03.264 E/OMX-VDEC-1080P( 1209): get_parameter: unknown param 6f600011
04-06 02:12:03.264 E/OMXNodeInstance( 1209): getParameter(0xe9250024:qcom.decoder.avc, ??(0x6f600011)) ERROR: UnsupportedIndex(0x8000101a)
04-06 02:12:03.264 I/ExtendedACodec( 1193): setupVideoDecoder()
04-06 02:12:03.265 I/ExtendedACodec( 1193): Decoder will be in frame by frame mode
04-06 02:12:03.265 E/OMX-VDEC-1080P( 1209): Setparameter: unknown param 2130706434
04-06 02:12:03.265 E/OMX-VDEC-1080P( 1209): set_parameter: Error: 0x8000101a, setting param 0x7f000002
04-06 02:12:03.265 E/OMXNodeInstance( 1209): setParameter(0xe9250024:qcom.decoder.avc, ??(0x7f000002)) ERROR: UnsupportedIndex(0x8000101a)
04-06 02:12:03.265 W/ExtendedACodec( 1193): Failed to set frame packing format on component
04-06 02:12:03.266 E/OMXNodeInstance( 1209): getConfig(0xe9250024:qcom.decoder.avc, ??(0x7f000062)) ERROR: UnsupportedSetting(0x80001019)
04-06 02:12:03.267 I/MediaCodec( 1193): MediaCodec will operate in async mode
04-06 02:12:03.267 D/MediaCodec( 1193): keep callback message for reclaim
04-06 02:12:03.272 I/GameMode_ActivityMonitoringService( 2562): onActivityLaunch: com.thundercomm.tcsetupwizard, isGameApp: false
04-06 02:12:03.273 E/OMX-VDEC-1080P( 1209): Extension: OMX.google.android.index.AndroidNativeBufferConsumerUsage not implemented
04-06 02:12:03.274 D/SurfaceUtils( 1193): set up nativeWindow 0xe4389738 for 1920x1080, color 0x7fa30c06, rotation 0, usage 0x20402900
04-06 02:12:03.274 D/GameModeIF_GameModeSettings( 2562): getUriFor setting_content_uri_root = content://com.thundercomm.gamemode.api/gamemode_settings , name = gamemode_enable
04-06 02:12:03.275 W/ResourceManagerService( 1193): Ignoring request to add new resource entry with value <= 0
04-06 02:12:03.276 W/MediaCodec( 1193): mapFormat: no mediaType information
04-06 02:12:03.282 E/OMXNodeInstance( 1209): getConfig(0xe9250024:qcom.decoder.avc, ??(0x7f000062)) ERROR: UnsupportedSetting(0x80001019)
04-06 02:12:03.289 E/OMX-VDEC-1080P( 1209): Extension: OMX.google.android.index.AndroidNativeBufferConsumerUsage not implemented
04-06 02:12:03.289 D/SurfaceUtils( 1193): set up nativeWindow 0xe4389738 for 1920x1088, color 0x7fa30c06, rotation 0, usage 0x20402900
04-06 02:12:03.298 E/OMXNodeInstance( 1209): getConfig(0xe9250024:qcom.decoder.avc, ??(0x7f000062)) ERROR: UnsupportedSetting(0x80001019)
04-06 02:12:03.299 I/NuPlayerRenderer( 1193): Initializing video frame scheduler with 26.000000 fps
04-06 02:12:03.300 W/MediaPlayerNative( 2648): info/warning (3, 0)
04-06 02:12:03.300 E/OMX-VDEC-1080P( 1209): Extension: OMX.QTI.index.config.video.getdsmode not implemented
01-01 08:03:22.254 I/IRQ 5 ( 0): no longer affine to CPU4
04-06 02:12:03.761 I/DreamManagerService( 1508): Leaving dreamland.
04-06 02:12:03.763 I/DreamManagerService( 1508): Performing gentle wake from dream.
04-06 02:12:03.763 I/DreamController( 1508): Stopping dream: name=ComponentInfo{com.thundercomm.screensaver/com.thundercomm.screensaver.service.SystemDream}, isTest=false, canDoze=false, userId=0, reason='finished self'(from 'finished self')
04-06 02:12:03.764 W/InputManager-JNI( 1508): Input channel object '12372a2 com.thundercomm.screensaver/android.service.dreams.DreamActivity (client)' was disposed without first being removed with the input manager!
04-06 02:12:03.765 D/TCSetupWizard.ScreenListener( 2648): onReceive: action = android.intent.action.DREAMING_STOPPED
04-06 02:12:03.777 W/ActivityTaskManager( 1508): Can't find TaskDisplayArea to determine support for multi window. Task id=10 attached=false
04-06 02:12:03.793 W/hpplay-java( 3295): [main]:IPManager:getActiveNets invalid networkInfo:null
04-06 02:12:03.793 I/hpplay-java( 3295): [main]:IPManager:getActiveNets eth0:false wifi:false mobile:false ap:false
04-06 02:12:03.793 I/hpplay-java( 3295): [main]:ServerTaskManager:get local ip:null
04-06 02:12:03.800 W/Choreographer( 1508): Frame time is 0.181668 ms in the future! Check that graphics HAL is generating vsync timestamps using the correct timebase.
04-06 02:12:03.835 W/AudioIDCMicroNegotiator( 1508): idcm_warn: timeout for obtainFocusState: RequestInfosToIDCM{mPid=2648, mUid=1000}
04-06 02:12:03.836 W/AudioService.PlaybackActivityMonitor( 1508): idcm_warn: ====rejected by IDCM: PLAYER_STATE_STARTED
04-06 02:12:03.837 D/NuPlayerDriver( 1193): stop(0xe4f81e10)
04-06 02:12:03.839 D/Avrcp_ext( 2345): AudioManager Player: AudioPlaybackConfiguration piid:103 deviceId:0 type:android.media.SoundPool u/pid:10078/2363 state:idle attr:AudioAttributes: usage=USAGE_ASSISTANCE_SONIFICATION content=CONTENT_TYPE_SONIFICATION flags=0x800 tags= bundle=null sessionId:0
04-06 02:12:03.839 D/Avrcp_ext( 2345): AudioManager Player: AudioPlaybackConfiguration piid:119 deviceId:0 type:android.media.SoundPool u/pid:1000/2562 state:idle attr:AudioAttributes: usage=USAGE_ASSISTANCE_SONIFICATION content=CONTENT_TYPE_SONIFICATION flags=0x801 tags= bundle=null sessionId:0
04-06 02:12:03.839 D/Avrcp_ext( 2345): AudioManager Player: AudioPlaybackConfiguration piid:135 deviceId:0 type:android.media.MediaPlayer u/pid:1000/2648 state:stopped attr:AudioAttributes: usage=USAGE_MEDIA content=CONTENT_TYPE_MOVIE flags=0x800 tags= bundle=null sessionId:97
04-06 02:12:03.839 D/Avrcp_ext( 2345): AudioManager Player: AudioPlaybackConfiguration piid:95 deviceId:0 type:android.media.SoundPool u/pid:1000/1508 state:idle attr:AudioAttributes: usage=USAGE_ASSISTANCE_SONIFICATION content=CONTENT_TYPE_SONIFICATION flags=0x800 tags= bundle=null sessionId:0
04-06 02:12:03.839 D/Avrcp_ext( 2345): AudioManager isPlaying: false, mAudioPlaybackIsActive = false
04-06 02:12:03.839 D/Avrcp_ext( 2345): AudioManager Reset Active Player
04-06 02:12:03.841 D/MediaFocusControl( 1508): audio_idcm: updateCurrentAudioFocus: uid= 1000 fr = 1000 focusChange= -1
04-06 02:12:03.922 I/mpu_uart( 651): [MSG-P:RECV]:No message received in 1000 ms
04-06 02:12:04.249 W/adbd ( 3149): timed out while waiting for FUNCTIONFS_BIND, trying again
04-06 02:12:04.250 I/adbd ( 3149): UsbFfs: connection terminated: monitor thread finished
04-06 02:12:04.250 I/adbd ( 3149): UsbFfs: already offline
04-06 02:12:04.250 I/adbd ( 3149): destroying transport UsbFfs
04-06 02:12:04.250 I/adbd ( 3149): UsbFfsConnection being destroyed
04-06 02:12:04.260 I/adbd ( 3149): opening control endpoint /dev/usb-ffs/adb/ep0
04-06 02:12:04.262 I/adbd ( 3149): UsbFfsConnection constructed
04-06 02:12:04.263 I/adbd ( 3149): UsbFfs-monitor thread spawned
01-01 08:03:23.098 I/ ( 0): read descriptors
01-01 08:03:23.098 I/ ( 0): read strings
04-06 02:12:04.796 W/hpplay-java( 3295): [main]:IPManager:getActiveNets invalid networkInfo:null
04-06 02:12:04.796 I/hpplay-java( 3295): [main]:IPManager:getActiveNets eth0:false wifi:false mobile:false ap:false
04-06 02:12:04.796 I/hpplay-java( 3295): [main]:ServerTaskManager:get local ip:null
04-06 02:12:04.922 I/mpu_uart( 651): [MSG-P:RECV]:No message received in 1000 ms
04-06 02:12:04.992 I/mpu_uart( 651): [MSG-P:R]:recv sync frame timeout
04-06 02:12:05.265 W/adbd ( 3149): timed out while waiting for FUNCTIONFS_BIND, trying again
04-06 02:12:05.265 I/adbd ( 3149): UsbFfs: connection terminated: monitor thread finished
04-06 02:12:05.265 I/adbd ( 3149): UsbFfs: already offline
04-06 02:12:05.265 I/adbd ( 3149): destroying transport UsbFfs
04-06 02:12:05.265 I/adbd ( 3149): UsbFfsConnection being destroyed
04-06 02:12:05.276 I/adbd ( 3149): opening control endpoint /dev/usb-ffs/adb/ep0
04-06 02:12:05.278 I/adbd ( 3149): UsbFfsConnection constructed
04-06 02:12:05.279 I/adbd ( 3149): UsbFfs-monitor thread spawned
01-01 08:03:24.114 I/ ( 0): read descriptors
01-01 08:03:24.114 I/ ( 0): read strings
01-01 08:03:24.168 I/msm_vidc( 0): err : ffffffff: .....: DBLP Set: status 0
04-06 02:12:05.798 W/hpplay-java( 3295): [main]:IPManager:getActiveNets invalid networkInfo:null
04-06 02:12:05.798 I/hpplay-java( 3295): [main]:IPManager:getActiveNets eth0:false wifi:false mobile:false ap:false
04-06 02:12:05.798 I/hpplay-java( 3295): [main]:ServerTaskManager:get local ip:null
04-06 02:12:05.923 I/mpu_uart( 651): [MSG-P:RECV]:No message received in 1000 ms
04-06 02:12:06.117 E/tlogd ( 1366): [TzLogger](isPathReadable) file /sys/kernel/debug/tzdbg/qsee_log isn't exist or no permission, err: No such file or directory
04-06 02:12:06.117 E/tlogd ( 1366): [TzLogger](saveTzlogAsync) /sys/kernel/debug/tzdbg/qsee_log can not read.
04-06 02:12:06.117 E/tlogd ( 1366): [TzLogger](isPathReadable) file /sys/kernel/debug/tzdbg/log isn't exist or no permission, err: No such file or directory
04-06 02:12:06.117 E/tlogd ( 1366): [TzLogger](saveTzlogAsync) /sys/kernel/debug/tzdbg/log can not read.
04-06 02:12:06.280 W/adbd ( 3149): timed out while waiting for FUNCTIONFS_BIND, trying again
04-06 02:12:06.280 I/adbd ( 3149): UsbFfs: connection terminated: monitor thread finished
04-06 02:12:06.280 I/adbd ( 3149): UsbFfs: already offline
04-06 02:12:06.280 I/adbd ( 3149): destroying transport UsbFfs
04-06 02:12:06.280 I/adbd ( 3149): UsbFfsConnection being destroyed
04-06 02:12:06.293 I/adbd ( 3149): opening control endpoint /dev/usb-ffs/adb/ep0
04-06 02:12:06.294 I/adbd ( 3149): UsbFfsConnection constructed
04-06 02:12:06.295 I/adbd ( 3149): UsbFfs-monitor thread spawned
01-01 08:03:25.130 I/ ( 0): read descriptors
01-01 08:03:25.130 I/ ( 0): read strings
04-06 02:12:06.704 D/RemoteControlService( 2780): startVlanDispatchThread
04-06 02:12:06.800 W/hpplay-java( 3295): [main]:IPManager:getActiveNets invalid networkInfo:null
04-06 02:12:06.800 I/hpplay-java( 3295): [main]:IPManager:getActiveNets eth0:false wifi:false mobile:false ap:false
04-06 02:12:06.800 I/hpplay-java( 3295): [main]:ServerTaskManager:get local ip:null
04-06 02:12:06.923 I/mpu_uart( 651): [MSG-P:RECV]:No message received in 1000 ms
04-06 02:12:07.296 W/adbd ( 3149): timed out while waiting for FUNCTIONFS_BIND, trying again
04-06 02:12:07.296 I/adbd ( 3149): UsbFfs: connection terminated: monitor thread finished
04-06 02:12:07.296 I/adbd ( 3149): UsbFfs: already offline
04-06 02:12:07.296 I/adbd ( 3149): destroying transport UsbFfs
04-06 02:12:07.296 I/adbd ( 3149): UsbFfsConnection being destroyed
04-06 02:12:07.312 I/adbd ( 3149): opening control endpoint /dev/usb-ffs/adb/ep0
04-06 02:12:07.314 I/adbd ( 3149): UsbFfsConnection constructed
04-06 02:12:07.314 I/adbd ( 3149): UsbFfs-monitor thread spawned
01-01 08:03:26.150 I/ ( 0): read descriptors
01-01 08:03:26.150 I/ ( 0): read strings
01-01 08:03:26.341 E/DTC_ETH,link_delay_work_func( 0): 3003, SQI=0, link=0
04-06 02:12:07.802 W/hpplay-java( 3295): [main]:IPManager:getActiveNets invalid networkInfo:null
04-06 02:12:07.802 I/hpplay-java( 3295): [main]:IPManager:getActiveNets eth0:false wifi:false mobile:false ap:false
04-06 02:12:07.803 I/hpplay-java( 3295): [main]:ServerTaskManager:get local ip:null
04-06 02:12:07.923 I/mpu_uart( 651): [MSG-P:RECV]:No message received in 1000 ms
04-06 02:12:07.995 I/mpu_uart( 651): [MSG-P:R]:recv sync frame timeout
04-06 02:12:08.316 W/adbd ( 3149): timed out while waiting for FUNCTIONFS_BIND, trying again
04-06 02:12:08.316 I/adbd ( 3149): UsbFfs: connection terminated: monitor thread finished
04-06 02:12:08.316 I/adbd ( 3149): UsbFfs: already offline
04-06 02:12:08.316 I/adbd ( 3149): destroying transport UsbFfs
04-06 02:12:08.316 I/adbd ( 3149): UsbFfsConnection being destroyed
04-06 02:12:08.332 I/adbd ( 3149): opening control endpoint /dev/usb-ffs/adb/ep0
04-06 02:12:08.334 I/adbd ( 3149): UsbFfsConnection constructed
04-06 02:12:08.334 I/adbd ( 3149): UsbFfs-monitor thread spawned
01-01 08:03:27.170 I/ ( 0): read descriptors
01-01 08:03:27.170 I/ ( 0): read strings
04-06 02:12:08.805 W/hpplay-java( 3295): [main]:IPManager:getActiveNets invalid networkInfo:null
04-06 02:12:08.805 I/hpplay-java( 3295): [main]:IPManager:getActiveNets eth0:false wifi:false mobile:false ap:false
04-06 02:12:08.805 I/hpplay-java( 3295): [main]:ServerTaskManager:get local ip:null
04-06 02:12:08.924 I/mpu_uart( 651): [MSG-P:RECV]:No message received in 1000 ms
04-06 02:12:09.336 W/adbd ( 3149): timed out while waiting for FUNCTIONFS_BIND, trying again
04-06 02:12:09.336 I/adbd ( 3149): UsbFfs: connection terminated: monitor thread finished
04-06 02:12:09.336 I/adbd ( 3149): UsbFfs: already offline
04-06 02:12:09.337 I/adbd ( 3149): destroying transport UsbFfs
04-06 02:12:09.337 I/adbd ( 3149): UsbFfsConnection being destroyed
04-06 02:12:09.348 I/adbd ( 3149): opening control endpoint /dev/usb-ffs/adb/ep0
04-06 02:12:09.350 I/adbd ( 3149): UsbFfsConnection constructed
04-06 02:12:09.351 I/adbd ( 3149): UsbFfs-monitor thread spawned
01-01 08:03:28.186 I/ ( 0): read descriptors
01-01 08:03:28.186 I/ ( 0): read strings
04-06 02:12:09.807 W/hpplay-java( 3295): [main]:IPManager:getActiveNets invalid networkInfo:null
04-06 02:12:09.807 I/hpplay-java( 3295): [main]:IPManager:getActiveNets eth0:false wifi:false mobile:false ap:false
04-06 02:12:09.807 I/hpplay-java( 3295): [main]:ServerTaskManager:get local ip:null
04-06 02:12:09.924 I/mpu_uart( 651): [MSG-P:RECV]:No message received in 1000 ms
04-06 02:12:10.352 W/adbd ( 3149): timed out while waiting for FUNCTIONFS_BIND, trying again
04-06 02:12:10.353 I/adbd ( 3149): UsbFfs: connection terminated: monitor thread finished
04-06 02:12:10.353 I/adbd ( 3149): UsbFfs: already offline
04-06 02:12:10.353 I/adbd ( 3149): destroying transport UsbFfs
04-06 02:12:10.353 I/adbd ( 3149): UsbFfsConnection being destroyed
04-06 02:12:10.364 I/adbd ( 3149): opening control endpoint /dev/usb-ffs/adb/ep0
04-06 02:12:10.366 I/adbd ( 3149): UsbFfsConnection constructed
04-06 02:12:10.366 I/adbd ( 3149): UsbFfs-monitor thread spawned
01-01 08:03:29.202 I/ ( 0): read descriptors
01-01 08:03:29.202 I/ ( 0): read strings
04-06 02:12:10.809 W/hpplay-java( 3295): [main]:IPManager:getActiveNets invalid networkInfo:null
04-06 02:12:10.809 I/hpplay-java( 3295): [main]:IPManager:getActiveNets eth0:false wifi:false mobile:false ap:false
04-06 02:12:10.809 I/hpplay-java( 3295): [main]:ServerTaskManager:get local ip:null
04-06 02:12:10.924 I/mpu_uart( 651): [MSG-P:RECV]:No message received in 1000 ms
04-06 02:12:10.999 I/mpu_uart( 651): [MSG-P:R]:recv sync frame timeout
04-06 02:12:11.117 E/tlogd ( 1366): [TzLogger](isPathReadable) file /sys/kernel/debug/tzdbg/qsee_log isn't exist or no permission, err: No such file or directory
04-06 02:12:11.118 E/tlogd ( 1366): [TzLogger](saveTzlogAsync) /sys/kernel/debug/tzdbg/qsee_log can not read.
04-06 02:12:11.118 E/tlogd ( 1366): [TzLogger](isPathReadable) file /sys/kernel/debug/tzdbg/log isn't exist or no permission, err: No such file or directory
04-06 02:12:11.118 E/tlogd ( 1366): [TzLogger](saveTzlogAsync) /sys/kernel/debug/tzdbg/log can not read.
04-06 02:12:11.368 W/adbd ( 3149): timed out while waiting for FUNCTIONFS_BIND, trying again
04-06 02:12:11.368 I/adbd ( 3149): UsbFfs: connection terminated: monitor thread finished
04-06 02:12:11.368 I/adbd ( 3149): UsbFfs: already offline
04-06 02:12:11.368 I/adbd ( 3149): destroying transport UsbFfs
04-06 02:12:11.368 I/adbd ( 3149): UsbFfsConnection being destroyed
04-06 02:12:11.384 I/adbd ( 3149): opening control endpoint /dev/usb-ffs/adb/ep0
04-06 02:12:11.386 I/adbd ( 3149): UsbFfsConnection constructed
04-06 02:12:11.386 I/adbd ( 3149): UsbFfs-monitor thread spawned
01-01 08:03:30.222 I/ ( 0): read descriptors
01-01 08:03:30.222 I/ ( 0): read strings
04-06 02:12:11.715 D/RemoteControlService( 2780): startVlanDispatchThread
04-06 02:12:11.811 W/hpplay-java( 3295): [main]:IPManager:getActiveNets invalid networkInfo:null
04-06 02:12:11.811 I/hpplay-java( 3295): [main]:IPManager:getActiveNets eth0:false wifi:false mobile:false ap:false
04-06 02:12:11.811 I/hpplay-java( 3295): [main]:ServerTaskManager:get local ip:null
04-06 02:12:11.924 I/mpu_uart( 651): [MSG-P:RECV]:No message received in 1000 ms
04-06 02:12:12.388 W/adbd ( 3149): timed out while waiting for FUNCTIONFS_BIND, trying again
04-06 02:12:12.388 I/adbd ( 3149): UsbFfs: connection terminated: monitor thread finished
04-06 02:12:12.388 I/adbd ( 3149): UsbFfs: already offline
04-06 02:12:12.388 I/adbd ( 3149): destroying transport UsbFfs
04-06 02:12:12.388 I/adbd ( 3149): UsbFfsConnection being destroyed
04-06 02:12:12.404 I/adbd ( 3149): opening control endpoint /dev/usb-ffs/adb/ep0
04-06 02:12:12.406 I/adbd ( 3149): UsbFfsConnection constructed
04-06 02:12:12.406 I/adbd ( 3149): UsbFfs-monitor thread spawned
01-01 08:03:31.242 I/ ( 0): read descriptors
01-01 08:03:31.242 I/ ( 0): read strings
01-01 08:03:31.462 E/DTC_ETH,link_delay_work_func( 0): 3003, SQI=0, link=0
04-06 02:12:12.813 W/hpplay-java( 3295): [main]:IPManager:getActiveNets invalid networkInfo:null
04-06 02:12:12.813 I/hpplay-java( 3295): [main]:IPManager:getActiveNets eth0:false wifi:false mobile:false ap:false
04-06 02:12:12.813 I/hpplay-java( 3295): [main]:ServerTaskManager:get local ip:null
04-06 02:12:12.925 I/mpu_uart( 651): [MSG-P:RECV]:No message received in 1000 ms
04-06 02:12:13.408 W/adbd ( 3149): timed out while waiting for FUNCTIONFS_BIND, trying again
04-06 02:12:13.408 I/adbd ( 3149): UsbFfs: connection terminated: monitor thread finished
04-06 02:12:13.408 I/adbd ( 3149): UsbFfs: already offline
04-06 02:12:13.408 I/adbd ( 3149): destroying transport UsbFfs
04-06 02:12:13.408 I/adbd ( 3149): UsbFfsConnection being destroyed
04-06 02:12:13.421 I/adbd ( 3149): opening control endpoint /dev/usb-ffs/adb/ep0
04-06 02:12:13.422 I/adbd ( 3149): UsbFfsConnection constructed
04-06 02:12:13.423 I/adbd ( 3149): UsbFfs-monitor thread spawned
01-01 08:03:32.258 I/ ( 0): read descriptors
01-01 08:03:32.258 I/ ( 0): read strings
04-06 02:12:13.815 W/hpplay-java( 3295): [main]:IPManager:getActiveNets invalid networkInfo:null
04-06 02:12:13.815 I/hpplay-java( 3295): [main]:IPManager:getActiveNets eth0:false wifi:false mobile:false ap:false
04-06 02:12:13.815 I/hpplay-java( 3295): [main]:ServerTaskManager:get local ip:null
04-06 02:12:13.925 I/mpu_uart( 651): [MSG-P:RECV]:No message received in 1000 ms
04-06 02:12:14.000 I/mpu_uart( 651): [MSG-P:R]:recv sync frame timeout
04-06 02:12:14.424 W/adbd ( 3149): timed out while waiting for FUNCTIONFS_BIND, trying again
04-06 02:12:14.424 I/adbd ( 3149): UsbFfs: connection terminated: monitor thread finished
04-06 02:12:14.425 I/adbd ( 3149): UsbFfs: already offline
04-06 02:12:14.425 I/adbd ( 3149): destroying transport UsbFfs
04-06 02:12:14.425 I/adbd ( 3149): UsbFfsConnection being destroyed
04-06 02:12:14.436 I/adbd ( 3149): opening control endpoint /dev/usb-ffs/adb/ep0
04-06 02:12:14.438 I/adbd ( 3149): UsbFfsConnection constructed
04-06 02:12:14.439 I/adbd ( 3149): UsbFfs-monitor thread spawned
01-01 08:03:33.274 I/ ( 0): read descriptors
01-01 08:03:33.274 I/ ( 0): read strings
04-06 02:12:14.816 W/hpplay-java( 3295): [main]:IPManager:getActiveNets invalid networkInfo:null
04-06 02:12:14.816 I/hpplay-java( 3295): [main]:IPManager:getActiveNets eth0:false wifi:false mobile:false ap:false
04-06 02:12:14.816 I/hpplay-java( 3295): [main]:ServerTaskManager:get local ip:null
04-06 02:12:14.925 I/mpu_uart( 651): [MSG-P:RECV]:No message received in 1000 ms
04-06 02:12:15.440 W/adbd ( 3149): timed out while waiting for FUNCTIONFS_BIND, trying again
04-06 02:12:15.440 I/adbd ( 3149): UsbFfs: connection terminated: monitor thread finished
04-06 02:12:15.441 I/adbd ( 3149): UsbFfs: already offline
04-06 02:12:15.441 I/adbd ( 3149): destroying transport UsbFfs
04-06 02:12:15.441 I/adbd ( 3149): UsbFfsConnection being destroyed
04-06 02:12:15.457 I/adbd ( 3149): opening control endpoint /dev/usb-ffs/adb/ep0
04-06 02:12:15.458 I/adbd ( 3149): UsbFfsConnection constructed
04-06 02:12:15.459 I/adbd ( 3149): UsbFfs-monitor thread spawned
01-01 08:03:34.294 I/ ( 0): read descriptors
01-01 08:03:34.294 I/ ( 0): read strings
04-06 02:12:15.818 W/hpplay-java( 3295): [main]:IPManager:getActiveNets invalid networkInfo:null
04-06 02:12:15.818 I/hpplay-java( 3295): [main]:IPManager:getActiveNets eth0:false wifi:false mobile:false ap:false
04-06 02:12:15.818 I/hpplay-java( 3295): [main]:ServerTaskManager:get local ip:null
04-06 02:12:15.926 I/mpu_uart( 651): [MSG-P:RECV]:No message received in 1000 ms
04-06 02:12:16.118 E/tlogd ( 1366): [TzLogger](isPathReadable) file /sys/kernel/debug/tzdbg/qsee_log isn't exist or no permission, err: No such file or directory
04-06 02:12:16.118 E/tlogd ( 1366): [TzLogger](saveTzlogAsync) /sys/kernel/debug/tzdbg/qsee_log can not read.
04-06 02:12:16.118 E/tlogd ( 1366): [TzLogger](isPathReadable) file /sys/kernel/debug/tzdbg/log isn't exist or no permission, err: No such file or directory
04-06 02:12:16.118 E/tlogd ( 1366): [TzLogger](saveTzlogAsync) /sys/kernel/debug/tzdbg/log can not read.
04-06 02:12:16.460 W/adbd ( 3149): timed out while waiting for FUNCTIONFS_BIND, trying again
04-06 02:12:16.460 I/adbd ( 3149): UsbFfs: connection terminated: monitor thread finished
04-06 02:12:16.461 I/adbd ( 3149): UsbFfs: already offline
04-06 02:12:16.461 I/adbd ( 3149): destroying transport UsbFfs
04-06 02:12:16.461 I/adbd ( 3149): UsbFfsConnection being destroyed
04-06 02:12:16.472 I/adbd ( 3149): opening control endpoint /dev/usb-ffs/adb/ep0
04-06 02:12:16.474 I/adbd ( 3149): UsbFfsConnection constructed
04-06 02:12:16.475 I/adbd ( 3149): UsbFfs-monitor thread spawned
01-01 08:03:35.310 I/ ( 0): read descriptors
01-01 08:03:35.310 I/ ( 0): read strings
04-06 02:12:16.728 D/RemoteControlService( 2780): startVlanDispatchThread
04-06 02:12:16.820 W/hpplay-java( 3295): [main]:IPManager:getActiveNets invalid networkInfo:null
04-06 02:12:16.820 I/hpplay-java( 3295): [main]:IPManager:getActiveNets eth0:false wifi:false mobile:false ap:false
04-06 02:12:16.820 I/hpplay-java( 3295): [main]:ServerTaskManager:get local ip:null
04-06 02:12:16.926 I/mpu_uart( 651): [MSG-P:RECV]:No message received in 1000 ms
04-06 02:12:17.003 I/mpu_uart( 651): [MSG-P:R]:recv sync frame timeout
04-06 02:12:17.476 W/adbd ( 3149): timed out while waiting for FUNCTIONFS_BIND, trying again
04-06 02:12:17.476 I/adbd ( 3149): UsbFfs: connection terminated: monitor thread finished
04-06 02:12:17.476 I/adbd ( 3149): UsbFfs: already offline
04-06 02:12:17.477 I/adbd ( 3149): destroying transport UsbFfs
04-06 02:12:17.477 I/adbd ( 3149): UsbFfsConnection being destroyed
04-06 02:12:17.493 I/adbd ( 3149): opening control endpoint /dev/usb-ffs/adb/ep0
04-06 02:12:17.494 I/adbd ( 3149): UsbFfsConnection constructed
04-06 02:12:17.495 I/adbd ( 3149): UsbFfs-monitor thread spawned
