01-01 08:01:16.917 D/vold ( 519): encrypt_inplace(/dev/block/dm-10, /dev/block/bootdevice/by-name/userdata, 231665304, false)
01-01 08:01:16.922 I/vold ( 519): Encrypting f2fs filesystem on /dev/block/bootdevice/by-name/userdata in-place via /dev/block/dm-10
01-01 08:01:16.922 I/vold ( 519): 119816 blocks (490 MB) of 28958163 blocks are in-use
01-01 08:01:16.949 D/vold ( 519): Encrypted 10000 of 119816 blocks
01-01 08:01:16.976 D/vold ( 519): Encrypted 20000 of 119816 blocks
01-01 08:01:17.004 D/vold ( 519): Encrypted 30000 of 119816 blocks
01-01 08:01:17.031 D/vold ( 519): Encrypted 40000 of 119816 blocks
01-01 08:01:17.058 D/vold ( 519): Encrypted 50000 of 119816 blocks
01-01 08:01:17.085 D/vold ( 519): Encrypted 60000 of 119816 blocks
01-01 08:01:17.112 D/vold ( 519): Encrypted 70000 of 119816 blocks
01-01 08:01:17.137 D/vold ( 519): Encrypted 80000 of 119816 blocks
01-01 08:01:17.163 D/vold ( 519): Encrypted 90000 of 119816 blocks
01-01 08:01:17.189 D/vold ( 519): Encrypted 100000 of 119816 blocks
01-01 08:01:17.215 D/vold ( 519): Encrypted 110000 of 119816 blocks
01-01 08:01:17.853 D/vold ( 519): Encrypted 119816 of 119816 blocks
01-01 08:01:17.853 I/vold ( 519): Successfully encrypted f2fs filesystem on /dev/block/bootdevice/by-name/userdata
01-01 08:01:17.889 D/vold ( 519): Mounting metadata-encrypted filesystem:/data
01-01 08:01:17.891 I/vold ( 519): [libfs_mgr]Running /system/bin/fsck.f2fs -a -c 10000 --debug-cache /dev/block/dm-10
01-01 08:01:17.895 I/fsck.f2fs( 0): Info: Fix the reported corruption.
01-01 08:01:17.895 I/fsck.f2fs( 0): Info: No support kernel version!
01-01 08:01:17.895 I/fsck.f2fs( 0): Info: Segments per section = 1
01-01 08:01:17.895 I/fsck.f2fs( 0): Info: Sections per zone = 1
01-01 08:01:17.895 I/fsck.f2fs( 0): Info: sector size = 4096
01-01 08:01:17.895 I/fsck.f2fs( 0): Info: total sectors = 28958163 (113117 MB)
01-01 08:01:17.896 I/fsck.f2fs( 0): Info: MKFS version
01-01 08:01:17.896 I/fsck.f2fs( 0): "4.19.157-perf+ #1 SMP PREEMPT Thu Apr 6 03:54:11 CST 2023"
01-01 08:01:17.896 I/fsck.f2fs( 0): Info: FSCK version
01-01 08:01:17.896 I/fsck.f2fs( 0): from "4.19.157-perf+"
01-01 08:01:17.898 E/init ( 0): Unable to set property 'ro.boottime.init.fsck.data' from uid:0 gid:0 pid:519: Read-only property was already set
01-01 08:01:17.918 I/F2FS-fs (dm-10)( 0): Found nat_bits in checkpoint
01-01 08:01:17.973 I/F2FS-fs (dm-10)( 0): Mounted with checkpoint version = 35bbd0ae
01-01 08:01:17.974 I/vold ( 519): [libfs_mgr]__mount(source=/dev/block/dm-10,target=/data,type=f2fs)=0: Success
01-01 08:01:17.974 D/vold ( 519): Mounted /data
01-01 08:01:17.974 D/vold ( 519): Disk at 252:10 changed
01-01 08:01:17.974 E/init ( 0): Unable to set property 'ro.boottime.init.mount.data' from uid:0 gid:0 pid:519: Read-only property was already set
01-01 08:01:17.978 I/init ( 0): Userdata mounted using /vendor/etc/fstab.qcom result : 6
01-01 08:01:17.978 I/init ( 0): Keyring created with id 558073512 in process 1
01-01 08:01:17.978 I/init ( 0): Command 'mount_all /vendor/etc/fstab.qcom --late' action=late-fs (/vendor/etc/init/hw/init.target.rc:69) took 4906ms and succeeded
01-01 08:01:17.979 I/init ( 0): processing action (late-fs) from (/vendor/etc/init/keymasterd.rc:5)
01-01 08:01:17.979 I/init ( 0): starting service 'vendor.keymasterd'...
01-01 08:01:17.985 I/binder ( 0): 623:623 ioctl 40046210 7ffa0fcfb4 returned -22
01-01 08:01:17.985 D/ProcessState( 0): Binder ioctl to enable oneway spam detection failed: Invalid argument
01-01 08:01:17.985 I/Checkpoint( 519): cp_prepareCheckpoint called
01-01 08:01:17.985 D/vdc ( 0): Waited 0ms for vold
01-01 08:01:17.991 I/vold ( 519): fscrypt_initialize_systemwide_keys
01-01 08:01:17.991 I/vold ( 519): Creating new key in /data/unencrypted/key
01-01 08:01:17.991 D/vold ( 519): Generating wrapped storage key
01-01 08:01:17.991 I/binder ( 0): 625:625 ioctl 40046210 7ffeecb1f4 returned -22
01-01 08:01:17.991 D/ProcessState( 0): Binder ioctl to enable oneway spam detection failed: Invalid argument
01-01 08:01:17.991 D/vdc ( 0): Waited 0ms for vold
01-01 08:01:17.993 E/vold ( 519): keystore2 Keystore generateKey returned service specific error: -67
01-01 08:01:17.993 W/vold ( 519): Failed to generate rollback-resistant key. This is expected if keymaster doesn't support rollback resistance. Falling back to non-rollback-resistant key.
01-01 08:01:17.997 D/vold ( 519): Generating "key storage" key
01-01 08:01:17.997 E/vold ( 519): keystore2 Keystore generateKey returned service specific error: -67
01-01 08:01:17.997 W/vold ( 519): Failed to generate rollback-resistant key. This is expected if keymaster doesn't support rollback resistance. Falling back to non-rollback-resistant key.
01-01 08:01:18.005 D/vold ( 519): Created key: /data/unencrypted/key
01-01 08:01:18.009 D/vold ( 519): Installed fscrypt key with ref 9abc9af13f18a6608fa4cb101102ad1e to /data
01-01 08:01:18.009 D/vold ( 519): Added fscrypt-provisioning key for 9abc9af13f18a6608fa4cb101102ad1e to session keyring
01-01 08:01:18.010 D/spcomlib( 622): [spcom_register_service] spcom_register_service() name [sp_keymaster_ssr] pid [482721508528]
01-01 08:01:18.010 D/spcomlib( 622): [spcom_open] ch [sp_keymaster_ssr] doesn't exist, create it.
01-01 08:01:18.010 D/spcomlib( 622): [spcom_create_channel] Create Channel [sp_keymaster_ssr].
01-01 08:01:18.010 I/vold ( 519): Wrote system DE key reference to:/data/unencrypted/ref
01-01 08:01:18.010 D/vold ( 519): Generating wrapped storage key
01-01 08:01:18.011 E/vold ( 519): keystore2 Keystore generateKey returned service specific error: -67
01-01 08:01:18.011 W/vold ( 519): Failed to generate rollback-resistant key. This is expected if keymaster doesn't support rollback resistance. Falling back to non-rollback-resistant key.
01-01 08:01:18.017 D/vold ( 519): Installed fscrypt key with ref dbf792a4b284b20f64b75b41d736f53f to /data
01-01 08:01:18.017 D/vold ( 519): Added fscrypt-provisioning key for dbf792a4b284b20f64b75b41d736f53f to session keyring
01-01 08:01:18.018 I/vold ( 519): Wrote per boot key reference to:/data/unencrypted/per_boot_ref
01-01 08:01:18.021 D/spcomlib( 622): [add_ssr_cb] ssr cb added!
01-01 08:01:18.021 D/spcomlib( 622): [start_ssr_thread] ch [spcom] ready!
01-01 08:01:18.021 D/spcomlib( 622): [start_ssr_thread] main pthread self_id [0x6471acb0].
01-01 08:01:18.021 D/spcomlib( 622): [start_ssr_thread] pthread_create() ret [0] thread-id [0x6361ccb0].
01-01 08:01:18.021 D/spcomlib( 622): [start_ssr_thread] Wait for SSR thread to run.
01-01 08:01:18.021 D/spcomlib( 622): [notify_ssr_thread] SSR pthread self_id [0x6361ccb0].
01-01 08:01:18.021 D/spcomlib( 622): [start_ssr_thread] pthread_cond_wait() ret [0].
01-01 08:01:18.021 D/spcomlib( 622): [start_ssr_thread] done.
01-01 08:01:18.021 D/spcomlib( 622): [add_ch] add ch [sp_keymaster_ssr].
01-01 08:01:18.021 D/spcomlib( 622): [spcom_register_service] spcom_register_service() name [sp_keymaster_ssr] pid [482721508528] done
01-01 08:01:18.019 I/fscrypt ( 0): AES-256-CTS-CBC using implementation "cts(cbc-aes-ce)"
01-01 08:01:18.026 I/binder ( 0): 634:634 ioctl 40046210 7ffbd78b84 returned -22
01-01 08:01:18.026 D/ProcessState( 0): Binder ioctl to enable oneway spam detection failed: Invalid argument
01-01 08:01:18.027 I/incfs ( 519): Initial API level of the device: 30
01-01 08:01:18.027 I/incfs ( 519): ro.incremental.enable: 1
01-01 08:01:18.027 I/incfs ( 519): isFsAvailable: true
01-01 08:01:18.027 I/incfs ( 519): isFsAvailable: true
01-01 08:01:18.027 I/incfs ( 519): IncFs_Features: v1
01-01 08:01:18.026 D/vdc ( 0): Waited 0ms for vold
01-01 08:01:18.043 E/vold ( 519): keystore2 Keystore earlyBootEnded returned service specific error: -68
01-01 08:01:18.051 I/apexd ( 0): This device does not support updatable APEX. Exiting
01-01 08:01:18.051 I/apexd ( 0): Marking APEXd as activated
01-01 08:01:18.088 I/binder ( 0): 640:640 ioctl 40046210 7ff3787824 returned -22
01-01 08:01:18.088 D/ProcessState( 0): Binder ioctl to enable oneway spam detection failed: Invalid argument
01-01 08:01:18.088 D/vdc ( 0): Waited 0ms for vold
01-01 08:01:18.088 D/vold ( 519): fscrypt_init_user0
01-01 08:01:18.088 D/vold ( 519): Preparing: /data/misc/vold/user_keys
01-01 08:01:18.088 D/vold ( 519): Preparing: /data/misc/vold/user_keys/ce
01-01 08:01:18.088 D/vold ( 519): Preparing: /data/misc/vold/user_keys/de
01-01 08:01:18.088 D/vold ( 519): Generating wrapped storage key
01-01 08:01:18.090 E/vold ( 519): keystore2 Keystore generateKey returned service specific error: -67
01-01 08:01:18.090 W/vold ( 519): Failed to generate rollback-resistant key. This is expected if keymaster doesn't support rollback resistance. Falling back to non-rollback-resistant key.
01-01 08:01:18.092 D/vold ( 519): Generating wrapped storage key
01-01 08:01:18.093 E/vold ( 519): keystore2 Keystore generateKey returned service specific error: -67
01-01 08:01:18.093 W/vold ( 519): Failed to generate rollback-resistant key. This is expected if keymaster doesn't support rollback resistance. Falling back to non-rollback-resistant key.
01-01 08:01:18.095 D/vold ( 519): Preparing: /data/misc/vold/user_keys/ce/0
01-01 08:01:18.101 D/vold ( 519): Generating "key storage" key
01-01 08:01:18.102 E/vold ( 519): keystore2 Keystore generateKey returned service specific error: -67
01-01 08:01:18.102 W/vold ( 519): Failed to generate rollback-resistant key. This is expected if keymaster doesn't support rollback resistance. Falling back to non-rollback-resistant key.
01-01 08:01:18.109 D/vold ( 519): Created key: /data/misc/vold/user_keys/ce/0/current
01-01 08:01:18.110 D/vold ( 519): Generating "key storage" key
01-01 08:01:18.111 E/vold ( 519): keystore2 Keystore generateKey returned service specific error: -67
01-01 08:01:18.111 W/vold ( 519): Failed to generate rollback-resistant key. This is expected if keymaster doesn't support rollback resistance. Falling back to non-rollback-resistant key.
01-01 08:01:18.118 D/vold ( 519): Created key: /data/misc/vold/user_keys/de/0
01-01 08:01:18.122 D/vold ( 519): Installed fscrypt key with ref 6192988f51295f72a4df6a6e99f96e24 to /data
01-01 08:01:18.122 D/vold ( 519): Added fscrypt-provisioning key for 6192988f51295f72a4df6a6e99f96e24 to session keyring
01-01 08:01:18.126 D/vold ( 519): Installed fscrypt key with ref e2f85e05834639ee6b6eed4a03cba139 to /data
01-01 08:01:18.126 D/vold ( 519): Added fscrypt-provisioning key for e2f85e05834639ee6b6eed4a03cba139 to session keyring
01-01 08:01:18.126 D/vold ( 519): Created keys for user 0
01-01 08:01:18.133 D/vold ( 519): Installed fscrypt key with ref 6192988f51295f72a4df6a6e99f96e24 to /data
01-01 08:01:18.133 D/vold ( 519): Added fscrypt-provisioning key for 6192988f51295f72a4df6a6e99f96e24 to session keyring
01-01 08:01:18.133 D/vold ( 519): Installed de key for user 0
01-01 08:01:18.133 D/vold ( 519): fscrypt_prepare_user_storage for volume null, user 0, serial 0, flags 1
01-01 08:01:18.133 D/vold ( 519): Preparing: /data/system/users/0
01-01 08:01:18.133 D/vold ( 519): Preparing: /data/misc/profiles/cur/0
01-01 08:01:18.133 D/vold ( 519): Preparing: /data/system_de/0
01-01 08:01:18.133 D/vold ( 519): Preparing: /data/misc_de/0
01-01 08:01:18.133 D/vold ( 519): Preparing: /data/vendor_de/0
01-01 08:01:18.133 D/vold ( 519): Preparing: /data/user_de/0
01-01 08:01:18.133 I/vold ( 519): Encryption policy of /data/system_de/0 set to 6192988f51295f72a4df6a6e99f96e24 v2 modes 1/4 flags 0xa
01-01 08:01:18.133 I/vold ( 519): Encryption policy of /data/misc_de/0 set to 6192988f51295f72a4df6a6e99f96e24 v2 modes 1/4 flags 0xa
01-01 08:01:18.133 I/vold ( 519): Encryption policy of /data/vendor_de/0 set to 6192988f51295f72a4df6a6e99f96e24 v2 modes 1/4 flags 0xa
01-01 08:01:18.133 I/vold ( 519): Encryption policy of /data/user_de/0 set to 6192988f51295f72a4df6a6e99f96e24 v2 modes 1/4 flags 0xa
01-01 08:01:18.133 D/vold ( 519): /system/bin/vold_prepare_subdirs
01-01 08:01:18.133 D/vold ( 519): prepare
01-01 08:01:18.133 D/vold ( 519):
01-01 08:01:18.133 D/vold ( 519): 0
01-01 08:01:18.133 D/vold ( 519): 1
01-01 08:01:18.146 D/vold ( 519): Detected support for FS_IOC_ADD_ENCRYPTION_KEY
01-01 08:01:18.147 D/vold ( 519): Installing fscrypt-provisioning key for e2f85e05834639ee6b6eed4a03cba139 back into /data fs-keyring
01-01 08:01:18.239 I/apexd ( 0): This device does not support updatable APEX. Exiting
01-01 08:01:18.239 I/apexd ( 0): Marking APEXd as ready
01-01 08:01:18.255 D/cnss ( 0): File system is ready, fs_ready is 1, count is 1
01-01 08:01:18.255 D/cnss ( 0): Posting event: COLD_BOOT_CAL_START(5), state: 0x0 flags: 0x0
01-01 08:01:18.255 D/cnss ( 0): PM stay awake, state: 0x0, count: 1
01-01 08:01:18.255 D/cnss ( 0): PM relax, state: 0x0, count: 0
01-01 08:01:18.255 D/cnss ( 0): PM stay awake, state: 0x0, count: 1
01-01 08:01:18.255 D/cnss ( 0): Processing driver event: COLD_BOOT_CAL_START(5), state: 0x0
01-01 08:01:18.255 D/cnss ( 0): Regulator vdd-wlan-io is being enabled
01-01 08:01:18.255 D/cnss ( 0): Regulator wlan-ant-switch is being enabled
01-01 08:01:18.255 D/cnss ( 0): Regulator vdd-wlan-aon is being enabled
01-01 08:01:18.255 D/cnss ( 0): Regulator vdd-wlan-dig is being enabled
01-01 08:01:18.256 D/cnss ( 0): Regulator vdd-wlan-rfa1 is being enabled
01-01 08:01:18.256 D/cnss ( 0): Regulator vdd-wlan-rfa2 is being enabled
01-01 08:01:18.256 D/cnss ( 0): BT_EN_GPIO State: Off. Delay WLAN_GPIO enable
01-01 08:01:18.279 I/logd ( 0): logd reinit
01-01 08:01:18.280 E/logd ( 0): FrameworkListener: read() failed (Connection reset by peer)
01-01 08:01:18.350 I/update_verifier( 0): Started with arg 1: nonencrypted
01-01 08:01:18.350 I/binder ( 0): 669:669 ioctl 40046210 7fced95bb4 returned -22
01-01 08:01:18.350 D/hw-ProcessState( 0): Binder ioctl to enable oneway spam detection failed: Invalid argument
01-01 08:01:18.351 I/update_verifier( 0): Booting slot 0: isSlotMarkedSuccessful=1
01-01 08:01:18.351 I/update_verifier( 0): Leaving update_verifier.
01-01 08:01:18.357 W/subsys-pil-tz 17300000.qcom,lpass( 0): Falling back to syfs fallback for: adsp.mdt
01-01 08:01:18.358 W/subsys-pil-tz 8300000.qcom,turing( 0): Falling back to syfs fallback for: cdsp.mdt
01-01 08:01:18.359 I/ueventd ( 0): firmware: loading 'adsp.mdt' for '/devices/platform/soc/17300000.qcom,lpass/firmware/adsp.mdt'
01-01 08:01:18.359 D/cnss ( 0): Assert WLAN_EN GPIO successfully
01-01 08:01:18.359 D/cnss ( 0): Resuming PCI link
01-01 08:01:18.359 I/msm_pcie_enable( 0): PCIe: Assert the reset of endpoint of RC0.
01-01 08:01:18.359 E/ueventd ( 0): firmware: could not find firmware for dsi_prop
01-01 08:01:18.359 E/ueventd ( 0): firmware: attempted /etc/firmware/dsi_prop, open failed: No such file or directory
01-01 08:01:18.359 E/ueventd ( 0): firmware: attempted /odm/firmware/dsi_prop, open failed: No such file or directory
01-01 08:01:18.359 E/ueventd ( 0): firmware: attempted /vendor/firmware/dsi_prop, open failed: No such file or directory
01-01 08:01:18.359 E/ueventd ( 0): firmware: attempted /firmware/image/dsi_prop, open failed: No such file or directory
01-01 08:01:18.359 E/ueventd ( 0): firmware: attempted /vendor/firmware_mnt/image/dsi_prop, open failed: No such file or directory
01-01 08:01:18.359 I/ueventd ( 0): loading /devices/platform/soc/soc:qcom,dsi-display-primary/firmware/dsi_prop took 6824ms
01-01 08:01:18.359 I/ueventd ( 0): loading /devices/platform/soc/17300000.qcom,lpass/firmware/adsp.mdt took 0ms
01-01 08:01:18.359 I/subsys-pil-tz 17300000.qcom,lpass( 0): adsp: loading from 0x000000008a100000 to 0x000000008be00000
01-01 08:01:18.359 E/OF ( 0): graph: no port node found in /soc/qcom,dsi-display-primary
01-01 08:01:18.359 W/[drm] [msm-dsi-warn]( 0): [hx82101+hx8692 video mode dsi truly panel] fallback to default te-pin-select
01-01 08:01:18.360 I/msm_drm ae00000.qcom,mdss_mdp( 0): Linked as a consumer to regulator.31
01-01 08:01:18.360 E/register_client_adhoc( 0): find path.src 1 dest 590
01-01 08:01:18.360 E/register_client_adhoc( 0): Client handle 15 mdss_reg
01-01 08:01:18.360 E/register_client_adhoc( 0): find path.src 22 dest 512
01-01 08:01:18.361 E/register_client_adhoc( 0): find path.src 23 dest 512
01-01 08:01:18.361 E/register_client_adhoc( 0): Client handle 53 mdss_sde
01-01 08:01:18.361 I/msm_drm ae00000.qcom,mdss_mdp( 0): bound soc:qcom,wb-display@0 (ops sde_wb_comp_ops)
01-01 08:01:18.361 I/msm-dsi-display soc( 0): qcom,dsi-display-primary: Linked as a consumer to regulator.25
01-01 08:01:18.361 I/[drm:dsi_display_bind] [msm-dsi-info]( 0): Successfully bind display panel 'qcom,mdss_dsi_panel_hx82101_hx8692_truly_v2_video'
01-01 08:01:18.361 I/msm_drm ae00000.qcom,mdss_mdp( 0): bound soc:qcom,dsi-display-primary (ops dsi_display_comp_ops)
01-01 08:01:18.361 I/msm_drm ae00000.qcom,mdss_mdp( 0): bound af20000.qcom,sde_rscc (ops sde_rsc_comp_ops)
01-01 08:01:18.361 I/ ( 0): [drm] mapped mdp address space @0000000000000000
01-01 08:01:18.362 W/subsys-pil-tz 17300000.qcom,lpass( 0): Falling back to syfs fallback for: adsp.b02
01-01 08:01:18.362 I/ueventd ( 0): firmware: loading 'cdsp.mdt' for '/devices/platform/soc/8300000.qcom,turing/firmware/cdsp.mdt'
01-01 08:01:18.362 W/subsys-pil-tz 17300000.qcom,lpass( 0): Falling back to syfs fallback for: adsp.b03
01-01 08:01:18.362 W/subsys-pil-tz 17300000.qcom,lpass( 0): Falling back to syfs fallback for: adsp.b04
01-01 08:01:18.362 I/ ( 0): [drm:_sde_kms_hw_init_blocks:3613] sde hardware revision:0x60000000
01-01 08:01:18.363 I/msm_pcie_enable( 0): PCIe: RC0: PCIE20_PARF_INT_ALL_MASK: 0x7f80d202
01-01 08:01:18.363 I/binder ( 0): 670:670 ioctl 40046210 7fcbfde9b4 returned -22
01-01 08:01:18.363 W/subsys-pil-tz 17300000.qcom,lpass( 0): Falling back to syfs fallback for: adsp.b05
01-01 08:01:18.363 W/subsys-pil-tz 17300000.qcom,lpass( 0): Falling back to syfs fallback for: adsp.b06
01-01 08:01:18.363 W/subsys-pil-tz 17300000.qcom,lpass( 0): Falling back to syfs fallback for: adsp.b07
01-01 08:01:18.363 W/subsys-pil-tz 17300000.qcom,lpass( 0): Falling back to syfs fallback for: adsp.b08
01-01 08:01:18.363 W/subsys-pil-tz 17300000.qcom,lpass( 0): Falling back to syfs fallback for: adsp.b09
01-01 08:01:18.364 W/subsys-pil-tz 17300000.qcom,lpass( 0): Falling back to syfs fallback for: adsp.b10
01-01 08:01:18.364 W/subsys-pil-tz 17300000.qcom,lpass( 0): Falling back to syfs fallback for: adsp.b11
01-01 08:01:18.364 W/subsys-pil-tz 17300000.qcom,lpass( 0): Falling back to syfs fallback for: adsp.b13
01-01 08:01:18.364 W/subsys-pil-tz 17300000.qcom,lpass( 0): Falling back to syfs fallback for: adsp.b12
01-01 08:01:18.364 I/msmdrm_smmu ae00000.qcom,mdss_mdp( 0): qcom,smmu_sde_unsec_cb: Linked as a consumer to 15000000.apps-smmu
01-01 08:01:18.364 W/subsys-pil-tz 17300000.qcom,lpass( 0): Falling back to syfs fallback for: adsp.b14
01-01 08:01:18.364 W/subsys-pil-tz 17300000.qcom,lpass( 0): Falling back to syfs fallback for: adsp.b15
01-01 08:01:18.364 W/subsys-pil-tz 17300000.qcom,lpass( 0): Falling back to syfs fallback for: adsp.b16
01-01 08:01:18.364 W/subsys-pil-tz 17300000.qcom,lpass( 0): Falling back to syfs fallback for: adsp.b17
01-01 08:01:18.364 W/subsys-pil-tz 17300000.qcom,lpass( 0): Falling back to syfs fallback for: adsp.b18
01-01 08:01:18.364 I/iommu ( 0): Adding device ae00000.qcom,mdss_mdp:qcom,smmu_sde_unsec_cb to group 48
01-01 08:01:18.365 I/ ( 0): [drm] probing device qcom,smmu_sde_unsec
01-01 08:01:18.365 I/ ( 0): [drm] Created domain mdp_ns, secure=0
01-01 08:01:18.365 I/pcie_phy_init( 0): PCIe RC0 PHY is ready!
01-01 08:01:18.366 I/subsys-pil-tz 8300000.qcom,turing( 0): cdsp: loading from 0x0000000087800000 to 0x0000000088c00000
01-01 08:01:18.366 I/msmdrm_smmu ae00000.qcom,mdss_mdp( 0): qcom,smmu_sde_sec_cb: Linked as a consumer to 15000000.apps-smmu
01-01 08:01:18.368 E/ ( 0): [drm:dp_display_init_aux_switch][msm-dp-err][435 ]failed to register notifier (-22)
01-01 08:01:18.368 E/register_client_adhoc( 0): find path.src 1 dest 589
01-01 08:01:18.368 E/register_client_adhoc( 0): Failed to find path.src 1 dest 589
01-01 08:01:18.369 I/iommu ( 0): Adding device ae00000.qcom,mdss_mdp:qcom,smmu_sde_sec_cb to group 49
01-01 08:01:18.369 I/ ( 0): [drm] probing device qcom,smmu_sde_sec
01-01 08:01:18.369 I/ ( 0): [drm] Created domain mdp_s, secure=1
01-01 08:01:18.372 W/subsys-pil-tz 8300000.qcom,turing( 0): Falling back to syfs fallback for: cdsp.b02
01-01 08:01:18.372 W/subsys-pil-tz 8300000.qcom,turing( 0): Falling back to syfs fallback for: cdsp.b03
01-01 08:01:18.372 W/subsys-pil-tz 8300000.qcom,turing( 0): Falling back to syfs fallback for: cdsp.b04
01-01 08:01:18.372 W/subsys-pil-tz 8300000.qcom,turing( 0): Falling back to syfs fallback for: cdsp.b05
01-01 08:01:18.372 W/subsys-pil-tz 8300000.qcom,turing( 0): Falling back to syfs fallback for: cdsp.b06
01-01 08:01:18.372 W/subsys-pil-tz 8300000.qcom,turing( 0): Falling back to syfs fallback for: cdsp.b08
01-01 08:01:18.372 W/subsys-pil-tz 8300000.qcom,turing( 0): Falling back to syfs fallback for: cdsp.b09
01-01 08:01:18.372 W/subsys-pil-tz 8300000.qcom,turing( 0): Falling back to syfs fallback for: cdsp.b11
01-01 08:01:18.375 I/msm_pcie_enable( 0): PCIe: Release the reset of endpoint of RC0.
01-01 08:01:18.375 I/[drm:dsi_panel_get_mode] [msm-dsi-info]( 0): default topology: lm: 1 comp_enc:0 intf: 1
01-01 08:01:18.379 E/ ( 0): [drm:dp_display_init_aux_switch][msm-dp-err][435 ]failed to register notifier (-22)
01-01 08:01:18.380 E/register_client_adhoc( 0): find path.src 1 dest 589
01-01 08:01:18.380 E/register_client_adhoc( 0): Failed to find path.src 1 dest 589
01-01 08:01:18.381 I/ ( 0): [drm] Supports vblank timestamp caching Rev 2 (21.10.2013).
01-01 08:01:18.381 I/ ( 0): [drm] No driver support for vblank timestamp query.
01-01 08:01:18.382 I/qcom_rpmh DRV( 0): apps_rsc TCS Busy, retrying RPMH message send: addr=0x30080
01-01 08:01:18.383 I/ ( 0): [drm] Initialized msm_drm 1.3.0 20130625 for ae00000.qcom,mdss_mdp on minor 0
01-01 08:01:18.383 I/ ( 0): [drm] cont_splash feature not enabled
01-01 08:01:18.391 I/msm_pcie_link_train( 0): PCIe RC0 link initialized
01-01 08:01:18.410 I/cnss_pci 0000( 0): 01:00.0: enabling device (0000 -> 0002)
01-01 08:01:18.410 D/cnss ( 0): Read register offset 0x1f8031c, val = 0x6
01-01 08:01:18.410 D/cnss ( 0): Write val 0x2 to register offset 0x1f8031c
01-01 08:01:18.410 D/cnss ( 0): Setting MHI state: INIT(0)
01-01 08:01:18.443 I/binder ( 0): 671:671 ioctl 40046210 7fe5149284 returned -22
01-01 08:01:18.444 I/binder ( 0): 671:671 ioctl 40046210 7fe5149494 returned -22
01-01 08:01:18.456 I/subsys-pil-tz 17300000.qcom,lpass( 0): adsp: Brought out of reset
01-01 08:01:18.463 D/cnss ( 0): Setting MHI state: POWER_ON(2)
01-01 08:01:18.463 W/cnss_pci 0000( 0): 01:00.0: Falling back to syfs fallback for: qca6390/amss20.bin
01-01 08:01:18.479 I/subsys-pil-tz 17300000.qcom,lpass( 0): adsp: Power/Clock ready interrupt received
01-01 08:01:18.479 I/qcom_rpmh DRV( 0): apps_rsc TCS Busy, retrying RPMH message send: addr=0x30030
01-01 08:01:18.479 I/qcom_rpmh DRV( 0): apps_rsc TCS Busy, retrying RPMH message send: addr=0x30030
01-01 08:01:18.479 I/qcom_rpmh DRV( 0): apps_rsc TCS Busy, retrying RPMH message send: addr=0x30040
01-01 08:01:18.480 I/subsys-pil-tz 17300000.qcom,lpass( 0): Subsystem error monitoring/handling services are up
01-01 08:01:18.480 I/adsprpc ( 0): fastrpc_restart_notifier_cb: adsp subsystem is up
01-01 08:01:18.480 E/ ( 0): [drm:dp_display_init_aux_switch][msm-dp-err][611 ]failed to register notifier (-22)
01-01 08:01:18.480 E/register_client_adhoc( 0): find path.src 1 dest 589
01-01 08:01:18.480 E/register_client_adhoc( 0): Failed to find path.src 1 dest 589
01-01 08:01:18.480 E/ ( 0): [drm:dp_display_init_aux_switch][msm-dp-err][611 ]failed to register notifier (-22)
01-01 08:01:18.481 E/register_client_adhoc( 0): find path.src 1 dest 589
01-01 08:01:18.481 E/register_client_adhoc( 0): Failed to find path.src 1 dest 589
01-01 08:01:18.481 E/ ( 0): [drm:dp_display_init_aux_switch][msm-dp-err][611 ]failed to register notifier (-22)
01-01 08:01:18.481 D/cnss ( 0): DRV subsystem is connected
01-01 08:01:18.481 I/qcom_smd_qrtr_probe( 0): Entered
01-01 08:01:18.481 I/qcom_smd_qrtr_probe( 0): SMD QRTR driver probed
01-01 08:01:18.482 E/register_client_adhoc( 0): find path.src 1 dest 589
01-01 08:01:18.482 E/register_client_adhoc( 0): Failed to find path.src 1 dest 589
01-01 08:01:18.482 E/ ( 0): [drm:dp_display_init_aux_switch][msm-dp-err][18 ]failed to register notifier (-22)
01-01 08:01:18.483 I/subsys-pil-tz 8300000.qcom,turing( 0): cdsp: Brought out of reset
01-01 08:01:18.489 I/adsprpc ( 0): fastrpc_rpmsg_probe: opened rpmsg channel for adsp
01-01 08:01:18.490 E/register_client_adhoc( 0): find path.src 1 dest 589
01-01 08:01:18.490 E/register_client_adhoc( 0): Failed to find path.src 1 dest 589
01-01 08:01:18.490 E/ ( 0): [drm:dp_display_init_aux_switch][msm-dp-err][18 ]failed to register notifier (-22)
01-01 08:01:18.491 I/apr_tal_rpmsg qcom,glink( 0): adsp.apr_audio_svc.-1.-1: apr_tal_rpmsg_probe: Channel[apr_audio_svc] state[Up]
01-01 08:01:18.492 E/register_client_adhoc( 0): find path.src 1 dest 589
01-01 08:01:18.492 E/register_client_adhoc( 0): Failed to find path.src 1 dest 589
01-01 08:01:18.493 I/subsys-pil-tz 8300000.qcom,turing( 0): Subsystem error monitoring/handling services are up
01-01 08:01:18.493 I/subsys-pil-tz 8300000.qcom,turing( 0): cdsp: Power/Clock ready interrupt received
01-01 08:01:18.493 I/adsprpc ( 0): fastrpc_restart_notifier_cb: cdsp subsystem is up
01-01 08:01:18.493 E/ ( 0): [drm:dp_display_init_aux_switch][msm-dp-err][18 ]failed to register notifier (-22)
01-01 08:01:18.493 I/msm_cvp ( 0): info: Opening cvp instance: 0000000000000000
01-01 08:01:18.493 I/msm_cvp_v4l2 ab00000.qcom,cvp( 0): Linked as a consumer to regulator.77
01-01 08:01:18.493 I/msm_cvp_v4l2 ab00000.qcom,cvp( 0): Linked as a consumer to regulator.76
01-01 08:01:18.494 I/qcom_smd_qrtr_probe( 0): Entered
01-01 08:01:18.494 I/qcom_smd_qrtr_probe( 0): SMD QRTR driver probed
01-01 08:01:18.494 W/subsys-pil-tz 9800000.qcom,npu( 0): Falling back to syfs fallback for: npu.mdt
01-01 08:01:18.495 E/register_client_adhoc( 0): find path.src 1 dest 589
01-01 08:01:18.495 E/register_client_adhoc( 0): Failed to find path.src 1 dest 589
01-01 08:01:18.495 I/subsys-restart( 0): __subsystem_get(): Changing subsys fw_name to cvpss
01-01 08:01:18.495 W/subsys-pil-tz abb0000.qcom,cvpss( 0): Falling back to syfs fallback for: cvpss.mdt
01-01 08:01:18.495 E/ ( 0): [drm:dp_display_init_aux_switch][msm-dp-err][18 ]failed to register notifier (-22)
01-01 08:01:18.496 I/subsys-pil-tz 9800000.qcom,npu( 0): npu: loading from 0x0000000086900000 to 0x0000000086e00000
01-01 08:01:18.496 E/register_client_adhoc( 0): find path.src 1 dest 589
01-01 08:01:18.496 E/register_client_adhoc( 0): Failed to find path.src 1 dest 589
01-01 08:01:18.498 I/subsys-pil-tz abb0000.qcom,cvpss( 0): cvpss: loading from 0x0000000087300000 to 0x0000000087800000
01-01 08:01:18.500 W/subsys-pil-tz 9800000.qcom,npu( 0): Falling back to syfs fallback for: npu.b02
01-01 08:01:18.500 W/subsys-pil-tz 9800000.qcom,npu( 0): Falling back to syfs fallback for: npu.b03
01-01 08:01:18.500 W/subsys-pil-tz 9800000.qcom,npu( 0): Falling back to syfs fallback for: npu.b04
01-01 08:01:18.500 W/subsys-pil-tz 9800000.qcom,npu( 0): Falling back to syfs fallback for: npu.b05
01-01 08:01:18.500 W/subsys-pil-tz 9800000.qcom,npu( 0): Falling back to syfs fallback for: npu.b06
01-01 08:01:18.500 W/subsys-pil-tz abb0000.qcom,cvpss( 0): Falling back to syfs fallback for: cvpss.b02
01-01 08:01:18.500 W/subsys-pil-tz abb0000.qcom,cvpss( 0): Falling back to syfs fallback for: cvpss.b03
01-01 08:01:18.500 W/subsys-pil-tz abb0000.qcom,cvpss( 0): Falling back to syfs fallback for: cvpss.b04
01-01 08:01:18.500 W/subsys-pil-tz abb0000.qcom,cvpss( 0): Falling back to syfs fallback for: cvpss.b06
01-01 08:01:18.500 W/subsys-pil-tz abb0000.qcom,cvpss( 0): Falling back to syfs fallback for: cvpss.b05
01-01 08:01:18.500 W/subsys-pil-tz abb0000.qcom,cvpss( 0): Falling back to syfs fallback for: cvpss.b07
01-01 08:01:18.500 W/subsys-pil-tz abb0000.qcom,cvpss( 0): Falling back to syfs fallback for: cvpss.b08
01-01 08:01:18.500 W/subsys-pil-tz abb0000.qcom,cvpss( 0): Falling back to syfs fallback for: cvpss.b09
01-01 08:01:18.500 W/subsys-pil-tz abb0000.qcom,cvpss( 0): Falling back to syfs fallback for: cvpss.b10
01-01 08:01:18.500 W/subsys-pil-tz abb0000.qcom,cvpss( 0): Falling back to syfs fallback for: cvpss.b19
01-01 08:01:18.500 E/ ( 0): [drm:dp_display_init_aux_switch][msm-dp-err][5 ]failed to register notifier (-22)
01-01 08:01:18.501 E/register_client_adhoc( 0): find path.src 1 dest 589
01-01 08:01:18.501 E/register_client_adhoc( 0): Failed to find path.src 1 dest 589
01-01 08:01:18.501 I/adsprpc ( 0): fastrpc_rpmsg_probe: opened rpmsg channel for cdsp
01-01 08:01:18.502 E/ ( 0): [drm:dp_display_init_aux_switch][msm-dp-err][5 ]failed to register notifier (-22)
01-01 08:01:18.503 E/register_client_adhoc( 0): find path.src 1 dest 589
01-01 08:01:18.503 E/register_client_adhoc( 0): Failed to find path.src 1 dest 589
01-01 08:01:18.503 E/ ( 0): [drm:dp_display_init_aux_switch][msm-dp-err][18 ]failed to register notifier (-22)
01-01 08:01:18.504 E/register_client_adhoc( 0): find path.src 1 dest 589
01-01 08:01:18.504 E/register_client_adhoc( 0): Failed to find path.src 1 dest 589
01-01 08:01:18.523 I/subsys-pil-tz 9800000.qcom,npu( 0): npu: Brought out of reset
01-01 08:01:18.525 E/ ( 0): [drm:dp_display_init_aux_switch][msm-dp-err][70 ]failed to register notifier (-22)
01-01 08:01:18.525 E/register_client_adhoc( 0): find path.src 1 dest 589
01-01 08:01:18.525 E/register_client_adhoc( 0): Failed to find path.src 1 dest 589
01-01 08:01:18.544 I/NPU_INFO( 0): npu_get_fw_caps: 236 fw caps 0:2007
01-01 08:01:18.544 W/NPU_WARN( 0): host_session_msg_hdlr: 1904 handle npu session msg when FW is disabled
01-01 08:01:18.544 I/NPU_INFO( 0): npu_get_fw_caps: 236 fw caps 1:80000005
01-01 08:01:18.544 I/NPU_INFO( 0): npu_get_fw_caps: 236 fw caps 2:0
01-01 08:01:18.544 I/NPU_INFO( 0): npu_get_fw_caps: 236 fw caps 3:0
01-01 08:01:18.544 I/NPU_INFO( 0): npu_get_fw_caps: 236 fw caps 4:0
01-01 08:01:18.544 I/NPU_INFO( 0): npu_get_fw_caps: 236 fw caps 5:0
01-01 08:01:18.544 I/NPU_INFO( 0): npu_get_fw_caps: 236 fw caps 6:0
01-01 08:01:18.544 I/NPU_INFO( 0): npu_get_fw_caps: 236 fw caps 7:0
01-01 08:01:18.544 I/subsys-pil-tz abb0000.qcom,cvpss( 0): cvpss: Brought out of reset
01-01 08:01:18.548 I/qcom_smd_qrtr_probe( 0): Entered
01-01 08:01:18.548 I/qcom_smd_qrtr_probe( 0): SMD QRTR driver probed
01-01 08:01:18.549 E/ ( 0): [drm:dp_display_init_aux_switch][msm-dp-err][18 ]failed to register notifier (-22)
01-01 08:01:18.550 E/register_client_adhoc( 0): find path.src 1 dest 589
01-01 08:01:18.550 E/register_client_adhoc( 0): Failed to find path.src 1 dest 589
01-01 08:01:18.582 I/msm_cvp ( 0): err: Failed to create debugfs for msm_cvp
01-01 08:01:18.582 I/msm_cvp ( 0): info: Closed cvp instance: 0000000000000000 session_id = 0
01-01 08:01:18.614 E/DTC_ETH,link_delay_work_func( 0): 3003, SQI=0, link=0
01-01 08:01:18.709 I/subsys-restart( 0): __subsystem_get(): Changing subsys fw_name to slpi
01-01 08:01:18.709 W/subsys-pil-tz 5c00000.qcom,ssc( 0): Falling back to syfs fallback for: slpi.mdt
01-01 08:01:18.711 I/subsys-pil-tz 5c00000.qcom,ssc( 0): slpi: loading from 0x0000000088c00000 to 0x000000008a100000
01-01 08:01:18.713 W/subsys-pil-tz 5c00000.qcom,ssc( 0): Falling back to syfs fallback for: slpi.b02
01-01 08:01:18.713 W/subsys-pil-tz 5c00000.qcom,ssc( 0): Falling back to syfs fallback for: slpi.b03
01-01 08:01:18.713 W/subsys-pil-tz 5c00000.qcom,ssc( 0): Falling back to syfs fallback for: slpi.b04
01-01 08:01:18.713 W/subsys-pil-tz 5c00000.qcom,ssc( 0): Falling back to syfs fallback for: slpi.b06
01-01 08:01:18.713 W/subsys-pil-tz 5c00000.qcom,ssc( 0): Falling back to syfs fallback for: slpi.b05
01-01 08:01:18.713 W/subsys-pil-tz 5c00000.qcom,ssc( 0): Falling back to syfs fallback for: slpi.b07
01-01 08:01:18.713 W/subsys-pil-tz 5c00000.qcom,ssc( 0): Falling back to syfs fallback for: slpi.b08
01-01 08:01:18.713 W/subsys-pil-tz 5c00000.qcom,ssc( 0): Falling back to syfs fallback for: slpi.b09
01-01 08:01:18.713 W/subsys-pil-tz 5c00000.qcom,ssc( 0): Falling back to syfs fallback for: slpi.b10
01-01 08:01:18.713 W/subsys-pil-tz 5c00000.qcom,ssc( 0): Falling back to syfs fallback for: slpi.b11
01-01 08:01:18.713 W/subsys-pil-tz 5c00000.qcom,ssc( 0): Falling back to syfs fallback for: slpi.b12
01-01 08:01:18.713 W/subsys-pil-tz 5c00000.qcom,ssc( 0): Falling back to syfs fallback for: slpi.b13
01-01 08:01:18.713 W/subsys-pil-tz 5c00000.qcom,ssc( 0): Falling back to syfs fallback for: slpi.b14
01-01 08:01:18.713 W/subsys-pil-tz 5c00000.qcom,ssc( 0): Falling back to syfs fallback for: slpi.b15
01-01 08:01:18.713 W/subsys-pil-tz 5c00000.qcom,ssc( 0): Falling back to syfs fallback for: slpi.b16
01-01 08:01:18.713 W/subsys-pil-tz 5c00000.qcom,ssc( 0): Falling back to syfs fallback for: slpi.b17
01-01 08:01:18.713 W/subsys-pil-tz 5c00000.qcom,ssc( 0): Falling back to syfs fallback for: slpi.b18
01-01 08:01:18.713 W/subsys-pil-tz 5c00000.qcom,ssc( 0): Falling back to syfs fallback for: slpi.b19
01-01 08:01:18.713 W/subsys-pil-tz 5c00000.qcom,ssc( 0): Falling back to syfs fallback for: slpi.b20
01-01 08:01:18.739 I/binder ( 0): 807:807 ioctl 40046210 7ffe649894 returned -22
01-01 08:01:18.774 I/binder ( 0): 822:822 ioctl 40046210 7ff49501d4 returned -22
01-01 08:01:18.776 I/binder ( 0): 810:810 ioctl 40046210 7fd5cea0b4 returned -22
01-01 08:01:18.776 I/binder ( 0): 810:810 ioctl 40046210 7fd5cea094 returned -22
01-01 08:01:18.828 I/binder ( 0): 826:826 ioctl 40046210 7fd62199a4 returned -22
01-01 08:01:18.831 I/subsys-pil-tz 5c00000.qcom,ssc( 0): slpi: Brought out of reset
01-01 08:01:18.856 D/cnss ( 0): MHI status cb is called with reason MISSION_MODE(6)
01-01 08:01:18.856 D/cnss ( 0): Notify MHI to use already allocated images
01-01 08:01:18.856 D/cnss ( 0): PM relax, state: 0x8, count: 0
01-01 08:01:18.861 E/ ( 0): [drm:dp_display_init_aux_switch][msm-dp-err][85 ]failed to register notifier (-22)
01-01 08:01:18.862 E/register_client_adhoc( 0): find path.src 1 dest 589
01-01 08:01:18.862 E/register_client_adhoc( 0): Failed to find path.src 1 dest 589
01-01 08:01:18.874 E/ ( 0): [drm:dp_display_init_aux_switch][msm-dp-err][78 ]failed to register notifier (-22)
01-01 08:01:18.874 E/register_client_adhoc( 0): find path.src 1 dest 589
01-01 08:01:18.603 I/android.hardware.wifi@1.0-service( 831): Wifi Hal is booting up...
01-01 08:01:18.874 E/register_client_adhoc( 0): Failed to find path.src 1 dest 589
01-01 08:01:18.883 I/binder ( 0): 868:868 ioctl 40046210 7fc2ebfb84 returned -22
01-01 08:01:18.608 I/HidlServiceManagement( 831): Registered android.hardware.wifi@1.4::IWifi/default (start delay of 123ms)
01-01 08:01:18.891 I/subsys-pil-tz 5c00000.qcom,ssc( 0): Subsystem error monitoring/handling services are up
01-01 08:01:18.891 I/subsys-pil-tz 5c00000.qcom,ssc( 0): slpi: Power/Clock ready interrupt received
01-01 08:01:18.892 I/qcom_rpmh DRV( 0): apps_rsc TCS Busy, retrying RPMH message send: addr=0x30030
01-01 08:01:18.892 I/qcom_rpmh DRV( 0): apps_rsc TCS Busy, retrying RPMH message send: addr=0x30040
01-01 08:01:18.895 I/adsprpc ( 0): fastrpc_restart_notifier_cb: slpi subsystem is up
01-01 08:01:18.895 E/ ( 0): [drm:dp_display_init_aux_switch][msm-dp-err][79 ]failed to register notifier (-22)
01-01 08:01:18.895 I/qcom_smd_qrtr_probe( 0): Entered
01-01 08:01:18.895 E/register_client_adhoc( 0): find path.src 1 dest 589
01-01 08:01:18.895 E/register_client_adhoc( 0): Failed to find path.src 1 dest 589
01-01 08:01:18.896 E/ ( 0): [drm:dp_display_init_aux_switch][msm-dp-err][79 ]failed to register notifier (-22)
01-01 08:01:18.898 I/qcom_smd_qrtr_probe( 0): SMD QRTR driver probed
01-01 08:01:18.899 E/register_client_adhoc( 0): find path.src 1 dest 589
01-01 08:01:18.899 E/register_client_adhoc( 0): Failed to find path.src 1 dest 589
01-01 08:01:18.901 E/ ( 0): [drm:dp_display_init_aux_switch][msm-dp-err][18 ]failed to register notifier (-22)
01-01 08:01:18.901 E/diag ( 0): In socket_open_server, socket not initialized for MODEM_DATA
01-01 08:01:18.901 E/diag ( 0): In socket_open_server, socket not initialized for MODEM_CNTL
01-01 08:01:18.901 E/diag ( 0): In socket_open_server, socket not initialized for CDSP_CNTL
01-01 08:01:18.901 E/diag ( 0): In socket_open_server, socket not initialized for SENSORS_CNTL
01-01 08:01:18.901 E/diag ( 0): In socket_open_server, socket not initialized for LPASS_DCI
01-01 08:01:18.901 E/diag ( 0): In socket_open_server, socket not initialized for WCNSS_DATA
01-01 08:01:18.901 E/diag ( 0): In socket_open_server, socket not initialized for WCNSS_DCI
01-01 08:01:18.901 E/diag ( 0): In socket_open_server, socket not initialized for SENSORS_DATA
01-01 08:01:18.901 E/diag ( 0): In socket_open_server, socket not initialized for MODEM_DCI
01-01 08:01:18.901 E/diag ( 0): In socket_open_server, socket not initialized for DIAG_DATA
01-01 08:01:18.901 E/diag ( 0): In socket_open_server, socket not initialized for LPASS_DATA
01-01 08:01:18.901 E/diag ( 0): In socket_open_server, socket not initialized for DIAG_DCI_DATA
01-01 08:01:18.901 E/diag ( 0): In socket_open_server, socket not initialized for LPASS_CNTL
01-01 08:01:18.901 E/diag ( 0): In socket_open_server, socket not initialized for NPU_DATA
01-01 08:01:18.901 E/diag ( 0): In socket_open_server, socket not initialized for SENSORS_DCI
01-01 08:01:18.901 E/diag ( 0): In socket_open_server, socket not initialized for CDSP_DATA
01-01 08:01:18.901 E/diag ( 0): In socket_open_server, socket not initialized for CDSP_DCI
01-01 08:01:18.901 E/diag ( 0): In socket_open_server, socket not initialized for NPU_DCI
01-01 08:01:18.901 E/diag ( 0): In socket_open_server, socket not initialized for WCNSS_CNTL
01-01 08:01:18.901 E/diag ( 0): In socket_open_server, socket not initialized for DIAG_CTRL
01-01 08:01:18.902 E/diag ( 0): In socket_open_server, socket not initialized for NPU_CNTL
01-01 08:01:18.903 I/adsprpc ( 0): fastrpc_rpmsg_probe: opened rpmsg channel for slpi
01-01 08:01:18.907 E/register_client_adhoc( 0): find path.src 1 dest 589
01-01 08:01:18.910 I/sysmon-qmi( 0): ssctl_new_server: Connection established between QMI handle and slpi's SSCTL service
01-01 08:01:18.912 E/register_client_adhoc( 0): Failed to find path.src 1 dest 589
01-01 08:01:18.914 E/ ( 0): [drm:dp_display_init_aux_switch][msm-dp-err][18 ]failed to register notifier (-22)
01-01 08:01:18.922 I/sysmon-qmi( 0): ssctl_new_server: Connection established between QMI handle and slpi's SSCTL service
01-01 08:01:18.922 I/sysmon-qmi( 0): ssctl_new_server: Connection established between QMI handle and cdsp's SSCTL service
01-01 08:01:18.922 D/cnss ( 0): WLFW server arriving: node 7 port 1
01-01 08:01:18.922 D/cnss ( 0): Posting event: SERVER_ARRIVE(0), state: 0x8 flags: 0x0
01-01 08:01:18.922 D/cnss ( 0): PM stay awake, state: 0x8, count: 1
01-01 08:01:18.922 D/cnss ( 0): PM relax, state: 0x8, count: 0
01-01 08:01:18.922 I/sysmon-qmi( 0): ssctl_new_server: Connection established between QMI handle and adsp's SSCTL service
01-01 08:01:18.922 D/cnss ( 0): PM stay awake, state: 0x8, count: 1
01-01 08:01:18.922 D/cnss ( 0): Processing driver event: SERVER_ARRIVE(0), state: 0x8
01-01 08:01:18.922 I/cnss ( 0): QMI WLFW service connected, state: 0x9
01-01 08:01:18.922 D/cnss ( 0): Sending indication register message, state: 0x9
01-01 08:01:18.941 D/cnss ( 0): Sending host capability message, state: 0x9
01-01 08:01:18.941 D/cnss ( 0): Number of clients is 2
01-01 08:01:18.941 D/cnss ( 0): Assign MSI to user: WAKE, num_vectors: 1, user_base_data: 813, base_vector: 13
01-01 08:01:18.941 D/cnss ( 0): WAKE MSI base data is 813
01-01 08:01:18.941 D/cnss ( 0): Calibration done is 0
01-01 08:01:18.941 D/cnss ( 0): Sending iova starting 0xa0000000 with size 0x10010000
01-01 08:01:18.944 D/cnss ( 0): PM relax, state: 0x9, count: 0
01-01 08:01:18.675 I/irsc_util( 921): Starting irsc tool
01-01 08:01:18.677 I/irsc_util( 921): Num of entries:298
01-01 08:01:18.677 I/irsc_util( 921): Ending irsc tool
01-01 08:01:18.953 I/servloc ( 0): init_service_locator: Service locator initialized
01-01 08:01:18.953 I/servloc ( 0): service_locator_new_server: Connection established with the Service locator
01-01 08:01:18.956 I/service-notifier( 0): service_notifier_new_server: Connection established between QMI handle and 74 service
01-01 08:01:18.956 I/audio_notifer_reg_service( 0): service PDR_ADSP is in use
01-01 08:01:18.956 I/apr_adsp_up( 0): Q6 is Up
01-01 08:01:18.956 I/adsprpc ( 0): fastrpc_get_service_location_notify: PDR notifier for adsp registered for msm/adsp/audio_pd (audio_pdr_adsprpc)
01-01 08:01:18.956 I/adsprpc ( 0): fastrpc_get_service_location_notify: audio_pdr_adsprpc (msm/adsp/audio_pd) PDR service for adsp is up
01-01 08:01:18.956 I/msm-audio-ion soc( 0): qcom,msm-audio-apr:qcom,msm-audio-ion: Linked as a consumer to 15000000.apps-smmu
01-01 08:01:18.962 I/binder ( 0): 986:986 ioctl 40046210 7fff03e8c4 returned -22
01-01 08:01:18.963 E/rmt_storage( 0): ERR:main: Mmap Failed for rmts (-1)...pausing execution!
01-01 08:01:18.967 W/QSEECOM ( 0): qseecom_load_app: App (soter64) does'nt exist, loading apps for first time
01-01 08:01:18.969 I/sps ( 0): BAM 0x0000000003a84000 (va:0x0000000000000000) enabled: ver:0x19, number of pipes:25
01-01 08:01:18.969 I/sps ( 0): BAM 0x0000000003a84000 is registered.
01-01 08:01:18.973 E/register_client_adhoc( 0): find path.src 1 dest 589
01-01 08:01:18.973 E/register_client_adhoc( 0): Failed to find path.src 1 dest 589
01-01 08:01:18.974 E/ ( 0): [drm:dp_display_init_aux_switch][msm-dp-err][83 ]failed to register notifier (-22)
01-01 08:01:18.977 I/iommu ( 0): Adding device soc:qcom,msm-audio-apr:qcom,msm-audio-ion to group 50
01-01 08:01:18.988 W/QSEECOM ( 0): qseecom_load_app: App with id 4 (soter64) now loaded
01-01 08:01:18.992 E/register_client_adhoc( 0): find path.src 1 dest 589
01-01 08:01:18.993 E/register_client_adhoc( 0): Failed to find path.src 1 dest 589
01-01 08:01:18.993 E/ ( 0): [drm:dp_display_init_aux_switch][msm-dp-err][611 ]failed to register notifier (-22)
01-01 08:01:19.008 I/binder ( 0): 999:999 ioctl 40046210 7fede8d3c4 returned -22
01-01 08:01:19.010 I/ ( 0): Mass Storage Function, version: 2009/09/11
01-01 08:01:19.010 I/LUN ( 0): removable file: (no medium)
01-01 08:01:19.029 I/ ( 0): file system registered
01-01 08:01:19.038 I/f_cdev_alloc( 0): port_name:at_usb0 (0000000000000000) portno:(0)
01-01 08:01:19.039 I/f_cdev_alloc( 0): port_name:at_usb1 (0000000000000000) portno:(1)
01-01 08:01:19.040 I/f_cdev_alloc( 0): port_name:at_usb2 (0000000000000000) portno:(2)
01-01 08:01:18.772 D/Build ( 672): ro.build.display.id=01.00.0089.X102
01-01 08:01:18.793 D/Build ( 673): ro.build.display.id=01.00.0089.X102
01-01 08:01:19.095 W/kona-asoc-snd soc( 0): qcom,msm-audio-apr:qcom,q6core-audio:sound: msm_init_aux_dev: Max WSA devices is 0 for this target?
01-01 08:01:19.096 E/kona-asoc-snd soc( 0): qcom,msm-audio-apr:qcom,q6core-audio:sound: ASoC: CODEC DAI wsa_macro_vifeedback not registered
01-01 08:01:19.096 E/qcom-lpi-pinctrl soc( 0): qcom,msm-audio-apr:qcom,q6core-audio:lpi_pinctrl@33c0000: snd_event_notify: No snd dev entry found
01-01 08:01:19.103 I/platform soc( 0): qcom,msm-audio-apr:qcom,voice-mhi-audio: assigned reserved memory node mailbox_region
01-01 08:01:19.104 E/register_client_adhoc( 0): find path.src 1 dest 589
01-01 08:01:19.104 E/register_client_adhoc( 0): Failed to find path.src 1 dest 589
01-01 08:01:19.104 E/ ( 0): [drm:dp_display_init_aux_switch][msm-dp-err][70 ]failed to register notifier (-22)
01-01 08:01:19.104 W/kona-asoc-snd soc( 0): qcom,msm-audio-apr:qcom,q6core-audio:sound: msm_init_aux_dev: Max WSA devices is 0 for this target?
01-01 08:01:19.105 E/kona-asoc-snd soc( 0): qcom,msm-audio-apr:qcom,q6core-audio:sound: ASoC: CODEC DAI wsa_macro_vifeedback not registered
01-01 08:01:19.105 W/ ( 0): bolero-clk-rsc-mngr bolero-clk-rsc-mngr: DMA mask not set
01-01 08:01:19.105 W/tx_macro tx-macro( 0): DMA mask not set
01-01 08:01:19.105 E/tx_macro tx-macro( 0): tx_macro_probe: va-macro not registered yet, defer
01-01 08:01:19.105 W/rx_macro rx-macro( 0): DMA mask not set
01-01 08:01:19.105 E/rx_macro rx-macro( 0): rx_macro_probe: va-macro not registered yet, defer
01-01 08:01:19.105 W/wsa_macro wsa-macro( 0): DMA mask not set
01-01 08:01:19.105 E/wsa_macro wsa-macro( 0): wsa_macro_probe: va-macro not registered yet, defer
01-01 08:01:19.105 W/va_macro va-macro( 0): DMA mask not set
01-01 08:01:19.105 E/msm_cdc_pinctrl_get_gpiodata( 0): device node is null
01-01 08:01:19.105 I/va_macro va-macro( 0): Linked as a consumer to regulator.7
01-01 08:01:19.105 I/va_macro va-macro( 0): bolero_register_macro: register macro successful:3
01-01 08:01:19.105 W/wcd938x_codec wcd938x-codec( 0): DMA mask not set
01-01 08:01:19.105 I/wcd938x_codec wcd938x-codec( 0): msm_cdc_dt_parse_vreg_info: cdc-vdd-rxtx: vol=[1800000 1800000]uV, curr=[30000]uA, ond 0 lpm 0
01-01 08:01:19.105 I/wcd938x_codec wcd938x-codec( 0): msm_cdc_dt_parse_vreg_info: cdc-vddio: vol=[1800000 1800000]uV, curr=[30000]uA, ond 0 lpm 0
01-01 08:01:19.105 I/wcd938x_codec wcd938x-codec( 0): msm_cdc_dt_parse_vreg_info: cdc-vdd-buck: vol=[1800000 1800000]uV, curr=[650000]uA, ond 0 lpm 0
01-01 08:01:19.105 I/wcd938x_codec wcd938x-codec( 0): msm_cdc_dt_parse_vreg_info: cdc-vdd-mic-bias: vol=[3296000 3296000]uV, curr=[30000]uA, ond 0 lpm 0
01-01 08:01:19.105 I/wcd938x_codec wcd938x-codec( 0): Linked as a consumer to regulator.7
01-01 08:01:19.106 I/wcd938x_codec wcd938x-codec( 0): Linked as a consumer to regulator.48
01-01 08:01:19.106 E/register_client_adhoc( 0): find path.src 1 dest 589
01-01 08:01:19.106 E/register_client_adhoc( 0): Failed to find path.src 1 dest 589
01-01 08:01:19.106 E/ ( 0): [drm:dp_display_init_aux_switch][msm-dp-err][611 ]failed to register notifier (-22)
01-01 08:01:19.106 W/kona-asoc-snd soc( 0): qcom,msm-audio-apr:qcom,q6core-audio:sound: msm_init_aux_dev: Max WSA devices is 0 for this target?
01-01 08:01:19.106 E/kona-asoc-snd soc( 0): qcom,msm-audio-apr:qcom,q6core-audio:sound: ASoC: CODEC DAI wsa_macro_vifeedback not registered
01-01 08:01:19.107 I/tx_macro tx-macro( 0): bolero_register_macro: register macro successful:0
01-01 08:01:19.107 I/rx_macro rx-macro( 0): bolero_register_macro: register macro successful:1
01-01 08:01:19.107 I/wsa_macro wsa-macro( 0): bolero_register_macro: register macro successful:2
01-01 08:01:19.107 E/register_client_adhoc( 0): find path.src 1 dest 589
01-01 08:01:19.107 E/register_client_adhoc( 0): Failed to find path.src 1 dest 589
01-01 08:01:19.107 E/ ( 0): [drm:dp_display_init_aux_switch][msm-dp-err][611 ]failed to register notifier (-22)
01-01 08:01:19.108 W/kona-asoc-snd soc( 0): qcom,msm-audio-apr:qcom,q6core-audio:sound: msm_init_aux_dev: Max WSA devices is 0 for this target?
01-01 08:01:19.110 W/swr-wcd tx_swr_ctrl( 0): DMA mask not set
01-01 08:01:19.110 W/swr-wcd rx_swr_ctrl( 0): DMA mask not set
01-01 08:01:19.110 W/swr-wcd wsa_swr_ctrl( 0): DMA mask not set
01-01 08:01:19.113 I/msm_vidc( 0): high: 00000001: ....d: Opening video instance: 0000000000000000, 1
01-01 08:01:19.113 I/msm_vidc_v4l2 aa00000.qcom,vidc( 0): Linked as a consumer to regulator.75
01-01 08:01:19.113 I/msm_vidc_v4l2 aa00000.qcom,vidc( 0): Linked as a consumer to regulator.74
01-01 08:01:19.117 E/msm-pcm-routing soc( 0): qcom,msm-pcm-routing: ASoC: no source widget found for AUDIO_REF_EC_UL30 MUX
01-01 08:01:19.117 E/msm-pcm-routing soc( 0): qcom,msm-pcm-routing: ASoC: Failed to add route AUDIO_REF_EC_UL30 MUX -> direct -> MM_UL30
01-01 08:01:19.119 E/msm-pcm-routing soc( 0): qcom,msm-pcm-routing: ASoC: no source widget found for AUX_PCM_TX
01-01 08:01:19.119 E/msm-pcm-routing soc( 0): qcom,msm-pcm-routing: ASoC: Failed to add route AUX_PCM_TX -> AUX_PCM_UL_TX -> VoLTE Stub Tx Mixer
01-01 08:01:19.120 I/binder ( 0): 1003:1003 ioctl 40046210 7fc1bd2a84 returned -22
01-01 08:01:19.120 I/subsys-restart( 0): __subsystem_get(): Changing subsys fw_name to venus
01-01 08:01:19.121 E/msm-pcm-routing soc( 0): qcom,msm-pcm-routing: ASoC: no source widget found for AUX_PCM_RX
01-01 08:01:19.121 E/msm-pcm-routing soc( 0): qcom,msm-pcm-routing: ASoC: Failed to add route AUX_PCM_RX -> direct -> BE_OUT
01-01 08:01:19.121 W/subsys-pil-tz aab0000.qcom,venus( 0): Falling back to syfs fallback for: venus.mdt
01-01 08:01:19.122 W/msm-pcm-routing soc( 0): qcom,msm-pcm-routing: ASoC: no dapm match for MM_DL23 --> MultiMedia23 --> QUIN_TDM_RX_1 Audio Mixer
01-01 08:01:19.122 E/msm-pcm-routing soc( 0): qcom,msm-pcm-routing: ASoC: Failed to add route MM_DL23 -> MultiMedia23 -> QUIN_TDM_RX_1 Audio Mixer
01-01 08:01:19.122 W/msm-pcm-routing soc( 0): qcom,msm-pcm-routing: ASoC: no dapm match for MM_DL24 --> MultiMedia24 --> QUIN_TDM_RX_1 Audio Mixer
01-01 08:01:19.122 E/msm-pcm-routing soc( 0): qcom,msm-pcm-routing: ASoC: Failed to add route MM_DL24 -> MultiMedia24 -> QUIN_TDM_RX_1 Audio Mixer
01-01 08:01:19.122 W/msm-pcm-routing soc( 0): qcom,msm-pcm-routing: ASoC: no dapm match for MM_DL25 --> MultiMedia25 --> QUIN_TDM_RX_1 Audio Mixer
01-01 08:01:19.122 E/msm-pcm-routing soc( 0): qcom,msm-pcm-routing: ASoC: Failed to add route MM_DL25 -> MultiMedia25 -> QUIN_TDM_RX_1 Audio Mixer
01-01 08:01:19.124 E/swr-wcd wsa_swr_ctrl( 0): swrm_get_logical_dev_num: device 0x1020170211 is not ready
01-01 08:01:19.124 E/swr_get_logical_dev_num( 0): Error -22 to get logical addr for device 1020170211
01-01 08:01:19.125 W/wsa881x ( 0): probe of wsa881x.1020170211 failed with error -22
01-01 08:01:19.125 E/swr-wcd rx_swr_ctrl( 0): swrm_get_logical_dev_num: device 0xd01170224 is not ready
01-01 08:01:19.125 E/swr_get_logical_dev_num( 0): Error -22 to get logical addr for device d01170224
01-01 08:01:19.125 E/swr-wcd rx_swr_ctrl( 0): swrm_get_logical_dev_num: device 0xd01170224 is not ready
